66.249.78.173 - - [16/Jul/2013:14:05:05 +0200] "GET / HTTP/1.1" 304 - "-" "Mozilla/5.0 (compatible; Googlebot/2.1; +http://www.google.com/bot.html)"
87.188.197.235 - - [16/Jul/2013:14:06:58 +0200] "GET / HTTP/1.1" 200 12977 "http://www.die-endverbraucher.de/dbin/new/cdent.php?DEL=Z4900614" "Opera/9.80 (Windows NT 6.2; WOW64) Presto/2.12.388 Version/12.16"
87.188.197.235 - - [16/Jul/2013:14:06:58 +0200] "GET /favicon.ico HTTP/1.1" 200 2550 "http://www.zahnarztpraxis-berlin-pankow.de/" "Opera/9.80 (Windows NT 6.2; WOW64) Presto/2.12.388 Version/12.16"
87.188.197.235 - - [16/Jul/2013:14:06:58 +0200] "GET /opensite.js HTTP/1.1" 200 1125 "http://www.zahnarztpraxis-berlin-pankow.de/" "Opera/9.80 (Windows NT 6.2; WOW64) Presto/2.12.388 Version/12.16"
87.188.197.235 - - [16/Jul/2013:14:06:58 +0200] "GET /flashopen.js HTTP/1.1" 200 604 "http://www.zahnarztpraxis-berlin-pankow.de/" "Opera/9.80 (Windows NT 6.2; WOW64) Presto/2.12.388 Version/12.16"
87.188.197.235 - - [16/Jul/2013:14:06:58 +0200] "GET /hattke.swf HTTP/1.1" 200 12042 "http://www.zahnarztpraxis-berlin-pankow.de/" "Opera/9.80 (Windows NT 6.2; WOW64) Presto/2.12.388 Version/12.16"
87.188.197.235 - - [16/Jul/2013:14:06:59 +0200] "GET /diashow.swf HTTP/1.1" 200 23825 "http://www.zahnarztpraxis-berlin-pankow.de/hattke.swf" "Opera/9.80 (Windows NT 6.2; WOW64) Presto/2.12.388 Version/12.16"
5.10.83.83 - - [16/Jul/2013:14:38:05 +0200] "GET /teledienst.html HTTP/1.1" 200 4588 "-" "Mozilla/5.0 (compatible; AhrefsBot/5.0; +http://ahrefs.com/robot/)"
66.249.78.173 - - [16/Jul/2013:14:55:17 +0200] "GET /hattke.swf HTTP/1.1" 200 12042 "-" "Mozilla/5.0 (compatible; Googlebot/2.1; +http://www.google.com/bot.html)"
80.187.111.71 - - [16/Jul/2013:15:03:16 +0200] "GET / HTTP/1.1" 200 12977 "http://www.google.com/search?client=ms-android-tmobile-de&biw=320&bih=533&site=webhp&ei=d0TlUYaCBcHWtAbKkIGAAQ&q=hattke+zahnarzt+berlin&oq=hattk&gs_l=mobile-gws-serp.1.0.0j0i30j0i10i30l2j0i30.3614.8824.0.11982.6.5.0.1.1.0.345.972.3-3.3.0....0...1c.1.19.mobile-gws-serp.2kmBasbd4tY" "Mozilla/5.0 (Linux; U; Android 2.3.5; de-de; HTC Desire S Build/GRJ90) AppleWebKit/533.1 (KHTML, like Gecko) Version/4.0 Mobile Safari/533.1"
80.187.111.71 - - [16/Jul/2013:15:03:16 +0200] "GET /opensite.js HTTP/1.1" 200 1125 "http://www.zahnarztpraxis-berlin-pankow.de/" "Mozilla/5.0 (Linux; U; Android 2.3.5; de-de; HTC Desire S Build/GRJ90) AppleWebKit/533.1 (KHTML, like Gecko) Version/4.0 Mobile Safari/533.1"
80.187.111.71 - - [16/Jul/2013:15:03:16 +0200] "GET /flashopen.js HTTP/1.1" 200 604 "http://www.zahnarztpraxis-berlin-pankow.de/" "Mozilla/5.0 (Linux; U; Android 2.3.5; de-de; HTC Desire S Build/GRJ90) AppleWebKit/533.1 (KHTML, like Gecko) Version/4.0 Mobile Safari/533.1"
80.187.111.71 - - [16/Jul/2013:15:03:17 +0200] "GET /favicon.ico HTTP/1.1" 200 2550 "http://www.zahnarztpraxis-berlin-pankow.de/" "Mozilla/5.0 (Linux; U; Android 2.3.5; de-de; HTC Desire S Build/GRJ90) AppleWebKit/533.1 (KHTML, like Gecko) Version/4.0 Mobile Safari/533.1"
80.187.111.71 - - [16/Jul/2013:15:03:18 +0200] "GET /hattke.swf HTTP/1.1" 200 12042 "http://www.zahnarztpraxis-berlin-pankow.de/" "Mozilla/5.0 (Linux; U; Android 2.3.5; de-de; HTC Desire S Build/GRJ90) AppleWebKit/533.1 (KHTML, like Gecko) Version/4.0 Mobile Safari/533.1"
80.187.111.71 - - [16/Jul/2013:15:03:18 +0200] "GET /diashow.swf HTTP/1.1" 200 23825 "http://www.zahnarztpraxis-berlin-pankow.de/hattke.swf" "Mozilla/5.0 (Linux; U; Android 2.3.5; de-de; HTC Desire S Build/GRJ90) AppleWebKit/533.1 (KHTML, like Gecko) Version/4.0 Mobile Safari/533.1"
141.8.147.12 - - [16/Jul/2013:15:32:05 +0200] "GET / HTTP/1.1" 200 12977 "-" "Mozilla/5.0 (compatible; YandexBot/3.0; +http://yandex.com/bots)"
213.165.86.27 - - [16/Jul/2013:18:35:59 +0200] "HEAD / HTTP/1.1" 200 - "-" "Mozilla/5.0 (Windows; U; Windows NT 5.1; de; rv:1.9.1.5) Gecko/20091102 Firefox/3.5.5 (.NET CLR 3.5.30729)"
213.165.86.27 - - [16/Jul/2013:18:35:59 +0200] "GET / HTTP/1.1" 200 12977 "-" "Mozilla/5.0 (Windows; U; Windows NT 5.1; de; rv:1.9.1.5) Gecko/20091102 Firefox/3.5.5 (.NET CLR 3.5.30729)"
5.10.83.87 - - [16/Jul/2013:19:19:26 +0200] "GET /teledienst.html HTTP/1.1" 200 4588 "-" "Mozilla/5.0 (compatible; AhrefsBot/5.0; +http://ahrefs.com/robot/)"
37.58.52.15 - - [16/Jul/2013:23:40:48 +0200] "GET /robots.txt HTTP/1.0" 200 24 "-" "Mozilla/5.0 (compatible; AcoonBot/4.12.1; +http://www.acoon.de/robot.asp)"
37.58.52.15 - - [16/Jul/2013:23:40:48 +0200] "GET / HTTP/1.0" 200 12977 "-" "Mozilla/5.0 (compatible; AcoonBot/4.12.1; +http://www.acoon.de/robot.asp)"
81.7.13.161 - - [17/Jul/2013:02:14:38 +0200] "GET / HTTP/1.1" 200 12977 "-" "Mozilla/5.0 (X11; Linux i686; rv:6.0) Gecko/20100101 Firefox/6.0"
178.33.122.74 - - [17/Jul/2013:03:44:37 +0200] "GET /intro.html HTTP/1.1" 200 5170 "-" "Mozilla/5.0 (X11; Linux i686; rv:6.0) Gecko/20100101 Firefox/6.0"
37.59.16.73 - - [17/Jul/2013:03:44:38 +0200] "GET / HTTP/1.1" 200 12977 "-" "Mozilla/5.0 (X11; Linux i686; rv:6.0) Gecko/20100101 Firefox/6.0"
66.249.78.173 - - [17/Jul/2013:04:09:08 +0200] "GET /robots.txt HTTP/1.1" 200 24 "-" "Mozilla/5.0 (compatible; Googlebot/2.1; +http://www.google.com/bot.html)"
66.249.78.173 - - [17/Jul/2013:04:09:08 +0200] "GET / HTTP/1.1" 200 12977 "-" "Mozilla/5.0 (compatible; Googlebot/2.1; +http://www.google.com/bot.html)"
144.76.95.232 - - [17/Jul/2013:06:06:25 +0200] "GET /robots.txt HTTP/1.0" 200 24 "-" "Mozilla/5.0 (compatible; MJ12bot/v1.4.3; http://www.majestic12.co.uk/bot.php?+)"
144.76.95.232 - - [17/Jul/2013:06:06:36 +0200] "GET /index_alt.html HTTP/1.0" 200 2254 "-" "Mozilla/5.0 (compatible; MJ12bot/v1.4.3; http://www.majestic12.co.uk/bot.php?+)"
144.76.95.232 - - [17/Jul/2013:06:06:45 +0200] "GET /intro.html HTTP/1.0" 200 5170 "-" "Mozilla/5.0 (compatible; MJ12bot/v1.4.3; http://www.majestic12.co.uk/bot.php?+)"
217.230.139.253 - - [17/Jul/2013:11:11:28 +0200] "GET / HTTP/1.1" 200 12977 "http://www.bigfinder.de/online-11.html" "T-Online Browser"
66.249.78.173 - - [17/Jul/2013:11:47:41 +0200] "GET / HTTP/1.1" 200 12977 "-" "Mozilla/5.0 (iPhone; U; CPU iPhone OS 4_1 like Mac OS X; en-us) AppleWebKit/532.9 (KHTML, like Gecko) Version/4.0.5 Mobile/8B117 Safari/6531.22.7 (compatible; Googlebot-Mobile/2.1; +http://www.google.com/bot.html)"
46.105.114.127 - - [17/Jul/2013:13:37:52 +0200] "GET / HTTP/1.1" 200 12977 "-" "Mozilla/5.0 (X11; Linux i686; rv:6.0) Gecko/20100101 Firefox/6.0"
176.57.141.193 - - [17/Jul/2013:14:30:55 +0200] "GET / HTTP/1.1" 200 12977 "-" "Mozilla/5.0 (X11; Linux i686; rv:6.0) Gecko/20100101 Firefox/6.0"
5.10.83.75 - - [17/Jul/2013:21:11:05 +0200] "GET /teledienst.html HTTP/1.1" 200 4588 "-" "Mozilla/5.0 (compatible; AhrefsBot/5.0; +http://ahrefs.com/robot/)"
217.69.133.215 - - [17/Jul/2013:21:51:33 +0200] "GET / HTTP/1.0" 200 12977 "-" "Mozilla/5.0 (compatible; Linux x86_64; Mail.RU_Bot/2.0; +http://go.mail.ru/help/robots)"
157.55.35.108 - - [17/Jul/2013:22:38:09 +0200] "GET /robots.txt HTTP/1.1" 200 24 "-" "Mozilla/5.0 (compatible; bingbot/2.0; +http://www.bing.com/bingbot.htm)"
157.55.35.108 - - [17/Jul/2013:22:38:42 +0200] "GET /teledienst.html HTTP/1.1" 304 - "-" "Mozilla/5.0 (compatible; bingbot/2.0; +http://www.bing.com/bingbot.htm)"
130.185.109.210 - - [18/Jul/2013:00:53:17 +0200] "GET /robots.txt HTTP/1.1" 200 24 "-" "PagesInventory (robot http://www.pagesinvenotry.com)"
130.185.109.210 - - [18/Jul/2013:00:53:17 +0200] "GET / HTTP/1.1" 200 12977 "-" "PagesInventory (robot +http://www.pagesinventory.com)"
217.69.133.216 - - [18/Jul/2013:00:54:56 +0200] "GET /robots.txt HTTP/1.0" 200 24 "-" "Mozilla/5.0 (compatible; Linux x86_64; Mail.RU_Bot/2.0; +http://go.mail.ru/help/robots)"
85.51.23.123 - - [18/Jul/2013:01:22:24 +0200] "GET / HTTP/1.1" 200 12977 "-" "Mozilla/5.0 (Macintosh; Intel Mac OS X 10_8_4) AppleWebKit/537.36 (KHTML, like Gecko) Chrome/28.0.1500.71 Safari/537.36"
173.208.165.90 - - [18/Jul/2013:04:57:17 +0200] "GET /robots.txt HTTP/1.0" 200 24 "-" "Mozilla/5.0 (compatible; MJ12bot/v1.4.3; http://www.majestic12.co.uk/bot.php?+)"
173.208.165.90 - - [18/Jul/2013:04:57:22 +0200] "GET /intro.html HTTP/1.0" 200 5170 "-" "Mozilla/5.0 (compatible; MJ12bot/v1.4.3; http://www.majestic12.co.uk/bot.php?+)"
77.78.109.73 - - [18/Jul/2013:10:21:17 +0200] "GET / HTTP/1.1" 200 12977 "http://www.pagesinventory.com/domain/www.zahnarztpraxis-berlin-pankow.de.html" "Mozilla/5.0 (Windows; U; Windows NT 5.1; cs; rv:1.9.0.11) Gecko/2009060215 Firefox/3.0.11"
144.76.4.165 - - [18/Jul/2013:11:00:44 +0200] "GET /robots.txt HTTP/1.1" 200 24 "-" "Mozilla/5.0 (compatible; SISTRIX Crawler; http://crawler.sistrix.net/)"
144.76.4.165 - - [18/Jul/2013:11:00:44 +0200] "GET / HTTP/1.1" 206 12977 "-" "Mozilla/5.0 (compatible; SISTRIX Crawler; http://crawler.sistrix.net/)"
66.249.78.173 - - [18/Jul/2013:11:23:16 +0200] "GET /robots.txt HTTP/1.1" 200 24 "-" "Mozilla/5.0 (compatible; Googlebot/2.1; +http://www.google.com/bot.html)"
66.249.78.173 - - [18/Jul/2013:11:23:17 +0200] "GET / HTTP/1.1" 200 12977 "-" "Mozilla/5.0 (iPhone; U; CPU iPhone OS 4_1 like Mac OS X; en-us) AppleWebKit/532.9 (KHTML, like Gecko) Version/4.0.5 Mobile/8B117 Safari/6531.22.7 (compatible; Googlebot-Mobile/2.1; +http://www.google.com/bot.html)"
66.249.78.173 - - [18/Jul/2013:12:35:58 +0200] "GET /intro.html HTTP/1.1" 304 - "-" "Mozilla/5.0 (iPhone; U; CPU iPhone OS 4_1 like Mac OS X; en-us) AppleWebKit/532.9 (KHTML, like Gecko) Version/4.0.5 Mobile/8B117 Safari/6531.22.7 (compatible; Googlebot-Mobile/2.1; +http://www.google.com/bot.html)"
213.110.160.38 - - [18/Jul/2013:13:06:57 +0200] "GET /robots.txt HTTP/1.1" 200 24 "-" "Mozilla/5.0 (compatible; 008/0.83; http://www.80legs.com/webcrawler.html;) Gecko/2008032620"
213.110.160.38 - - [18/Jul/2013:13:06:57 +0200] "GET / HTTP/1.1" 200 12977 "-" "Mozilla/5.0 (compatible; 008/0.85; http://www.80legs.com/webcrawler.html) Gecko/2008032620"
193.175.73.206 - - [18/Jul/2013:14:01:09 +0200] "GET / HTTP/1.1" 200 12977 "http://www.google.de/url?sa=t&rct=j&q=hattke%20zahnarzt%20berlin&source=web&cd=1&ved=0CEwQFjAA&url=http%3A%2F%2Fwww.zahnarztpraxis-berlin-pankow.de%2F&ei=0tjnUfWUA4Tdsgb6noHAAg&usg=AFQjCNGhU0LSIXKAU9N4d8DNsS8g6WKbiA&bvm=bv.49478099,d.Yms" "Mozilla/4.0 (compatible; MSIE 8.0; Windows NT 5.1; Trident/4.0; .NET CLR 2.0.50727; .NET CLR 3.0.4506.2152; .NET CLR 3.5.30729; InfoPath.1)"
193.175.73.206 - - [18/Jul/2013:14:01:09 +0200] "GET /flashopen.js HTTP/1.1" 200 604 "http://www.zahnarztpraxis-berlin-pankow.de/" "Mozilla/4.0 (compatible; MSIE 8.0; Windows NT 5.1; Trident/4.0; .NET CLR 2.0.50727; .NET CLR 3.0.4506.2152; .NET CLR 3.5.30729; InfoPath.1)"
193.175.73.206 - - [18/Jul/2013:14:01:09 +0200] "GET /opensite.js HTTP/1.1" 200 1125 "http://www.zahnarztpraxis-berlin-pankow.de/" "Mozilla/4.0 (compatible; MSIE 8.0; Windows NT 5.1; Trident/4.0; .NET CLR 2.0.50727; .NET CLR 3.0.4506.2152; .NET CLR 3.5.30729; InfoPath.1)"
193.175.73.206 - - [18/Jul/2013:14:01:09 +0200] "GET /hattke.swf HTTP/1.1" 200 12042 "http://www.zahnarztpraxis-berlin-pankow.de/" "Mozilla/4.0 (compatible; MSIE 8.0; Windows NT 5.1; Trident/4.0; .NET CLR 2.0.50727; .NET CLR 3.0.4506.2152; .NET CLR 3.5.30729; InfoPath.1)"
193.175.73.206 - - [18/Jul/2013:14:01:09 +0200] "GET /favicon.ico HTTP/1.1" 200 2550 "-" "Mozilla/4.0 (compatible; MSIE 8.0; Windows NT 5.1; Trident/4.0; .NET CLR 2.0.50727; .NET CLR 3.0.4506.2152; .NET CLR 3.5.30729; InfoPath.1)"
193.175.73.206 - - [18/Jul/2013:14:01:09 +0200] "GET /diashow.swf HTTP/1.1" 200 23825 "http://www.zahnarztpraxis-berlin-pankow.de/hattke.swf" "Mozilla/4.0 (compatible; MSIE 8.0; Windows NT 5.1; Trident/4.0; .NET CLR 2.0.50727; .NET CLR 3.0.4506.2152; .NET CLR 3.5.30729; InfoPath.1)"
87.187.53.16 - - [18/Jul/2013:14:43:13 +0200] "GET / HTTP/1.1" 200 12977 "http://suche.t-online.de/fast-cgi/tsc?q=+++++Zahnarztpraxis+Hattke&tstmp=1374151348311&adtest=&mandant=toi&dia=pto&context=internet-tab&ptl=std&start=0&num=10&cr=&sb=top" "Mozilla/5.0 (Windows NT 6.0; rv:22.0) Gecko/20100101 Firefox/22.0"
87.187.53.16 - - [18/Jul/2013:14:43:13 +0200] "GET /opensite.js HTTP/1.1" 200 1125 "http://www.zahnarztpraxis-berlin-pankow.de/" "Mozilla/5.0 (Windows NT 6.0; rv:22.0) Gecko/20100101 Firefox/22.0"
87.187.53.16 - - [18/Jul/2013:14:43:13 +0200] "GET /favicon.ico HTTP/1.1" 200 2550 "-" "Mozilla/5.0 (Windows NT 6.0; rv:22.0) Gecko/20100101 Firefox/22.0"
87.187.53.16 - - [18/Jul/2013:14:43:13 +0200] "GET /flashopen.js HTTP/1.1" 200 604 "http://www.zahnarztpraxis-berlin-pankow.de/" "Mozilla/5.0 (Windows NT 6.0; rv:22.0) Gecko/20100101 Firefox/22.0"
87.187.53.16 - - [18/Jul/2013:14:43:13 +0200] "GET /hattke.swf HTTP/1.1" 200 12042 "http://www.zahnarztpraxis-berlin-pankow.de/" "Mozilla/5.0 (Windows NT 6.0; rv:22.0) Gecko/20100101 Firefox/22.0"
87.187.53.16 - - [18/Jul/2013:14:43:14 +0200] "GET /diashow.swf HTTP/1.1" 200 23825 "http://www.zahnarztpraxis-berlin-pankow.de/hattke.swf" "Mozilla/5.0 (Windows NT 6.0; rv:22.0) Gecko/20100101 Firefox/22.0"
87.187.53.16 - - [18/Jul/2013:14:43:47 +0200] "GET /plan.swf HTTP/1.1" 200 27838 "http://www.zahnarztpraxis-berlin-pankow.de/hattke.swf" "Mozilla/5.0 (Windows NT 6.0; rv:22.0) Gecko/20100101 Firefox/22.0"
141.8.147.12 - - [18/Jul/2013:18:29:41 +0200] "GET /robots.txt HTTP/1.1" 200 24 "-" "Mozilla/5.0 (compatible; YandexBot/3.0; +http://yandex.com/bots)"
87.149.160.233 - - [18/Jul/2013:20:05:50 +0200] "GET / HTTP/1.1" 200 12977 "-" "-"
5.10.83.74 - - [18/Jul/2013:20:20:52 +0200] "GET /teledienst.html HTTP/1.1" 200 4588 "-" "Mozilla/5.0 (compatible; AhrefsBot/5.0; +http://ahrefs.com/robot/)"
141.8.147.12 - - [18/Jul/2013:21:00:53 +0200] "GET / HTTP/1.1" 200 12977 "-" "Mozilla/5.0 (compatible; YandexBot/3.0; +http://yandex.com/bots)"
91.194.254.79 - - [18/Jul/2013:21:10:59 +0200] "GET / HTTP/1.1" 200 12977 "http://www.zahnarztpraxis-berlin-pankow.de/" "Mozilla/5.0 (Windows NT 5.1; rv:11.0) Gecko Firefox/11.0"
91.194.254.79 - - [18/Jul/2013:21:10:59 +0200] "GET /teledienst.html HTTP/1.1" 200 4588 "http://www.zahnarztpraxis-berlin-pankow.de/" "Mozilla/5.0 (Windows NT 5.1; rv:11.0) Gecko Firefox/11.0"
91.194.254.79 - - [18/Jul/2013:21:10:59 +0200] "GET /wp-login.php HTTP/1.1" 404 1256 "http://www.zahnarztpraxis-berlin-pankow.de/" "Mozilla/5.0 (Windows NT 5.1; rv:11.0) Gecko Firefox/11.0"
91.194.254.79 - - [18/Jul/2013:21:11:00 +0200] "GET /wp-login.php HTTP/1.1" 404 1256 "http://www.zahnarztpraxis-berlin-pankow.de/" "Mozilla/5.0 (Windows NT 5.1; rv:11.0) Gecko Firefox/11.0"
91.194.254.79 - - [18/Jul/2013:21:11:01 +0200] "GET / HTTP/1.1" 200 12977 "http://www.zahnarztpraxis-berlin-pankow.de/" "Mozilla/5.0 (Windows NT 5.1; rv:11.0) Gecko Firefox/11.0"
91.194.254.79 - - [18/Jul/2013:21:11:01 +0200] "GET /teledienst.html HTTP/1.1" 200 4588 "http://www.zahnarztpraxis-berlin-pankow.de/" "Mozilla/5.0 (Windows NT 5.1; rv:11.0) Gecko Firefox/11.0"
91.194.254.79 - - [18/Jul/2013:21:11:01 +0200] "GET /wp-login.php HTTP/1.1" 404 1256 "http://www.zahnarztpraxis-berlin-pankow.de/" "Mozilla/5.0 (Windows NT 5.1; rv:11.0) Gecko Firefox/11.0"
91.194.254.79 - - [18/Jul/2013:21:11:01 +0200] "GET /wp-login.php HTTP/1.1" 404 1256 "http://www.zahnarztpraxis-berlin-pankow.de/" "Mozilla/5.0 (Windows NT 5.1; rv:11.0) Gecko Firefox/11.0"
66.249.78.173 - - [19/Jul/2013:00:49:51 +0200] "GET /robots.txt HTTP/1.1" 200 24 "-" "Mozilla/5.0 (compatible; Googlebot/2.1; +http://www.google.com/bot.html)"
66.249.78.173 - - [19/Jul/2013:00:49:51 +0200] "GET /hattke.swf HTTP/1.1" 200 12042 "-" "Mozilla/5.0 (iPhone; U; CPU iPhone OS 4_1 like Mac OS X; en-us) AppleWebKit/532.9 (KHTML, like Gecko) Version/4.0.5 Mobile/8B117 Safari/6531.22.7 (compatible; Googlebot-Mobile/2.1; +http://www.google.com/bot.html)"
192.119.58.86 - - [19/Jul/2013:03:38:37 +0200] "GET / HTTP/1.1" 200 12977 "-" "Mozilla/5.0 (compatible; MSIE 9.0; Windows NT 5.0; Trident/3.0)"
157.55.35.42 - - [19/Jul/2013:05:29:47 +0200] "GET /robots.txt HTTP/1.1" 200 24 "-" "Mozilla/5.0 (compatible; bingbot/2.0; +http://www.bing.com/bingbot.htm)"
157.55.35.42 - - [19/Jul/2013:05:30:34 +0200] "GET / HTTP/1.1" 200 12977 "-" "Mozilla/5.0 (compatible; bingbot/2.0; +http://www.bing.com/bingbot.htm)"
66.249.75.71 - - [19/Jul/2013:05:45:33 +0200] "GET / HTTP/1.1" 200 12977 "-" "Mozilla/5.0 (compatible; Googlebot/2.1; +http://www.google.com/bot.html)"
157.55.35.42 - - [19/Jul/2013:06:05:35 +0200] "GET / HTTP/1.1" 200 12977 "-" "Mozilla/5.0 (compatible; bingbot/2.0; +http://www.bing.com/bingbot.htm)"
157.55.35.42 - - [19/Jul/2013:06:53:49 +0200] "GET /robots.txt HTTP/1.1" 200 24 "-" "Mozilla/5.0 (compatible; bingbot/2.0; +http://www.bing.com/bingbot.htm)"
157.55.35.42 - - [19/Jul/2013:06:54:37 +0200] "GET / HTTP/1.1" 200 12977 "-" "Mozilla/5.0 (compatible; bingbot/2.0; +http://www.bing.com/bingbot.htm)"
217.111.201.70 - - [19/Jul/2013:11:24:16 +0200] "GET / HTTP/1.1" 200 12977 "http://www.google.de/url?sa=t&rct=j&q=&esrc=s&source=web&cd=1&ved=0CDEQFjAA&url=http%3A%2F%2Fwww.zahnarztpraxis-berlin-pankow.de%2F&ei=gQXpUeQqxt06hLCBmAU&usg=AFQjCNGhU0LSIXKAU9N4d8DNsS8g6WKbiA&bvm=bv.49478099,d.ZWU" "Mozilla/5.0 (Windows NT 6.1; rv:16.0) Gecko/20100101 Firefox/16.0"
217.111.201.70 - - [19/Jul/2013:11:24:16 +0200] "GET /opensite.js HTTP/1.1" 200 1125 "http://www.zahnarztpraxis-berlin-pankow.de/" "Mozilla/5.0 (Windows NT 6.1; rv:16.0) Gecko/20100101 Firefox/16.0"
217.111.201.70 - - [19/Jul/2013:11:24:16 +0200] "GET /favicon.ico HTTP/1.1" 200 2550 "-" "Mozilla/5.0 (Windows NT 6.1; rv:16.0) Gecko/20100101 Firefox/16.0"
217.111.201.70 - - [19/Jul/2013:11:24:16 +0200] "GET /flashopen.js HTTP/1.1" 200 604 "http://www.zahnarztpraxis-berlin-pankow.de/" "Mozilla/5.0 (Windows NT 6.1; rv:16.0) Gecko/20100101 Firefox/16.0"
217.111.201.70 - - [19/Jul/2013:11:24:17 +0200] "GET /hattke.swf HTTP/1.1" 200 12042 "http://www.zahnarztpraxis-berlin-pankow.de/" "Mozilla/5.0 (Windows NT 6.1; rv:16.0) Gecko/20100101 Firefox/16.0"
217.111.201.70 - - [19/Jul/2013:11:24:17 +0200] "GET /diashow.swf HTTP/1.1" 200 23825 "http://www.zahnarztpraxis-berlin-pankow.de/hattke.swf" "Mozilla/5.0 (Windows NT 6.1; rv:16.0) Gecko/20100101 Firefox/16.0"
217.111.201.70 - - [19/Jul/2013:11:24:53 +0200] "GET /callback.html HTTP/1.1" 200 3272 "http://www.zahnarztpraxis-berlin-pankow.de/" "Mozilla/5.0 (Windows NT 6.1; rv:16.0) Gecko/20100101 Firefox/16.0"
217.111.201.70 - - [19/Jul/2013:11:24:53 +0200] "GET /clear.gif HTTP/1.1" 200 230 "http://www.zahnarztpraxis-berlin-pankow.de/callback.html" "Mozilla/5.0 (Windows NT 6.1; rv:16.0) Gecko/20100101 Firefox/16.0"
217.111.201.70 - - [19/Jul/2013:11:24:53 +0200] "GET /send.gif HTTP/1.1" 200 265 "http://www.zahnarztpraxis-berlin-pankow.de/callback.html" "Mozilla/5.0 (Windows NT 6.1; rv:16.0) Gecko/20100101 Firefox/16.0"
217.111.201.70 - - [19/Jul/2013:11:30:04 +0200] "GET / HTTP/1.1" 200 12977 "http://www.google.de/url?sa=t&rct=j&q=zahnarztpraxis%20hattke%20berlin&source=web&cd=1&sqi=2&ved=0CFIQFjAA&url=http%3A%2F%2Fwww.zahnarztpraxis-berlin-pankow.de%2F&ei=1wbpUcLAK8T2O-nQgBA&usg=AFQjCNGhU0LSIXKAU9N4d8DNsS8g6WKbiA&bvm=bv.49478099,d.ZWU" "Mozilla/5.0 (Windows NT 6.1; rv:21.0) Gecko/20100101 Firefox/21.0"
217.111.201.70 - - [19/Jul/2013:11:30:05 +0200] "GET /favicon.ico HTTP/1.1" 200 2550 "-" "Mozilla/5.0 (Windows NT 6.1; rv:21.0) Gecko/20100101 Firefox/21.0"
217.111.201.70 - - [19/Jul/2013:11:30:05 +0200] "GET /opensite.js HTTP/1.1" 304 - "http://www.zahnarztpraxis-berlin-pankow.de/" "Mozilla/5.0 (Windows NT 6.1; rv:21.0) Gecko/20100101 Firefox/21.0"
217.111.201.70 - - [19/Jul/2013:11:30:05 +0200] "GET /flashopen.js HTTP/1.1" 200 604 "http://www.zahnarztpraxis-berlin-pankow.de/" "Mozilla/5.0 (Windows NT 6.1; rv:21.0) Gecko/20100101 Firefox/21.0"
217.111.201.70 - - [19/Jul/2013:11:30:11 +0200] "GET /hattke.swf HTTP/1.1" 304 - "http://www.zahnarztpraxis-berlin-pankow.de/" "Mozilla/5.0 (Windows NT 6.1; rv:21.0) Gecko/20100101 Firefox/21.0"
217.111.201.70 - - [19/Jul/2013:11:30:12 +0200] "GET /diashow.swf HTTP/1.1" 200 23825 "http://www.zahnarztpraxis-berlin-pankow.de/hattke.swf" "Mozilla/5.0 (Windows NT 6.1; rv:21.0) Gecko/20100101 Firefox/21.0"
217.111.201.70 - - [19/Jul/2013:11:30:35 +0200] "GET /callback.html HTTP/1.1" 304 - "http://www.zahnarztpraxis-berlin-pankow.de/" "Mozilla/5.0 (Windows NT 6.1; rv:21.0) Gecko/20100101 Firefox/21.0"
217.111.201.70 - - [19/Jul/2013:11:30:35 +0200] "GET /clear.gif HTTP/1.1" 304 - "http://www.zahnarztpraxis-berlin-pankow.de/callback.html" "Mozilla/5.0 (Windows NT 6.1; rv:21.0) Gecko/20100101 Firefox/21.0"
217.111.201.70 - - [19/Jul/2013:11:30:35 +0200] "GET /send.gif HTTP/1.1" 200 265 "http://www.zahnarztpraxis-berlin-pankow.de/callback.html" "Mozilla/5.0 (Windows NT 6.1; rv:21.0) Gecko/20100101 Firefox/21.0"
79.194.29.89 - - [19/Jul/2013:12:38:23 +0200] "GET / HTTP/1.1" 200 12977 "http://www.google.de/url?sa=t&rct=j&q=zahnarztpraxis%20hattke%20berlin%2013158&source=web&cd=1&ved=0CEMQFjAA&url=http%3A%2F%2Fwww.zahnarztpraxis-berlin-pankow.de%2F&ei=2hbpUaipKsHYtAbvvYHoBg&usg=AFQjCNGhU0LSIXKAU9N4d8DNsS8g6WKbiA&bvm=bv.49478099,d.Yms" "Mozilla/5.0 (Windows NT 6.1; WOW64; rv:22.0) Gecko/20100101 Firefox/22.0"
79.194.29.89 - - [19/Jul/2013:12:38:24 +0200] "GET /opensite.js HTTP/1.1" 200 1125 "http://www.zahnarztpraxis-berlin-pankow.de/" "Mozilla/5.0 (Windows NT 6.1; WOW64; rv:22.0) Gecko/20100101 Firefox/22.0"
79.194.29.89 - - [19/Jul/2013:12:38:24 +0200] "GET /favicon.ico HTTP/1.1" 200 2550 "-" "Mozilla/5.0 (Windows NT 6.1; WOW64; rv:22.0) Gecko/20100101 Firefox/22.0"
79.194.29.89 - - [19/Jul/2013:12:38:24 +0200] "GET /flashopen.js HTTP/1.1" 200 604 "http://www.zahnarztpraxis-berlin-pankow.de/" "Mozilla/5.0 (Windows NT 6.1; WOW64; rv:22.0) Gecko/20100101 Firefox/22.0"
79.194.29.89 - - [19/Jul/2013:12:38:24 +0200] "GET /hattke.swf HTTP/1.1" 200 12042 "http://www.zahnarztpraxis-berlin-pankow.de/" "Mozilla/5.0 (Windows NT 6.1; WOW64; rv:22.0) Gecko/20100101 Firefox/22.0"
79.194.29.89 - - [19/Jul/2013:12:38:25 +0200] "GET /diashow.swf HTTP/1.1" 200 23825 "http://www.zahnarztpraxis-berlin-pankow.de/hattke.swf" "Mozilla/5.0 (Windows NT 6.1; WOW64; rv:22.0) Gecko/20100101 Firefox/22.0"
85.25.110.111 - - [19/Jul/2013:13:02:33 +0200] "GET / HTTP/1.1" 200 12977 "-" "Mozilla/4.0 (compatible; MSIE 6.0; Windows 98; Win 9x4.90)"
79.221.23.12 - - [19/Jul/2013:14:40:21 +0200] "GET / HTTP/1.1" 200 12977 "http://www.arzt-auskunft.de/arzt/Berlin/Zahnaerztin/Heine/3883085" "Mozilla/5.0 (Windows NT 5.1; rv:16.0) Gecko/20100101 Firefox/16.0"
79.221.23.12 - - [19/Jul/2013:14:40:21 +0200] "GET /opensite.js HTTP/1.1" 200 1125 "http://www.zahnarztpraxis-berlin-pankow.de/" "Mozilla/5.0 (Windows NT 5.1; rv:16.0) Gecko/20100101 Firefox/16.0"
79.221.23.12 - - [19/Jul/2013:14:40:21 +0200] "GET /favicon.ico HTTP/1.1" 200 2550 "-" "Mozilla/5.0 (Windows NT 5.1; rv:16.0) Gecko/20100101 Firefox/16.0"
79.221.23.12 - - [19/Jul/2013:14:40:21 +0200] "GET /flashopen.js HTTP/1.1" 200 604 "http://www.zahnarztpraxis-berlin-pankow.de/" "Mozilla/5.0 (Windows NT 5.1; rv:16.0) Gecko/20100101 Firefox/16.0"
79.221.23.12 - - [19/Jul/2013:14:40:23 +0200] "GET /hattke.swf HTTP/1.1" 200 12042 "http://www.zahnarztpraxis-berlin-pankow.de/" "Mozilla/5.0 (Windows NT 5.1; rv:16.0) Gecko/20100101 Firefox/16.0"
79.221.23.12 - - [19/Jul/2013:14:40:23 +0200] "GET /diashow.swf HTTP/1.1" 200 23825 "http://www.zahnarztpraxis-berlin-pankow.de/hattke.swf" "Mozilla/5.0 (Windows NT 5.1; rv:16.0) Gecko/20100101 Firefox/16.0"
5.10.83.59 - - [19/Jul/2013:16:21:41 +0200] "GET / HTTP/1.1" 200 12977 "-" "Mozilla/5.0 (compatible; AhrefsBot/5.0; +http://ahrefs.com/robot/)"
5.10.83.77 - - [19/Jul/2013:18:19:08 +0200] "GET /teledienst.html HTTP/1.1" 200 4588 "-" "Mozilla/5.0 (compatible; AhrefsBot/5.0; +http://ahrefs.com/robot/)"
217.234.185.162 - - [19/Jul/2013:19:16:20 +0200] "GET / HTTP/1.1" 200 12977 "-" "Mozilla/5.0 (Macintosh; Intel Mac OS X 10_6_8) AppleWebKit/534.59.8 (KHTML, like Gecko) Version/5.1.9 Safari/534.59.8"
217.234.185.162 - - [19/Jul/2013:19:16:20 +0200] "GET /opensite.js HTTP/1.1" 200 1125 "http://www.zahnarztpraxis-berlin-pankow.de/" "Mozilla/5.0 (Macintosh; Intel Mac OS X 10_6_8) AppleWebKit/534.59.8 (KHTML, like Gecko) Version/5.1.9 Safari/534.59.8"
217.234.185.162 - - [19/Jul/2013:19:16:20 +0200] "GET /flashopen.js HTTP/1.1" 200 604 "http://www.zahnarztpraxis-berlin-pankow.de/" "Mozilla/5.0 (Macintosh; Intel Mac OS X 10_6_8) AppleWebKit/534.59.8 (KHTML, like Gecko) Version/5.1.9 Safari/534.59.8"
217.234.185.162 - - [19/Jul/2013:19:16:20 +0200] "GET /favicon.ico HTTP/1.1" 200 2550 "http://www.zahnarztpraxis-berlin-pankow.de/" "Mozilla/5.0 (Macintosh; Intel Mac OS X 10_6_8) AppleWebKit/534.59.8 (KHTML, like Gecko) Version/5.1.9 Safari/534.59.8"
157.55.35.42 - - [20/Jul/2013:05:42:19 +0200] "GET /robots.txt HTTP/1.1" 200 24 "-" "Mozilla/5.0 (compatible; bingbot/2.0; +http://www.bing.com/bingbot.htm)"
157.55.35.42 - - [20/Jul/2013:05:50:59 +0200] "GET / HTTP/1.1" 304 - "-" "Mozilla/5.0 (compatible; bingbot/2.0; +http://www.bing.com/bingbot.htm)"
83.133.125.202 - - [20/Jul/2013:08:37:40 +0200] "GET / HTTP/1.1" 200 12977 "http://www.sumaja.de/?such_wert=berlin" "Mozilla/4.0 (compatible; MSIE 8.0; Windows NT 5.1; Trident/4.0; FBSMTWB; ATC/1.0; .NET CLR 1.1.4322; ATC/1.0; .NET CLR 2.0.50727; .NET CLR 3.0.4506.2152; .NET CLR 3.5.30729)"
208.115.113.90 - - [20/Jul/2013:09:27:58 +0200] "GET /robots.txt HTTP/1.1" 200 24 "-" "Mozilla/5.0 (compatible; Ezooms/1.0; ezooms.bot@gmail.com)"
87.106.227.210 - - [20/Jul/2013:11:25:59 +0200] "GET /robots.txt HTTP/1.1" 200 24 "-" "WeViKa"
208.115.113.90 - - [20/Jul/2013:11:45:46 +0200] "GET /teledienst.html HTTP/1.1" 200 4588 "-" "Mozilla/5.0 (compatible; Ezooms/1.0; ezooms.bot@gmail.com)"
88.150.204.95 - - [20/Jul/2013:17:47:22 +0200] "GET / HTTP/1.1" 200 12977 "-" "-"
88.150.204.95 - - [20/Jul/2013:17:47:22 +0200] "GET / HTTP/1.1" 200 12977 "-" "-"
207.241.226.238 - - [20/Jul/2013:17:47:59 +0200] "GET /robots.txt HTTP/1.1" 200 24 "-" "ia_archiver(OS-Wayback)"
141.8.147.12 - - [20/Jul/2013:22:53:38 +0200] "GET /robots.txt HTTP/1.1" 200 24 "-" "Mozilla/5.0 (compatible; YandexBot/3.0; +http://yandex.com/bots)"
141.8.147.12 - - [21/Jul/2013:04:32:56 +0200] "GET / HTTP/1.1" 200 12977 "-" "Mozilla/5.0 (compatible; YandexBot/3.0; +http://yandex.com/bots)"
209.190.20.234 - - [21/Jul/2013:10:11:39 +0200] "HEAD / HTTP/1.1" 200 - "http://rankow.com" "Mozilla/5.0 (Windows NT 6.1; WOW64; rv:15.0) Gecko/20120427 Firefox/15.0a1"
209.190.20.234 - - [21/Jul/2013:10:11:39 +0200] "HEAD / HTTP/1.1" 200 - "http://rankow.com" "Mozilla/5.0 (Windows NT 6.1; WOW64; rv:15.0) Gecko/20120427 Firefox/15.0a1"
66.249.78.173 - - [21/Jul/2013:10:30:53 +0200] "GET /robots.txt HTTP/1.1" 200 24 "-" "Mozilla/5.0 (compatible; Googlebot/2.1; +http://www.google.com/bot.html)"
66.249.78.173 - - [21/Jul/2013:10:30:53 +0200] "GET / HTTP/1.1" 200 12977 "-" "Mozilla/5.0 (iPhone; U; CPU iPhone OS 4_1 like Mac OS X; en-us) AppleWebKit/532.9 (KHTML, like Gecko) Version/4.0.5 Mobile/8B117 Safari/6531.22.7 (compatible; Googlebot-Mobile/2.1; +http://www.google.com/bot.html)"
66.249.78.173 - - [21/Jul/2013:10:46:01 +0200] "GET /intro.html HTTP/1.1" 200 5170 "-" "Mozilla/5.0 (iPhone; U; CPU iPhone OS 4_1 like Mac OS X; en-us) AppleWebKit/532.9 (KHTML, like Gecko) Version/4.0.5 Mobile/8B117 Safari/6531.22.7 (compatible; Googlebot-Mobile/2.1; +http://www.google.com/bot.html)"
193.27.73.209 - - [21/Jul/2013:11:11:56 +0200] "GET /wp-login.php HTTP/1.1" 404 1256 "-" "Mozilla/5.0 (Windows NT 6.1; rv:21.0) Gecko/20100101 Firefox/21.0 [xUSAx]"
193.27.73.209 - - [21/Jul/2013:11:11:57 +0200] "GET /administrator/index.php HTTP/1.1" 404 1256 "-" "Mozilla/5.0 (Windows NT 6.1; rv:21.0) Gecko/20100101 Firefox/21.0 [xUSAx]"
193.27.73.209 - - [21/Jul/2013:11:11:58 +0200] "GET /admin.php HTTP/1.1" 404 1256 "-" "Mozilla/5.0 (Windows NT 6.1; rv:21.0) Gecko/20100101 Firefox/21.0 [xUSAx]"
193.27.73.209 - - [21/Jul/2013:11:11:59 +0200] "GET /bitrix/admin/index.php?lang=en HTTP/1.1" 404 1256 "-" "Mozilla/5.0 (Windows NT 6.1; rv:21.0) Gecko/20100101 Firefox/21.0 [xUSAx]"
193.27.73.209 - - [21/Jul/2013:11:11:59 +0200] "GET /admin/login.php HTTP/1.1" 404 1256 "-" "Mozilla/5.0 (Windows NT 6.1; rv:21.0) Gecko/20100101 Firefox/21.0 [xUSAx]"
193.27.73.209 - - [21/Jul/2013:11:12:00 +0200] "GET /admin/index.php HTTP/1.1" 404 1256 "-" "Mozilla/5.0 (Windows NT 6.1; rv:21.0) Gecko/20100101 Firefox/21.0 [xUSAx]"
193.27.73.209 - - [21/Jul/2013:11:12:01 +0200] "GET /user/ HTTP/1.1" 404 1256 "-" "Mozilla/5.0 (Windows NT 6.1; rv:21.0) Gecko/20100101 Firefox/21.0 [xUSAx]"
141.8.147.12 - - [21/Jul/2013:11:29:21 +0200] "GET /robots.txt HTTP/1.1" 200 24 "-" "Mozilla/5.0 (compatible; YandexBot/3.0; +http://yandex.com/bots)"
66.249.75.71 - - [21/Jul/2013:19:42:19 +0200] "GET /robots.txt HTTP/1.1" 200 24 "-" "Mozilla/5.0 (compatible; Googlebot/2.1; +http://www.google.com/bot.html)"
66.249.75.71 - - [21/Jul/2013:19:42:19 +0200] "GET / HTTP/1.1" 200 12977 "-" "DoCoMo/2.0 N905i(c100;TB;W24H16) (compatible; Googlebot-Mobile/2.1; +http://www.google.com/bot.html)"
5.10.83.31 - - [21/Jul/2013:20:31:15 +0200] "GET /robots.txt HTTP/1.1" 200 24 "-" "Mozilla/5.0 (compatible; AhrefsBot/5.0; +http://ahrefs.com/robot/)"
198.27.82.145 - - [21/Jul/2013:23:08:57 +0200] "GET /robots.txt HTTP/1.1" 200 24 "-" "Mozilla/5.0 (compatible; meanpathbot/1.0; +http://www.meanpath.com/meanpathbot.html)"
198.27.82.145 - - [21/Jul/2013:23:08:58 +0200] "GET / HTTP/1.1" 200 12977 "-" "Mozilla/5.0 (compatible; meanpathbot/1.0; +http://www.meanpath.com/meanpathbot.html)"
66.249.78.173 - - [22/Jul/2013:01:07:24 +0200] "GET /hattke.swf HTTP/1.1" 200 12042 "-" "Mozilla/5.0 (iPhone; U; CPU iPhone OS 4_1 like Mac OS X; en-us) AppleWebKit/532.9 (KHTML, like Gecko) Version/4.0.5 Mobile/8B117 Safari/6531.22.7 (compatible; Googlebot-Mobile/2.1; +http://www.google.com/bot.html)"
64.79.89.130 - - [22/Jul/2013:01:22:10 +0200] "GET / HTTP/1.1" 200 12977 "-" "Mozilla/5.0 (Windows; U; Windows NT 6.0; en-US; rv:1.9.2) Gecko/20100115 Firefox/3.6 (.NET CLR 3.5.30729)"
66.249.78.173 - - [22/Jul/2013:03:03:16 +0200] "GET / HTTP/1.1" 200 12977 "-" "Mozilla/5.0 (compatible; Googlebot/2.1; +http://www.google.com/bot.html)"
5.10.83.38 - - [22/Jul/2013:08:08:26 +0200] "GET / HTTP/1.1" 200 12977 "-" "Mozilla/5.0 (compatible; AhrefsBot/5.0; +http://ahrefs.com/robot/)"
157.56.92.158 - - [22/Jul/2013:08:44:54 +0200] "GET /robots.txt HTTP/1.1" 200 24 "-" "Mozilla/5.0 (compatible; bingbot/2.0; +http://www.bing.com/bingbot.htm)"
157.56.92.158 - - [22/Jul/2013:08:50:57 +0200] "GET / HTTP/1.1" 304 - "-" "Mozilla/5.0 (compatible; bingbot/2.0; +http://www.bing.com/bingbot.htm)"
77.12.223.43 - - [22/Jul/2013:09:46:46 +0200] "GET / HTTP/1.1" 200 12977 "-" "Mozilla/5.0 (Windows NT 5.1; rv:22.0) Gecko/20100101 Firefox/22.0"
77.12.223.43 - - [22/Jul/2013:09:46:46 +0200] "GET /opensite.js HTTP/1.1" 200 1125 "http://www.zahnarztpraxis-berlin-pankow.de/" "Mozilla/5.0 (Windows NT 5.1; rv:22.0) Gecko/20100101 Firefox/22.0"
77.12.223.43 - - [22/Jul/2013:09:46:46 +0200] "GET /favicon.ico HTTP/1.1" 200 2550 "-" "Mozilla/5.0 (Windows NT 5.1; rv:22.0) Gecko/20100101 Firefox/22.0"
77.12.223.43 - - [22/Jul/2013:09:46:46 +0200] "GET /flashopen.js HTTP/1.1" 200 604 "http://www.zahnarztpraxis-berlin-pankow.de/" "Mozilla/5.0 (Windows NT 5.1; rv:22.0) Gecko/20100101 Firefox/22.0"
77.12.223.43 - - [22/Jul/2013:09:46:50 +0200] "GET /hattke.swf HTTP/1.1" 200 12042 "http://www.zahnarztpraxis-berlin-pankow.de/" "Mozilla/5.0 (Windows NT 5.1; rv:22.0) Gecko/20100101 Firefox/22.0"
77.12.223.43 - - [22/Jul/2013:09:46:50 +0200] "GET /diashow.swf HTTP/1.1" 200 23825 "http://www.zahnarztpraxis-berlin-pankow.de/hattke.swf" "Mozilla/5.0 (Windows NT 5.1; rv:22.0) Gecko/20100101 Firefox/22.0"
193.175.73.207 - - [22/Jul/2013:09:51:21 +0200] "GET / HTTP/1.1" 200 12977 "http://www.google.de/url?sa=t&rct=j&q=zahnarzt%20hattke%20berlin&source=web&cd=1&ved=0CEwQFjAA&url=http%3A%2F%2Fwww.zahnarztpraxis-berlin-pankow.de%2F&ei=CuTsUaeIA4mZtAbT_4HIAg&usg=AFQjCNGhU0LSIXKAU9N4d8DNsS8g6WKbiA&bvm=bv.49478099,d.Yms" "Mozilla/4.0 (compatible; MSIE 8.0; Windows NT 5.1; Trident/4.0; .NET CLR 2.0.50727; .NET CLR 3.0.4506.2152; .NET CLR 3.5.30729; InfoPath.1)"
193.175.73.207 - - [22/Jul/2013:09:51:21 +0200] "GET /flashopen.js HTTP/1.1" 200 604 "http://www.zahnarztpraxis-berlin-pankow.de/" "Mozilla/4.0 (compatible; MSIE 8.0; Windows NT 5.1; Trident/4.0; .NET CLR 2.0.50727; .NET CLR 3.0.4506.2152; .NET CLR 3.5.30729; InfoPath.1)"
193.175.73.207 - - [22/Jul/2013:09:51:21 +0200] "GET /opensite.js HTTP/1.1" 200 1125 "http://www.zahnarztpraxis-berlin-pankow.de/" "Mozilla/4.0 (compatible; MSIE 8.0; Windows NT 5.1; Trident/4.0; .NET CLR 2.0.50727; .NET CLR 3.0.4506.2152; .NET CLR 3.5.30729; InfoPath.1)"
193.175.73.207 - - [22/Jul/2013:09:51:21 +0200] "GET /favicon.ico HTTP/1.1" 200 2550 "-" "Mozilla/4.0 (compatible; MSIE 8.0; Windows NT 5.1; Trident/4.0; .NET CLR 2.0.50727; .NET CLR 3.0.4506.2152; .NET CLR 3.5.30729; InfoPath.1)"
193.175.73.207 - - [22/Jul/2013:09:51:21 +0200] "GET /hattke.swf HTTP/1.1" 200 12042 "http://www.zahnarztpraxis-berlin-pankow.de/" "Mozilla/4.0 (compatible; MSIE 8.0; Windows NT 5.1; Trident/4.0; .NET CLR 2.0.50727; .NET CLR 3.0.4506.2152; .NET CLR 3.5.30729; InfoPath.1)"
193.175.73.207 - - [22/Jul/2013:09:51:22 +0200] "GET /diashow.swf HTTP/1.1" 200 23825 "http://www.zahnarztpraxis-berlin-pankow.de/hattke.swf" "Mozilla/4.0 (compatible; MSIE 8.0; Windows NT 5.1; Trident/4.0; .NET CLR 2.0.50727; .NET CLR 3.0.4506.2152; .NET CLR 3.5.30729; InfoPath.1)"
85.25.134.59 - - [22/Jul/2013:11:41:31 +0200] "GET /robots.txt HTTP/1.1" 200 24 "http://netcomber.com" "NCBot (http://netcomber.com : tool for finding true domain owners) Queries/complaints: bot@netcomber.com"
85.25.134.59 - - [22/Jul/2013:11:41:31 +0200] "GET / HTTP/1.1" 200 12977 "http://netcomber.com" "NCBot (http://netcomber.com : tool for finding true domain owners) Queries/complaints: bot@netcomber.com"
5.10.83.15 - - [22/Jul/2013:11:51:32 +0200] "GET /teledienst.html HTTP/1.1" 200 4588 "-" "Mozilla/5.0 (compatible; AhrefsBot/5.0; +http://ahrefs.com/robot/)"
66.249.78.173 - - [22/Jul/2013:12:32:33 +0200] "GET / HTTP/1.1" 200 12977 "-" "Mozilla/5.0 (iPhone; U; CPU iPhone OS 4_1 like Mac OS X; en-us) AppleWebKit/532.9 (KHTML, like Gecko) Version/4.0.5 Mobile/8B117 Safari/6531.22.7 (compatible; Googlebot-Mobile/2.1; +http://www.google.com/bot.html)"
77.70.89.253 - - [22/Jul/2013:13:12:11 +0200] "GET / HTTP/1.0" 200 12977 "-" "Jabse.com Crawler v.1.0 www.jabse.com/crawler.php//imagecrawler"
77.12.223.43 - - [22/Jul/2013:14:30:21 +0200] "GET /teledienst.html HTTP/1.1" 200 4588 "http://www.zahnarztpraxis-berlin-pankow.de/" "Mozilla/5.0 (Windows NT 5.1; rv:22.0) Gecko/20100101 Firefox/22.0"
209.190.20.234 - - [22/Jul/2013:15:47:13 +0200] "HEAD / HTTP/1.1" 200 - "http://rankow.com" "Mozilla/5.0 (Windows NT 6.1; WOW64; rv:15.0) Gecko/20120427 Firefox/15.0a1"
209.190.20.234 - - [22/Jul/2013:15:47:14 +0200] "HEAD / HTTP/1.1" 200 - "http://rankow.com" "Mozilla/5.0 (Windows NT 6.1; WOW64; rv:15.0) Gecko/20120427 Firefox/15.0a1"
79.193.54.148 - - [22/Jul/2013:16:24:11 +0200] "GET / HTTP/1.1" 200 12977 "-" "Mozilla/5.0 (compatible; MSIE 10.0; Windows NT 6.1; WOW64; Trident/6.0)"
79.193.54.148 - - [22/Jul/2013:16:24:11 +0200] "GET /flashopen.js HTTP/1.1" 200 604 "http://www.zahnarztpraxis-berlin-pankow.de/" "Mozilla/5.0 (compatible; MSIE 10.0; Windows NT 6.1; WOW64; Trident/6.0)"
79.193.54.148 - - [22/Jul/2013:16:24:11 +0200] "GET /opensite.js HTTP/1.1" 200 1125 "http://www.zahnarztpraxis-berlin-pankow.de/" "Mozilla/5.0 (compatible; MSIE 10.0; Windows NT 6.1; WOW64; Trident/6.0)"
79.193.54.148 - - [22/Jul/2013:16:24:11 +0200] "GET /hattke.swf HTTP/1.1" 200 12042 "http://www.zahnarztpraxis-berlin-pankow.de/" "Mozilla/5.0 (compatible; MSIE 10.0; Windows NT 6.1; WOW64; Trident/6.0)"
79.193.54.148 - - [22/Jul/2013:16:24:11 +0200] "GET /diashow.swf HTTP/1.1" 200 23825 "http://www.zahnarztpraxis-berlin-pankow.de/hattke.swf" "Mozilla/5.0 (compatible; MSIE 10.0; Windows NT 6.1; WOW64; Trident/6.0)"
79.193.54.148 - - [22/Jul/2013:16:24:11 +0200] "GET /favicon.ico HTTP/1.1" 200 2550 "-" "Mozilla/5.0 (compatible; MSIE 10.0; Windows NT 6.1; WOW64; Trident/6.0)"
180.76.5.24 - - [22/Jul/2013:18:52:02 +0200] "GET /robots.txt HTTP/1.1" 200 24 "-" "Mozilla/5.0 (Windows NT 5.1; rv:6.0.2) Gecko/20100101 Firefox/6.0.2"
109.45.0.43 - - [22/Jul/2013:19:21:27 +0200] "GET / HTTP/1.1" 200 12977 "-" "Mozilla/5.0 (iPhone; CPU iPhone OS 6_1_4 like Mac OS X) AppleWebKit/536.26 (KHTML, like Gecko) Version/6.0 Mobile/10B350 Safari/8536.25"
109.45.0.43 - - [22/Jul/2013:19:21:28 +0200] "GET /opensite.js HTTP/1.1" 200 1125 "-" "Mozilla/5.0 (iPhone; CPU iPhone OS 6_1_4 like Mac OS X) AppleWebKit/536.26 (KHTML, like Gecko) Version/6.0 Mobile/10B350 Safari/8536.25"
109.45.0.43 - - [22/Jul/2013:19:21:28 +0200] "GET /flashopen.js HTTP/1.1" 200 604 "-" "Mozilla/5.0 (iPhone; CPU iPhone OS 6_1_4 like Mac OS X) AppleWebKit/536.26 (KHTML, like Gecko) Version/6.0 Mobile/10B350 Safari/8536.25"
109.45.0.43 - - [22/Jul/2013:19:21:29 +0200] "GET /hattke.swf HTTP/1.1" 200 12042 "http://www.zahnarztpraxis-berlin-pankow.de/" "Mozilla/5.0 (iPhone; CPU iPhone OS 6_1_4 like Mac OS X) AppleWebKit/536.26 (KHTML, like Gecko) Version/6.0 Mobile/10B350 Safari/8536.25"
109.45.0.43 - - [22/Jul/2013:19:21:30 +0200] "GET /hattke.swf HTTP/1.1" 200 12042 "http://1.2.3.60/index/9ea7f046ca70a5e543ff20ac04483b11d55a9aab/?gid=1" "Mozilla/5.0 (iPhone; CPU iPhone OS 6_1_4 like Mac OS X) AppleWebKit/536.26 (KHTML, like Gecko) Version/6.0 Mobile/10B350 Safari/8536.25"
193.111.141.44 - - [22/Jul/2013:20:37:19 +0200] "GET /index_alt.html HTTP/1.1" 200 2254 "-" "Mozilla/5.0 (X11; Linux i686; rv:6.0) Gecko/20100101 Firefox/6.0"
176.57.142.28 - - [22/Jul/2013:20:37:19 +0200] "GET /intro.html HTTP/1.1" 200 5170 "-" "Mozilla/5.0 (X11; Linux i686; rv:6.0) Gecko/20100101 Firefox/6.0"
176.57.142.28 - - [22/Jul/2013:20:37:19 +0200] "GET / HTTP/1.1" 200 12977 "-" "Mozilla/5.0 (X11; Linux i686; rv:6.0) Gecko/20100101 Firefox/6.0"
178.33.122.74 - - [22/Jul/2013:20:37:22 +0200] "GET /teledienst.html HTTP/1.1" 200 4588 "-" "Mozilla/5.0 (X11; Linux i686; rv:6.0) Gecko/20100101 Firefox/6.0"
208.90.57.196 - - [22/Jul/2013:21:24:27 +0200] "GET / HTTP/1.1" 200 12977 "-" "Mozilla/5.0 (Macintosh; Intel Mac OS X 10.6; rv:2.0.1) Gecko/20100101 Firefox/4.0.1"
66.249.78.173 - - [22/Jul/2013:22:29:36 +0200] "GET /robots.txt HTTP/1.1" 200 24 "-" "Mozilla/5.0 (compatible; Googlebot/2.1; +http://www.google.com/bot.html)"
66.249.78.173 - - [22/Jul/2013:22:29:36 +0200] "GET /intro.html HTTP/1.1" 304 - "-" "Mozilla/5.0 (iPhone; U; CPU iPhone OS 4_1 like Mac OS X; en-us) AppleWebKit/532.9 (KHTML, like Gecko) Version/4.0.5 Mobile/8B117 Safari/6531.22.7 (compatible; Googlebot-Mobile/2.1; +http://www.google.com/bot.html)"
194.153.113.7 - - [22/Jul/2013:22:39:21 +0200] "GET / HTTP/1.1" 200 12977 "-" "Mozilla/5.0 (compatible; oBot/2.3.1; +http://filterdb.iss.net/crawler/)"
66.249.78.173 - - [22/Jul/2013:22:44:33 +0200] "GET /intro.html HTTP/1.1" 304 - "-" "Mozilla/5.0 (iPhone; U; CPU iPhone OS 4_1 like Mac OS X; en-us) AppleWebKit/532.9 (KHTML, like Gecko) Version/4.0.5 Mobile/8B117 Safari/6531.22.7 (compatible; Googlebot-Mobile/2.1; +http://www.google.com/bot.html)"
79.194.72.240 - - [22/Jul/2013:22:57:38 +0200] "GET / HTTP/1.1" 200 12977 "-" "Mozilla/4.0 (compatible; MSIE 8.0; Windows NT 5.1; Trident/4.0; GTB7.5; .NET CLR 2.0.50727; .NET CLR 3.0.4506.2152; .NET CLR 3.5.30729)"
79.194.72.240 - - [22/Jul/2013:22:57:38 +0200] "GET /opensite.js HTTP/1.1" 200 1125 "http://www.zahnarztpraxis-berlin-pankow.de/" "Mozilla/4.0 (compatible; MSIE 8.0; Windows NT 5.1; Trident/4.0; GTB7.5; .NET CLR 2.0.50727; .NET CLR 3.0.4506.2152; .NET CLR 3.5.30729)"
79.194.72.240 - - [22/Jul/2013:22:57:38 +0200] "GET /flashopen.js HTTP/1.1" 200 604 "http://www.zahnarztpraxis-berlin-pankow.de/" "Mozilla/4.0 (compatible; MSIE 8.0; Windows NT 5.1; Trident/4.0; GTB7.5; .NET CLR 2.0.50727; .NET CLR 3.0.4506.2152; .NET CLR 3.5.30729)"
79.194.72.240 - - [22/Jul/2013:22:57:41 +0200] "GET /favicon.ico HTTP/1.1" 200 2550 "-" "Mozilla/4.0 (compatible; MSIE 8.0; Windows NT 5.1; Trident/4.0; GTB7.5; .NET CLR 2.0.50727; .NET CLR 3.0.4506.2152; .NET CLR 3.5.30729)"
79.194.72.240 - - [22/Jul/2013:22:58:17 +0200] "GET /hattke.swf HTTP/1.1" 200 12042 "http://www.zahnarztpraxis-berlin-pankow.de/" "Mozilla/4.0 (compatible; MSIE 8.0; Windows NT 5.1; Trident/4.0; GTB7.5; .NET CLR 2.0.50727; .NET CLR 3.0.4506.2152; .NET CLR 3.5.30729)"
79.194.72.240 - - [22/Jul/2013:22:58:17 +0200] "GET /diashow.swf HTTP/1.1" 200 23825 "http://www.zahnarztpraxis-berlin-pankow.de/hattke.swf" "Mozilla/4.0 (compatible; MSIE 8.0; Windows NT 5.1; Trident/4.0; GTB7.5; .NET CLR 2.0.50727; .NET CLR 3.0.4506.2152; .NET CLR 3.5.30729)"
85.25.120.73 - - [23/Jul/2013:02:27:51 +0200] "GET / HTTP/1.1" 200 12977 "-" "Mozilla/5.0 (X11; U; Linux i686; en-US; rv:1.9.0.1) Gecko/2008070206 Firefox/3.0.1"
85.25.120.73 - - [23/Jul/2013:02:27:51 +0200] "GET /teledienst.html HTTP/1.1" 200 4588 "-" "Mozilla/5.0 (X11; U; Linux i686; en-US; rv:1.9.0.1) Gecko/2008070206 Firefox/3.0.1"
77.233.225.114 - - [23/Jul/2013:08:35:03 +0200] "GET /robots.txt HTTP/1.1" 200 24 "-" "Mozilla/5.0 (compatible; Abonti/0.91 - http://www.abonti.com)"
77.233.225.114 - - [23/Jul/2013:08:35:23 +0200] "GET / HTTP/1.1" 200 12977 "-" "Mozilla/5.0 (compatible; Abonti/0.91 - http://www.abonti.com)"
77.233.225.114 - - [23/Jul/2013:08:35:42 +0200] "GET /teledienst.html HTTP/1.1" 200 4588 "-" "Mozilla/5.0 (compatible; Abonti/0.91 - http://www.abonti.com)"
79.216.220.9 - - [23/Jul/2013:11:41:32 +0200] "GET / HTTP/1.1" 200 12977 "http://www.google.de/url?sa=t&rct=j&q=hattke%20zahnarzt%20berlin%20&source=web&cd=1&ved=0CEsQFjAA&url=http%3A%2F%2Fwww.zahnarztpraxis-berlin-pankow.de%2F&ei=wE_uUd-iDs7EPOK3gdgI&usg=AFQjCNGhU0LSIXKAU9N4d8DNsS8g6WKbiA" "Mozilla/5.0 (Windows NT 5.1; rv:22.0) Gecko/20100101 Firefox/22.0"
79.216.220.9 - - [23/Jul/2013:11:41:32 +0200] "GET /opensite.js HTTP/1.1" 200 1125 "http://www.zahnarztpraxis-berlin-pankow.de/" "Mozilla/5.0 (Windows NT 5.1; rv:22.0) Gecko/20100101 Firefox/22.0"
79.216.220.9 - - [23/Jul/2013:11:41:32 +0200] "GET /favicon.ico HTTP/1.1" 200 2550 "-" "Mozilla/5.0 (Windows NT 5.1; rv:22.0) Gecko/20100101 Firefox/22.0"
79.216.220.9 - - [23/Jul/2013:11:41:32 +0200] "GET /flashopen.js HTTP/1.1" 200 604 "http://www.zahnarztpraxis-berlin-pankow.de/" "Mozilla/5.0 (Windows NT 5.1; rv:22.0) Gecko/20100101 Firefox/22.0"
79.216.220.9 - - [23/Jul/2013:11:41:40 +0200] "GET /hattke.swf HTTP/1.1" 200 12042 "http://www.zahnarztpraxis-berlin-pankow.de/" "Mozilla/5.0 (Windows NT 5.1; rv:22.0) Gecko/20100101 Firefox/22.0"
79.216.220.9 - - [23/Jul/2013:11:41:41 +0200] "GET /diashow.swf HTTP/1.1" 200 23825 "http://www.zahnarztpraxis-berlin-pankow.de/hattke.swf" "Mozilla/5.0 (Windows NT 5.1; rv:22.0) Gecko/20100101 Firefox/22.0"
173.199.119.11 - - [23/Jul/2013:13:25:30 +0200] "GET /robots.txt HTTP/1.1" 200 24 "-" "Mozilla/5.0 (compatible; AhrefsBot/4.0; +http://ahrefs.com/robot/)"
92.78.42.36 - - [23/Jul/2013:14:40:15 +0200] "GET / HTTP/1.1" 200 12977 "http://www.zapmeta.de/wsde/zapmeta_de1_c900_la1/zahnarztpraxis%20in%20berlin/" "Mozilla/5.0 (Windows NT 5.1) AppleWebKit/537.36 (KHTML, like Gecko) Chrome/28.0.1500.72 Safari/537.36"
92.78.42.36 - - [23/Jul/2013:14:40:15 +0200] "GET /opensite.js HTTP/1.1" 200 1125 "http://www.zahnarztpraxis-berlin-pankow.de/" "Mozilla/5.0 (Windows NT 5.1) AppleWebKit/537.36 (KHTML, like Gecko) Chrome/28.0.1500.72 Safari/537.36"
92.78.42.36 - - [23/Jul/2013:14:40:15 +0200] "GET /flashopen.js HTTP/1.1" 200 604 "http://www.zahnarztpraxis-berlin-pankow.de/" "Mozilla/5.0 (Windows NT 5.1) AppleWebKit/537.36 (KHTML, like Gecko) Chrome/28.0.1500.72 Safari/537.36"
92.78.42.36 - - [23/Jul/2013:14:40:15 +0200] "GET /hattke.swf HTTP/1.1" 200 12042 "http://www.zahnarztpraxis-berlin-pankow.de/" "Mozilla/5.0 (Windows NT 5.1) AppleWebKit/537.36 (KHTML, like Gecko) Chrome/28.0.1500.72 Safari/537.36"
92.78.42.36 - - [23/Jul/2013:14:40:15 +0200] "GET /favicon.ico HTTP/1.1" 200 2550 "-" "Mozilla/5.0 (Windows NT 5.1) AppleWebKit/537.36 (KHTML, like Gecko) Chrome/28.0.1500.72 Safari/537.36"
92.78.42.36 - - [23/Jul/2013:14:40:16 +0200] "GET /diashow.swf HTTP/1.1" 200 23825 "http://www.zahnarztpraxis-berlin-pankow.de/" "Mozilla/5.0 (Windows NT 5.1) AppleWebKit/537.36 (KHTML, like Gecko) Chrome/28.0.1500.72 Safari/537.36"
8.35.201.113 - - [23/Jul/2013:14:54:25 +0200] "GET /favicon.ico HTTP/1.1" 200 2550 "-" "AppEngine-Google; (+http://code.google.com/appengine; appid: s~getfavicon27)"
176.9.51.194 - - [23/Jul/2013:15:03:22 +0200] "GET / HTTP/1.1" 200 12977 "-" "Apache-HttpAsyncClient/4.0-beta4 (java 1.5)"
66.249.78.173 - - [23/Jul/2013:16:18:05 +0200] "GET /robots.txt HTTP/1.1" 200 24 "-" "Mozilla/5.0 (compatible; Googlebot/2.1; +http://www.google.com/bot.html)"
66.249.78.173 - - [23/Jul/2013:16:18:05 +0200] "GET / HTTP/1.1" 200 12977 "-" "Mozilla/5.0 (compatible; Googlebot/2.1; +http://www.google.com/bot.html)"
85.25.134.59 - - [23/Jul/2013:16:23:40 +0200] "GET /robots.txt HTTP/1.1" 200 24 "http://netcomber.com" "NCBot (http://netcomber.com : tool for finding true domain owners) Queries/complaints: bot@netcomber.com"
85.25.134.59 - - [23/Jul/2013:16:23:40 +0200] "GET / HTTP/1.1" 200 12977 "http://netcomber.com" "NCBot (http://netcomber.com : tool for finding true domain owners) Queries/complaints: bot@netcomber.com"
157.55.35.108 - - [23/Jul/2013:17:49:16 +0200] "GET /robots.txt HTTP/1.1" 200 24 "-" "Mozilla/5.0 (compatible; bingbot/2.0; +http://www.bing.com/bingbot.htm)"
157.55.35.108 - - [23/Jul/2013:17:49:49 +0200] "GET /teledienst.html HTTP/1.1" 200 4588 "-" "Mozilla/5.0 (compatible; bingbot/2.0; +http://www.bing.com/bingbot.htm)"
66.249.78.173 - - [24/Jul/2013:00:55:07 +0200] "GET /robots.txt HTTP/1.1" 200 24 "-" "Mozilla/5.0 (compatible; Googlebot/2.1; +http://www.google.com/bot.html)"
66.249.78.173 - - [24/Jul/2013:00:55:07 +0200] "GET / HTTP/1.1" 200 12977 "-" "Mozilla/5.0 (iPhone; U; CPU iPhone OS 4_1 like Mac OS X; en-us) AppleWebKit/532.9 (KHTML, like Gecko) Version/4.0.5 Mobile/8B117 Safari/6531.22.7 (compatible; Googlebot-Mobile/2.1; +http://www.google.com/bot.html)"
144.76.42.76 - - [24/Jul/2013:01:43:01 +0200] "GET / HTTP/1.1" 200 12977 "-" "Mozilla/5.0 (Macintosh; Intel Mac OS X 10_8_2) AppleWebKit/537.17 (KHTML, like Gecko) Chrome/24.0.1312.52 Safari/537.17"
66.249.72.71 - - [24/Jul/2013:02:52:56 +0200] "GET /hattke.swf HTTP/1.1" 200 12042 "-" "Mozilla/5.0 (iPhone; U; CPU iPhone OS 4_1 like Mac OS X; en-us) AppleWebKit/532.9 (KHTML, like Gecko) Version/4.0.5 Mobile/8B117 Safari/6531.22.7 (compatible; Googlebot-Mobile/2.1; +http://www.google.com/bot.html)"
123.151.39.35 - - [24/Jul/2013:05:44:23 +0200] "GET / HTTP/1.1" 200 12977 "-" "Mozilla/5.0 (Windows NT 6.1; WOW64) AppleWebKit/537.36 (KHTML, like Gecko) Chrome/27.0.1453.116 Safari/537.36"
66.249.78.173 - - [24/Jul/2013:06:39:43 +0200] "GET /intro.html HTTP/1.1" 304 - "-" "Mozilla/5.0 (compatible; Googlebot/2.1; +http://www.google.com/bot.html)"
66.249.78.173 - - [24/Jul/2013:07:19:43 +0200] "GET /hattke.swf HTTP/1.1" 200 12042 "-" "Mozilla/5.0 (compatible; Googlebot/2.1; +http://www.google.com/bot.html)"
5.10.83.89 - - [24/Jul/2013:10:17:53 +0200] "GET / HTTP/1.1" 200 12977 "-" "Mozilla/5.0 (compatible; AhrefsBot/5.0; +http://ahrefs.com/robot/)"
23.22.148.83 - - [24/Jul/2013:10:46:58 +0200] "GET /robots.txt HTTP/1.0" 200 24 "-" "NIS Nutch Spider/Nutch-1.7"
23.22.148.83 - - [24/Jul/2013:10:46:59 +0200] "GET / HTTP/1.0" 200 12977 "-" "NIS Nutch Spider/Nutch-1.7"
93.219.152.156 - - [24/Jul/2013:11:24:05 +0200] "GET / HTTP/1.1" 200 12977 "http://www.kzv-berlin.de/fuer-patienten/zahnarztsuche.html?tx_dsckzvzahnarzt%5Baction%5D=evalStandort&tx_dsckzvzahnarzt%5Bfachgebiet%5D=aza&tx_dsckzvzahnarzt%5Badresse%5D=Fontanestr.+33%2C+13158+Berlin&tx_dsckzvzahnarzt%5Bumkreis%5D=1" "Mozilla/5.0 (Windows NT 6.1; WOW64; rv:22.0) Gecko/20100101 Firefox/22.0"
93.219.152.156 - - [24/Jul/2013:11:24:05 +0200] "GET /opensite.js HTTP/1.1" 200 1125 "http://www.zahnarztpraxis-berlin-pankow.de/" "Mozilla/5.0 (Windows NT 6.1; WOW64; rv:22.0) Gecko/20100101 Firefox/22.0"
93.219.152.156 - - [24/Jul/2013:11:24:05 +0200] "GET /favicon.ico HTTP/1.1" 200 2550 "-" "Mozilla/5.0 (Windows NT 6.1; WOW64; rv:22.0) Gecko/20100101 Firefox/22.0"
93.219.152.156 - - [24/Jul/2013:11:24:05 +0200] "GET /flashopen.js HTTP/1.1" 200 604 "http://www.zahnarztpraxis-berlin-pankow.de/" "Mozilla/5.0 (Windows NT 6.1; WOW64; rv:22.0) Gecko/20100101 Firefox/22.0"
93.219.152.156 - - [24/Jul/2013:11:24:05 +0200] "GET /hattke.swf HTTP/1.1" 200 12042 "http://www.zahnarztpraxis-berlin-pankow.de/" "Mozilla/5.0 (Windows NT 6.1; WOW64; rv:22.0) Gecko/20100101 Firefox/22.0"
93.219.152.156 - - [24/Jul/2013:11:24:06 +0200] "GET /diashow.swf HTTP/1.1" 200 23825 "http://www.zahnarztpraxis-berlin-pankow.de/hattke.swf" "Mozilla/5.0 (Windows NT 6.1; WOW64; rv:22.0) Gecko/20100101 Firefox/22.0"
66.249.78.173 - - [24/Jul/2013:12:34:10 +0200] "GET /intro.html HTTP/1.1" 304 - "-" "Mozilla/5.0 (compatible; Googlebot/2.1; +http://www.google.com/bot.html)"
84.151.22.64 - - [24/Jul/2013:13:02:28 +0200] "GET / HTTP/1.1" 200 12977 "http://www.google.de/url?sa=t&rct=j&q=&esrc=s&source=web&cd=1&ved=0CDEQFjAA&url=http%3A%2F%2Fwww.zahnarztpraxis-berlin-pankow.de%2F&ei=JrTvUbGyKMGztAbX0YDYCw&usg=AFQjCNGhU0LSIXKAU9N4d8DNsS8g6WKbiA&bvm=bv.49641647,d.Yms" "Mozilla/5.0 (Windows NT 6.1; WOW64; rv:22.0) Gecko/20100101 Firefox/22.0"
84.151.22.64 - - [24/Jul/2013:13:02:28 +0200] "GET /opensite.js HTTP/1.1" 200 1125 "http://www.zahnarztpraxis-berlin-pankow.de/" "Mozilla/5.0 (Windows NT 6.1; WOW64; rv:22.0) Gecko/20100101 Firefox/22.0"
84.151.22.64 - - [24/Jul/2013:13:02:28 +0200] "GET /flashopen.js HTTP/1.1" 200 604 "http://www.zahnarztpraxis-berlin-pankow.de/" "Mozilla/5.0 (Windows NT 6.1; WOW64; rv:22.0) Gecko/20100101 Firefox/22.0"
84.151.22.64 - - [24/Jul/2013:13:02:28 +0200] "GET /favicon.ico HTTP/1.1" 200 2550 "-" "Mozilla/5.0 (Windows NT 6.1; WOW64; rv:22.0) Gecko/20100101 Firefox/22.0"
