213.205.42.1 - - [20/Mar/2012:08:12:01 +0100] "GET /robots.txt HTTP/1.1" 200 24 "-" "Mozilla/5.0 (compatible; IstellaBot/1.01.18 +http://www.tiscali.it/)"
213.205.42.1 - - [20/Mar/2012:08:12:06 +0100] "GET /teledienst.html HTTP/1.1" 200 4588 "-" "Mozilla/5.0 (compatible; IstellaBot/1.01.18 +http://www.tiscali.it/)"
84.189.78.225 - - [20/Mar/2012:10:07:36 +0100] "GET / HTTP/1.1" 200 12977 "http://www.google.de/url?sa=t&rct=j&q=kinderzahnarzt%20berlin%20pankow&source=web&cd=2&sqi=2&ved=0CEwQFjAB&url=http%3A%2F%2Fwww.zahnarztpraxis-berlin-pankow.de%2F&ctbm=plcs&ei=ckhoT5CFMorAtAbVmZGLCA&usg=AFQjCNGhU0LSIXKAU9N4d8DNsS8g6WKbiA" "Mozilla/5.0 (Windows NT 5.1; rv:9.0.1) Gecko/20100101 Firefox/9.0.1"
84.189.78.225 - - [20/Mar/2012:10:07:36 +0100] "GET /opensite.js HTTP/1.1" 200 1125 "http://www.zahnarztpraxis-berlin-pankow.de/" "Mozilla/5.0 (Windows NT 5.1; rv:9.0.1) Gecko/20100101 Firefox/9.0.1"
84.189.78.225 - - [20/Mar/2012:10:07:36 +0100] "GET /favicon.ico HTTP/1.1" 200 2550 "-" "Mozilla/5.0 (Windows NT 5.1; rv:9.0.1) Gecko/20100101 Firefox/9.0.1"
84.189.78.225 - - [20/Mar/2012:10:07:36 +0100] "GET /flashopen.js HTTP/1.1" 200 604 "http://www.zahnarztpraxis-berlin-pankow.de/" "Mozilla/5.0 (Windows NT 5.1; rv:9.0.1) Gecko/20100101 Firefox/9.0.1"
84.189.78.225 - - [20/Mar/2012:10:07:36 +0100] "GET /hattke.swf HTTP/1.1" 200 12042 "http://www.zahnarztpraxis-berlin-pankow.de/" "Mozilla/5.0 (Windows NT 5.1; rv:9.0.1) Gecko/20100101 Firefox/9.0.1"
84.189.78.225 - - [20/Mar/2012:10:07:37 +0100] "GET /diashow.swf HTTP/1.1" 200 311957 "-" "Mozilla/5.0 (Windows NT 5.1; rv:9.0.1) Gecko/20100101 Firefox/9.0.1"
195.145.200.116 - - [20/Mar/2012:11:30:01 +0100] "GET / HTTP/1.1" 304 - "http://www.google.de/search?q=Hattke+Zahnarzt+Pankow&rlz=1I7ADFA_deDE472" "Mozilla/4.0 (compatible; MSIE 7.0; Windows NT 5.1; InfoPath.1; .NET CLR 2.0.50727; .NET CLR 3.0.4506.2152; .NET CLR 3.5.30729)"
195.145.200.116 - - [20/Mar/2012:11:30:01 +0100] "GET /opensite.js HTTP/1.1" 304 - "http://www.zahnarztpraxis-berlin-pankow.de/" "Mozilla/4.0 (compatible; MSIE 7.0; Windows NT 5.1; InfoPath.1; .NET CLR 2.0.50727; .NET CLR 3.0.4506.2152; .NET CLR 3.5.30729)"
195.145.200.116 - - [20/Mar/2012:11:30:01 +0100] "GET /flashopen.js HTTP/1.1" 304 - "http://www.zahnarztpraxis-berlin-pankow.de/" "Mozilla/4.0 (compatible; MSIE 7.0; Windows NT 5.1; InfoPath.1; .NET CLR 2.0.50727; .NET CLR 3.0.4506.2152; .NET CLR 3.5.30729)"
195.145.200.116 - - [20/Mar/2012:11:30:02 +0100] "GET /hattke.swf HTTP/1.1" 304 - "http://www.zahnarztpraxis-berlin-pankow.de/" "Mozilla/4.0 (compatible; MSIE 7.0; Windows NT 5.1; InfoPath.1; .NET CLR 2.0.50727; .NET CLR 3.0.4506.2152; .NET CLR 3.5.30729)"
195.145.200.116 - - [20/Mar/2012:11:30:02 +0100] "GET /diashow.swf HTTP/1.1" 304 - "http://www.zahnarztpraxis-berlin-pankow.de/hattke.swf" "Mozilla/4.0 (compatible; MSIE 7.0; Windows NT 5.1; InfoPath.1; .NET CLR 2.0.50727; .NET CLR 3.0.4506.2152; .NET CLR 3.5.30729)"
208.115.111.74 - - [20/Mar/2012:16:06:00 +0100] "GET /robots.txt HTTP/1.1" 200 24 "-" "Mozilla/5.0 (compatible; Ezooms/1.0; ezooms.bot@gmail.com)"
69.171.242.249 - - [20/Mar/2012:16:27:40 +0100] "GET / HTTP/1.1" 206 12977 "-" "facebookexternalhit/1.1 (+http://www.facebook.com/externalhit_uatext.php)"
208.115.111.74 - - [20/Mar/2012:17:26:27 +0100] "GET /teledienst.html HTTP/1.1" 200 4588 "-" "Mozilla/5.0 (compatible; Ezooms/1.0; ezooms.bot@gmail.com)"
213.101.227.59 - - [20/Mar/2012:18:19:29 +0100] "GET / HTTP/1.1" 200 12977 "http://www.google.de/url?sa=t&rct=j&q=dr%20hattke%20berlin&source=web&cd=1&ved=0CEEQFjAA&url=http%3A%2F%2Fwww.zahnarztpraxis-berlin-pankow.de%2F&ei=HbxoT4mVOdPP4QTO8LynCQ&usg=AFQjCNGhU0LSIXKAU9N4d8DNsS8g6WKbiA" "Mozilla/5.0 (compatible; MSIE 9.0; Windows NT 6.0; WOW64; Trident/5.0)"
213.101.227.59 - - [20/Mar/2012:18:19:30 +0100] "GET /opensite.js HTTP/1.1" 200 1125 "http://www.zahnarztpraxis-berlin-pankow.de/" "Mozilla/5.0 (compatible; MSIE 9.0; Windows NT 6.0; WOW64; Trident/5.0)"
213.101.227.59 - - [20/Mar/2012:18:19:30 +0100] "GET /flashopen.js HTTP/1.1" 200 604 "http://www.zahnarztpraxis-berlin-pankow.de/" "Mozilla/5.0 (compatible; MSIE 9.0; Windows NT 6.0; WOW64; Trident/5.0)"
213.101.227.59 - - [20/Mar/2012:18:19:30 +0100] "GET /hattke.swf HTTP/1.1" 200 12042 "http://www.zahnarztpraxis-berlin-pankow.de/" "Mozilla/5.0 (compatible; MSIE 9.0; Windows NT 6.0; WOW64; Trident/5.0)"
213.101.227.59 - - [20/Mar/2012:18:19:31 +0100] "GET /favicon.ico HTTP/1.1" 200 2550 "-" "Mozilla/5.0 (compatible; MSIE 9.0; Windows NT 6.0; WOW64; Trident/5.0)"
213.101.227.59 - - [20/Mar/2012:18:19:30 +0100] "GET /diashow.swf HTTP/1.1" 200 311957 "http://www.zahnarztpraxis-berlin-pankow.de/hattke.swf" "Mozilla/5.0 (compatible; MSIE 9.0; Windows NT 6.0; WOW64; Trident/5.0)"
213.101.227.59 - - [20/Mar/2012:18:20:18 +0100] "GET /callback.html HTTP/1.1" 200 3272 "http://www.zahnarztpraxis-berlin-pankow.de/hattke.swf" "Mozilla/5.0 (compatible; MSIE 9.0; Windows NT 6.0; WOW64; Trident/5.0)"
213.101.227.59 - - [20/Mar/2012:18:20:18 +0100] "GET /send.gif HTTP/1.1" 200 265 "http://www.zahnarztpraxis-berlin-pankow.de/callback.html" "Mozilla/5.0 (compatible; MSIE 9.0; Windows NT 6.0; WOW64; Trident/5.0)"
213.101.227.59 - - [20/Mar/2012:18:20:18 +0100] "GET /clear.gif HTTP/1.1" 200 230 "http://www.zahnarztpraxis-berlin-pankow.de/callback.html" "Mozilla/5.0 (compatible; MSIE 9.0; Windows NT 6.0; WOW64; Trident/5.0)"
66.249.72.136 - - [21/Mar/2012:03:05:29 +0100] "GET /robots.txt HTTP/1.1" 200 24 "-" "Mozilla/5.0 (compatible; Googlebot/2.1; +http://www.google.com/bot.html)"
66.249.66.65 - - [21/Mar/2012:03:05:29 +0100] "GET / HTTP/1.1" 200 12977 "-" "Mozilla/5.0 (iPhone; U; CPU iPhone OS 4_1 like Mac OS X; en-us) AppleWebKit/532.9 (KHTML, like Gecko) Version/4.0.5 Mobile/8B117 Safari/6531.22.7 (compatible; Googlebot-Mobile/2.1; +http://www.google.com/bot.html)"
66.249.72.136 - - [21/Mar/2012:03:18:38 +0100] "GET /opensite.js HTTP/1.1" 200 1125 "-" "Mozilla/5.0 (compatible; Googlebot/2.1; +http://www.google.com/bot.html)"
123.125.71.21 - - [21/Mar/2012:05:39:13 +0100] "GET /robots.txt HTTP/1.1" 200 24 "-" "Mozilla/5.0 (compatible; Baiduspider/2.0; +http://www.baidu.com/search/spider.html)"
66.249.66.65 - - [21/Mar/2012:08:14:54 +0100] "GET /robots.txt HTTP/1.1" 200 24 "-" "Mozilla/5.0 (compatible; Googlebot/2.1; +http://www.google.com/bot.html)"
66.249.72.136 - - [21/Mar/2012:08:14:54 +0100] "GET / HTTP/1.1" 304 - "-" "Mozilla/5.0 (compatible; Googlebot/2.1; +http://www.google.com/bot.html)"
176.9.139.113 - - [21/Mar/2012:09:18:13 +0100] "GET /robots.txt HTTP/1.1" 200 24 "-" "Mozilla/5.0 (compatible; SISTRIX Crawler; http://crawler.sistrix.net/)"
176.9.139.113 - - [21/Mar/2012:09:18:13 +0100] "GET / HTTP/1.1" 200 12977 "-" "Mozilla/5.0 (compatible; SISTRIX Crawler; http://crawler.sistrix.net/)"
176.9.139.113 - - [21/Mar/2012:09:18:13 +0100] "GET /teledienst.html HTTP/1.1" 200 4588 "-" "Mozilla/5.0 (compatible; SISTRIX Crawler; http://crawler.sistrix.net/)"
93.193.22.217 - - [21/Mar/2012:11:41:14 +0100] "GET / HTTP/1.1" 200 12977 "http://www.gelbeseiten.de/yp/11/subscriberlist_pageAction.yp?sessionDataString=H4sIAAAAAAAAAFWOy0rEQBREvybLDF39TKiVM-pBjIYqCCzdyk-p6YyBDHTlAnX28WRrB2pzj3AS-px0RWkTE1qSptaKetKdys6D2uUE9eWUXcxRKEG6/OJ/ln6UfIyU/YpH4eRttCXKb-pmZhym4zDNaeWrx5d/Fas5S0xTktz2jABnY4znx-p-pON0Bt4Tt4UkbxE3VwsPxCMNYHfju9c9oq8Ayzs4BTNRfwYtleula8abKMbZ94C-pW8dT4ExzsEC8V7xYcSPGx-pYf5Gi3Dgk9arFFajW6/U0MrD8AexwqRzJgEAAA-e-e&page=1&filterTrade=&filterFunction=&sortBy=branche&availableLetters=ABCDEFGHIJKLMNOPQRSTUVWYZ" "Mozilla/5.0 (Windows NT 5.1; rv:11.0) Gecko/20100101 Firefox/11.0"
123.125.71.32 - - [21/Mar/2012:12:00:45 +0100] "GET / HTTP/1.1" 200 12977 "-" "Mozilla/5.0 (compatible; Baiduspider/2.0; +http://www.baidu.com/search/spider.html)"
213.239.198.246 - - [21/Mar/2012:14:20:11 +0100] "GET / HTTP/1.1" 200 12977 "-" "Mozilla/5.0 (Windows; U; Windows NT 6.1; en-US) AppleWebKit/533.19.4 (KHTML, like Gecko) Version/5.0.2 Safari/533.18.5"
64.121.56.246 - - [21/Mar/2012:14:49:25 +0100] "HEAD / HTTP/1.1" 200 - "-" "Mozilla/5.0 (compatible; pmoz.info ODP link checker; +http://pmoz.info/doc/botinfo.htm)"
91.65.68.185 - - [21/Mar/2012:16:09:10 +0100] "GET /hattke.swf HTTP/1.0" 200 12042 "-" "Mozilla/5.0 (X11; U; Linux i686; en-US; rv: 1.9.0.3) Gecko/2008092416 Firefox/3.0.3"
180.76.6.227 - - [21/Mar/2012:16:38:11 +0100] "GET /robots.txt HTTP/1.1" 200 24 "-" "Baiduspider+(+http://www.baidu.com/search/spider.htm)"
74.125.126.90 - - [21/Mar/2012:19:48:04 +0100] "GET /favicon.ico HTTP/1.1" 200 2550 "-" "-"
213.205.42.1 - - [21/Mar/2012:22:09:16 +0100] "GET /robots.txt HTTP/1.1" 200 24 "-" "Mozilla/5.0 (compatible; IstellaBot/1.01.18 +http://www.tiscali.it/)"
213.205.42.1 - - [21/Mar/2012:22:09:21 +0100] "GET / HTTP/1.1" 200 12977 "-" "Mozilla/5.0 (compatible; IstellaBot/1.01.18 +http://www.tiscali.it/)"
123.125.71.45 - - [22/Mar/2012:01:24:53 +0100] "GET / HTTP/1.1" 200 12977 "-" "Mozilla/5.0 (compatible; Baiduspider/2.0; +http://www.baidu.com/search/spider.html)"
213.205.42.1 - - [22/Mar/2012:02:32:07 +0100] "GET /robots.txt HTTP/1.1" 200 24 "-" "Mozilla/5.0 (compatible; IstellaBot/1.01.18 +http://www.tiscali.it/)"
213.205.42.1 - - [22/Mar/2012:02:32:12 +0100] "GET /teledienst.html HTTP/1.1" 200 4588 "-" "Mozilla/5.0 (compatible; IstellaBot/1.01.18 +http://www.tiscali.it/)"
95.108.128.242 - - [22/Mar/2012:06:29:48 +0100] "GET /robots.txt HTTP/1.1" 200 24 "-" "Mozilla/5.0 (compatible; YandexBot/3.0; +http://yandex.com/bots)"
123.125.71.97 - - [22/Mar/2012:07:39:50 +0100] "GET /robots.txt HTTP/1.1" 200 24 "-" "Mozilla/5.0 (compatible; Baiduspider/2.0; +http://www.baidu.com/search/spider.html)"
74.125.18.144 - - [22/Mar/2012:09:51:24 +0100] "GET / HTTP/1.1" 200 12977 "http://www.google.com/search" "Mozilla/5.0 (X11; Linux x86_64) AppleWebKit/534.51 (KHTML, like Gecko; Google Web Preview) Chrome/12.0.742 Safari/534.51"
74.125.18.147 - - [22/Mar/2012:09:51:25 +0100] "GET /flashopen.js HTTP/1.1" 200 604 "http://www.zahnarztpraxis-berlin-pankow.de/" "Mozilla/5.0 (X11; Linux x86_64) AppleWebKit/534.51 (KHTML, like Gecko; Google Web Preview) Chrome/12.0.742 Safari/534.51"
74.125.18.150 - - [22/Mar/2012:09:51:25 +0100] "GET /opensite.js HTTP/1.1" 200 1125 "http://www.zahnarztpraxis-berlin-pankow.de/" "Mozilla/5.0 (X11; Linux x86_64) AppleWebKit/534.51 (KHTML, like Gecko; Google Web Preview) Chrome/12.0.742 Safari/534.51"
2.210.94.50 - - [22/Mar/2012:09:56:46 +0100] "GET / HTTP/1.1" 200 12977 "http://www.locello-zahnaerzte.de/index.php?article_id=175&za=28673" "Mozilla/5.0 (Linux; U; Android 2.2; de-de; GT-I9000 Build/FROYO) AppleWebKit/533.1 (KHTML, like Gecko) Version/4.0 Mobile Safari/533.1"
2.210.94.50 - - [22/Mar/2012:09:56:47 +0100] "GET /opensite.js HTTP/1.1" 200 1125 "http://www.zahnarztpraxis-berlin-pankow.de/" "Mozilla/5.0 (Linux; U; Android 2.2; de-de; GT-I9000 Build/FROYO) AppleWebKit/533.1 (KHTML, like Gecko) Version/4.0 Mobile Safari/533.1"
2.210.94.50 - - [22/Mar/2012:09:56:47 +0100] "GET /flashopen.js HTTP/1.1" 200 604 "http://www.zahnarztpraxis-berlin-pankow.de/" "Mozilla/5.0 (Linux; U; Android 2.2; de-de; GT-I9000 Build/FROYO) AppleWebKit/533.1 (KHTML, like Gecko) Version/4.0 Mobile Safari/533.1"
2.210.94.50 - - [22/Mar/2012:09:56:48 +0100] "GET /favicon.ico HTTP/1.1" 200 2550 "http://www.zahnarztpraxis-berlin-pankow.de/" "Mozilla/5.0 (Linux; U; Android 2.2; de-de; GT-I9000 Build/FROYO) AppleWebKit/533.1 (KHTML, like Gecko) Version/4.0 Mobile Safari/533.1"
2.210.94.50 - - [22/Mar/2012:09:56:50 +0100] "GET /hattke.swf HTTP/1.1" 200 12042 "http://www.zahnarztpraxis-berlin-pankow.de/" "Mozilla/5.0 (Linux; U; Android 2.2; de-de; GT-I9000 Build/FROYO) AppleWebKit/533.1 (KHTML, like Gecko) Version/4.0 Mobile Safari/533.1"
2.210.94.50 - - [22/Mar/2012:09:56:51 +0100] "GET /diashow.swf HTTP/1.1" 200 311957 "http://www.zahnarztpraxis-berlin-pankow.de/hattke.swf" "Mozilla/5.0 (Linux; U; Android 2.2; de-de; GT-I9000 Build/FROYO) AppleWebKit/533.1 (KHTML, like Gecko) Version/4.0 Mobile Safari/533.1"
180.76.5.153 - - [22/Mar/2012:10:57:05 +0100] "GET /robots.txt HTTP/1.1" 200 24 "-" "Baiduspider+(+http://www.baidu.com/search/spider.htm)"
207.46.13.208 - - [22/Mar/2012:12:27:43 +0100] "GET /robots.txt HTTP/1.1" 200 24 "-" "Mozilla/5.0 (compatible; bingbot/2.0; +http://www.bing.com/bingbot.htm)"
207.46.13.208 - - [22/Mar/2012:12:30:10 +0100] "GET / HTTP/1.1" 304 - "-" "Mozilla/5.0 (compatible; bingbot/2.0; +http://www.bing.com/bingbot.htm)"
213.205.42.1 - - [22/Mar/2012:13:20:49 +0100] "GET /robots.txt HTTP/1.1" 200 24 "-" "Mozilla/5.0 (compatible; IstellaBot/1.01.18 +http://www.tiscali.it/)"
213.205.42.1 - - [22/Mar/2012:13:20:54 +0100] "GET /kontakt@kzv-berlin.de HTTP/1.1" 404 1256 "-" "Mozilla/5.0 (compatible; IstellaBot/1.01.18 +http://www.tiscali.it/)"
213.205.42.1 - - [22/Mar/2012:13:21:15 +0100] "GET /info@zaek-berlin.de HTTP/1.1" 404 1256 "-" "Mozilla/5.0 (compatible; IstellaBot/1.01.18 +http://www.tiscali.it/)"
199.19.249.196 - - [22/Mar/2012:15:11:03 +0100] "GET / HTTP/1.1" 200 12977 "-" "Mozilla/4.0 (compatible; MSIE 7.0; Windows NT 5.1; InfoPath.1; .NET CLR 2.0.50727; .NET CLR 1.1.4322; MS-RTC LM 8; .NET CLR 3.0.4506.2152; .NET CLR 3.5.30729)"
151.183.0.36 - - [22/Mar/2012:15:11:03 +0100] "GET / HTTP/1.1" 200 12977 "http://www.gelbeseiten.de/yp/122/subscriberlist_search.yp?sessionDataString=H4sIAAAAAAAAAA2KywqDMBAAv8aTBMzDxLA3D7bHUqGFXmQbVxKQVJKUtn59PQwDw3Cj0YinUMwpiUyhlaxD0zJrtOV2XlzXKSa4NJJaBMHB%2FjbQD%2FQR0162hF-pKgFxyYeqe0hpiPRacS6Gw1kPCuFeDzsH5un8771%2FrDqoSw%2F4J2XmKmUKheITTOOVjoGkhv1KCriScKRMm5-pHcwKWBK-pNwa-pB-pyBwsslXKCt5oC39LkjMhxwAAAA-e-e&kindOfSearch=tradesearch&subject=Zahnarzt&location=13127+Berlin+Stadtteil+Franz%F6sich+Buchholz&distance=-1&execute=Suchen&suggest_choose=on&x=44&y=20&rz=122" "Mozilla/4.0 (compatible; MSIE 8.0; Windows NT 5.1; Trident/4.0; .NET CLR 1.1.4322; .NET CLR 2.0.50727; .NET CLR 3.0.04506.30; .NET CLR 3.0.04506.648; InfoPath.2; .NET CLR 3.0.4506.2152; .NET CLR 3.5.30729)"
151.183.0.36 - - [22/Mar/2012:15:11:03 +0100] "GET /favicon.ico HTTP/1.1" 200 2550 "http://www.zahnarztpraxis-berlin-pankow.de/" "Mozilla/4.0 (compatible; MSIE 8.0; Windows NT 5.1; Trident/4.0; .NET CLR 1.1.4322; .NET CLR 2.0.50727; .NET CLR 3.0.04506.30; .NET CLR 3.0.04506.648; InfoPath.2; .NET CLR 3.0.4506.2152; .NET CLR 3.5.30729)"
151.183.0.36 - - [22/Mar/2012:15:11:03 +0100] "GET /opensite.js HTTP/1.1" 200 1125 "http://www.zahnarztpraxis-berlin-pankow.de/" "Mozilla/4.0 (compatible; MSIE 8.0; Windows NT 5.1; Trident/4.0; .NET CLR 1.1.4322; .NET CLR 2.0.50727; .NET CLR 3.0.04506.30; .NET CLR 3.0.04506.648; InfoPath.2; .NET CLR 3.0.4506.2152; .NET CLR 3.5.30729)"
151.183.0.36 - - [22/Mar/2012:15:11:03 +0100] "GET /flashopen.js HTTP/1.1" 200 604 "http://www.zahnarztpraxis-berlin-pankow.de/" "Mozilla/4.0 (compatible; MSIE 8.0; Windows NT 5.1; Trident/4.0; .NET CLR 1.1.4322; .NET CLR 2.0.50727; .NET CLR 3.0.04506.30; .NET CLR 3.0.04506.648; InfoPath.2; .NET CLR 3.0.4506.2152; .NET CLR 3.5.30729)"
213.205.42.1 - - [22/Mar/2012:15:40:36 +0100] "GET /robots.txt HTTP/1.1" 200 24 "-" "Mozilla/5.0 (compatible; IstellaBot/1.01.18 +http://www.tiscali.it/)"
213.205.42.1 - - [22/Mar/2012:15:40:41 +0100] "GET / HTTP/1.1" 200 12977 "-" "Mozilla/5.0 (compatible; IstellaBot/1.01.18 +http://www.tiscali.it/)"
87.142.104.61 - - [22/Mar/2012:17:19:07 +0100] "GET / HTTP/1.1" 200 12977 "http://www.gelbeseiten.de/yp/122/search.yp?sessionDataString=H4sIAAAAAAAAAEWHMQ4CMQzAXsMYKcmld0XZ4UYEEoyobVLBhtou%2FJ5uDJZtEt4MJQaglBGklAK5xAXMrdS1esySgDgjmVVl0uP3o3LgUx-ppje7v4XPOt-pf%2FNY6WzLunVl46gHRHvaBeZ91RH1PbpDLzGkMIi-pgP0J2U44cAAAA-e&at=yp&kindOfSearch=tradesearch&subject=zahnarzt&location=berlin+pankow&x=0&y=0&distance=-1&execute=Suchen&suggest_choose=on&rz=122" "Mozilla/5.0 (Windows NT 6.1; rv:10.0.2) Gecko/20100101 Firefox/10.0.2"
213.205.42.1 - - [22/Mar/2012:18:37:57 +0100] "GET /robots.txt HTTP/1.1" 200 24 "-" "Mozilla/5.0 (compatible; IstellaBot/1.01.18 +http://www.tiscali.it/)"
213.205.42.1 - - [22/Mar/2012:18:38:02 +0100] "GET / HTTP/1.1" 200 12977 "-" "Mozilla/5.0 (compatible; IstellaBot/1.01.18 +http://www.tiscali.it/)"
213.205.42.1 - - [22/Mar/2012:20:43:40 +0100] "GET /robots.txt HTTP/1.1" 200 24 "-" "Mozilla/5.0 (compatible; IstellaBot/1.01.18 +http://www.tiscali.it/)"
213.205.42.1 - - [22/Mar/2012:20:43:45 +0100] "GET /teledienst.html HTTP/1.1" 200 4588 "-" "Mozilla/5.0 (compatible; IstellaBot/1.01.18 +http://www.tiscali.it/)"
46.115.35.101 - - [22/Mar/2012:23:03:51 +0100] "GET / HTTP/1.1" 200 12977 "http://www.google.de/url?sa=t&rct=j&q=zahn%C3%A4rzte%20berlin%20reinickendorf&source=web&cd=6&ved=0CKIBEBYwBQ&url=http%3A%2F%2Fwww.zahnarztpraxis-berlin-pankow.de%2F&ei=KaFrT_n0GcaYOpPj4eUF&usg=AFQjCNGhU0LSIXKAU9N4d8DNsS8g6WKbiA" "Mozilla/5.0 (Windows NT 5.1) AppleWebKit/535.11 (KHTML, like Gecko) Chrome/17.0.963.83 Safari/535.11"
46.115.35.101 - - [22/Mar/2012:23:03:52 +0100] "GET /opensite.js HTTP/1.1" 200 1125 "http://www.zahnarztpraxis-berlin-pankow.de/" "Mozilla/5.0 (Windows NT 5.1) AppleWebKit/535.11 (KHTML, like Gecko) Chrome/17.0.963.83 Safari/535.11"
46.115.35.101 - - [22/Mar/2012:23:03:52 +0100] "GET /flashopen.js HTTP/1.1" 200 604 "http://www.zahnarztpraxis-berlin-pankow.de/" "Mozilla/5.0 (Windows NT 5.1) AppleWebKit/535.11 (KHTML, like Gecko) Chrome/17.0.963.83 Safari/535.11"
46.115.35.101 - - [22/Mar/2012:23:03:52 +0100] "GET /hattke.swf HTTP/1.1" 200 12042 "http://www.zahnarztpraxis-berlin-pankow.de/" "Mozilla/5.0 (Windows NT 5.1) AppleWebKit/535.11 (KHTML, like Gecko) Chrome/17.0.963.83 Safari/535.11"
46.115.35.101 - - [22/Mar/2012:23:03:53 +0100] "GET /favicon.ico HTTP/1.1" 200 2550 "-" "Mozilla/5.0 (Windows NT 5.1) AppleWebKit/535.11 (KHTML, like Gecko) Chrome/17.0.963.83 Safari/535.11"
46.115.35.101 - - [22/Mar/2012:23:03:53 +0100] "GET /diashow.swf HTTP/1.1" 200 311957 "http://www.zahnarztpraxis-berlin-pankow.de/hattke.swf" "Mozilla/5.0 (Windows NT 5.1) AppleWebKit/535.11 (KHTML, like Gecko) Chrome/17.0.963.83 Safari/535.11"
95.108.128.242 - - [22/Mar/2012:23:11:53 +0100] "GET / HTTP/1.1" 200 12977 "-" "Mozilla/5.0 (compatible; YandexBot/3.0; +http://yandex.com/bots)"
64.246.161.42 - - [23/Mar/2012:01:39:46 +0100] "GET /robots.txt HTTP/1.0" 200 24 "-" "Mozilla/5.0 (Windows; U; Windows NT 5.1; en; rv:1.9.0.13) Gecko/2009073022 Firefox/3.5.2 (.NET CLR 3.5.30729) SurveyBot/2.3 (DomainTools)"
64.246.161.42 - - [23/Mar/2012:01:39:46 +0100] "GET / HTTP/1.1" 200 12977 "http://whois.domaintools.com/zahnarztpraxis-berlin-pankow.de" "Mozilla/5.0 (Windows; U; Windows NT 5.1; en; rv:1.9.0.13) Gecko/2009073022 Firefox/3.5.2 (.NET CLR 3.5.30729) SurveyBot/2.3 (DomainTools)"
77.188.73.14 - - [23/Mar/2012:02:01:15 +0100] "GET /favicon.ico HTTP/1.1" 200 2550 "-" "Mozilla/5.0 (Windows NT 6.1; WOW64; rv:8.0.1) Gecko/20100101 Firefox/8.0.1"
87.157.69.213 - - [23/Mar/2012:03:12:09 +0100] "GET / HTTP/1.0" 200 12977 "-" "Mozilla/4.0 (compatible; ICS)"
87.157.69.213 - - [23/Mar/2012:03:12:09 +0100] "GET / HTTP/1.0" 200 12977 "-" "Mozilla/4.0 (compatible; ICS)"
46.4.166.203 - - [23/Mar/2012:05:06:40 +0100] "GET /robots.txt HTTP/1.0" 200 24 "-" "Mozilla/5.0 (compatible; MJ12bot/v1.4.2; http://www.majestic12.co.uk/bot.php?+)"
46.4.166.203 - - [23/Mar/2012:05:06:44 +0100] "GET / HTTP/1.0" 200 12977 "-" "Mozilla/5.0 (compatible; MJ12bot/v1.4.2; http://www.majestic12.co.uk/bot.php?+)"
194.169.234.13 - - [23/Mar/2012:05:12:43 +0100] "GET / HTTP/1.1" 200 12977 "-" "-"
213.205.42.1 - - [23/Mar/2012:07:12:18 +0100] "GET /robots.txt HTTP/1.1" 200 24 "-" "Mozilla/5.0 (compatible; IstellaBot/1.01.18 +http://www.tiscali.it/)"
213.205.42.1 - - [23/Mar/2012:07:12:24 +0100] "GET /kontakt@kzv-berlin.de HTTP/1.1" 404 1256 "-" "Mozilla/5.0 (compatible; IstellaBot/1.01.18 +http://www.tiscali.it/)"
213.205.42.1 - - [23/Mar/2012:07:12:42 +0100] "GET /info@zaek-berlin.de HTTP/1.1" 404 1256 "-" "Mozilla/5.0 (compatible; IstellaBot/1.01.18 +http://www.tiscali.it/)"
123.125.71.58 - - [23/Mar/2012:09:35:17 +0100] "GET /robots.txt HTTP/1.1" 200 24 "-" "Mozilla/5.0 (compatible; Baiduspider/2.0; +http://www.baidu.com/search/spider.html)"
94.23.225.68 - - [23/Mar/2012:12:10:53 +0100] "GET /index_alt.html HTTP/1.1" 200 2254 "-" "Mozilla/5.0 (X11; Linux i686; rv:6.0) Gecko/20100101 Firefox/6.0"
94.23.225.68 - - [23/Mar/2012:12:10:53 +0100] "GET /intro.html HTTP/1.1" 200 5170 "-" "Mozilla/5.0 (X11; Linux i686; rv:6.0) Gecko/20100101 Firefox/6.0"
217.69.134.91 - - [23/Mar/2012:12:57:16 +0100] "GET /robots.txt HTTP/1.0" 200 24 "-" "Mail.RU/2.0"
95.108.128.242 - - [23/Mar/2012:13:50:08 +0100] "GET /robots.txt HTTP/1.1" 200 24 "-" "Mozilla/5.0 (compatible; YandexBot/3.0; +http://yandex.com/bots)"
180.76.5.58 - - [23/Mar/2012:14:52:08 +0100] "GET /robots.txt HTTP/1.1" 200 24 "-" "Baiduspider+(+http://www.baidu.com/search/spider.htm)"
83.133.125.202 - - [23/Mar/2012:15:49:42 +0100] "GET / HTTP/1.1" 200 12977 "http://www.sumaja.de/" "Mozilla/4.0 (compatible; MSIE 9.0; Windows NT 5.1)"
83.133.125.202 - - [23/Mar/2012:15:49:42 +0100] "GET / HTTP/1.0" 200 12977 "-" "-"
83.133.125.202 - - [23/Mar/2012:15:49:43 +0100] "GET / HTTP/1.0" 200 12977 "-" "-"
207.46.13.208 - - [23/Mar/2012:21:12:00 +0100] "GET /robots.txt HTTP/1.1" 200 24 "-" "Mozilla/5.0 (compatible; bingbot/2.0; +http://www.bing.com/bingbot.htm)"
207.46.13.208 - - [23/Mar/2012:21:12:42 +0100] "GET / HTTP/1.1" 304 - "-" "Mozilla/5.0 (compatible; bingbot/2.0; +http://www.bing.com/bingbot.htm)"
95.108.128.242 - - [24/Mar/2012:00:28:12 +0100] "GET / HTTP/1.1" 200 12977 "-" "Mozilla/5.0 (compatible; YandexBot/3.0; +http://yandex.com/bots)"
217.69.134.91 - - [24/Mar/2012:01:00:44 +0100] "GET / HTTP/1.0" 200 12977 "-" "Mail.RU/2.0"
83.133.125.202 - - [24/Mar/2012:06:49:33 +0100] "GET / HTTP/1.1" 200 12977 "http://www.bigfinder.de/" "Mozilla/4.0 (compatible; MSIE 8.0; Windows NT 6.1; Trident/4.0; SLCC2; .NET CLR 2.0.50727; .NET CLR 3.5.30729; .NET CLR 3.0.30729; Media Center PC 6.0)"
194.153.113.7 - - [24/Mar/2012:06:56:23 +0100] "GET / HTTP/1.1" 200 12977 "-" "Mozilla/5.0 (compatible; oBot/2.3.1; +http://filterdb.iss.net/crawler/)"
213.239.198.246 - - [24/Mar/2012:09:35:20 +0100] "GET /favicon.ico HTTP/1.1" 200 2550 "-" "Mozilla/5.0 (Windows; U; Windows NT 5.1; de; rv:1.9.2.12) Gecko/20101026 Firefox/3.6.12 ( .NET CLR 3.5.30729)"
213.239.198.246 - - [24/Mar/2012:09:38:02 +0100] "GET /teledienst.html HTTP/1.1" 200 4588 "-" "Mozilla/4.0 (compatible; MSIE 8.0; Windows NT 5.1; Trident/4.0; .NET CLR 1.1.4322; .NET CLR 2.0.50727; .NET CLR 3.0.04506.30; InfoPath.2; .NET CLR 3.0.4506.2152; .NET CLR 3.5.30729)"
91.61.67.80 - - [24/Mar/2012:09:50:57 +0100] "GET / HTTP/1.1" 200 12977 "-" "Mozilla/5.0 (Windows; U; Windows NT 5.1; de; rv:1.9.0.10) Gecko/2009042316 Firefox/3.0.10"
91.61.67.80 - - [24/Mar/2012:09:51:00 +0100] "GET /teledienst.html HTTP/1.1" 200 4588 "-" "Mozilla/5.0 (Windows; U; Windows NT 5.1; de; rv:1.9.0.10) Gecko/2009042316 Firefox/3.0.10"
91.61.67.80 - - [24/Mar/2012:09:51:02 +0100] "GET /teledienst.html HTTP/1.1" 200 4588 "-" "Java/1.6.0_22"
123.125.71.30 - - [24/Mar/2012:12:39:12 +0100] "GET /robots.txt HTTP/1.1" 200 24 "-" "Mozilla/5.0 (compatible; Baiduspider/2.0; +http://www.baidu.com/search/spider.html)"
66.249.66.65 - - [24/Mar/2012:21:42:54 +0100] "GET /robots.txt HTTP/1.1" 200 24 "-" "Mozilla/5.0 (compatible; Googlebot/2.1; +http://www.google.com/bot.html)"
66.249.66.65 - - [24/Mar/2012:21:42:54 +0100] "GET /sitemap.xml HTTP/1.1" 200 796 "-" "Mozilla/5.0 (compatible; Googlebot/2.1; +http://www.google.com/bot.html)"
66.249.66.65 - - [24/Mar/2012:22:03:02 +0100] "GET /callback.html HTTP/1.1" 304 - "-" "Mozilla/5.0 (compatible; Googlebot/2.1; +http://www.google.com/bot.html)"
75.142.203.86 - - [24/Mar/2012:22:37:58 +0100] "GET /robots.txt HTTP/1.0" 200 24 "-" "Zillsy.com Search engine /Nutch-1.4"
75.142.203.86 - - [24/Mar/2012:22:37:58 +0100] "GET / HTTP/1.0" 200 12977 "-" "Zillsy.com Search engine /Nutch-1.4"
85.178.88.203 - - [24/Mar/2012:22:43:51 +0100] "GET / HTTP/1.1" 200 12977 "http://www.google.de/url?sa=t&rct=j&q=zahnarzt%20pankow&source=web&cd=16&ved=0CJABEBYwBTgK&url=http%3A%2F%2Fwww.zahnarztpraxis-berlin-pankow.de%2F&ei=2j9uT-nqBsbmtQbV5eihAg&usg=AFQjCNGhU0LSIXKAU9N4d8DNsS8g6WKbiA" "Mozilla/5.0 (Windows NT 6.1; WOW64; rv:11.0) Gecko/20100101 Firefox/11.0"
85.178.88.203 - - [24/Mar/2012:22:43:51 +0100] "GET /opensite.js HTTP/1.1" 200 1125 "http://www.zahnarztpraxis-berlin-pankow.de/" "Mozilla/5.0 (Windows NT 6.1; WOW64; rv:11.0) Gecko/20100101 Firefox/11.0"
85.178.88.203 - - [24/Mar/2012:22:43:51 +0100] "GET /flashopen.js HTTP/1.1" 200 604 "http://www.zahnarztpraxis-berlin-pankow.de/" "Mozilla/5.0 (Windows NT 6.1; WOW64; rv:11.0) Gecko/20100101 Firefox/11.0"
85.178.88.203 - - [24/Mar/2012:22:43:51 +0100] "GET /favicon.ico HTTP/1.1" 200 2550 "-" "Mozilla/5.0 (Windows NT 6.1; WOW64; rv:11.0) Gecko/20100101 Firefox/11.0"
85.178.88.203 - - [24/Mar/2012:22:43:51 +0100] "GET /hattke.swf HTTP/1.1" 200 12042 "http://www.zahnarztpraxis-berlin-pankow.de/" "Mozilla/5.0 (Windows NT 6.1; WOW64; rv:11.0) Gecko/20100101 Firefox/11.0"
85.178.88.203 - - [24/Mar/2012:22:43:51 +0100] "GET /diashow.swf HTTP/1.1" 200 311957 "-" "Mozilla/5.0 (Windows NT 6.1; WOW64; rv:11.0) Gecko/20100101 Firefox/11.0"
74.52.245.146 - - [24/Mar/2012:22:55:32 +0100] "GET / HTTP/1.0" 200 12977 "-" "Mozilla/5.0 (X11; U; Linux i686; en-US; rv:1.7.5) Gecko/20041107 Firefox/1.0"
217.69.134.91 - - [24/Mar/2012:23:04:59 +0100] "GET /sitemap.xml HTTP/1.0" 200 796 "-" "Mail.RU/2.0"
123.125.71.14 - - [25/Mar/2012:05:56:20 +0200] "GET /robots.txt HTTP/1.1" 200 24 "-" "Mozilla/5.0 (compatible; Baiduspider/2.0; +http://www.baidu.com/search/spider.html)"
213.73.96.24 - - [25/Mar/2012:07:02:28 +0200] "GET / HTTP/1.1" 200 12977 "-" "Mozilla/4.0 (compatible; MSIE 7.0; Windows NT 6.1; WOW64; Trident/4.0; SLCC2; .NET CLR 2.0.50727; .NET4.0C; .NET4.0E; .NET CLR 3.5.30729; .NET CLR 3.0.30729)"
213.73.96.24 - - [25/Mar/2012:07:02:28 +0200] "GET /opensite.js HTTP/1.1" 200 1125 "http://www.zahnarztpraxis-berlin-pankow.de/" "Mozilla/4.0 (compatible; MSIE 7.0; Windows NT 6.1; WOW64; Trident/4.0; SLCC2; .NET CLR 2.0.50727; .NET4.0C; .NET4.0E; .NET CLR 3.5.30729; .NET CLR 3.0.30729)"
213.73.96.24 - - [25/Mar/2012:07:02:28 +0200] "GET /flashopen.js HTTP/1.1" 200 604 "http://www.zahnarztpraxis-berlin-pankow.de/" "Mozilla/4.0 (compatible; MSIE 7.0; Windows NT 6.1; WOW64; Trident/4.0; SLCC2; .NET CLR 2.0.50727; .NET4.0C; .NET4.0E; .NET CLR 3.5.30729; .NET CLR 3.0.30729)"
207.46.199.55 - - [25/Mar/2012:07:46:42 +0200] "GET /robots.txt HTTP/1.1" 200 24 "-" "Mozilla/5.0 (compatible; bingbot/2.0; +http://www.bing.com/bingbot.htm)"
207.46.199.55 - - [25/Mar/2012:07:47:38 +0200] "GET /teledienst.html HTTP/1.1" 304 - "-" "Mozilla/5.0 (compatible; bingbot/2.0; +http://www.bing.com/bingbot.htm)"
178.25.58.250 - - [25/Mar/2012:10:16:28 +0200] "GET / HTTP/1.1" 200 12977 "-" "Mozilla/4.0 (compatible; MSIE 8.0; Windows NT 5.1; Trident/4.0; .NET CLR 1.1.4322; .NET CLR 2.0.50727; .NET CLR 3.0.4506.2152; .NET CLR 3.5.30729; AskTbOVO2/5.12.2.16749)"
178.25.58.250 - - [25/Mar/2012:10:16:28 +0200] "GET /opensite.js HTTP/1.1" 200 1125 "http://www.zahnarztpraxis-berlin-pankow.de/" "Mozilla/4.0 (compatible; MSIE 8.0; Windows NT 5.1; Trident/4.0; .NET CLR 1.1.4322; .NET CLR 2.0.50727; .NET CLR 3.0.4506.2152; .NET CLR 3.5.30729; AskTbOVO2/5.12.2.16749)"
178.25.58.250 - - [25/Mar/2012:10:16:28 +0200] "GET /flashopen.js HTTP/1.1" 200 604 "http://www.zahnarztpraxis-berlin-pankow.de/" "Mozilla/4.0 (compatible; MSIE 8.0; Windows NT 5.1; Trident/4.0; .NET CLR 1.1.4322; .NET CLR 2.0.50727; .NET CLR 3.0.4506.2152; .NET CLR 3.5.30729; AskTbOVO2/5.12.2.16749)"
178.25.58.250 - - [25/Mar/2012:10:16:28 +0200] "GET /hattke.swf HTTP/1.1" 200 12042 "http://www.zahnarztpraxis-berlin-pankow.de/" "Mozilla/4.0 (compatible; MSIE 8.0; Windows NT 5.1; Trident/4.0; .NET CLR 1.1.4322; .NET CLR 2.0.50727; .NET CLR 3.0.4506.2152; .NET CLR 3.5.30729; AskTbOVO2/5.12.2.16749)"
178.25.58.250 - - [25/Mar/2012:10:16:29 +0200] "GET /favicon.ico HTTP/1.1" 200 2550 "-" "Mozilla/4.0 (compatible; MSIE 8.0; Windows NT 5.1; Trident/4.0; .NET CLR 1.1.4322; .NET CLR 2.0.50727; .NET CLR 3.0.4506.2152; .NET CLR 3.5.30729; AskTbOVO2/5.12.2.16749)"
178.25.58.250 - - [25/Mar/2012:10:16:29 +0200] "GET /diashow.swf HTTP/1.1" 200 311957 "http://www.zahnarztpraxis-berlin-pankow.de/hattke.swf" "Mozilla/4.0 (compatible; MSIE 8.0; Windows NT 5.1; Trident/4.0; .NET CLR 1.1.4322; .NET CLR 2.0.50727; .NET CLR 3.0.4506.2152; .NET CLR 3.5.30729; AskTbOVO2/5.12.2.16749)"
207.46.13.145 - - [25/Mar/2012:11:33:07 +0200] "GET /robots.txt HTTP/1.1" 200 24 "-" "Mozilla/5.0 (compatible; bingbot/2.0; +http://www.bing.com/bingbot.htm)"
207.46.13.145 - - [25/Mar/2012:11:36:04 +0200] "GET /hattke.swf HTTP/1.1" 200 12042 "-" "Mozilla/5.0 (compatible; bingbot/2.0; +http://www.bing.com/bingbot.htm)"
157.55.17.199 - - [25/Mar/2012:15:35:51 +0200] "GET /robots.txt HTTP/1.1" 200 24 "-" "Mozilla/5.0 (compatible; bingbot/2.0; +http://www.bing.com/bingbot.htm)"
91.213.91.155 - - [25/Mar/2012:22:17:07 +0200] "GET / HTTP/1.1" 200 12977 "http://www.neofonie.de/" "mahonie, neofonie search:robot (http://spider.neofonie.de; spider@neofonie.de; This is the MIA Bot - crawling for mia research project. If you feel unhappy and do not want to be visited by our crawler send an email to spider@neofonie.de) ( admin e-mail: undefined )"
123.125.71.17 - - [26/Mar/2012:01:35:12 +0200] "GET / HTTP/1.1" 200 12977 "-" "Mozilla/5.0 (compatible; Baiduspider/2.0; +http://www.baidu.com/search/spider.html)"
213.205.42.1 - - [26/Mar/2012:02:28:25 +0200] "GET /robots.txt HTTP/1.1" 200 24 "-" "Mozilla/5.0 (compatible; IstellaBot/1.01.18 +http://www.tiscali.it/)"
213.205.42.1 - - [26/Mar/2012:02:28:30 +0200] "GET / HTTP/1.1" 200 12977 "-" "Mozilla/5.0 (compatible; IstellaBot/1.01.18 +http://www.tiscali.it/)"
207.46.13.208 - - [26/Mar/2012:02:53:03 +0200] "GET /robots.txt HTTP/1.1" 200 24 "-" "Mozilla/5.0 (compatible; bingbot/2.0; +http://www.bing.com/bingbot.htm)"
207.46.13.208 - - [26/Mar/2012:02:53:38 +0200] "GET / HTTP/1.1" 304 - "-" "Mozilla/5.0 (compatible; bingbot/2.0; +http://www.bing.com/bingbot.htm)"
213.205.42.1 - - [26/Mar/2012:04:40:51 +0200] "GET /robots.txt HTTP/1.1" 200 24 "-" "Mozilla/5.0 (compatible; IstellaBot/1.01.18 +http://www.tiscali.it/)"
213.205.42.1 - - [26/Mar/2012:04:40:56 +0200] "GET /teledienst.html HTTP/1.1" 200 4588 "-" "Mozilla/5.0 (compatible; IstellaBot/1.01.18 +http://www.tiscali.it/)"
109.87.138.55 - - [26/Mar/2012:05:30:41 +0200] "GET /robots.txt HTTP/1.0" 200 24 "-" "Mozilla/5.0 (compatible; MJ12bot/v1.4.2; http://www.majestic12.co.uk/bot.php?+)"
109.87.138.55 - - [26/Mar/2012:05:30:42 +0200] "GET / HTTP/1.1" 200 12977 "-" "Mozilla/5.0 (compatible; MJ12bot/v1.4.2; http://www.majestic12.co.uk/bot.php?+)"
157.55.17.199 - - [26/Mar/2012:06:52:12 +0200] "GET /robots.txt HTTP/1.1" 200 24 "-" "Mozilla/5.0 (compatible; bingbot/2.0; +http://www.bing.com/bingbot.htm)"
66.249.72.136 - - [26/Mar/2012:06:52:14 +0200] "GET /robots.txt HTTP/1.1" 200 24 "-" "Mozilla/5.0 (compatible; Googlebot/2.1; +http://www.google.com/bot.html)"
66.249.72.136 - - [26/Mar/2012:06:52:14 +0200] "GET /callback.html HTTP/1.1" 200 3272 "-" "Mozilla/5.0 (compatible; Googlebot/2.1; +http://www.google.com/bot.html)"
66.249.72.136 - - [26/Mar/2012:07:05:33 +0200] "GET /intro.html HTTP/1.1" 304 - "-" "Mozilla/5.0 (compatible; Googlebot/2.1; +http://www.google.com/bot.html)"
78.140.185.32 - - [26/Mar/2012:07:33:59 +0200] "GET / HTTP/1.1" 200 12977 "-" "Mozilla/5.0 (X11; U; Linux x86_64; en-US; rv:1.9.2.16) Gecko/20110323 Ubuntu/10.10 (maverick) Firefox/3.6.16"
157.55.17.199 - - [26/Mar/2012:08:06:38 +0200] "GET /intro.html HTTP/1.1" 200 5170 "-" "Mozilla/5.0 (compatible; bingbot/2.0; +http://www.bing.com/bingbot.htm)"
213.205.42.1 - - [26/Mar/2012:08:09:58 +0200] "GET /robots.txt HTTP/1.1" 200 24 "-" "Mozilla/5.0 (compatible; IstellaBot/1.01.18 +http://www.tiscali.it/)"
213.205.42.1 - - [26/Mar/2012:08:10:03 +0200] "GET /kontakt@kzv-berlin.de HTTP/1.1" 404 1256 "-" "Mozilla/5.0 (compatible; IstellaBot/1.01.18 +http://www.tiscali.it/)"
213.205.42.1 - - [26/Mar/2012:08:10:28 +0200] "GET /info@zaek-berlin.de HTTP/1.1" 404 1256 "-" "Mozilla/5.0 (compatible; IstellaBot/1.01.18 +http://www.tiscali.it/)"
157.56.18.138 - - [26/Mar/2012:08:19:30 +0200] "GET /intro.html HTTP/1.1" 200 5170 "-" "Mozilla/4.0 (compatible; MSIE 8.0; Windows NT 5.1; Trident/5.0; .NET CLR 3.5.30729; .NET CLR 3.0.30729; SV1; .NET CLR 1.1.4325; .NET CLR 2.0.50727; .NET CLR 3.0.30729; .NET CLR 3.5.30707; MS-RTC LM 8)"
157.56.18.138 - - [26/Mar/2012:08:19:33 +0200] "GET /opensite.js HTTP/1.1" 200 1125 "http://www.zahnarztpraxis-berlin-pankow.de/intro.html" "Mozilla/4.0 (compatible; MSIE 8.0; Windows NT 5.1; Trident/5.0; .NET CLR 3.5.30729; .NET CLR 3.0.30729; SV1; .NET CLR 1.1.4325; .NET CLR 2.0.50727; .NET CLR 3.0.30729; .NET CLR 3.5.30707; MS-RTC LM 8)"
157.56.18.138 - - [26/Mar/2012:08:19:33 +0200] "GET /hattke.swf HTTP/1.1" 200 12042 "http://www.zahnarztpraxis-berlin-pankow.de/intro.html" "Mozilla/4.0 (compatible; MSIE 8.0; Windows NT 5.1; Trident/5.0; .NET CLR 3.5.30729; .NET CLR 3.0.30729; SV1; .NET CLR 1.1.4325; .NET CLR 2.0.50727; .NET CLR 3.0.30729; .NET CLR 3.5.30707; MS-RTC LM 8)"
157.56.18.138 - - [26/Mar/2012:08:19:35 +0200] "GET /diashow.swf HTTP/1.1" 200 311957 "http://www.zahnarztpraxis-berlin-pankow.de/hattke.swf" "Mozilla/4.0 (compatible; MSIE 8.0; Windows NT 5.1; Trident/5.0; .NET CLR 3.5.30729; .NET CLR 3.0.30729; SV1; .NET CLR 1.1.4325; .NET CLR 2.0.50727; .NET CLR 3.0.30729; .NET CLR 3.5.30707; MS-RTC LM 8)"
178.8.44.37 - - [26/Mar/2012:08:49:23 +0200] "GET / HTTP/1.1" 200 12977 "-" "Mozilla/5.0 (Macintosh; Intel Mac OS X 10.6; rv:11.0) Gecko/20100101 Firefox/11.0"
178.8.44.37 - - [26/Mar/2012:08:49:23 +0200] "GET /opensite.js HTTP/1.1" 200 1125 "http://www.zahnarztpraxis-berlin-pankow.de/" "Mozilla/5.0 (Macintosh; Intel Mac OS X 10.6; rv:11.0) Gecko/20100101 Firefox/11.0"
178.8.44.37 - - [26/Mar/2012:08:49:23 +0200] "GET /favicon.ico HTTP/1.1" 200 2550 "-" "Mozilla/5.0 (Macintosh; Intel Mac OS X 10.6; rv:11.0) Gecko/20100101 Firefox/11.0"
178.8.44.37 - - [26/Mar/2012:08:49:23 +0200] "GET /flashopen.js HTTP/1.1" 200 604 "http://www.zahnarztpraxis-berlin-pankow.de/" "Mozilla/5.0 (Macintosh; Intel Mac OS X 10.6; rv:11.0) Gecko/20100101 Firefox/11.0"
178.8.44.37 - - [26/Mar/2012:08:49:24 +0200] "GET /hattke.swf HTTP/1.1" 200 12042 "http://www.zahnarztpraxis-berlin-pankow.de/" "Mozilla/5.0 (Macintosh; Intel Mac OS X 10.6; rv:11.0) Gecko/20100101 Firefox/11.0"
178.8.44.37 - - [26/Mar/2012:08:49:24 +0200] "GET /diashow.swf HTTP/1.1" 200 311957 "-" "Mozilla/5.0 (Macintosh; Intel Mac OS X 10.6; rv:11.0) Gecko/20100101 Firefox/11.0"
80.232.193.178 - - [26/Mar/2012:10:31:59 +0200] "GET / HTTP/1.1" 200 12977 "-" "Mozilla/4.0 (compatible; MSIE 7.0; Windows NT 5.1; YPC 3.0.1; .NET CLR 1.1.4322; .NET CLR 2.0.50727)"
123.125.71.73 - - [26/Mar/2012:11:25:21 +0200] "GET /robots.txt HTTP/1.1" 200 24 "-" "Mozilla/5.0 (compatible; Baiduspider/2.0; +http://www.baidu.com/search/spider.html)"
87.193.171.233 - - [26/Mar/2012:12:05:50 +0200] "GET / HTTP/1.1" 200 12977 "http://www.gelbeseiten.de/yp/122//subscriberlist_search.yp?sessionDataString=H4sIAAAAAAAAAEWOzU7DMBCEnyanKJF3%2FRdrT21QAXFBVAJxqpzGaQJRWhzT0j49btOCJUsza8-p3AwUYhY1SWSGNzYRlmFlbyaxQxqB14FDENyELBlVFiMQTXIzB-pjC6Lrho7perf0%2FmuCN15%2FN03vlNF9InnyzKjfNk58733UAiRk6Hbly3brhEhivjO05WjWt751fDtu0CFcHb2o3O-pnVLNcTlLSa65PFS4Jwr-prpCPwDY7dAWaMc4oz0YLUHQATQXStOPxFyiYEBH4LkAkMzQCWhW-p7Sa2n7e2j4wevSud3s7nOiZ0Yu8oJdA5fQ14bOr0OUtFWd%2FUpf12ddnRa-pM3i6ABMup1FlMrfREfmc5UiOYRM0k55p-pAUa9RZOaAQAA&kindOfSearch=tradesearch&subject=Zahn%E4rztin+Dr.+Birgit+Kr%FCger&location=Berlin&distance=-1&execute=Suchen&suggest_choose=on" "Mozilla/5.0 (compatible; MSIE 9.0; Windows NT 6.1; Trident/5.0)"
66.249.72.136 - - [26/Mar/2012:12:20:14 +0200] "GET / HTTP/1.1" 200 12977 "-" "SAMSUNG-SGH-E250/1.0 Profile/MIDP-2.0 Configuration/CLDC-1.1 UP.Browser/6.2.3.3.c.1.101 (GUI) MMP/2.0 (compatible; Googlebot-Mobile/2.1; +http://www.google.com/bot.html)"
50.17.122.197 - - [26/Mar/2012:22:25:05 +0200] "GET / HTTP/1.0" 200 12977 "http://www.talkfusion-friends.com" "Mozilla/4.0 (compatible; MSIE 7.0; Windows NT 6.0; Trident/4.0)"
95.108.128.242 - - [27/Mar/2012:03:55:01 +0200] "GET /robots.txt HTTP/1.1" 200 24 "-" "Mozilla/5.0 (compatible; YandexBot/3.0; +http://yandex.com/bots)"
95.108.128.242 - - [27/Mar/2012:07:19:22 +0200] "GET / HTTP/1.1" 200 12977 "-" "Mozilla/5.0 (compatible; YandexBot/3.0; +http://yandex.com/bots)"
193.17.244.2 - - [27/Mar/2012:09:39:35 +0200] "GET / HTTP/1.1" 200 12977 "http://www.gelbeseiten.de/yp/122/search.yp?sessionDataString=H4sIAAAAAAAAAEWHsQ7CMAwFv4bRkt2kcS3v0BFRqYzISY1gQ0kW%2Fp5sSPd07-pgIBd1ygVJ4gSiYQdASeKA84DlZhuwmlJB1IpXvR-pNpOrdutTd%2Fdx9x2R7%2F1qVXO7y51fLSDqQr6hX1Nt6Oeh%2FisSdJmDnGyKI%2Fo-pCFNIcAAAA-e&at=yp&kindOfSearch=tradesearch&subject=Zahn%E4rzte&location=Berlin&x=33&y=13&distance=-1&execute=Suchen&suggest_choose=on&rz=122" "Mozilla/5.0 (Windows NT 5.1; rv:6.0) Gecko/20100101 Firefox/6.0"
212.87.36.146 - - [27/Mar/2012:11:52:02 +0200] "GET / HTTP/1.1" 200 12977 "http://www.google.de/url?sa=t&rct=j&q=zahnarzt%20berlin%20pankow&source=web&cd=5&sqi=2&ved=0CKYBEBYwBA&url=http%3A%2F%2Fwww.zahnarztpraxis-berlin-pankow.de%2F&ei=oo1xT7fvIMXIswbm6ejXDQ&usg=AFQjCNGhU0LSIXKAU9N4d8DNsS8g6WKbiA" "Mozilla/4.0 (compatible; MSIE 8.0; Windows NT 5.1; Trident/4.0; .NET CLR 2.0.50727; .NET CLR 1.1.4322; .NET CLR 3.0.4506.2152; .NET CLR 3.5.30729)"
212.87.36.146 - - [27/Mar/2012:11:52:02 +0200] "GET /opensite.js HTTP/1.1" 200 1125 "http://www.zahnarztpraxis-berlin-pankow.de/" "Mozilla/4.0 (compatible; MSIE 8.0; Windows NT 5.1; Trident/4.0; .NET CLR 2.0.50727; .NET CLR 1.1.4322; .NET CLR 3.0.4506.2152; .NET CLR 3.5.30729)"
212.87.36.146 - - [27/Mar/2012:11:52:02 +0200] "GET /flashopen.js HTTP/1.1" 200 604 "http://www.zahnarztpraxis-berlin-pankow.de/" "Mozilla/4.0 (compatible; MSIE 8.0; Windows NT 5.1; Trident/4.0; .NET CLR 2.0.50727; .NET CLR 1.1.4322; .NET CLR 3.0.4506.2152; .NET CLR 3.5.30729)"
212.87.36.146 - - [27/Mar/2012:11:52:02 +0200] "GET /hattke.swf HTTP/1.1" 200 12042 "http://www.zahnarztpraxis-berlin-pankow.de/" "Mozilla/4.0 (compatible; MSIE 8.0; Windows NT 5.1; Trident/4.0; .NET CLR 2.0.50727; .NET CLR 1.1.4322; .NET CLR 3.0.4506.2152; .NET CLR 3.5.30729)"
212.87.36.146 - - [27/Mar/2012:11:52:02 +0200] "GET /favicon.ico HTTP/1.1" 200 2550 "-" "Mozilla/4.0 (compatible; MSIE 8.0; Windows NT 5.1; Trident/4.0; .NET CLR 2.0.50727; .NET CLR 1.1.4322; .NET CLR 3.0.4506.2152; .NET CLR 3.5.30729)"
212.87.36.146 - - [27/Mar/2012:11:52:02 +0200] "GET /diashow.swf HTTP/1.1" 200 311957 "http://www.zahnarztpraxis-berlin-pankow.de/hattke.swf" "Mozilla/4.0 (compatible; MSIE 8.0; Windows NT 5.1; Trident/4.0; .NET CLR 2.0.50727; .NET CLR 1.1.4322; .NET CLR 3.0.4506.2152; .NET CLR 3.5.30729)"
93.219.148.88 - - [27/Mar/2012:12:07:46 +0200] "GET / HTTP/1.1" 200 12977 "http://www.google.de/url?sa=t&rct=j&q=&esrc=s&source=web&cd=1&ved=0CDoQFjAA&url=http%3A%2F%2Fwww.zahnarztpraxis-berlin-pankow.de%2F&ei=bJFxT5ncCtDZsgb-wJ37DQ&usg=AFQjCNGhU0LSIXKAU9N4d8DNsS8g6WKbiA&sig2=cF2vz06grM60C8lgN34yiw" "Mozilla/5.0 (Windows NT 6.1; WOW64; rv:11.0) Gecko/20100101 Firefox/11.0"
93.219.148.88 - - [27/Mar/2012:12:07:46 +0200] "GET /opensite.js HTTP/1.1" 200 1125 "http://www.zahnarztpraxis-berlin-pankow.de/" "Mozilla/5.0 (Windows NT 6.1; WOW64; rv:11.0) Gecko/20100101 Firefox/11.0"
93.219.148.88 - - [27/Mar/2012:12:07:46 +0200] "GET /flashopen.js HTTP/1.1" 200 604 "http://www.zahnarztpraxis-berlin-pankow.de/" "Mozilla/5.0 (Windows NT 6.1; WOW64; rv:11.0) Gecko/20100101 Firefox/11.0"
93.219.148.88 - - [27/Mar/2012:12:07:46 +0200] "GET /favicon.ico HTTP/1.1" 200 2550 "-" "Mozilla/5.0 (Windows NT 6.1; WOW64; rv:11.0) Gecko/20100101 Firefox/11.0"
93.219.148.88 - - [27/Mar/2012:12:07:46 +0200] "GET /hattke.swf HTTP/1.1" 200 12042 "http://www.zahnarztpraxis-berlin-pankow.de/" "Mozilla/5.0 (Windows NT 6.1; WOW64; rv:11.0) Gecko/20100101 Firefox/11.0"
93.219.148.88 - - [27/Mar/2012:12:07:46 +0200] "GET /diashow.swf HTTP/1.1" 200 311957 "-" "Mozilla/5.0 (Windows NT 6.1; WOW64; rv:11.0) Gecko/20100101 Firefox/11.0"
123.125.71.114 - - [27/Mar/2012:12:32:06 +0200] "GET /robots.txt HTTP/1.1" 200 24 "-" "Mozilla/5.0 (compatible; Baiduspider/2.0; +http://www.baidu.com/search/spider.html)"
79.226.39.11 - - [27/Mar/2012:14:23:46 +0200] "GET / HTTP/1.1" 200 12977 "http://www.google.de/url?sa=t&rct=j&q=zahnarzt%20berlin%20pankow%20privatpraxis&source=web&cd=1&ved=0CG0QFjAA&url=http%3A%2F%2Fwww.zahnarztpraxis-berlin-pankow.de%2F&ei=Q7FxT5_cEMTUsgbN4ZjXDQ&usg=AFQjCNGhU0LSIXKAU9N4d8DNsS8g6WKbiA&sig2=o8jBQQma_iA15oZAUyd9pA" "Mozilla/5.0 (Windows NT 6.1; WOW64; rv:11.0) Gecko/20100101 Firefox/11.0"
79.226.39.11 - - [27/Mar/2012:14:23:47 +0200] "GET /opensite.js HTTP/1.1" 200 1125 "http://www.zahnarztpraxis-berlin-pankow.de/" "Mozilla/5.0 (Windows NT 6.1; WOW64; rv:11.0) Gecko/20100101 Firefox/11.0"
79.226.39.11 - - [27/Mar/2012:14:23:47 +0200] "GET /favicon.ico HTTP/1.1" 200 2550 "-" "Mozilla/5.0 (Windows NT 6.1; WOW64; rv:11.0) Gecko/20100101 Firefox/11.0"
79.226.39.11 - - [27/Mar/2012:14:23:47 +0200] "GET /flashopen.js HTTP/1.1" 200 604 "http://www.zahnarztpraxis-berlin-pankow.de/" "Mozilla/5.0 (Windows NT 6.1; WOW64; rv:11.0) Gecko/20100101 Firefox/11.0"
79.226.39.11 - - [27/Mar/2012:14:23:47 +0200] "GET /hattke.swf HTTP/1.1" 200 12042 "http://www.zahnarztpraxis-berlin-pankow.de/" "Mozilla/5.0 (Windows NT 6.1; WOW64; rv:11.0) Gecko/20100101 Firefox/11.0"
79.226.39.11 - - [27/Mar/2012:14:23:47 +0200] "GET /diashow.swf HTTP/1.1" 200 311957 "-" "Mozilla/5.0 (Windows NT 6.1; WOW64; rv:11.0) Gecko/20100101 Firefox/11.0"
220.181.51.111 - - [27/Mar/2012:17:05:58 +0200] "GET / HTTP/1.1" 200 12977 "-" "Mozilla/5.0 (Windows NT 5.1; rv:6.0.2) Gecko/20100101 Firefox/6.0.2"
141.255.184.209 - - [27/Mar/2012:18:20:50 +0200] "GET / HTTP/1.1" 200 12977 "-" "Mozilla/5.0 (Windows; U; Windows NT 6.0; en-US; rv:1.9.0.6) Gecko/2009011913 Firefox/3.0.6 (.NET CLR 3.5.30729)"
78.140.185.32 - - [27/Mar/2012:23:36:31 +0200] "GET / HTTP/1.1" 200 12977 "-" "Mozilla/5.0 (X11; U; Linux x86_64; en-US; rv:1.9.2.16) Gecko/20110323 Ubuntu/10.10 (maverick) Firefox/3.6.16"
176.9.139.112 - - [28/Mar/2012:04:31:27 +0200] "GET /robots.txt HTTP/1.1" 200 24 "-" "Mozilla/5.0 (compatible; SISTRIX Crawler; http://crawler.sistrix.net/)"
176.9.139.112 - - [28/Mar/2012:04:31:27 +0200] "GET / HTTP/1.1" 200 12977 "-" "Mozilla/5.0 (compatible; SISTRIX Crawler; http://crawler.sistrix.net/)"
176.9.139.112 - - [28/Mar/2012:04:31:27 +0200] "GET /teledienst.html HTTP/1.1" 200 4588 "-" "Mozilla/5.0 (compatible; SISTRIX Crawler; http://crawler.sistrix.net/)"
217.69.134.91 - - [28/Mar/2012:15:26:46 +0200] "GET /robots.txt HTTP/1.0" 200 24 "-" "Mail.RU/2.0"
91.15.196.35 - - [28/Mar/2012:15:51:16 +0200] "GET / HTTP/1.1" 200 12977 "http://zaedno.eu/forums/kb.php?a=31&sid=8380d4d28ca97b383c39bbedb60198bd" "Mozilla/5.0 (Windows NT 5.1; rv:11.0) Gecko/20100101 Firefox/11.0"
91.15.196.35 - - [28/Mar/2012:15:51:16 +0200] "GET /opensite.js HTTP/1.1" 200 1125 "http://www.zahnarztpraxis-berlin-pankow.de/" "Mozilla/5.0 (Windows NT 5.1; rv:11.0) Gecko/20100101 Firefox/11.0"
91.15.196.35 - - [28/Mar/2012:15:51:16 +0200] "GET /favicon.ico HTTP/1.1" 200 2550 "-" "Mozilla/5.0 (Windows NT 5.1; rv:11.0) Gecko/20100101 Firefox/11.0"
91.15.196.35 - - [28/Mar/2012:15:51:16 +0200] "GET /flashopen.js HTTP/1.1" 200 604 "http://www.zahnarztpraxis-berlin-pankow.de/" "Mozilla/5.0 (Windows NT 5.1; rv:11.0) Gecko/20100101 Firefox/11.0"
91.15.196.35 - - [28/Mar/2012:15:51:16 +0200] "GET /hattke.swf HTTP/1.1" 200 12042 "http://www.zahnarztpraxis-berlin-pankow.de/" "Mozilla/5.0 (Windows NT 5.1; rv:11.0) Gecko/20100101 Firefox/11.0"
91.15.196.35 - - [28/Mar/2012:15:51:17 +0200] "GET /diashow.swf HTTP/1.1" 200 311957 "-" "Mozilla/5.0 (Windows NT 5.1; rv:11.0) Gecko/20100101 Firefox/11.0"
123.125.71.75 - - [28/Mar/2012:16:05:37 +0200] "GET /robots.txt HTTP/1.1" 200 24 "-" "Mozilla/5.0 (compatible; Baiduspider/2.0; +http://www.baidu.com/search/spider.html)"
207.46.13.208 - - [28/Mar/2012:18:35:10 +0200] "GET /robots.txt HTTP/1.1" 200 24 "-" "Mozilla/5.0 (compatible; bingbot/2.0; +http://www.bing.com/bingbot.htm)"
207.46.13.208 - - [28/Mar/2012:18:35:46 +0200] "GET / HTTP/1.1" 304 - "-" "Mozilla/5.0 (compatible; bingbot/2.0; +http://www.bing.com/bingbot.htm)"
91.213.91.155 - - [28/Mar/2012:22:07:37 +0200] "GET /robots.txt HTTP/1.0" 200 24 "-" "mahonie, neofonie search:robot/search:robot/0.0.1 (This is the MIA Bot - crawling for mia research project. If you feel unhappy and do not want to be visited by our crawler send an email to spider@neofonie.de; http://spider.neofonie.de; spider@neofonie.de)"
91.213.91.155 - - [28/Mar/2012:22:07:37 +0200] "GET / HTTP/1.0" 200 12977 "-" "mahonie, neofonie search:robot/search:robot/0.0.1 (This is the MIA Bot - crawling for mia research project. If you feel unhappy and do not want to be visited by our crawler send an email to spider@neofonie.de; http://spider.neofonie.de; spider@neofonie.de)"
207.46.13.208 - - [29/Mar/2012:00:20:31 +0200] "GET /robots.txt HTTP/1.1" 200 24 "-" "Mozilla/5.0 (compatible; bingbot/2.0; +http://www.bing.com/bingbot.htm)"
207.46.13.208 - - [29/Mar/2012:00:21:17 +0200] "GET / HTTP/1.1" 304 - "-" "Mozilla/5.0 (compatible; bingbot/2.0; +http://www.bing.com/bingbot.htm)"
75.142.203.86 - - [29/Mar/2012:00:25:21 +0200] "GET /robots.txt HTTP/1.0" 200 24 "-" "rmatie.com spider/Nutch-1.4"
75.142.203.86 - - [29/Mar/2012:00:25:21 +0200] "GET / HTTP/1.0" 200 12977 "-" "rmatie.com spider/Nutch-1.4"
193.71.162.34 - - [29/Mar/2012:06:13:19 +0200] "GET /robots.txt HTTP/1.0" 200 24 "-" "Mozilla/5.0 (compatible; MJ12bot/v1.4.2; http://www.majestic12.co.uk/bot.php?+)"
193.71.162.34 - - [29/Mar/2012:06:13:20 +0200] "GET / HTTP/1.1" 200 12977 "-" "Mozilla/5.0 (compatible; MJ12bot/v1.4.2; http://www.majestic12.co.uk/bot.php?+)"
123.125.71.83 - - [29/Mar/2012:09:06:05 +0200] "GET /robots.txt HTTP/1.1" 200 24 "-" "Mozilla/5.0 (compatible; Baiduspider/2.0; +http://www.baidu.com/search/spider.html)"
207.46.13.208 - - [29/Mar/2012:09:14:36 +0200] "GET /robots.txt HTTP/1.1" 200 24 "-" "Mozilla/5.0 (compatible; bingbot/2.0; +http://www.bing.com/bingbot.htm)"
207.46.13.208 - - [29/Mar/2012:09:15:23 +0200] "GET / HTTP/1.1" 304 - "-" "Mozilla/5.0 (compatible; bingbot/2.0; +http://www.bing.com/bingbot.htm)"
95.108.128.242 - - [29/Mar/2012:11:41:40 +0200] "GET /robots.txt HTTP/1.1" 200 24 "-" "Mozilla/5.0 (compatible; YandexBot/3.0; +http://yandex.com/bots)"
83.133.125.202 - - [29/Mar/2012:12:47:19 +0200] "GET / HTTP/1.1" 200 12977 "http://www.sumaja.de/?such_wert=zahnarzt" "T-Online Browser (Windows NT 6.1; de)"
213.205.42.1 - - [29/Mar/2012:16:25:40 +0200] "GET /robots.txt HTTP/1.1" 200 24 "-" "Mozilla/5.0 (compatible; IstellaBot/1.01.18 +http://www.tiscali.it/)"
213.205.42.1 - - [29/Mar/2012:16:25:45 +0200] "GET / HTTP/1.1" 200 12977 "-" "Mozilla/5.0 (compatible; IstellaBot/1.01.18 +http://www.tiscali.it/)"
95.108.128.242 - - [29/Mar/2012:16:54:59 +0200] "GET / HTTP/1.1" 200 12977 "-" "Mozilla/5.0 (compatible; YandexBot/3.0; +http://yandex.com/bots)"
213.205.42.1 - - [29/Mar/2012:17:50:50 +0200] "GET /robots.txt HTTP/1.1" 200 24 "-" "Mozilla/5.0 (compatible; IstellaBot/1.01.18 +http://www.tiscali.it/)"
213.205.42.1 - - [29/Mar/2012:17:50:55 +0200] "GET /teledienst.html HTTP/1.1" 200 4588 "-" "Mozilla/5.0 (compatible; IstellaBot/1.01.18 +http://www.tiscali.it/)"
178.20.94.142 - - [30/Mar/2012:09:40:30 +0200] "GET / HTTP/1.1" 200 12977 "http://www.google.de/url?sa=t&rct=j&q=prophylaxepraxen%20berlin&source=web&cd=21&ved=0CGgQFjAAOBQ&url=http%3A%2F%2Fwww.zahnarztpraxis-berlin-pankow.de%2F&ei=TWN1T6-gH8S1tAae74TEAw&usg=AFQjCNGhU0LSIXKAU9N4d8DNsS8g6WKbiA" "Mozilla/5.0 (Macintosh; Intel Mac OS X 10_7_3) AppleWebKit/534.55.3 (KHTML, like Gecko) Version/5.1.5 Safari/534.55.3"
178.20.94.142 - - [30/Mar/2012:09:40:30 +0200] "GET /opensite.js HTTP/1.1" 200 1125 "http://www.zahnarztpraxis-berlin-pankow.de/" "Mozilla/5.0 (Macintosh; Intel Mac OS X 10_7_3) AppleWebKit/534.55.3 (KHTML, like Gecko) Version/5.1.5 Safari/534.55.3"
178.20.94.142 - - [30/Mar/2012:09:40:30 +0200] "GET /flashopen.js HTTP/1.1" 200 604 "http://www.zahnarztpraxis-berlin-pankow.de/" "Mozilla/5.0 (Macintosh; Intel Mac OS X 10_7_3) AppleWebKit/534.55.3 (KHTML, like Gecko) Version/5.1.5 Safari/534.55.3"
178.20.94.142 - - [30/Mar/2012:09:40:31 +0200] "GET /favicon.ico HTTP/1.1" 200 2550 "http://www.zahnarztpraxis-berlin-pankow.de/" "Mozilla/5.0 (Macintosh; Intel Mac OS X 10_7_3) AppleWebKit/534.55.3 (KHTML, like Gecko) Version/5.1.5 Safari/534.55.3"
178.20.94.142 - - [30/Mar/2012:09:40:31 +0200] "GET /hattke.swf HTTP/1.1" 200 12042 "http://www.zahnarztpraxis-berlin-pankow.de/" "Mozilla/5.0 (Macintosh; Intel Mac OS X 10_7_3) AppleWebKit/534.55.3 (KHTML, like Gecko) Version/5.1.5 Safari/534.55.3"
178.20.94.142 - - [30/Mar/2012:09:40:32 +0200] "GET /diashow.swf HTTP/1.1" 200 311957 "http://www.zahnarztpraxis-berlin-pankow.de/" "Mozilla/5.0 (Macintosh; Intel Mac OS X 10_7_3) AppleWebKit/534.55.3 (KHTML, like Gecko) Version/5.1.5 Safari/534.55.3"
213.205.42.1 - - [30/Mar/2012:11:37:19 +0200] "GET /robots.txt HTTP/1.1" 200 24 "-" "Mozilla/5.0 (compatible; IstellaBot/1.01.18 +http://www.tiscali.it/)"
213.205.42.1 - - [30/Mar/2012:11:37:24 +0200] "GET /kontakt@kzv-berlin.de HTTP/1.1" 404 1256 "-" "Mozilla/5.0 (compatible; IstellaBot/1.01.18 +http://www.tiscali.it/)"
213.205.42.1 - - [30/Mar/2012:11:38:17 +0200] "GET /info@zaek-berlin.de HTTP/1.1" 404 1256 "-" "Mozilla/5.0 (compatible; IstellaBot/1.01.18 +http://www.tiscali.it/)"
