173.204.19.4 - - [01/Jun/2011:03:17:16 +0200] "GET /robots.txt HTTP/1.0" 200 24 "-" "-"
173.204.19.4 - - [01/Jun/2011:03:17:17 +0200] "GET / HTTP/1.1" 200 12977 "-" "FlightDeckReportsBot/2.0 (http://www.flightdeckreports.com/pages/bot)"
84.190.220.217 - - [01/Jun/2011:07:16:16 +0200] "GET /intro.html HTTP/1.1" 200 5170 "http://www.google.de/url?sa=t&source=web&cd=18&ved=0CEwQFjAHOAo&url=http%3A%2F%2Fwww.zahnarztpraxis-berlin-pankow.de%2Fintro.html&rct=j&q=Roumiana%20Hattke&ei=GcvlTZynG8r2sgaDssj-Bw&usg=AFQjCNFyIP-APaGkBUHn0zTmoUtkP72mRA" "Mozilla/5.0 (Windows; U; Windows NT 5.1; de; rv:1.9.2.3) Gecko/20100401 Firefox/3.6.3"
84.190.220.217 - - [01/Jun/2011:07:16:16 +0200] "GET /favicon.ico HTTP/1.1" 200 2550 "-" "Mozilla/5.0 (Windows; U; Windows NT 5.1; de; rv:1.9.2.3) Gecko/20100401 Firefox/3.6.3"
84.190.220.217 - - [01/Jun/2011:07:16:16 +0200] "GET /opensite.js HTTP/1.1" 200 1125 "http://www.zahnarztpraxis-berlin-pankow.de/intro.html" "Mozilla/5.0 (Windows; U; Windows NT 5.1; de; rv:1.9.2.3) Gecko/20100401 Firefox/3.6.3"
84.190.220.217 - - [01/Jun/2011:07:16:16 +0200] "GET /hattke.swf HTTP/1.1" 200 12042 "http://www.zahnarztpraxis-berlin-pankow.de/intro.html" "Mozilla/5.0 (Windows; U; Windows NT 5.1; de; rv:1.9.2.3) Gecko/20100401 Firefox/3.6.3"
84.190.220.217 - - [01/Jun/2011:07:16:17 +0200] "GET /diashow.swf HTTP/1.1" 200 311957 "-" "Mozilla/5.0 (Windows; U; Windows NT 5.1; de; rv:1.9.2.3) Gecko/20100401 Firefox/3.6.3"
84.190.220.217 - - [01/Jun/2011:07:17:19 +0200] "GET /teledienst.html HTTP/1.1" 200 4588 "http://www.zahnarztpraxis-berlin-pankow.de/intro.html" "Mozilla/5.0 (Windows; U; Windows NT 5.1; de; rv:1.9.2.3) Gecko/20100401 Firefox/3.6.3"
87.159.182.23 - - [01/Jun/2011:10:39:12 +0200] "GET / HTTP/1.1" 200 12977 "-" "Mozilla/5.0 (Windows; U; Windows NT 5.1; de; rv:1.9.0.10) Gecko/2009042316 Firefox/3.0.10"
87.159.182.23 - - [01/Jun/2011:10:39:15 +0200] "GET /teledienst.html HTTP/1.1" 200 4588 "-" "Mozilla/5.0 (Windows; U; Windows NT 5.1; de; rv:1.9.0.10) Gecko/2009042316 Firefox/3.0.10"
87.159.182.23 - - [01/Jun/2011:10:39:18 +0200] "GET /teledienst.html HTTP/1.1" 200 4588 "-" "Java/1.6.0_12"
173.204.19.12 - - [02/Jun/2011:05:48:41 +0200] "GET /robots.txt HTTP/1.1" 200 24 "-" "FlightDeckReportsBot/2.0 (http://www.flightdeckreports.com/pages/bot)"
173.204.19.12 - - [02/Jun/2011:05:48:42 +0200] "GET / HTTP/1.1" 200 12977 "-" "FlightDeckReportsBot/2.0 (http://www.flightdeckreports.com/pages/bot)"
66.235.124.17 - - [02/Jun/2011:15:40:30 +0200] "GET /robots.txt HTTP/1.1" 200 24 "-" "Mozilla/5.0 (compatible; Ask Jeeves/Teoma; +http://about.ask.com/en/docs/about/webmasters.shtml)"
66.235.124.17 - - [02/Jun/2011:15:40:31 +0200] "GET / HTTP/1.1" 200 12977 "-" "Mozilla/5.0 (compatible; Ask Jeeves/Teoma; +http://about.ask.com/en/docs/about/webmasters.shtml)"
66.249.72.218 - - [02/Jun/2011:16:29:04 +0200] "GET /robots.txt HTTP/1.1" 200 24 "-" "Mozilla/5.0 (compatible; Googlebot/2.1; +http://www.google.com/bot.html)"
66.249.72.218 - - [02/Jun/2011:16:29:04 +0200] "GET /sitemap.xml HTTP/1.1" 200 796 "-" "Mozilla/5.0 (compatible; Googlebot/2.1; +http://www.google.com/bot.html)"
84.148.100.210 - - [02/Jun/2011:22:30:33 +0200] "GET / HTTP/1.1" 200 12977 "http://www.google.de/url?sa=t&source=web&cd=3&sqi=2&ved=0CC0QFjAC&url=http%3A%2F%2Fwww.zahnarztpraxis-berlin-pankow.de%2F&rct=j&q=romiana%20und%20reyk%20hattke&ei=1PLnTafyAsGj-gbu2eWyAQ&usg=AFQjCNGhU0LSIXKAU9N4d8DNsS8g6WKbiA" "Mozilla/4.0 (compatible; MSIE 8.0; Windows NT 5.1; Trident/4.0; GTB6.6; .NET CLR 1.1.4322; .NET CLR 2.0.50727; .NET CLR 3.0.4506.2152; .NET CLR 3.5.30729)"
84.148.100.210 - - [02/Jun/2011:22:30:33 +0200] "GET /opensite.js HTTP/1.1" 200 1125 "http://www.zahnarztpraxis-berlin-pankow.de/" "Mozilla/4.0 (compatible; MSIE 8.0; Windows NT 5.1; Trident/4.0; GTB6.6; .NET CLR 1.1.4322; .NET CLR 2.0.50727; .NET CLR 3.0.4506.2152; .NET CLR 3.5.30729)"
84.148.100.210 - - [02/Jun/2011:22:30:33 +0200] "GET /flashopen.js HTTP/1.1" 200 604 "http://www.zahnarztpraxis-berlin-pankow.de/" "Mozilla/4.0 (compatible; MSIE 8.0; Windows NT 5.1; Trident/4.0; GTB6.6; .NET CLR 1.1.4322; .NET CLR 2.0.50727; .NET CLR 3.0.4506.2152; .NET CLR 3.5.30729)"
84.148.100.210 - - [02/Jun/2011:22:30:34 +0200] "GET /hattke.swf HTTP/1.1" 200 12042 "http://www.zahnarztpraxis-berlin-pankow.de/" "Mozilla/4.0 (compatible; MSIE 8.0; Windows NT 5.1; Trident/4.0; GTB6.6; .NET CLR 1.1.4322; .NET CLR 2.0.50727; .NET CLR 3.0.4506.2152; .NET CLR 3.5.30729)"
84.148.100.210 - - [02/Jun/2011:22:30:34 +0200] "GET /favicon.ico HTTP/1.1" 200 2550 "-" "Mozilla/4.0 (compatible; MSIE 8.0; Windows NT 5.1; Trident/4.0; GTB6.6; .NET CLR 1.1.4322; .NET CLR 2.0.50727; .NET CLR 3.0.4506.2152; .NET CLR 3.5.30729)"
84.148.100.210 - - [02/Jun/2011:22:30:34 +0200] "GET /diashow.swf HTTP/1.1" 200 311957 "http://www.zahnarztpraxis-berlin-pankow.de/hattke.swf" "Mozilla/4.0 (compatible; MSIE 8.0; Windows NT 5.1; Trident/4.0; GTB6.6; .NET CLR 1.1.4322; .NET CLR 2.0.50727; .NET CLR 3.0.4506.2152; .NET CLR 3.5.30729)"
83.133.125.202 - - [03/Jun/2011:03:34:40 +0200] "GET / HTTP/1.1" 200 12977 "http://www.bigfinder.de/" "T-Online Browser"
46.4.95.140 - - [03/Jun/2011:13:03:18 +0200] "GET /robots.txt HTTP/1.0" 200 24 "-" "Mozilla/5.0 (compatible; webkicks-Robot +http://www.webkicks.de)"
83.133.125.202 - - [03/Jun/2011:13:13:34 +0200] "GET / HTTP/1.1" 200 12977 "http://www.bigfinder.de/" "Mozilla/4.0 (compatible; MSIE 7.0; Windows NT 6.0; GTB6; SLCC1; .NET CLR 2.0.50727; Media Center PC 5.0; eSobiSubscriber 2.0.4.16; .NET CLR 3.5.30729; .NET CLR 3.0.30729; .NET4.0C)"
46.4.95.140 - - [03/Jun/2011:13:13:41 +0200] "GET / HTTP/1.0" 200 12977 "-" "Mozilla/5.0 (compatible; webkicks-Robot +http://www.webkicks.de)"
83.133.125.202 - - [03/Jun/2011:13:16:22 +0200] "GET / HTTP/1.1" 200 12977 "http://www.bigfinder.de/" "Mozilla/5.0 (Windows; U; Windows NT 5.1; de; rv:1.9.0.12) Gecko/2009070611 Firefox/3.0.12 GTB7.1 (.NET CLR 3.5.30729)"
46.4.95.140 - - [03/Jun/2011:13:17:59 +0200] "GET /favicon.ico HTTP/1.0" 200 2550 "http://www.zahnarztpraxis-berlin-pankow.de/" "Mozilla/5.0 (compatible; webkicks-Robot +http://www.webkicks.de)"
67.195.112.176 - - [03/Jun/2011:13:18:14 +0200] "GET /robots.txt HTTP/1.0" 200 24 "-" "Mozilla/5.0 (compatible; Yahoo! Slurp; http://help.yahoo.com/help/us/ysearch/slurp)"
67.195.112.176 - - [03/Jun/2011:13:18:14 +0200] "GET / HTTP/1.0" 200 12977 "-" "Mozilla/5.0 (compatible; Yahoo! Slurp; http://help.yahoo.com/help/us/ysearch/slurp)"
46.4.95.140 - - [03/Jun/2011:13:22:44 +0200] "GET /opensite.js HTTP/1.0" 200 1125 "http://www.zahnarztpraxis-berlin-pankow.de/" "Mozilla/5.0 (compatible; webkicks-Robot +http://www.webkicks.de)"
46.4.95.140 - - [03/Jun/2011:13:27:08 +0200] "GET /flashopen.js HTTP/1.0" 200 604 "http://www.zahnarztpraxis-berlin-pankow.de/" "Mozilla/5.0 (compatible; webkicks-Robot +http://www.webkicks.de)"
46.4.95.140 - - [03/Jun/2011:13:32:07 +0200] "GET /teledienst.html HTTP/1.0" 200 4588 "http://www.zahnarztpraxis-berlin-pankow.de/" "Mozilla/5.0 (compatible; webkicks-Robot +http://www.webkicks.de)"
77.188.16.137 - - [03/Jun/2011:14:14:59 +0200] "GET / HTTP/1.1" 200 12977 "http://www.zahnarztpraxen.net/details.php?id=5223" "Mozilla/5.0 (Windows NT 6.0; rv:2.0.1) Gecko/20100101 Firefox/4.0.1"
77.188.16.137 - - [03/Jun/2011:14:14:59 +0200] "GET /opensite.js HTTP/1.1" 200 1125 "http://www.zahnarztpraxis-berlin-pankow.de/" "Mozilla/5.0 (Windows NT 6.0; rv:2.0.1) Gecko/20100101 Firefox/4.0.1"
77.188.16.137 - - [03/Jun/2011:14:14:59 +0200] "GET /flashopen.js HTTP/1.1" 200 604 "http://www.zahnarztpraxis-berlin-pankow.de/" "Mozilla/5.0 (Windows NT 6.0; rv:2.0.1) Gecko/20100101 Firefox/4.0.1"
77.188.16.137 - - [03/Jun/2011:14:14:59 +0200] "GET /favicon.ico HTTP/1.1" 200 2550 "-" "Mozilla/5.0 (Windows NT 6.0; rv:2.0.1) Gecko/20100101 Firefox/4.0.1"
77.188.16.137 - - [03/Jun/2011:14:14:59 +0200] "GET /hattke.swf HTTP/1.1" 200 12042 "http://www.zahnarztpraxis-berlin-pankow.de/" "Mozilla/5.0 (Windows NT 6.0; rv:2.0.1) Gecko/20100101 Firefox/4.0.1"
77.188.16.137 - - [03/Jun/2011:14:14:59 +0200] "GET /diashow.swf HTTP/1.1" 200 311957 "-" "Mozilla/5.0 (Windows NT 6.0; rv:2.0.1) Gecko/20100101 Firefox/4.0.1"
66.249.71.58 - - [03/Jun/2011:20:59:19 +0200] "GET /robots.txt HTTP/1.1" 200 24 "-" "Mozilla/5.0 (compatible; Googlebot/2.1; +http://www.google.com/bot.html)"
66.249.71.58 - - [03/Jun/2011:20:59:19 +0200] "GET /index_alt.html HTTP/1.1" 304 - "-" "Mozilla/5.0 (compatible; Googlebot/2.1; +http://www.google.com/bot.html)"
208.77.41.82 - - [04/Jun/2011:03:28:17 +0200] "GET /robots.txt HTTP/1.0" 200 24 "-" "Mozilla/5.0 (compatible; MJ12bot/v1.3.3; http://www.majestic12.co.uk/bot.php?+)"
208.77.41.82 - - [04/Jun/2011:03:28:23 +0200] "GET / HTTP/1.1" 200 12977 "-" "Mozilla/5.0 (compatible; MJ12bot/v1.3.3; http://www.majestic12.co.uk/bot.php?+)"
66.249.71.58 - - [04/Jun/2011:08:31:58 +0200] "GET /callback.html HTTP/1.1" 200 3272 "-" "Mozilla/5.0 (compatible; Googlebot/2.1; +http://www.google.com/bot.html)"
125.116.71.124 - - [05/Jun/2011:07:41:54 +0200] "GET / HTTP/1.0" 200 12977 "-" "Wget/1.11.4 Red Hat modified"
119.235.237.20 - - [05/Jun/2011:12:42:42 +0200] "GET /robots.txt HTTP/1.1" 200 24 "-" "Yeti/1.0 (NHN Corp.; http://help.naver.com/robots/)"
119.235.237.20 - - [05/Jun/2011:12:42:43 +0200] "GET / HTTP/1.1" 200 12977 "-" "Yeti/1.0 (NHN Corp.; http://help.naver.com/robots/)"
85.176.97.78 - - [05/Jun/2011:14:14:12 +0200] "HEAD /robots.txt HTTP/1.1" 206 - "-" "Toplistbot"
85.176.97.78 - - [05/Jun/2011:14:14:13 +0200] "GET /robots.txt HTTP/1.1" 206 24 "-" "Toplistbot"
85.176.97.78 - - [05/Jun/2011:14:14:13 +0200] "GET / HTTP/1.1" 206 12977 "-" "Toplistbot"
85.176.97.78 - - [05/Jun/2011:14:14:13 +0200] "GET /favicon.ico HTTP/1.1" 206 2550 "-" "Toplistbot"
66.235.124.17 - - [05/Jun/2011:18:08:34 +0200] "GET /robots.txt HTTP/1.1" 200 24 "-" "Mozilla/5.0 (compatible; Ask Jeeves/Teoma; +http://about.ask.com/en/docs/about/webmasters.shtml)"
66.235.124.17 - - [05/Jun/2011:18:08:34 +0200] "GET / HTTP/1.1" 200 12977 "-" "Mozilla/5.0 (compatible; Ask Jeeves/Teoma; +http://about.ask.com/en/docs/about/webmasters.shtml)"
213.186.122.3 - - [05/Jun/2011:21:47:15 +0200] "GET /robots.txt HTTP/1.1" 200 24 "-" "Mozilla/5.0 (compatible; SiteBot/0.1; +http://www.sitebot.org/robot/)"
213.186.122.3 - - [05/Jun/2011:21:47:16 +0200] "GET /teledienst.html HTTP/1.1" 200 4588 "-" "Mozilla/5.0 (compatible; SiteBot/0.1; +http://www.sitebot.org/robot/)"
220.231.27.130 - - [06/Jun/2011:00:34:43 +0200] "GET / HTTP/1.1" 200 12977 "-" "Mozilla/4.0 (compatible; MSIE 6.0; Windows NT 5.0; SV1; .NET CLR 1.1.4322; InfoPath.2; .NET CLR 2.0.50727; .NET CLR 3.0.04506.648; .NET CLR 3.5.21022)"
220.231.27.130 - - [06/Jun/2011:00:34:45 +0200] "GET /opensite.js HTTP/1.1" 200 1125 "-" "Mozilla/4.0 (compatible; MSIE 6.0; Windows NT 5.0; SV1; .NET CLR 1.1.4322; InfoPath.2; .NET CLR 2.0.50727; .NET CLR 3.0.04506.648; .NET CLR 3.5.21022)"
220.231.27.130 - - [06/Jun/2011:00:34:45 +0200] "GET /flashopen.js HTTP/1.1" 200 604 "-" "Mozilla/4.0 (compatible; MSIE 6.0; Windows NT 5.0; SV1; .NET CLR 1.1.4322; InfoPath.2; .NET CLR 2.0.50727; .NET CLR 3.0.04506.648; .NET CLR 3.5.21022)"
216.145.5.42 - - [06/Jun/2011:07:47:10 +0200] "GET /robots.txt HTTP/1.0" 200 24 "-" "Mozilla/5.0 (Windows; U; Windows NT 5.1; en; rv:1.9.0.13) Gecko/2009073022 Firefox/3.5.2 (.NET CLR 3.5.30729) SurveyBot/2.3 (DomainTools)"
216.145.5.42 - - [06/Jun/2011:07:47:11 +0200] "GET / HTTP/1.1" 200 12977 "http://whois.domaintools.com/zahnarztpraxis-berlin-pankow.de" "Mozilla/5.0 (Windows; U; Windows NT 5.1; en; rv:1.9.0.13) Gecko/2009073022 Firefox/3.5.2 (.NET CLR 3.5.30729) SurveyBot/2.3 (DomainTools)"
65.111.171.90 - - [06/Jun/2011:14:37:12 +0200] "GET /robots.txt HTTP/1.0" 200 24 "-" "Gigabot/3.0 (http://www.gigablast.com/spider.html)"
65.111.171.90 - - [06/Jun/2011:14:37:13 +0200] "GET / HTTP/1.0" 200 12977 "-" "Gigabot/3.0 (http://www.gigablast.com/spider.html)"
67.195.112.176 - - [06/Jun/2011:16:09:40 +0200] "GET /robots.txt HTTP/1.0" 200 24 "-" "Mozilla/5.0 (compatible; Yahoo! Slurp; http://help.yahoo.com/help/us/ysearch/slurp)"
67.195.112.176 - - [06/Jun/2011:16:09:40 +0200] "GET /teledienst.html HTTP/1.0" 200 4588 "-" "Mozilla/5.0 (compatible; Yahoo! Slurp; http://help.yahoo.com/help/us/ysearch/slurp)"
38.111.147.84 - - [06/Jun/2011:16:25:20 +0200] "GET /robots.txt HTTP/1.0" 200 24 "-" "TurnitinBot/2.1 (http://www.turnitin.com/robot/crawlerinfo.html)"
38.111.147.84 - - [06/Jun/2011:16:25:25 +0200] "GET / HTTP/1.0" 200 12977 "-" "TurnitinBot/2.1 (http://www.turnitin.com/robot/crawlerinfo.html)"
216.104.15.130 - - [06/Jun/2011:18:39:33 +0200] "GET / HTTP/1.0" 200 12977 "-" "Mozilla/4.0 (compatible; MSIE 6.0; Windows NT 5.1)"
83.133.125.202 - - [06/Jun/2011:21:02:27 +0200] "GET / HTTP/1.1" 200 12977 "http://www.bigfinder.de/" "Mozilla/4.0 (compatible; MSIE 8.0; Windows NT 6.0; Trident/4.0; GTB0.0; SLCC1; .NET CLR 2.0.50727; Media Center PC 5.0; .NET CLR 3.5.30729; .NET CLR 3.0.30729; .NET4.0C)"
83.133.125.202 - - [06/Jun/2011:21:02:47 +0200] "GET / HTTP/1.1" 200 12977 "http://www.bigfinder.de/" "Mozilla/4.0 (compatible; MSIE 8.0; Windows NT 6.0; Trident/4.0; GTB0.0; SLCC1; .NET CLR 2.0.50727; Media Center PC 5.0; .NET CLR 3.5.30729; .NET CLR 3.0.30729; .NET4.0C)"
83.133.125.202 - - [06/Jun/2011:21:04:22 +0200] "GET / HTTP/1.1" 200 12977 "http://www.bigfinder.de/" "Mozilla/5.0 (Windows; U; Windows NT 5.1; de; rv:1.9.0.12) Gecko/2009070611 Firefox/3.0.12 GTB7.1 (.NET CLR 3.5.30729)"
83.133.125.202 - - [06/Jun/2011:21:04:47 +0200] "GET / HTTP/1.1" 200 12977 "http://www.bigfinder.de/" "Mozilla/4.0 (compatible; MSIE 8.0; Windows NT 6.0; Trident/4.0; GTB0.0; SLCC1; .NET CLR 2.0.50727; Media Center PC 5.0; .NET CLR 3.5.30729; .NET CLR 3.0.30729; .NET4.0C)"
81.169.145.25 - - [06/Jun/2011:21:59:05 +0200] "GET / HTTP/1.0" 200 12977 "-" "-"
93.219.123.199 - - [07/Jun/2011:04:05:57 +0200] "GET /robots.txt HTTP/1.0" 200 24 "-" "Mozilla/5.0 (compatible; MJ12bot/v1.3.3; http://www.majestic12.co.uk/bot.php?+)"
93.219.123.199 - - [07/Jun/2011:04:05:58 +0200] "GET / HTTP/1.0" 200 12977 "-" "Mozilla/5.0 (compatible; MJ12bot/v1.3.3; http://www.majestic12.co.uk/bot.php?+)"
184.73.74.249 - - [07/Jun/2011:04:06:35 +0200] "GET / HTTP/1.0" 200 12977 "-" "Mozilla/5.0 (compatible; NetcraftSurveyAgent/1.0; +info@netcraft.com)"
87.187.191.39 - - [07/Jun/2011:09:02:40 +0200] "GET / HTTP/1.1" 200 12977 "-" "Mozilla/5.0 (Windows NT 5.1; rv:2.0.1) Gecko/20100101 Firefox/4.0.1"
87.187.191.39 - - [07/Jun/2011:09:02:40 +0200] "GET /opensite.js HTTP/1.1" 200 1125 "http://www.zahnarztpraxis-berlin-pankow.de/" "Mozilla/5.0 (Windows NT 5.1; rv:2.0.1) Gecko/20100101 Firefox/4.0.1"
87.187.191.39 - - [07/Jun/2011:09:02:40 +0200] "GET /favicon.ico HTTP/1.1" 200 2550 "-" "Mozilla/5.0 (Windows NT 5.1; rv:2.0.1) Gecko/20100101 Firefox/4.0.1"
87.187.191.39 - - [07/Jun/2011:09:02:41 +0200] "GET /flashopen.js HTTP/1.1" 200 604 "http://www.zahnarztpraxis-berlin-pankow.de/" "Mozilla/5.0 (Windows NT 5.1; rv:2.0.1) Gecko/20100101 Firefox/4.0.1"
87.187.191.39 - - [07/Jun/2011:09:02:41 +0200] "GET /hattke.swf HTTP/1.1" 200 12042 "http://www.zahnarztpraxis-berlin-pankow.de/" "Mozilla/5.0 (Windows NT 5.1; rv:2.0.1) Gecko/20100101 Firefox/4.0.1"
87.187.191.39 - - [07/Jun/2011:09:02:41 +0200] "GET /diashow.swf HTTP/1.1" 200 311957 "-" "Mozilla/5.0 (Windows NT 5.1; rv:2.0.1) Gecko/20100101 Firefox/4.0.1"
85.25.71.15 - - [07/Jun/2011:14:44:44 +0200] "GET / HTTP/1.1" 200 12977 "-" "Mozilla/5.0 (X11; U; Linux i686; en-US; rv:1.9.0.1) Gecko/2008070206 Firefox/3.0.1"
85.25.71.15 - - [07/Jun/2011:14:44:44 +0200] "GET /teledienst.html HTTP/1.1" 200 4588 "-" "Mozilla/5.0 (X11; U; Linux i686; en-US; rv:1.9.0.1) Gecko/2008070206 Firefox/3.0.1"
87.122.125.22 - - [07/Jun/2011:15:21:50 +0200] "GET / HTTP/1.1" 200 12977 "http://www.google.de/url?sa=t&source=web&cd=4&ved=0CD4QFjAD&url=http%3A%2F%2Fwww.zahnarztpraxis-berlin-pankow.de%2F&rct=j&q=zahnarztpraxis%20berlin%20pankow&ei=5SXuTb_NJI_HsgbS8u34Aw&usg=AFQjCNGhU0LSIXKAU9N4d8DNsS8g6WKbiA" "Mozilla/5.0 (compatible; MSIE 9.0; Windows NT 6.1; Trident/5.0)"
87.122.125.22 - - [07/Jun/2011:15:21:50 +0200] "GET /opensite.js HTTP/1.1" 200 1125 "http://www.zahnarztpraxis-berlin-pankow.de/" "Mozilla/5.0 (compatible; MSIE 9.0; Windows NT 6.1; Trident/5.0)"
87.122.125.22 - - [07/Jun/2011:15:21:50 +0200] "GET /opensite.js HTTP/1.1" 200 1125 "http://www.zahnarztpraxis-berlin-pankow.de/" "Mozilla/5.0 (compatible; MSIE 9.0; Windows NT 6.1; Trident/5.0)"
87.122.125.22 - - [07/Jun/2011:15:21:50 +0200] "GET /flashopen.js HTTP/1.1" 200 604 "http://www.zahnarztpraxis-berlin-pankow.de/" "Mozilla/5.0 (compatible; MSIE 9.0; Windows NT 6.1; Trident/5.0)"
87.122.125.22 - - [07/Jun/2011:15:21:51 +0200] "GET /hattke.swf HTTP/1.1" 200 12042 "http://www.zahnarztpraxis-berlin-pankow.de/" "Mozilla/5.0 (compatible; MSIE 9.0; Windows NT 6.1; Trident/5.0)"
87.122.125.22 - - [07/Jun/2011:15:21:51 +0200] "GET /favicon.ico HTTP/1.1" 200 2550 "-" "Mozilla/5.0 (compatible; MSIE 9.0; Windows NT 6.1; Trident/5.0)"
87.122.125.22 - - [07/Jun/2011:15:21:51 +0200] "GET /diashow.swf HTTP/1.1" 200 311957 "http://www.zahnarztpraxis-berlin-pankow.de/hattke.swf" "Mozilla/5.0 (compatible; MSIE 9.0; Windows NT 6.1; Trident/5.0)"
67.195.115.51 - - [08/Jun/2011:00:01:29 +0200] "GET /robots.txt HTTP/1.0" 200 24 "-" "Mozilla/5.0 (compatible; Yahoo! Slurp; http://help.yahoo.com/help/us/ysearch/slurp)"
67.195.115.51 - - [08/Jun/2011:00:01:29 +0200] "GET / HTTP/1.0" 200 12977 "-" "Mozilla/5.0 (compatible; Yahoo! Slurp; http://help.yahoo.com/help/us/ysearch/slurp)"
66.249.72.218 - - [08/Jun/2011:04:09:13 +0200] "GET /robots.txt HTTP/1.1" 200 24 "-" "Mozilla/5.0 (compatible; Googlebot/2.1; +http://www.google.com/bot.html)"
66.249.72.218 - - [08/Jun/2011:04:09:13 +0200] "GET /sitemap.xml HTTP/1.1" 200 796 "-" "Mozilla/5.0 (compatible; Googlebot/2.1; +http://www.google.com/bot.html)"
91.37.176.93 - - [08/Jun/2011:11:00:46 +0200] "GET / HTTP/1.1" 200 12977 "http://www.med-kolleg.de/arzt/zahnarzt/10460.html" "Mozilla/5.0 (Windows; U; Windows NT 5.1; de; rv:1.9.2.9) Gecko/20100824 Firefox/3.6.9"
91.37.176.93 - - [08/Jun/2011:11:00:46 +0200] "GET /opensite.js HTTP/1.1" 200 1125 "http://www.zahnarztpraxis-berlin-pankow.de/" "Mozilla/5.0 (Windows; U; Windows NT 5.1; de; rv:1.9.2.9) Gecko/20100824 Firefox/3.6.9"
91.37.176.93 - - [08/Jun/2011:11:00:47 +0200] "GET /favicon.ico HTTP/1.1" 200 2550 "-" "Mozilla/5.0 (Windows; U; Windows NT 5.1; de; rv:1.9.2.9) Gecko/20100824 Firefox/3.6.9"
91.37.176.93 - - [08/Jun/2011:11:00:47 +0200] "GET /flashopen.js HTTP/1.1" 200 604 "http://www.zahnarztpraxis-berlin-pankow.de/" "Mozilla/5.0 (Windows; U; Windows NT 5.1; de; rv:1.9.2.9) Gecko/20100824 Firefox/3.6.9"
91.37.176.93 - - [08/Jun/2011:11:00:47 +0200] "GET /hattke.swf HTTP/1.1" 200 12042 "http://www.zahnarztpraxis-berlin-pankow.de/" "Mozilla/5.0 (Windows; U; Windows NT 5.1; de; rv:1.9.2.9) Gecko/20100824 Firefox/3.6.9"
91.37.176.93 - - [08/Jun/2011:11:00:48 +0200] "GET /diashow.swf HTTP/1.1" 200 311957 "-" "Mozilla/5.0 (Windows; U; Windows NT 5.1; de; rv:1.9.2.9) Gecko/20100824 Firefox/3.6.9"
66.249.72.218 - - [08/Jun/2011:17:55:34 +0200] "GET /callback.html HTTP/1.1" 200 3272 "-" "Mozilla/5.0 (compatible; Googlebot/2.1; +http://www.google.com/bot.html)"
88.80.205.163 - - [08/Jun/2011:18:54:57 +0200] "GET /robots.txt HTTP/1.1" 200 24 "-" "Mozilla/4.0 (compatible; MSIE 5.01; Windows NT 5.0)"
88.80.205.163 - - [08/Jun/2011:18:54:57 +0200] "GET / HTTP/1.1" 200 12977 "-" "Mozilla/4.0 (compatible; MSIE 5.01; Windows NT 5.0)"
50.19.30.5 - - [09/Jun/2011:01:40:56 +0200] "GET / HTTP/1.1" 200 12977 "-" "Mozilla/5.0 (Windows; U; Windows NT 6.0; en-US; rv:1.9.2.3) Gecko/20100401 Firefox/3.6.3 GTB6 (.NET CLR 3.5.30729)"
66.235.124.17 - - [09/Jun/2011:17:48:23 +0200] "GET /robots.txt HTTP/1.1" 200 24 "-" "Mozilla/5.0 (compatible; Ask Jeeves/Teoma; +http://about.ask.com/en/docs/about/webmasters.shtml)"
66.235.124.17 - - [09/Jun/2011:17:48:24 +0200] "GET / HTTP/1.1" 200 12977 "-" "Mozilla/5.0 (compatible; Ask Jeeves/Teoma; +http://about.ask.com/en/docs/about/webmasters.shtml)"
69.64.46.16 - - [09/Jun/2011:18:02:03 +0200] "GET /robots.txt HTTP/1.0" 200 24 "-" "-"
66.249.72.218 - - [09/Jun/2011:21:01:09 +0200] "GET /robots.txt HTTP/1.1" 200 24 "-" "Mozilla/5.0 (compatible; Googlebot/2.1; +http://www.google.com/bot.html)"
66.249.66.69 - - [09/Jun/2011:21:01:09 +0200] "GET / HTTP/1.1" 200 12977 "-" "Mozilla/5.0 (compatible; Googlebot/2.1; +http://www.google.com/bot.html)"
92.231.224.217 - - [09/Jun/2011:22:16:15 +0200] "GET / HTTP/1.1" 200 12977 "http://www.google.de/url?sa=t&source=web&cd=1&sqi=2&ved=0CBkQFjAA&url=http%3A%2F%2Fwww.zahnarztpraxis-berlin-pankow.de%2F&rct=j&q=Roumiana&ei=CirxTdzONoPdsgbt962IBw&usg=AFQjCNGhU0LSIXKAU9N4d8DNsS8g6WKbiA" "Mozilla/5.0 (Windows; U; Windows NT 6.1; de; rv:1.9.2.10) Gecko/20100914 Firefox/3.6.10"
92.231.224.217 - - [09/Jun/2011:22:16:15 +0200] "GET /opensite.js HTTP/1.1" 200 1125 "http://www.zahnarztpraxis-berlin-pankow.de/" "Mozilla/5.0 (Windows; U; Windows NT 6.1; de; rv:1.9.2.10) Gecko/20100914 Firefox/3.6.10"
92.231.224.217 - - [09/Jun/2011:22:16:15 +0200] "GET /favicon.ico HTTP/1.1" 200 2550 "-" "Mozilla/5.0 (Windows; U; Windows NT 6.1; de; rv:1.9.2.10) Gecko/20100914 Firefox/3.6.10"
92.231.224.217 - - [09/Jun/2011:22:16:15 +0200] "GET /flashopen.js HTTP/1.1" 200 604 "http://www.zahnarztpraxis-berlin-pankow.de/" "Mozilla/5.0 (Windows; U; Windows NT 6.1; de; rv:1.9.2.10) Gecko/20100914 Firefox/3.6.10"
92.231.224.217 - - [09/Jun/2011:22:16:15 +0200] "GET /hattke.swf HTTP/1.1" 200 12042 "http://www.zahnarztpraxis-berlin-pankow.de/" "Mozilla/5.0 (Windows; U; Windows NT 6.1; de; rv:1.9.2.10) Gecko/20100914 Firefox/3.6.10"
92.231.224.217 - - [09/Jun/2011:22:16:15 +0200] "GET /diashow.swf HTTP/1.1" 200 311957 "-" "Mozilla/5.0 (Windows; U; Windows NT 6.1; de; rv:1.9.2.10) Gecko/20100914 Firefox/3.6.10"
66.249.67.87 - - [10/Jun/2011:02:07:35 +0200] "GET /robots.txt HTTP/1.1" 200 24 "-" "Mozilla/5.0 (compatible; Googlebot/2.1; +http://www.google.com/bot.html)"
66.249.67.87 - - [10/Jun/2011:02:07:36 +0200] "GET /google6cbc7c57957fae22.html HTTP/1.1" 200 - "-" "Mozilla/5.0 (compatible; Googlebot/2.1; +http://www.google.com/bot.html)"
66.249.67.87 - - [10/Jun/2011:02:07:36 +0200] "GET /noexist_6cbc7c57957fae22.html HTTP/1.1" 404 1256 "-" "Mozilla/5.0 (compatible; Googlebot/2.1; +http://www.google.com/bot.html)"
87.159.202.133 - - [10/Jun/2011:04:45:10 +0200] "GET / HTTP/1.1" 200 12977 "-" "Mozilla/5.0 (compatible; MJ12bot/v1.3.3; http://www.majestic12.co.uk/bot.php?+)"
208.131.25.68 - - [10/Jun/2011:10:31:57 +0200] "GET / HTTP/1.1" 200 12977 "-" "Mozilla/5.0 (Macintosh; U; PPC Mac OS X 10_4_11; en) AppleWebKit/525.18 (KHTML, like Gecko) Version/3.1.1 Safari/525.18"
208.131.25.68 - - [10/Jun/2011:10:31:58 +0200] "GET /opensite.js HTTP/1.1" 200 1125 "http://www.zahnarztpraxis-berlin-pankow.de/" "Mozilla/5.0 (Macintosh; U; PPC Mac OS X 10_4_11; en) AppleWebKit/525.18 (KHTML, like Gecko) Version/3.1.1 Safari/525.18"
208.131.25.68 - - [10/Jun/2011:10:31:58 +0200] "GET /flashopen.js HTTP/1.1" 200 604 "http://www.zahnarztpraxis-berlin-pankow.de/" "Mozilla/5.0 (Macintosh; U; PPC Mac OS X 10_4_11; en) AppleWebKit/525.18 (KHTML, like Gecko) Version/3.1.1 Safari/525.18"
208.131.25.68 - - [10/Jun/2011:10:31:58 +0200] "GET /hattke.swf HTTP/1.1" 200 12042 "http://www.zahnarztpraxis-berlin-pankow.de/" "Mozilla/5.0 (Macintosh; U; PPC Mac OS X 10_4_11; en) AppleWebKit/525.18 (KHTML, like Gecko) Version/3.1.1 Safari/525.18"
208.131.25.68 - - [10/Jun/2011:10:32:01 +0200] "GET /diashow.swf HTTP/1.1" 200 311957 "http://www.zahnarztpraxis-berlin-pankow.de/" "Mozilla/5.0 (Macintosh; U; PPC Mac OS X 10_4_11; en) AppleWebKit/525.18 (KHTML, like Gecko) Version/3.1.1 Safari/525.18"
91.64.30.255 - - [10/Jun/2011:12:54:20 +0200] "GET / HTTP/1.1" 200 12977 "http://www.google.de/" "Mozilla/4.0 (compatible; MSIE 7.0; Windows NT 5.1; Trident/4.0; .NET CLR 2.0.50727; .NET CLR 3.0.4506.2152; .NET CLR 3.5.30729)"
91.64.30.255 - - [10/Jun/2011:12:54:21 +0200] "GET /opensite.js HTTP/1.1" 200 1125 "http://www.zahnarztpraxis-berlin-pankow.de/" "Mozilla/4.0 (compatible; MSIE 8.0; Windows NT 5.1; Trident/4.0; .NET CLR 2.0.50727; .NET CLR 3.0.4506.2152; .NET CLR 3.5.30729)"
91.64.30.255 - - [10/Jun/2011:12:54:21 +0200] "GET /flashopen.js HTTP/1.1" 200 604 "http://www.zahnarztpraxis-berlin-pankow.de/" "Mozilla/4.0 (compatible; MSIE 8.0; Windows NT 5.1; Trident/4.0; .NET CLR 2.0.50727; .NET CLR 3.0.4506.2152; .NET CLR 3.5.30729)"
91.64.30.255 - - [10/Jun/2011:12:54:21 +0200] "GET /hattke.swf HTTP/1.1" 200 12042 "http://www.zahnarztpraxis-berlin-pankow.de/" "Mozilla/4.0 (compatible; MSIE 8.0; Windows NT 5.1; Trident/4.0; .NET CLR 2.0.50727; .NET CLR 3.0.4506.2152; .NET CLR 3.5.30729)"
91.64.30.255 - - [10/Jun/2011:12:54:21 +0200] "GET /favicon.ico HTTP/1.1" 200 2550 "-" "Mozilla/4.0 (compatible; MSIE 8.0; Windows NT 5.1; Trident/4.0; .NET CLR 2.0.50727; .NET CLR 3.0.4506.2152; .NET CLR 3.5.30729)"
91.64.30.255 - - [10/Jun/2011:12:54:21 +0200] "GET /diashow.swf HTTP/1.1" 200 311957 "http://www.zahnarztpraxis-berlin-pankow.de/hattke.swf" "Mozilla/4.0 (compatible; MSIE 8.0; Windows NT 5.1; Trident/4.0; .NET CLR 2.0.50727; .NET CLR 3.0.4506.2152; .NET CLR 3.5.30729)"
95.108.158.134 - - [11/Jun/2011:00:35:07 +0200] "GET /robots.txt HTTP/1.1" 200 24 "-" "Mozilla/5.0 (compatible; YandexBot/3.0; +http://yandex.com/bots)"
95.108.158.134 - - [11/Jun/2011:00:49:25 +0200] "GET / HTTP/1.1" 200 12977 "-" "Mozilla/5.0 (compatible; YandexBot/3.0; +http://yandex.com/bots)"
94.32.105.190 - - [11/Jun/2011:02:15:01 +0200] "GET /robots.txt HTTP/1.0" 200 24 "-" "TestNutch/Nutch-1.2 (testing Nutch; http://nutch.apache.org; info@nutch.apache.org)"
94.32.105.190 - - [11/Jun/2011:02:15:01 +0200] "GET / HTTP/1.0" 200 12977 "-" "TestNutch/Nutch-1.2 (testing Nutch; http://nutch.apache.org; info@nutch.apache.org)"
66.249.72.218 - - [11/Jun/2011:10:46:10 +0200] "GET /robots.txt HTTP/1.1" 200 24 "-" "SAMSUNG-SGH-E250/1.0 Profile/MIDP-2.0 Configuration/CLDC-1.1 UP.Browser/6.2.3.3.c.1.101 (GUI) MMP/2.0 (compatible; Googlebot-Mobile/2.1; +http://www.google.com/bot.html)"
66.249.72.218 - - [11/Jun/2011:10:46:10 +0200] "GET / HTTP/1.1" 200 12977 "-" "SAMSUNG-SGH-E250/1.0 Profile/MIDP-2.0 Configuration/CLDC-1.1 UP.Browser/6.2.3.3.c.1.101 (GUI) MMP/2.0 (compatible; Googlebot-Mobile/2.1; +http://www.google.com/bot.html)"
46.4.95.140 - - [11/Jun/2011:13:08:56 +0200] "GET /robots.txt HTTP/1.0" 200 24 "-" "Mozilla/5.0 (compatible; webkicks-Robot +http://www.webkicks.de)"
46.4.95.140 - - [11/Jun/2011:13:19:15 +0200] "GET / HTTP/1.0" 200 12977 "-" "Mozilla/5.0 (compatible; webkicks-Robot +http://www.webkicks.de)"
46.4.95.140 - - [11/Jun/2011:13:23:29 +0200] "GET /favicon.ico HTTP/1.0" 200 2550 "http://www.zahnarztpraxis-berlin-pankow.de/" "Mozilla/5.0 (compatible; webkicks-Robot +http://www.webkicks.de)"
46.4.95.140 - - [11/Jun/2011:13:28:02 +0200] "GET /opensite.js HTTP/1.0" 200 1125 "http://www.zahnarztpraxis-berlin-pankow.de/" "Mozilla/5.0 (compatible; webkicks-Robot +http://www.webkicks.de)"
46.4.95.140 - - [11/Jun/2011:13:32:34 +0200] "GET /flashopen.js HTTP/1.0" 200 604 "http://www.zahnarztpraxis-berlin-pankow.de/" "Mozilla/5.0 (compatible; webkicks-Robot +http://www.webkicks.de)"
46.4.95.140 - - [11/Jun/2011:13:37:21 +0200] "GET /teledienst.html HTTP/1.0" 200 4588 "http://www.zahnarztpraxis-berlin-pankow.de/" "Mozilla/5.0 (compatible; webkicks-Robot +http://www.webkicks.de)"
88.198.56.142 - - [11/Jun/2011:15:19:39 +0200] "GET /robots.txt HTTP/1.0" 200 24 "-" "Tagvillage Crawler/Nutch-1.2"
88.198.56.142 - - [11/Jun/2011:15:19:39 +0200] "GET / HTTP/1.0" 200 12977 "-" "Tagvillage Crawler/Nutch-1.2"
66.249.72.218 - - [11/Jun/2011:15:48:08 +0200] "GET /diashow.swf HTTP/1.1" 200 311957 "-" "Mozilla/5.0 (compatible; Googlebot/2.1; +http://www.google.com/bot.html)"
91.37.143.52 - - [11/Jun/2011:18:34:51 +0200] "GET / HTTP/1.1" 200 12977 "http://www.klicktel.de/branchenbuch/reyk-hattke-und-roumiana-hattke-gemeinschaftspraxis,berlin,4617500,QKXWJNNW6FAD07.html" "Mozilla/5.0 (Macintosh; Intel Mac OS X 10.6; rv:2.0.1) Gecko/20100101 Firefox/4.0.1"
91.37.143.52 - - [11/Jun/2011:18:34:51 +0200] "GET /opensite.js HTTP/1.1" 200 1125 "http://www.zahnarztpraxis-berlin-pankow.de/" "Mozilla/5.0 (Macintosh; Intel Mac OS X 10.6; rv:2.0.1) Gecko/20100101 Firefox/4.0.1"
91.37.143.52 - - [11/Jun/2011:18:34:51 +0200] "GET /favicon.ico HTTP/1.1" 200 2550 "-" "Mozilla/5.0 (Macintosh; Intel Mac OS X 10.6; rv:2.0.1) Gecko/20100101 Firefox/4.0.1"
91.37.143.52 - - [11/Jun/2011:18:34:51 +0200] "GET /flashopen.js HTTP/1.1" 200 604 "http://www.zahnarztpraxis-berlin-pankow.de/" "Mozilla/5.0 (Macintosh; Intel Mac OS X 10.6; rv:2.0.1) Gecko/20100101 Firefox/4.0.1"
91.37.143.52 - - [11/Jun/2011:18:34:54 +0200] "GET /hattke.swf HTTP/1.1" 200 12042 "http://www.zahnarztpraxis-berlin-pankow.de/" "Mozilla/5.0 (Macintosh; Intel Mac OS X 10.6; rv:2.0.1) Gecko/20100101 Firefox/4.0.1"
91.37.143.52 - - [11/Jun/2011:18:34:54 +0200] "GET /diashow.swf HTTP/1.1" 200 311957 "-" "Mozilla/5.0 (Macintosh; Intel Mac OS X 10.6; rv:2.0.1) Gecko/20100101 Firefox/4.0.1"
91.64.27.214 - - [11/Jun/2011:21:52:00 +0200] "GET / HTTP/1.1" 200 12977 "http://www.google.de/search?q=Z%C3%84+Roumiana+Hattke&ie=utf-8&oe=utf-8&aq=t&rls=org.mozilla:de:official&client=firefox-a" "Mozilla/5.0 (Windows NT 6.0; rv:2.0.1) Gecko/20100101 Firefox/4.0.1"
91.64.27.214 - - [11/Jun/2011:21:52:00 +0200] "GET /opensite.js HTTP/1.1" 200 1125 "http://www.zahnarztpraxis-berlin-pankow.de/" "Mozilla/5.0 (Windows NT 6.0; rv:2.0.1) Gecko/20100101 Firefox/4.0.1"
91.64.27.214 - - [11/Jun/2011:21:52:00 +0200] "GET /favicon.ico HTTP/1.1" 200 2550 "-" "Mozilla/5.0 (Windows NT 6.0; rv:2.0.1) Gecko/20100101 Firefox/4.0.1"
91.64.27.214 - - [11/Jun/2011:21:52:00 +0200] "GET /flashopen.js HTTP/1.1" 200 604 "http://www.zahnarztpraxis-berlin-pankow.de/" "Mozilla/5.0 (Windows NT 6.0; rv:2.0.1) Gecko/20100101 Firefox/4.0.1"
91.64.27.214 - - [11/Jun/2011:21:52:00 +0200] "GET /hattke.swf HTTP/1.1" 200 12042 "http://www.zahnarztpraxis-berlin-pankow.de/" "Mozilla/5.0 (Windows NT 6.0; rv:2.0.1) Gecko/20100101 Firefox/4.0.1"
91.64.27.214 - - [11/Jun/2011:21:52:00 +0200] "GET /diashow.swf HTTP/1.1" 200 311957 "-" "Mozilla/5.0 (Windows NT 6.0; rv:2.0.1) Gecko/20100101 Firefox/4.0.1"
109.45.0.17 - - [12/Jun/2011:05:25:07 +0200] "GET /intro.html HTTP/1.1" 200 5170 "http://www.google.de/search?q=Hattke+Zahnarzt+Hauptstra%C3%9Fe+20+Berlin&ie=UTF-8&oe=UTF-8&hl=de&client=safari" "Mozilla/5.0 (iPhone; U; CPU iPhone OS 4_3_3 like Mac OS X; de-de) AppleWebKit/533.17.9 (KHTML, like Gecko) Version/5.0.2 Mobile/8J2 Safari/6533.18.5"
109.45.0.17 - - [12/Jun/2011:05:25:08 +0200] "GET /opensite.js HTTP/1.1" 200 1125 "http://www.zahnarztpraxis-berlin-pankow.de/intro.html" "Mozilla/5.0 (iPhone; U; CPU iPhone OS 4_3_3 like Mac OS X; de-de) AppleWebKit/533.17.9 (KHTML, like Gecko) Version/5.0.2 Mobile/8J2 Safari/6533.18.5"
109.45.0.17 - - [12/Jun/2011:05:25:24 +0200] "GET /intro.html HTTP/1.1" 304 - "http://www.google.de/search?q=Hattke+Zahnarzt+Hauptstra%C3%9Fe+20+Berlin&ie=UTF-8&oe=UTF-8&hl=de&client=safari" "Mozilla/5.0 (iPhone; U; CPU iPhone OS 4_3_3 like Mac OS X; de-de) AppleWebKit/533.17.9 (KHTML, like Gecko) Version/5.0.2 Mobile/8J2 Safari/6533.18.5"
109.45.0.17 - - [12/Jun/2011:05:25:25 +0200] "GET /opensite.js HTTP/1.1" 304 - "http://www.zahnarztpraxis-berlin-pankow.de/intro.html" "Mozilla/5.0 (iPhone; U; CPU iPhone OS 4_3_3 like Mac OS X; de-de) AppleWebKit/533.17.9 (KHTML, like Gecko) Version/5.0.2 Mobile/8J2 Safari/6533.18.5"
83.133.125.202 - - [12/Jun/2011:07:22:49 +0200] "GET / HTTP/1.1" 200 12977 "http://www.bigfinder.de/" "Mozilla/4.0 (compatible; MSIE 7.0; Windows NT 5.1)"
83.133.125.202 - - [12/Jun/2011:07:22:49 +0200] "GET / HTTP/1.0" 200 12977 "-" "-"
83.133.125.202 - - [12/Jun/2011:07:22:49 +0200] "GET / HTTP/1.0" 200 12977 "-" "-"
83.133.125.202 - - [12/Jun/2011:07:25:43 +0200] "GET / HTTP/1.1" 200 12977 "http://www.bigfinder.de/" "Mozilla/4.0 (compatible; MSIE 8.0; Windows NT 6.1; Trident/4.0; SLCC2; .NET CLR 2.0.50727; .NET CLR 3.5.30729; .NET CLR 3.0.30729; Media Center PC 6.0)"
83.133.125.202 - - [12/Jun/2011:07:26:29 +0200] "GET / HTTP/1.1" 200 12977 "http://www.bigfinder.de/" "T-Online Browser (Windows NT 6.1; de)"
79.194.58.201 - - [12/Jun/2011:09:10:07 +0200] "GET / HTTP/1.1" 200 12977 "http://suche.t-online.de/fast-cgi/tsc?q=hattke+za+berlin&encQuery=hattke+za&lang=any&adtest=&mandant=toi&device=html&dia=suche&context=internet-tab&tpc=internet&ptl=std&classification=internet-tab_internet_std&plug_id=&start=0&num=10&ocr=yes&language=&q_opt=&q_not=&pageSection=&searchSite=&excludeSite=&comprisedLink=&src=&tax=&sort=&sortdir=&wh=500&cr=&sb=top&more=none&x=48&y=15" "Mozilla/4.0 (compatible; MSIE 8.0; Windows NT 5.1; Trident/4.0; GTB6; .NET CLR 1.1.4322; InfoPath.1; .NET CLR 2.0.50727; .NET CLR 3.0.04506.30; .NET CLR 3.0.4506.2152; .NET CLR 3.5.30729; OfficeLiveConnector.1.4; OfficeLivePatch.1.3)"
79.194.58.201 - - [12/Jun/2011:09:10:07 +0200] "GET /flashopen.js HTTP/1.1" 200 604 "http://www.zahnarztpraxis-berlin-pankow.de/" "Mozilla/4.0 (compatible; MSIE 8.0; Windows NT 5.1; Trident/4.0; GTB6; .NET CLR 1.1.4322; InfoPath.1; .NET CLR 2.0.50727; .NET CLR 3.0.04506.30; .NET CLR 3.0.4506.2152; .NET CLR 3.5.30729; OfficeLiveConnector.1.4; OfficeLivePatch.1.3)"
79.194.58.201 - - [12/Jun/2011:09:10:07 +0200] "GET /opensite.js HTTP/1.1" 200 1125 "http://www.zahnarztpraxis-berlin-pankow.de/" "Mozilla/4.0 (compatible; MSIE 8.0; Windows NT 5.1; Trident/4.0; GTB6; .NET CLR 1.1.4322; InfoPath.1; .NET CLR 2.0.50727; .NET CLR 3.0.04506.30; .NET CLR 3.0.4506.2152; .NET CLR 3.5.30729; OfficeLiveConnector.1.4; OfficeLivePatch.1.3)"
79.194.58.201 - - [12/Jun/2011:09:10:08 +0200] "GET /favicon.ico HTTP/1.1" 200 2550 "-" "Mozilla/4.0 (compatible; MSIE 8.0; Windows NT 5.1; Trident/4.0; GTB6; .NET CLR 1.1.4322; InfoPath.1; .NET CLR 2.0.50727; .NET CLR 3.0.04506.30; .NET CLR 3.0.4506.2152; .NET CLR 3.5.30729; OfficeLiveConnector.1.4; OfficeLivePatch.1.3)"
79.194.58.201 - - [12/Jun/2011:09:10:08 +0200] "GET /hattke.swf HTTP/1.1" 200 12042 "http://www.zahnarztpraxis-berlin-pankow.de/" "Mozilla/4.0 (compatible; MSIE 8.0; Windows NT 5.1; Trident/4.0; GTB6; .NET CLR 1.1.4322; InfoPath.1; .NET CLR 2.0.50727; .NET CLR 3.0.04506.30; .NET CLR 3.0.4506.2152; .NET CLR 3.5.30729; OfficeLiveConnector.1.4; OfficeLivePatch.1.3)"
79.194.58.201 - - [12/Jun/2011:09:10:09 +0200] "GET /diashow.swf HTTP/1.1" 200 311957 "http://www.zahnarztpraxis-berlin-pankow.de/hattke.swf" "Mozilla/4.0 (compatible; MSIE 8.0; Windows NT 5.1; Trident/4.0; GTB6; .NET CLR 1.1.4322; InfoPath.1; .NET CLR 2.0.50727; .NET CLR 3.0.04506.30; .NET CLR 3.0.4506.2152; .NET CLR 3.5.30729; OfficeLiveConnector.1.4; OfficeLivePatch.1.3)"
67.195.115.51 - - [12/Jun/2011:11:29:00 +0200] "GET /robots.txt HTTP/1.0" 200 24 "-" "Mozilla/5.0 (compatible; Yahoo! Slurp; http://help.yahoo.com/help/us/ysearch/slurp)"
67.195.115.51 - - [12/Jun/2011:11:29:00 +0200] "GET / HTTP/1.0" 200 12977 "-" "Mozilla/5.0 (compatible; Yahoo! Slurp; http://help.yahoo.com/help/us/ysearch/slurp)"
67.195.115.51 - - [12/Jun/2011:11:57:55 +0200] "GET /index_alt.html HTTP/1.0" 200 2254 "-" "Mozilla/5.0 (compatible; Yahoo! Slurp; http://help.yahoo.com/help/us/ysearch/slurp)"
92.231.196.18 - - [12/Jun/2011:12:32:46 +0200] "GET / HTTP/1.1" 200 12977 "http://www.google.de/url?sa=t&source=web&cd=4&ved=0CCsQFjAD&url=http%3A%2F%2Fwww.zahnarztpraxis-berlin-pankow.de%2F&rct=j&q=ZA%20Reyk%20Hattke&ei=ypX0Tc-TJ5H5sgbf9ujEBg&usg=AFQjCNGhU0LSIXKAU9N4d8DNsS8g6WKbiA" "Mozilla/5.0 (Windows NT 5.1) AppleWebKit/534.30 (KHTML, like Gecko) Chrome/12.0.742.91 Safari/534.30"
92.231.196.18 - - [12/Jun/2011:12:32:46 +0200] "GET /opensite.js HTTP/1.1" 200 1125 "http://www.zahnarztpraxis-berlin-pankow.de/" "Mozilla/5.0 (Windows NT 5.1) AppleWebKit/534.30 (KHTML, like Gecko) Chrome/12.0.742.91 Safari/534.30"
92.231.196.18 - - [12/Jun/2011:12:32:46 +0200] "GET /flashopen.js HTTP/1.1" 200 604 "http://www.zahnarztpraxis-berlin-pankow.de/" "Mozilla/5.0 (Windows NT 5.1) AppleWebKit/534.30 (KHTML, like Gecko) Chrome/12.0.742.91 Safari/534.30"
92.231.196.18 - - [12/Jun/2011:12:32:46 +0200] "GET /hattke.swf HTTP/1.1" 200 12042 "http://www.zahnarztpraxis-berlin-pankow.de/" "Mozilla/5.0 (Windows NT 5.1) AppleWebKit/534.30 (KHTML, like Gecko) Chrome/12.0.742.91 Safari/534.30"
92.231.196.18 - - [12/Jun/2011:12:32:47 +0200] "GET /favicon.ico HTTP/1.1" 200 2550 "-" "Mozilla/5.0 (Windows NT 5.1) AppleWebKit/534.30 (KHTML, like Gecko) Chrome/12.0.742.91 Safari/534.30"
92.231.196.18 - - [12/Jun/2011:12:32:47 +0200] "GET /diashow.swf HTTP/1.1" 200 311957 "http://www.zahnarztpraxis-berlin-pankow.de/hattke.swf" "Mozilla/5.0 (Windows NT 5.1) AppleWebKit/534.30 (KHTML, like Gecko) Chrome/12.0.742.91 Safari/534.30"
92.231.196.18 - - [12/Jun/2011:12:36:41 +0200] "GET /plan.swf HTTP/1.1" 200 27838 "http://www.zahnarztpraxis-berlin-pankow.de/hattke.swf" "Mozilla/5.0 (Windows NT 5.1) AppleWebKit/534.30 (KHTML, like Gecko) Chrome/12.0.742.91 Safari/534.30"
46.4.95.140 - - [12/Jun/2011:13:30:11 +0200] "GET /robots.txt HTTP/1.0" 200 24 "-" "Mozilla/5.0 (compatible; webkicks-Robot +http://www.webkicks.de)"
46.4.95.140 - - [12/Jun/2011:13:40:25 +0200] "GET / HTTP/1.0" 200 12977 "-" "Mozilla/5.0 (compatible; webkicks-Robot +http://www.webkicks.de)"
46.4.95.140 - - [12/Jun/2011:13:44:49 +0200] "GET /favicon.ico HTTP/1.0" 200 2550 "http://www.zahnarztpraxis-berlin-pankow.de/" "Mozilla/5.0 (compatible; webkicks-Robot +http://www.webkicks.de)"
46.4.95.140 - - [12/Jun/2011:13:49:30 +0200] "GET /opensite.js HTTP/1.0" 200 1125 "http://www.zahnarztpraxis-berlin-pankow.de/" "Mozilla/5.0 (compatible; webkicks-Robot +http://www.webkicks.de)"
46.4.95.140 - - [12/Jun/2011:13:53:54 +0200] "GET /flashopen.js HTTP/1.0" 200 604 "http://www.zahnarztpraxis-berlin-pankow.de/" "Mozilla/5.0 (compatible; webkicks-Robot +http://www.webkicks.de)"
46.4.95.140 - - [12/Jun/2011:13:59:12 +0200] "GET /teledienst.html HTTP/1.0" 200 4588 "http://www.zahnarztpraxis-berlin-pankow.de/" "Mozilla/5.0 (compatible; webkicks-Robot +http://www.webkicks.de)"
66.235.124.17 - - [12/Jun/2011:14:58:20 +0200] "GET /robots.txt HTTP/1.1" 200 24 "-" "Mozilla/5.0 (compatible; Ask Jeeves/Teoma; +http://about.ask.com/en/docs/about/webmasters.shtml)"
66.235.124.17 - - [12/Jun/2011:14:58:20 +0200] "GET / HTTP/1.1" 200 12977 "-" "Mozilla/5.0 (compatible; Ask Jeeves/Teoma; +http://about.ask.com/en/docs/about/webmasters.shtml)"
79.226.41.247 - - [12/Jun/2011:16:57:55 +0200] "GET / HTTP/1.1" 200 12977 "http://www.google.de/url?sa=t&source=web&cd=1&sqi=2&ved=0CDIQoAIwAA&url=http%3A%2F%2Fwww.zahnarztpraxis-berlin-pankow.de%2F&rct=j&q=zahnarzt%20in%20pankow%20hauptstrasse%2020&ei=y9P0TZvgNY7WsgbY_em3Bg&usg=AFQjCNGhU0LSIXKAU9N4d8DNsS8g6WKbiA" "Mozilla/5.0 (Macintosh; U; Intel Mac OS X 10_5_8; de-de) AppleWebKit/533.20.25 (KHTML, like Gecko) Version/5.0.4 Safari/533.20.27"
79.226.41.247 - - [12/Jun/2011:16:57:55 +0200] "GET /opensite.js HTTP/1.1" 200 1125 "http://www.zahnarztpraxis-berlin-pankow.de/" "Mozilla/5.0 (Macintosh; U; Intel Mac OS X 10_5_8; de-de) AppleWebKit/533.20.25 (KHTML, like Gecko) Version/5.0.4 Safari/533.20.27"
79.226.41.247 - - [12/Jun/2011:16:57:55 +0200] "GET /flashopen.js HTTP/1.1" 200 604 "http://www.zahnarztpraxis-berlin-pankow.de/" "Mozilla/5.0 (Macintosh; U; Intel Mac OS X 10_5_8; de-de) AppleWebKit/533.20.25 (KHTML, like Gecko) Version/5.0.4 Safari/533.20.27"
79.226.41.247 - - [12/Jun/2011:16:58:00 +0200] "GET /hattke.swf HTTP/1.1" 200 12042 "http://www.zahnarztpraxis-berlin-pankow.de/" "Mozilla/5.0 (Macintosh; U; Intel Mac OS X 10_5_8; de-de) AppleWebKit/533.20.25 (KHTML, like Gecko) Version/5.0.4 Safari/533.20.27"
79.226.41.247 - - [12/Jun/2011:16:58:00 +0200] "GET /favicon.ico HTTP/1.1" 200 2550 "http://www.zahnarztpraxis-berlin-pankow.de/" "Mozilla/5.0 (Macintosh; U; Intel Mac OS X 10_5_8; de-de) AppleWebKit/533.20.25 (KHTML, like Gecko) Version/5.0.4 Safari/533.20.27"
79.226.41.247 - - [12/Jun/2011:16:58:00 +0200] "GET /diashow.swf HTTP/1.1" 200 311957 "http://www.zahnarztpraxis-berlin-pankow.de/" "Mozilla/5.0 (Macintosh; U; Intel Mac OS X 10_5_8; de-de) AppleWebKit/533.20.25 (KHTML, like Gecko) Version/5.0.4 Safari/533.20.27"
66.249.72.218 - - [12/Jun/2011:21:39:53 +0200] "GET /robots.txt HTTP/1.1" 200 24 "-" "Mozilla/5.0 (compatible; Googlebot/2.1; +http://www.google.com/bot.html)"
66.249.72.218 - - [12/Jun/2011:21:39:53 +0200] "GET /teledienst.html HTTP/1.1" 200 4588 "-" "Mozilla/5.0 (compatible; Googlebot/2.1; +http://www.google.com/bot.html)"
207.46.204.179 - - [12/Jun/2011:22:59:52 +0200] "GET /robots.txt HTTP/1.1" 200 24 "-" "Mozilla/5.0 (compatible; bingbot/2.0; +http://www.bing.com/bingbot.htm)"
207.46.204.179 - - [12/Jun/2011:23:00:42 +0200] "GET / HTTP/1.1" 304 - "-" "Mozilla/5.0 (compatible; bingbot/2.0; +http://www.bing.com/bingbot.htm)"
66.249.72.218 - - [13/Jun/2011:04:15:21 +0200] "GET /diashow.swf HTTP/1.1" 200 311957 "-" "Mozilla/5.0 (compatible; Googlebot/2.1; +http://www.google.com/bot.html)"
66.249.72.218 - - [13/Jun/2011:04:15:50 +0200] "GET /hattke.swf HTTP/1.1" 200 12042 "-" "Mozilla/5.0 (compatible; Googlebot/2.1; +http://www.google.com/bot.html)"
66.249.72.218 - - [13/Jun/2011:04:15:52 +0200] "GET /plan.swf HTTP/1.1" 200 27838 "-" "Mozilla/5.0 (compatible; Googlebot/2.1; +http://www.google.com/bot.html)"
188.65.178.159 - - [13/Jun/2011:05:55:07 +0200] "GET /robots.txt HTTP/1.1" 200 24 "-" "Mozilla/5.0 (compatible; MJ12bot/v1.3.3; http://www.majestic12.co.uk/bot.php?+)"
188.65.178.159 - - [13/Jun/2011:05:55:08 +0200] "GET / HTTP/1.1" 200 12977 "-" "Mozilla/5.0 (compatible; MJ12bot/v1.3.3; http://www.majestic12.co.uk/bot.php?+)"
85.25.71.15 - - [13/Jun/2011:06:49:30 +0200] "GET / HTTP/1.1" 200 12977 "-" "Mozilla/5.0 (X11; U; Linux i686; en-US; rv:1.9.0.1) Gecko/2008070206 Firefox/3.0.1"
85.25.71.15 - - [13/Jun/2011:06:49:30 +0200] "GET /teledienst.html HTTP/1.1" 200 4588 "-" "Mozilla/5.0 (X11; U; Linux i686; en-US; rv:1.9.0.1) Gecko/2008070206 Firefox/3.0.1"
213.186.122.3 - - [13/Jun/2011:11:19:37 +0200] "GET /robots.txt HTTP/1.1" 200 24 "-" "Mozilla/5.0 (compatible; SiteBot/0.1; +http://www.sitebot.org/robot/)"
213.186.122.3 - - [13/Jun/2011:11:19:38 +0200] "GET / HTTP/1.1" 200 12977 "-" "Mozilla/5.0 (compatible; SiteBot/0.1; +http://www.sitebot.org/robot/)"
66.249.72.218 - - [13/Jun/2011:14:44:04 +0200] "GET /robots.txt HTTP/1.1" 200 24 "-" "Mozilla/5.0 (compatible; Googlebot/2.1; +http://www.google.com/bot.html)"
66.249.72.218 - - [13/Jun/2011:14:44:04 +0200] "GET /teledienst.html HTTP/1.1" 200 4588 "-" "Mozilla/5.0 (compatible; Googlebot/2.1; +http://www.google.com/bot.html)"
46.4.95.140 - - [13/Jun/2011:16:08:13 +0200] "GET /robots.txt HTTP/1.0" 200 24 "-" "Mozilla/5.0 (compatible; webkicks-Robot +http://www.webkicks.de)"
46.4.95.140 - - [13/Jun/2011:16:18:36 +0200] "GET / HTTP/1.0" 200 12977 "-" "Mozilla/5.0 (compatible; webkicks-Robot +http://www.webkicks.de)"
98.228.37.89 - - [13/Jun/2011:16:22:28 +0200] "GET / HTTP/1.1" 200 12977 "file:///C:/Users/Stefan/Desktop/Germany - Emex Ready (Text File).txt" "Mozilla/4.0 (compatible; MSIE 8.0; Windows NT 5.1; Trident/4.0; .NET CLR 1.1.4322; .NET CLR 2.0.50727; .NET CLR 3.0.04506.30; .NET CLR 3.0.4506.2152; .NET CLR 3.5.30729)"
46.4.95.140 - - [13/Jun/2011:16:23:32 +0200] "GET /favicon.ico HTTP/1.0" 200 2550 "http://www.zahnarztpraxis-berlin-pankow.de/" "Mozilla/5.0 (compatible; webkicks-Robot +http://www.webkicks.de)"
46.4.95.140 - - [13/Jun/2011:16:28:37 +0200] "GET /opensite.js HTTP/1.0" 200 1125 "http://www.zahnarztpraxis-berlin-pankow.de/" "Mozilla/5.0 (compatible; webkicks-Robot +http://www.webkicks.de)"
46.4.95.140 - - [13/Jun/2011:16:33:23 +0200] "GET /flashopen.js HTTP/1.0" 200 604 "http://www.zahnarztpraxis-berlin-pankow.de/" "Mozilla/5.0 (compatible; webkicks-Robot +http://www.webkicks.de)"
46.4.95.140 - - [13/Jun/2011:16:38:53 +0200] "GET /teledienst.html HTTP/1.0" 200 4588 "http://www.zahnarztpraxis-berlin-pankow.de/" "Mozilla/5.0 (compatible; webkicks-Robot +http://www.webkicks.de)"
66.249.72.218 - - [13/Jun/2011:17:15:39 +0200] "GET /sitemap.xml HTTP/1.1" 200 796 "-" "Mozilla/5.0 (compatible; Googlebot/2.1; +http://www.google.com/bot.html)"
98.228.37.89 - - [13/Jun/2011:17:18:15 +0200] "GET /favicon.ico HTTP/1.1" 200 2550 "http://www.zahnarztpraxis-berlin-pankow.de/" "Mozilla/4.0 (compatible; MSIE 8.0; Windows NT 5.1; Trident/4.0; .NET CLR 1.1.4322; .NET CLR 2.0.50727; .NET CLR 3.0.04506.30; .NET CLR 3.0.4506.2152; .NET CLR 3.5.30729)"
98.228.37.89 - - [13/Jun/2011:17:18:16 +0200] "GET /teledienst.html HTTP/1.1" 200 4588 "http://www.zahnarztpraxis-berlin-pankow.de/" "Mozilla/4.0 (compatible; MSIE 8.0; Windows NT 5.1; Trident/4.0; .NET CLR 1.1.4322; .NET CLR 2.0.50727; .NET CLR 3.0.04506.30; .NET CLR 3.0.4506.2152; .NET CLR 3.5.30729)"
98.223.233.213 - - [13/Jun/2011:21:28:46 +0200] "GET / HTTP/1.1" 200 12977 "file:///C:/Users/Stefan/Desktop/Run2.csv" "Mozilla/4.0 (compatible; MSIE 8.0; Windows NT 5.1; Trident/4.0; .NET CLR 1.1.4322; .NET CLR 2.0.50727; .NET CLR 3.0.04506.30; .NET CLR 3.0.4506.2152; .NET CLR 3.5.30729)"
98.223.233.213 - - [13/Jun/2011:21:58:08 +0200] "GET /favicon.ico HTTP/1.1" 200 2550 "http://www.zahnarztpraxis-berlin-pankow.de/" "Mozilla/4.0 (compatible; MSIE 8.0; Windows NT 5.1; Trident/4.0; .NET CLR 1.1.4322; .NET CLR 2.0.50727; .NET CLR 3.0.04506.30; .NET CLR 3.0.4506.2152; .NET CLR 3.5.30729)"
98.223.233.213 - - [13/Jun/2011:21:58:10 +0200] "GET /teledienst.html HTTP/1.1" 200 4588 "http://www.zahnarztpraxis-berlin-pankow.de/" "Mozilla/4.0 (compatible; MSIE 8.0; Windows NT 5.1; Trident/4.0; .NET CLR 1.1.4322; .NET CLR 2.0.50727; .NET CLR 3.0.04506.30; .NET CLR 3.0.4506.2152; .NET CLR 3.5.30729)"
66.249.72.218 - - [13/Jun/2011:23:55:09 +0200] "GET /robots.txt HTTP/1.1" 200 24 "-" "Mozilla/5.0 (compatible; Googlebot/2.1; +http://www.google.com/bot.html)"
66.249.72.218 - - [13/Jun/2011:23:55:10 +0200] "GET /callback.html HTTP/1.1" 200 3272 "-" "Mozilla/5.0 (compatible; Googlebot/2.1; +http://www.google.com/bot.html)"
77.78.109.73 - - [14/Jun/2011:00:00:22 +0200] "GET / HTTP/1.1" 200 12977 "http://www.pagesinventory.com/domain/www.zahnarztpraxis-berlin-pankow.de.html" "Mozilla/5.0 (Windows; U; Windows NT 5.1; cs; rv:1.9.0.11) Gecko/2009060215 Firefox/3.0.11"
66.249.72.218 - - [14/Jun/2011:02:15:00 +0200] "GET / HTTP/1.1" 200 12977 "-" "DoCoMo/2.0 N905i(c100;TB;W24H16) (compatible; Googlebot-Mobile/2.1; +http://www.google.com/bot.html)"
143.248.92.163 - - [14/Jun/2011:04:13:48 +0200] "GET /robots.txt HTTP/1.0" 200 24 "-" "Nutch/Nutch-1.0 (academic purpose; cats.kaist.ac.kr; smiler82@naver.com)"
143.248.92.163 - - [14/Jun/2011:04:13:49 +0200] "GET / HTTP/1.0" 200 12977 "-" "Nutch/Nutch-1.0 (academic purpose; cats.kaist.ac.kr; smiler82@naver.com)"
74.52.245.146 - - [14/Jun/2011:08:43:45 +0200] "GET / HTTP/1.0" 200 12977 "-" "Mozilla/5.0 (X11; U; Linux i686; en-US; rv:1.7.5) Gecko/20041107 Firefox/1.0"
88.75.43.236 - - [14/Jun/2011:10:24:20 +0200] "GET / HTTP/1.1" 200 12977 "http://onlinestreet.de/Zahnaerzte-Roumiana-und-Reyk-Hattke.13113d.html" "Mozilla/5.0 (Macintosh; U; Intel Mac OS X 10_6_7; de-de) AppleWebKit/533.21.1 (KHTML, like Gecko) Version/5.0.5 Safari/533.21.1"
88.75.43.236 - - [14/Jun/2011:10:24:20 +0200] "GET /opensite.js HTTP/1.1" 200 1125 "http://www.zahnarztpraxis-berlin-pankow.de/" "Mozilla/5.0 (Macintosh; U; Intel Mac OS X 10_6_7; de-de) AppleWebKit/533.21.1 (KHTML, like Gecko) Version/5.0.5 Safari/533.21.1"
88.75.43.236 - - [14/Jun/2011:10:24:20 +0200] "GET /flashopen.js HTTP/1.1" 200 604 "http://www.zahnarztpraxis-berlin-pankow.de/" "Mozilla/5.0 (Macintosh; U; Intel Mac OS X 10_6_7; de-de) AppleWebKit/533.21.1 (KHTML, like Gecko) Version/5.0.5 Safari/533.21.1"
88.75.43.236 - - [14/Jun/2011:10:24:20 +0200] "GET /hattke.swf HTTP/1.1" 200 12042 "http://www.zahnarztpraxis-berlin-pankow.de/" "Mozilla/5.0 (Macintosh; U; Intel Mac OS X 10_6_7; de-de) AppleWebKit/533.21.1 (KHTML, like Gecko) Version/5.0.5 Safari/533.21.1"
88.75.43.236 - - [14/Jun/2011:10:24:20 +0200] "GET /favicon.ico HTTP/1.1" 200 2550 "http://www.zahnarztpraxis-berlin-pankow.de/" "Mozilla/5.0 (Macintosh; U; Intel Mac OS X 10_6_7; de-de) AppleWebKit/533.21.1 (KHTML, like Gecko) Version/5.0.5 Safari/533.21.1"
88.75.43.236 - - [14/Jun/2011:10:24:22 +0200] "GET /diashow.swf HTTP/1.1" 200 311957 "http://www.zahnarztpraxis-berlin-pankow.de/" "Mozilla/5.0 (Macintosh; U; Intel Mac OS X 10_6_7; de-de) AppleWebKit/533.21.1 (KHTML, like Gecko) Version/5.0.5 Safari/533.21.1"
188.40.89.86 - - [14/Jun/2011:12:16:17 +0200] "GET / HTTP/1.0" 200 12977 "-" "-"
92.224.198.167 - - [14/Jun/2011:14:58:29 +0200] "GET /robots.txt HTTP/1.1" 200 24 "-" "Mozilla/5.0 (compatible; 008/0.83; http://www.80legs.com/webcrawler.html;) Gecko/2008032620"
92.224.198.167 - - [14/Jun/2011:14:58:29 +0200] "GET / HTTP/1.1" 200 12977 "-" "Mozilla/5.0 (compatible; 008/0.83; http://www.80legs.com/webcrawler.html) Gecko/2008032620"
85.178.69.89 - - [14/Jun/2011:15:10:02 +0200] "GET /intro.html HTTP/1.1" 200 5170 "http://www.google.de/url?sa=t&source=web&cd=3&ved=0CCUQFjAC&url=http%3A%2F%2Fwww.zahnarztpraxis-berlin-pankow.de%2Fintro.html&rct=j&q=zahnarzt%20hauptstrasse%2020%20hattke%20%C3%B6ffnungszeiten&ei=iF33TbbPJc_z-gby_4T6Cg&usg=AFQjCNFyIP-APaGkBUHn0zTmoUtkP72mRA" "Mozilla/5.0 (Windows NT 5.1; rv:2.0.1) Gecko/20100101 Firefox/4.0.1"
85.178.69.89 - - [14/Jun/2011:15:10:02 +0200] "GET /opensite.js HTTP/1.1" 200 1125 "http://www.zahnarztpraxis-berlin-pankow.de/intro.html" "Mozilla/5.0 (Windows NT 5.1; rv:2.0.1) Gecko/20100101 Firefox/4.0.1"
85.178.69.89 - - [14/Jun/2011:15:10:02 +0200] "GET /favicon.ico HTTP/1.1" 200 2550 "-" "Mozilla/5.0 (Windows NT 5.1; rv:2.0.1) Gecko/20100101 Firefox/4.0.1"
85.178.69.89 - - [14/Jun/2011:15:10:04 +0200] "GET /hattke.swf HTTP/1.1" 200 12042 "http://www.zahnarztpraxis-berlin-pankow.de/intro.html" "Mozilla/5.0 (Windows NT 5.1; rv:2.0.1) Gecko/20100101 Firefox/4.0.1"
