4.227.36.102 - - [01/Jan/2025:00:12:52 +0100] "GET /kontakt.php HTTP/1.1" 200 - "-" "Mozilla/5.0 AppleWebKit/537.36 (KHTML, like Gecko; compatible; GPTBot/1.2; +https://openai.com/gptbot)"
4.227.36.102 - - [01/Jan/2025:00:12:55 +0100] "GET /captcha/captcha.php HTTP/1.1" 200 4246 "-" "Mozilla/5.0 AppleWebKit/537.36 (KHTML, like Gecko; compatible; GPTBot/1.2; +https://openai.com/gptbot)"
212.99.44.81 - - [01/Jan/2025:01:21:06 +0100] "GET /robots.txt HTTP/1.1" 404 - "-" "Sidetrade indexer bot"
212.99.44.81 - - [01/Jan/2025:01:21:06 +0100] "GET / HTTP/1.1" 200 4286 "-" "Sidetrade indexer bot"
212.99.44.81 - - [01/Jan/2025:01:21:11 +0100] "GET /referenzen.html HTTP/1.1" 200 3962 "-" "Sidetrade indexer bot"
212.99.44.81 - - [01/Jan/2025:01:21:16 +0100] "GET /uns.html HTTP/1.1" 200 3735 "-" "Sidetrade indexer bot"
212.99.44.81 - - [01/Jan/2025:01:21:21 +0100] "GET /index.html HTTP/1.1" 200 4286 "-" "Sidetrade indexer bot"
212.99.44.81 - - [01/Jan/2025:01:21:26 +0100] "GET /impressum.html HTTP/1.1" 200 5433 "-" "Sidetrade indexer bot"
212.99.44.81 - - [01/Jan/2025:01:21:32 +0100] "GET /leistungen.html HTTP/1.1" 200 3736 "-" "Sidetrade indexer bot"
212.99.44.81 - - [01/Jan/2025:01:21:37 +0100] "GET /partner.html HTTP/1.1" 200 4178 "-" "Sidetrade indexer bot"
212.99.44.81 - - [01/Jan/2025:01:21:42 +0100] "GET /kontakt.html HTTP/1.1" 200 5104 "-" "Sidetrade indexer bot"
212.99.44.81 - - [01/Jan/2025:01:21:47 +0100] "GET /www.just-malerei.de HTTP/1.1" 404 - "-" "Sidetrade indexer bot"
212.99.44.81 - - [01/Jan/2025:01:21:52 +0100] "GET /www.mbingenieure.de HTTP/1.1" 404 - "-" "Sidetrade indexer bot"
212.99.44.81 - - [01/Jan/2025:01:21:57 +0100] "GET /www.asabau.de HTTP/1.1" 404 - "-" "Sidetrade indexer bot"
62.141.44.236 - - [01/Jan/2025:04:27:19 +0100] "GET / HTTP/1.1" 200 4286 "-" "Mozilla/5.0 (Windows NT 10.0; Win64; x64) AppleWebKit/537.36 (KHTML, like Gecko) Chrome/91.0.4472.114 Safari/537.36 Edg/91.0.864.54"
142.132.238.158 - - [01/Jan/2025:05:02:00 +0100] "HEAD / HTTP/1.1" 200 - "-" "Mozilla/5.0 (Windows NT 10.0; WOW64) AppleWebKit/537.36 (KHTML, like Gecko) Chrome/49.0.2623.112 Safari/537.36"
135.181.26.38 - - [01/Jan/2025:05:02:00 +0100] "HEAD / HTTP/1.1" 200 - "-" "Mozilla/5.0 (Windows NT 10.0; Win64; x64; rv:89.0) Gecko/20100101 Firefox/89.0"
142.132.235.69 - - [01/Jan/2025:05:02:00 +0100] "GET / HTTP/1.1" 200 4286 "-" "Mozilla/5.0 (Windows NT 6.2; WOW64) AppleWebKit/534.57.2 (KHTML, like Gecko) Version/5.1.7 Safari/534.57.2"
142.132.238.158 - - [01/Jan/2025:05:02:00 +0100] "GET / HTTP/1.1" 200 4286 "-" "Mozilla/5.0 (Windows NT 10.0; WOW64) AppleWebKit/537.36 (KHTML, like Gecko) Chrome/49.0.2623.112 Safari/537.36"
78.47.39.234 - - [01/Jan/2025:05:02:01 +0100] "GET /impressum.html HTTP/1.1" 200 5433 "-" "Mozilla/5.0 (Windows NT 5.1) AppleWebKit/537.36 (KHTML, like Gecko) Chrome/46.0.2490.86 Safari/537.36"
116.202.106.215 - - [01/Jan/2025:05:02:01 +0100] "GET /impressum.html HTTP/1.1" 200 5433 "-" "Mozilla/5.0 (Windows NT 5.1) AppleWebKit/537.36 (KHTML, like Gecko) Chrome/46.0.2490.86 Safari/537.36"
35.85.145.240 - - [01/Jan/2025:05:50:04 +0100] "GET / HTTP/1.1" 200 4286 "-" "Mozilla/5.0 (Macintosh; Intel Mac OS X 10_15_7) AppleWebKit/605.1.15 (KHTML, like Gecko) Version/17.5 Safari/605.1.1"
17.241.75.223 - - [01/Jan/2025:06:42:23 +0100] "GET /robots.txt HTTP/1.1" 404 - "-" "Mozilla/5.0 (Macintosh; Intel Mac OS X 10_15_7) AppleWebKit/605.1.15 (KHTML, like Gecko) Version/17.4 Safari/605.1.15 (Applebot/0.1; +http://www.apple.com/go/applebot)"
17.241.75.223 - - [01/Jan/2025:06:42:24 +0100] "GET / HTTP/1.1" 200 4286 "-" "Mozilla/5.0 (Macintosh; Intel Mac OS X 10_15_7) AppleWebKit/605.1.15 (KHTML, like Gecko) Version/17.4 Safari/605.1.15 (Applebot/0.1; +http://www.apple.com/go/applebot)"
44.203.247.221 - - [01/Jan/2025:13:57:54 +0100] "GET /.git/config HTTP/1.1" 404 - "-" "Twitterbot/1.0"
114.119.142.179 - - [01/Jan/2025:14:44:23 +0100] "GET /robots.txt HTTP/1.1" 404 - "-" "Mozilla/5.0 (compatible;PetalBot;+https://webmaster.petalsearch.com/site/petalbot)"
114.119.129.199 - - [01/Jan/2025:14:54:40 +0100] "GET /robots.txt HTTP/1.1" 404 - "-" "Mozilla/5.0 (compatible;PetalBot;+https://webmaster.petalsearch.com/site/petalbot)"
17.241.219.207 - - [01/Jan/2025:17:38:55 +0100] "GET / HTTP/1.1" 200 4286 "-" "Mozilla/5.0 (Macintosh; Intel Mac OS X 10_15_7) AppleWebKit/605.1.15 (KHTML, like Gecko) Version/17.4 Safari/605.1.15 (Applebot/0.1; +http://www.apple.com/go/applebot)"
135.181.17.151 - - [01/Jan/2025:18:39:57 +0100] "GET / HTTP/1.1" 200 4286 "-" "Mozilla/5.0 (Macintosh; Intel Mac OS X 10_12_5) AppleWebKit/603.2.4 (KHTML, like Gecko) Version/10.1.1 Safari/603.2.4"
135.181.17.151 - - [01/Jan/2025:18:40:01 +0100] "GET /impressum.html HTTP/1.1" 200 5433 "http://www.witerra-bau.de/" "Mozilla/5.0 (Macintosh; Intel Mac OS X 10_12_5) AppleWebKit/603.2.4 (KHTML, like Gecko) Version/10.1.1 Safari/603.2.4"
3.253.211.247 - - [02/Jan/2025:01:12:32 +0100] "GET / HTTP/1.0" 200 4286 "-" "Mozilla/5.0 (compatible; NetcraftSurveyAgent/1.0; +info@netcraft.com)"
66.249.66.76 - - [02/Jan/2025:03:02:04 +0100] "GET /robots.txt HTTP/1.1" 404 - "-" "Mozilla/5.0 (compatible; Googlebot/2.1; +http://www.google.com/bot.html)"
66.249.66.75 - - [02/Jan/2025:03:02:04 +0100] "GET / HTTP/1.1" 200 4286 "-" "Mozilla/5.0 (Linux; Android 6.0.1; Nexus 5X Build/MMB29P) AppleWebKit/537.36 (KHTML, like Gecko) Chrome/131.0.6778.139 Mobile Safari/537.36 (compatible; Googlebot/2.1; +http://www.google.com/bot.html)"
66.249.66.77 - - [02/Jan/2025:03:02:13 +0100] "GET / HTTP/1.1" 200 4286 "-" "Mozilla/5.0 (Linux; Android 6.0.1; Nexus 5X Build/MMB29P) AppleWebKit/537.36 (KHTML, like Gecko) Chrome/99.0.4844.84 Mobile Safari/537.36 (compatible; Googlebot/2.1; +http://www.google.com/bot.html)"
66.249.66.77 - - [02/Jan/2025:03:02:13 +0100] "GET / HTTP/1.1" 200 4286 "-" "Mozilla/5.0 (compatible; Googlebot/2.1; +http://www.google.com/bot.html)"
66.249.66.75 - - [02/Jan/2025:03:02:14 +0100] "GET /css/style.css HTTP/1.1" 200 1702 "http://www.witerra-bau.de/" "Mozilla/5.0 AppleWebKit/537.36 (KHTML, like Gecko; compatible; Googlebot/2.1; +http://www.google.com/bot.html) Chrome/131.0.6778.139 Safari/537.36"
66.249.66.76 - - [02/Jan/2025:03:02:14 +0100] "GET /css/style.css HTTP/1.1" 200 1702 "http://www.witerra-bau.de/" "Mozilla/5.0 (Linux; Android 6.0.1; Nexus 5X Build/MMB29P) AppleWebKit/537.36 (KHTML, like Gecko) Chrome/131.0.6778.139 Mobile Safari/537.36 (compatible; Googlebot/2.1; +http://www.google.com/bot.html)"
167.235.0.184 - - [02/Jan/2025:04:14:21 +0100] "GET / HTTP/1.1" 200 4286 "http://www.witerra-bau.de" "Mozilla/5.0 (iPhone; CPU iPhone OS 17_5_1 like Mac OS X) AppleWebKit/605.1.15 (KHTML, like Gecko) Version/17.5 Mobile/15E148 Safari/604.1"
167.235.0.184 - - [02/Jan/2025:04:14:21 +0100] "GET /uns.html HTTP/1.1" 200 3735 "http://www.witerra-bau.de/uns.html" "Mozilla/5.0 (iPhone; CPU iPhone OS 17_6 like Mac OS X) AppleWebKit/605.1.15 (KHTML, like Gecko) CriOS/130.0.6723.78 Mobile/15E148 Safari/604.1"
167.235.0.184 - - [02/Jan/2025:04:14:21 +0100] "GET /kontakt.html HTTP/1.1" 200 5104 "http://www.witerra-bau.de/kontakt.html" "Mozilla/5.0 (iPhone; CPU iPhone OS 17_6 like Mac OS X) AppleWebKit/605.1.15 (KHTML, like Gecko) GSA/339.0.686111475 Mobile/15E148 Safari/604.1"
167.235.0.184 - - [02/Jan/2025:04:14:21 +0100] "GET /impressum.html HTTP/1.1" 200 5433 "http://www.witerra-bau.de/impressum.html" "Mozilla/5.0 (Windows NT 10.0; Win64; x64) AppleWebKit/537.36 (KHTML, like Gecko) Chrome/126.0.0.0 Safari/537.36"
66.249.66.75 - - [02/Jan/2025:06:03:59 +0100] "GET /?feed=rss2 HTTP/1.1" 200 4286 "-" "Mozilla/5.0 (Linux; Android 6.0.1; Nexus 5X Build/MMB29P) AppleWebKit/537.36 (KHTML, like Gecko) Chrome/131.0.6778.139 Mobile Safari/537.36 (compatible; Googlebot/2.1; +http://www.google.com/bot.html)"
17.241.75.28 - - [02/Jan/2025:06:18:30 +0100] "GET / HTTP/1.1" 200 4286 "-" "Mozilla/5.0 (Macintosh; Intel Mac OS X 10_15_7) AppleWebKit/605.1.15 (KHTML, like Gecko) Version/17.4 Safari/605.1.15 (Applebot/0.1; +http://www.apple.com/go/applebot)"
66.249.66.75 - - [02/Jan/2025:07:27:27 +0100] "GET / HTTP/1.1" 200 4286 "-" "Mozilla/5.0 (compatible; Googlebot/2.1; +http://www.google.com/bot.html)"
208.100.26.233 - - [02/Jan/2025:07:51:53 +0100] "GET / HTTP/1.1" 200 4286 "-" "Mozilla/5.0 (Windows NT 6.1; Win64; x64) AppleWebKit/537.36 (KHTML, like Gecko) Chrome/84.0.4147.105 Safari/537.36 Edg/84.0.522.52"
213.239.215.171 - - [02/Jan/2025:08:21:35 +0100] "GET / HTTP/1.1" 200 4286 "http://www.witerra-bau.de" "Mozilla/5.0 (Macintosh; Intel Mac OS X 10_15_7) AppleWebKit/537.36 (KHTML, like Gecko) Chrome/130.0.0.0 Safari/537.36 Edg/130.0.0.0"
213.239.215.171 - - [02/Jan/2025:08:21:35 +0100] "GET /uns.html HTTP/1.1" 200 3735 "http://www.witerra-bau.de/uns.html" "Mozilla/5.0 (iPhone; CPU iPhone OS 17_6_1 like Mac OS X) AppleWebKit/605.1.15 (KHTML, like Gecko) Mobile/15E148"
213.239.215.171 - - [02/Jan/2025:08:21:35 +0100] "GET /kontakt.html HTTP/1.1" 200 5104 "http://www.witerra-bau.de/kontakt.html" "Mozilla/5.0 (X11; Linux x86_64) AppleWebKit/537.36 (KHTML, like Gecko) Chrome/126.0.0.0 Safari/537.36 S"
213.239.215.171 - - [02/Jan/2025:08:21:35 +0100] "GET /impressum.html HTTP/1.1" 200 5433 "http://www.witerra-bau.de/impressum.html" "Mozilla/5.0 (Macintosh; Intel Mac OS X 10_15_7) AppleWebKit/605.1.15 (KHTML, like Gecko) Version/16.6 Safari/605.1.15"
62.96.131.70 - - [02/Jan/2025:12:59:20 +0100] "GET /impressum.html HTTP/1.1" 200 5433 "-" "Mozilla/5.0 (Macintosh; Intel Mac OS X 10_15_7) AppleWebKit/537.36 (KHTML, like Gecko) HeadlessChrome/131.0.0.0 Safari/537.36"
62.96.131.70 - - [02/Jan/2025:12:59:20 +0100] "GET /css/style.css HTTP/1.1" 200 1702 "http://www.witerra-bau.de/impressum.html" "Mozilla/5.0 (Macintosh; Intel Mac OS X 10_15_7) AppleWebKit/537.36 (KHTML, like Gecko) HeadlessChrome/131.0.0.0 Safari/537.36"
62.96.131.70 - - [02/Jan/2025:12:59:20 +0100] "GET /js/libs/modernizr-2.5.3.min.js HTTP/1.1" 200 15274 "http://www.witerra-bau.de/impressum.html" "Mozilla/5.0 (Macintosh; Intel Mac OS X 10_15_7) AppleWebKit/537.36 (KHTML, like Gecko) HeadlessChrome/131.0.0.0 Safari/537.36"
62.96.131.70 - - [02/Jan/2025:12:59:20 +0100] "GET /js/plugins.js HTTP/1.1" 200 898 "http://www.witerra-bau.de/impressum.html" "Mozilla/5.0 (Macintosh; Intel Mac OS X 10_15_7) AppleWebKit/537.36 (KHTML, like Gecko) HeadlessChrome/131.0.0.0 Safari/537.36"
62.96.131.70 - - [02/Jan/2025:12:59:20 +0100] "GET /images/header.png HTTP/1.1" 200 27758 "http://www.witerra-bau.de/css/style.css" "Mozilla/5.0 (Macintosh; Intel Mac OS X 10_15_7) AppleWebKit/537.36 (KHTML, like Gecko) HeadlessChrome/131.0.0.0 Safari/537.36"
62.96.131.70 - - [02/Jan/2025:12:59:20 +0100] "GET /images/footer.png HTTP/1.1" 200 518 "http://www.witerra-bau.de/css/style.css" "Mozilla/5.0 (Macintosh; Intel Mac OS X 10_15_7) AppleWebKit/537.36 (KHTML, like Gecko) HeadlessChrome/131.0.0.0 Safari/537.36"
62.96.131.70 - - [02/Jan/2025:12:59:20 +0100] "GET /images/textfeld.png HTTP/1.1" 200 1758 "http://www.witerra-bau.de/css/style.css" "Mozilla/5.0 (Macintosh; Intel Mac OS X 10_15_7) AppleWebKit/537.36 (KHTML, like Gecko) HeadlessChrome/131.0.0.0 Safari/537.36"
62.96.131.70 - - [02/Jan/2025:12:59:21 +0100] "GET /favicon.ico HTTP/1.1" 200 539038 "http://www.witerra-bau.de/impressum.html" "Mozilla/5.0 (Macintosh; Intel Mac OS X 10_15_7) AppleWebKit/537.36 (KHTML, like Gecko) HeadlessChrome/131.0.0.0 Safari/537.36"
66.249.66.77 - - [02/Jan/2025:15:23:24 +0100] "GET /robots.txt HTTP/1.1" 404 - "-" "Mozilla/5.0 (compatible; Googlebot/2.1; +http://www.google.com/bot.html)"
66.249.66.76 - - [02/Jan/2025:15:23:25 +0100] "GET /favicon.ico HTTP/1.1" 304 - "-" "Googlebot-Image/1.0"
54.36.149.74 - - [02/Jan/2025:19:00:44 +0100] "GET /robots.txt HTTP/1.1" 404 - "-" "Mozilla/5.0 (compatible; AhrefsBot/7.0; +http://ahrefs.com/robot/)"
217.113.194.159 - - [02/Jan/2025:19:52:00 +0100] "GET /robots.txt HTTP/1.1" 404 - "-" "Mozilla/5.0 (compatible; Barkrowler/0.9; +https://babbar.tech/crawler)"
217.113.194.154 - - [02/Jan/2025:19:52:08 +0100] "GET / HTTP/1.1" 304 - "-" "Mozilla/5.0 (compatible; Barkrowler/0.9; +https://babbar.tech/crawler)"
114.119.156.85 - - [02/Jan/2025:20:36:51 +0100] "GET /robots.txt HTTP/1.1" 404 - "-" "Mozilla/5.0 (compatible;PetalBot;+https://webmaster.petalsearch.com/site/petalbot)"
114.119.151.208 - - [02/Jan/2025:21:10:19 +0100] "GET /robots.txt HTTP/1.1" 404 - "-" "Mozilla/5.0 (compatible;PetalBot;+https://webmaster.petalsearch.com/site/petalbot)"
136.243.83.49 - - [02/Jan/2025:21:54:10 +0100] "GET /robots.txt HTTP/1.1" 404 - "-" "Mozilla/5.0 (compatible; MetaJobBot; https://www.metajob.de/crawler)"
136.243.83.49 - - [02/Jan/2025:21:54:10 +0100] "GET / HTTP/1.1" 200 4286 "-" "Mozilla/5.0 (compatible; MetaJobBot; https://www.metajob.de/crawler)"
192.104.34.34 - - [03/Jan/2025:00:24:17 +0100] "GET / HTTP/1.1" 200 4286 "-" "Mozilla/5.0 (Windows NT 10.0; Win64; x64) AppleWebKit/537.36 (KHTML, like Gecko) Chrome/129.0.0.0 Safari/537.36"
54.215.83.81 - - [03/Jan/2025:02:13:01 +0100] "HEAD / HTTP/1.1" 200 - "-" "Apache-HttpClient/4.5.9 (Java/1.8.0_432)"
17.241.75.194 - - [03/Jan/2025:06:27:29 +0100] "GET /robots.txt HTTP/1.1" 404 - "-" "Mozilla/5.0 (Macintosh; Intel Mac OS X 10_15_7) AppleWebKit/605.1.15 (KHTML, like Gecko) Version/17.4 Safari/605.1.15 (Applebot/0.1; +http://www.apple.com/go/applebot)"
17.241.75.194 - - [03/Jan/2025:06:27:29 +0100] "GET / HTTP/1.1" 200 4286 "-" "Mozilla/5.0 (Macintosh; Intel Mac OS X 10_15_7) AppleWebKit/605.1.15 (KHTML, like Gecko) Version/17.4 Safari/605.1.15 (Applebot/0.1; +http://www.apple.com/go/applebot)"
114.119.150.228 - - [03/Jan/2025:06:57:15 +0100] "GET /favicon.ico HTTP/1.1" 200 539038 "-" "Mozilla/5.0 (Linux; Android 7.0;) AppleWebKit/537.36 (KHTML, like Gecko) Mobile Safari/537.36 (compatible; PetalBot;+https://webmaster.petalsearch.com/site/petalbot)"
34.73.206.133 - - [03/Jan/2025:09:56:01 +0100] "GET /robots.txt HTTP/1.0" 404 - "-" "ZoominfoBot (zoominfobot at zoominfo dot com)"
34.73.206.133 - - [03/Jan/2025:09:56:01 +0100] "GET / HTTP/1.0" 200 4286 "-" "ZoominfoBot (zoominfobot at zoominfo dot com)"
195.191.219.130 - - [03/Jan/2025:11:07:24 +0100] "GET /robots.txt HTTP/1.1" 404 - "-" "Mozilla/5.0 (compatible; MJ12bot/v1.4.8; http://mj12bot.com/)"
195.191.219.130 - - [03/Jan/2025:11:07:27 +0100] "GET / HTTP/1.1" 200 4286 "-" "Mozilla/5.0 (compatible; MJ12bot/v1.4.8; http://mj12bot.com/)"
34.73.37.183 - - [03/Jan/2025:13:12:01 +0100] "GET /robots.txt HTTP/1.0" 404 - "-" "ZoominfoBot (zoominfobot at zoominfo dot com)"
34.73.37.183 - - [03/Jan/2025:13:12:02 +0100] "GET / HTTP/1.0" 200 4286 "-" "ZoominfoBot (zoominfobot at zoominfo dot com)"
3.22.241.10 - - [03/Jan/2025:14:57:06 +0100] "GET / HTTP/1.1" 200 4286 "-" "Mozilla/5.0 (Windows NT 10.0; Win64; x64) AppleWebKit/537.36 (KHTML, like Gecko) Chrome/91.0.4472.124 Safari/537.36"
3.22.241.10 - - [03/Jan/2025:14:57:07 +0100] "GET /css/style.css HTTP/1.1" 200 1702 "http://www.witerra-bau.de/" "Mozilla/5.0 (Windows NT 10.0; Win64; x64) AppleWebKit/537.36 (KHTML, like Gecko) Chrome/91.0.4472.124 Safari/537.36"
3.22.241.10 - - [03/Jan/2025:14:57:07 +0100] "GET /js/libs/modernizr-2.5.3.min.js HTTP/1.1" 200 15274 "http://www.witerra-bau.de/" "Mozilla/5.0 (Windows NT 10.0; Win64; x64) AppleWebKit/537.36 (KHTML, like Gecko) Chrome/91.0.4472.124 Safari/537.36"
3.22.241.10 - - [03/Jan/2025:14:57:07 +0100] "GET /js/plugins.js HTTP/1.1" 200 898 "http://www.witerra-bau.de/" "Mozilla/5.0 (Windows NT 10.0; Win64; x64) AppleWebKit/537.36 (KHTML, like Gecko) Chrome/91.0.4472.124 Safari/537.36"
3.22.241.10 - - [03/Jan/2025:14:57:07 +0100] "GET /images/header.png HTTP/1.1" 200 27758 "http://www.witerra-bau.de/css/style.css" "Mozilla/5.0 (Windows NT 10.0; Win64; x64) AppleWebKit/537.36 (KHTML, like Gecko) Chrome/91.0.4472.124 Safari/537.36"
3.22.241.10 - - [03/Jan/2025:14:57:07 +0100] "GET /images/textfeld.png HTTP/1.1" 200 1758 "http://www.witerra-bau.de/css/style.css" "Mozilla/5.0 (Windows NT 10.0; Win64; x64) AppleWebKit/537.36 (KHTML, like Gecko) Chrome/91.0.4472.124 Safari/537.36"
3.22.241.10 - - [03/Jan/2025:14:57:07 +0100] "GET /images/footer.png HTTP/1.1" 200 518 "http://www.witerra-bau.de/css/style.css" "Mozilla/5.0 (Windows NT 10.0; Win64; x64) AppleWebKit/537.36 (KHTML, like Gecko) Chrome/91.0.4472.124 Safari/537.36"
3.22.241.10 - - [03/Jan/2025:14:57:07 +0100] "GET /images/bilder.png HTTP/1.1" 200 175856 "http://www.witerra-bau.de/" "Mozilla/5.0 (Windows NT 10.0; Win64; x64) AppleWebKit/537.36 (KHTML, like Gecko) Chrome/91.0.4472.124 Safari/537.36"
3.22.241.10 - - [03/Jan/2025:14:57:09 +0100] "GET / HTTP/1.1" 200 4286 "-" "Mozilla/5.0 (X11; Linux x86_64) AppleWebKit/537.36 (KHTML, like Gecko) HeadlessChrome/131.0.6778.33 Safari/537.36"
3.22.241.10 - - [03/Jan/2025:14:57:09 +0100] "GET /css/style.css HTTP/1.1" 200 1702 "http://www.witerra-bau.de/" "Mozilla/5.0 (X11; Linux x86_64) AppleWebKit/537.36 (KHTML, like Gecko) HeadlessChrome/131.0.6778.33 Safari/537.36"
3.22.241.10 - - [03/Jan/2025:14:57:09 +0100] "GET /js/libs/modernizr-2.5.3.min.js HTTP/1.1" 200 15274 "http://www.witerra-bau.de/" "Mozilla/5.0 (X11; Linux x86_64) AppleWebKit/537.36 (KHTML, like Gecko) HeadlessChrome/131.0.6778.33 Safari/537.36"
3.22.241.10 - - [03/Jan/2025:14:57:09 +0100] "GET /js/plugins.js HTTP/1.1" 200 898 "http://www.witerra-bau.de/" "Mozilla/5.0 (X11; Linux x86_64) AppleWebKit/537.36 (KHTML, like Gecko) HeadlessChrome/131.0.6778.33 Safari/537.36"
3.22.241.10 - - [03/Jan/2025:14:57:09 +0100] "GET /images/header.png HTTP/1.1" 200 27758 "http://www.witerra-bau.de/css/style.css" "Mozilla/5.0 (X11; Linux x86_64) AppleWebKit/537.36 (KHTML, like Gecko) HeadlessChrome/131.0.6778.33 Safari/537.36"
3.22.241.10 - - [03/Jan/2025:14:57:09 +0100] "GET /images/footer.png HTTP/1.1" 200 518 "http://www.witerra-bau.de/css/style.css" "Mozilla/5.0 (X11; Linux x86_64) AppleWebKit/537.36 (KHTML, like Gecko) HeadlessChrome/131.0.6778.33 Safari/537.36"
3.22.241.10 - - [03/Jan/2025:14:57:09 +0100] "GET /images/textfeld.png HTTP/1.1" 200 1758 "http://www.witerra-bau.de/css/style.css" "Mozilla/5.0 (X11; Linux x86_64) AppleWebKit/537.36 (KHTML, like Gecko) HeadlessChrome/131.0.6778.33 Safari/537.36"
3.22.241.10 - - [03/Jan/2025:14:57:09 +0100] "GET /js/libs/jquery-1.7.1.min.js HTTP/1.1" 200 93867 "http://www.witerra-bau.de/" "Mozilla/5.0 (X11; Linux x86_64) AppleWebKit/537.36 (KHTML, like Gecko) HeadlessChrome/131.0.6778.33 Safari/537.36"
3.22.241.10 - - [03/Jan/2025:14:57:09 +0100] "GET /images/bilder.png HTTP/1.1" 200 175856 "http://www.witerra-bau.de/" "Mozilla/5.0 (X11; Linux x86_64) AppleWebKit/537.36 (KHTML, like Gecko) HeadlessChrome/131.0.6778.33 Safari/537.36"
3.22.241.10 - - [03/Jan/2025:14:57:11 +0100] "GET / HTTP/1.1" 200 4286 "-" "python-requests/2.32.3"
34.75.184.107 - - [03/Jan/2025:17:36:36 +0100] "GET /robots.txt HTTP/1.0" 404 - "-" "ZoominfoBot (zoominfobot at zoominfo dot com)"
34.75.184.107 - - [03/Jan/2025:17:36:36 +0100] "GET /uns.html HTTP/1.0" 200 3735 "-" "ZoominfoBot (zoominfobot at zoominfo dot com)"
34.75.184.107 - - [03/Jan/2025:17:36:42 +0100] "GET /index.html HTTP/1.0" 200 4286 "-" "ZoominfoBot (zoominfobot at zoominfo dot com)"
34.75.184.107 - - [03/Jan/2025:18:46:47 +0100] "GET /leistungen.html HTTP/1.0" 200 3736 "-" "ZoominfoBot (zoominfobot at zoominfo dot com)"
34.75.184.107 - - [03/Jan/2025:19:31:23 +0100] "GET /partner.html HTTP/1.0" 200 4178 "-" "ZoominfoBot (zoominfobot at zoominfo dot com)"
34.75.184.107 - - [03/Jan/2025:19:53:29 +0100] "GET /kontakt.html HTTP/1.0" 200 5104 "-" "ZoominfoBot (zoominfobot at zoominfo dot com)"
34.75.184.107 - - [03/Jan/2025:20:05:24 +0100] "GET /referenzen.html HTTP/1.0" 200 3962 "-" "ZoominfoBot (zoominfobot at zoominfo dot com)"
34.75.184.107 - - [03/Jan/2025:21:49:48 +0100] "GET /impressum.html HTTP/1.0" 200 5433 "-" "ZoominfoBot (zoominfobot at zoominfo dot com)"
116.202.118.157 - - [03/Jan/2025:22:19:00 +0100] "GET / HTTP/1.1" 200 4286 "-" "Mozilla/5.0 (X11; Linux x86_64) AppleWebKit/537.36 (KHTML, like Gecko) HeadlessChrome/130.0.0.0 Safari/537.36"
116.202.118.157 - - [03/Jan/2025:22:19:00 +0100] "GET /css/style.css HTTP/1.1" 200 1702 "http://www.witerra-bau.de/" "Mozilla/5.0 (X11; Linux x86_64) AppleWebKit/537.36 (KHTML, like Gecko) HeadlessChrome/130.0.0.0 Safari/537.36"
116.202.118.157 - - [03/Jan/2025:22:19:00 +0100] "GET /js/libs/modernizr-2.5.3.min.js HTTP/1.1" 200 15274 "http://www.witerra-bau.de/" "Mozilla/5.0 (X11; Linux x86_64) AppleWebKit/537.36 (KHTML, like Gecko) HeadlessChrome/130.0.0.0 Safari/537.36"
116.202.118.157 - - [03/Jan/2025:22:19:00 +0100] "GET /js/plugins.js HTTP/1.1" 200 898 "http://www.witerra-bau.de/" "Mozilla/5.0 (X11; Linux x86_64) AppleWebKit/537.36 (KHTML, like Gecko) HeadlessChrome/130.0.0.0 Safari/537.36"
116.202.118.157 - - [03/Jan/2025:22:19:00 +0100] "GET /images/bilder.png HTTP/1.1" 200 175856 "http://www.witerra-bau.de/" "Mozilla/5.0 (X11; Linux x86_64) AppleWebKit/537.36 (KHTML, like Gecko) HeadlessChrome/130.0.0.0 Safari/537.36"
116.202.118.157 - - [03/Jan/2025:22:19:00 +0100] "GET /images/header.png HTTP/1.1" 200 27758 "http://www.witerra-bau.de/css/style.css" "Mozilla/5.0 (X11; Linux x86_64) AppleWebKit/537.36 (KHTML, like Gecko) HeadlessChrome/130.0.0.0 Safari/537.36"
116.202.118.157 - - [03/Jan/2025:22:19:00 +0100] "GET /images/textfeld.png HTTP/1.1" 200 1758 "http://www.witerra-bau.de/css/style.css" "Mozilla/5.0 (X11; Linux x86_64) AppleWebKit/537.36 (KHTML, like Gecko) HeadlessChrome/130.0.0.0 Safari/537.36"
116.202.118.157 - - [03/Jan/2025:22:19:00 +0100] "GET /images/footer.png HTTP/1.1" 200 518 "http://www.witerra-bau.de/css/style.css" "Mozilla/5.0 (X11; Linux x86_64) AppleWebKit/537.36 (KHTML, like Gecko) HeadlessChrome/130.0.0.0 Safari/537.36"
116.202.118.157 - - [03/Jan/2025:22:19:00 +0100] "GET /favicon.ico HTTP/1.1" 200 539038 "http://www.witerra-bau.de/" "Mozilla/5.0 (X11; Linux x86_64) AppleWebKit/537.36 (KHTML, like Gecko) HeadlessChrome/130.0.0.0 Safari/537.36"
116.202.118.157 - - [03/Jan/2025:22:19:00 +0100] "GET /robots.txt HTTP/1.1" 404 - "-" "Mozilla/5.0 (Windows NT 10.0; Win64; x64) AppleWebKit/537.36 (KHTML, like Gecko) Chrome/79.0.3945.130 Safari/537.36"
66.249.66.75 - - [04/Jan/2025:02:24:25 +0100] "GET /robots.txt HTTP/1.1" 404 - "-" "Mozilla/5.0 (compatible; Googlebot/2.1; +http://www.google.com/bot.html)"
66.249.66.75 - - [04/Jan/2025:02:24:25 +0100] "GET /log/2019/01 HTTP/1.1" 404 - "-" "Mozilla/5.0 (Linux; Android 6.0.1; Nexus 5X Build/MMB29P) AppleWebKit/537.36 (KHTML, like Gecko) Chrome/131.0.6778.139 Mobile Safari/537.36 (compatible; Googlebot/2.1; +http://www.google.com/bot.html)"
34.73.206.133 - - [04/Jan/2025:04:19:35 +0100] "GET /robots.txt HTTP/1.0" 404 - "-" "ZoominfoBot (zoominfobot at zoominfo dot com)"
34.73.206.133 - - [04/Jan/2025:04:19:36 +0100] "GET /uns.html HTTP/1.0" 200 3735 "-" "ZoominfoBot (zoominfobot at zoominfo dot com)"
34.73.206.133 - - [04/Jan/2025:04:19:46 +0100] "GET /index.html HTTP/1.0" 200 4286 "-" "ZoominfoBot (zoominfobot at zoominfo dot com)"
164.92.192.35 - - [04/Jan/2025:04:31:40 +0100] "GET / HTTP/1.1" 200 4286 "-" "Mozilla/5.0 (Windows NT 10.0; Win64; x64) AppleWebKit/537.36 (KHTML, like Gecko) Chrome/120.0.0.0 Safari/537.3"
64.227.121.66 - - [04/Jan/2025:04:31:41 +0100] "GET / HTTP/1.1" 200 4286 "-" "Mozilla/5.0 (Windows NT 10.0; Win64; x64) AppleWebKit/537.36 (KHTML, like Gecko) Chrome/120.0.0.0 Safari/537.3"
64.227.121.66 - - [04/Jan/2025:04:31:41 +0100] "GET / HTTP/1.1" 200 4286 "-" "Mozilla/5.0 (Windows NT 10.0; Win64; x64) AppleWebKit/537.36 (KHTML, like Gecko) Chrome/120.0.0.0 Safari/537.3"
64.227.121.66 - - [04/Jan/2025:04:31:41 +0100] "GET /js/libs/modernizr-2.5.3.min.js HTTP/1.1" 200 15274 "-" "Mozilla/5.0 (Windows NT 10.0; Win64; x64) AppleWebKit/537.36 (KHTML, like Gecko) Chrome/120.0.0.0 Safari/537.3"
64.227.121.66 - - [04/Jan/2025:04:31:41 +0100] "GET / HTTP/1.1" 200 4286 "-" "Mozilla/5.0 (Windows NT 10.0; Win64; x64) AppleWebKit/537.36 (KHTML, like Gecko) Chrome/120.0.0.0 Safari/537.3"
64.227.121.66 - - [04/Jan/2025:04:31:41 +0100] "GET / HTTP/1.1" 200 4286 "-" "Mozilla/5.0 (Windows NT 10.0; Win64; x64) AppleWebKit/537.36 (KHTML, like Gecko) Chrome/120.0.0.0 Safari/537.3"
64.227.121.66 - - [04/Jan/2025:04:31:41 +0100] "GET / HTTP/1.1" 200 4286 "-" "Mozilla/5.0 (Windows NT 10.0; Win64; x64) AppleWebKit/537.36 (KHTML, like Gecko) Chrome/120.0.0.0 Safari/537.3"
164.92.192.35 - - [04/Jan/2025:04:31:41 +0100] "GET / HTTP/1.1" 200 4286 "-" "Mozilla/5.0 (Windows NT 10.0; Win64; x64) AppleWebKit/537.36 (KHTML, like Gecko) Chrome/120.0.0.0 Safari/537.3"
64.227.121.66 - - [04/Jan/2025:04:31:41 +0100] "GET /.gitignore HTTP/1.1" 404 - "-" "Mozilla/5.0 (Windows NT 10.0; Win64; x64) AppleWebKit/537.36 (KHTML, like Gecko) Chrome/120.0.0.0 Safari/537.3"
64.227.121.66 - - [04/Jan/2025:04:31:41 +0100] "GET /.git/HEAD HTTP/1.1" 404 - "-" "Mozilla/5.0 (Windows NT 10.0; Win64; x64) AppleWebKit/537.36 (KHTML, like Gecko) Chrome/120.0.0.0 Safari/537.3"
64.227.121.66 - - [04/Jan/2025:04:31:41 +0100] "GET / HTTP/1.1" 200 4286 "-" "Mozilla/5.0 (Macintosh; Intel Mac OS X 10.11; rv:98.0) Gecko/20100101 Firefox/98.0 Observatory/98.0"
164.92.192.35 - - [04/Jan/2025:04:31:41 +0100] "GET /robots.txt HTTP/1.1" 404 - "-" "Mozilla/5.0 (Windows NT 10.0; Win64; x64) AppleWebKit/537.36 (KHTML, like Gecko) Chrome/120.0.0.0 Safari/537.3"
64.227.121.66 - - [04/Jan/2025:04:31:41 +0100] "GET / HTTP/1.1" 200 4286 "-" "Mozilla/5.0 (Windows NT 10.0; Win64; x64) AppleWebKit/537.36 (KHTML, like Gecko) Chrome/120.0.0.0 Safari/537.3"
164.92.192.35 - - [04/Jan/2025:04:31:41 +0100] "GET /robots.txt HTTP/1.1" 404 - "-" "Mozilla/5.0 (Windows NT 10.0; Win64; x64) AppleWebKit/537.36 (KHTML, like Gecko) Chrome/120.0.0.0 Safari/537.3"
164.92.192.35 - - [04/Jan/2025:04:31:41 +0100] "GET / HTTP/1.1" 200 4286 "-" "Mozilla/5.0 (Windows NT 10.0; Win64; x64) AppleWebKit/537.36 (KHTML, like Gecko) Chrome/120.0.0.0 Safari/537.3"
64.227.121.66 - - [04/Jan/2025:04:31:41 +0100] "GET /.htaccess HTTP/1.1" 404 - "-" "Mozilla/5.0 (Windows NT 10.0; Win64; x64) AppleWebKit/537.36 (KHTML, like Gecko) Chrome/120.0.0.0 Safari/537.3"
64.227.121.66 - - [04/Jan/2025:04:31:41 +0100] "GET /ed8da570bdae4373a42eaed7cf0e6e68.php HTTP/1.1" 404 - "-" "Mozilla/5.0 (Windows NT 10.0; Win64; x64) AppleWebKit/537.36 (KHTML, like Gecko) Chrome/120.0.0.0 Safari/537.3"
64.227.121.66 - - [04/Jan/2025:04:31:41 +0100] "GET /ed8da570bdae4373a42e HTTP/1.1" 404 - "-" "Mozilla/5.0 (Windows NT 10.0; Win64; x64) AppleWebKit/537.36 (KHTML, like Gecko) Chrome/120.0.0.0 Safari/537.3"
64.227.121.66 - - [04/Jan/2025:04:31:41 +0100] "GET / HTTP/1.1" 200 4286 "-" "Mozilla/5.0 (Macintosh; Intel Mac OS X 10.11; rv:98.0) Gecko/20100101 Firefox/98.0 Observatory/98.0"
64.227.121.66 - - [04/Jan/2025:04:31:41 +0100] "GET /index.php HTTP/1.1" 404 - "-" "Mozilla/5.0 (Windows NT 10.0; Win64; x64) AppleWebKit/537.36 (KHTML, like Gecko) Chrome/120.0.0.0 Safari/537.3"
64.227.121.66 - - [04/Jan/2025:04:31:41 +0100] "GET /clientaccesspolicy.xml HTTP/1.1" 404 - "-" "Mozilla/5.0 (Macintosh; Intel Mac OS X 10.11; rv:98.0) Gecko/20100101 Firefox/98.0 Observatory/98.0"
64.227.121.66 - - [04/Jan/2025:04:31:41 +0100] "GET /index.html HTTP/1.1" 200 4286 "-" "Mozilla/5.0 (Windows NT 10.0; Win64; x64) AppleWebKit/537.36 (KHTML, like Gecko) Chrome/120.0.0.0 Safari/537.3"
64.227.121.66 - - [04/Jan/2025:04:31:41 +0100] "GET /crossdomain.xml HTTP/1.1" 404 - "-" "Mozilla/5.0 (Macintosh; Intel Mac OS X 10.11; rv:98.0) Gecko/20100101 Firefox/98.0 Observatory/98.0"
64.227.121.66 - - [04/Jan/2025:04:31:41 +0100] "GET /robots.txt HTTP/1.1" 404 - "-" "Mozilla/5.0 (Macintosh; Intel Mac OS X 10.11; rv:98.0) Gecko/20100101 Firefox/98.0 Observatory/98.0"
164.92.192.35 - - [04/Jan/2025:04:31:41 +0100] "GET / HTTP/1.1" 200 4286 "-" "Mozilla/5.0 (Windows NT 10.0; Win64; x64) AppleWebKit/537.36 (KHTML, like Gecko) Chrome/120.0.0.0 Safari/537.3"
164.92.192.35 - - [04/Jan/2025:04:31:41 +0100] "GET /.well-known/security.txt HTTP/1.1" 404 - "-" "Mozilla/5.0 (Windows NT 10.0; Win64; x64) AppleWebKit/537.36 (KHTML, like Gecko) Chrome/120.0.0.0 Safari/537.3"
164.92.192.35 - - [04/Jan/2025:04:31:41 +0100] "GET /ed8da570bdae4373a42eaed7cf0e6e68 HTTP/1.1" 404 - "-" "Mozilla/5.0 (Windows NT 10.0; Win64; x64) AppleWebKit/537.36 (KHTML, like Gecko) Chrome/120.0.0.0 Safari/537.3"
164.92.192.35 - - [04/Jan/2025:04:31:41 +0100] "GET / HTTP/1.1" 200 4286 "-" "Mozilla/5.0 (Windows NT 10.0; Win64; x64) AppleWebKit/537.36 (KHTML, like Gecko) Chrome/120.0.0.0 Safari/537.3"
164.92.192.35 - - [04/Jan/2025:04:31:41 +0100] "GET /typo3/index.php HTTP/1.1" 404 - "-" "Mozilla/5.0 (Windows NT 10.0; Win64; x64) AppleWebKit/537.36 (KHTML, like Gecko) Chrome/120.0.0.0 Safari/537.3"
164.92.192.35 - - [04/Jan/2025:04:31:41 +0100] "GET /wp-content/ HTTP/1.1" 404 - "-" "Mozilla/5.0 (Windows NT 10.0; Win64; x64) AppleWebKit/537.36 (KHTML, like Gecko) Chrome/120.0.0.0 Safari/537.3"
164.92.192.35 - - [04/Jan/2025:04:31:41 +0100] "GET /wp-json HTTP/1.1" 404 - "-" "Mozilla/5.0 (Windows NT 10.0; Win64; x64) AppleWebKit/537.36 (KHTML, like Gecko) Chrome/120.0.0.0 Safari/537.3"
64.227.121.66 - - [04/Jan/2025:04:31:41 +0100] "GET / HTTP/1.1" 200 4286 "-" "python-requests/2.29.0"
164.92.192.35 - - [04/Jan/2025:04:31:42 +0100] "GET /wp-json/wp/v2/users/ HTTP/1.1" 404 - "-" "Mozilla/5.0 (Windows NT 10.0; Win64; x64) AppleWebKit/537.36 (KHTML, like Gecko) Chrome/120.0.0.0 Safari/537.3"
64.227.121.66 - - [04/Jan/2025:04:31:42 +0100] "GET /..;/ HTTP/1.1" 404 - "-" "python-requests/2.29.0"
64.227.121.66 - - [04/Jan/2025:04:31:42 +0100] "GET /..;/status.html HTTP/1.1" 404 - "-" "python-requests/2.29.0"
64.227.121.66 - - [04/Jan/2025:04:31:42 +0100] "GET /..;/..;/ HTTP/1.1" 404 - "-" "python-requests/2.29.0"
164.92.192.35 - - [04/Jan/2025:04:31:42 +0100] "GET /.well-known/security.txt HTTP/1.1" 404 - "-" "Mozilla/5.0 (Windows NT 6.1; WOW64; rv:12.0) Gecko/20100101 Firefox/12.0"
64.227.121.66 - - [04/Jan/2025:04:31:42 +0100] "ACL / HTTP/1.1" 501 327 "-" "python-requests/2.29.0"
164.92.192.35 - - [04/Jan/2025:04:31:42 +0100] "GET /security.txt HTTP/1.1" 404 - "-" "Mozilla/5.0 (Windows NT 6.1; WOW64; rv:12.0) Gecko/20100101 Firefox/12.0"
64.227.121.66 - - [04/Jan/2025:04:31:42 +0100] "GET /%7B%7D HTTP/1.1" 404 - "-" "python-requests/2.29.0"
64.227.121.66 - - [04/Jan/2025:04:31:42 +0100] "GET /docs/ HTTP/1.1" 404 - "-" "python-requests/2.29.0"
64.227.121.66 - - [04/Jan/2025:04:31:42 +0100] "GET /js/plugins.js HTTP/1.1" 200 898 "-" "Mozilla/5.0 (Windows NT 10.0; Win64; x64) AppleWebKit/537.36 (KHTML, like Gecko) Chrome/120.0.0.0 Safari/537.3"
34.73.206.133 - - [04/Jan/2025:06:24:50 +0100] "GET /leistungen.html HTTP/1.0" 200 3736 "-" "ZoominfoBot (zoominfobot at zoominfo dot com)"
17.241.227.45 - - [04/Jan/2025:06:28:41 +0100] "GET /robots.txt HTTP/1.1" 404 - "-" "Mozilla/5.0 (Macintosh; Intel Mac OS X 10_15_7) AppleWebKit/605.1.15 (KHTML, like Gecko) Version/17.4 Safari/605.1.15 (Applebot/0.1; +http://www.apple.com/go/applebot)"
17.241.227.45 - - [04/Jan/2025:06:28:41 +0100] "GET / HTTP/1.1" 200 4286 "-" "Mozilla/5.0 (Macintosh; Intel Mac OS X 10_15_7) AppleWebKit/605.1.15 (KHTML, like Gecko) Version/17.4 Safari/605.1.15 (Applebot/0.1; +http://www.apple.com/go/applebot)"
34.73.206.133 - - [04/Jan/2025:07:42:04 +0100] "GET /partner.html HTTP/1.0" 200 4178 "-" "ZoominfoBot (zoominfobot at zoominfo dot com)"
194.173.174.107 - - [04/Jan/2025:08:06:30 +0100] "HEAD / HTTP/1.1" 200 - "-" "Mozilla/5.0 (Windows NT 6.3; WOW64) AppleWebKit/537.36 (KHTML, like Gecko) Chrome/43.0.2357.134 Safari/537.36"
34.73.206.133 - - [04/Jan/2025:08:20:15 +0100] "GET /kontakt.html HTTP/1.0" 200 5104 "-" "ZoominfoBot (zoominfobot at zoominfo dot com)"
20.171.207.37 - - [04/Jan/2025:08:29:01 +0100] "GET /robots.txt HTTP/1.1" 404 - "-" "Mozilla/5.0 AppleWebKit/537.36 (KHTML, like Gecko; compatible; GPTBot/1.2; +https://openai.com/gptbot)"
4.227.36.81 - - [04/Jan/2025:08:38:35 +0100] "GET / HTTP/1.1" 200 4286 "-" "Mozilla/5.0 AppleWebKit/537.36 (KHTML, like Gecko; compatible; GPTBot/1.2; +https://openai.com/gptbot)"
34.73.206.133 - - [04/Jan/2025:08:41:25 +0100] "GET /referenzen.html HTTP/1.0" 200 3962 "-" "ZoominfoBot (zoominfobot at zoominfo dot com)"
66.249.66.77 - - [04/Jan/2025:10:15:10 +0100] "GET /log/2023 HTTP/1.1" 404 - "-" "Mozilla/5.0 (Linux; Android 6.0.1; Nexus 5X Build/MMB29P) AppleWebKit/537.36 (KHTML, like Gecko) Chrome/131.0.6778.139 Mobile Safari/537.36 (compatible; Googlebot/2.1; +http://www.google.com/bot.html)"
194.173.174.107 - - [04/Jan/2025:10:45:23 +0100] "HEAD / HTTP/1.1" 200 - "-" "Mozilla/5.0 (Windows NT 6.3; WOW64) AppleWebKit/537.36 (KHTML, like Gecko) Chrome/43.0.2357.134 Safari/537.36"
34.73.206.133 - - [04/Jan/2025:11:54:59 +0100] "GET /impressum.html HTTP/1.0" 200 5433 "-" "ZoominfoBot (zoominfobot at zoominfo dot com)"
66.249.66.75 - - [04/Jan/2025:13:15:10 +0100] "GET /log/2020 HTTP/1.1" 404 - "-" "Mozilla/5.0 (Linux; Android 6.0.1; Nexus 5X Build/MMB29P) AppleWebKit/537.36 (KHTML, like Gecko) Chrome/131.0.6778.139 Mobile Safari/537.36 (compatible; Googlebot/2.1; +http://www.google.com/bot.html)"
136.243.228.177 - - [04/Jan/2025:18:50:30 +0100] "GET /robots.txt HTTP/1.1" 404 - "-" "Mozilla/5.0 (compatible; DataForSeoBot/1.0; +https://dataforseo.com/dataforseo-bot)"
66.249.66.75 - - [04/Jan/2025:19:34:32 +0100] "GET /robots.txt HTTP/1.1" 404 - "-" "Mozilla/5.0 (compatible; Googlebot/2.1; +http://www.google.com/bot.html)"
66.249.66.75 - - [04/Jan/2025:19:34:32 +0100] "GET /favicon.ico HTTP/1.1" 200 539038 "-" "Googlebot-Image/1.0"
17.241.219.135 - - [05/Jan/2025:06:31:23 +0100] "GET /robots.txt HTTP/1.1" 404 - "-" "Mozilla/5.0 (Macintosh; Intel Mac OS X 10_15_7) AppleWebKit/605.1.15 (KHTML, like Gecko) Version/17.4 Safari/605.1.15 (Applebot/0.1; +http://www.apple.com/go/applebot)"
17.241.219.135 - - [05/Jan/2025:06:31:24 +0100] "GET / HTTP/1.1" 200 4286 "-" "Mozilla/5.0 (Macintosh; Intel Mac OS X 10_15_7) AppleWebKit/605.1.15 (KHTML, like Gecko) Version/17.4 Safari/605.1.15 (Applebot/0.1; +http://www.apple.com/go/applebot)"
17.241.227.73 - - [05/Jan/2025:08:05:28 +0100] "GET / HTTP/1.1" 200 4286 "-" "Mozilla/5.0 (Macintosh; Intel Mac OS X 10_15_7) AppleWebKit/605.1.15 (KHTML, like Gecko) Version/17.4 Safari/605.1.15 (Applebot/0.1; +http://www.apple.com/go/applebot)"
135.181.17.151 - - [05/Jan/2025:08:22:01 +0100] "GET / HTTP/1.1" 200 4286 "-" "Mozilla/5.0 (Macintosh; Intel Mac OS X 10_12_5) AppleWebKit/603.2.4 (KHTML, like Gecko) Version/10.1.1 Safari/603.2.4"
135.181.17.151 - - [05/Jan/2025:08:22:04 +0100] "GET /impressum.html HTTP/1.1" 200 5433 "http://www.witerra-bau.de/" "Mozilla/5.0 (Macintosh; Intel Mac OS X 10_12_5) AppleWebKit/603.2.4 (KHTML, like Gecko) Version/10.1.1 Safari/603.2.4"
135.181.17.151 - - [05/Jan/2025:08:35:06 +0100] "GET / HTTP/1.1" 200 4286 "-" "Mozilla/5.0 (Macintosh; Intel Mac OS X 10_12_5) AppleWebKit/603.2.4 (KHTML, like Gecko) Version/10.1.1 Safari/603.2.4"
135.181.17.151 - - [05/Jan/2025:08:35:10 +0100] "GET /impressum.html HTTP/1.1" 200 5433 "http://www.witerra-bau.de/" "Mozilla/5.0 (Macintosh; Intel Mac OS X 10_12_5) AppleWebKit/603.2.4 (KHTML, like Gecko) Version/10.1.1 Safari/603.2.4"
134.122.21.92 - - [05/Jan/2025:10:06:54 +0100] "GET / HTTP/1.1" 200 4286 "-" "Mozilla/5.0 (X11; Linux x86_64) AppleWebKit/535.11 (KHTML, like Gecko) Ubuntu/Chrome/63.0.3239.84 Safari/537.36"
52.167.144.59 - - [05/Jan/2025:11:24:26 +0100] "GET /robots.txt HTTP/1.1" 404 - "-" "Mozilla/5.0 AppleWebKit/537.36 (KHTML, like Gecko; compatible; bingbot/2.0; +http://www.bing.com/bingbot.htm) Chrome/116.0.1938.76 Safari/537.36"
52.167.144.171 - - [05/Jan/2025:11:24:34 +0100] "GET /sitemaps.xml HTTP/1.1" 404 - "-" "Mozilla/5.0 AppleWebKit/537.36 (KHTML, like Gecko; compatible; bingbot/2.0; +http://www.bing.com/bingbot.htm) Chrome/116.0.1938.76 Safari/537.36"
66.249.66.76 - - [05/Jan/2025:11:50:33 +0100] "GET /robots.txt HTTP/1.1" 404 - "-" "Mozilla/5.0 (compatible; Googlebot/2.1; +http://www.google.com/bot.html)"
66.249.66.76 - - [05/Jan/2025:11:50:33 +0100] "GET /log/2021/08 HTTP/1.1" 404 - "-" "Mozilla/5.0 (Linux; Android 6.0.1; Nexus 5X Build/MMB29P) AppleWebKit/537.36 (KHTML, like Gecko) Chrome/131.0.6778.139 Mobile Safari/537.36 (compatible; Googlebot/2.1; +http://www.google.com/bot.html)"
213.83.37.145 - - [05/Jan/2025:11:53:24 +0100] "HEAD / HTTP/1.1" 200 - "-" "Mozilla/5.0 (Windows NT 6.1; rv:39.0) Gecko/20180101 Firefox/39.0"
213.83.37.145 - - [05/Jan/2025:11:53:24 +0100] "HEAD / HTTP/1.1" 200 - "-" "Mozilla/5.0 (Windows NT 6.1; rv:39.0) Gecko/20180101 Firefox/39.0"
213.83.37.145 - - [05/Jan/2025:11:53:24 +0100] "HEAD / HTTP/1.1" 200 - "-" "Mozilla/5.0 (Windows NT 6.1; rv:39.0) Gecko/20180101 Firefox/39.0"
213.83.37.145 - - [05/Jan/2025:11:53:24 +0100] "HEAD / HTTP/1.1" 200 - "-" "Mozilla/5.0 (Windows NT 6.1; rv:39.0) Gecko/20180101 Firefox/39.0"
40.77.167.42 - - [05/Jan/2025:12:23:51 +0100] "GET /sitemaps.xml HTTP/1.1" 404 - "-" "Mozilla/5.0 AppleWebKit/537.36 (KHTML, like Gecko; compatible; bingbot/2.0; +http://www.bing.com/bingbot.htm) Chrome/116.0.1938.76 Safari/537.36"
66.249.66.76 - - [05/Jan/2025:12:59:47 +0100] "GET /log/2024/06 HTTP/1.1" 404 - "-" "Mozilla/5.0 (Linux; Android 6.0.1; Nexus 5X Build/MMB29P) AppleWebKit/537.36 (KHTML, like Gecko) Chrome/131.0.6778.139 Mobile Safari/537.36 (compatible; Googlebot/2.1; +http://www.google.com/bot.html)"
157.55.39.193 - - [05/Jan/2025:17:02:00 +0100] "GET / HTTP/1.1" 200 4286 "-" "Mozilla/5.0 AppleWebKit/537.36 (KHTML, like Gecko; compatible; bingbot/2.0; +http://www.bing.com/bingbot.htm) Chrome/116.0.1938.76 Safari/537.36"
51.141.83.21 - - [05/Jan/2025:19:03:45 +0100] "GET / HTTP/1.1" 200 4286 "-" "Mozilla/5.0 (Windows NT 10.0; Win64; x64) AppleWebKit/537.36 (KHTML, like Gecko) Chrome/122.0.0.0 Safari/537.36 Edg/122.0.0.0"
66.249.66.75 - - [05/Jan/2025:20:49:13 +0100] "GET / HTTP/1.1" 200 4286 "-" "Mozilla/5.0 (Linux; Android 6.0.1; Nexus 5X Build/MMB29P) AppleWebKit/537.36 (KHTML, like Gecko) Chrome/131.0.6778.139 Mobile Safari/537.36 (compatible; Googlebot/2.1; +http://www.google.com/bot.html)"
66.249.66.76 - - [05/Jan/2025:20:49:15 +0100] "GET /js/libs/modernizr-2.5.3.min.js HTTP/1.1" 200 15274 "http://www.witerra-bau.de/" "Mozilla/5.0 (Linux; Android 6.0.1; Nexus 5X Build/MMB29P) AppleWebKit/537.36 (KHTML, like Gecko) Chrome/131.0.6778.139 Mobile Safari/537.36 (compatible; Googlebot/2.1; +http://www.google.com/bot.html)"
17.241.227.188 - - [06/Jan/2025:06:25:43 +0100] "GET / HTTP/1.1" 200 4286 "-" "Mozilla/5.0 (Macintosh; Intel Mac OS X 10_15_7) AppleWebKit/605.1.15 (KHTML, like Gecko) Version/17.4 Safari/605.1.15 (Applebot/0.1; +http://www.apple.com/go/applebot)"
195.191.219.130 - - [06/Jan/2025:09:28:25 +0100] "GET /robots.txt HTTP/1.1" 404 - "-" "Mozilla/5.0 (compatible; MJ12bot/v1.4.8; http://mj12bot.com/)"
195.191.219.130 - - [06/Jan/2025:09:28:27 +0100] "GET / HTTP/1.1" 200 4286 "-" "Mozilla/5.0 (compatible; MJ12bot/v1.4.8; http://mj12bot.com/)"
66.249.66.76 - - [06/Jan/2025:11:39:39 +0100] "GET /robots.txt HTTP/1.1" 404 - "-" "Mozilla/5.0 (compatible; Googlebot/2.1; +http://www.google.com/bot.html)"
66.249.66.76 - - [06/Jan/2025:11:39:39 +0100] "GET /user/web52_witerra HTTP/1.1" 404 - "-" "Mozilla/5.0 (Linux; Android 6.0.1; Nexus 5X Build/MMB29P) AppleWebKit/537.36 (KHTML, like Gecko) Chrome/131.0.6778.139 Mobile Safari/537.36 (compatible; GoogleOther)"
159.89.24.137 - - [06/Jan/2025:13:29:10 +0100] "GET / HTTP/1.1" 200 4286 "-" "Mozilla/5.0 (Macintosh; Intel Mac OS X 10_15_7) AppleWebKit/537.36 (KHTML, like Gecko) Chrome/114.0.0.0 Safari/537.36"
159.89.24.137 - - [06/Jan/2025:13:29:10 +0100] "GET /index.html HTTP/1.1" 200 4286 "-" "Mozilla/5.0 (Macintosh; Intel Mac OS X 10_15_7) AppleWebKit/537.36 (KHTML, like Gecko) Chrome/114.0.0.0 Safari/537.36"
159.89.24.137 - - [06/Jan/2025:13:29:10 +0100] "GET /referenzen.html HTTP/1.1" 200 3962 "-" "Mozilla/5.0 (Macintosh; Intel Mac OS X 10_15_7) AppleWebKit/537.36 (KHTML, like Gecko) Chrome/112.0.0.0 Safari/537.36"
159.89.24.137 - - [06/Jan/2025:13:29:10 +0100] "GET /uns.html HTTP/1.1" 200 3735 "-" "Mozilla/5.0 (Windows NT 10.0; Win64; x64) AppleWebKit/537.36 (KHTML, like Gecko) Chrome/114.0.0.0 Safari/537.36"
159.89.24.137 - - [06/Jan/2025:13:29:10 +0100] "GET /leistungen.html HTTP/1.1" 200 3736 "-" "Mozilla/5.0 (Macintosh; Intel Mac OS X 10_15_7) AppleWebKit/537.36 (KHTML, like Gecko) Chrome/114.0.0.0 Safari/537.36"
159.89.24.137 - - [06/Jan/2025:13:29:10 +0100] "GET /partner.html HTTP/1.1" 200 4178 "-" "Mozilla/5.0 (Macintosh; Intel Mac OS X 10_15_7) AppleWebKit/605.1.15 (KHTML, like Gecko) Version/15.4 Safari/605.1.15"
159.89.24.137 - - [06/Jan/2025:13:29:10 +0100] "GET /kontakt.html HTTP/1.1" 200 5104 "-" "Mozilla/5.0 (Macintosh; Intel Mac OS X 10_15_7) AppleWebKit/537.36 (KHTML, like Gecko) Chrome/114.0.0.0 Safari/537.36"
159.89.24.137 - - [06/Jan/2025:13:29:10 +0100] "GET /impressum.html HTTP/1.1" 200 5433 "-" "Mozilla/5.0 (Windows NT 10.0; Win64; x64) AppleWebKit/537.36 (KHTML, like Gecko) Chrome/114.0.0.0 Safari/537.36 Edg/114.0.1823.51"
18.117.133.186 - - [06/Jan/2025:18:26:41 +0100] "GET /.git/config HTTP/1.1" 404 - "-" "Mozilla/5.0 (Windows NT 10.0; WOW64) AppleWebKit/537.36 (KHTML, like Gecko) Chrome/75.0.3770.143 YaBrowser/19.7.2.455 Yowser/2.5 Safari/537.36"
34.42.243.148 - - [07/Jan/2025:02:29:12 +0100] "GET / HTTP/1.1" 200 4286 "http://www.google.com/" "Mozilla/5.0 (X11; Linux x86_64) AppleWebKit/537.36 (KHTML, like Gecko) Chrome/85.0.4183.121 Safari/537.36"
34.42.243.148 - - [07/Jan/2025:02:29:12 +0100] "GET /impressum.html HTTP/1.1" 200 5433 "http://www.google.com/" "Mozilla/5.0 (X11; Linux x86_64) AppleWebKit/537.36 (KHTML, like Gecko) Chrome/85.0.4183.121 Safari/537.36"
34.42.243.148 - - [07/Jan/2025:02:29:13 +0100] "GET /kontakt.html HTTP/1.1" 200 5104 "http://www.google.com/" "Mozilla/5.0 (X11; Linux x86_64) AppleWebKit/537.36 (KHTML, like Gecko) Chrome/85.0.4183.121 Safari/537.36"
114.119.136.155 - - [07/Jan/2025:02:45:15 +0100] "GET /robots.txt HTTP/1.1" 404 - "-" "Mozilla/5.0 (compatible;PetalBot;+https://webmaster.petalsearch.com/site/petalbot)"
114.119.146.77 - - [07/Jan/2025:02:45:17 +0100] "GET /robots.txt HTTP/1.1" 404 - "-" "Mozilla/5.0 (compatible;PetalBot;+https://webmaster.petalsearch.com/site/petalbot)"
17.241.227.135 - - [07/Jan/2025:06:25:32 +0100] "GET /robots.txt HTTP/1.1" 404 - "-" "Mozilla/5.0 (Macintosh; Intel Mac OS X 10_15_7) AppleWebKit/605.1.15 (KHTML, like Gecko) Version/17.4 Safari/605.1.15 (Applebot/0.1; +http://www.apple.com/go/applebot)"
17.241.227.135 - - [07/Jan/2025:06:25:32 +0100] "GET / HTTP/1.1" 200 4286 "-" "Mozilla/5.0 (Macintosh; Intel Mac OS X 10_15_7) AppleWebKit/605.1.15 (KHTML, like Gecko) Version/17.4 Safari/605.1.15 (Applebot/0.1; +http://www.apple.com/go/applebot)"
45.15.17.3 - - [07/Jan/2025:07:28:33 +0100] "GET / HTTP/1.1" 200 4286 "-" "Mozilla/5.0 (Macintosh; Intel Mac OS X 10_15_7) AppleWebKit/537.36 (KHTML, like Gecko) Chrome/96.0.4664.110 Safari/537.36"
45.15.17.3 - - [07/Jan/2025:07:28:34 +0100] "GET / HTTP/1.1" 200 4286 "-" "Mozilla/5.0 (Macintosh; Intel Mac OS X 11_0_0) AppleWebKit/537.36 (KHTML, like Gecko) Chrome/87.0.4280.88 Safari/537.36"
45.15.17.3 - - [07/Jan/2025:07:28:37 +0100] "GET /js/libs/modernizr-2.5.3.min.js HTTP/1.1" 200 15274 "http://www.witerra-bau.de/" "Mozilla/5.0 (Macintosh; Intel Mac OS X 11_0_0) AppleWebKit/537.36 (KHTML, like Gecko) Chrome/87.0.4280.88 Safari/537.36"
45.15.17.3 - - [07/Jan/2025:07:28:37 +0100] "GET /js/plugins.js HTTP/1.1" 200 898 "http://www.witerra-bau.de/" "Mozilla/5.0 (Macintosh; Intel Mac OS X 11_0_0) AppleWebKit/537.36 (KHTML, like Gecko) Chrome/87.0.4280.88 Safari/537.36"
45.15.17.3 - - [07/Jan/2025:07:28:40 +0100] "GET /js/libs/jquery-1.7.1.min.js HTTP/1.1" 200 93867 "http://www.witerra-bau.de/" "Mozilla/5.0 (Macintosh; Intel Mac OS X 11_0_0) AppleWebKit/537.36 (KHTML, like Gecko) Chrome/87.0.4280.88 Safari/537.36"
52.167.144.59 - - [07/Jan/2025:12:31:20 +0100] "GET /robots.txt HTTP/1.1" 404 - "-" "Mozilla/5.0 AppleWebKit/537.36 (KHTML, like Gecko; compatible; bingbot/2.0; +http://www.bing.com/bingbot.htm) Chrome/116.0.1938.76 Safari/537.36"
40.77.167.15 - - [07/Jan/2025:12:31:29 +0100] "GET /sitemaps.xml HTTP/1.1" 404 - "-" "Mozilla/5.0 AppleWebKit/537.36 (KHTML, like Gecko; compatible; bingbot/2.0; +http://www.bing.com/bingbot.htm) Chrome/116.0.1938.76 Safari/537.36"
66.249.77.1 - - [07/Jan/2025:13:19:50 +0100] "GET /robots.txt HTTP/1.1" 404 - "-" "Mozilla/5.0 (compatible; Googlebot/2.1; +http://www.google.com/bot.html)"
66.249.77.1 - - [07/Jan/2025:13:19:51 +0100] "GET /log/2023 HTTP/1.1" 404 - "-" "Mozilla/5.0 (Linux; Android 6.0.1; Nexus 5X Build/MMB29P) AppleWebKit/537.36 (KHTML, like Gecko) Chrome/131.0.6778.139 Mobile Safari/537.36 (compatible; Googlebot/2.1; +http://www.google.com/bot.html)"
52.167.144.163 - - [07/Jan/2025:13:35:29 +0100] "GET /sitemaps.xml HTTP/1.1" 404 - "-" "Mozilla/5.0 AppleWebKit/537.36 (KHTML, like Gecko; compatible; bingbot/2.0; +http://www.bing.com/bingbot.htm) Chrome/116.0.1938.76 Safari/537.36"
54.36.121.9 - - [07/Jan/2025:13:58:19 +0100] "GET / HTTP/1.1" 200 4286 "-" "Mozilla/5.0 (Windows NT 10.0; Win64; x64) AppleWebKit/537.36 (KHTML, like Gecko) Chrome/121.0.0.0 Safari/537.36 Edg/121.0.0.0"
52.167.144.141 - - [07/Jan/2025:16:48:31 +0100] "GET /impressum.html HTTP/1.1" 200 5433 "-" "Mozilla/5.0 AppleWebKit/537.36 (KHTML, like Gecko; compatible; bingbot/2.0; +http://www.bing.com/bingbot.htm) Chrome/116.0.1938.76 Safari/537.36"
66.249.68.33 - - [07/Jan/2025:17:08:18 +0100] "GET /log/2020 HTTP/1.1" 404 - "-" "Mozilla/5.0 (Linux; Android 6.0.1; Nexus 5X Build/MMB29P) AppleWebKit/537.36 (KHTML, like Gecko) Chrome/131.0.6778.139 Mobile Safari/537.36 (compatible; Googlebot/2.1; +http://www.google.com/bot.html)"
66.249.79.35 - - [07/Jan/2025:18:38:18 +0100] "GET / HTTP/1.1" 200 4286 "-" "Mozilla/5.0 (Linux; Android 6.0.1; Nexus 5X Build/MMB29P) AppleWebKit/537.36 (KHTML, like Gecko) Chrome/131.0.6778.139 Mobile Safari/537.36 (compatible; Googlebot/2.1; +http://www.google.com/bot.html)"
66.249.79.8 - - [07/Jan/2025:18:38:21 +0100] "GET /css/style.css HTTP/1.1" 200 1702 "http://www.witerra-bau.de/" "Mozilla/5.0 (Linux; Android 6.0.1; Nexus 5X Build/MMB29P) AppleWebKit/537.36 (KHTML, like Gecko) Chrome/131.0.6778.139 Mobile Safari/537.36 (compatible; Googlebot/2.1; +http://www.google.com/bot.html)"
66.203.247.125 - - [07/Jan/2025:18:54:55 +0100] "GET / HTTP/1.1" 200 4286 "-" "Mozilla/5.0 (Macintosh; Intel Mac OS X 10_15_7) AppleWebKit/537.36 (KHTML, like Gecko) Chrome/126.0.0.0 Safari/537.36"
66.203.240.3 - - [07/Jan/2025:18:54:55 +0100] "GET / HTTP/1.1" 200 4286 "-" "Mozilla/5.0 (iPhone; CPU iPhone OS 16_6 like Mac OS X) AppleWebKit/605.1.15 (KHTML, like Gecko) Mobile/15E148 Safari/602.1"
51.222.253.13 - - [07/Jan/2025:19:26:54 +0100] "GET /robots.txt HTTP/1.1" 404 - "-" "Mozilla/5.0 (compatible; AhrefsBot/7.0; +http://ahrefs.com/robot/)"
54.36.148.16 - - [07/Jan/2025:19:26:55 +0100] "GET / HTTP/1.1" 200 4286 "-" "Mozilla/5.0 (compatible; AhrefsBot/7.0; +http://ahrefs.com/robot/)"
66.249.79.200 - - [07/Jan/2025:23:44:37 +0100] "GET /log/2022/10 HTTP/1.1" 404 - "-" "Mozilla/5.0 (Linux; Android 6.0.1; Nexus 5X Build/MMB29P) AppleWebKit/537.36 (KHTML, like Gecko) Chrome/131.0.6778.204 Mobile Safari/537.36 (compatible; Googlebot/2.1; +http://www.google.com/bot.html)"
209.38.106.37 - - [08/Jan/2025:02:44:59 +0100] "GET / HTTP/1.1" 200 4286 "-" "Mozilla/5.0 (compatible)"
209.38.106.37 - - [08/Jan/2025:02:44:59 +0100] "GET /favicon.ico HTTP/1.1" 200 539038 "http://www.witerra-bau.de/" "Mozilla/5.0 (compatible)"
209.38.106.37 - - [08/Jan/2025:02:44:59 +0100] "GET /ads.txt HTTP/1.1" 404 - "-" "Mozilla/5.0 (compatible)"
62.141.44.236 - - [08/Jan/2025:03:30:46 +0100] "GET / HTTP/1.1" 200 4286 "-" "Mozilla/5.0 (Windows NT 10.0; Win64; x64) AppleWebKit/537.36 (KHTML, like Gecko) Chrome/91.0.4472.114 Safari/537.36 Edg/91.0.864.54"
17.241.75.216 - - [08/Jan/2025:06:26:55 +0100] "GET /robots.txt HTTP/1.1" 404 - "-" "Mozilla/5.0 (Macintosh; Intel Mac OS X 10_15_7) AppleWebKit/605.1.15 (KHTML, like Gecko) Version/17.4 Safari/605.1.15 (Applebot/0.1; +http://www.apple.com/go/applebot)"
17.241.75.216 - - [08/Jan/2025:06:26:55 +0100] "GET / HTTP/1.1" 200 4286 "-" "Mozilla/5.0 (Macintosh; Intel Mac OS X 10_15_7) AppleWebKit/605.1.15 (KHTML, like Gecko) Version/17.4 Safari/605.1.15 (Applebot/0.1; +http://www.apple.com/go/applebot)"
17.241.75.87 - - [08/Jan/2025:11:10:01 +0100] "GET / HTTP/1.1" 200 4286 "-" "Mozilla/5.0 (Macintosh; Intel Mac OS X 10_15_7) AppleWebKit/605.1.15 (KHTML, like Gecko) Version/17.4 Safari/605.1.15 (Applebot/0.1; +http://www.apple.com/go/applebot)"
40.77.167.14 - - [08/Jan/2025:11:19:24 +0100] "GET /sitemap_index.xml HTTP/1.1" 404 - "-" "Mozilla/5.0 AppleWebKit/537.36 (KHTML, like Gecko; compatible; bingbot/2.0; +http://www.bing.com/bingbot.htm) Chrome/116.0.1938.76 Safari/537.36"
178.13.119.98 - - [08/Jan/2025:11:35:45 +0100] "GET / HTTP/1.1" 200 4286 "https://www.google.com/" "Mozilla/5.0 (Windows NT 6.3; Win64; x64; rv:109.0) Gecko/20100101 Firefox/115.0"
178.13.119.98 - - [08/Jan/2025:11:35:45 +0100] "GET /css/style.css HTTP/1.1" 200 1702 "http://www.witerra-bau.de/" "Mozilla/5.0 (Windows NT 6.3; Win64; x64; rv:109.0) Gecko/20100101 Firefox/115.0"
178.13.119.98 - - [08/Jan/2025:11:35:45 +0100] "GET /js/libs/modernizr-2.5.3.min.js HTTP/1.1" 200 15274 "http://www.witerra-bau.de/" "Mozilla/5.0 (Windows NT 6.3; Win64; x64; rv:109.0) Gecko/20100101 Firefox/115.0"
178.13.119.98 - - [08/Jan/2025:11:35:45 +0100] "GET /js/plugins.js HTTP/1.1" 200 898 "http://www.witerra-bau.de/" "Mozilla/5.0 (Windows NT 6.3; Win64; x64; rv:109.0) Gecko/20100101 Firefox/115.0"
178.13.119.98 - - [08/Jan/2025:11:35:45 +0100] "GET /images/bilder.png HTTP/1.1" 200 175856 "http://www.witerra-bau.de/" "Mozilla/5.0 (Windows NT 6.3; Win64; x64; rv:109.0) Gecko/20100101 Firefox/115.0"
178.13.119.98 - - [08/Jan/2025:11:35:45 +0100] "GET /images/header.png HTTP/1.1" 200 27758 "http://www.witerra-bau.de/css/style.css" "Mozilla/5.0 (Windows NT 6.3; Win64; x64; rv:109.0) Gecko/20100101 Firefox/115.0"
