208.115.111.74 - - [11/Jun/2015:22:38:07 +0200] "GET /robots.txt HTTP/1.1" 404 - "-" "Mozilla/5.0 (compatible; DotBot/1.1; http://www.opensiteexplorer.org/dotbot, help@moz.com)"
208.115.111.74 - - [11/Jun/2015:23:22:41 +0200] "GET /leistungen.html HTTP/1.1" 200 3736 "-" "Mozilla/5.0 (compatible; DotBot/1.1; http://www.opensiteexplorer.org/dotbot, help@moz.com)"
220.181.108.89 - - [12/Jun/2015:13:12:00 +0200] "GET / HTTP/1.1" 200 4286 "-" "Mozilla/5.0 (compatible; Baiduspider/2.0; +http://www.baidu.com/search/spider.html)"
123.125.71.91 - - [12/Jun/2015:13:31:01 +0200] "GET / HTTP/1.1" 200 4286 "-" "Mozilla/5.0 (Windows NT 5.1; rv:6.0.2) Gecko/20100101 Firefox/6.0.2"
91.235.236.104 - - [12/Jun/2015:16:14:47 +0200] "GET /impressum.html HTTP/1.1" 200 5433 "http://www.witerra-bau.de/impressum.html" "Mozilla/5.0 (Windows NT 6.1; WOW64; Trident/7.0; rv:11.0) like Gecko"
91.235.236.104 - - [12/Jun/2015:16:14:47 +0200] "GET /impressum.html HTTP/1.1" 200 5433 "http://www.google.de/url?sa=t&rct=j&q=&esrc=s&source=web&cd=1&ved=0CCMQFjAAahUKEwjVwI29q4rGAhULVywKHZsiAFg&url=http%3A%2F%2Fwww.witerra-bau.de%2Fimpressum.html&ei=Hul6VdW5NYuusQGbxYDABQ&usg=AFQjCNE4aTIFvP6UqNbn2CeA0tG1IVDFeA&bvm=bv.95515949,d.bGg" "Mozilla/5.0 (Windows NT 6.1; WOW64; Trident/7.0; rv:11.0) like Gecko"
91.235.236.104 - - [12/Jun/2015:16:14:47 +0200] "GET /css/style.css HTTP/1.1" 200 1702 "http://www.witerra-bau.de/impressum.html" "Mozilla/5.0 (Windows NT 6.1; WOW64; Trident/7.0; rv:11.0) like Gecko"
91.235.236.104 - - [12/Jun/2015:16:14:47 +0200] "GET /js/libs/modernizr-2.5.3.min.js HTTP/1.1" 200 15274 "http://www.witerra-bau.de/impressum.html" "Mozilla/5.0 (Windows NT 6.1; WOW64; Trident/7.0; rv:11.0) like Gecko"
91.235.236.104 - - [12/Jun/2015:16:14:47 +0200] "GET /js/plugins.js HTTP/1.1" 200 898 "http://www.witerra-bau.de/impressum.html" "Mozilla/5.0 (Windows NT 6.1; WOW64; Trident/7.0; rv:11.0) like Gecko"
91.235.236.104 - - [12/Jun/2015:16:14:47 +0200] "GET /images/footer.png HTTP/1.1" 200 518 "http://www.witerra-bau.de/impressum.html" "Mozilla/5.0 (Windows NT 6.1; WOW64; Trident/7.0; rv:11.0) like Gecko"
91.235.236.104 - - [12/Jun/2015:16:14:47 +0200] "GET /images/textfeld.png HTTP/1.1" 200 1758 "http://www.witerra-bau.de/impressum.html" "Mozilla/5.0 (Windows NT 6.1; WOW64; Trident/7.0; rv:11.0) like Gecko"
91.235.236.104 - - [12/Jun/2015:16:14:47 +0200] "GET /images/header.png HTTP/1.1" 200 27758 "http://www.witerra-bau.de/impressum.html" "Mozilla/5.0 (Windows NT 6.1; WOW64; Trident/7.0; rv:11.0) like Gecko"
208.115.111.74 - - [12/Jun/2015:18:44:15 +0200] "GET /robots.txt HTTP/1.1" 404 - "-" "Mozilla/5.0 (compatible; DotBot/1.1; http://www.opensiteexplorer.org/dotbot, help@moz.com)"
208.115.111.74 - - [12/Jun/2015:19:31:21 +0200] "GET /index.html HTTP/1.1" 200 4286 "-" "Mozilla/5.0 (compatible; DotBot/1.1; http://www.opensiteexplorer.org/dotbot, help@moz.com)"
208.115.111.74 - - [12/Jun/2015:20:46:05 +0200] "GET /robots.txt HTTP/1.1" 404 - "-" "Mozilla/5.0 (compatible; DotBot/1.1; http://www.opensiteexplorer.org/dotbot, help@moz.com)"
208.115.111.74 - - [12/Jun/2015:21:35:30 +0200] "GET /uns.html HTTP/1.1" 200 3735 "-" "Mozilla/5.0 (compatible; DotBot/1.1; http://www.opensiteexplorer.org/dotbot, help@moz.com)"
213.239.200.53 - - [12/Jun/2015:21:57:16 +0200] "GET /robots.txt HTTP/1.1" 404 - "-" "Mozilla/4.0 (compatible; MSIE 6.0; Windows NT 5.1; SV1; .NET CLR 1.1.4322)"
213.239.200.53 - - [12/Jun/2015:21:57:16 +0200] "GET / HTTP/1.1" 200 4286 "-" "Mozilla/4.0 (compatible; MSIE 6.0; Windows NT 5.1; SV1; .NET CLR 1.1.4322)"
213.239.200.53 - - [12/Jun/2015:21:57:16 +0200] "GET /index.html HTTP/1.1" 200 4286 "http://www.witerra-bau.de/" "Mozilla/4.0 (compatible; MSIE 6.0; Windows NT 5.1; SV1; .NET CLR 1.1.4322)"
213.239.200.53 - - [12/Jun/2015:21:57:16 +0200] "GET /impressum.html HTTP/1.1" 200 5433 "http://www.witerra-bau.de/" "Mozilla/4.0 (compatible; MSIE 6.0; Windows NT 5.1; SV1; .NET CLR 1.1.4322)"
213.239.200.53 - - [12/Jun/2015:21:57:16 +0200] "GET /kontakt.html HTTP/1.1" 200 5104 "http://www.witerra-bau.de/" "Mozilla/4.0 (compatible; MSIE 6.0; Windows NT 5.1; SV1; .NET CLR 1.1.4322)"
213.239.200.53 - - [12/Jun/2015:21:57:16 +0200] "GET /partner.html HTTP/1.1" 200 4178 "http://www.witerra-bau.de/" "Mozilla/4.0 (compatible; MSIE 6.0; Windows NT 5.1; SV1; .NET CLR 1.1.4322)"
213.239.200.53 - - [12/Jun/2015:21:57:16 +0200] "GET /referenzen.html HTTP/1.1" 200 3962 "http://www.witerra-bau.de/" "Mozilla/4.0 (compatible; MSIE 6.0; Windows NT 5.1; SV1; .NET CLR 1.1.4322)"
213.239.200.53 - - [12/Jun/2015:21:57:16 +0200] "GET /leistungen.html HTTP/1.1" 200 3736 "http://www.witerra-bau.de/" "Mozilla/4.0 (compatible; MSIE 6.0; Windows NT 5.1; SV1; .NET CLR 1.1.4322)"
213.239.200.53 - - [12/Jun/2015:21:57:16 +0200] "GET /uns.html HTTP/1.1" 200 3735 "http://www.witerra-bau.de/" "Mozilla/4.0 (compatible; MSIE 6.0; Windows NT 5.1; SV1; .NET CLR 1.1.4322)"
157.55.39.131 - - [13/Jun/2015:05:38:19 +0200] "GET /robots.txt HTTP/1.1" 404 - "-" "Mozilla/5.0 (compatible; bingbot/2.0; +http://www.bing.com/bingbot.htm)"
157.55.39.131 - - [13/Jun/2015:05:39:00 +0200] "GET /uns.html HTTP/1.1" 200 3735 "-" "Mozilla/5.0 (compatible; bingbot/2.0; +http://www.bing.com/bingbot.htm)"
157.55.39.49 - - [13/Jun/2015:05:39:53 +0200] "GET /impressum.html HTTP/1.1" 200 5433 "-" "Mozilla/5.0 (compatible; bingbot/2.0; +http://www.bing.com/bingbot.htm)"
157.55.39.188 - - [13/Jun/2015:05:50:35 +0200] "GET / HTTP/1.1" 200 4286 "-" "Mozilla/5.0 (compatible; bingbot/2.0; +http://www.bing.com/bingbot.htm)"
66.249.67.250 - - [13/Jun/2015:06:04:56 +0200] "GET /robots.txt HTTP/1.1" 404 - "-" "Mozilla/5.0 (compatible; Googlebot/2.1; +http://www.google.com/bot.html)"
66.249.78.137 - - [13/Jun/2015:06:04:56 +0200] "GET /impressum.html HTTP/1.1" 200 5433 "-" "Mozilla/5.0 (iPhone; CPU iPhone OS 6_0 like Mac OS X) AppleWebKit/536.26 (KHTML, like Gecko) Version/6.0 Mobile/10A5376e Safari/8536.25 (compatible; Googlebot/2.1; +http://www.google.com/bot.html)"
66.249.67.16 - - [13/Jun/2015:06:09:43 +0200] "GET /css/style.css HTTP/1.1" 200 1702 "-" "Mozilla/5.0 (compatible; Googlebot/2.1; +http://www.google.com/bot.html)"
66.249.78.130 - - [13/Jun/2015:10:05:00 +0200] "GET / HTTP/1.1" 200 4286 "-" "Mozilla/5.0 (iPhone; CPU iPhone OS 6_0 like Mac OS X) AppleWebKit/536.26 (KHTML, like Gecko) Version/6.0 Mobile/10A5376e Safari/8536.25 (compatible; Googlebot/2.1; +http://www.google.com/bot.html)"
123.125.71.109 - - [13/Jun/2015:10:50:38 +0200] "GET / HTTP/1.1" 200 4286 "-" "Mozilla/5.0 (compatible; Baiduspider/2.0; +http://www.baidu.com/search/spider.html)"
123.125.71.75 - - [13/Jun/2015:10:50:48 +0200] "GET /js/libs/jquery-1.7.1.min.js HTTP/1.1" 200 93867 "http://www.witerra-bau.de/" "Mozilla/5.0 (compatible; Baiduspider/2.0; +http://www.baidu.com/search/spider.html)"
208.115.113.93 - - [13/Jun/2015:11:53:04 +0200] "GET /robots.txt HTTP/1.1" 404 - "-" "Mozilla/5.0 (compatible; DotBot/1.1; http://www.opensiteexplorer.org/dotbot, help@moz.com)"
208.115.113.93 - - [13/Jun/2015:12:03:55 +0200] "GET / HTTP/1.1" 200 4286 "-" "Mozilla/5.0 (compatible; DotBot/1.1; http://www.opensiteexplorer.org/dotbot, help@moz.com)"
208.115.111.74 - - [13/Jun/2015:14:50:22 +0200] "GET /robots.txt HTTP/1.1" 404 - "-" "Mozilla/5.0 (compatible; DotBot/1.1; http://www.opensiteexplorer.org/dotbot, help@moz.com)"
208.115.111.74 - - [13/Jun/2015:15:40:49 +0200] "GET /kontakt.html HTTP/1.1" 200 5104 "-" "Mozilla/5.0 (compatible; DotBot/1.1; http://www.opensiteexplorer.org/dotbot, help@moz.com)"
66.249.78.123 - - [13/Jun/2015:22:20:04 +0200] "GET /robots.txt HTTP/1.1" 404 - "-" "Mozilla/5.0 (compatible; Googlebot/2.1; +http://www.google.com/bot.html)"
66.249.78.130 - - [13/Jun/2015:22:20:05 +0200] "GET /partner.html HTTP/1.1" 304 - "-" "Mozilla/5.0 (compatible; Googlebot/2.1; +http://www.google.com/bot.html)"
84.205.15.200 - - [14/Jun/2015:00:04:00 +0200] "GET /impressum.html HTTP/1.1" 200 5433 "http://www.google.pl/url?sa=t&rct=j&q=&esrc=s&source=web&cd=1&ved=0CC0QFjAAahUKEwjBl7eR1o3GAhVm8HIKHYgvAMI&url=http%3A%2F%2Fwww.witerra-bau.de%2Fimpressum.html&ei=gah8VYHTDebgywOI34CQDA&usg=AFQjCNE4aTIFvP6UqNbn2CeA0tG1IVDFeA&bvm=bv.95515949,d.bGQ" "Mozilla/5.0 (Windows NT 6.1; WOW64; rv:38.0) Gecko/20100101 Firefox/38.0"
84.205.15.200 - - [14/Jun/2015:00:04:00 +0200] "GET /css/style.css HTTP/1.1" 200 1702 "http://www.witerra-bau.de/impressum.html" "Mozilla/5.0 (Windows NT 6.1; WOW64; rv:38.0) Gecko/20100101 Firefox/38.0"
84.205.15.200 - - [14/Jun/2015:00:04:00 +0200] "GET /js/libs/modernizr-2.5.3.min.js HTTP/1.1" 200 15274 "http://www.witerra-bau.de/impressum.html" "Mozilla/5.0 (Windows NT 6.1; WOW64; rv:38.0) Gecko/20100101 Firefox/38.0"
84.205.15.200 - - [14/Jun/2015:00:04:00 +0200] "GET /js/plugins.js HTTP/1.1" 200 898 "http://www.witerra-bau.de/impressum.html" "Mozilla/5.0 (Windows NT 6.1; WOW64; rv:38.0) Gecko/20100101 Firefox/38.0"
84.205.15.200 - - [14/Jun/2015:00:04:01 +0200] "GET /images/textfeld.png HTTP/1.1" 200 1758 "http://www.witerra-bau.de/css/style.css" "Mozilla/5.0 (Windows NT 6.1; WOW64; rv:38.0) Gecko/20100101 Firefox/38.0"
84.205.15.200 - - [14/Jun/2015:00:04:01 +0200] "GET /images/footer.png HTTP/1.1" 200 518 "http://www.witerra-bau.de/css/style.css" "Mozilla/5.0 (Windows NT 6.1; WOW64; rv:38.0) Gecko/20100101 Firefox/38.0"
84.205.15.200 - - [14/Jun/2015:00:04:01 +0200] "GET /images/header.png HTTP/1.1" 200 27758 "http://www.witerra-bau.de/css/style.css" "Mozilla/5.0 (Windows NT 6.1; WOW64; rv:38.0) Gecko/20100101 Firefox/38.0"
84.205.15.200 - - [14/Jun/2015:00:04:02 +0200] "GET /favicon.ico HTTP/1.1" 200 539038 "-" "Mozilla/5.0 (Windows NT 6.1; WOW64; rv:38.0) Gecko/20100101 Firefox/38.0"
84.205.15.200 - - [14/Jun/2015:00:04:31 +0200] "GET /uns.html HTTP/1.1" 200 3735 "http://www.witerra-bau.de/impressum.html" "Mozilla/5.0 (Windows NT 6.1; WOW64; rv:38.0) Gecko/20100101 Firefox/38.0"
84.205.15.200 - - [14/Jun/2015:00:04:36 +0200] "GET /referenzen.html HTTP/1.1" 200 3962 "http://www.witerra-bau.de/uns.html" "Mozilla/5.0 (Windows NT 6.1; WOW64; rv:38.0) Gecko/20100101 Firefox/38.0"
84.205.15.200 - - [14/Jun/2015:00:04:37 +0200] "GET /leistungen.html HTTP/1.1" 200 3736 "http://www.witerra-bau.de/referenzen.html" "Mozilla/5.0 (Windows NT 6.1; WOW64; rv:38.0) Gecko/20100101 Firefox/38.0"
66.249.78.130 - - [14/Jun/2015:01:24:50 +0200] "GET /partner.html HTTP/1.1" 304 - "-" "Mozilla/5.0 (compatible; Googlebot/2.1; +http://www.google.com/bot.html)"
82.208.160.181 - - [14/Jun/2015:02:33:53 +0200] "GET / HTTP/1.1" 200 4286 "-" "User-Agent=Mozilla/5.0 (Macintosh; U; Intel Mac OS X 10.5; en-US; rv:1.9.1.5) Gecko/20091102 Firefox/3.5.7"
82.208.160.181 - - [14/Jun/2015:02:33:54 +0200] "GET /robots.txt HTTP/1.1" 404 - "-" "User-Agent=Mozilla/5.0 (Macintosh; U; Intel Mac OS X 10.5; en-US; rv:1.9.1.5) Gecko/20091102 Firefox/3.5.7"
82.208.160.181 - - [14/Jun/2015:02:33:54 +0200] "GET /kontakt.html HTTP/1.1" 200 5104 "-" "User-Agent=Mozilla/5.0 (Macintosh; U; Intel Mac OS X 10.5; en-US; rv:1.9.1.5) Gecko/20091102 Firefox/3.5.7"
82.208.160.181 - - [14/Jun/2015:02:33:56 +0200] "GET /impressum.html HTTP/1.1" 200 5433 "-" "User-Agent=Mozilla/5.0 (Macintosh; U; Intel Mac OS X 10.5; en-US; rv:1.9.1.5) Gecko/20091102 Firefox/3.5.7"
123.125.71.33 - - [14/Jun/2015:03:21:43 +0200] "GET / HTTP/1.1" 200 4286 "-" "Mozilla/5.0 (Windows NT 5.1; rv:6.0.2) Gecko/20100101 Firefox/6.0.2"
66.249.78.137 - - [14/Jun/2015:03:36:58 +0200] "GET /robots.txt HTTP/1.1" 404 - "-" "Mozilla/5.0 (compatible; Googlebot/2.1; +http://www.google.com/bot.html)"
66.249.78.137 - - [14/Jun/2015:03:36:58 +0200] "GET /impressum.html HTTP/1.1" 200 5433 "-" "Mozilla/5.0 (iPhone; CPU iPhone OS 6_0 like Mac OS X) AppleWebKit/536.26 (KHTML, like Gecko) Version/6.0 Mobile/10A5376e Safari/8536.25 (compatible; Googlebot/2.1; +http://www.google.com/bot.html)"
123.125.71.52 - - [14/Jun/2015:04:24:29 +0200] "GET / HTTP/1.1" 200 4286 "-" "Mozilla/5.0 (Windows NT 5.1; rv:6.0.2) Gecko/20100101 Firefox/6.0.2"
123.125.71.72 - - [14/Jun/2015:07:20:25 +0200] "GET / HTTP/1.1" 200 4286 "-" "Mozilla/5.0 (Windows NT 5.1; rv:6.0.2) Gecko/20100101 Firefox/6.0.2"
157.55.39.96 - - [14/Jun/2015:07:26:09 +0200] "GET /referenzen.html HTTP/1.1" 304 - "-" "Mozilla/5.0 (compatible; bingbot/2.0; +http://www.bing.com/bingbot.htm)"
220.181.108.118 - - [14/Jun/2015:07:28:28 +0200] "GET / HTTP/1.1" 200 4286 "-" "Mozilla/5.0 (Windows NT 5.1; rv:6.0.2) Gecko/20100101 Firefox/6.0.2"
123.125.71.27 - - [14/Jun/2015:11:23:12 +0200] "GET / HTTP/1.1" 200 4286 "-" "Mozilla/5.0 (Windows NT 5.1; rv:6.0.2) Gecko/20100101 Firefox/6.0.2"
220.181.108.85 - - [14/Jun/2015:11:28:10 +0200] "GET / HTTP/1.1" 200 4286 "-" "Mozilla/5.0 (Windows NT 5.1; rv:6.0.2) Gecko/20100101 Firefox/6.0.2"
157.55.39.96 - - [14/Jun/2015:11:59:20 +0200] "GET /uns.html HTTP/1.1" 200 3735 "-" "Mozilla/5.0 (compatible; bingbot/2.0; +http://www.bing.com/bingbot.htm)"
123.125.71.91 - - [14/Jun/2015:14:25:22 +0200] "GET / HTTP/1.1" 200 4286 "-" "Mozilla/5.0 (Windows NT 5.1; rv:6.0.2) Gecko/20100101 Firefox/6.0.2"
123.125.71.28 - - [14/Jun/2015:14:51:42 +0200] "GET /robots.txt HTTP/1.1" 404 - "-" "Mozilla/5.0 (Windows NT 5.1; rv:6.0.2) Gecko/20100101 Firefox/6.0.2"
61.135.190.102 - - [14/Jun/2015:16:02:13 +0200] "GET / HTTP/1.1" 200 4286 "http://www.baidu.com/s?wd=BauunternehmenWITERRAGmbH" "Mozilla/5.0 (iPhone; CPU iPhone OS 5_0 like Mac OS X) AppleWebKit/534.46 (KHTML, like Gecko) Version/5.1 Mobile/9A334 Safari/7534.48.3"
61.135.190.224 - - [14/Jun/2015:16:02:13 +0200] "GET /js/libs/modernizr-2.5.3.min.js HTTP/1.1" 200 15274 "http://www.witerra-bau.de/" "Mozilla/5.0 (iPhone; CPU iPhone OS 5_0 like Mac OS X) AppleWebKit/534.46 (KHTML, like Gecko) Version/5.1 Mobile/9A334 Safari/7534.48.3"
61.135.190.102 - - [14/Jun/2015:16:02:21 +0200] "GET /js/libs/jquery-1.7.1.min.js HTTP/1.1" 200 93867 "http://www.witerra-bau.de/" "Mozilla/5.0 (iPhone; CPU iPhone OS 5_0 like Mac OS X) AppleWebKit/534.46 (KHTML, like Gecko) Version/5.1 Mobile/9A334 Safari/7534.48.3"
61.135.190.102 - - [14/Jun/2015:16:02:24 +0200] "GET /js/plugins.js HTTP/1.1" 200 898 "http://www.witerra-bau.de/" "Mozilla/5.0 (iPhone; CPU iPhone OS 5_0 like Mac OS X) AppleWebKit/534.46 (KHTML, like Gecko) Version/5.1 Mobile/9A334 Safari/7534.48.3"
46.229.170.197 - - [14/Jun/2015:17:00:15 +0200] "GET / HTTP/1.1" 200 4286 "-" "Mozilla/5.0 (Windows NT 6.1; Win64; x64; rv:2.0b8pre) Gecko/20101128 Firefox/4.0b8pre"
123.125.71.46 - - [14/Jun/2015:18:27:35 +0200] "GET / HTTP/1.1" 200 4286 "-" "Mozilla/5.0 (Windows NT 5.1; rv:6.0.2) Gecko/20100101 Firefox/6.0.2"
220.181.108.143 - - [14/Jun/2015:18:32:07 +0200] "GET / HTTP/1.1" 200 4286 "-" "Mozilla/5.0 (Windows NT 5.1; rv:6.0.2) Gecko/20100101 Firefox/6.0.2"
66.249.79.250 - - [14/Jun/2015:18:37:03 +0200] "GET /robots.txt HTTP/1.1" 404 - "-" "Mozilla/5.0 (compatible; Googlebot/2.1; +http://www.google.com/bot.html)"
66.249.79.3 - - [14/Jun/2015:18:37:03 +0200] "GET /impressum.html HTTP/1.1" 200 5433 "-" "Mozilla/5.0 (iPhone; CPU iPhone OS 6_0 like Mac OS X) AppleWebKit/536.26 (KHTML, like Gecko) Version/6.0 Mobile/10A5376e Safari/8536.25 (compatible; Googlebot/2.1; +http://www.google.com/bot.html)"
107.23.45.196 - - [14/Jun/2015:21:07:03 +0200] "GET / HTTP/1.1" 200 4286 "http://www.witerra-bau.de/" "Mozilla/5.0 (compatible; DuckDuckGo-Favicons-Bot/1.0; +http://duckduckgo.com)"
107.23.45.196 - - [14/Jun/2015:21:07:04 +0200] "GET /favicon.ico HTTP/1.1" 200 539038 "http://www.witerra-bau.de/favicon.ico" "Mozilla/5.0 (compatible; DuckDuckGo-Favicons-Bot/1.0; +http://duckduckgo.com)"
157.55.39.20 - - [15/Jun/2015:11:19:50 +0200] "GET / HTTP/1.1" 304 - "-" "Mozilla/5.0 (compatible; bingbot/2.0; +http://www.bing.com/bingbot.htm)"
61.135.190.224 - - [15/Jun/2015:16:28:26 +0200] "GET / HTTP/1.1" 200 4286 "http://www.baidu.com/s?wd=BauunternehmenWITERRAGmbH" "Mozilla/5.0 (Windows NT 6.1; WOW64) AppleWebKit/537.36 (KHTML, like Gecko) Chrome/36.0.1985.143 Safari/537.36"
61.135.190.103 - - [15/Jun/2015:16:28:27 +0200] "GET /js/libs/modernizr-2.5.3.min.js HTTP/1.1" 200 15274 "http://www.witerra-bau.de/" "Mozilla/5.0 (Windows NT 6.1; WOW64) AppleWebKit/537.36 (KHTML, like Gecko) Chrome/36.0.1985.143 Safari/537.36"
61.135.190.224 - - [15/Jun/2015:16:28:34 +0200] "GET /js/libs/jquery-1.7.1.min.js HTTP/1.1" 200 93867 "http://www.witerra-bau.de/" "Mozilla/5.0 (Windows NT 6.1; WOW64) AppleWebKit/537.36 (KHTML, like Gecko) Chrome/36.0.1985.143 Safari/537.36"
61.135.190.224 - - [15/Jun/2015:16:28:37 +0200] "GET /js/plugins.js HTTP/1.1" 200 898 "http://www.witerra-bau.de/" "Mozilla/5.0 (Windows NT 6.1; WOW64) AppleWebKit/537.36 (KHTML, like Gecko) Chrome/36.0.1985.143 Safari/537.36"
66.249.79.250 - - [15/Jun/2015:16:36:58 +0200] "GET /robots.txt HTTP/1.1" 404 - "-" "Mozilla/5.0 (compatible; Googlebot/2.1; +http://www.google.com/bot.html)"
66.249.79.250 - - [15/Jun/2015:16:36:58 +0200] "GET / HTTP/1.1" 200 4286 "-" "Mozilla/5.0 (iPhone; CPU iPhone OS 6_0 like Mac OS X) AppleWebKit/536.26 (KHTML, like Gecko) Version/6.0 Mobile/10A5376e Safari/8536.25 (compatible; Googlebot/2.1; +http://www.google.com/bot.html)"
66.249.79.16 - - [16/Jun/2015:06:48:36 +0200] "GET /robots.txt HTTP/1.1" 404 - "-" "Mozilla/5.0 (compatible; Googlebot/2.1; +http://www.google.com/bot.html)"
66.249.79.16 - - [16/Jun/2015:06:48:36 +0200] "GET /impressum.html HTTP/1.1" 200 5433 "-" "Mozilla/5.0 (iPhone; CPU iPhone OS 6_0 like Mac OS X) AppleWebKit/536.26 (KHTML, like Gecko) Version/6.0 Mobile/10A5376e Safari/8536.25 (compatible; Googlebot/2.1; +http://www.google.com/bot.html)"
66.249.79.250 - - [16/Jun/2015:06:48:36 +0200] "GET /robots.txt HTTP/1.1" 404 - "-" "Mozilla/5.0 (compatible; Googlebot/2.1; +http://www.google.com/bot.html)"
66.249.79.250 - - [16/Jun/2015:06:58:32 +0200] "GET /css/style.css HTTP/1.1" 200 1702 "-" "Mozilla/5.0 (compatible; Googlebot/2.1; +http://www.google.com/bot.html)"
151.80.31.150 - - [16/Jun/2015:11:25:37 +0200] "GET /impressum.html HTTP/1.1" 200 5433 "-" "Mozilla/5.0 (compatible; AhrefsBot/5.0; +http://ahrefs.com/robot/)"
79.196.71.202 - - [16/Jun/2015:14:29:18 +0200] "GET / HTTP/1.1" 200 4286 "http://www.mbingenieure.de/partner.html" "Mozilla/5.0 (Macintosh; Intel Mac OS X 10_9_5) AppleWebKit/600.4.10 (KHTML, like Gecko) Version/7.1.4 Safari/537.85.13"
79.196.71.202 - - [16/Jun/2015:14:29:18 +0200] "GET /css/style.css HTTP/1.1" 200 1702 "http://www.witerra-bau.de/" "Mozilla/5.0 (Macintosh; Intel Mac OS X 10_9_5) AppleWebKit/600.4.10 (KHTML, like Gecko) Version/7.1.4 Safari/537.85.13"
79.196.71.202 - - [16/Jun/2015:14:29:18 +0200] "GET /js/plugins.js HTTP/1.1" 200 898 "http://www.witerra-bau.de/" "Mozilla/5.0 (Macintosh; Intel Mac OS X 10_9_5) AppleWebKit/600.4.10 (KHTML, like Gecko) Version/7.1.4 Safari/537.85.13"
79.196.71.202 - - [16/Jun/2015:14:29:18 +0200] "GET /js/libs/modernizr-2.5.3.min.js HTTP/1.1" 200 15274 "http://www.witerra-bau.de/" "Mozilla/5.0 (Macintosh; Intel Mac OS X 10_9_5) AppleWebKit/600.4.10 (KHTML, like Gecko) Version/7.1.4 Safari/537.85.13"
79.196.71.202 - - [16/Jun/2015:14:29:18 +0200] "GET /images/header.png HTTP/1.1" 200 27758 "http://www.witerra-bau.de/" "Mozilla/5.0 (Macintosh; Intel Mac OS X 10_9_5) AppleWebKit/600.4.10 (KHTML, like Gecko) Version/7.1.4 Safari/537.85.13"
79.196.71.202 - - [16/Jun/2015:14:29:18 +0200] "GET /images/textfeld.png HTTP/1.1" 200 1758 "http://www.witerra-bau.de/" "Mozilla/5.0 (Macintosh; Intel Mac OS X 10_9_5) AppleWebKit/600.4.10 (KHTML, like Gecko) Version/7.1.4 Safari/537.85.13"
79.196.71.202 - - [16/Jun/2015:14:29:18 +0200] "GET /images/footer.png HTTP/1.1" 200 518 "http://www.witerra-bau.de/" "Mozilla/5.0 (Macintosh; Intel Mac OS X 10_9_5) AppleWebKit/600.4.10 (KHTML, like Gecko) Version/7.1.4 Safari/537.85.13"
79.196.71.202 - - [16/Jun/2015:14:29:18 +0200] "GET /images/bilder.png HTTP/1.1" 200 175856 "http://www.witerra-bau.de/" "Mozilla/5.0 (Macintosh; Intel Mac OS X 10_9_5) AppleWebKit/600.4.10 (KHTML, like Gecko) Version/7.1.4 Safari/537.85.13"
79.196.71.202 - - [16/Jun/2015:14:29:19 +0200] "GET /favicon.ico HTTP/1.1" 200 539038 "http://www.witerra-bau.de/" "Mozilla/5.0 (Macintosh; Intel Mac OS X 10_9_5) AppleWebKit/600.4.10 (KHTML, like Gecko) Version/7.1.4 Safari/537.85.13"
79.196.71.202 - - [16/Jun/2015:14:29:32 +0200] "GET /partner.html HTTP/1.1" 200 4178 "http://www.witerra-bau.de/" "Mozilla/5.0 (Macintosh; Intel Mac OS X 10_9_5) AppleWebKit/600.4.10 (KHTML, like Gecko) Version/7.1.4 Safari/537.85.13"
79.196.71.202 - - [16/Jun/2015:14:29:39 +0200] "GET /referenzen.html HTTP/1.1" 200 3962 "http://www.witerra-bau.de/partner.html" "Mozilla/5.0 (Macintosh; Intel Mac OS X 10_9_5) AppleWebKit/600.4.10 (KHTML, like Gecko) Version/7.1.4 Safari/537.85.13"
79.196.71.202 - - [16/Jun/2015:14:29:44 +0200] "GET /uns.html HTTP/1.1" 200 3735 "http://www.witerra-bau.de/referenzen.html" "Mozilla/5.0 (Macintosh; Intel Mac OS X 10_9_5) AppleWebKit/600.4.10 (KHTML, like Gecko) Version/7.1.4 Safari/537.85.13"
79.196.71.202 - - [16/Jun/2015:14:29:48 +0200] "GET /index.html HTTP/1.1" 200 4286 "http://www.witerra-bau.de/uns.html" "Mozilla/5.0 (Macintosh; Intel Mac OS X 10_9_5) AppleWebKit/600.4.10 (KHTML, like Gecko) Version/7.1.4 Safari/537.85.13"
123.125.71.50 - - [16/Jun/2015:21:28:01 +0200] "GET / HTTP/1.1" 200 4286 "-" "Mozilla/5.0 (Windows NT 5.1; rv:6.0.2) Gecko/20100101 Firefox/6.0.2"
220.181.108.179 - - [16/Jun/2015:21:32:51 +0200] "GET / HTTP/1.1" 200 4286 "-" "Mozilla/5.0 (Windows NT 5.1; rv:6.0.2) Gecko/20100101 Firefox/6.0.2"
195.222.245.82 - - [17/Jun/2015:09:37:09 +0200] "GET /kontakt.html HTTP/1.1" 200 5104 "http://www.bing.com/search?q=www.weterra-bau.de&src=IE-TopResult&FORM=IE10TR" "Mozilla/5.0 (compatible; MSIE 10.0; Windows NT 6.1; WOW64; Trident/6.0)"
195.222.245.82 - - [17/Jun/2015:09:37:09 +0200] "GET /css/style.css HTTP/1.1" 200 1702 "http://www.witerra-bau.de/kontakt.html" "Mozilla/5.0 (compatible; MSIE 10.0; Windows NT 6.1; WOW64; Trident/6.0)"
195.222.245.82 - - [17/Jun/2015:09:37:09 +0200] "GET /js/libs/modernizr-2.5.3.min.js HTTP/1.1" 200 15274 "http://www.witerra-bau.de/kontakt.html" "Mozilla/5.0 (compatible; MSIE 10.0; Windows NT 6.1; WOW64; Trident/6.0)"
195.222.245.82 - - [17/Jun/2015:09:37:09 +0200] "GET /js/plugins.js HTTP/1.1" 200 898 "http://www.witerra-bau.de/kontakt.html" "Mozilla/5.0 (compatible; MSIE 10.0; Windows NT 6.1; WOW64; Trident/6.0)"
195.222.245.82 - - [17/Jun/2015:09:37:09 +0200] "GET /captcha/captcha.php HTTP/1.1" 200 4370 "http://www.witerra-bau.de/kontakt.html" "Mozilla/5.0 (compatible; MSIE 10.0; Windows NT 6.1; WOW64; Trident/6.0)"
195.222.245.82 - - [17/Jun/2015:09:37:09 +0200] "GET /images/textfeld.png HTTP/1.1" 200 1758 "http://www.witerra-bau.de/kontakt.html" "Mozilla/5.0 (compatible; MSIE 10.0; Windows NT 6.1; WOW64; Trident/6.0)"
195.222.245.82 - - [17/Jun/2015:09:37:09 +0200] "GET /images/footer.png HTTP/1.1" 200 518 "http://www.witerra-bau.de/kontakt.html" "Mozilla/5.0 (compatible; MSIE 10.0; Windows NT 6.1; WOW64; Trident/6.0)"
195.222.245.82 - - [17/Jun/2015:09:37:09 +0200] "GET /images/header.png HTTP/1.1" 200 27758 "http://www.witerra-bau.de/kontakt.html" "Mozilla/5.0 (compatible; MSIE 10.0; Windows NT 6.1; WOW64; Trident/6.0)"
195.222.245.82 - - [17/Jun/2015:09:37:10 +0200] "GET /favicon.ico HTTP/1.1" 200 539038 "-" "Mozilla/5.0 (compatible; MSIE 10.0; Windows NT 6.1; Win64; x64; Trident/6.0)"
195.222.245.82 - - [17/Jun/2015:09:37:11 +0200] "GET /impressum.html HTTP/1.1" 200 5433 "http://www.witerra-bau.de/kontakt.html" "Mozilla/5.0 (compatible; MSIE 10.0; Windows NT 6.1; WOW64; Trident/6.0)"
66.249.65.4 - - [17/Jun/2015:09:41:32 +0200] "GET /robots.txt HTTP/1.1" 404 - "-" "Mozilla/5.0 (compatible; Googlebot/2.1; +http://www.google.com/bot.html)"
66.249.65.8 - - [17/Jun/2015:09:41:32 +0200] "GET / HTTP/1.1" 200 4286 "-" "Mozilla/5.0 (iPhone; CPU iPhone OS 6_0 like Mac OS X) AppleWebKit/536.26 (KHTML, like Gecko) Version/6.0 Mobile/10A5376e Safari/8536.25 (compatible; Googlebot/2.1; +http://www.google.com/bot.html)"
157.55.39.20 - - [17/Jun/2015:12:43:30 +0200] "GET /robots.txt HTTP/1.1" 404 - "-" "Mozilla/5.0 (compatible; bingbot/2.0; +http://www.bing.com/bingbot.htm)"
157.55.39.20 - - [17/Jun/2015:12:44:55 +0200] "GET /kontakt.html HTTP/1.1" 304 - "-" "Mozilla/5.0 (compatible; bingbot/2.0; +http://www.bing.com/bingbot.htm)"
188.40.60.212 - - [17/Jun/2015:15:58:37 +0200] "GET / HTTP/1.1" 200 4286 "-" "Mozilla/5.0 (Windows NT 6.2; WOW64) AppleWebKit/537.15 (KHTML, like Gecko) Chrome/24.0.1295.0 Safari/537.15"
188.40.60.212 - - [17/Jun/2015:15:58:37 +0200] "GET /index.html HTTP/1.1" 200 4286 "-" "Mozilla/5.0 (Windows NT 6.1; Win64; x64; rv:23.0) Gecko/20131011 Firefox/23.0"
188.40.60.212 - - [17/Jun/2015:15:58:38 +0200] "GET /uns.html HTTP/1.1" 200 3735 "-" "Mozilla/5.0 (compatible; MSIE 10.0; Windows NT 6.1; Trident/6.0)"
188.40.60.212 - - [17/Jun/2015:15:58:38 +0200] "GET /leistungen.html HTTP/1.1" 200 3736 "-" "Mozilla/5.0 (Windows NT 6.0) AppleWebKit/536.5 (KHTML, like Gecko) Chrome/19.0.1084.36 Safari/536.5"
188.40.60.212 - - [17/Jun/2015:15:58:38 +0200] "GET /referenzen.html HTTP/1.1" 200 3962 "-" "Mozilla/5.0 (compatible; MSIE 10.0; Windows NT 6.1; Trident/6.0)"
188.40.60.212 - - [17/Jun/2015:15:58:38 +0200] "GET /partner.html HTTP/1.1" 200 4178 "-" "Mozilla/5.0 (Windows NT 6.1; Win64; x64; rv:23.0) Gecko/20131011 Firefox/23.0"
188.40.60.212 - - [17/Jun/2015:15:58:38 +0200] "GET /kontakt.html HTTP/1.1" 200 5104 "-" "Mozilla/5.0 (Macintosh; Intel Mac OS X 10_7_3) AppleWebKit/534.55.3 (KHTML, like Gecko) Version/5.1.3 Safari/534.53.10"
188.40.60.212 - - [17/Jun/2015:15:58:38 +0200] "GET /impressum.html HTTP/1.1" 200 5433 "-" "Mozilla/5.0 (Windows NT 6.0) AppleWebKit/536.5 (KHTML, like Gecko) Chrome/19.0.1084.36 Safari/536.5"
188.40.60.212 - - [17/Jun/2015:15:58:38 +0200] "GET /index.html HTTP/1.1" 200 4286 "-" "Mozilla/5.0 (Macintosh; Intel Mac OS X 10_6_8) AppleWebKit/537.13+ (KHTML, like Gecko) Version/5.1.7 Safari/534.57.2"
208.115.111.74 - - [18/Jun/2015:00:40:06 +0200] "GET /robots.txt HTTP/1.1" 404 - "-" "Mozilla/5.0 (compatible; DotBot/1.1; http://www.opensiteexplorer.org/dotbot, help@moz.com)"
66.249.78.130 - - [18/Jun/2015:00:58:59 +0200] "GET /robots.txt HTTP/1.1" 404 - "-" "Mozilla/5.0 (compatible; Googlebot/2.1; +http://www.google.com/bot.html)"
66.249.78.123 - - [18/Jun/2015:00:58:59 +0200] "GET / HTTP/1.1" 200 4286 "-" "Mozilla/5.0 (iPhone; CPU iPhone OS 6_0 like Mac OS X) AppleWebKit/536.26 (KHTML, like Gecko) Version/6.0 Mobile/10A5376e Safari/8536.25 (compatible; Googlebot/2.1; +http://www.google.com/bot.html)"
208.115.111.74 - - [18/Jun/2015:01:20:15 +0200] "GET /impressum.html HTTP/1.1" 200 5433 "-" "Mozilla/5.0 (compatible; DotBot/1.1; http://www.opensiteexplorer.org/dotbot, help@moz.com)"
66.249.78.130 - - [18/Jun/2015:04:07:27 +0200] "GET / HTTP/1.1" 200 4286 "-" "Mozilla/5.0 (compatible; Googlebot/2.1; +http://www.google.com/bot.html)"
123.125.71.111 - - [18/Jun/2015:06:18:16 +0200] "GET / HTTP/1.1" 200 4286 "-" "Mozilla/5.0 (Windows NT 5.1; rv:6.0.2) Gecko/20100101 Firefox/6.0.2"
220.181.108.92 - - [18/Jun/2015:06:21:22 +0200] "GET / HTTP/1.1" 200 4286 "-" "Mozilla/5.0 (Windows NT 5.1; rv:6.0.2) Gecko/20100101 Firefox/6.0.2"
66.249.78.130 - - [18/Jun/2015:08:32:31 +0200] "GET / HTTP/1.1" 200 4286 "-" "Mozilla/5.0 (compatible; Googlebot/2.1; +http://www.google.com/bot.html)"
66.249.78.130 - - [18/Jun/2015:12:40:10 +0200] "GET /uns.html HTTP/1.1" 200 3735 "-" "Mozilla/5.0 (compatible; Googlebot/2.1; +http://www.google.com/bot.html)"
66.249.78.130 - - [18/Jun/2015:13:58:31 +0200] "GET /robots.txt HTTP/1.1" 404 - "-" "Mozilla/5.0 (compatible; Googlebot/2.1; +http://www.google.com/bot.html)"
66.249.78.123 - - [18/Jun/2015:13:58:31 +0200] "GET /index.html HTTP/1.1" 200 4286 "-" "Mozilla/5.0 (compatible; Googlebot/2.1; +http://www.google.com/bot.html)"
66.249.78.123 - - [18/Jun/2015:15:11:45 +0200] "GET /kontakt.html HTTP/1.1" 200 5104 "-" "Mozilla/5.0 (compatible; Googlebot/2.1; +http://www.google.com/bot.html)"
207.46.13.91 - - [18/Jun/2015:19:06:46 +0200] "GET /leistungen.html HTTP/1.1" 304 - "-" "Mozilla/5.0 (compatible; bingbot/2.0; +http://www.bing.com/bingbot.htm)"
66.249.78.130 - - [18/Jun/2015:20:22:42 +0200] "GET /partner.html HTTP/1.1" 200 4178 "-" "Mozilla/5.0 (compatible; Googlebot/2.1; +http://www.google.com/bot.html)"
66.249.78.123 - - [18/Jun/2015:20:28:10 +0200] "GET /www.asabau.de HTTP/1.1" 404 - "-" "Mozilla/5.0 (compatible; Googlebot/2.1; +http://www.google.com/bot.html)"
66.249.78.130 - - [18/Jun/2015:20:29:52 +0200] "GET /www.mbingenieure.de HTTP/1.1" 404 - "-" "Mozilla/5.0 (compatible; Googlebot/2.1; +http://www.google.com/bot.html)"
66.249.78.123 - - [18/Jun/2015:20:31:49 +0200] "GET /www.just-malerei.de HTTP/1.1" 404 - "-" "Mozilla/5.0 (compatible; Googlebot/2.1; +http://www.google.com/bot.html)"
188.165.15.206 - - [19/Jun/2015:01:06:23 +0200] "GET /robots.txt HTTP/1.1" 404 - "-" "Mozilla/5.0 (compatible; AhrefsBot/5.0; +http://ahrefs.com/robot/)"
141.8.189.100 - - [19/Jun/2015:03:57:23 +0200] "GET /robots.txt HTTP/1.1" 404 - "-" "Mozilla/5.0 (compatible; YandexBot/3.0; +http://yandex.com/bots)"
66.249.78.123 - - [19/Jun/2015:04:27:48 +0200] "GET /robots.txt HTTP/1.1" 404 - "-" "Mozilla/5.0 (compatible; Googlebot/2.1; +http://www.google.com/bot.html)"
66.249.78.137 - - [19/Jun/2015:04:27:48 +0200] "GET /partner.html HTTP/1.1" 304 - "-" "Mozilla/5.0 (compatible; Googlebot/2.1; +http://www.google.com/bot.html)"
141.8.189.100 - - [19/Jun/2015:07:12:18 +0200] "GET /referenzen.html HTTP/1.1" 200 3962 "-" "Mozilla/5.0 (compatible; YandexBot/3.0; +http://yandex.com/bots)"
157.55.39.12 - - [19/Jun/2015:11:55:34 +0200] "GET /impressum.html HTTP/1.1" 200 5433 "-" "Mozilla/5.0 (compatible; bingbot/2.0; +http://www.bing.com/bingbot.htm)"
208.115.111.74 - - [19/Jun/2015:14:40:08 +0200] "GET /robots.txt HTTP/1.1" 404 - "-" "Mozilla/5.0 (compatible; DotBot/1.1; http://www.opensiteexplorer.org/dotbot, help@moz.com)"
157.55.39.23 - - [19/Jun/2015:14:45:18 +0200] "GET /uns.html HTTP/1.1" 200 3735 "-" "Mozilla/5.0 (compatible; bingbot/2.0; +http://www.bing.com/bingbot.htm)"
208.115.111.74 - - [19/Jun/2015:15:24:50 +0200] "GET /leistungen.html HTTP/1.1" 200 3736 "-" "Mozilla/5.0 (compatible; DotBot/1.1; http://www.opensiteexplorer.org/dotbot, help@moz.com)"
141.113.85.97 - - [19/Jun/2015:16:46:03 +0200] "GET / HTTP/1.1" 200 4286 "http://www.google.de/url?sa=t&rct=j&q=&esrc=s&source=web&cd=1&ved=0CCEQFjAA&url=http%3A%2F%2Fwww.witerra-bau.de%2F&ei=3yqEVfcdgoFR_v-Q4As&usg=AFQjCNHIAU9oPPEhzK1cDc9q0fIUfXtVlg&bvm=bv.96042044,d.d24" "Mozilla/5.0 (Windows NT 6.1; WOW64; Trident/7.0; rv:11.0) like Gecko"
141.113.85.97 - - [19/Jun/2015:16:46:03 +0200] "GET /css/style.css HTTP/1.1" 200 1702 "http://www.witerra-bau.de/" "Mozilla/5.0 (Windows NT 6.1; WOW64; Trident/7.0; rv:11.0) like Gecko"
141.113.85.97 - - [19/Jun/2015:16:46:03 +0200] "GET /js/plugins.js HTTP/1.1" 200 898 "http://www.witerra-bau.de/" "Mozilla/5.0 (Windows NT 6.1; WOW64; Trident/7.0; rv:11.0) like Gecko"
141.113.85.97 - - [19/Jun/2015:16:46:03 +0200] "GET /js/libs/modernizr-2.5.3.min.js HTTP/1.1" 200 15274 "http://www.witerra-bau.de/" "Mozilla/5.0 (Windows NT 6.1; WOW64; Trident/7.0; rv:11.0) like Gecko"
141.113.85.97 - - [19/Jun/2015:16:46:03 +0200] "GET /images/textfeld.png HTTP/1.1" 200 1758 "http://www.witerra-bau.de/" "Mozilla/5.0 (Windows NT 6.1; WOW64; Trident/7.0; rv:11.0) like Gecko"
141.113.85.97 - - [19/Jun/2015:16:46:03 +0200] "GET /images/bilder.png HTTP/1.1" 200 175856 "http://www.witerra-bau.de/" "Mozilla/5.0 (Windows NT 6.1; WOW64; Trident/7.0; rv:11.0) like Gecko"
141.113.85.97 - - [19/Jun/2015:16:46:03 +0200] "GET /images/header.png HTTP/1.1" 200 27758 "http://www.witerra-bau.de/" "Mozilla/5.0 (Windows NT 6.1; WOW64; Trident/7.0; rv:11.0) like Gecko"
141.113.85.97 - - [19/Jun/2015:16:46:03 +0200] "GET /images/footer.png HTTP/1.1" 200 518 "http://www.witerra-bau.de/" "Mozilla/5.0 (Windows NT 6.1; WOW64; Trident/7.0; rv:11.0) like Gecko"
141.113.85.97 - - [19/Jun/2015:16:46:03 +0200] "GET /favicon.ico HTTP/1.1" 200 539038 "-" "Mozilla/5.0 (Windows NT 6.1; Win64; x64; Trident/7.0; rv:11.0) like Gecko"
141.113.85.97 - - [19/Jun/2015:16:46:09 +0200] "GET /leistungen.html HTTP/1.1" 200 3736 "http://www.witerra-bau.de/" "Mozilla/5.0 (Windows NT 6.1; WOW64; Trident/7.0; rv:11.0) like Gecko"
141.113.85.97 - - [19/Jun/2015:16:46:14 +0200] "GET /partner.html HTTP/1.1" 200 4178 "http://www.witerra-bau.de/leistungen.html" "Mozilla/5.0 (Windows NT 6.1; WOW64; Trident/7.0; rv:11.0) like Gecko"
123.125.71.83 - - [19/Jun/2015:17:14:05 +0200] "GET / HTTP/1.1" 200 4286 "-" "Mozilla/5.0 (Windows NT 5.1; rv:6.0.2) Gecko/20100101 Firefox/6.0.2"
123.125.71.47 - - [20/Jun/2015:06:21:46 +0200] "GET /robots.txt HTTP/1.1" 404 - "-" "Mozilla/5.0 (Windows NT 5.1; rv:6.0.2) Gecko/20100101 Firefox/6.0.2"
208.115.111.74 - - [20/Jun/2015:08:41:31 +0200] "GET /robots.txt HTTP/1.1" 404 - "-" "Mozilla/5.0 (compatible; DotBot/1.1; http://www.opensiteexplorer.org/dotbot, help@moz.com)"
208.115.111.74 - - [20/Jun/2015:09:28:20 +0200] "GET /uns.html HTTP/1.1" 200 3735 "-" "Mozilla/5.0 (compatible; DotBot/1.1; http://www.opensiteexplorer.org/dotbot, help@moz.com)"
208.115.111.74 - - [20/Jun/2015:10:45:29 +0200] "GET /robots.txt HTTP/1.1" 404 - "-" "Mozilla/5.0 (compatible; DotBot/1.1; http://www.opensiteexplorer.org/dotbot, help@moz.com)"
208.115.111.74 - - [20/Jun/2015:11:29:33 +0200] "GET /index.html HTTP/1.1" 200 4286 "-" "Mozilla/5.0 (compatible; DotBot/1.1; http://www.opensiteexplorer.org/dotbot, help@moz.com)"
157.55.39.56 - - [20/Jun/2015:15:06:26 +0200] "GET /robots.txt HTTP/1.1" 404 - "-" "Mozilla/5.0 (compatible; bingbot/2.0; +http://www.bing.com/bingbot.htm)"
157.55.39.56 - - [20/Jun/2015:15:06:35 +0200] "GET /kontakt.html HTTP/1.1" 200 5104 "-" "Mozilla/5.0 (compatible; bingbot/2.0; +http://www.bing.com/bingbot.htm)"
157.55.39.23 - - [20/Jun/2015:15:06:53 +0200] "GET /robots.txt HTTP/1.1" 404 - "-" "Mozilla/5.0 (compatible; bingbot/2.0; +http://www.bing.com/bingbot.htm)"
157.55.39.23 - - [20/Jun/2015:15:07:03 +0200] "GET /css/style.css HTTP/1.1" 200 1702 "-" "Mozilla/5.0 (compatible; bingbot/2.0; +http://www.bing.com/bingbot.htm)"
207.46.13.111 - - [20/Jun/2015:15:07:08 +0200] "GET /js/libs/modernizr-2.5.3.min.js HTTP/1.1" 200 15274 "-" "Mozilla/5.0 (compatible; bingbot/2.0; +http://www.bing.com/bingbot.htm)"
207.46.13.111 - - [20/Jun/2015:15:07:08 +0200] "GET /js/plugins.js HTTP/1.1" 200 898 "-" "Mozilla/5.0 (compatible; bingbot/2.0; +http://www.bing.com/bingbot.htm)"
65.55.210.19 - - [20/Jun/2015:16:08:04 +0200] "GET /images/textfeld.png HTTP/1.1" 200 1758 "http://www.witerra-bau.de/kontakt.html" "Mozilla/5.0 (Windows NT 6.1; WOW64) AppleWebKit/534+ (KHTML, like Gecko) BingPreview/1.0b"
65.55.210.19 - - [20/Jun/2015:16:08:05 +0200] "GET /images/footer.png HTTP/1.1" 200 518 "http://www.witerra-bau.de/kontakt.html" "Mozilla/5.0 (Windows NT 6.1; WOW64) AppleWebKit/534+ (KHTML, like Gecko) BingPreview/1.0b"
65.55.210.19 - - [20/Jun/2015:16:08:05 +0200] "GET /images/header.png HTTP/1.1" 200 27758 "http://www.witerra-bau.de/kontakt.html" "Mozilla/5.0 (Windows NT 6.1; WOW64) AppleWebKit/534+ (KHTML, like Gecko) BingPreview/1.0b"
66.249.67.11 - - [20/Jun/2015:20:15:01 +0200] "GET /robots.txt HTTP/1.1" 404 - "-" "Mozilla/5.0 (compatible; Googlebot/2.1; +http://www.google.com/bot.html)"
66.249.78.130 - - [20/Jun/2015:20:15:01 +0200] "GET /partner.html HTTP/1.1" 304 - "-" "Mozilla/5.0 (compatible; Googlebot/2.1; +http://www.google.com/bot.html)"
208.115.113.93 - - [20/Jun/2015:23:57:29 +0200] "GET /robots.txt HTTP/1.1" 404 - "-" "Mozilla/5.0 (compatible; DotBot/1.1; http://www.opensiteexplorer.org/dotbot, help@moz.com)"
208.115.113.93 - - [21/Jun/2015:00:08:27 +0200] "GET / HTTP/1.1" 200 4286 "-" "Mozilla/5.0 (compatible; DotBot/1.1; http://www.opensiteexplorer.org/dotbot, help@moz.com)"
220.181.108.104 - - [21/Jun/2015:01:49:32 +0200] "GET /uns.html HTTP/1.1" 200 3735 "-" "Mozilla/5.0 (compatible; Baiduspider/2.0; +http://www.baidu.com/search/spider.html)"
123.125.71.103 - - [21/Jun/2015:01:49:35 +0200] "GET /js/libs/modernizr-2.5.3.min.js HTTP/1.1" 200 15274 "http://www.witerra-bau.de/uns.html" "Mozilla/5.0 (compatible; Baiduspider/2.0; +http://www.baidu.com/search/spider.html)"
123.125.71.81 - - [21/Jun/2015:01:49:35 +0200] "GET /css/style.css HTTP/1.1" 200 1702 "http://www.witerra-bau.de/uns.html" "Mozilla/5.0 (compatible; Baiduspider/2.0; +http://www.baidu.com/search/spider.html)"
123.125.71.104 - - [21/Jun/2015:01:49:37 +0200] "GET /js/plugins.js HTTP/1.1" 200 898 "http://www.witerra-bau.de/uns.html" "Mozilla/5.0 (compatible; Baiduspider/2.0; +http://www.baidu.com/search/spider.html)"
141.8.189.100 - - [21/Jun/2015:04:38:38 +0200] "GET /robots.txt HTTP/1.1" 404 - "-" "Mozilla/5.0 (compatible; YandexBot/3.0; +http://yandex.com/bots)"
66.249.78.137 - - [21/Jun/2015:05:30:37 +0200] "GET / HTTP/1.1" 200 4286 "-" "Mozilla/5.0 (iPhone; CPU iPhone OS 6_0 like Mac OS X) AppleWebKit/536.26 (KHTML, like Gecko) Version/6.0 Mobile/10A5376e Safari/8536.25 (compatible; Googlebot/2.1; +http://www.google.com/bot.html)"
141.8.189.100 - - [21/Jun/2015:05:51:39 +0200] "GET /referenzen.html HTTP/1.1" 200 3962 "-" "Mozilla/5.0 (compatible; YandexBot/3.0; +http://yandex.com/bots)"
208.115.111.74 - - [21/Jun/2015:06:43:55 +0200] "GET /robots.txt HTTP/1.1" 404 - "-" "Mozilla/5.0 (compatible; DotBot/1.1; http://www.opensiteexplorer.org/dotbot, help@moz.com)"
208.115.111.74 - - [21/Jun/2015:07:27:53 +0200] "GET /kontakt.html HTTP/1.1" 200 5104 "-" "Mozilla/5.0 (compatible; DotBot/1.1; http://www.opensiteexplorer.org/dotbot, help@moz.com)"
66.249.78.123 - - [21/Jun/2015:11:28:09 +0200] "GET /robots.txt HTTP/1.1" 404 - "-" "Mozilla/5.0 (compatible; Googlebot/2.1; +http://www.google.com/bot.html)"
66.249.78.137 - - [21/Jun/2015:11:28:09 +0200] "GET /css/style.css HTTP/1.1" 200 1702 "-" "Mozilla/5.0 (compatible; Googlebot/2.1; +http://www.google.com/bot.html)"
123.125.71.47 - - [21/Jun/2015:11:36:07 +0200] "GET /css/style.css HTTP/1.1" 200 1702 "-" "Mozilla/5.0 (compatible; Baiduspider/2.0; +http://www.baidu.com/search/spider.html)"
176.57.141.193 - - [21/Jun/2015:15:33:09 +0200] "GET / HTTP/1.1" 200 4286 "-" "Mozilla/5.0 (Windows NT 6.1) AppleWebKit/537.36 (KHTML, like Gecko) Chrome/27.0.1453.90 Safari/537.36"
176.57.141.193 - - [21/Jun/2015:15:33:10 +0200] "GET /kontakt.html HTTP/1.1" 200 5104 "-" "Mozilla/5.0 (Windows NT 6.1; de;rv:12.0) Gecko/20120403211507 Firefox/12.0"
176.57.141.193 - - [21/Jun/2015:15:33:10 +0200] "GET /impressum.html HTTP/1.1" 200 5433 "-" "Mozilla/5.0 (Macintosh; Intel Mac OS X 10_6_8) AppleWebKit/535.19 (KHTML, like Gecko) Chrome/18.0.1025.166 Safari/535.19"
176.57.141.193 - - [21/Jun/2015:15:33:10 +0200] "GET /uns.html HTTP/1.1" 200 3735 "-" "Mozilla/5.0 (Windows NT 5.1; rv:21.0) Gecko/20130401 Firefox/21.0"
176.57.141.193 - - [21/Jun/2015:15:33:10 +0200] "GET /leistungen.html HTTP/1.1" 200 3736 "-" "Mozilla/5.0 (Windows NT 6.1) AppleWebKit/537.22 (KHTML, like Gecko) Chrome/25.0.1364.172 Safari/537.22"
207.46.13.93 - - [21/Jun/2015:17:30:47 +0200] "GET /impressum.html HTTP/1.1" 200 5433 "-" "Mozilla/5.0 (compatible; bingbot/2.0; +http://www.bing.com/bingbot.htm)"
123.125.71.80 - - [21/Jun/2015:21:54:42 +0200] "GET /kontakt.html HTTP/1.1" 200 5104 "-" "Mozilla/5.0 (compatible; Baiduspider/2.0; +http://www.baidu.com/search/spider.html)"
220.181.108.108 - - [21/Jun/2015:22:28:04 +0200] "GET /images/bilder.png HTTP/1.1" 200 175856 "-" "Baiduspider-image+(+http://www.baidu.com/search/spider.htm)"
61.135.190.224 - - [22/Jun/2015:00:00:32 +0200] "GET / HTTP/1.1" 200 4286 "http://www.baidu.com/s?wd=BauunternehmenWITERRAGmbH" "Mozilla/5.0 (iPhone; CPU iPhone OS 5_0 like Mac OS X) AppleWebKit/534.46 (KHTML, like Gecko) Version/5.1 Mobile/9A334 Safari/7534.48.3"
61.135.190.102 - - [22/Jun/2015:00:00:32 +0200] "GET /js/libs/modernizr-2.5.3.min.js HTTP/1.1" 200 15274 "http://www.witerra-bau.de/" "Mozilla/5.0 (iPhone; CPU iPhone OS 5_0 like Mac OS X) AppleWebKit/534.46 (KHTML, like Gecko) Version/5.1 Mobile/9A334 Safari/7534.48.3"
61.135.190.224 - - [22/Jun/2015:00:00:40 +0200] "GET /js/libs/jquery-1.7.1.min.js HTTP/1.1" 200 93867 "http://www.witerra-bau.de/" "Mozilla/5.0 (iPhone; CPU iPhone OS 5_0 like Mac OS X) AppleWebKit/534.46 (KHTML, like Gecko) Version/5.1 Mobile/9A334 Safari/7534.48.3"
61.135.190.224 - - [22/Jun/2015:00:00:42 +0200] "GET /js/plugins.js HTTP/1.1" 200 898 "http://www.witerra-bau.de/" "Mozilla/5.0 (iPhone; CPU iPhone OS 5_0 like Mac OS X) AppleWebKit/534.46 (KHTML, like Gecko) Version/5.1 Mobile/9A334 Safari/7534.48.3"
141.8.189.100 - - [22/Jun/2015:01:41:31 +0200] "GET /robots.txt HTTP/1.1" 404 - "-" "Mozilla/5.0 (compatible; YandexBot/3.0; +http://yandex.com/bots)"
141.8.189.100 - - [22/Jun/2015:02:31:08 +0200] "GET /referenzen.html HTTP/1.1" 200 3962 "-" "Mozilla/5.0 (compatible; YandexBot/3.0; +http://yandex.com/bots)"
220.181.108.123 - - [22/Jun/2015:02:42:37 +0200] "GET /js/plugins.js HTTP/1.1" 200 898 "-" "Mozilla/5.0 (compatible; Baiduspider/2.0; +http://www.baidu.com/search/spider.html)"
220.181.108.172 - - [22/Jun/2015:03:15:58 +0200] "GET / HTTP/1.1" 200 4286 "-" "Mozilla/5.0 (compatible; Baiduspider/2.0; +http://www.baidu.com/search/spider.html)"
123.125.71.116 - - [22/Jun/2015:03:16:00 +0200] "GET /css/style.css HTTP/1.1" 200 1702 "http://www.witerra-bau.de/" "Mozilla/5.0 (compatible; Baiduspider/2.0; +http://www.baidu.com/search/spider.html)"
123.125.71.79 - - [22/Jun/2015:03:16:00 +0200] "GET /js/libs/modernizr-2.5.3.min.js HTTP/1.1" 200 15274 "http://www.witerra-bau.de/" "Mozilla/5.0 (compatible; Baiduspider/2.0; +http://www.baidu.com/search/spider.html)"
123.125.71.87 - - [22/Jun/2015:03:16:03 +0200] "GET /js/libs/jquery-1.7.1.min.js HTTP/1.1" 200 93867 "http://www.witerra-bau.de/" "Mozilla/5.0 (compatible; Baiduspider/2.0; +http://www.baidu.com/search/spider.html)"
123.125.71.112 - - [22/Jun/2015:03:16:07 +0200] "GET /js/plugins.js HTTP/1.1" 200 898 "http://www.witerra-bau.de/" "Mozilla/5.0 (compatible; Baiduspider/2.0; +http://www.baidu.com/search/spider.html)"
123.125.71.22 - - [22/Jun/2015:10:36:42 +0200] "GET / HTTP/1.1" 200 4286 "-" "Mozilla/5.0 (compatible; Baiduspider/2.0; +http://www.baidu.com/search/spider.html)"
123.125.71.97 - - [22/Jun/2015:10:36:44 +0200] "GET /js/libs/modernizr-2.5.3.min.js HTTP/1.1" 200 15274 "http://www.witerra-bau.de/" "Mozilla/5.0 (compatible; Baiduspider/2.0; +http://www.baidu.com/search/spider.html)"
123.125.71.81 - - [22/Jun/2015:10:36:44 +0200] "GET /css/style.css HTTP/1.1" 200 1702 "http://www.witerra-bau.de/" "Mozilla/5.0 (compatible; Baiduspider/2.0; +http://www.baidu.com/search/spider.html)"
123.125.71.87 - - [22/Jun/2015:10:36:46 +0200] "GET /js/libs/jquery-1.7.1.min.js HTTP/1.1" 200 93867 "http://www.witerra-bau.de/" "Mozilla/5.0 (compatible; Baiduspider/2.0; +http://www.baidu.com/search/spider.html)"
123.125.71.100 - - [22/Jun/2015:10:36:49 +0200] "GET /js/plugins.js HTTP/1.1" 200 898 "http://www.witerra-bau.de/" "Mozilla/5.0 (compatible; Baiduspider/2.0; +http://www.baidu.com/search/spider.html)"
64.79.75.42 - - [22/Jun/2015:16:30:56 +0200] "GET / HTTP/1.1" 200 4286 "-" "Java/1.6.0_04"
64.79.75.42 - - [22/Jun/2015:16:30:58 +0200] "GET / HTTP/1.1" 200 4286 "-" "Java/1.6.0_04"
64.79.75.42 - - [22/Jun/2015:16:30:58 +0200] "GET /impressum.html HTTP/1.1" 200 5433 "-" "Java/1.6.0_04"
64.79.75.42 - - [22/Jun/2015:16:31:00 +0200] "GET /impressum.html HTTP/1.1" 200 5433 "-" "Java/1.6.0_04"
64.79.75.42 - - [22/Jun/2015:16:31:01 +0200] "GET /index.html HTTP/1.1" 200 4286 "-" "Java/1.6.0_04"
64.79.75.42 - - [22/Jun/2015:16:31:02 +0200] "GET /index.html HTTP/1.1" 200 4286 "-" "Java/1.6.0_04"
64.79.75.42 - - [22/Jun/2015:16:31:02 +0200] "GET /kontakt.html HTTP/1.1" 200 5104 "-" "Java/1.6.0_04"
64.79.75.42 - - [22/Jun/2015:16:31:03 +0200] "GET /kontakt.html HTTP/1.1" 200 5104 "-" "Java/1.6.0_04"
64.79.75.42 - - [22/Jun/2015:16:31:04 +0200] "GET /leistungen.html HTTP/1.1" 200 3736 "-" "Java/1.6.0_04"
64.79.75.42 - - [22/Jun/2015:16:31:05 +0200] "GET /leistungen.html HTTP/1.1" 200 3736 "-" "Java/1.6.0_04"
64.79.75.42 - - [22/Jun/2015:16:31:05 +0200] "GET /partner.html HTTP/1.1" 200 4178 "-" "Java/1.6.0_04"
64.79.75.42 - - [22/Jun/2015:16:31:06 +0200] "GET /partner.html HTTP/1.1" 200 4178 "-" "Java/1.6.0_04"
64.79.75.42 - - [22/Jun/2015:16:31:06 +0200] "GET /referenzen.html HTTP/1.1" 200 3962 "-" "Java/1.6.0_04"
64.79.75.42 - - [22/Jun/2015:16:31:07 +0200] "GET /referenzen.html HTTP/1.1" 200 3962 "-" "Java/1.6.0_04"
64.79.75.42 - - [22/Jun/2015:16:31:07 +0200] "GET /uns.html HTTP/1.1" 200 3735 "-" "Java/1.6.0_04"
64.79.75.42 - - [22/Jun/2015:16:31:09 +0200] "GET /uns.html HTTP/1.1" 200 3735 "-" "Java/1.6.0_04"
64.79.75.42 - - [22/Jun/2015:16:31:09 +0200] "GET /kontakt.php HTTP/1.1" 200 - "-" "Java/1.6.0_04"
64.79.75.42 - - [22/Jun/2015:16:31:09 +0200] "GET /images/bilder.png HTTP/1.1" 200 175856 "-" "Java/1.6.0_04"
64.79.75.42 - - [22/Jun/2015:16:31:10 +0200] "GET /js/plugins.js HTTP/1.1" 200 898 "-" "Java/1.6.0_04"
64.79.75.42 - - [22/Jun/2015:16:31:11 +0200] "GET /captcha/captcha.php HTTP/1.1" 200 4462 "-" "Java/1.6.0_04"
64.79.75.42 - - [22/Jun/2015:16:31:11 +0200] "GET /js/libs/jquery-1.7.1.min.js HTTP/1.1" 200 93867 "-" "Java/1.6.0_04"
64.79.75.42 - - [22/Jun/2015:16:31:12 +0200] "GET /js/libs/modernizr-2.5.3.min.js HTTP/1.1" 200 15274 "-" "Java/1.6.0_04"
64.79.75.42 - - [22/Jun/2015:16:31:12 +0200] "GET /js/libs/,data:c,complete:function(a,b,c){c=a.responseText,a.isResolved()&&(a.done(function(a){c=a}),i.html(g?f( HTTP/1.1" 404 - "-" "Java/1.6.0_04"
64.79.75.42 - - [22/Jun/2015:16:31:12 +0200] "GET /js/libs/]},bh=U(c);bg.optgroup=bg.option,bg.tbody=bg.tfoot=bg.colgroup=bg.caption=bg.thead,bg.th=bg.td,f.support.htmlSerialize||(bg._default=[1, HTTP/1.1" 404 - "-" "Java/1.6.0_04"
64.79.75.42 - - [22/Jun/2015:16:31:12 +0200] "GET /js/libs/)&&!!a.HTMLDataListElement),u}( HTTP/1.1" 404 - "-" "Java/1.6.0_04"
123.125.71.76 - - [22/Jun/2015:20:25:45 +0200] "GET /index.html HTTP/1.1" 200 4286 "-" "Mozilla/5.0 (compatible; Baiduspider/2.0; +http://www.baidu.com/search/spider.html)"
123.125.71.117 - - [22/Jun/2015:20:25:46 +0200] "GET / HTTP/1.1" 200 4286 "-" "Mozilla/5.0 (compatible; Baiduspider/2.0; +http://www.baidu.com/search/spider.html)"
123.125.71.104 - - [22/Jun/2015:20:25:49 +0200] "GET /js/libs/modernizr-2.5.3.min.js HTTP/1.1" 200 15274 "http://www.witerra-bau.de/index.html" "Mozilla/5.0 (compatible; Baiduspider/2.0; +http://www.baidu.com/search/spider.html)"
123.125.71.87 - - [22/Jun/2015:20:25:50 +0200] "GET /css/style.css HTTP/1.1" 200 1702 "http://www.witerra-bau.de/index.html" "Mozilla/5.0 (compatible; Baiduspider/2.0; +http://www.baidu.com/search/spider.html)"
123.125.71.86 - - [22/Jun/2015:20:25:51 +0200] "GET /js/libs/jquery-1.7.1.min.js HTTP/1.1" 200 93867 "http://www.witerra-bau.de/index.html" "Mozilla/5.0 (compatible; Baiduspider/2.0; +http://www.baidu.com/search/spider.html)"
123.125.71.103 - - [22/Jun/2015:20:25:55 +0200] "GET /js/plugins.js HTTP/1.1" 200 898 "http://www.witerra-bau.de/index.html" "Mozilla/5.0 (compatible; Baiduspider/2.0; +http://www.baidu.com/search/spider.html)"
61.135.190.219 - - [22/Jun/2015:21:56:49 +0200] "GET / HTTP/1.1" 200 4286 "http://www.baidu.com/s?wd=BauunternehmenWITERRAGmbH" "Mozilla/5.0 (Windows NT 6.1; WOW64) AppleWebKit/537.36 (KHTML, like Gecko) Chrome/36.0.1985.143 Safari/537.36"
61.135.190.224 - - [22/Jun/2015:21:56:50 +0200] "GET /js/libs/modernizr-2.5.3.min.js HTTP/1.1" 200 15274 "http://www.witerra-bau.de/" "Mozilla/5.0 (Windows NT 6.1; WOW64) AppleWebKit/537.36 (KHTML, like Gecko) Chrome/36.0.1985.143 Safari/537.36"
61.135.190.219 - - [22/Jun/2015:21:56:57 +0200] "GET /js/libs/jquery-1.7.1.min.js HTTP/1.1" 200 93867 "http://www.witerra-bau.de/" "Mozilla/5.0 (Windows NT 6.1; WOW64) AppleWebKit/537.36 (KHTML, like Gecko) Chrome/36.0.1985.143 Safari/537.36"
61.135.190.219 - - [22/Jun/2015:21:56:59 +0200] "GET /js/plugins.js HTTP/1.1" 200 898 "http://www.witerra-bau.de/" "Mozilla/5.0 (Windows NT 6.1; WOW64) AppleWebKit/537.36 (KHTML, like Gecko) Chrome/36.0.1985.143 Safari/537.36"
157.55.39.153 - - [22/Jun/2015:22:17:32 +0200] "GET /impressum.html HTTP/1.1" 200 5433 "-" "Mozilla/5.0 (compatible; bingbot/2.0; +http://www.bing.com/bingbot.htm)"
82.208.160.181 - - [23/Jun/2015:08:32:34 +0200] "GET / HTTP/1.1" 200 4286 "-" "User-Agent=Mozilla/5.0 (Macintosh; U; Intel Mac OS X 10.5; en-US; rv:1.9.1.5) Gecko/20091102 Firefox/3.5.7"
82.208.160.181 - - [23/Jun/2015:08:32:34 +0200] "GET /robots.txt HTTP/1.1" 404 - "-" "User-Agent=Mozilla/5.0 (Macintosh; U; Intel Mac OS X 10.5; en-US; rv:1.9.1.5) Gecko/20091102 Firefox/3.5.7"
82.208.160.181 - - [23/Jun/2015:08:32:35 +0200] "GET /kontakt.html HTTP/1.1" 200 5104 "-" "User-Agent=Mozilla/5.0 (Macintosh; U; Intel Mac OS X 10.5; en-US; rv:1.9.1.5) Gecko/20091102 Firefox/3.5.7"
82.208.160.181 - - [23/Jun/2015:08:32:36 +0200] "GET /impressum.html HTTP/1.1" 200 5433 "-" "User-Agent=Mozilla/5.0 (Macintosh; U; Intel Mac OS X 10.5; en-US; rv:1.9.1.5) Gecko/20091102 Firefox/3.5.7"
141.8.189.100 - - [23/Jun/2015:21:00:34 +0200] "GET /robots.txt HTTP/1.1" 404 - "-" "Mozilla/5.0 (compatible; YandexBot/3.0; +http://yandex.com/bots)"
141.8.189.100 - - [23/Jun/2015:23:05:11 +0200] "GET /referenzen.html HTTP/1.1" 200 3962 "-" "Mozilla/5.0 (compatible; YandexBot/3.0; +http://yandex.com/bots)"
66.249.64.250 - - [24/Jun/2015:03:18:13 +0200] "GET /robots.txt HTTP/1.1" 404 - "-" "Mozilla/5.0 (compatible; Googlebot/2.1; +http://www.google.com/bot.html)"
66.249.64.129 - - [24/Jun/2015:03:18:13 +0200] "GET / HTTP/1.1" 200 4286 "-" "Mozilla/5.0 (iPhone; CPU iPhone OS 6_0 like Mac OS X) AppleWebKit/536.26 (KHTML, like Gecko) Version/6.0 Mobile/10A5376e Safari/8536.25 (compatible; Googlebot/2.1; +http://www.google.com/bot.html)"
66.249.64.135 - - [24/Jun/2015:04:17:52 +0200] "GET / HTTP/1.1" 200 4286 "-" "Mozilla/5.0 (compatible; Googlebot/2.1; +http://www.google.com/bot.html)"
