212.101.204.196 - - [17/Feb/2014:14:54:56 +0100] "GET /js/plugins.js HTTP/1.1" 200 898 "http://www.witerra-bau.de/" "Mozilla/5.0 (compatible; MSIE 9.0; Windows NT 6.1; Win64; x64; Trident/5.0)"
212.101.204.196 - - [17/Feb/2014:14:54:56 +0100] "GET /images/bilder.png HTTP/1.1" 200 175856 "http://www.witerra-bau.de/" "Mozilla/5.0 (compatible; MSIE 9.0; Windows NT 6.1; Win64; x64; Trident/5.0)"
212.101.204.196 - - [17/Feb/2014:14:54:59 +0100] "GET /images/header.png HTTP/1.1" 200 27758 "http://www.witerra-bau.de/" "Mozilla/5.0 (compatible; MSIE 9.0; Windows NT 6.1; Win64; x64; Trident/5.0)"
212.101.204.196 - - [17/Feb/2014:14:54:59 +0100] "GET /images/textfeld.png HTTP/1.1" 200 1758 "http://www.witerra-bau.de/" "Mozilla/5.0 (compatible; MSIE 9.0; Windows NT 6.1; Win64; x64; Trident/5.0)"
212.101.204.196 - - [17/Feb/2014:14:54:59 +0100] "GET /images/footer.png HTTP/1.1" 200 518 "http://www.witerra-bau.de/" "Mozilla/5.0 (compatible; MSIE 9.0; Windows NT 6.1; Win64; x64; Trident/5.0)"
212.101.204.196 - - [17/Feb/2014:14:55:00 +0100] "GET /favicon.ico HTTP/1.1" 200 539038 "-" "Mozilla/5.0 (compatible; MSIE 9.0; Windows NT 6.1; Win64; x64; Trident/5.0)"
212.101.204.196 - - [17/Feb/2014:14:55:04 +0100] "GET /impressum.html HTTP/1.1" 200 5433 "http://www.witerra-bau.de/" "Mozilla/5.0 (compatible; MSIE 9.0; Windows NT 6.1; Win64; x64; Trident/5.0)"
66.249.78.146 - - [17/Feb/2014:19:07:11 +0100] "GET /robots.txt HTTP/1.1" 404 - "-" "Mozilla/5.0 (compatible; Googlebot/2.1; +http://www.google.com/bot.html)"
66.249.78.146 - - [17/Feb/2014:19:07:11 +0100] "GET /partner.html HTTP/1.1" 304 - "-" "Mozilla/5.0 (iPhone; CPU iPhone OS 6_0 like Mac OS X) AppleWebKit/536.26 (KHTML, like Gecko) Version/6.0 Mobile/10A5376e Safari/8536.25 (compatible; Googlebot/2.1; +http://www.google.com/bot.html)"
141.8.147.12 - - [17/Feb/2014:23:26:15 +0100] "GET /robots.txt HTTP/1.1" 404 - "-" "Mozilla/5.0 (compatible; YandexBot/3.0; +http://yandex.com/bots)"
141.8.147.12 - - [18/Feb/2014:01:27:36 +0100] "GET / HTTP/1.1" 200 4286 "-" "Mozilla/5.0 (compatible; YandexBot/3.0; +http://yandex.com/bots)"
66.249.78.146 - - [18/Feb/2014:02:00:00 +0100] "GET / HTTP/1.1" 200 4286 "-" "Mozilla/5.0 (compatible; Googlebot/2.1; +http://www.google.com/bot.html)"
157.55.32.100 - - [18/Feb/2014:03:05:52 +0100] "GET /robots.txt HTTP/1.1" 404 - "-" "Mozilla/5.0 (compatible; bingbot/2.0; +http://www.bing.com/bingbot.htm)"
157.55.32.100 - - [18/Feb/2014:03:06:18 +0100] "GET /impressum.html HTTP/1.1" 200 5433 "-" "Mozilla/5.0 (compatible; bingbot/2.0; +http://www.bing.com/bingbot.htm)"
157.55.33.111 - - [18/Feb/2014:03:06:58 +0100] "GET /js/libs/modernizr-2.5.3.min.js HTTP/1.1" 200 15274 "-" "Mozilla/5.0 (compatible; bingbot/2.0; +http://www.bing.com/bingbot.htm)"
157.55.32.26 - - [18/Feb/2014:04:22:58 +0100] "GET /robots.txt HTTP/1.1" 404 - "-" "Mozilla/5.0 (compatible; bingbot/2.0; +http://www.bing.com/bingbot.htm)"
157.55.34.94 - - [18/Feb/2014:04:23:59 +0100] "GET /js/plugins.js HTTP/1.1" 200 898 "-" "Mozilla/5.0 (compatible; bingbot/2.0; +http://www.bing.com/bingbot.htm)"
157.55.32.26 - - [18/Feb/2014:04:24:18 +0100] "GET /css/style.css HTTP/1.1" 200 1702 "-" "Mozilla/5.0 (compatible; bingbot/2.0; +http://www.bing.com/bingbot.htm)"
66.249.78.146 - - [18/Feb/2014:05:10:20 +0100] "GET /kontakt.html HTTP/1.1" 304 - "-" "Mozilla/5.0 (iPhone; CPU iPhone OS 6_0 like Mac OS X) AppleWebKit/536.26 (KHTML, like Gecko) Version/6.0 Mobile/10A5376e Safari/8536.25 (compatible; Googlebot/2.1; +http://www.google.com/bot.html)"
66.249.78.146 - - [18/Feb/2014:08:39:48 +0100] "GET /robots.txt HTTP/1.1" 404 - "-" "Mozilla/5.0 (compatible; Googlebot/2.1; +http://www.google.com/bot.html)"
66.249.78.146 - - [18/Feb/2014:08:39:48 +0100] "GET / HTTP/1.1" 200 4286 "-" "Mozilla/5.0 (iPhone; CPU iPhone OS 6_0 like Mac OS X) AppleWebKit/536.26 (KHTML, like Gecko) Version/6.0 Mobile/10A5376e Safari/8536.25 (compatible; Googlebot/2.1; +http://www.google.com/bot.html)"
157.55.35.45 - - [18/Feb/2014:08:55:19 +0100] "GET /robots.txt HTTP/1.1" 404 - "-" "Mozilla/5.0 (compatible; bingbot/2.0; +http://www.bing.com/bingbot.htm)"
157.55.35.45 - - [18/Feb/2014:08:59:54 +0100] "GET / HTTP/1.1" 200 4286 "-" "Mozilla/5.0 (compatible; bingbot/2.0; +http://www.bing.com/bingbot.htm)"
199.30.24.125 - - [18/Feb/2014:08:59:57 +0100] "GET /images/textfeld.png HTTP/1.1" 200 1758 "http://www.witerra-bau.de/" "Mozilla/5.0 (Windows NT 6.1; WOW64) AppleWebKit/534+ (KHTML, like Gecko) BingPreview/1.0b"
199.30.24.125 - - [18/Feb/2014:08:59:57 +0100] "GET /images/footer.png HTTP/1.1" 200 518 "http://www.witerra-bau.de/" "Mozilla/5.0 (Windows NT 6.1; WOW64) AppleWebKit/534+ (KHTML, like Gecko) BingPreview/1.0b"
199.30.24.125 - - [18/Feb/2014:08:59:58 +0100] "GET /images/header.png HTTP/1.1" 200 27758 "http://www.witerra-bau.de/" "Mozilla/5.0 (Windows NT 6.1; WOW64) AppleWebKit/534+ (KHTML, like Gecko) BingPreview/1.0b"
199.30.24.125 - - [18/Feb/2014:08:59:58 +0100] "GET /images/bilder.png HTTP/1.1" 200 175856 "http://www.witerra-bau.de/" "Mozilla/5.0 (Windows NT 6.1; WOW64) AppleWebKit/534+ (KHTML, like Gecko) BingPreview/1.0b"
66.249.78.146 - - [18/Feb/2014:09:46:16 +0100] "GET /css/style.css HTTP/1.1" 200 1702 "-" "Mozilla/5.0 (compatible; Googlebot/2.1; +http://www.google.com/bot.html)"
66.249.78.146 - - [18/Feb/2014:17:02:52 +0100] "GET /referenzen.html HTTP/1.1" 304 - "-" "Mozilla/5.0 (iPhone; CPU iPhone OS 6_0 like Mac OS X) AppleWebKit/536.26 (KHTML, like Gecko) Version/6.0 Mobile/10A5376e Safari/8536.25 (compatible; Googlebot/2.1; +http://www.google.com/bot.html)"
208.115.111.74 - - [18/Feb/2014:19:01:45 +0100] "GET /robots.txt HTTP/1.1" 404 - "-" "Mozilla/5.0 (compatible; Ezooms/1.0; help@moz.com)"
208.115.111.74 - - [18/Feb/2014:21:05:42 +0100] "GET /leistungen.html HTTP/1.1" 200 3736 "-" "Mozilla/5.0 (compatible; Ezooms/1.0; help@moz.com)"
78.50.164.57 - - [18/Feb/2014:21:40:16 +0100] "GET / HTTP/1.1" 200 4286 "-" "UserAgent: Apache-HttpClient/release (java 1.5)"
78.50.164.57 - - [18/Feb/2014:21:40:17 +0100] "GET /impressum.html HTTP/1.1" 200 5433 "-" "UserAgent: Apache-HttpClient/release (java 1.5)"
66.249.78.146 - - [19/Feb/2014:04:54:59 +0100] "GET /robots.txt HTTP/1.1" 404 - "-" "Mozilla/5.0 (compatible; Googlebot/2.1; +http://www.google.com/bot.html)"
66.249.78.146 - - [19/Feb/2014:04:55:00 +0100] "GET /impressum.html HTTP/1.1" 304 - "-" "Mozilla/5.0 (iPhone; CPU iPhone OS 6_0 like Mac OS X) AppleWebKit/536.26 (KHTML, like Gecko) Version/6.0 Mobile/10A5376e Safari/8536.25 (compatible; Googlebot/2.1; +http://www.google.com/bot.html)"
87.169.126.93 - - [19/Feb/2014:08:53:29 +0100] "GET /impressum.html HTTP/1.1" 200 5433 "https://www.google.de/" "Mozilla/5.0 (Windows NT 6.1) AppleWebKit/537.1 (KHTML, like Gecko) Chrome/21.0.1180.89 Safari/537.1"
87.169.126.93 - - [19/Feb/2014:08:53:29 +0100] "GET /css/style.css HTTP/1.1" 200 1702 "http://www.witerra-bau.de/impressum.html" "Mozilla/5.0 (Windows NT 6.1) AppleWebKit/537.1 (KHTML, like Gecko) Chrome/21.0.1180.89 Safari/537.1"
87.169.126.93 - - [19/Feb/2014:08:53:29 +0100] "GET /js/libs/modernizr-2.5.3.min.js HTTP/1.1" 200 15274 "http://www.witerra-bau.de/impressum.html" "Mozilla/5.0 (Windows NT 6.1) AppleWebKit/537.1 (KHTML, like Gecko) Chrome/21.0.1180.89 Safari/537.1"
87.169.126.93 - - [19/Feb/2014:08:53:29 +0100] "GET /js/plugins.js HTTP/1.1" 200 898 "http://www.witerra-bau.de/impressum.html" "Mozilla/5.0 (Windows NT 6.1) AppleWebKit/537.1 (KHTML, like Gecko) Chrome/21.0.1180.89 Safari/537.1"
87.169.126.93 - - [19/Feb/2014:08:53:29 +0100] "GET /images/textfeld.png HTTP/1.1" 200 1758 "http://www.witerra-bau.de/impressum.html" "Mozilla/5.0 (Windows NT 6.1) AppleWebKit/537.1 (KHTML, like Gecko) Chrome/21.0.1180.89 Safari/537.1"
87.169.126.93 - - [19/Feb/2014:08:53:29 +0100] "GET /images/footer.png HTTP/1.1" 200 518 "http://www.witerra-bau.de/impressum.html" "Mozilla/5.0 (Windows NT 6.1) AppleWebKit/537.1 (KHTML, like Gecko) Chrome/21.0.1180.89 Safari/537.1"
87.169.126.93 - - [19/Feb/2014:08:53:29 +0100] "GET /images/header.png HTTP/1.1" 200 27758 "http://www.witerra-bau.de/impressum.html" "Mozilla/5.0 (Windows NT 6.1) AppleWebKit/537.1 (KHTML, like Gecko) Chrome/21.0.1180.89 Safari/537.1"
87.169.126.93 - - [19/Feb/2014:08:53:30 +0100] "GET /favicon.ico HTTP/1.1" 200 539038 "-" "Mozilla/5.0 (Windows NT 6.1) AppleWebKit/537.1 (KHTML, like Gecko) Chrome/21.0.1180.89 Safari/537.1"
220.181.132.216 - - [19/Feb/2014:08:56:24 +0100] "GET / HTTP/1.1" 200 4286 "http://www.witerra-bau.de/" "Mozilla/4.0 (compatible; MSIE 8.0; Windows NT 6.1; Trident/4.0; SLCC2; .NET CLR 2.0.50727; .NET CLR 3.5.30729; .NET CLR 3.0.30729; Media Center PC 6.0; Tablet PC 2.0)"
106.120.160.109 - - [19/Feb/2014:08:57:11 +0100] "GET /js/libs/modernizr-2.5.3.min.js HTTP/1.1" 200 15274 "-" "Mozilla/4.0 (compatible; MSIE 8.0; Windows NT 6.1; Trident/4.0; SLCC2; .NET CLR 2.0.50727; .NET CLR 3.5.30729; .NET CLR 3.0.30729; Media Center PC 6.0; Tablet PC 2.0)"
106.120.160.119 - - [19/Feb/2014:08:57:28 +0100] "GET /js/plugins.js HTTP/1.1" 200 898 "-" "Mozilla/4.0 (compatible; MSIE 8.0; Windows NT 6.1; Trident/4.0; SLCC2; .NET CLR 2.0.50727; .NET CLR 3.5.30729; .NET CLR 3.0.30729; Media Center PC 6.0; Tablet PC 2.0)"
208.115.111.74 - - [20/Feb/2014:06:55:00 +0100] "GET /robots.txt HTTP/1.1" 404 - "-" "Mozilla/5.0 (compatible; Ezooms/1.0; help@moz.com)"
82.144.32.18 - - [20/Feb/2014:07:31:13 +0100] "GET /impressum.html HTTP/1.1" 200 5433 "http://www.google.de/url?sa=t&rct=j&q=&esrc=s&source=web&cd=2&ved=0CDMQFjAB&url=http%3A%2F%2Fwww.witerra-bau.de%2Fimpressum.html&ei=AqEFU8qzAdKihgfzzIDQBA&usg=AFQjCNE4aTIFvP6UqNbn2CeA0tG1IVDFeA&bvm=bv.61725948,d.ZG4" "Mozilla/5.0 (Windows NT 6.1; WOW64; rv:24.0) Gecko/20100101 Firefox/24.0"
82.144.32.18 - - [20/Feb/2014:07:31:13 +0100] "GET /css/style.css HTTP/1.1" 200 1702 "http://www.witerra-bau.de/impressum.html" "Mozilla/5.0 (Windows NT 6.1; WOW64; rv:24.0) Gecko/20100101 Firefox/24.0"
82.144.32.18 - - [20/Feb/2014:07:31:13 +0100] "GET /js/libs/modernizr-2.5.3.min.js HTTP/1.1" 200 15274 "http://www.witerra-bau.de/impressum.html" "Mozilla/5.0 (Windows NT 6.1; WOW64; rv:24.0) Gecko/20100101 Firefox/24.0"
82.144.32.18 - - [20/Feb/2014:07:31:13 +0100] "GET /js/plugins.js HTTP/1.1" 200 898 "http://www.witerra-bau.de/impressum.html" "Mozilla/5.0 (Windows NT 6.1; WOW64; rv:24.0) Gecko/20100101 Firefox/24.0"
82.144.32.18 - - [20/Feb/2014:07:31:13 +0100] "GET /images/footer.png HTTP/1.1" 200 518 "http://www.witerra-bau.de/css/style.css" "Mozilla/5.0 (Windows NT 6.1; WOW64; rv:24.0) Gecko/20100101 Firefox/24.0"
82.144.32.18 - - [20/Feb/2014:07:31:13 +0100] "GET /images/header.png HTTP/1.1" 200 27758 "http://www.witerra-bau.de/css/style.css" "Mozilla/5.0 (Windows NT 6.1; WOW64; rv:24.0) Gecko/20100101 Firefox/24.0"
82.144.32.18 - - [20/Feb/2014:07:31:13 +0100] "GET /images/textfeld.png HTTP/1.1" 200 1758 "http://www.witerra-bau.de/css/style.css" "Mozilla/5.0 (Windows NT 6.1; WOW64; rv:24.0) Gecko/20100101 Firefox/24.0"
82.144.32.18 - - [20/Feb/2014:07:31:13 +0100] "GET /favicon.ico HTTP/1.1" 200 539038 "-" "Mozilla/5.0 (Windows NT 6.1; WOW64; rv:24.0) Gecko/20100101 Firefox/24.0"
208.115.111.74 - - [20/Feb/2014:08:54:09 +0100] "GET /index.html HTTP/1.1" 200 4286 "-" "Mozilla/5.0 (compatible; Ezooms/1.0; help@moz.com)"
66.249.78.146 - - [20/Feb/2014:10:21:50 +0100] "GET /robots.txt HTTP/1.1" 404 - "-" "Mozilla/5.0 (compatible; Googlebot/2.1; +http://www.google.com/bot.html)"
66.249.78.146 - - [20/Feb/2014:10:21:50 +0100] "GET /impressum.html HTTP/1.1" 304 - "-" "Mozilla/5.0 (compatible; Googlebot/2.1; +http://www.google.com/bot.html)"
157.55.32.113 - - [20/Feb/2014:11:12:58 +0100] "GET /robots.txt HTTP/1.1" 404 - "-" "Mozilla/5.0 (compatible; bingbot/2.0; +http://www.bing.com/bingbot.htm)"
157.55.32.113 - - [20/Feb/2014:11:13:48 +0100] "GET / HTTP/1.1" 200 4286 "-" "Mozilla/5.0 (compatible; bingbot/2.0; +http://www.bing.com/bingbot.htm)"
157.55.34.106 - - [20/Feb/2014:11:14:27 +0100] "GET /js/libs/modernizr-2.5.3.min.js HTTP/1.1" 200 15274 "-" "Mozilla/5.0 (compatible; bingbot/2.0; +http://www.bing.com/bingbot.htm)"
157.55.32.113 - - [20/Feb/2014:11:14:47 +0100] "GET /css/style.css HTTP/1.1" 200 1702 "-" "Mozilla/5.0 (compatible; bingbot/2.0; +http://www.bing.com/bingbot.htm)"
157.55.32.113 - - [20/Feb/2014:11:14:48 +0100] "GET /js/plugins.js HTTP/1.1" 200 898 "-" "Mozilla/5.0 (compatible; bingbot/2.0; +http://www.bing.com/bingbot.htm)"
178.15.249.50 - - [20/Feb/2014:11:30:38 +0100] "GET / HTTP/1.1" 200 4286 "http://www.google.de/url?sa=t&rct=j&q=&esrc=s&frm=1&source=web&cd=1&ved=0CCwQFjAA&url=http%3A%2F%2Fwww.witerra-bau.de%2F&ei=GtkFU6eOIaXRywP7zYDgDA&usg=AFQjCNHIAU9oPPEhzK1cDc9q0fIUfXtVlg&bvm=bv.61725948,d.bGQ" "Mozilla/5.0 (compatible; MSIE 9.0; Windows NT 6.1; WOW64; Trident/5.0)"
178.15.249.50 - - [20/Feb/2014:11:30:38 +0100] "GET /css/style.css HTTP/1.1" 200 1702 "http://www.witerra-bau.de/" "Mozilla/5.0 (compatible; MSIE 9.0; Windows NT 6.1; WOW64; Trident/5.0)"
178.15.249.50 - - [20/Feb/2014:11:30:38 +0100] "GET /js/plugins.js HTTP/1.1" 200 898 "http://www.witerra-bau.de/" "Mozilla/5.0 (compatible; MSIE 9.0; Windows NT 6.1; WOW64; Trident/5.0)"
178.15.249.50 - - [20/Feb/2014:11:30:41 +0100] "GET /js/libs/modernizr-2.5.3.min.js HTTP/1.1" 200 15274 "http://www.witerra-bau.de/" "Mozilla/5.0 (compatible; MSIE 9.0; Windows NT 6.1; WOW64; Trident/5.0)"
178.15.249.50 - - [20/Feb/2014:11:30:42 +0100] "GET /images/bilder.png HTTP/1.1" 200 175856 "http://www.witerra-bau.de/" "Mozilla/5.0 (compatible; MSIE 9.0; Windows NT 6.1; WOW64; Trident/5.0)"
178.15.249.50 - - [20/Feb/2014:11:30:43 +0100] "GET /images/textfeld.png HTTP/1.1" 200 1758 "http://www.witerra-bau.de/" "Mozilla/5.0 (compatible; MSIE 9.0; Windows NT 6.1; WOW64; Trident/5.0)"
178.15.249.50 - - [20/Feb/2014:11:30:43 +0100] "GET /images/footer.png HTTP/1.1" 200 518 "http://www.witerra-bau.de/" "Mozilla/5.0 (compatible; MSIE 9.0; Windows NT 6.1; WOW64; Trident/5.0)"
178.15.249.50 - - [20/Feb/2014:11:30:43 +0100] "GET /images/header.png HTTP/1.1" 200 27758 "http://www.witerra-bau.de/" "Mozilla/5.0 (compatible; MSIE 9.0; Windows NT 6.1; WOW64; Trident/5.0)"
178.15.249.50 - - [20/Feb/2014:11:30:55 +0100] "GET /index.html HTTP/1.1" 200 4286 "http://www.witerra-bau.de/" "Mozilla/5.0 (compatible; MSIE 9.0; Windows NT 6.1; WOW64; Trident/5.0)"
178.15.249.50 - - [20/Feb/2014:11:30:58 +0100] "GET /images/bilder.png HTTP/1.1" 304 - "http://www.witerra-bau.de/index.html" "Mozilla/5.0 (compatible; MSIE 9.0; Windows NT 6.1; WOW64; Trident/5.0)"
178.15.249.50 - - [20/Feb/2014:11:31:00 +0100] "GET /impressum.html HTTP/1.1" 200 5433 "http://www.witerra-bau.de/index.html" "Mozilla/5.0 (compatible; MSIE 9.0; Windows NT 6.1; WOW64; Trident/5.0)"
178.15.249.50 - - [20/Feb/2014:11:31:02 +0100] "GET /impressum.html HTTP/1.1" 200 5433 "http://www.witerra-bau.de/index.html" "Mozilla/5.0 (compatible; MSIE 9.0; Windows NT 6.1; WOW64; Trident/5.0)"
178.15.249.50 - - [20/Feb/2014:11:31:04 +0100] "GET /favicon.ico HTTP/1.1" 200 539038 "-" "Mozilla/5.0 (compatible; MSIE 9.0; Windows NT 6.1; WOW64; Trident/5.0)"
178.15.249.50 - - [20/Feb/2014:11:31:07 +0100] "GET /images/bilder.png HTTP/1.1" 304 - "http://www.witerra-bau.de/index.html" "Mozilla/5.0 (compatible; MSIE 9.0; Windows NT 6.1; WOW64; Trident/5.0)"
178.15.249.50 - - [20/Feb/2014:11:31:08 +0100] "GET /images/bilder.png HTTP/1.1" 304 - "http://www.witerra-bau.de/" "Mozilla/5.0 (compatible; MSIE 9.0; Windows NT 6.1; WOW64; Trident/5.0)"
178.15.249.50 - - [20/Feb/2014:11:31:09 +0100] "GET /images/bilder.png HTTP/1.1" 304 - "http://www.witerra-bau.de/" "Mozilla/5.0 (compatible; MSIE 9.0; Windows NT 6.1; WOW64; Trident/5.0)"
66.249.78.146 - - [20/Feb/2014:11:56:35 +0100] "GET / HTTP/1.1" 304 - "-" "Mozilla/5.0 (compatible; Googlebot/2.1; +http://www.google.com/bot.html)"
66.249.78.146 - - [20/Feb/2014:12:40:49 +0100] "GET /partner.html HTTP/1.1" 304 - "-" "Mozilla/5.0 (compatible; Googlebot/2.1; +http://www.google.com/bot.html)"
66.249.78.146 - - [20/Feb/2014:13:43:59 +0100] "GET /uns.html HTTP/1.1" 304 - "-" "Mozilla/5.0 (compatible; Googlebot/2.1; +http://www.google.com/bot.html)"
66.249.75.232 - - [20/Feb/2014:15:37:42 +0100] "GET /leistungen.html HTTP/1.1" 304 - "-" "Mozilla/5.0 (compatible; Googlebot/2.1; +http://www.google.com/bot.html)"
66.249.78.146 - - [20/Feb/2014:16:15:36 +0100] "GET /referenzen.html HTTP/1.1" 304 - "-" "Mozilla/5.0 (compatible; Googlebot/2.1; +http://www.google.com/bot.html)"
141.8.147.12 - - [20/Feb/2014:19:02:13 +0100] "GET /robots.txt HTTP/1.1" 404 - "-" "Mozilla/5.0 (compatible; YandexBot/3.0; +http://yandex.com/bots)"
66.249.78.146 - - [20/Feb/2014:20:31:04 +0100] "GET / HTTP/1.1" 200 4286 "-" "Mozilla/5.0 (iPhone; CPU iPhone OS 6_0 like Mac OS X) AppleWebKit/536.26 (KHTML, like Gecko) Version/6.0 Mobile/10A5376e Safari/8536.25 (compatible; Googlebot/2.1; +http://www.google.com/bot.html)"
66.249.78.146 - - [20/Feb/2014:23:04:49 +0100] "GET /robots.txt HTTP/1.1" 404 - "-" "Mozilla/5.0 (compatible; Googlebot/2.1; +http://www.google.com/bot.html)"
66.249.78.146 - - [20/Feb/2014:23:04:49 +0100] "GET /leistungen.html HTTP/1.1" 304 - "-" "Mozilla/5.0 (iPhone; CPU iPhone OS 6_0 like Mac OS X) AppleWebKit/536.26 (KHTML, like Gecko) Version/6.0 Mobile/10A5376e Safari/8536.25 (compatible; Googlebot/2.1; +http://www.google.com/bot.html)"
208.115.111.74 - - [21/Feb/2014:02:48:38 +0100] "GET /robots.txt HTTP/1.1" 404 - "-" "Mozilla/5.0 (compatible; Ezooms/1.0; help@moz.com)"
141.8.147.12 - - [21/Feb/2014:03:51:20 +0100] "GET / HTTP/1.1" 200 4286 "-" "Mozilla/5.0 (compatible; YandexBot/3.0; +http://yandex.com/bots)"
208.115.111.74 - - [21/Feb/2014:04:46:46 +0100] "GET /uns.html HTTP/1.1" 200 3735 "-" "Mozilla/5.0 (compatible; Ezooms/1.0; help@moz.com)"
66.249.78.146 - - [21/Feb/2014:07:11:06 +0100] "GET /css/style.css HTTP/1.1" 200 1702 "-" "Mozilla/5.0 (compatible; Googlebot/2.1; +http://www.google.com/bot.html)"
192.114.71.13 - - [21/Feb/2014:11:36:17 +0100] "GET / HTTP/1.1" 200 4286 "-" "Mozilla/5.0 (Windows NT 6.1; WOW64) AppleWebKit/537.36 (KHTML, like Gecko) Chrome/32.0.1700.41 Safari/537.36"
192.114.71.13 - - [21/Feb/2014:11:36:38 +0100] "GET /partner.html HTTP/1.1" 200 4178 "http://www.witerra-bau.de/" "Mozilla/5.0 (Windows NT 6.1) AppleWebKit/537.36 (KHTML, like Gecko) Chrome/32.0.1700.72 Safari/537.36"
192.114.71.13 - - [21/Feb/2014:11:36:38 +0100] "GET /uns.html HTTP/1.1" 200 3735 "http://www.witerra-bau.de/" "Mozilla/5.0 (Windows NT 6.1; WOW64; rv:26.0) Gecko/20100101 Firefox/26.0"
192.114.71.13 - - [21/Feb/2014:11:36:38 +0100] "GET /css/style.css HTTP/1.1" 200 1702 "http://www.witerra-bau.de/" "Mozilla/5.0 (Windows NT 6.1; WOW64; Trident/7.0; rv:11.0) like Gecko"
192.114.71.13 - - [21/Feb/2014:11:36:38 +0100] "GET /leistungen.html HTTP/1.1" 200 3736 "http://www.witerra-bau.de/" "Mozilla/5.0 (Macintosh; Intel Mac OS X 10_8_5) AppleWebKit/537.73.11 (KHTML, like Gecko) Version/6.1.1 Safari/537.73.11"
192.114.71.13 - - [21/Feb/2014:11:36:38 +0100] "GET /referenzen.html HTTP/1.1" 200 3962 "http://www.witerra-bau.de/" "Mozilla/5.0 (Macintosh; Intel Mac OS X 10_9_1) AppleWebKit/537.36 (KHTML, like Gecko) Chrome/32.0.1700.68 Safari/537.36"
192.114.71.13 - - [21/Feb/2014:11:36:38 +0100] "GET /kontakt.html HTTP/1.1" 200 5104 "http://www.witerra-bau.de/" "Mozilla/5.0 (Macintosh; Intel Mac OS X 10_6_8) AppleWebKit/534.59.10 (KHTML, like Gecko) Version/5.1.9 Safari/534.59.10"
192.114.71.13 - - [21/Feb/2014:11:36:39 +0100] "GET /impressum.html HTTP/1.1" 200 5433 "http://www.witerra-bau.de/" "Mozilla/5.0 (Windows NT 6.0; rv:26.0) Gecko/20100101 Firefox/26.0"
192.114.71.13 - - [21/Feb/2014:11:36:39 +0100] "GET /index.html HTTP/1.1" 200 4286 "http://www.witerra-bau.de/" "Mozilla/5.0 (Windows NT 6.1; WOW64) AppleWebKit/537.36 (KHTML, like Gecko) Chrome/32.0.1700.41 Safari/537.36"
82.80.234.137 - - [21/Feb/2014:12:05:20 +0100] "GET /images/textfeld.png HTTP/1.1" 200 1758 "-" "-"
82.80.234.136 - - [21/Feb/2014:12:05:20 +0100] "GET /images/header.png HTTP/1.1" 200 27758 "-" "-"
82.80.234.137 - - [21/Feb/2014:12:05:20 +0100] "GET /captcha/captcha.php HTTP/1.1" 200 4346 "-" "-"
82.80.244.57 - - [21/Feb/2014:12:05:20 +0100] "GET /images/bilder.png HTTP/1.1" 200 175856 "-" "-"
82.80.234.135 - - [21/Feb/2014:12:05:22 +0100] "GET /images/footer.png HTTP/1.1" 200 518 "-" "-"
80.148.18.170 - - [21/Feb/2014:15:25:53 +0100] "GET / HTTP/1.1" 200 4286 "-" "Mozilla/4.0 (compatible; MSIE 8.0; Windows NT 5.1; Trident/4.0; .NET CLR 2.0.50727; .NET CLR 3.0.04506.648; .NET CLR 3.5.21022; .NET4.0C; .NET4.0E; .NET CLR 3.0.4506.2152; .NET CLR 3.5.30729)"
157.55.34.94 - - [21/Feb/2014:15:47:49 +0100] "GET /robots.txt HTTP/1.1" 404 - "-" "Mozilla/5.0 (compatible; bingbot/2.0; +http://www.bing.com/bingbot.htm)"
157.55.34.94 - - [21/Feb/2014:15:59:34 +0100] "GET /kontakt.html HTTP/1.1" 304 - "-" "Mozilla/5.0 (compatible; bingbot/2.0; +http://www.bing.com/bingbot.htm)"
208.115.111.74 - - [22/Feb/2014:02:47:40 +0100] "GET /robots.txt HTTP/1.1" 404 - "-" "Mozilla/5.0 (compatible; Ezooms/1.0; help@moz.com)"
208.115.111.74 - - [22/Feb/2014:04:47:45 +0100] "GET /kontakt.html HTTP/1.1" 200 5104 "-" "Mozilla/5.0 (compatible; Ezooms/1.0; help@moz.com)"
66.249.78.146 - - [22/Feb/2014:08:13:14 +0100] "GET /robots.txt HTTP/1.1" 404 - "-" "Mozilla/5.0 (compatible; Googlebot/2.1; +http://www.google.com/bot.html)"
66.249.78.146 - - [22/Feb/2014:08:13:14 +0100] "GET /uns.html HTTP/1.1" 200 3735 "-" "Mozilla/5.0 (iPhone; CPU iPhone OS 6_0 like Mac OS X) AppleWebKit/536.26 (KHTML, like Gecko) Version/6.0 Mobile/10A5376e Safari/8536.25 (compatible; Googlebot/2.1; +http://www.google.com/bot.html)"
66.249.78.146 - - [22/Feb/2014:08:13:24 +0100] "GET / HTTP/1.1" 200 4286 "-" "Mozilla/5.0 (iPhone; CPU iPhone OS 6_0 like Mac OS X) AppleWebKit/536.26 (KHTML, like Gecko) Version/6.0 Mobile/10A5376e Safari/8536.25 (compatible; Googlebot/2.1; +http://www.google.com/bot.html)"
66.249.78.146 - - [22/Feb/2014:08:17:19 +0100] "GET /css/style.css HTTP/1.1" 200 1702 "-" "Mozilla/5.0 (compatible; Googlebot/2.1; +http://www.google.com/bot.html)"
79.114.9.91 - - [22/Feb/2014:14:42:48 +0100] "GET / HTTP/1.1" 200 4286 "-" "-"
141.8.147.12 - - [22/Feb/2014:18:47:49 +0100] "GET /robots.txt HTTP/1.1" 404 - "-" "Mozilla/5.0 (compatible; YandexBot/3.0; +http://yandex.com/bots)"
141.8.147.12 - - [22/Feb/2014:20:39:39 +0100] "GET / HTTP/1.1" 200 4286 "-" "Mozilla/5.0 (compatible; YandexBot/3.0; +http://yandex.com/bots)"
66.249.74.248 - - [22/Feb/2014:21:23:28 +0100] "GET /robots.txt HTTP/1.1" 404 - "-" "Mozilla/5.0 (compatible; Googlebot/2.1; +http://www.google.com/bot.html)"
66.249.78.146 - - [22/Feb/2014:21:23:28 +0100] "GET /partner.html HTTP/1.1" 304 - "-" "Mozilla/5.0 (iPhone; CPU iPhone OS 6_0 like Mac OS X) AppleWebKit/536.26 (KHTML, like Gecko) Version/6.0 Mobile/10A5376e Safari/8536.25 (compatible; Googlebot/2.1; +http://www.google.com/bot.html)"
208.115.111.74 - - [22/Feb/2014:22:46:16 +0100] "GET /robots.txt HTTP/1.1" 404 - "-" "Mozilla/5.0 (compatible; Ezooms/1.0; help@moz.com)"
208.115.111.74 - - [23/Feb/2014:00:40:08 +0100] "GET /partner.html HTTP/1.1" 200 4178 "-" "Mozilla/5.0 (compatible; Ezooms/1.0; help@moz.com)"
66.249.78.146 - - [23/Feb/2014:07:57:11 +0100] "GET /kontakt.html HTTP/1.1" 304 - "-" "Mozilla/5.0 (iPhone; CPU iPhone OS 6_0 like Mac OS X) AppleWebKit/536.26 (KHTML, like Gecko) Version/6.0 Mobile/10A5376e Safari/8536.25 (compatible; Googlebot/2.1; +http://www.google.com/bot.html)"
141.8.147.12 - - [23/Feb/2014:08:05:36 +0100] "GET /robots.txt HTTP/1.1" 404 - "-" "Mozilla/5.0 (compatible; YandexBot/3.0; +http://yandex.com/bots)"
65.55.52.113 - - [23/Feb/2014:13:18:23 +0100] "GET /robots.txt HTTP/1.1" 404 - "-" "Mozilla/5.0 (compatible; bingbot/2.0; +http://www.bing.com/bingbot.htm)"
65.55.52.113 - - [23/Feb/2014:13:44:14 +0100] "GET /uns.html HTTP/1.1" 304 - "-" "Mozilla/5.0 (compatible; bingbot/2.0; +http://www.bing.com/bingbot.htm)"
141.8.147.12 - - [23/Feb/2014:14:38:11 +0100] "GET /uns.html HTTP/1.1" 200 3735 "-" "Mozilla/5.0 (compatible; YandexBot/3.0; +http://yandex.com/bots)"
141.8.147.12 - - [23/Feb/2014:17:06:46 +0100] "GET / HTTP/1.1" 200 4286 "-" "Mozilla/5.0 (compatible; YandexBot/3.0; +http://yandex.com/bots)"
141.8.147.12 - - [23/Feb/2014:19:56:39 +0100] "GET /robots.txt HTTP/1.1" 404 - "-" "Mozilla/5.0 (compatible; YandexBot/3.0; +http://yandex.com/bots)"
141.8.147.12 - - [23/Feb/2014:19:56:41 +0100] "GET /images/bilder.png HTTP/1.1" 304 - "-" "Mozilla/5.0 (compatible; YandexImages/3.0; +http://yandex.com/bots)"
66.249.78.146 - - [23/Feb/2014:22:22:06 +0100] "GET /robots.txt HTTP/1.1" 404 - "-" "Mozilla/5.0 (compatible; Googlebot/2.1; +http://www.google.com/bot.html)"
66.249.78.146 - - [23/Feb/2014:22:22:06 +0100] "GET /referenzen.html HTTP/1.1" 304 - "-" "Mozilla/5.0 (iPhone; CPU iPhone OS 6_0 like Mac OS X) AppleWebKit/536.26 (KHTML, like Gecko) Version/6.0 Mobile/10A5376e Safari/8536.25 (compatible; Googlebot/2.1; +http://www.google.com/bot.html)"
66.249.78.146 - - [24/Feb/2014:02:58:08 +0100] "GET / HTTP/1.1" 200 4286 "-" "Mozilla/5.0 (compatible; Googlebot/2.1; +http://www.google.com/bot.html)"
66.249.78.146 - - [24/Feb/2014:03:06:22 +0100] "GET /css/style.css HTTP/1.1" 200 1702 "-" "Mozilla/5.0 (compatible; Googlebot/2.1; +http://www.google.com/bot.html)"
66.249.78.146 - - [24/Feb/2014:07:41:30 +0100] "GET / HTTP/1.1" 200 4286 "-" "Mozilla/5.0 (iPhone; CPU iPhone OS 6_0 like Mac OS X) AppleWebKit/536.26 (KHTML, like Gecko) Version/6.0 Mobile/10A5376e Safari/8536.25 (compatible; Googlebot/2.1; +http://www.google.com/bot.html)"
80.148.18.170 - - [24/Feb/2014:11:07:30 +0100] "GET / HTTP/1.1" 200 4286 "-" "Mozilla/5.0 (Windows NT 5.1) AppleWebKit/535.7 (KHTML, like Gecko) Chrome/16.0.912.77 Safari/535.7"
66.249.78.146 - - [24/Feb/2014:13:16:32 +0100] "GET /robots.txt HTTP/1.1" 404 - "-" "Mozilla/5.0 (compatible; Googlebot/2.1; +http://www.google.com/bot.html)"
66.249.78.146 - - [24/Feb/2014:13:16:32 +0100] "GET /impressum.html HTTP/1.1" 304 - "-" "Mozilla/5.0 (iPhone; CPU iPhone OS 6_0 like Mac OS X) AppleWebKit/536.26 (KHTML, like Gecko) Version/6.0 Mobile/10A5376e Safari/8536.25 (compatible; Googlebot/2.1; +http://www.google.com/bot.html)"
141.8.147.12 - - [24/Feb/2014:19:37:51 +0100] "GET /robots.txt HTTP/1.1" 404 - "-" "Mozilla/5.0 (compatible; YandexBot/3.0; +http://yandex.com/bots)"
141.8.147.12 - - [24/Feb/2014:20:19:10 +0100] "GET / HTTP/1.1" 200 4286 "-" "Mozilla/5.0 (compatible; YandexBot/3.0; +http://yandex.com/bots)"
66.249.78.146 - - [25/Feb/2014:00:48:56 +0100] "GET /impressum.html HTTP/1.1" 200 5433 "-" "Mozilla/5.0 (compatible; Googlebot/2.1; +http://www.google.com/bot.html)"
66.249.78.146 - - [25/Feb/2014:00:48:56 +0100] "GET /css/style.css HTTP/1.1" 200 1702 "http://www.witerra-bau.de/impressum.html" "Mozilla/5.0 (compatible; Googlebot/2.1; +http://www.google.com/bot.html)"
66.249.78.146 - - [25/Feb/2014:00:48:57 +0100] "GET /images/textfeld.png HTTP/1.1" 200 1758 "http://www.witerra-bau.de/impressum.html" "Mozilla/5.0 (compatible; Googlebot/2.1; +http://www.google.com/bot.html)"
66.249.78.146 - - [25/Feb/2014:00:48:57 +0100] "GET /images/header.png HTTP/1.1" 200 27758 "http://www.witerra-bau.de/impressum.html" "Mozilla/5.0 (compatible; Googlebot/2.1; +http://www.google.com/bot.html)"
66.249.78.146 - - [25/Feb/2014:00:48:58 +0100] "GET /images/footer.png HTTP/1.1" 200 518 "http://www.witerra-bau.de/impressum.html" "Mozilla/5.0 (compatible; Googlebot/2.1; +http://www.google.com/bot.html)"
5.199.136.130 - - [25/Feb/2014:08:15:12 +0100] "GET /robots.txt HTTP/1.1" 404 - "-" "Mozilla/5.0 (compatible; waybackarchive.org/1.0; +spider@waybackarchive.org)"
5.199.136.130 - - [25/Feb/2014:08:15:12 +0100] "GET /images/bilder.png HTTP/1.1" 200 175856 "-" "Mozilla/5.0 (compatible; waybackarchive.org/1.0; +spider@waybackarchive.org)"
66.249.78.146 - - [25/Feb/2014:23:06:50 +0100] "GET /robots.txt HTTP/1.1" 404 - "-" "Mozilla/5.0 (compatible; Googlebot/2.1; +http://www.google.com/bot.html)"
66.249.78.146 - - [25/Feb/2014:23:06:50 +0100] "GET /leistungen.html HTTP/1.1" 304 - "-" "Mozilla/5.0 (iPhone; CPU iPhone OS 6_0 like Mac OS X) AppleWebKit/536.26 (KHTML, like Gecko) Version/6.0 Mobile/10A5376e Safari/8536.25 (compatible; Googlebot/2.1; +http://www.google.com/bot.html)"
141.8.147.12 - - [25/Feb/2014:23:35:43 +0100] "GET /robots.txt HTTP/1.1" 404 - "-" "Mozilla/5.0 (compatible; YandexBot/3.0; +http://yandex.com/bots)"
141.8.147.12 - - [26/Feb/2014:06:03:36 +0100] "GET / HTTP/1.1" 200 4286 "-" "Mozilla/5.0 (compatible; YandexBot/3.0; +http://yandex.com/bots)"
66.249.78.146 - - [26/Feb/2014:07:43:19 +0100] "GET / HTTP/1.1" 200 4286 "-" "Mozilla/5.0 (iPhone; CPU iPhone OS 6_0 like Mac OS X) AppleWebKit/536.26 (KHTML, like Gecko) Version/6.0 Mobile/10A5376e Safari/8536.25 (compatible; Googlebot/2.1; +http://www.google.com/bot.html)"
66.249.78.146 - - [26/Feb/2014:07:45:10 +0100] "GET /css/style.css HTTP/1.1" 200 1702 "-" "Mozilla/5.0 (compatible; Googlebot/2.1; +http://www.google.com/bot.html)"
66.249.75.232 - - [26/Feb/2014:09:08:08 +0100] "GET /uns.html HTTP/1.1" 304 - "-" "Mozilla/5.0 (iPhone; CPU iPhone OS 6_0 like Mac OS X) AppleWebKit/536.26 (KHTML, like Gecko) Version/6.0 Mobile/10A5376e Safari/8536.25 (compatible; Googlebot/2.1; +http://www.google.com/bot.html)"
24.134.46.216 - - [26/Feb/2014:10:59:29 +0100] "GET /impressum.html HTTP/1.1" 200 5433 "http://www.google.de/url?sa=t&rct=j&q=&esrc=s&source=web&cd=1&ved=0CCwQFjAA&url=http%3A%2F%2Fwww.witerra-bau.de%2Fimpressum.html&ei=47oNU_LaA4zIsgaB5IHgCg&usg=AFQjCNE4aTIFvP6UqNbn2CeA0tG1IVDFeA&bvm=bv.61965928,d.Yms" "Mozilla/5.0 (Windows NT 6.1; WOW64; rv:27.0) Gecko/20100101 Firefox/27.0"
24.134.46.216 - - [26/Feb/2014:10:59:29 +0100] "GET /css/style.css HTTP/1.1" 200 1702 "http://www.witerra-bau.de/impressum.html" "Mozilla/5.0 (Windows NT 6.1; WOW64; rv:27.0) Gecko/20100101 Firefox/27.0"
24.134.46.216 - - [26/Feb/2014:10:59:29 +0100] "GET /js/libs/modernizr-2.5.3.min.js HTTP/1.1" 200 15274 "http://www.witerra-bau.de/impressum.html" "Mozilla/5.0 (Windows NT 6.1; WOW64; rv:27.0) Gecko/20100101 Firefox/27.0"
24.134.46.216 - - [26/Feb/2014:10:59:29 +0100] "GET /js/plugins.js HTTP/1.1" 200 898 "http://www.witerra-bau.de/impressum.html" "Mozilla/5.0 (Windows NT 6.1; WOW64; rv:27.0) Gecko/20100101 Firefox/27.0"
24.134.46.216 - - [26/Feb/2014:10:59:29 +0100] "GET /images/header.png HTTP/1.1" 200 27758 "http://www.witerra-bau.de/css/style.css" "Mozilla/5.0 (Windows NT 6.1; WOW64; rv:27.0) Gecko/20100101 Firefox/27.0"
24.134.46.216 - - [26/Feb/2014:10:59:29 +0100] "GET /images/textfeld.png HTTP/1.1" 200 1758 "http://www.witerra-bau.de/css/style.css" "Mozilla/5.0 (Windows NT 6.1; WOW64; rv:27.0) Gecko/20100101 Firefox/27.0"
24.134.46.216 - - [26/Feb/2014:10:59:29 +0100] "GET /images/footer.png HTTP/1.1" 200 518 "http://www.witerra-bau.de/css/style.css" "Mozilla/5.0 (Windows NT 6.1; WOW64; rv:27.0) Gecko/20100101 Firefox/27.0"
24.134.46.216 - - [26/Feb/2014:10:59:30 +0100] "GET /favicon.ico HTTP/1.1" 200 539038 "-" "Mozilla/5.0 (Windows NT 6.1; WOW64; rv:27.0) Gecko/20100101 Firefox/27.0"
24.134.46.216 - - [26/Feb/2014:10:59:36 +0100] "GET /uns.html HTTP/1.1" 200 3735 "http://www.witerra-bau.de/impressum.html" "Mozilla/5.0 (Windows NT 6.1; WOW64; rv:27.0) Gecko/20100101 Firefox/27.0"
24.134.46.216 - - [26/Feb/2014:10:59:39 +0100] "GET /leistungen.html HTTP/1.1" 200 3736 "http://www.witerra-bau.de/uns.html" "Mozilla/5.0 (Windows NT 6.1; WOW64; rv:27.0) Gecko/20100101 Firefox/27.0"
24.134.46.216 - - [26/Feb/2014:10:59:41 +0100] "GET /partner.html HTTP/1.1" 200 4178 "http://www.witerra-bau.de/leistungen.html" "Mozilla/5.0 (Windows NT 6.1; WOW64; rv:27.0) Gecko/20100101 Firefox/27.0"
24.134.46.216 - - [26/Feb/2014:11:04:30 +0100] "GET /kontakt.html HTTP/1.1" 200 5104 "http://www.witerra-bau.de/partner.html" "Mozilla/5.0 (Windows NT 6.1; WOW64; rv:27.0) Gecko/20100101 Firefox/27.0"
24.134.46.216 - - [26/Feb/2014:11:04:30 +0100] "GET /captcha/captcha.php HTTP/1.1" 200 4447 "http://www.witerra-bau.de/kontakt.html" "Mozilla/5.0 (Windows NT 6.1; WOW64; rv:27.0) Gecko/20100101 Firefox/27.0"
24.134.46.216 - - [26/Feb/2014:11:04:33 +0100] "GET /referenzen.html HTTP/1.1" 200 3962 "http://www.witerra-bau.de/kontakt.html" "Mozilla/5.0 (Windows NT 6.1; WOW64; rv:27.0) Gecko/20100101 Firefox/27.0"
141.8.147.12 - - [26/Feb/2014:12:38:20 +0100] "GET /robots.txt HTTP/1.1" 404 - "-" "Mozilla/5.0 (compatible; YandexBot/3.0; +http://yandex.com/bots)"
157.55.34.94 - - [26/Feb/2014:13:20:32 +0100] "GET /robots.txt HTTP/1.1" 404 - "-" "Mozilla/5.0 (compatible; bingbot/2.0; +http://www.bing.com/bingbot.htm)"
157.55.34.94 - - [26/Feb/2014:13:21:04 +0100] "GET / HTTP/1.1" 200 4286 "-" "Mozilla/5.0 (compatible; bingbot/2.0; +http://www.bing.com/bingbot.htm)"
199.30.24.162 - - [26/Feb/2014:13:21:06 +0100] "GET /js/libs/modernizr-2.5.3.min.js HTTP/1.1" 200 15274 "http://www.witerra-bau.de/" "Mozilla/5.0 (Windows NT 6.1; WOW64) AppleWebKit/534+ (KHTML, like Gecko) BingPreview/1.0b"
199.30.24.162 - - [26/Feb/2014:13:21:06 +0100] "GET /css/style.css HTTP/1.1" 200 1702 "http://www.witerra-bau.de/" "Mozilla/5.0 (Windows NT 6.1; WOW64) AppleWebKit/534+ (KHTML, like Gecko) BingPreview/1.0b"
199.30.24.162 - - [26/Feb/2014:13:21:07 +0100] "GET /images/textfeld.png HTTP/1.1" 200 1758 "http://www.witerra-bau.de/" "Mozilla/5.0 (Windows NT 6.1; WOW64) AppleWebKit/534+ (KHTML, like Gecko) BingPreview/1.0b"
199.30.24.162 - - [26/Feb/2014:13:21:07 +0100] "GET /images/header.png HTTP/1.1" 200 27758 "http://www.witerra-bau.de/" "Mozilla/5.0 (Windows NT 6.1; WOW64) AppleWebKit/534+ (KHTML, like Gecko) BingPreview/1.0b"
199.30.24.162 - - [26/Feb/2014:13:21:08 +0100] "GET /js/plugins.js HTTP/1.1" 200 898 "http://www.witerra-bau.de/" "Mozilla/5.0 (Windows NT 6.1; WOW64) AppleWebKit/534+ (KHTML, like Gecko) BingPreview/1.0b"
199.30.24.162 - - [26/Feb/2014:13:21:08 +0100] "GET /images/footer.png HTTP/1.1" 200 518 "http://www.witerra-bau.de/" "Mozilla/5.0 (Windows NT 6.1; WOW64) AppleWebKit/534+ (KHTML, like Gecko) BingPreview/1.0b"
199.30.24.162 - - [26/Feb/2014:13:21:08 +0100] "GET /images/bilder.png HTTP/1.1" 200 175856 "http://www.witerra-bau.de/" "Mozilla/5.0 (Windows NT 6.1; WOW64) AppleWebKit/534+ (KHTML, like Gecko) BingPreview/1.0b"
217.6.16.93 - - [26/Feb/2014:16:06:32 +0100] "GET / HTTP/1.1" 200 4286 "http://www.google.de/url?sa=t&rct=j&q=&esrc=s&frm=1&source=web&cd=2&ved=0CDgQFjAB&url=http%3A%2F%2Fwww.witerra-bau.de%2F&ei=1gIOU83SCeeKywOOx4HICA&usg=AFQjCNHIAU9oPPEhzK1cDc9q0fIUfXtVlg" "Mozilla/4.0 (compatible; MSIE 8.0; Windows NT 5.1; Trident/4.0; .NET CLR 1.1.4322; .NET CLR 2.0.50727; .NET CLR 3.0.4506.2152; .NET CLR 3.5.30729; .NET4.0C; .NET4.0E)"
217.6.16.93 - - [26/Feb/2014:16:06:32 +0100] "GET /css/style.css HTTP/1.1" 200 1702 "http://www.witerra-bau.de/" "Mozilla/4.0 (compatible; MSIE 8.0; Windows NT 5.1; Trident/4.0; .NET CLR 1.1.4322; .NET CLR 2.0.50727; .NET CLR 3.0.4506.2152; .NET CLR 3.5.30729; .NET4.0C; .NET4.0E)"
217.6.16.93 - - [26/Feb/2014:16:06:32 +0100] "GET /js/libs/modernizr-2.5.3.min.js HTTP/1.1" 200 15274 "http://www.witerra-bau.de/" "Mozilla/4.0 (compatible; MSIE 8.0; Windows NT 5.1; Trident/4.0; .NET CLR 1.1.4322; .NET CLR 2.0.50727; .NET CLR 3.0.4506.2152; .NET CLR 3.5.30729; .NET4.0C; .NET4.0E)"
217.6.16.93 - - [26/Feb/2014:16:06:33 +0100] "GET /images/footer.png HTTP/1.1" 200 518 "http://www.witerra-bau.de/" "Mozilla/4.0 (compatible; MSIE 8.0; Windows NT 5.1; Trident/4.0; .NET CLR 1.1.4322; .NET CLR 2.0.50727; .NET CLR 3.0.4506.2152; .NET CLR 3.5.30729; .NET4.0C; .NET4.0E)"
217.6.16.93 - - [26/Feb/2014:16:06:33 +0100] "GET /images/textfeld.png HTTP/1.1" 200 1758 "http://www.witerra-bau.de/" "Mozilla/4.0 (compatible; MSIE 8.0; Windows NT 5.1; Trident/4.0; .NET CLR 1.1.4322; .NET CLR 2.0.50727; .NET CLR 3.0.4506.2152; .NET CLR 3.5.30729; .NET4.0C; .NET4.0E)"
217.6.16.93 - - [26/Feb/2014:16:06:33 +0100] "GET /js/plugins.js HTTP/1.1" 200 898 "http://www.witerra-bau.de/" "Mozilla/4.0 (compatible; MSIE 8.0; Windows NT 5.1; Trident/4.0; .NET CLR 1.1.4322; .NET CLR 2.0.50727; .NET CLR 3.0.4506.2152; .NET CLR 3.5.30729; .NET4.0C; .NET4.0E)"
217.6.16.93 - - [26/Feb/2014:16:06:33 +0100] "GET /images/header.png HTTP/1.1" 200 27758 "http://www.witerra-bau.de/" "Mozilla/4.0 (compatible; MSIE 8.0; Windows NT 5.1; Trident/4.0; .NET CLR 1.1.4322; .NET CLR 2.0.50727; .NET CLR 3.0.4506.2152; .NET CLR 3.5.30729; .NET4.0C; .NET4.0E)"
217.6.16.93 - - [26/Feb/2014:16:06:33 +0100] "GET /images/bilder.png HTTP/1.1" 200 175856 "http://www.witerra-bau.de/" "Mozilla/4.0 (compatible; MSIE 8.0; Windows NT 5.1; Trident/4.0; .NET CLR 1.1.4322; .NET CLR 2.0.50727; .NET CLR 3.0.4506.2152; .NET CLR 3.5.30729; .NET4.0C; .NET4.0E)"
217.6.16.93 - - [26/Feb/2014:16:06:33 +0100] "GET /favicon.ico HTTP/1.1" 200 539038 "-" "Mozilla/4.0 (compatible; MSIE 8.0; Windows NT 5.1; Trident/4.0; .NET CLR 1.1.4322; .NET CLR 2.0.50727; .NET CLR 3.0.4506.2152; .NET CLR 3.5.30729; .NET4.0C; .NET4.0E)"
141.8.147.12 - - [27/Feb/2014:01:48:47 +0100] "GET /robots.txt HTTP/1.1" 404 - "-" "Mozilla/5.0 (compatible; YandexBot/3.0; +http://yandex.com/bots)"
141.8.147.12 - - [27/Feb/2014:09:11:26 +0100] "GET / HTTP/1.1" 200 4286 "-" "Mozilla/5.0 (compatible; YandexBot/3.0; +http://yandex.com/bots)"
80.149.32.66 - - [27/Feb/2014:12:07:07 +0100] "GET /impressum.html HTTP/1.1" 200 5433 "-" "Mozilla/5.0 (Windows NT 6.1; rv:26.0) Gecko/20100101 Firefox/26.0"
80.149.32.66 - - [27/Feb/2014:12:07:07 +0100] "GET /css/style.css HTTP/1.1" 200 1702 "http://www.witerra-bau.de/impressum.html" "Mozilla/5.0 (Windows NT 6.1; rv:26.0) Gecko/20100101 Firefox/26.0"
80.149.32.66 - - [27/Feb/2014:12:07:07 +0100] "GET /js/libs/modernizr-2.5.3.min.js HTTP/1.1" 200 15274 "http://www.witerra-bau.de/impressum.html" "Mozilla/5.0 (Windows NT 6.1; rv:26.0) Gecko/20100101 Firefox/26.0"
80.149.32.66 - - [27/Feb/2014:12:07:07 +0100] "GET /js/plugins.js HTTP/1.1" 200 898 "http://www.witerra-bau.de/impressum.html" "Mozilla/5.0 (Windows NT 6.1; rv:26.0) Gecko/20100101 Firefox/26.0"
80.149.32.66 - - [27/Feb/2014:12:07:07 +0100] "GET /images/header.png HTTP/1.1" 200 27758 "http://www.witerra-bau.de/css/style.css" "Mozilla/5.0 (Windows NT 6.1; rv:26.0) Gecko/20100101 Firefox/26.0"
80.149.32.66 - - [27/Feb/2014:12:07:07 +0100] "GET /images/textfeld.png HTTP/1.1" 200 1758 "http://www.witerra-bau.de/css/style.css" "Mozilla/5.0 (Windows NT 6.1; rv:26.0) Gecko/20100101 Firefox/26.0"
80.149.32.66 - - [27/Feb/2014:12:07:07 +0100] "GET /images/footer.png HTTP/1.1" 200 518 "http://www.witerra-bau.de/css/style.css" "Mozilla/5.0 (Windows NT 6.1; rv:26.0) Gecko/20100101 Firefox/26.0"
80.149.32.66 - - [27/Feb/2014:12:07:08 +0100] "GET /favicon.ico HTTP/1.1" 200 539038 "-" "Mozilla/5.0 (Windows NT 6.1; rv:26.0) Gecko/20100101 Firefox/26.0"
195.243.74.114 - - [27/Feb/2014:12:11:58 +0100] "GET /impressum.html HTTP/1.1" 200 5433 "http://maps.google.de/local_url?dq=Witerra+GmbH&q=http://www.witerra-bau.de/impressum.html&oi=miw&sa=X&ct=miw_link&cd=1&cad=homepage,cid:6940551686277929246&ei=Vh0PU-vQIcX18QOtqoCACA&s=ANYYN7nTWhN7Q2QZ9RBxX13OB9K8CwUWpA" "Mozilla/5.0 (Windows NT 5.1; rv:27.0) Gecko/20100101 Firefox/27.0"
195.243.74.114 - - [27/Feb/2014:12:11:58 +0100] "GET /css/style.css HTTP/1.1" 200 1702 "http://www.witerra-bau.de/impressum.html" "Mozilla/5.0 (Windows NT 5.1; rv:27.0) Gecko/20100101 Firefox/27.0"
195.243.74.114 - - [27/Feb/2014:12:11:58 +0100] "GET /js/libs/modernizr-2.5.3.min.js HTTP/1.1" 200 15274 "http://www.witerra-bau.de/impressum.html" "Mozilla/5.0 (Windows NT 5.1; rv:27.0) Gecko/20100101 Firefox/27.0"
195.243.74.114 - - [27/Feb/2014:12:11:58 +0100] "GET /js/plugins.js HTTP/1.1" 200 898 "http://www.witerra-bau.de/impressum.html" "Mozilla/5.0 (Windows NT 5.1; rv:27.0) Gecko/20100101 Firefox/27.0"
195.243.74.114 - - [27/Feb/2014:12:11:58 +0100] "GET /images/header.png HTTP/1.1" 200 27758 "http://www.witerra-bau.de/css/style.css" "Mozilla/5.0 (Windows NT 5.1; rv:27.0) Gecko/20100101 Firefox/27.0"
195.243.74.114 - - [27/Feb/2014:12:11:58 +0100] "GET /images/textfeld.png HTTP/1.1" 200 1758 "http://www.witerra-bau.de/css/style.css" "Mozilla/5.0 (Windows NT 5.1; rv:27.0) Gecko/20100101 Firefox/27.0"
195.243.74.114 - - [27/Feb/2014:12:11:58 +0100] "GET /images/footer.png HTTP/1.1" 200 518 "http://www.witerra-bau.de/css/style.css" "Mozilla/5.0 (Windows NT 5.1; rv:27.0) Gecko/20100101 Firefox/27.0"
195.243.74.114 - - [27/Feb/2014:12:11:59 +0100] "GET /favicon.ico HTTP/1.1" 200 539038 "-" "Mozilla/5.0 (Windows NT 5.1; rv:27.0) Gecko/20100101 Firefox/27.0"
195.243.74.114 - - [27/Feb/2014:12:12:44 +0100] "GET /uns.html HTTP/1.1" 200 3735 "http://www.witerra-bau.de/impressum.html" "Mozilla/5.0 (Windows NT 5.1; rv:27.0) Gecko/20100101 Firefox/27.0"
195.243.74.114 - - [27/Feb/2014:12:12:46 +0100] "GET /leistungen.html HTTP/1.1" 200 3736 "http://www.witerra-bau.de/uns.html" "Mozilla/5.0 (Windows NT 5.1; rv:27.0) Gecko/20100101 Firefox/27.0"
195.243.74.114 - - [27/Feb/2014:12:12:47 +0100] "GET /referenzen.html HTTP/1.1" 200 3962 "http://www.witerra-bau.de/leistungen.html" "Mozilla/5.0 (Windows NT 5.1; rv:27.0) Gecko/20100101 Firefox/27.0"
195.243.74.114 - - [27/Feb/2014:12:12:51 +0100] "GET /partner.html HTTP/1.1" 200 4178 "http://www.witerra-bau.de/referenzen.html" "Mozilla/5.0 (Windows NT 5.1; rv:27.0) Gecko/20100101 Firefox/27.0"
141.8.147.12 - - [27/Feb/2014:16:12:07 +0100] "GET /robots.txt HTTP/1.1" 404 - "-" "Mozilla/5.0 (compatible; YandexBot/3.0; +http://yandex.com/bots)"
141.8.147.12 - - [27/Feb/2014:16:34:13 +0100] "GET /partner.html HTTP/1.1" 200 4178 "-" "Mozilla/5.0 (compatible; YandexBot/3.0; +http://yandex.com/bots)"
157.56.92.141 - - [27/Feb/2014:18:12:34 +0100] "GET /robots.txt HTTP/1.1" 404 - "-" "Mozilla/5.0 (compatible; bingbot/2.0; +http://www.bing.com/bingbot.htm)"
157.56.92.141 - - [27/Feb/2014:18:15:19 +0100] "GET /leistungen.html HTTP/1.1" 304 - "-" "Mozilla/5.0 (compatible; bingbot/2.0; +http://www.bing.com/bingbot.htm)"
141.8.147.12 - - [28/Feb/2014:04:48:59 +0100] "GET /robots.txt HTTP/1.1" 404 - "-" "Mozilla/5.0 (compatible; YandexBot/3.0; +http://yandex.com/bots)"
66.249.78.146 - - [28/Feb/2014:07:14:07 +0100] "GET /robots.txt HTTP/1.1" 404 - "-" "Mozilla/5.0 (compatible; Googlebot/2.1; +http://www.google.com/bot.html)"
66.249.78.146 - - [28/Feb/2014:07:14:07 +0100] "GET / HTTP/1.1" 200 4286 "-" "Mozilla/5.0 (compatible; Googlebot/2.1; +http://www.google.com/bot.html)"
66.249.78.146 - - [28/Feb/2014:07:15:30 +0100] "GET /css/style.css HTTP/1.1" 200 1702 "-" "Mozilla/5.0 (compatible; Googlebot/2.1; +http://www.google.com/bot.html)"
141.8.147.12 - - [28/Feb/2014:07:16:11 +0100] "GET / HTTP/1.1" 200 4286 "-" "Mozilla/5.0 (compatible; YandexBot/3.0; +http://yandex.com/bots)"
66.249.78.146 - - [28/Feb/2014:09:53:56 +0100] "GET / HTTP/1.1" 200 4286 "-" "Mozilla/5.0 (iPhone; CPU iPhone OS 6_0 like Mac OS X) AppleWebKit/536.26 (KHTML, like Gecko) Version/6.0 Mobile/10A5376e Safari/8536.25 (compatible; Googlebot/2.1; +http://www.google.com/bot.html)"
66.249.78.146 - - [28/Feb/2014:11:30:02 +0100] "GET /partner.html HTTP/1.1" 304 - "-" "Mozilla/5.0 (iPhone; CPU iPhone OS 6_0 like Mac OS X) AppleWebKit/536.26 (KHTML, like Gecko) Version/6.0 Mobile/10A5376e Safari/8536.25 (compatible; Googlebot/2.1; +http://www.google.com/bot.html)"
64.246.165.150 - - [28/Feb/2014:16:39:23 +0100] "GET /robots.txt HTTP/1.0" 404 - "-" "Mozilla/5.0 (Windows; U; Windows NT 5.1; en; rv:1.9.0.13) Gecko/2009073022 Firefox/3.5.2 (.NET CLR 3.5.30729) SurveyBot/2.3 (DomainTools)"
64.246.165.150 - - [28/Feb/2014:16:39:23 +0100] "GET / HTTP/1.1" 200 4286 "http://whois.domaintools.com/witerra-bau.de" "Mozilla/5.0 (Windows; U; Windows NT 5.1; en; rv:1.9.0.13) Gecko/2009073022 Firefox/3.5.2 (.NET CLR 3.5.30729) SurveyBot/2.3 (DomainTools)"
66.249.78.146 - - [28/Feb/2014:18:17:15 +0100] "GET /kontakt.html HTTP/1.1" 304 - "-" "Mozilla/5.0 (iPhone; CPU iPhone OS 6_0 like Mac OS X) AppleWebKit/536.26 (KHTML, like Gecko) Version/6.0 Mobile/10A5376e Safari/8536.25 (compatible; Googlebot/2.1; +http://www.google.com/bot.html)"