84.201.153.7 - - [01/Mar/2016:01:44:06 +0100] "GET /robots.txt HTTP/1.1" 404 1256 "-" "Mozilla/5.0 (compatible; YandexBot/3.0; +http://yandex.com/bots)"
84.201.153.7 - - [01/Mar/2016:01:44:26 +0100] "GET /images/u-const.gif HTTP/1.1" 200 3797 "-" "Mozilla/5.0 (compatible; YandexImages/3.0; +http://yandex.com/bots)"
5.9.73.227 - - [01/Mar/2016:23:44:58 +0100] "GET /robots.txt HTTP/1.0" 404 1256 "-" "Mozilla/5.0 (compatible; MJ12bot/v1.4.5; http://www.majestic12.co.uk/bot.php?+)"
5.9.73.227 - - [01/Mar/2016:23:45:00 +0100] "GET / HTTP/1.0" 200 2889 "-" "Mozilla/5.0 (compatible; MJ12bot/v1.4.5; http://www.majestic12.co.uk/bot.php?+)"
46.229.170.197 - - [02/Mar/2016:04:12:43 +0100] "GET / HTTP/1.1" 200 2889 "-" "Mozilla/5.0 (Macintosh; U; Intel Mac OS X 10.6; en-US; rv:1.9.2) Gecko/20091218 Firefox 3.6b5"
84.201.153.7 - - [02/Mar/2016:06:52:55 +0100] "GET /robots.txt HTTP/1.1" 404 1256 "-" "Mozilla/5.0 (compatible; YandexBot/3.0; +http://yandex.com/bots)"
84.201.153.7 - - [02/Mar/2016:07:44:51 +0100] "GET /images/u-const.gif HTTP/1.1" 200 3797 "-" "Mozilla/5.0 (compatible; YandexImages/3.0; +http://yandex.com/bots)"
5.9.106.81 - - [02/Mar/2016:11:17:19 +0100] "GET / HTTP/1.1" 200 2889 "-" "Mozilla/5.0 (Macintosh; Intel Mac OS X 1084) AppleWebKit/536.28.10 (KHTML like Gecko) Version/6.0.3 Safari/536.28.10"
92.75.232.15 - - [02/Mar/2016:15:44:38 +0100] "GET / HTTP/1.1" 200 2889 "-" "Mozilla/4.0 (compatible; MSIE 7.0; Windows NT 6.0; WOW64; SLCC1; .NET CLR 2.0.50727; .NET CLR 1.1.4322)"
68.180.229.120 - - [02/Mar/2016:21:26:07 +0100] "GET /robots.txt HTTP/1.1" 404 1256 "-" "Mozilla/5.0 (compatible; Yahoo! Slurp; http://help.yahoo.com/help/us/ysearch/slurp)"
68.180.229.120 - - [02/Mar/2016:21:26:08 +0100] "GET / HTTP/1.1" 304 - "-" "Mozilla/5.0 (compatible; Yahoo! Slurp; http://help.yahoo.com/help/us/ysearch/slurp)"
66.249.64.48 - - [02/Mar/2016:22:54:04 +0100] "GET /robots.txt HTTP/1.1" 404 1256 "-" "Mozilla/5.0 (compatible; Googlebot/2.1; +http://www.google.com/bot.html)"
66.249.64.43 - - [02/Mar/2016:22:54:04 +0100] "GET / HTTP/1.1" 200 2889 "-" "Mozilla/5.0 (compatible; Googlebot/2.1; +http://www.google.com/bot.html)"
141.8.141.132 - - [03/Mar/2016:18:51:52 +0100] "GET /robots.txt HTTP/1.1" 404 1256 "-" "Mozilla/5.0 (compatible; YandexBot/3.0; +http://yandex.com/bots)"
84.201.153.7 - - [03/Mar/2016:18:51:58 +0100] "GET /images/u-const.gif HTTP/1.1" 200 3797 "-" "Mozilla/5.0 (compatible; YandexImages/3.0; +http://yandex.com/bots)"
194.173.174.106 - - [03/Mar/2016:19:18:34 +0100] "HEAD / HTTP/1.1" 200 - "-" "Mozilla/5.0 (Windows NT 6.3; WOW64) AppleWebKit/537.36 (KHTML, like Gecko) Chrome/43.0.2357.134 Safari/537.36"
66.249.64.48 - - [03/Mar/2016:20:56:46 +0100] "GET /robots.txt HTTP/1.1" 404 1256 "-" "Mozilla/5.0 (compatible; Googlebot/2.1; +http://www.google.com/bot.html)"
66.249.64.38 - - [03/Mar/2016:20:56:46 +0100] "GET / HTTP/1.1" 200 2889 "-" "Mozilla/5.0 (iPhone; CPU iPhone OS 8_3 like Mac OS X) AppleWebKit/600.1.4 (KHTML, like Gecko) Version/8.0 Mobile/12F70 Safari/600.1.4 (compatible; Googlebot/2.1; +http://www.google.com/bot.html)"
193.111.140.153 - - [04/Mar/2016:03:03:58 +0100] "GET /robots.txt HTTP/1.0" 404 1256 "-" "Mozilla/5.0 (compatible; MJ12bot/v1.4.5; http://www.majestic12.co.uk/bot.php?+)"
85.14.245.175 - - [04/Mar/2016:03:04:01 +0100] "GET / HTTP/1.0" 200 2889 "-" "Mozilla/5.0 (compatible; MJ12bot/v1.4.5; http://www.majestic12.co.uk/bot.php?+)"
194.173.174.106 - - [04/Mar/2016:04:52:01 +0100] "HEAD / HTTP/1.1" 200 - "-" "Mozilla/5.0 (Windows NT 6.3; WOW64) AppleWebKit/537.36 (KHTML, like Gecko) Chrome/43.0.2357.134 Safari/537.36"
66.249.64.43 - - [04/Mar/2016:08:01:05 +0100] "GET / HTTP/1.1" 200 2889 "-" "Mozilla/5.0 (compatible; Googlebot/2.1; +http://www.google.com/bot.html)"
66.249.64.48 - - [04/Mar/2016:08:01:05 +0100] "GET /images/u-const.gif HTTP/1.1" 200 3797 "http://www.wertstoffservice.de/" "Mozilla/5.0 (compatible; Googlebot/2.1; +http://www.google.com/bot.html)"
66.249.64.43 - - [04/Mar/2016:08:01:06 +0100] "GET /images/hintgr.gif HTTP/1.1" 200 925 "http://www.wertstoffservice.de/" "Mozilla/5.0 (compatible; Googlebot/2.1; +http://www.google.com/bot.html)"
66.249.64.38 - - [04/Mar/2016:08:01:06 +0100] "GET /images/logo.gif HTTP/1.1" 200 6252 "http://www.wertstoffservice.de/" "Mozilla/5.0 (compatible; Googlebot/2.1; +http://www.google.com/bot.html)"
81.169.250.152 - - [04/Mar/2016:22:55:04 +0100] "GET / HTTP/1.1" 200 2889 "-" "Mozilla/4.0 (compatible; MSIE 7.0; Windows NT 6.2; WOW64; Trident/7.0; .NET4.0E; .NET4.0C; .NET CLR 3.5.30729; .NET CLR 2.0.50727; .NET CLR 3.0.30729)"
81.169.250.152 - - [04/Mar/2016:22:55:10 +0100] "GET /images/logo.gif HTTP/1.1" 200 6252 "http://www.wertstoffservice.de/" "Mozilla/4.0 (compatible; MSIE 7.0; Windows NT 6.2; WOW64; Trident/7.0; .NET4.0E; .NET4.0C; .NET CLR 3.5.30729; .NET CLR 2.0.50727; .NET CLR 3.0.30729)"
81.169.250.152 - - [04/Mar/2016:22:55:10 +0100] "GET /images/u-const.gif HTTP/1.1" 200 3797 "http://www.wertstoffservice.de/" "Mozilla/4.0 (compatible; MSIE 7.0; Windows NT 6.2; WOW64; Trident/7.0; .NET4.0E; .NET4.0C; .NET CLR 3.5.30729; .NET CLR 2.0.50727; .NET CLR 3.0.30729)"
81.169.250.152 - - [04/Mar/2016:22:55:10 +0100] "GET /images/hintgr.gif HTTP/1.1" 200 925 "http://www.wertstoffservice.de/" "Mozilla/4.0 (compatible; MSIE 7.0; Windows NT 6.2; WOW64; Trident/7.0; .NET4.0E; .NET4.0C; .NET CLR 3.5.30729; .NET CLR 2.0.50727; .NET CLR 3.0.30729)"
194.173.174.106 - - [05/Mar/2016:07:27:43 +0100] "HEAD / HTTP/1.1" 200 - "-" "Mozilla/5.0 (Windows NT 6.3; WOW64) AppleWebKit/537.36 (KHTML, like Gecko) Chrome/43.0.2357.134 Safari/537.36"
194.173.174.106 - - [05/Mar/2016:09:42:16 +0100] "HEAD / HTTP/1.1" 200 - "-" "Mozilla/5.0 (Windows NT 6.3; WOW64) AppleWebKit/537.36 (KHTML, like Gecko) Chrome/43.0.2357.134 Safari/537.36"
78.109.59.37 - - [05/Mar/2016:18:28:06 +0100] "GET / HTTP/1.1" 200 2889 "-" "Typhoeus - https://github.com/typhoeus/typhoeus"
84.201.153.7 - - [05/Mar/2016:18:42:30 +0100] "GET /robots.txt HTTP/1.1" 404 1256 "-" "Mozilla/5.0 (compatible; YandexBot/3.0; +http://yandex.com/bots)"
84.201.153.7 - - [05/Mar/2016:19:06:20 +0100] "GET /images/u-const.gif HTTP/1.1" 200 3797 "-" "Mozilla/5.0 (compatible; YandexImages/3.0; +http://yandex.com/bots)"
144.76.61.21 - - [06/Mar/2016:05:17:24 +0100] "GET /robots.txt HTTP/1.0" 404 1256 "-" "Mozilla/5.0 (compatible; MJ12bot/v1.4.5; http://www.majestic12.co.uk/bot.php?+)"
144.76.61.21 - - [06/Mar/2016:05:17:26 +0100] "GET / HTTP/1.0" 200 2889 "-" "Mozilla/5.0 (compatible; MJ12bot/v1.4.5; http://www.majestic12.co.uk/bot.php?+)"
66.249.66.191 - - [06/Mar/2016:09:44:09 +0100] "GET /robots.txt HTTP/1.1" 404 1256 "-" "Mozilla/5.0 (compatible; Googlebot/2.1; +http://www.google.com/bot.html)"
66.249.66.191 - - [06/Mar/2016:09:44:09 +0100] "GET / HTTP/1.1" 200 2889 "-" "Mozilla/5.0 (compatible; Googlebot/2.1; +http://www.google.com/bot.html)"
188.165.15.160 - - [06/Mar/2016:09:47:33 +0100] "GET /robots.txt HTTP/1.1" 404 1256 "-" "Mozilla/5.0 (compatible; AhrefsBot/5.0; +http://ahrefs.com/robot/)"
65.55.213.27 - - [06/Mar/2016:14:05:15 +0100] "GET /images/u-const.gif HTTP/1.1" 200 3797 "http://www.wertstoffservice.de/" "Mozilla/5.0 (Windows NT 6.1; WOW64) AppleWebKit/534+ (KHTML, like Gecko) BingPreview/1.0b"
65.55.213.27 - - [06/Mar/2016:14:05:15 +0100] "GET /images/logo.gif HTTP/1.1" 200 6252 "http://www.wertstoffservice.de/" "Mozilla/5.0 (Windows NT 6.1; WOW64) AppleWebKit/534+ (KHTML, like Gecko) BingPreview/1.0b"
65.55.213.27 - - [06/Mar/2016:14:05:15 +0100] "GET /images/hintgr.gif HTTP/1.1" 200 925 "http://www.wertstoffservice.de/" "Mozilla/5.0 (Windows NT 6.1; WOW64) AppleWebKit/534+ (KHTML, like Gecko) BingPreview/1.0b"
157.55.39.64 - - [06/Mar/2016:14:05:16 +0100] "GET /robots.txt HTTP/1.1" 404 1256 "-" "Mozilla/5.0 (compatible; bingbot/2.0; +http://www.bing.com/bingbot.htm)"
157.55.39.64 - - [06/Mar/2016:14:05:31 +0100] "GET /robots.txt HTTP/1.1" 404 1256 "-" "Mozilla/5.0 (compatible; bingbot/2.0; +http://www.bing.com/bingbot.htm)"
84.201.153.17 - - [07/Mar/2016:01:58:22 +0100] "GET /robots.txt HTTP/1.1" 404 1256 "-" "Mozilla/5.0 (compatible; YandexBot/3.0; +http://yandex.com/bots)"
141.8.141.132 - - [07/Mar/2016:01:58:26 +0100] "GET /images/u-const.gif HTTP/1.1" 200 3797 "-" "Mozilla/5.0 (compatible; YandexImages/3.0; +http://yandex.com/bots)"
78.109.59.37 - - [07/Mar/2016:08:57:57 +0100] "GET / HTTP/1.1" 200 2889 "-" "Typhoeus - https://github.com/typhoeus/typhoeus"
84.201.153.7 - - [07/Mar/2016:10:05:35 +0100] "GET /robots.txt HTTP/1.1" 404 1256 "-" "Mozilla/5.0 (compatible; YandexBot/3.0; +http://yandex.com/bots)"
87.138.110.242 - - [07/Mar/2016:10:51:56 +0100] "GET / HTTP/1.1" 200 2889 "http://www.firmendb.de/firmen/6200804.php" "Mozilla/5.0 (Windows NT 6.1; WOW64; Trident/7.0; rv:11.0) like Gecko"
87.138.110.242 - - [07/Mar/2016:10:51:56 +0100] "GET /images/hintgr.gif HTTP/1.1" 200 925 "http://www.wertstoffservice.de/" "Mozilla/5.0 (Windows NT 6.1; WOW64; Trident/7.0; rv:11.0) like Gecko"
87.138.110.242 - - [07/Mar/2016:10:51:56 +0100] "GET /images/logo.gif HTTP/1.1" 200 6252 "http://www.wertstoffservice.de/" "Mozilla/5.0 (Windows NT 6.1; WOW64; Trident/7.0; rv:11.0) like Gecko"
87.138.110.242 - - [07/Mar/2016:10:51:56 +0100] "GET /images/u-const.gif HTTP/1.1" 200 3797 "http://www.wertstoffservice.de/" "Mozilla/5.0 (Windows NT 6.1; WOW64; Trident/7.0; rv:11.0) like Gecko"
87.138.110.242 - - [07/Mar/2016:10:51:56 +0100] "GET /favicon.ico HTTP/1.1" 404 1256 "-" "Mozilla/5.0 (Windows NT 6.1; WOW64; Trident/7.0; rv:11.0) like Gecko"
213.144.5.151 - - [07/Mar/2016:13:05:17 +0100] "GET / HTTP/1.1" 200 2889 "-" "Mozilla/5.0 (Windows NT 6.1; WOW64) AppleWebKit/537.11 (KHTML, like Gecko) Chrome/23.0.1271.91 Safari/537.11"
213.144.5.151 - - [07/Mar/2016:13:05:18 +0100] "GET / HTTP/1.1" 200 2889 "-" "Mozilla/5.0 (Windows NT 6.1; WOW64) AppleWebKit/537.11 (KHTML, like Gecko) Chrome/23.0.1271.91 Safari/537.11"
213.144.5.151 - - [07/Mar/2016:13:05:18 +0100] "GET / HTTP/1.1" 200 2889 "-" "Mozilla/5.0 (Windows NT 6.1; WOW64) AppleWebKit/537.11 (KHTML, like Gecko) Chrome/23.0.1271.91 Safari/537.11"
213.144.5.151 - - [07/Mar/2016:13:05:18 +0100] "GET / HTTP/1.1" 200 2889 "-" "Mozilla/5.0 (Windows NT 6.1; WOW64) AppleWebKit/537.11 (KHTML, like Gecko) Chrome/23.0.1271.91 Safari/537.11"
194.173.174.106 - - [07/Mar/2016:21:09:55 +0100] "HEAD / HTTP/1.1" 200 - "-" "Mozilla/5.0 (Windows NT 6.3; WOW64) AppleWebKit/537.36 (KHTML, like Gecko) Chrome/43.0.2357.134 Safari/537.36"
84.201.153.7 - - [08/Mar/2016:04:44:54 +0100] "GET /robots.txt HTTP/1.1" 404 1256 "-" "Mozilla/5.0 (compatible; YandexBot/3.0; +http://yandex.com/bots)"
84.201.153.7 - - [08/Mar/2016:05:10:17 +0100] "GET /images/u-const.gif HTTP/1.1" 200 3797 "-" "Mozilla/5.0 (compatible; YandexImages/3.0; +http://yandex.com/bots)"
144.76.12.78 - - [08/Mar/2016:08:47:06 +0100] "GET /robots.txt HTTP/1.0" 404 1256 "-" "Mozilla/5.0 (compatible; MJ12bot/v1.4.5; http://www.majestic12.co.uk/bot.php?+)"
144.76.12.78 - - [08/Mar/2016:08:47:07 +0100] "GET / HTTP/1.0" 200 2889 "-" "Mozilla/5.0 (compatible; MJ12bot/v1.4.5; http://www.majestic12.co.uk/bot.php?+)"
78.109.59.37 - - [08/Mar/2016:16:49:10 +0100] "GET / HTTP/1.1" 200 2889 "-" "Typhoeus - https://github.com/typhoeus/typhoeus"
66.249.66.188 - - [08/Mar/2016:20:48:13 +0100] "GET /robots.txt HTTP/1.1" 404 1256 "-" "Mozilla/5.0 (compatible; Googlebot/2.1; +http://www.google.com/bot.html)"
66.249.66.185 - - [08/Mar/2016:20:48:13 +0100] "GET / HTTP/1.1" 200 2889 "-" "Mozilla/5.0 (iPhone; CPU iPhone OS 8_3 like Mac OS X) AppleWebKit/600.1.4 (KHTML, like Gecko) Version/8.0 Mobile/12F70 Safari/600.1.4 (compatible; Googlebot/2.1; +http://www.google.com/bot.html)"
83.128.210.119 - - [09/Mar/2016:01:33:19 +0100] "GET / HTTP/1.1" 200 2889 "-" "Mozilla/5.0 (Windows NT 6.1; WOW64) AppleWebKit/537.36 (KHTML, like Gecko) Chrome/34.0.1847.131 Safari/537.36"
104.236.119.174 - - [09/Mar/2016:01:56:32 +0100] "GET / HTTP/1.0" 200 2889 "-" "Mozilla/5.0 (compatible; NetcraftSurveyAgent/1.0; +info@netcraft.com)"
111.250.101.156 - - [09/Mar/2016:04:49:37 +0100] "GET / HTTP/1.1" 200 2889 "http://www.wlw.de/redirect?url=http%3A%2F%2Fwww.wertstoffservice.de&checksum=28795d6ee28715d0279304034cb657806e2696a423a7a4b9a3192cad061eb448" "Mozilla/5.0 (Windows NT 10.0; WOW64) AppleWebKit/537.36 (KHTML, like Gecko) Chrome/48.0.2564.116 Safari/537.36"
111.250.101.156 - - [09/Mar/2016:04:49:37 +0100] "GET /images/logo.gif HTTP/1.1" 200 6252 "http://www.wertstoffservice.de/" "Mozilla/5.0 (Windows NT 10.0; WOW64) AppleWebKit/537.36 (KHTML, like Gecko) Chrome/48.0.2564.116 Safari/537.36"
111.250.101.156 - - [09/Mar/2016:04:49:37 +0100] "GET /images/u-const.gif HTTP/1.1" 200 3797 "http://www.wertstoffservice.de/" "Mozilla/5.0 (Windows NT 10.0; WOW64) AppleWebKit/537.36 (KHTML, like Gecko) Chrome/48.0.2564.116 Safari/537.36"
111.250.101.156 - - [09/Mar/2016:04:49:37 +0100] "GET /images/hintgr.gif HTTP/1.1" 200 925 "http://www.wertstoffservice.de/" "Mozilla/5.0 (Windows NT 10.0; WOW64) AppleWebKit/537.36 (KHTML, like Gecko) Chrome/48.0.2564.116 Safari/537.36"
111.250.101.156 - - [09/Mar/2016:04:49:38 +0100] "GET /favicon.ico HTTP/1.1" 404 1256 "http://www.wertstoffservice.de/" "Mozilla/5.0 (Windows NT 10.0; WOW64) AppleWebKit/537.36 (KHTML, like Gecko) Chrome/48.0.2564.116 Safari/537.36"
144.76.153.198 - - [09/Mar/2016:07:36:22 +0100] "GET / HTTP/1.1" 200 2889 "-" "Mozilla/5.0 (Macintosh; Intel Mac OS X 10_7_5) AppleWebKit/537.36 (KHTML, like Gecko) Chrome/27.0.1453.93 Safari/537.36"
217.92.20.118 - - [09/Mar/2016:09:44:46 +0100] "GET / HTTP/1.1" 200 2889 "-" "Mozilla/5.0 (Windows NT 6.2; WOW64; rv:43.0) Gecko/20100101 Firefox/43.0"
217.92.20.118 - - [09/Mar/2016:09:44:46 +0100] "GET /images/logo.gif HTTP/1.1" 200 6252 "http://www.wertstoffservice.de/" "Mozilla/5.0 (Windows NT 6.2; WOW64; rv:43.0) Gecko/20100101 Firefox/43.0"
217.92.20.118 - - [09/Mar/2016:09:44:46 +0100] "GET /images/u-const.gif HTTP/1.1" 200 3797 "http://www.wertstoffservice.de/" "Mozilla/5.0 (Windows NT 6.2; WOW64; rv:43.0) Gecko/20100101 Firefox/43.0"
217.92.20.118 - - [09/Mar/2016:09:44:46 +0100] "GET /images/hintgr.gif HTTP/1.1" 200 925 "http://www.wertstoffservice.de/" "Mozilla/5.0 (Windows NT 6.2; WOW64; rv:43.0) Gecko/20100101 Firefox/43.0"
217.92.20.118 - - [09/Mar/2016:09:44:46 +0100] "GET /favicon.ico HTTP/1.1" 404 1256 "-" "Mozilla/5.0 (Windows NT 6.2; WOW64; rv:43.0) Gecko/20100101 Firefox/43.0"
217.92.20.118 - - [09/Mar/2016:09:44:46 +0100] "GET /favicon.ico HTTP/1.1" 404 1256 "-" "Mozilla/5.0 (Windows NT 6.2; WOW64; rv:43.0) Gecko/20100101 Firefox/43.0"
217.92.20.118 - - [09/Mar/2016:09:44:46 +0100] "GET /favicon.ico HTTP/1.1" 404 1256 "-" "Mozilla/5.0 (Windows NT 6.2; WOW64; rv:43.0) Gecko/20100101 Firefox/43.0"
217.92.20.118 - - [09/Mar/2016:09:44:46 +0100] "GET /favicon.ico HTTP/1.1" 404 1256 "-" "Mozilla/5.0 (Windows NT 6.2; WOW64; rv:43.0) Gecko/20100101 Firefox/43.0"
217.92.20.118 - - [09/Mar/2016:09:44:47 +0100] "GET /favicon.ico HTTP/1.1" 404 1256 "-" "Mozilla/5.0 (Windows NT 6.2; WOW64; rv:43.0) Gecko/20100101 Firefox/43.0"
217.92.20.118 - - [09/Mar/2016:09:44:47 +0100] "GET /favicon.ico HTTP/1.1" 404 1256 "-" "Mozilla/5.0 (Windows NT 6.2; WOW64; rv:43.0) Gecko/20100101 Firefox/43.0"
217.92.20.118 - - [09/Mar/2016:09:44:47 +0100] "GET /favicon.ico HTTP/1.1" 404 1256 "-" "Mozilla/5.0 (Windows NT 6.2; WOW64; rv:43.0) Gecko/20100101 Firefox/43.0"
217.92.20.118 - - [09/Mar/2016:09:44:47 +0100] "GET /favicon.ico HTTP/1.1" 404 1256 "-" "Mozilla/5.0 (Windows NT 6.2; WOW64; rv:43.0) Gecko/20100101 Firefox/43.0"
84.201.153.7 - - [09/Mar/2016:11:38:36 +0100] "GET /robots.txt HTTP/1.1" 404 1256 "-" "Mozilla/5.0 (compatible; YandexBot/3.0; +http://yandex.com/bots)"
84.201.153.7 - - [09/Mar/2016:16:05:17 +0100] "GET /robots.txt HTTP/1.1" 404 1256 "-" "Mozilla/5.0 (compatible; YandexBot/3.0; +http://yandex.com/bots)"
84.201.153.7 - - [09/Mar/2016:16:57:04 +0100] "GET /images/u-const.gif HTTP/1.1" 200 3797 "-" "Mozilla/5.0 (compatible; YandexImages/3.0; +http://yandex.com/bots)"
212.12.63.78 - - [09/Mar/2016:18:13:25 +0100] "GET / HTTP/1.1" 200 2889 "google.com" "Mozilla"
78.109.59.37 - - [09/Mar/2016:18:13:38 +0100] "GET / HTTP/1.1" 200 2889 "-" "Typhoeus - https://github.com/typhoeus/typhoeus"
101.78.231.197 - - [10/Mar/2016:01:44:39 +0100] "GET / HTTP/1.1" 200 2889 "-" "Mozilla/5.0 (Windows NT 6.1; WOW64) AppleWebKit/537.36 (KHTML, like Gecko) Chrome/37.0.2062.124 Safari/537.36"
88.198.230.79 - - [10/Mar/2016:08:36:16 +0100] "GET /robots.txt HTTP/1.0" 404 1256 "-" "Mozilla/5.0 (compatible; MJ12bot/v1.4.5; http://www.majestic12.co.uk/bot.php?+)"
88.198.230.79 - - [10/Mar/2016:08:36:17 +0100] "GET / HTTP/1.0" 200 2889 "-" "Mozilla/5.0 (compatible; MJ12bot/v1.4.5; http://www.majestic12.co.uk/bot.php?+)"
212.12.63.78 - - [10/Mar/2016:17:44:13 +0100] "GET / HTTP/1.1" 200 2889 "google.com" "Mozilla"
84.201.153.7 - - [11/Mar/2016:01:19:25 +0100] "GET /robots.txt HTTP/1.1" 404 1256 "-" "Mozilla/5.0 (compatible; YandexBot/3.0; +http://yandex.com/bots)"
84.201.153.7 - - [11/Mar/2016:01:58:13 +0100] "GET /images/u-const.gif HTTP/1.1" 200 3797 "-" "Mozilla/5.0 (compatible; YandexImages/3.0; +http://yandex.com/bots)"
194.173.174.106 - - [11/Mar/2016:19:16:05 +0100] "HEAD / HTTP/1.1" 200 - "-" "Mozilla/5.0 (Windows NT 6.3; WOW64) AppleWebKit/537.36 (KHTML, like Gecko) Chrome/43.0.2357.134 Safari/537.36"
64.246.165.200 - - [11/Mar/2016:20:19:35 +0100] "GET /robots.txt HTTP/1.0" 404 1256 "-" "Mozilla/5.0 (Windows; U; Windows NT 5.1; en; rv:1.9.0.13) Gecko/2009073022 Firefox/3.5.2 (.NET CLR 3.5.30729) SurveyBot/2.3 (DomainTools)"
64.246.165.200 - - [11/Mar/2016:20:19:35 +0100] "GET / HTTP/1.1" 200 2889 "http://whois.domaintools.com/wertstoffservice.de" "Mozilla/5.0 (Windows; U; Windows NT 5.1; en; rv:1.9.0.13) Gecko/2009073022 Firefox/3.5.2 (.NET CLR 3.5.30729) SurveyBot/2.3 (DomainTools)"
93.228.79.234 - - [11/Mar/2016:22:14:07 +0100] "GET / HTTP/1.1" 200 2889 "-" "Mozilla/4.0 (compatible; MSIE 8.0; Windows NT 6.0; .NET CLR 1.1.4322; .NET CLR 2.0.50727)"
141.8.141.140 - - [12/Mar/2016:00:04:35 +0100] "GET /robots.txt HTTP/1.1" 404 1256 "-" "Mozilla/5.0 (compatible; YandexBot/3.0; +http://yandex.com/bots)"
84.201.153.7 - - [12/Mar/2016:00:22:43 +0100] "GET /images/u-const.gif HTTP/1.1" 200 3797 "-" "Mozilla/5.0 (compatible; YandexImages/3.0; +http://yandex.com/bots)"
66.249.66.131 - - [12/Mar/2016:11:21:58 +0100] "GET /robots.txt HTTP/1.1" 404 1256 "-" "Mozilla/5.0 (compatible; Googlebot/2.1; +http://www.google.com/bot.html)"
66.249.66.131 - - [12/Mar/2016:11:21:58 +0100] "GET / HTTP/1.1" 200 2889 "-" "Mozilla/5.0 (iPhone; CPU iPhone OS 8_3 like Mac OS X) AppleWebKit/600.1.4 (KHTML, like Gecko) Version/8.0 Mobile/12F70 Safari/600.1.4 (compatible; Googlebot/2.1; +http://www.google.com/bot.html)"
66.249.66.188 - - [12/Mar/2016:12:26:59 +0100] "GET / HTTP/1.1" 200 2889 "-" "Mozilla/5.0 (compatible; Googlebot/2.1; +http://www.google.com/bot.html)"
213.61.218.52 - - [12/Mar/2016:17:29:08 +0100] "GET / HTTP/1.1" 200 2889 "-" "-"
213.61.218.52 - - [12/Mar/2016:17:29:08 +0100] "GET / HTTP/1.1" 200 2889 "http://www.google.de/" "finbot"
213.61.218.52 - - [12/Mar/2016:17:29:09 +0100] "GET / HTTP/1.1" 200 2889 "http://www.google.de/" "Mozilla/5.0 (Linux; U; Android 4.1.2; de-de; GT-I8190 Build/JZO54K) AppleWebKit/534.30 (KHTML, like Gecko) Version/4.0 Mobile Safari/534.30"
52.33.227.96 - - [12/Mar/2016:21:10:35 +0100] "GET / HTTP/1.1" 200 2889 "http://www.google.com" "Mozilla/5.0 (Windows; U; WindowsNT 5.1; en-US; rv1.8.1.6) Gecko/20070725 Firefox/2.0.0.6"
78.46.50.246 - - [13/Mar/2016:01:49:41 +0100] "GET /robots.txt HTTP/1.0" 404 1256 "-" "Mozilla/5.0 (compatible; MJ12bot/v1.4.5; http://www.majestic12.co.uk/bot.php?+)"
78.46.50.246 - - [13/Mar/2016:01:49:43 +0100] "GET / HTTP/1.0" 200 2889 "-" "Mozilla/5.0 (compatible; MJ12bot/v1.4.5; http://www.majestic12.co.uk/bot.php?+)"
66.249.75.118 - - [13/Mar/2016:02:01:34 +0100] "GET /robots.txt HTTP/1.1" 404 1256 "-" "Mozilla/5.0 (compatible; Googlebot/2.1; +http://www.google.com/bot.html)"
66.249.75.125 - - [13/Mar/2016:02:01:34 +0100] "GET / HTTP/1.1" 200 2889 "-" "Mozilla/5.0 (compatible; Googlebot/2.1; +http://www.google.com/bot.html)"
213.239.210.249 - - [13/Mar/2016:03:56:57 +0100] "GET / HTTP/1.1" 200 2889 "-" "Mozilla/5.0 (Windows; U; Windows NT 6.1; de; rv:1.9.2.12) Gecko/20101026 Firefox/3.6.12"
213.239.210.249 - - [13/Mar/2016:03:56:57 +0100] "GET / HTTP/1.1" 200 2889 "-" "Mozilla/5.0 (Windows; U; Windows NT 6.1; de; rv:1.9.2.12) Gecko/20101026 Firefox/3.6.12"
213.239.210.249 - - [13/Mar/2016:03:56:57 +0100] "GET / HTTP/1.1" 200 2889 "-" "Mozilla/5.0 (Windows; U; Windows NT 6.1; de; rv:1.9.2.12) Gecko/20101026 Firefox/3.6.12"
213.239.210.249 - - [13/Mar/2016:03:56:57 +0100] "GET / HTTP/1.1" 200 2889 "-" "Mozilla/5.0 (Windows; U; Windows NT 6.1; de; rv:1.9.2.12) Gecko/20101026 Firefox/3.6.12"
66.249.75.4 - - [13/Mar/2016:03:58:54 +0100] "GET / HTTP/1.1" 200 2889 "-" "Mozilla/5.0 (compatible; Googlebot/2.1; +http://www.google.com/bot.html)"
188.165.196.25 - - [13/Mar/2016:04:15:09 +0100] "GET /robots.txt HTTP/1.0" 404 1256 "-" ""
188.165.196.25 - - [13/Mar/2016:04:15:09 +0100] "GET / HTTP/1.1" 206 2889 "-" "Mozilla/5.0 (X11; Linux i686) AppleWebKit/534.30 (KHTML, like Gecko) Ubuntu/11.04 Chromium/12.0.742.112 Chrome/12.0.742.112 Safari/534.30"
84.201.153.7 - - [13/Mar/2016:04:53:54 +0100] "GET /robots.txt HTTP/1.1" 404 1256 "-" "Mozilla/5.0 (compatible; YandexBot/3.0; +http://yandex.com/bots)"
141.8.141.132 - - [13/Mar/2016:05:27:14 +0100] "GET /images/u-const.gif HTTP/1.1" 200 3797 "-" "Mozilla/5.0 (compatible; YandexImages/3.0; +http://yandex.com/bots)"
164.132.161.64 - - [13/Mar/2016:11:04:23 +0100] "GET / HTTP/1.1" 200 2889 "-" "Mozilla/5.0 (compatible; AhrefsBot/5.0; +http://ahrefs.com/robot/)"
66.249.75.118 - - [13/Mar/2016:12:06:51 +0100] "GET / HTTP/1.1" 200 2889 "-" "Mozilla/5.0 (compatible; Googlebot/2.1; +http://www.google.com/bot.html)"
66.249.66.188 - - [13/Mar/2016:20:39:20 +0100] "GET /robots.txt HTTP/1.1" 404 1256 "-" "Mozilla/5.0 (compatible; Googlebot/2.1; +http://www.google.com/bot.html)"
66.249.66.131 - - [13/Mar/2016:20:39:21 +0100] "GET / HTTP/1.1" 200 2889 "-" "Mozilla/5.0 (compatible; Googlebot/2.1; +http://www.google.com/bot.html)"
66.249.66.188 - - [14/Mar/2016:05:13:16 +0100] "GET / HTTP/1.1" 200 2889 "-" "Mozilla/5.0 (compatible; Googlebot/2.1; +http://www.google.com/bot.html)"
66.249.66.131 - - [14/Mar/2016:08:43:53 +0100] "GET / HTTP/1.1" 200 2889 "-" "Mozilla/5.0 (compatible; Googlebot/2.1; +http://www.google.com/bot.html)"
66.249.66.188 - - [14/Mar/2016:08:43:53 +0100] "GET /robots.txt HTTP/1.1" 404 1256 "-" "Mozilla/5.0 (compatible; Googlebot/2.1; +http://www.google.com/bot.html)"
62.225.59.122 - - [14/Mar/2016:13:16:01 +0100] "GET / HTTP/1.1" 200 2889 "http://www2.dasoertliche.de/?id=1164033441818315780092&recuid=TRDQM5IRZJ4OIEGPB26N2HHUGK3333JVYQS6REQB&action=58&pagePos=1&dar=1&niceid=WSI-Wertstoffservice-International-GmbH-Schneeberg-Markt&kw=Recycling&form_name=detail&lastFormName=search_nat&ci=Schneeberg&recFrom=1&hitno=3&kgs=14521530&backkgs=14521530&orderby=name&ttforderby=rel&buc=1164&verlNr=235&page=78&context=11&arkey=14521530" "Mozilla/5.0 (Windows NT 10.0; Win64; x64) AppleWebKit/537.36 (KHTML, like Gecko) Chrome/42.0.2311.135 Safari/537.36 Edge/12.10240"
62.225.59.122 - - [14/Mar/2016:13:16:01 +0100] "GET /images/hintgr.gif HTTP/1.1" 200 925 "http://www.wertstoffservice.de/" "Mozilla/5.0 (Windows NT 10.0; Win64; x64) AppleWebKit/537.36 (KHTML, like Gecko) Chrome/42.0.2311.135 Safari/537.36 Edge/12.10240"
62.225.59.122 - - [14/Mar/2016:13:16:01 +0100] "GET /images/logo.gif HTTP/1.1" 200 6252 "http://www.wertstoffservice.de/" "Mozilla/5.0 (Windows NT 10.0; Win64; x64) AppleWebKit/537.36 (KHTML, like Gecko) Chrome/42.0.2311.135 Safari/537.36 Edge/12.10240"
62.225.59.122 - - [14/Mar/2016:13:16:01 +0100] "GET /images/hintgr.gif HTTP/1.1" 200 925 "http://www.wertstoffservice.de/" "Mozilla/5.0 (Windows NT 10.0; Win64; x64) AppleWebKit/537.36 (KHTML, like Gecko) Chrome/42.0.2311.135 Safari/537.36 Edge/12.10240"
62.225.59.122 - - [14/Mar/2016:13:16:01 +0100] "GET /images/u-const.gif HTTP/1.1" 200 3797 "http://www.wertstoffservice.de/" "Mozilla/5.0 (Windows NT 10.0; Win64; x64) AppleWebKit/537.36 (KHTML, like Gecko) Chrome/42.0.2311.135 Safari/537.36 Edge/12.10240"
62.225.59.122 - - [14/Mar/2016:13:16:02 +0100] "GET /favicon.ico HTTP/1.1" 404 1256 "-" "Mozilla/5.0 (Windows NT 10.0; Win64; x64) AppleWebKit/537.36 (KHTML, like Gecko) Chrome/42.0.2311.135 Safari/537.36 Edge/12.10240"
62.225.59.122 - - [14/Mar/2016:13:42:25 +0100] "GET /favicon.ico HTTP/1.1" 404 1256 "-" "Mozilla/5.0 (Windows NT 10.0; Win64; x64) AppleWebKit/537.36 (KHTML, like Gecko) Chrome/42.0.2311.135 Safari/537.36 Edge/12.10240"
87.158.112.157 - - [14/Mar/2016:16:01:22 +0100] "GET / HTTP/1.1" 200 2889 "http://branchenbuch.meinestadt.de/schneeberg-erzgebirge/company/279848" "Mozilla/5.0 (Windows NT 6.0; rv:44.0) Gecko/20100101 Firefox/44.0"
87.158.112.157 - - [14/Mar/2016:16:01:22 +0100] "GET /images/logo.gif HTTP/1.1" 200 6252 "http://www.wertstoffservice.de/" "Mozilla/5.0 (Windows NT 6.0; rv:44.0) Gecko/20100101 Firefox/44.0"
87.158.112.157 - - [14/Mar/2016:16:01:23 +0100] "GET /images/u-const.gif HTTP/1.1" 200 3797 "http://www.wertstoffservice.de/" "Mozilla/5.0 (Windows NT 6.0; rv:44.0) Gecko/20100101 Firefox/44.0"
87.158.112.157 - - [14/Mar/2016:16:01:23 +0100] "GET /images/hintgr.gif HTTP/1.1" 200 925 "http://www.wertstoffservice.de/" "Mozilla/5.0 (Windows NT 6.0; rv:44.0) Gecko/20100101 Firefox/44.0"
87.158.112.157 - - [14/Mar/2016:16:01:23 +0100] "GET /favicon.ico HTTP/1.1" 404 1256 "-" "Mozilla/5.0 (Windows NT 6.0; rv:44.0) Gecko/20100101 Firefox/44.0"
87.158.112.157 - - [14/Mar/2016:16:01:23 +0100] "GET /favicon.ico HTTP/1.1" 404 1256 "-" "Mozilla/5.0 (Windows NT 6.0; rv:44.0) Gecko/20100101 Firefox/44.0"
78.46.37.41 - - [14/Mar/2016:18:16:38 +0100] "GET / HTTP/1.1" 200 2889 "-" "Mozilla/5.0 (Windows NT 6.2; WOW64) AppleWebKit/537.15 (KHTML, like Gecko) Chrome/24.0.1295.0 Safari/537.15"
78.46.37.41 - - [14/Mar/2016:18:16:38 +0100] "GET / HTTP/1.1" 200 2889 "-" "Mozilla/5.0 (Windows NT 6.1; WOW64; rv:18.0) Gecko/20100101 Firefox/18.0"
66.249.64.48 - - [14/Mar/2016:19:02:18 +0100] "GET / HTTP/1.1" 200 2889 "-" "Mozilla/5.0 (compatible; Googlebot/2.1; +http://www.google.com/bot.html)"
84.201.153.17 - - [14/Mar/2016:20:12:52 +0100] "GET /robots.txt HTTP/1.1" 404 1256 "-" "Mozilla/5.0 (compatible; YandexBot/3.0; +http://yandex.com/bots)"
84.201.153.7 - - [15/Mar/2016:00:06:26 +0100] "GET /images/u-const.gif HTTP/1.1" 200 3797 "-" "Mozilla/5.0 (compatible; YandexImages/3.0; +http://yandex.com/bots)"
66.249.64.48 - - [15/Mar/2016:03:01:17 +0100] "GET /robots.txt HTTP/1.1" 404 1256 "-" "Mozilla/5.0 (compatible; Googlebot/2.1; +http://www.google.com/bot.html)"
66.249.64.38 - - [15/Mar/2016:03:01:18 +0100] "GET / HTTP/1.1" 200 2889 "-" "Mozilla/5.0 (compatible; Googlebot/2.1; +http://www.google.com/bot.html)"
88.198.16.153 - - [15/Mar/2016:06:22:16 +0100] "GET /robots.txt HTTP/1.0" 404 1256 "-" "Mozilla/5.0 (compatible; MJ12bot/v1.4.5; http://www.majestic12.co.uk/bot.php?+)"
88.198.16.153 - - [15/Mar/2016:06:22:18 +0100] "GET / HTTP/1.0" 200 2889 "-" "Mozilla/5.0 (compatible; MJ12bot/v1.4.5; http://www.majestic12.co.uk/bot.php?+)"
88.198.241.59 - - [15/Mar/2016:15:52:05 +0100] "GET / HTTP/1.1" 200 2889 "-" "Python-urllib/2.7"
194.173.174.106 - - [15/Mar/2016:19:32:52 +0100] "HEAD / HTTP/1.1" 200 - "-" "Mozilla/5.0 (Windows NT 6.3; WOW64) AppleWebKit/537.36 (KHTML, like Gecko) Chrome/43.0.2357.134 Safari/537.36"
188.40.112.210 - - [15/Mar/2016:20:08:29 +0100] "GET / HTTP/1.1" 200 2889 "-" "Mozilla/5.0 (Macintosh; Intel Mac OS X 1084) AppleWebKit/536.29.13 (KHTML like Gecko) Version/6.0.4 Safari/536.29.13"
66.249.64.38 - - [16/Mar/2016:00:07:09 +0100] "GET /robots.txt HTTP/1.1" 404 1256 "-" "Mozilla/5.0 (compatible; Googlebot/2.1; +http://www.google.com/bot.html)"
66.249.64.43 - - [16/Mar/2016:00:07:09 +0100] "GET / HTTP/1.1" 200 2889 "-" "Mozilla/5.0 (compatible; Googlebot/2.1; +http://www.google.com/bot.html)"
144.76.18.125 - - [16/Mar/2016:01:45:25 +0100] "GET / HTTP/1.1" 200 2889 "-" "Mozilla/5.0 (Macintosh; Intel Mac OS X 10_9_3) AppleWebKit/537.75.14 (KHTML, like Gecko) Version/7.0.3 Safari/7046A194A"
104.155.80.108 - - [16/Mar/2016:05:31:36 +0100] "GET / HTTP/1.1" 200 2889 "-" "Mozilla/5.0 (X11; Linux x86_64) AppleWebKit/537.36 (KHTML, like Gecko) Chrome/47.0.2526.106 Safari/537.36"
104.155.80.108 - - [16/Mar/2016:05:31:36 +0100] "GET /images/logo.gif HTTP/1.1" 200 6252 "http://www.wertstoffservice.de/" "Mozilla/5.0 (X11; Linux x86_64) AppleWebKit/537.36 (KHTML, like Gecko) Chrome/47.0.2526.106 Safari/537.36"
104.155.80.108 - - [16/Mar/2016:05:31:36 +0100] "GET /images/u-const.gif HTTP/1.1" 200 3797 "http://www.wertstoffservice.de/" "Mozilla/5.0 (X11; Linux x86_64) AppleWebKit/537.36 (KHTML, like Gecko) Chrome/47.0.2526.106 Safari/537.36"
104.155.80.108 - - [16/Mar/2016:05:31:36 +0100] "GET /images/hintgr.gif HTTP/1.1" 200 925 "http://www.wertstoffservice.de/" "Mozilla/5.0 (X11; Linux x86_64) AppleWebKit/537.36 (KHTML, like Gecko) Chrome/47.0.2526.106 Safari/537.36"
104.155.80.108 - - [16/Mar/2016:05:31:36 +0100] "GET /favicon.ico HTTP/1.1" 404 1256 "http://www.wertstoffservice.de/" "Mozilla/5.0 (X11; Linux x86_64) AppleWebKit/537.36 (KHTML, like Gecko) Chrome/47.0.2526.106 Safari/537.36"
66.249.64.38 - - [16/Mar/2016:07:50:15 +0100] "GET / HTTP/1.1" 200 2889 "-" "Mozilla/5.0 (iPhone; CPU iPhone OS 8_3 like Mac OS X) AppleWebKit/600.1.4 (KHTML, like Gecko) Version/8.0 Mobile/12F70 Safari/600.1.4 (compatible; Googlebot/2.1; +http://www.google.com/bot.html)"
66.249.78.26 - - [16/Mar/2016:13:01:36 +0100] "GET /robots.txt HTTP/1.1" 404 1256 "-" "Mozilla/5.0 (compatible; Googlebot/2.1; +http://www.google.com/bot.html)"
66.249.78.33 - - [16/Mar/2016:13:01:36 +0100] "GET / HTTP/1.1" 200 2889 "-" "Mozilla/5.0 (compatible; Googlebot/2.1; +http://www.google.com/bot.html)"
84.201.153.7 - - [16/Mar/2016:14:14:22 +0100] "GET /robots.txt HTTP/1.1" 404 1256 "-" "Mozilla/5.0 (compatible; YandexBot/3.0; +http://yandex.com/bots)"
141.8.141.132 - - [16/Mar/2016:18:08:32 +0100] "GET /images/u-const.gif HTTP/1.1" 200 3797 "-" "Mozilla/5.0 (compatible; YandexImages/3.0; +http://yandex.com/bots)"
194.173.174.106 - - [17/Mar/2016:13:13:33 +0100] "HEAD / HTTP/1.1" 200 - "-" "Mozilla/5.0 (Windows NT 6.3; WOW64) AppleWebKit/537.36 (KHTML, like Gecko) Chrome/43.0.2357.134 Safari/537.36"
188.40.95.70 - - [17/Mar/2016:19:54:22 +0100] "GET /robots.txt HTTP/1.0" 404 1256 "-" "Mozilla/5.0 (compatible; MJ12bot/v1.4.5; http://www.majestic12.co.uk/bot.php?+)"
188.40.95.70 - - [17/Mar/2016:19:54:23 +0100] "GET / HTTP/1.0" 200 2889 "-" "Mozilla/5.0 (compatible; MJ12bot/v1.4.5; http://www.majestic12.co.uk/bot.php?+)"
66.249.64.48 - - [18/Mar/2016:12:25:36 +0100] "GET /robots.txt HTTP/1.1" 404 1256 "-" "Mozilla/5.0 (compatible; Googlebot/2.1; +http://www.google.com/bot.html)"
66.249.64.38 - - [18/Mar/2016:12:25:36 +0100] "GET / HTTP/1.1" 200 2889 "-" "Mozilla/5.0 (compatible; Googlebot/2.1; +http://www.google.com/bot.html)"
141.8.141.132 - - [18/Mar/2016:16:44:35 +0100] "GET /robots.txt HTTP/1.1" 404 1256 "-" "Mozilla/5.0 (compatible; YandexBot/3.0; +http://yandex.com/bots)"
46.229.170.197 - - [18/Mar/2016:18:07:54 +0100] "GET / HTTP/1.1" 200 2889 "-" "Mozilla/5.0 (Windows NT 6.1; Win64; x64; rv:5.0) Gecko/20110619 Firefox/5.0"
84.201.153.7 - - [19/Mar/2016:02:11:49 +0100] "GET /images/u-const.gif HTTP/1.1" 200 3797 "-" "Mozilla/5.0 (compatible; YandexImages/3.0; +http://yandex.com/bots)"
66.249.64.48 - - [19/Mar/2016:15:12:39 +0100] "GET /robots.txt HTTP/1.1" 404 1256 "-" "Mozilla/5.0 (compatible; Googlebot/2.1; +http://www.google.com/bot.html)"
66.249.64.43 - - [19/Mar/2016:15:12:40 +0100] "GET / HTTP/1.1" 200 2889 "-" "Mozilla/5.0 (iPhone; CPU iPhone OS 8_3 like Mac OS X) AppleWebKit/600.1.4 (KHTML, like Gecko) Version/8.0 Mobile/12F70 Safari/600.1.4 (compatible; Googlebot/2.1; +http://www.google.com/bot.html)"
66.249.64.43 - - [19/Mar/2016:16:06:41 +0100] "GET / HTTP/1.1" 200 2889 "-" "Mozilla/5.0 (compatible; Googlebot/2.1; +http://www.google.com/bot.html)"
78.46.196.116 - - [19/Mar/2016:21:03:38 +0100] "GET /robots.txt HTTP/1.0" 404 1256 "-" "Mozilla/5.0 (compatible; MJ12bot/v1.4.5; http://www.majestic12.co.uk/bot.php?+)"
78.46.196.116 - - [19/Mar/2016:21:03:40 +0100] "GET / HTTP/1.0" 200 2889 "-" "Mozilla/5.0 (compatible; MJ12bot/v1.4.5; http://www.majestic12.co.uk/bot.php?+)"
206.253.226.8 - - [20/Mar/2016:04:55:39 +0100] "GET /robots.txt HTTP/1.1" 404 1256 "-" "Mozilla/5.0 (compatible; oBot/2.3.1; +http://filterdb.iss.net/crawler/)"
206.253.226.8 - - [20/Mar/2016:04:55:39 +0100] "GET / HTTP/1.1" 200 2889 "-" "Mozilla/5.0 (compatible; oBot/2.3.1; +http://filterdb.iss.net/crawler/)"
157.55.39.10 - - [20/Mar/2016:09:27:07 +0100] "GET /robots.txt HTTP/1.1" 404 1256 "-" "Mozilla/5.0 (compatible; bingbot/2.0; +http://www.bing.com/bingbot.htm)"
157.55.39.10 - - [20/Mar/2016:09:27:17 +0100] "GET / HTTP/1.1" 200 2889 "-" "Mozilla/5.0 (compatible; bingbot/2.0; +http://www.bing.com/bingbot.htm)"
199.30.24.105 - - [20/Mar/2016:09:27:19 +0100] "GET /images/u-const.gif HTTP/1.1" 200 3797 "http://www.wertstoffservice.de/" "Mozilla/5.0 (Windows NT 6.1; WOW64) AppleWebKit/534+ (KHTML, like Gecko) BingPreview/1.0b"
199.30.24.105 - - [20/Mar/2016:09:27:20 +0100] "GET /images/hintgr.gif HTTP/1.1" 200 925 "http://www.wertstoffservice.de/" "Mozilla/5.0 (Windows NT 6.1; WOW64) AppleWebKit/534+ (KHTML, like Gecko) BingPreview/1.0b"
199.30.24.105 - - [20/Mar/2016:09:27:20 +0100] "GET /images/logo.gif HTTP/1.1" 200 6252 "http://www.wertstoffservice.de/" "Mozilla/5.0 (Windows NT 6.1; WOW64) AppleWebKit/534+ (KHTML, like Gecko) BingPreview/1.0b"
157.55.39.208 - - [20/Mar/2016:09:27:49 +0100] "GET /robots.txt HTTP/1.1" 404 1256 "-" "Mozilla/5.0 (compatible; bingbot/2.0; +http://www.bing.com/bingbot.htm)"
66.249.78.19 - - [20/Mar/2016:14:16:06 +0100] "GET /robots.txt HTTP/1.1" 404 1256 "-" "Mozilla/5.0 (compatible; Googlebot/2.1; +http://www.google.com/bot.html)"
66.249.66.191 - - [20/Mar/2016:14:16:06 +0100] "GET / HTTP/1.1" 200 2889 "-" "Mozilla/5.0 (compatible; Googlebot/2.1; +http://www.google.com/bot.html)"
141.8.141.132 - - [20/Mar/2016:14:37:53 +0100] "GET /robots.txt HTTP/1.1" 404 1256 "-" "Mozilla/5.0 (compatible; YandexBot/3.0; +http://yandex.com/bots)"
84.201.153.7 - - [20/Mar/2016:17:00:44 +0100] "GET /images/u-const.gif HTTP/1.1" 200 3797 "-" "Mozilla/5.0 (compatible; YandexImages/3.0; +http://yandex.com/bots)"
82.94.179.38 - - [21/Mar/2016:00:13:43 +0100] "HEAD / HTTP/1.1" 200 - "-" "Python-urllib/2.7"
82.94.179.38 - - [21/Mar/2016:00:13:43 +0100] "GET / HTTP/1.1" 200 2889 "-" "Mozilla/4.0 (compatible; MSIE 5.5; Windows NT)"
188.165.15.32 - - [21/Mar/2016:05:56:00 +0100] "GET /robots.txt HTTP/1.1" 404 1256 "-" "Mozilla/5.0 (compatible; AhrefsBot/5.0; +http://ahrefs.com/robot/)"
66.249.79.245 - - [21/Mar/2016:19:17:00 +0100] "GET /robots.txt HTTP/1.1" 404 1256 "-" "Mozilla/5.0 (compatible; Googlebot/2.1; +http://www.google.com/bot.html)"
66.249.79.245 - - [21/Mar/2016:19:17:01 +0100] "GET / HTTP/1.1" 200 2889 "-" "Mozilla/5.0 (compatible; Googlebot/2.1; +http://www.google.com/bot.html)"
87.144.185.8 - - [22/Mar/2016:15:52:45 +0100] "GET / HTTP/1.1" 200 2889 "-" "Mozilla/4.0 (compatible; MSIE 7.0; Windows NT 6.0; WOW64; SLCC1; .NET CLR 2.0.50727; .NET CLR 1.1.4322)"
5.9.145.132 - - [23/Mar/2016:02:10:49 +0100] "GET / HTTP/1.1" 200 2889 "-" "Mozilla/5.0 (Windows NT 6.1; U;WOW64; de;rv:11.0) Gecko Firefox/11.0"
66.249.78.33 - - [23/Mar/2016:03:21:07 +0100] "GET /robots.txt HTTP/1.1" 404 1256 "-" "Mozilla/5.0 (compatible; Googlebot/2.1; +http://www.google.com/bot.html)"
66.249.78.33 - - [23/Mar/2016:03:21:07 +0100] "GET / HTTP/1.1" 200 2889 "-" "Mozilla/5.0 (iPhone; CPU iPhone OS 8_3 like Mac OS X) AppleWebKit/600.1.4 (KHTML, like Gecko) Version/8.0 Mobile/12F70 Safari/600.1.4 (compatible; Googlebot/2.1; +http://www.google.com/bot.html)"
66.249.78.26 - - [23/Mar/2016:03:47:12 +0100] "GET / HTTP/1.1" 200 2889 "-" "Mozilla/5.0 (compatible; Googlebot/2.1; +http://www.google.com/bot.html)"
66.249.78.33 - - [23/Mar/2016:11:30:10 +0100] "GET / HTTP/1.1" 200 2889 "-" "Mozilla/5.0 (compatible; Googlebot/2.1; +http://www.google.com/bot.html)"
66.249.66.131 - - [23/Mar/2016:21:18:19 +0100] "GET /robots.txt HTTP/1.1" 404 1256 "-" "Mozilla/5.0 (compatible; Googlebot/2.1; +http://www.google.com/bot.html)"
66.249.78.33 - - [23/Mar/2016:21:18:19 +0100] "GET / HTTP/1.1" 200 2889 "-" "Mozilla/5.0 (compatible; Googlebot/2.1; +http://www.google.com/bot.html)"
68.180.229.33 - - [23/Mar/2016:21:33:11 +0100] "GET /robots.txt HTTP/1.1" 404 1256 "-" "Mozilla/5.0 (compatible; Yahoo! Slurp; http://help.yahoo.com/help/us/ysearch/slurp)"
68.180.229.33 - - [23/Mar/2016:21:33:12 +0100] "GET / HTTP/1.1" 200 2889 "-" "Mozilla/5.0 (compatible; Yahoo! Slurp; http://help.yahoo.com/help/us/ysearch/slurp)"
5.9.87.111 - - [24/Mar/2016:13:00:36 +0100] "GET /robots.txt HTTP/1.0" 404 1256 "-" "Mozilla/5.0 (compatible; MJ12bot/v1.4.5; http://www.majestic12.co.uk/bot.php?+)"
5.9.87.111 - - [24/Mar/2016:13:00:44 +0100] "GET / HTTP/1.0" 200 2889 "-" "Mozilla/5.0 (compatible; MJ12bot/v1.4.5; http://www.majestic12.co.uk/bot.php?+)"
66.249.73.194 - - [24/Mar/2016:22:06:12 +0100] "GET /robots.txt HTTP/1.1" 404 1256 "-" "Mozilla/5.0 (compatible; Googlebot/2.1; +http://www.google.com/bot.html)"
66.249.73.210 - - [24/Mar/2016:22:06:12 +0100] "GET / HTTP/1.1" 200 2889 "-" "Mozilla/5.0 (compatible; Googlebot/2.1; +http://www.google.com/bot.html)"
66.249.73.210 - - [24/Mar/2016:23:50:42 +0100] "GET / HTTP/1.1" 200 2889 "-" "Mozilla/5.0 (compatible; Googlebot/2.1; +http://www.google.com/bot.html)"
66.249.73.202 - - [25/Mar/2016:01:57:04 +0100] "GET / HTTP/1.1" 200 2889 "-" "Mozilla/5.0 (compatible; Googlebot/2.1; +http://www.google.com/bot.html)"
66.249.78.26 - - [25/Mar/2016:20:13:12 +0100] "GET /robots.txt HTTP/1.1" 404 1256 "-" "Mozilla/5.0 (compatible; Googlebot/2.1; +http://www.google.com/bot.html)"
66.249.78.19 - - [25/Mar/2016:20:13:13 +0100] "GET / HTTP/1.1" 200 2889 "-" "Mozilla/5.0 (compatible; Googlebot/2.1; +http://www.google.com/bot.html)"
66.249.78.33 - - [26/Mar/2016:03:40:43 +0100] "GET / HTTP/1.1" 200 2889 "-" "Mozilla/5.0 (compatible; Googlebot/2.1; +http://www.google.com/bot.html)"
66.249.78.26 - - [26/Mar/2016:04:52:06 +0100] "GET / HTTP/1.1" 200 2889 "-" "Mozilla/5.0 (compatible; Googlebot/2.1; +http://www.google.com/bot.html)"
66.249.78.26 - - [26/Mar/2016:14:32:03 +0100] "GET /robots.txt HTTP/1.1" 404 1256 "-" "Mozilla/5.0 (compatible; Googlebot/2.1; +http://www.google.com/bot.html)"
66.249.78.26 - - [26/Mar/2016:14:32:03 +0100] "GET / HTTP/1.1" 200 2889 "-" "Mozilla/5.0 (compatible; Googlebot/2.1; +http://www.google.com/bot.html)"
183.206.161.62 - - [26/Mar/2016:16:46:55 +0100] "GET /fckeditor/editor/ HTTP/1.1" 404 1256 "-" "compatible;Baiduspider/2.0; +http://www.baidu.com/search/spider.html"
183.206.161.62 - - [26/Mar/2016:19:11:46 +0100] "GET /admin/fckeditor/editor/ HTTP/1.1" 404 1256 "-" "compatible;Baiduspider/2.0; +http://www.baidu.com/search/spider.html"
183.206.161.62 - - [26/Mar/2016:21:28:33 +0100] "GET /scripts/fckeditor/editor/ HTTP/1.1" 404 1256 "-" "compatible;Baiduspider/2.0; +http://www.baidu.com/search/spider.html"
183.206.161.62 - - [26/Mar/2016:23:50:49 +0100] "GET /includes/fckeditor/editor/ HTTP/1.1" 404 1256 "-" "compatible;Baiduspider/2.0; +http://www.baidu.com/search/spider.html"
183.206.161.62 - - [27/Mar/2016:03:15:00 +0200] "GET /editor/fckeditor/editor/ HTTP/1.1" 404 1256 "-" "compatible;Baiduspider/2.0; +http://www.baidu.com/search/spider.html"
167.114.172.223 - - [27/Mar/2016:03:32:24 +0200] "GET / HTTP/1.1" 200 2889 "-" "Mozilla/5.0 (compatible; Lipperhey-Kaus-Australis/5.0; +https://www.lipperhey.com/en/about/)"
167.114.172.223 - - [27/Mar/2016:03:32:27 +0200] "GET /robots.txt HTTP/1.1" 404 1256 "-" "Mozilla/5.0 (compatible; Lipperhey-Kaus-Australis/5.0; +https://www.lipperhey.com/en/about/)"
167.114.172.223 - - [27/Mar/2016:03:32:27 +0200] "GET / HTTP/1.1" 200 2889 "-" "Mozilla/5.0 (compatible; Lipperhey-Kaus-Australis/5.0; +https://www.lipperhey.com/en/about/)"
167.114.172.223 - - [27/Mar/2016:03:32:28 +0200] "GET / HTTP/1.1" 200 2889 "-" "Mozilla/5.0 (Linux; Android 4.0.4; Galaxy Nexus Build/IMM76B) AppleWebKit/535.19 (KHTML, like Gecko) Chrome/18.0.1025.133 Mobile Safari/535.19"
198.27.80.144 - - [27/Mar/2016:03:34:53 +0200] "GET /robots.txt HTTP/1.0" 404 1256 "-" ""
198.27.80.144 - - [27/Mar/2016:03:34:53 +0200] "GET / HTTP/1.1" 206 2889 "-" "Mozilla/5.0 (X11; Linux x86_64) AppleWebKit/534.30 (KHTML, like Gecko) Ubuntu/11.04 Chromium/12.0.742.112 Chrome/12.0.742.112 Safari/534.30"
183.206.161.62 - - [27/Mar/2016:06:00:07 +0200] "GET /editor/editor/ HTTP/1.1" 404 1256 "-" "compatible;Baiduspider/2.0; +http://www.baidu.com/search/spider.html"
183.206.161.62 - - [27/Mar/2016:08:39:42 +0200] "GET /editorold/editor/ HTTP/1.1" 404 1256 "-" "compatible;Baiduspider/2.0; +http://www.baidu.com/search/spider.html"
51.255.48.155 - - [27/Mar/2016:09:12:10 +0200] "GET /robots.txt HTTP/1.0" 404 1256 "-" "Mozilla/5.0 (compatible; MJ12bot/v1.4.5; http://www.majestic12.co.uk/bot.php?+)"
51.255.48.155 - - [27/Mar/2016:09:12:13 +0200] "GET / HTTP/1.0" 200 2889 "-" "Mozilla/5.0 (compatible; MJ12bot/v1.4.5; http://www.majestic12.co.uk/bot.php?+)"
144.76.18.125 - - [27/Mar/2016:14:13:47 +0200] "GET / HTTP/1.1" 200 2889 "-" "Mozilla/5.0 (compatible; MSIE 10.0; Windows NT 6.1; WOW64; Trident/6.0)"
66.249.78.19 - - [27/Mar/2016:17:47:57 +0200] "GET /robots.txt HTTP/1.1" 404 1256 "-" "Mozilla/5.0 (compatible; Googlebot/2.1; +http://www.google.com/bot.html)"
66.249.78.26 - - [27/Mar/2016:17:47:57 +0200] "GET / HTTP/1.1" 200 2889 "-" "Mozilla/5.0 (compatible; Googlebot/2.1; +http://www.google.com/bot.html)"
66.249.78.33 - - [27/Mar/2016:21:08:07 +0200] "GET / HTTP/1.1" 200 2889 "-" "Mozilla/5.0 (compatible; Googlebot/2.1; +http://www.google.com/bot.html)"
216.145.11.94 - - [27/Mar/2016:21:53:40 +0200] "GET /robots.txt HTTP/1.0" 404 1256 "-" "Mozilla/5.0 (Windows; U; Windows NT 5.1; en; rv:1.9.0.13) Gecko/2009073022 Firefox/3.5.2 (.NET CLR 3.5.30729) SurveyBot/2.3 (DomainTools)"
216.145.11.94 - - [27/Mar/2016:21:53:40 +0200] "GET / HTTP/1.1" 200 2889 "http://whois.domaintools.com/wertstoffservice.de" "Mozilla/5.0 (Windows; U; Windows NT 5.1; en; rv:1.9.0.13) Gecko/2009073022 Firefox/3.5.2 (.NET CLR 3.5.30729) SurveyBot/2.3 (DomainTools)"
66.249.78.26 - - [28/Mar/2016:04:33:03 +0200] "GET / HTTP/1.1" 200 2889 "-" "Mozilla/5.0 (iPhone; CPU iPhone OS 8_3 like Mac OS X) AppleWebKit/600.1.4 (KHTML, like Gecko) Version/8.0 Mobile/12F70 Safari/600.1.4 (compatible; Googlebot/2.1; +http://www.google.com/bot.html)"
66.249.78.33 - - [28/Mar/2016:07:41:33 +0200] "GET /robots.txt HTTP/1.1" 404 1256 "-" "Mozilla/5.0 (compatible; Googlebot/2.1; +http://www.google.com/bot.html)"
66.249.78.33 - - [28/Mar/2016:07:41:33 +0200] "GET / HTTP/1.1" 200 2889 "-" "Mozilla/5.0 (compatible; Googlebot/2.1; +http://www.google.com/bot.html)"
66.249.78.19 - - [28/Mar/2016:10:55:19 +0200] "GET / HTTP/1.1" 200 2889 "-" "Mozilla/5.0 (compatible; Googlebot/2.1; +http://www.google.com/bot.html)"
66.249.75.118 - - [28/Mar/2016:18:29:00 +0200] "GET / HTTP/1.1" 200 2889 "-" "Mozilla/5.0 (compatible; Googlebot/2.1; +http://www.google.com/bot.html)"
66.249.75.118 - - [29/Mar/2016:01:25:15 +0200] "GET /robots.txt HTTP/1.1" 404 1256 "-" "Mozilla/5.0 (compatible; Googlebot/2.1; +http://www.google.com/bot.html)"
66.249.75.118 - - [29/Mar/2016:01:25:16 +0200] "GET / HTTP/1.1" 200 2889 "-" "Mozilla/5.0 (compatible; Googlebot/2.1; +http://www.google.com/bot.html)"
52.90.255.11 - - [29/Mar/2016:09:37:55 +0200] "GET / HTTP/1.1" 200 2889 "-" "Mozilla/5.0 (compatible& Googlebot/2.1& +http://www.google.com/bot.html)"
52.90.255.11 - - [29/Mar/2016:09:37:55 +0200] "GET / HTTP/1.1" 200 2889 "-" "Mozilla/5.0 (Linux; U; Android 4.0.3; ko-kr; LG-L160L Build/IML74K) AppleWebkit/534.30 (KHTML, like Gecko) Version/4.0 Mobile Safari/534.30"
194.173.174.106 - - [29/Mar/2016:13:21:50 +0200] "HEAD / HTTP/1.1" 200 - "-" "Mozilla/5.0 (Windows NT 6.3; WOW64) AppleWebKit/537.36 (KHTML, like Gecko) Chrome/43.0.2357.134 Safari/537.36"
69.30.236.2 - - [29/Mar/2016:15:23:33 +0200] "GET /robots.txt HTTP/1.0" 404 1256 "-" "Mozilla/5.0 (compatible; MJ12bot/v1.4.5; http://www.majestic12.co.uk/bot.php?+)"
69.30.236.2 - - [29/Mar/2016:15:23:36 +0200] "GET / HTTP/1.0" 200 2889 "-" "Mozilla/5.0 (compatible; MJ12bot/v1.4.5; http://www.majestic12.co.uk/bot.php?+)"
5.9.106.81 - - [29/Mar/2016:17:16:28 +0200] "GET / HTTP/1.1" 200 2889 "-" "Mozilla/5.0 (Macintosh; Intel Mac OS X 10_7_5) AppleWebKit/537.36 (KHTML, like Gecko) Chrome/27.0.1453.93 Safari/537.36"
194.173.174.106 - - [29/Mar/2016:19:32:28 +0200] "HEAD / HTTP/1.1" 200 - "-" "Mozilla/5.0 (Windows NT 6.3; WOW64) AppleWebKit/537.36 (KHTML, like Gecko) Chrome/43.0.2357.134 Safari/537.36"
51.254.97.23 - - [31/Mar/2016:11:30:20 +0200] "GET /robots.txt HTTP/1.0" 404 1256 "-" "Mozilla/5.0 (compatible; MJ12bot/v1.4.5; http://www.majestic12.co.uk/bot.php?+)"
51.254.97.23 - - [31/Mar/2016:11:30:22 +0200] "GET / HTTP/1.0" 200 2889 "-" "Mozilla/5.0 (compatible; MJ12bot/v1.4.5; http://www.majestic12.co.uk/bot.php?+)"
81.209.177.145 - - [31/Mar/2016:17:34:57 +0200] "GET /robots.txt HTTP/1.1" 404 1256 "-" "netEstate NE Crawler (+http://www.website-datenbank.de/)"
81.209.177.145 - - [31/Mar/2016:17:34:57 +0200] "GET / HTTP/1.1" 200 2889 "-" "netEstate NE Crawler (+http://www.website-datenbank.de/)"
81.209.177.145 - - [31/Mar/2016:17:34:57 +0200] "GET / HTTP/1.1" 200 2889 "-" "netEstate NE Crawler (+http://www.website-datenbank.de/)"