124.171.120.6 - - [01/Dec/2014:01:21:47 +0100] "GET / HTTP/1.1" 200 2889 "-" "Mozilla/5.0 (X11; U; Linux i686; en-US; rv:1.9.2.1) Gecko/20100122 firefox/3.6.1"
27.153.251.209 - - [01/Dec/2014:01:34:43 +0100] "GET / HTTP/1.1" 200 2889 "-" "Mozilla/4.0 (compatible; MSIE 6.0; Windows NT 5.1)"
66.249.78.25 - - [01/Dec/2014:21:43:33 +0100] "GET /robots.txt HTTP/1.1" 404 1256 "-" "Mozilla/5.0 (compatible; Googlebot/2.1; +http://www.google.com/bot.html)"
66.249.78.18 - - [01/Dec/2014:21:43:33 +0100] "GET / HTTP/1.1" 200 2889 "-" "Mozilla/5.0 (iPhone; CPU iPhone OS 6_0 like Mac OS X) AppleWebKit/536.26 (KHTML, like Gecko) Version/6.0 Mobile/10A5376e Safari/8536.25 (compatible; Googlebot/2.1; +http://www.google.com/bot.html)"
2.201.244.179 - - [01/Dec/2014:22:17:55 +0100] "GET / HTTP/1.1" 200 2889 "https://www.google.de/" "Mozilla/5.0 (Windows NT 6.3; WOW64) AppleWebKit/537.36 (KHTML, like Gecko) Chrome/39.0.2171.65 Safari/537.36"
2.201.244.179 - - [01/Dec/2014:22:17:55 +0100] "GET /images/hintgr.gif HTTP/1.1" 200 925 "http://www.wertstoffservice.de/" "Mozilla/5.0 (Windows NT 6.3; WOW64) AppleWebKit/537.36 (KHTML, like Gecko) Chrome/39.0.2171.65 Safari/537.36"
2.201.244.179 - - [01/Dec/2014:22:17:55 +0100] "GET /images/u-const.gif HTTP/1.1" 200 3797 "http://www.wertstoffservice.de/" "Mozilla/5.0 (Windows NT 6.3; WOW64) AppleWebKit/537.36 (KHTML, like Gecko) Chrome/39.0.2171.65 Safari/537.36"
2.201.244.179 - - [01/Dec/2014:22:17:55 +0100] "GET /images/logo.gif HTTP/1.1" 200 6252 "http://www.wertstoffservice.de/" "Mozilla/5.0 (Windows NT 6.3; WOW64) AppleWebKit/537.36 (KHTML, like Gecko) Chrome/39.0.2171.65 Safari/537.36"
2.201.244.179 - - [01/Dec/2014:22:17:56 +0100] "GET /favicon.ico HTTP/1.1" 404 1256 "-" "Mozilla/5.0 (Windows NT 6.3; WOW64) AppleWebKit/537.36 (KHTML, like Gecko) Chrome/39.0.2171.65 Safari/537.36"
124.171.120.6 - - [01/Dec/2014:23:21:30 +0100] "GET / HTTP/1.1" 200 2889 "-" "Mozilla/5.0 (X11; U; Linux i686; en-US; rv:1.9.2.1) Gecko/20100122 firefox/3.6.1"
93.228.75.17 - - [02/Dec/2014:04:24:12 +0100] "GET / HTTP/1.1" 200 2889 "-" "Mozilla/5.0 (Windows; U; Windows NT 5.1; de; rv:1.9.0.10) Gecko/2009042316 Firefox/3.0.10 (.NET CLR 3.5.30729)"
2.200.183.218 - - [02/Dec/2014:11:00:28 +0100] "GET / HTTP/1.1" 304 - "-" "Mozilla/5.0 (Windows NT 6.3; WOW64) AppleWebKit/537.36 (KHTML, like Gecko) Chrome/39.0.2171.65 Safari/537.36"
88.198.1.77 - - [02/Dec/2014:11:04:29 +0100] "GET /robots.txt HTTP/1.1" 404 1256 "http://www.sitedomain.de/" "Sitedomain-Bot(Sitedomain-Bot 1.0, http://www.sitedomain.de/sitedomain-bot/)"
27.153.251.209 - - [02/Dec/2014:16:48:09 +0100] "GET / HTTP/1.1" 200 2889 "-" "Mozilla/4.0 (compatible; MSIE 6.0; Windows NT 5.1)"
66.249.78.32 - - [03/Dec/2014:05:41:36 +0100] "GET /robots.txt HTTP/1.1" 404 1256 "-" "Mozilla/5.0 (compatible; Googlebot/2.1; +http://www.google.com/bot.html)"
66.249.78.18 - - [03/Dec/2014:05:41:37 +0100] "GET / HTTP/1.1" 200 2889 "-" "Mozilla/5.0 (iPhone; CPU iPhone OS 6_0 like Mac OS X) AppleWebKit/536.26 (KHTML, like Gecko) Version/6.0 Mobile/10A5376e Safari/8536.25 (compatible; Googlebot/2.1; +http://www.google.com/bot.html)"
148.251.78.167 - - [03/Dec/2014:20:11:12 +0100] "GET / HTTP/1.1" 200 2889 "http://www.abcd4.de/link.php" "Mozilla/5.0 (Windows NT 6.3; ARM; Trident/7.0; Touch; rv:11.0) like Gecko"
148.251.78.167 - - [03/Dec/2014:20:11:12 +0100] "GET /images/hintgr.gif HTTP/1.1" 200 925 "http://www.abcd4.de/link.php" "Mozilla/5.0 (Windows NT 6.3; ARM; Trident/7.0; Touch; rv:11.0) like Gecko"
148.251.78.167 - - [03/Dec/2014:20:11:12 +0100] "GET /images/logo.gif HTTP/1.1" 200 6252 "http://www.abcd4.de/link.php" "Mozilla/5.0 (Windows NT 6.3; ARM; Trident/7.0; Touch; rv:11.0) like Gecko"
148.251.78.167 - - [03/Dec/2014:20:11:12 +0100] "GET /images/u-const.gif HTTP/1.1" 200 3797 "http://www.abcd4.de/link.php" "Mozilla/5.0 (Windows NT 6.3; ARM; Trident/7.0; Touch; rv:11.0) like Gecko"
157.55.39.114 - - [04/Dec/2014:05:07:03 +0100] "GET /robots.txt HTTP/1.1" 404 1256 "-" "Mozilla/5.0 (compatible; bingbot/2.0; +http://www.bing.com/bingbot.htm)"
157.55.39.114 - - [04/Dec/2014:05:07:05 +0100] "GET / HTTP/1.1" 304 - "-" "Mozilla/5.0 (compatible; bingbot/2.0; +http://www.bing.com/bingbot.htm)"
80.243.44.122 - - [04/Dec/2014:12:57:23 +0100] "GET / HTTP/1.1" 200 2889 "-" "Mozilla/5.0 (Windows NT 6.1; WOW64; Trident/7.0; rv:11.0) like Gecko"
80.243.44.122 - - [04/Dec/2014:12:57:23 +0100] "GET /images/hintgr.gif HTTP/1.1" 200 925 "http://www.wertstoffservice.de/" "Mozilla/5.0 (Windows NT 6.1; WOW64; Trident/7.0; rv:11.0) like Gecko"
80.243.44.122 - - [04/Dec/2014:12:57:23 +0100] "GET /images/logo.gif HTTP/1.1" 200 6252 "http://www.wertstoffservice.de/" "Mozilla/5.0 (Windows NT 6.1; WOW64; Trident/7.0; rv:11.0) like Gecko"
80.243.44.122 - - [04/Dec/2014:12:57:23 +0100] "GET /images/u-const.gif HTTP/1.1" 200 3797 "http://www.wertstoffservice.de/" "Mozilla/5.0 (Windows NT 6.1; WOW64; Trident/7.0; rv:11.0) like Gecko"
80.243.44.122 - - [04/Dec/2014:12:57:23 +0100] "GET /favicon.ico HTTP/1.1" 404 1256 "-" "Mozilla/5.0 (Windows NT 6.1; WOW64; Trident/7.0; rv:11.0) like Gecko"
141.8.147.12 - - [04/Dec/2014:18:30:18 +0100] "GET /robots.txt HTTP/1.1" 404 1256 "-" "Mozilla/5.0 (compatible; YandexBot/3.0; +http://yandex.com/bots)"
148.251.78.167 - - [05/Dec/2014:00:55:13 +0100] "GET / HTTP/1.1" 200 2889 "http://www.abcd4.de/link.php" "Mozilla/5.0 (Windows NT 6.1; WOW64; rv:32.0) Gecko/20100101 Firefox/32.0"
148.251.78.167 - - [05/Dec/2014:00:55:13 +0100] "GET /images/hintgr.gif HTTP/1.1" 200 925 "http://www.abcd4.de/link.php" "Mozilla/5.0 (Windows NT 6.1; WOW64; rv:32.0) Gecko/20100101 Firefox/32.0"
148.251.78.167 - - [05/Dec/2014:00:55:13 +0100] "GET /images/u-const.gif HTTP/1.1" 200 3797 "http://www.abcd4.de/link.php" "Mozilla/5.0 (Windows NT 6.1; WOW64; rv:32.0) Gecko/20100101 Firefox/32.0"
148.251.78.167 - - [05/Dec/2014:00:55:13 +0100] "GET /images/logo.gif HTTP/1.1" 200 6252 "http://www.abcd4.de/link.php" "Mozilla/5.0 (Windows NT 6.1; WOW64; rv:32.0) Gecko/20100101 Firefox/32.0"
141.8.147.12 - - [05/Dec/2014:01:51:59 +0100] "GET / HTTP/1.1" 200 2889 "-" "Mozilla/5.0 (compatible; YandexBot/3.0; +http://yandex.com/bots)"
80.243.44.122 - - [05/Dec/2014:07:43:09 +0100] "GET / HTTP/1.1" 200 2889 "-" "Mozilla/5.0 (Windows NT 6.1; WOW64; Trident/7.0; rv:11.0) like Gecko"
80.243.44.122 - - [05/Dec/2014:07:43:09 +0100] "GET /images/hintgr.gif HTTP/1.1" 200 925 "http://www.wertstoffservice.de/" "Mozilla/5.0 (Windows NT 6.1; WOW64; Trident/7.0; rv:11.0) like Gecko"
80.243.44.122 - - [05/Dec/2014:07:43:09 +0100] "GET /images/logo.gif HTTP/1.1" 200 6252 "http://www.wertstoffservice.de/" "Mozilla/5.0 (Windows NT 6.1; WOW64; Trident/7.0; rv:11.0) like Gecko"
80.243.44.122 - - [05/Dec/2014:07:43:09 +0100] "GET /images/u-const.gif HTTP/1.1" 200 3797 "http://www.wertstoffservice.de/" "Mozilla/5.0 (Windows NT 6.1; WOW64; Trident/7.0; rv:11.0) like Gecko"
80.243.44.122 - - [05/Dec/2014:07:43:09 +0100] "GET /favicon.ico HTTP/1.1" 404 1256 "-" "Mozilla/5.0 (Windows NT 6.1; WOW64; Trident/7.0; rv:11.0) like Gecko"
212.90.10.50 - - [05/Dec/2014:16:09:26 +0100] "GET / HTTP/1.1" 200 2889 "-" "PC SOFT Framework"
212.90.10.50 - - [05/Dec/2014:16:09:28 +0100] "GET / HTTP/1.1" 200 2889 "-" "PC SOFT Framework"
212.90.10.50 - - [05/Dec/2014:16:10:48 +0100] "GET / HTTP/1.1" 200 2889 "-" "PC SOFT Framework"
212.90.10.50 - - [05/Dec/2014:16:10:50 +0100] "GET / HTTP/1.1" 200 2889 "-" "PC SOFT Framework"
141.8.147.12 - - [06/Dec/2014:11:41:32 +0100] "GET /robots.txt HTTP/1.1" 404 1256 "-" "Mozilla/5.0 (compatible; YandexBot/3.0; +http://yandex.com/bots)"
141.8.147.12 - - [06/Dec/2014:16:03:57 +0100] "GET / HTTP/1.1" 200 2889 "-" "Mozilla/5.0 (compatible; YandexBot/3.0; +http://yandex.com/bots)"
207.46.13.121 - - [06/Dec/2014:17:26:15 +0100] "GET /robots.txt HTTP/1.1" 404 1256 "-" "Mozilla/5.0 (compatible; bingbot/2.0; +http://www.bing.com/bingbot.htm)"
207.46.13.121 - - [06/Dec/2014:17:26:22 +0100] "GET / HTTP/1.1" 304 - "-" "Mozilla/5.0 (compatible; bingbot/2.0; +http://www.bing.com/bingbot.htm)"
80.153.101.65 - - [07/Dec/2014:13:19:57 +0100] "GET /ef= HTTP/1.1" 404 1256 "-" "Mozilla/5.0 (compatible; WeViKaBot/1.0; +http://www.wevika.de/)"
199.58.86.206 - - [07/Dec/2014:14:12:50 +0100] "GET /robots.txt HTTP/1.0" 404 1256 "-" "Mozilla/5.0 (compatible; MJ12bot/v1.4.5; http://www.majestic12.co.uk/bot.php?+)"
199.58.86.206 - - [07/Dec/2014:14:12:51 +0100] "GET / HTTP/1.0" 200 2889 "-" "Mozilla/5.0 (compatible; MJ12bot/v1.4.5; http://www.majestic12.co.uk/bot.php?+)"
141.8.147.12 - - [08/Dec/2014:02:59:41 +0100] "GET /robots.txt HTTP/1.1" 404 1256 "-" "Mozilla/5.0 (compatible; YandexBot/3.0; +http://yandex.com/bots)"
141.8.147.12 - - [08/Dec/2014:03:20:10 +0100] "GET / HTTP/1.1" 200 2889 "-" "Mozilla/5.0 (compatible; YandexBot/3.0; +http://yandex.com/bots)"
66.249.78.33 - - [08/Dec/2014:09:03:44 +0100] "GET /robots.txt HTTP/1.1" 404 1256 "-" "Mozilla/5.0 (compatible; Googlebot/2.1; +http://www.google.com/bot.html)"
66.249.78.26 - - [08/Dec/2014:09:03:45 +0100] "GET / HTTP/1.1" 200 2889 "-" "Mozilla/5.0 (iPhone; CPU iPhone OS 6_0 like Mac OS X) AppleWebKit/536.26 (KHTML, like Gecko) Version/6.0 Mobile/10A5376e Safari/8536.25 (compatible; Googlebot/2.1; +http://www.google.com/bot.html)"
141.8.147.12 - - [09/Dec/2014:09:25:12 +0100] "GET /robots.txt HTTP/1.1" 404 1256 "-" "Mozilla/5.0 (compatible; YandexBot/3.0; +http://yandex.com/bots)"
141.8.147.12 - - [09/Dec/2014:09:33:45 +0100] "GET / HTTP/1.1" 200 2889 "-" "Mozilla/5.0 (compatible; YandexBot/3.0; +http://yandex.com/bots)"
62.75.236.133 - - [09/Dec/2014:09:55:57 +0100] "GET / HTTP/1.1" 200 2889 "-" "PEAR HTTP_Request class ( http://pear.php.net/ )"
66.249.65.196 - - [09/Dec/2014:14:31:41 +0100] "GET /robots.txt HTTP/1.1" 404 1256 "-" "Mozilla/5.0 (compatible; Googlebot/2.1; +http://www.google.com/bot.html)"
66.249.65.200 - - [09/Dec/2014:14:31:41 +0100] "GET / HTTP/1.1" 200 2889 "-" "DoCoMo/2.0 N905i(c100;TB;W24H16) (compatible; Googlebot-Mobile/2.1; +http://www.google.com/bot.html)"
141.8.147.12 - - [09/Dec/2014:15:02:49 +0100] "GET /robots.txt HTTP/1.1" 404 1256 "-" "Mozilla/5.0 (compatible; YandexBot/3.0; +http://yandex.com/bots)"
141.8.147.12 - - [09/Dec/2014:15:03:01 +0100] "GET / HTTP/1.1" 200 2889 "-" "Mozilla/5.0 (compatible; YandexBot/3.0; +http://yandex.com/bots)"
66.249.78.26 - - [09/Dec/2014:16:07:04 +0100] "GET /robots.txt HTTP/1.1" 404 1256 "-" "Mozilla/5.0 (compatible; Googlebot/2.1; +http://www.google.com/bot.html)"
66.249.78.19 - - [09/Dec/2014:16:07:04 +0100] "GET / HTTP/1.1" 200 2889 "-" "Mozilla/5.0 (iPhone; CPU iPhone OS 6_0 like Mac OS X) AppleWebKit/536.26 (KHTML, like Gecko) Version/6.0 Mobile/10A5376e Safari/8536.25 (compatible; Googlebot/2.1; +http://www.google.com/bot.html)"
207.46.13.121 - - [09/Dec/2014:16:39:22 +0100] "GET /robots.txt HTTP/1.1" 404 1256 "-" "Mozilla/5.0 (compatible; bingbot/2.0; +http://www.bing.com/bingbot.htm)"
207.46.13.121 - - [09/Dec/2014:16:40:01 +0100] "GET / HTTP/1.1" 304 - "-" "Mozilla/5.0 (compatible; bingbot/2.0; +http://www.bing.com/bingbot.htm)"
207.46.13.121 - - [09/Dec/2014:17:19:38 +0100] "GET / HTTP/1.1" 304 - "-" "Mozilla/5.0 (compatible; bingbot/2.0; +http://www.bing.com/bingbot.htm)"
66.249.78.19 - - [10/Dec/2014:07:10:07 +0100] "GET /robots.txt HTTP/1.1" 404 1256 "-" "Mozilla/5.0 (compatible; Googlebot/2.1; +http://www.google.com/bot.html)"
66.249.78.33 - - [10/Dec/2014:07:10:07 +0100] "GET / HTTP/1.1" 200 2889 "-" "Mozilla/5.0 (compatible; Googlebot/2.1; +http://www.google.com/bot.html)"
66.249.78.19 - - [10/Dec/2014:10:55:57 +0100] "GET / HTTP/1.1" 200 2889 "-" "Mozilla/5.0 (compatible; Googlebot/2.1; +http://www.google.com/bot.html)"
141.8.147.12 - - [10/Dec/2014:13:15:51 +0100] "GET /robots.txt HTTP/1.1" 404 1256 "-" "Mozilla/5.0 (compatible; YandexBot/3.0; +http://yandex.com/bots)"
104.131.211.113 - - [10/Dec/2014:15:37:13 +0100] "GET / HTTP/1.0" 200 2889 "-" "Mozilla/5.0 (compatible; NetcraftSurveyAgent/1.0; +info@netcraft.com)"
66.249.78.19 - - [10/Dec/2014:18:16:56 +0100] "GET / HTTP/1.1" 200 2889 "-" "Mozilla/5.0 (compatible; Googlebot/2.1; +http://www.google.com/bot.html)"
141.8.147.12 - - [10/Dec/2014:18:41:14 +0100] "GET / HTTP/1.1" 200 2889 "-" "Mozilla/5.0 (compatible; YandexBot/3.0; +http://yandex.com/bots)"
66.249.78.19 - - [10/Dec/2014:22:26:23 +0100] "GET /robots.txt HTTP/1.1" 404 1256 "-" "Mozilla/5.0 (compatible; Googlebot/2.1; +http://www.google.com/bot.html)"
66.249.78.26 - - [10/Dec/2014:22:26:23 +0100] "GET / HTTP/1.1" 200 2889 "-" "Mozilla/5.0 (compatible; Googlebot/2.1; +http://www.google.com/bot.html)"
178.4.26.239 - - [11/Dec/2014:01:57:15 +0100] "GET / HTTP/1.1" 200 2889 "-" "Mozilla/4.0 (compatible; MSIE 7.0; Windows NT 6.0; WOW64; SLCC1; .NET CLR 2.0.50727; .NET CLR 1.1.4322)"
54.174.253.34 - - [11/Dec/2014:14:22:07 +0100] "GET / HTTP/1.1" 200 2889 "-" "Mozilla/5.0 (compatible& Googlebot/2.1& +http://www.google.com/bot.html)"
82.80.249.158 - - [11/Dec/2014:18:50:55 +0100] "GET / HTTP/1.1" 200 2889 "-" "Mozilla/5.0 (Windows NT 6.0; WOW64) AppleWebKit/534.30 (KHTML, like Gecko) Chrome/12.0.742.91 Safari/534.30"
192.114.71.13 - - [11/Dec/2014:19:28:31 +0100] "GET /images/u-const.gif HTTP/1.1" 200 3797 "-" "Opera/9.80 (Windows NT 6.1; WOW64) Presto/2.12.388 Version/12.16"
192.114.71.13 - - [11/Dec/2014:19:28:31 +0100] "GET /images/hintgr.gif HTTP/1.1" 200 925 "-" "Mozilla/5.0 (compatible; MSIE 10.0; Windows NT 6.1; WOW64; Trident/6.0)"
82.80.244.58 - - [11/Dec/2014:19:28:31 +0100] "GET /images/logo.gif HTTP/1.1" 200 6252 "-" "Mozilla/5.0 (Macintosh; Intel Mac OS X 10_7_5) AppleWebKit/537.71 (KHTML, like Gecko) Version/6.1 Safari/537.71"
78.54.250.49 - - [11/Dec/2014:20:33:28 +0100] "GET / HTTP/1.1" 200 2889 "-" "UserAgent: Apache-HttpClient/release (java 1.5)"
78.54.250.49 - - [11/Dec/2014:20:33:28 +0100] "GET /impressum.html HTTP/1.1" 404 1256 "-" "UserAgent: Apache-HttpClient/release (java 1.5)"
78.54.250.49 - - [11/Dec/2014:20:33:28 +0100] "GET /impressum.htm HTTP/1.1" 404 1256 "-" "UserAgent: Apache-HttpClient/release (java 1.5)"
78.54.250.49 - - [11/Dec/2014:20:33:28 +0100] "GET / HTTP/1.1" 200 2889 "-" "UserAgent: Apache-HttpClient/release (java 1.5)"
141.8.147.12 - - [11/Dec/2014:21:57:32 +0100] "GET /robots.txt HTTP/1.1" 404 1256 "-" "Mozilla/5.0 (compatible; YandexBot/3.0; +http://yandex.com/bots)"
141.8.147.12 - - [11/Dec/2014:21:57:35 +0100] "GET / HTTP/1.1" 200 2889 "-" "Mozilla/5.0 (compatible; YandexBot/3.0; +http://yandex.com/bots)"
42.120.160.7 - - [12/Dec/2014:02:22:32 +0100] "GET / HTTP/1.1" 200 2889 "-" "YisouSpider"
213.144.5.151 - - [12/Dec/2014:09:25:00 +0100] "GET / HTTP/1.1" 200 2889 "-" "Mozilla/5.0 (Windows NT 6.1; WOW64) AppleWebKit/537.11 (KHTML, like Gecko) Chrome/23.0.1271.91 Safari/537.11"
213.144.5.151 - - [12/Dec/2014:09:25:00 +0100] "GET / HTTP/1.1" 200 2889 "-" "Mozilla/5.0 (Windows NT 6.1; WOW64) AppleWebKit/537.11 (KHTML, like Gecko) Chrome/23.0.1271.91 Safari/537.11"
213.144.5.151 - - [12/Dec/2014:09:25:00 +0100] "GET / HTTP/1.1" 200 2889 "-" "Mozilla/5.0 (Windows NT 6.1; WOW64) AppleWebKit/537.11 (KHTML, like Gecko) Chrome/23.0.1271.91 Safari/537.11"
213.144.5.151 - - [12/Dec/2014:09:25:00 +0100] "GET / HTTP/1.1" 200 2889 "-" "Mozilla/5.0 (Windows NT 6.1; WOW64) AppleWebKit/537.11 (KHTML, like Gecko) Chrome/23.0.1271.91 Safari/537.11"
207.46.13.121 - - [12/Dec/2014:14:17:08 +0100] "GET /robots.txt HTTP/1.1" 404 1256 "-" "Mozilla/5.0 (compatible; bingbot/2.0; +http://www.bing.com/bingbot.htm)"
207.46.13.121 - - [12/Dec/2014:14:17:12 +0100] "GET / HTTP/1.1" 304 - "-" "Mozilla/5.0 (compatible; bingbot/2.0; +http://www.bing.com/bingbot.htm)"
58.20.54.248 - - [12/Dec/2014:16:37:21 +0100] "GET / HTTP/1.1" 200 2889 "-" "Mozilla/5.0 (Windows NT 6.1; WOW64; rv:31.0) Gecko/20100101 Firefox/31.0"
134.119.17.184 - - [12/Dec/2014:19:18:30 +0100] "GET / HTTP/1.1" 200 2889 "-" "Python-urllib/2.7"
141.8.147.12 - - [13/Dec/2014:03:07:54 +0100] "GET /robots.txt HTTP/1.1" 404 1256 "-" "Mozilla/5.0 (compatible; YandexBot/3.0; +http://yandex.com/bots)"
141.8.147.12 - - [13/Dec/2014:03:07:56 +0100] "GET / HTTP/1.1" 200 2889 "-" "Mozilla/5.0 (compatible; YandexBot/3.0; +http://yandex.com/bots)"
37.24.36.126 - - [13/Dec/2014:09:15:08 +0100] "GET / HTTP/1.1" 200 2889 "-" "-"
37.24.36.126 - - [13/Dec/2014:09:15:08 +0100] "GET / HTTP/1.1" 200 2889 "http://www.google.de/" "finbot"
37.24.36.126 - - [13/Dec/2014:09:15:08 +0100] "GET / HTTP/1.1" 200 2889 "http://www.google.de/" "Mozilla/5.0 (Linux; U; Android 4.1.2; de-de; GT-I8190 Build/JZO54K) AppleWebKit/534.30 (KHTML, like Gecko) Version/4.0 Mobile Safari/534.30"
64.246.187.42 - - [13/Dec/2014:22:17:10 +0100] "GET /robots.txt HTTP/1.0" 404 1256 "-" "Mozilla/5.0 (Windows; U; Windows NT 5.1; en; rv:1.9.0.13) Gecko/2009073022 Firefox/3.5.2 (.NET CLR 3.5.30729) SurveyBot/2.3 (DomainTools)"
64.246.187.42 - - [13/Dec/2014:22:17:10 +0100] "GET / HTTP/1.1" 200 2889 "http://whois.domaintools.com/wertstoffservice.de" "Mozilla/5.0 (Windows; U; Windows NT 5.1; en; rv:1.9.0.13) Gecko/2009073022 Firefox/3.5.2 (.NET CLR 3.5.30729) SurveyBot/2.3 (DomainTools)"
199.58.86.206 - - [14/Dec/2014:18:33:08 +0100] "GET /robots.txt HTTP/1.0" 404 1256 "-" "Mozilla/5.0 (compatible; MJ12bot/v1.4.5; http://www.majestic12.co.uk/bot.php?+)"
199.58.86.206 - - [14/Dec/2014:18:33:10 +0100] "GET / HTTP/1.0" 200 2889 "-" "Mozilla/5.0 (compatible; MJ12bot/v1.4.5; http://www.majestic12.co.uk/bot.php?+)"
141.8.147.12 - - [14/Dec/2014:19:03:34 +0100] "GET /robots.txt HTTP/1.1" 404 1256 "-" "Mozilla/5.0 (compatible; YandexBot/3.0; +http://yandex.com/bots)"
141.8.147.12 - - [14/Dec/2014:19:44:42 +0100] "GET / HTTP/1.1" 200 2889 "-" "Mozilla/5.0 (compatible; YandexBot/3.0; +http://yandex.com/bots)"
141.8.147.12 - - [15/Dec/2014:01:44:49 +0100] "GET /robots.txt HTTP/1.1" 404 1256 "-" "Mozilla/5.0 (compatible; YandexBot/3.0; +http://yandex.com/bots)"
66.249.78.19 - - [15/Dec/2014:02:29:04 +0100] "GET /robots.txt HTTP/1.1" 404 1256 "-" "Mozilla/5.0 (compatible; Googlebot/2.1; +http://www.google.com/bot.html)"
66.249.78.19 - - [15/Dec/2014:02:29:05 +0100] "GET / HTTP/1.1" 200 2889 "-" "Mozilla/5.0 (compatible; Googlebot/2.1; +http://www.google.com/bot.html)"
5.9.112.67 - - [15/Dec/2014:05:09:02 +0100] "GET /robots.txt HTTP/1.1" 404 1256 "-" "Mozilla/5.0 (compatible; SISTRIX Crawler; http://crawler.sistrix.net/)"
5.9.112.67 - - [15/Dec/2014:05:09:03 +0100] "GET / HTTP/1.1" 206 2889 "-" "Mozilla/5.0 (compatible; SISTRIX Crawler; http://crawler.sistrix.net/)"
213.239.200.53 - - [15/Dec/2014:09:02:27 +0100] "GET /robots.txt HTTP/1.1" 404 1256 "-" "Mozilla/4.0 (compatible; MSIE 6.0; Windows NT 5.1; SV1; .NET CLR 1.1.4322)"
213.239.200.53 - - [15/Dec/2014:09:02:27 +0100] "GET / HTTP/1.1" 200 2889 "-" "Mozilla/4.0 (compatible; MSIE 6.0; Windows NT 5.1; SV1; .NET CLR 1.1.4322)"
66.249.78.26 - - [15/Dec/2014:09:06:09 +0100] "GET / HTTP/1.1" 200 2889 "-" "Mozilla/5.0 (iPhone; CPU iPhone OS 6_0 like Mac OS X) AppleWebKit/536.26 (KHTML, like Gecko) Version/6.0 Mobile/10A5376e Safari/8536.25 (compatible; Googlebot/2.1; +http://www.google.com/bot.html)"
207.46.13.121 - - [15/Dec/2014:15:41:39 +0100] "GET /robots.txt HTTP/1.1" 404 1256 "-" "Mozilla/5.0 (compatible; bingbot/2.0; +http://www.bing.com/bingbot.htm)"
207.46.13.121 - - [15/Dec/2014:15:41:41 +0100] "GET / HTTP/1.1" 304 - "-" "Mozilla/5.0 (compatible; bingbot/2.0; +http://www.bing.com/bingbot.htm)"
141.8.147.12 - - [15/Dec/2014:16:08:39 +0100] "GET /robots.txt HTTP/1.1" 404 1256 "-" "Mozilla/5.0 (compatible; YandexBot/3.0; +http://yandex.com/bots)"
141.8.147.12 - - [15/Dec/2014:19:52:50 +0100] "GET / HTTP/1.1" 200 2889 "-" "Mozilla/5.0 (compatible; YandexBot/3.0; +http://yandex.com/bots)"
54.174.204.182 - - [16/Dec/2014:08:35:05 +0100] "GET / HTTP/1.1" 200 2889 "-" "Mozilla/5.0 (compatible& Googlebot/2.1& +http://www.google.com/bot.html)"
87.144.234.106 - - [16/Dec/2014:15:42:11 +0100] "GET / HTTP/1.1" 200 2889 "-" "Mozilla/5.0 (Windows NT 6.1; WOW64; Trident/7.0; (1und1/1.4.0.0); rv:11.0) like Gecko"
87.144.234.106 - - [16/Dec/2014:15:42:11 +0100] "GET /images/hintgr.gif HTTP/1.1" 200 925 "http://www.wertstoffservice.de/" "Mozilla/5.0 (Windows NT 6.1; WOW64; Trident/7.0; (1und1/1.4.0.0); rv:11.0) like Gecko"
87.144.234.106 - - [16/Dec/2014:15:42:11 +0100] "GET /images/u-const.gif HTTP/1.1" 200 3797 "http://www.wertstoffservice.de/" "Mozilla/5.0 (Windows NT 6.1; WOW64; Trident/7.0; (1und1/1.4.0.0); rv:11.0) like Gecko"
87.144.234.106 - - [16/Dec/2014:15:42:11 +0100] "GET /images/logo.gif HTTP/1.1" 200 6252 "http://www.wertstoffservice.de/" "Mozilla/5.0 (Windows NT 6.1; WOW64; Trident/7.0; (1und1/1.4.0.0); rv:11.0) like Gecko"
87.144.234.106 - - [16/Dec/2014:15:42:11 +0100] "GET /favicon.ico HTTP/1.1" 404 1256 "-" "Mozilla/5.0 (Windows NT 6.1; Win64; x64; Trident/7.0; (1und1/1.4.0.0); rv:11.0) like Gecko"
54.174.87.73 - - [16/Dec/2014:16:23:04 +0100] "GET / HTTP/1.1" 200 2889 "-" "Mozilla/5.0 (compatible& Googlebot/2.1& +http://www.google.com/bot.html)"
66.249.78.26 - - [16/Dec/2014:17:35:18 +0100] "GET /robots.txt HTTP/1.1" 404 1256 "-" "Mozilla/5.0 (compatible; Googlebot/2.1; +http://www.google.com/bot.html)"
66.249.78.19 - - [16/Dec/2014:17:35:18 +0100] "GET / HTTP/1.1" 200 2889 "-" "Mozilla/5.0 (iPhone; CPU iPhone OS 6_0 like Mac OS X) AppleWebKit/536.26 (KHTML, like Gecko) Version/6.0 Mobile/10A5376e Safari/8536.25 (compatible; Googlebot/2.1; +http://www.google.com/bot.html)"
69.30.241.2 - - [17/Dec/2014:08:44:34 +0100] "GET / HTTP/1.1" 200 2889 "-" "Mozilla/5.0 (Windows NT 6.1; WOW64) AppleWebKit/537.36 (KHTML, like Gecko) Chrome/36.0.1985.143 Safari/537.36"
141.8.147.12 - - [17/Dec/2014:20:20:10 +0100] "GET /robots.txt HTTP/1.1" 404 1256 "-" "Mozilla/5.0 (compatible; YandexBot/3.0; +http://yandex.com/bots)"
120.37.209.242 - - [17/Dec/2014:22:40:12 +0100] "GET / HTTP/1.1" 200 2889 "-" "Mozilla/4.0 (compatible; MSIE 6.0; Windows NT 5.1)"
141.8.147.12 - - [18/Dec/2014:00:05:08 +0100] "GET / HTTP/1.1" 200 2889 "-" "Mozilla/5.0 (compatible; YandexBot/3.0; +http://yandex.com/bots)"
69.30.241.2 - - [18/Dec/2014:00:40:42 +0100] "GET / HTTP/1.1" 200 2889 "-" "Mozilla/5.0 (Windows NT 6.1; WOW64) AppleWebKit/537.36 (KHTML, like Gecko) Chrome/36.0.1985.143 Safari/537.36"
207.46.13.121 - - [18/Dec/2014:15:49:52 +0100] "GET /robots.txt HTTP/1.1" 404 1256 "-" "Mozilla/5.0 (compatible; bingbot/2.0; +http://www.bing.com/bingbot.htm)"
207.46.13.121 - - [18/Dec/2014:15:49:53 +0100] "GET / HTTP/1.1" 304 - "-" "Mozilla/5.0 (compatible; bingbot/2.0; +http://www.bing.com/bingbot.htm)"
141.8.147.12 - - [19/Dec/2014:09:03:26 +0100] "GET /robots.txt HTTP/1.1" 404 1256 "-" "Mozilla/5.0 (compatible; YandexBot/3.0; +http://yandex.com/bots)"
141.8.147.12 - - [19/Dec/2014:09:03:28 +0100] "GET / HTTP/1.1" 200 2889 "-" "Mozilla/5.0 (compatible; YandexBot/3.0; +http://yandex.com/bots)"
91.13.42.219 - - [19/Dec/2014:13:26:46 +0100] "GET / HTTP/1.1" 200 2889 "-" "Mozilla/5.0 (Windows NT 6.1; WOW64) AppleWebKit/537.36 (KHTML, like Gecko) Chrome/36.0.1985.125 Safari/537.36"
91.13.42.219 - - [19/Dec/2014:13:26:46 +0100] "GET / HTTP/1.1" 200 2889 "-" "Mozilla/5.0 (Windows NT 6.1; WOW64) AppleWebKit/537.36 (KHTML, like Gecko) Chrome/36.0.1985.125 Safari/537.36"
91.13.42.219 - - [19/Dec/2014:13:26:46 +0100] "GET / HTTP/1.1" 200 2889 "-" "Mozilla/5.0 (Windows NT 6.1; WOW64) AppleWebKit/537.36 (KHTML, like Gecko) Chrome/36.0.1985.125 Safari/537.36"
91.13.42.219 - - [19/Dec/2014:13:26:46 +0100] "GET / HTTP/1.1" 200 2889 "-" "Mozilla/5.0 (Windows NT 6.1; WOW64) AppleWebKit/537.36 (KHTML, like Gecko) Chrome/36.0.1985.125 Safari/537.36"
91.13.42.219 - - [19/Dec/2014:13:26:47 +0100] "GET / HTTP/1.1" 200 2889 "-" "Mozilla/5.0 (Windows NT 6.1; WOW64) AppleWebKit/537.36 (KHTML, like Gecko) Chrome/36.0.1985.125 Safari/537.36"
31.16.39.115 - - [19/Dec/2014:16:08:13 +0100] "GET / HTTP/1.1" 200 2889 "-" "Mozilla/5.0 (Windows NT 6.1; WOW64; Trident/7.0; rv:11.0) like Gecko"
31.16.39.115 - - [19/Dec/2014:16:08:13 +0100] "GET /images/logo.gif HTTP/1.1" 200 6252 "http://www.wertstoffservice.de/" "Mozilla/5.0 (Windows NT 6.1; WOW64; Trident/7.0; rv:11.0) like Gecko"
31.16.39.115 - - [19/Dec/2014:16:08:13 +0100] "GET /images/hintgr.gif HTTP/1.1" 200 925 "http://www.wertstoffservice.de/" "Mozilla/5.0 (Windows NT 6.1; WOW64; Trident/7.0; rv:11.0) like Gecko"
31.16.39.115 - - [19/Dec/2014:16:08:13 +0100] "GET /images/u-const.gif HTTP/1.1" 200 3797 "http://www.wertstoffservice.de/" "Mozilla/5.0 (Windows NT 6.1; WOW64; Trident/7.0; rv:11.0) like Gecko"
31.16.39.115 - - [19/Dec/2014:16:08:13 +0100] "GET /favicon.ico HTTP/1.1" 404 1256 "-" "Mozilla/5.0 (Windows NT 6.1; Win64; x64; Trident/7.0; rv:11.0) like Gecko"
98.143.155.77 - - [19/Dec/2014:17:07:22 +0100] "GET / HTTP/1.1" 200 2889 "-" "Mozilla/5.0 (Windows NT 6.2; WOW64) AppleWebKit/537.36 (KHTML, like Gecko) Chrome/29.0.1547.2 Safari/537.36"
54.93.44.159 - - [20/Dec/2014:15:22:58 +0100] "GET / HTTP/1.1" 200 2889 "-" "Mozilla/5.0 (Windows NT 6.1; WOW64; rv:6.0a2) Gecko/20110613 Firefox/6.0a2"
93.220.233.133 - - [20/Dec/2014:16:55:01 +0100] "GET / HTTP/1.1" 200 2889 "-" "Mozilla/4.0 (compatible; MSIE 8.0; Windows NT 6.0; .NET CLR 1.1.4322; .NET CLR 2.0.50727)"
206.253.226.18 - - [20/Dec/2014:20:10:07 +0100] "GET /robots.txt HTTP/1.1" 404 1256 "-" "Mozilla/5.0 (compatible; oBot/2.3.1; http://filterdb.iss.net/crawler/)"
206.253.226.18 - - [20/Dec/2014:20:10:07 +0100] "HEAD /images/u-const.gif HTTP/1.1" 200 - "-" "Mozilla/5.0 (compatible; oBot/2.3.1; http://filterdb.iss.net/crawler/)"
206.253.226.18 - - [20/Dec/2014:20:10:08 +0100] "HEAD /images/logo.gif HTTP/1.1" 200 - "-" "Mozilla/5.0 (compatible; oBot/2.3.1; http://filterdb.iss.net/crawler/)"
206.253.226.18 - - [20/Dec/2014:20:10:08 +0100] "HEAD /images/hintgr.gif HTTP/1.1" 200 - "-" "Mozilla/5.0 (compatible; oBot/2.3.1; http://filterdb.iss.net/crawler/)"
141.8.147.12 - - [20/Dec/2014:22:20:17 +0100] "GET /robots.txt HTTP/1.1" 404 1256 "-" "Mozilla/5.0 (compatible; YandexBot/3.0; +http://yandex.com/bots)"
141.8.147.12 - - [21/Dec/2014:02:05:32 +0100] "GET / HTTP/1.1" 200 2889 "-" "Mozilla/5.0 (compatible; YandexBot/3.0; +http://yandex.com/bots)"
207.46.13.121 - - [21/Dec/2014:10:22:25 +0100] "GET /robots.txt HTTP/1.1" 404 1256 "-" "Mozilla/5.0 (compatible; bingbot/2.0; +http://www.bing.com/bingbot.htm)"
207.46.13.121 - - [21/Dec/2014:10:22:29 +0100] "GET / HTTP/1.1" 304 - "-" "Mozilla/5.0 (compatible; bingbot/2.0; +http://www.bing.com/bingbot.htm)"
46.229.170.197 - - [21/Dec/2014:11:16:35 +0100] "GET / HTTP/1.1" 200 2889 "-" "Mozilla/5.0 (Windows NT 6.1; rv:2.0) Gecko/20110319 Firefox/4.0"
207.46.13.121 - - [21/Dec/2014:17:59:20 +0100] "GET / HTTP/1.1" 304 - "-" "Mozilla/5.0 (compatible; bingbot/2.0; +http://www.bing.com/bingbot.htm)"
207.46.13.121 - - [21/Dec/2014:18:27:17 +0100] "GET /robots.txt HTTP/1.1" 404 1256 "-" "Mozilla/5.0 (compatible; bingbot/2.0; +http://www.bing.com/bingbot.htm)"
207.46.13.121 - - [21/Dec/2014:18:28:49 +0100] "GET / HTTP/1.1" 304 - "-" "Mozilla/5.0 (compatible; bingbot/2.0; +http://www.bing.com/bingbot.htm)"
5.9.65.19 - - [21/Dec/2014:18:40:15 +0100] "GET /robots.txt HTTP/1.1" 404 1256 "-" "BacklinkCrawler (http://www.backlinktest.com/crawler.html)"
5.9.65.19 - - [21/Dec/2014:18:40:15 +0100] "GET /sitemap.xml HTTP/1.1" 404 1256 "-" "BacklinkCrawler (http://www.backlinktest.com/crawler.html)"
5.9.65.19 - - [21/Dec/2014:18:40:17 +0100] "GET / HTTP/1.1" 200 2889 "-" "BacklinkCrawler (http://www.backlinktest.com/crawler.html)"
207.46.13.121 - - [21/Dec/2014:21:12:32 +0100] "GET / HTTP/1.1" 304 - "-" "Mozilla/5.0 (compatible; bingbot/2.0; +http://www.bing.com/bingbot.htm)"
208.110.85.226 - - [22/Dec/2014:09:55:31 +0100] "GET / HTTP/1.1" 200 2889 "-" "Mozilla/5.0 (Windows NT 6.1; WOW64) AppleWebKit/537.36 (KHTML, like Gecko) Chrome/36.0.1985.143 Safari/537.36"
66.249.78.33 - - [22/Dec/2014:10:07:19 +0100] "GET /robots.txt HTTP/1.1" 404 1256 "-" "Mozilla/5.0 (compatible; Googlebot/2.1; +http://www.google.com/bot.html)"
66.249.78.19 - - [22/Dec/2014:10:07:20 +0100] "GET / HTTP/1.1" 200 2889 "-" "Mozilla/5.0 (iPhone; CPU iPhone OS 6_0 like Mac OS X) AppleWebKit/536.26 (KHTML, like Gecko) Version/6.0 Mobile/10A5376e Safari/8536.25 (compatible; Googlebot/2.1; +http://www.google.com/bot.html)"
141.8.147.12 - - [22/Dec/2014:15:10:34 +0100] "GET /robots.txt HTTP/1.1" 404 1256 "-" "Mozilla/5.0 (compatible; YandexBot/3.0; +http://yandex.com/bots)"
141.8.147.12 - - [22/Dec/2014:17:46:27 +0100] "GET / HTTP/1.1" 200 2889 "-" "Mozilla/5.0 (compatible; YandexBot/3.0; +http://yandex.com/bots)"
66.249.78.26 - - [23/Dec/2014:01:26:32 +0100] "GET /robots.txt HTTP/1.1" 404 1256 "-" "Mozilla/5.0 (compatible; Googlebot/2.1; +http://www.google.com/bot.html)"
66.249.78.19 - - [23/Dec/2014:01:26:33 +0100] "GET / HTTP/1.1" 200 2889 "-" "Mozilla/5.0 (compatible; Googlebot/2.1; +http://www.google.com/bot.html)"
66.249.78.33 - - [23/Dec/2014:04:00:58 +0100] "GET / HTTP/1.1" 200 2889 "-" "Mozilla/5.0 (compatible; Googlebot/2.1; +http://www.google.com/bot.html)"
66.249.78.19 - - [23/Dec/2014:08:38:50 +0100] "GET / HTTP/1.1" 200 2889 "-" "Mozilla/5.0 (compatible; Googlebot/2.1; +http://www.google.com/bot.html)"
66.249.78.19 - - [23/Dec/2014:12:49:28 +0100] "GET / HTTP/1.1" 200 2889 "-" "Mozilla/5.0 (compatible; Googlebot/2.1; +http://www.google.com/bot.html)"
81.161.59.17 - - [23/Dec/2014:15:01:25 +0100] "GET / HTTP/1.1" 200 2889 "-" "Mozilla/5.0 (Windows NT 6.2) AppleWebKit/536.6 (KHTML, like Gecko) Chrome/20.0.1090.0 Safari/536.6"
85.186.103.66 - - [24/Dec/2014:00:09:37 +0100] "GET / HTTP/1.1" 200 2889 "-" "Mozilla/4.0 (compatible; MSIE 6.0; Windows NT 5.1)"
141.8.147.12 - - [24/Dec/2014:01:25:59 +0100] "GET /robots.txt HTTP/1.1" 404 1256 "-" "Mozilla/5.0 (compatible; YandexBot/3.0; +http://yandex.com/bots)"
141.8.147.12 - - [24/Dec/2014:01:28:31 +0100] "GET / HTTP/1.1" 200 2889 "-" "Mozilla/5.0 (compatible; YandexBot/3.0; +http://yandex.com/bots)"
144.76.43.70 - - [24/Dec/2014:02:29:22 +0100] "GET /robots.txt HTTP/1.1" 404 1256 "-" "Python-urllib/2.7"
144.76.43.70 - - [24/Dec/2014:02:29:22 +0100] "GET / HTTP/1.1" 200 2889 "-" "Mozilla/5.0 (Windows NT 6.3; WOW64) AppleWebKit/537.36 (KHTML, like Gecko) Chrome/38.0.2125.104 Safari/537.36"
144.76.43.70 - - [24/Dec/2014:02:29:23 +0100] "GET /images/hintgr.gif HTTP/1.1" 200 925 "http://www.wertstoffservice.de/" "Mozilla/5.0 (X11; Linux x86_64) AppleWebKit/538.1 (KHTML, like Gecko) www.wertstoffservice.de Safari/538.1"
144.76.43.70 - - [24/Dec/2014:02:29:23 +0100] "GET /images/logo.gif HTTP/1.1" 200 6252 "http://www.wertstoffservice.de/" "Mozilla/5.0 (X11; Linux x86_64) AppleWebKit/538.1 (KHTML, like Gecko) www.wertstoffservice.de Safari/538.1"
144.76.43.70 - - [24/Dec/2014:02:29:23 +0100] "GET /images/u-const.gif HTTP/1.1" 200 3797 "http://www.wertstoffservice.de/" "Mozilla/5.0 (X11; Linux x86_64) AppleWebKit/538.1 (KHTML, like Gecko) www.wertstoffservice.de Safari/538.1"
207.46.13.120 - - [25/Dec/2014:00:09:36 +0100] "GET /robots.txt HTTP/1.1" 404 1256 "-" "Mozilla/5.0 (compatible; bingbot/2.0; +http://www.bing.com/bingbot.htm)"
207.46.13.120 - - [25/Dec/2014:00:09:45 +0100] "GET / HTTP/1.1" 304 - "-" "Mozilla/5.0 (compatible; bingbot/2.0; +http://www.bing.com/bingbot.htm)"
173.68.18.130 - - [25/Dec/2014:09:15:17 +0100] "GET / HTTP/1.1" 200 2889 "-" "Python-urllib/2.7"
141.8.147.12 - - [25/Dec/2014:14:11:30 +0100] "GET /robots.txt HTTP/1.1" 404 1256 "-" "Mozilla/5.0 (compatible; YandexBot/3.0; +http://yandex.com/bots)"
141.8.147.12 - - [25/Dec/2014:15:36:27 +0100] "GET / HTTP/1.1" 200 2889 "-" "Mozilla/5.0 (compatible; YandexBot/3.0; +http://yandex.com/bots)"
66.249.78.26 - - [25/Dec/2014:16:58:13 +0100] "GET /robots.txt HTTP/1.1" 404 1256 "-" "Mozilla/5.0 (compatible; Googlebot/2.1; +http://www.google.com/bot.html)"
66.249.78.33 - - [25/Dec/2014:16:58:13 +0100] "GET / HTTP/1.1" 200 2889 "http://www.branchenspot.de/webansicht/wsi_wertstoffservice_international_gmbh-e7kxe60sz.html" "Mozilla/5.0 (compatible; Googlebot/2.1; +http://www.google.com/bot.html)"
74.52.245.146 - - [26/Dec/2014:10:34:13 +0100] "GET / HTTP/1.0" 200 2889 "-" "Mozilla/5.0 (X11; U; Linux i686; en-US; rv:1.7.5) Gecko/20041107 Firefox/1.0"
54.154.117.3 - - [26/Dec/2014:14:38:45 +0100] "GET / HTTP/1.1" 200 2889 "-" "Mozilla/5.0 (Macintosh; Intel Mac OS X 10_9_5) AppleWebKit/537.36 (KHTML, like Gecko) Chrome/38.0.2125.122 Safari/537.36"
78.54.252.74 - - [26/Dec/2014:18:44:28 +0100] "GET / HTTP/1.1" 200 2889 "-" "UserAgent: Apache-HttpClient/release (java 1.5)"
78.54.252.74 - - [26/Dec/2014:18:44:28 +0100] "GET /impressum.html HTTP/1.1" 404 1256 "-" "UserAgent: Apache-HttpClient/release (java 1.5)"
78.54.252.74 - - [26/Dec/2014:18:44:28 +0100] "GET /impressum.htm HTTP/1.1" 404 1256 "-" "UserAgent: Apache-HttpClient/release (java 1.5)"
78.54.252.74 - - [26/Dec/2014:18:44:29 +0100] "GET / HTTP/1.1" 200 2889 "-" "UserAgent: Apache-HttpClient/release (java 1.5)"
64.246.165.10 - - [26/Dec/2014:22:16:56 +0100] "GET /robots.txt HTTP/1.0" 404 1256 "-" "Mozilla/5.0 (Windows; U; Windows NT 5.1; en; rv:1.9.0.13) Gecko/2009073022 Firefox/3.5.2 (.NET CLR 3.5.30729) SurveyBot/2.3 (DomainTools)"
64.246.165.10 - - [26/Dec/2014:22:16:57 +0100] "GET / HTTP/1.1" 200 2889 "http://whois.domaintools.com/wertstoffservice.de" "Mozilla/5.0 (Windows; U; Windows NT 5.1; en; rv:1.9.0.13) Gecko/2009073022 Firefox/3.5.2 (.NET CLR 3.5.30729) SurveyBot/2.3 (DomainTools)"
80.153.101.65 - - [27/Dec/2014:03:34:54 +0100] "GET / HTTP/1.1" 200 2889 "-" "Mozilla/5.0 (compatible; WeViKaBot/1.0; +http://www.wevika.de/)"
141.8.147.12 - - [27/Dec/2014:04:08:35 +0100] "GET /robots.txt HTTP/1.1" 404 1256 "-" "Mozilla/5.0 (compatible; YandexBot/3.0; +http://yandex.com/bots)"
68.180.228.237 - - [27/Dec/2014:04:31:37 +0100] "GET /robots.txt HTTP/1.1" 404 1256 "-" "Mozilla/5.0 (compatible; Yahoo! Slurp; http://help.yahoo.com/help/us/ysearch/slurp)"
68.180.228.237 - - [27/Dec/2014:04:31:38 +0100] "GET / HTTP/1.1" 200 2889 "-" "Mozilla/5.0 (compatible; Yahoo! Slurp; http://help.yahoo.com/help/us/ysearch/slurp)"
141.8.147.12 - - [27/Dec/2014:05:41:31 +0100] "GET / HTTP/1.1" 200 2889 "-" "Mozilla/5.0 (compatible; YandexBot/3.0; +http://yandex.com/bots)"
42.156.138.64 - - [27/Dec/2014:06:54:26 +0100] "GET / HTTP/1.1" 200 2889 "-" "YisouSpider"
66.249.78.33 - - [27/Dec/2014:13:50:50 +0100] "GET /robots.txt HTTP/1.1" 404 1256 "-" "Mozilla/5.0 (compatible; Googlebot/2.1; +http://www.google.com/bot.html)"
66.249.78.33 - - [27/Dec/2014:13:50:50 +0100] "GET / HTTP/1.1" 200 2889 "-" "Mozilla/5.0 (iPhone; CPU iPhone OS 6_0 like Mac OS X) AppleWebKit/536.26 (KHTML, like Gecko) Version/6.0 Mobile/10A5376e Safari/8536.25 (compatible; Googlebot/2.1; +http://www.google.com/bot.html)"
207.46.13.120 - - [28/Dec/2014:00:40:37 +0100] "GET /robots.txt HTTP/1.1" 404 1256 "-" "Mozilla/5.0 (compatible; bingbot/2.0; +http://www.bing.com/bingbot.htm)"
207.46.13.120 - - [28/Dec/2014:00:40:41 +0100] "GET / HTTP/1.1" 304 - "-" "Mozilla/5.0 (compatible; bingbot/2.0; +http://www.bing.com/bingbot.htm)"
162.210.196.130 - - [28/Dec/2014:11:24:42 +0100] "GET /robots.txt HTTP/1.0" 404 1256 "-" "Mozilla/5.0 (compatible; MJ12bot/v1.4.5; http://www.majestic12.co.uk/bot.php?+)"
162.210.196.130 - - [28/Dec/2014:11:24:43 +0100] "GET / HTTP/1.0" 200 2889 "-" "Mozilla/5.0 (compatible; MJ12bot/v1.4.5; http://www.majestic12.co.uk/bot.php?+)"
141.8.147.12 - - [28/Dec/2014:18:28:26 +0100] "GET /robots.txt HTTP/1.1" 404 1256 "-" "Mozilla/5.0 (compatible; YandexBot/3.0; +http://yandex.com/bots)"
141.8.147.12 - - [28/Dec/2014:18:45:45 +0100] "GET / HTTP/1.1" 200 2889 "-" "Mozilla/5.0 (compatible; YandexBot/3.0; +http://yandex.com/bots)"
91.35.191.63 - - [28/Dec/2014:19:00:38 +0100] "GET / HTTP/1.0" 200 2889 "-" "-"
91.35.191.63 - - [28/Dec/2014:19:00:38 +0100] "GET / HTTP/1.0" 200 2889 "-" "-"
217.69.133.221 - - [28/Dec/2014:19:55:55 +0100] "GET /robots.txt HTTP/1.1" 404 1256 "-" "Mozilla/5.0 (compatible; Linux x86_64; Mail.RU_Bot/2.0; +http://go.mail.ru/help/robots)"
217.69.133.221 - - [28/Dec/2014:19:55:56 +0100] "GET / HTTP/1.1" 304 - "-" "Mozilla/5.0 (compatible; Linux x86_64; Mail.RU_Bot/2.0; +http://go.mail.ru/help/robots)"
98.126.228.242 - - [29/Dec/2014:02:16:47 +0100] "GET /Fckeditor/editor/filemanager/browser/default/connectors/test.html HTTP/1.1" 404 1256 "-" "Mozilla/4.0 (compatible; Win32; WinHttp.WinHttpRequest.5)"
98.126.228.242 - - [29/Dec/2014:02:16:47 +0100] "GET /admin/fckeditor/editor/filemanager/browser/default/connectors/test.html HTTP/1.1" 404 1256 "-" "Mozilla/4.0 (compatible; Win32; WinHttp.WinHttpRequest.5)"
98.126.228.242 - - [29/Dec/2014:02:16:47 +0100] "GET /editor/editor/filemanager/browser/default/connectors/test.html HTTP/1.1" 404 1256 "-" "Mozilla/4.0 (compatible; Win32; WinHttp.WinHttpRequest.5)"
98.126.228.242 - - [29/Dec/2014:02:16:48 +0100] "GET /FCKeditor/editor/filemanager/connectors/uploadtest.html HTTP/1.1" 404 1256 "-" "Mozilla/4.0 (compatible; Win32; WinHttp.WinHttpRequest.5)"
98.126.228.242 - - [29/Dec/2014:02:16:48 +0100] "GET /admin/fckeditor/editor/filemanager/browser/default/connectors/uploadtest.html HTTP/1.1" 404 1256 "-" "Mozilla/4.0 (compatible; Win32; WinHttp.WinHttpRequest.5)"
98.126.228.242 - - [29/Dec/2014:02:16:48 +0100] "GET /editor/editor/filemanager/browser/default/connectors/uploadtest.html HTTP/1.1" 404 1256 "-" "Mozilla/4.0 (compatible; Win32; WinHttp.WinHttpRequest.5)"
98.126.228.242 - - [29/Dec/2014:02:16:48 +0100] "GET /Administrator/fckeditor/editor/filemanager/browser/default/connectors/test.html HTTP/1.1" 404 1256 "-" "Mozilla/4.0 (compatible; Win32; WinHttp.WinHttpRequest.5)"
98.126.228.242 - - [29/Dec/2014:02:16:48 +0100] "GET /Administrator/fckeditor/editor/filemanager/browser/default/connectors/uploadtest.html HTTP/1.1" 404 1256 "-" "Mozilla/4.0 (compatible; Win32; WinHttp.WinHttpRequest.5)"
66.249.78.19 - - [29/Dec/2014:04:32:29 +0100] "GET /robots.txt HTTP/1.1" 404 1256 "-" "Mozilla/5.0 (compatible; Googlebot/2.1; +http://www.google.com/bot.html)"
66.249.78.19 - - [29/Dec/2014:04:32:29 +0100] "GET / HTTP/1.1" 200 2889 "-" "Mozilla/5.0 (iPhone; CPU iPhone OS 6_0 like Mac OS X) AppleWebKit/536.26 (KHTML, like Gecko) Version/6.0 Mobile/10A5376e Safari/8536.25 (compatible; Googlebot/2.1; +http://www.google.com/bot.html)"
50.117.96.107 - - [29/Dec/2014:10:00:55 +0100] "GET /Fckeditor/editor/filemanager/browser/default/connectors/test.html HTTP/1.1" 404 1256 "-" "Mozilla/4.0 (compatible; Win32; WinHttp.WinHttpRequest.5)"
50.117.96.107 - - [29/Dec/2014:10:00:55 +0100] "GET /FCKeditor/editor/filemanager/connectors/test.html HTTP/1.1" 404 1256 "-" "Mozilla/4.0 (compatible; Win32; WinHttp.WinHttpRequest.5)"
50.117.96.107 - - [29/Dec/2014:10:00:56 +0100] "GET /Admin/fckeditor/editor/filemanager/browser/default/connectors/test.html HTTP/1.1" 404 1256 "-" "Mozilla/4.0 (compatible; Win32; WinHttp.WinHttpRequest.5)"
50.117.96.107 - - [29/Dec/2014:10:00:56 +0100] "GET /Admin/fCKeditor/editor/filemanager/connectors/test.html HTTP/1.1" 404 1256 "-" "Mozilla/4.0 (compatible; Win32; WinHttp.WinHttpRequest.5)"
50.117.96.107 - - [29/Dec/2014:10:00:56 +0100] "GET /Editor/editor/filemanager/browser/default/connectors/test.html HTTP/1.1" 404 1256 "-" "Mozilla/4.0 (compatible; Win32; WinHttp.WinHttpRequest.5)"
50.117.96.107 - - [29/Dec/2014:10:00:56 +0100] "GET /Editor/editor/filemanager/connectors/test.html HTTP/1.1" 404 1256 "-" "Mozilla/4.0 (compatible; Win32; WinHttp.WinHttpRequest.5)"
46.19.33.241 - - [29/Dec/2014:16:43:11 +0100] "GET / HTTP/1.1" 200 2889 "-" "Mozilla/5.0 (Macintosh; Intel Mac OS X 10_10; rv:33.0) Gecko/20100101 Firefox/33.0"
72.46.136.178 - - [30/Dec/2014:02:59:20 +0100] "GET / HTTP/1.1" 200 2889 "-" "Mozilla/4.0 (compatible; MSIE 6.0; Windows NT 5.1; SV1; Mozilla/4.0 (compatible; MSIE 6.0; Windows NT 5.1; SV1) ; .NET CLR 1.0.3705)"
141.8.147.12 - - [30/Dec/2014:04:23:10 +0100] "GET /robots.txt HTTP/1.1" 404 1256 "-" "Mozilla/5.0 (compatible; YandexBot/3.0; +http://yandex.com/bots)"
98.126.22.114 - - [30/Dec/2014:06:10:19 +0100] "GET /Fckeditor/editor/filemanager/browser/default/connectors/test.html HTTP/1.1" 404 1256 "-" "Mozilla/4.0 (compatible; Win32; WinHttp.WinHttpRequest.5)"
98.126.22.114 - - [30/Dec/2014:06:10:19 +0100] "GET /admin/fckeditor/editor/filemanager/browser/default/connectors/test.html HTTP/1.1" 404 1256 "-" "Mozilla/4.0 (compatible; Win32; WinHttp.WinHttpRequest.5)"
98.126.22.114 - - [30/Dec/2014:06:10:19 +0100] "GET /editor/editor/filemanager/browser/default/connectors/test.html HTTP/1.1" 404 1256 "-" "Mozilla/4.0 (compatible; Win32; WinHttp.WinHttpRequest.5)"
98.126.22.114 - - [30/Dec/2014:06:10:20 +0100] "GET /FCKeditor/editor/filemanager/connectors/uploadtest.html HTTP/1.1" 404 1256 "-" "Mozilla/4.0 (compatible; Win32; WinHttp.WinHttpRequest.5)"
98.126.22.114 - - [30/Dec/2014:06:10:20 +0100] "GET /admin/fckeditor/editor/filemanager/browser/default/connectors/uploadtest.html HTTP/1.1" 404 1256 "-" "Mozilla/4.0 (compatible; Win32; WinHttp.WinHttpRequest.5)"
98.126.22.114 - - [30/Dec/2014:06:10:20 +0100] "GET /editor/editor/filemanager/browser/default/connectors/uploadtest.html HTTP/1.1" 404 1256 "-" "Mozilla/4.0 (compatible; Win32; WinHttp.WinHttpRequest.5)"
98.126.22.114 - - [30/Dec/2014:06:10:20 +0100] "GET /Administrator/fckeditor/editor/filemanager/browser/default/connectors/test.html HTTP/1.1" 404 1256 "-" "Mozilla/4.0 (compatible; Win32; WinHttp.WinHttpRequest.5)"
98.126.22.114 - - [30/Dec/2014:06:10:20 +0100] "GET /Administrator/fckeditor/editor/filemanager/browser/default/connectors/uploadtest.html HTTP/1.1" 404 1256 "-" "Mozilla/4.0 (compatible; Win32; WinHttp.WinHttpRequest.5)"
141.8.147.12 - - [30/Dec/2014:09:35:48 +0100] "GET / HTTP/1.1" 200 2889 "-" "Mozilla/5.0 (compatible; YandexBot/3.0; +http://yandex.com/bots)"
207.46.13.120 - - [31/Dec/2014:03:17:40 +0100] "GET /robots.txt HTTP/1.1" 404 1256 "-" "Mozilla/5.0 (compatible; bingbot/2.0; +http://www.bing.com/bingbot.htm)"
207.46.13.120 - - [31/Dec/2014:03:17:44 +0100] "GET / HTTP/1.1" 304 - "-" "Mozilla/5.0 (compatible; bingbot/2.0; +http://www.bing.com/bingbot.htm)"
141.8.147.12 - - [31/Dec/2014:18:27:49 +0100] "GET /robots.txt HTTP/1.1" 404 1256 "-" "Mozilla/5.0 (compatible; YandexBot/3.0; +http://yandex.com/bots)"
141.8.147.12 - - [31/Dec/2014:21:26:49 +0100] "GET / HTTP/1.1" 200 2889 "-" "Mozilla/5.0 (compatible; YandexBot/3.0; +http://yandex.com/bots)"