93.219.155.83 - - [03/Jul/2013:06:59:19 +0200] "GET /referenzen.html HTTP/1.1" 200 19792 "-" "Mozilla/5.0 (Windows; U; Windows NT 6.0; de; rv:1.9.2.3) Gecko/20100401 Firefox/3.6.3 ( .NET CLR 3.5.30729)"
141.15.33.1 - - [03/Jul/2013:07:01:32 +0200] "GET / HTTP/1.1" 200 16884 "http://www.google.de/aclk?sa=L&ai=CAk5aDLDTUZamK9TD0gWguYGAAemv--cF8Ya5goMBsfSaCggAEAEoAlDz5ISI-_____8BYJX68IGMB8gBAakCBwDKe27DtT6qBCRP0Ljxs7Cyt6xQ7VwjrFAX1iN5-4b_gZnvuuCNyJjX0oGT5ge6BRMIgPO0yMWSuAIVQwnNCh1PIQD4ygUAgAeZjfNB&rct=j&q=msm%20facility%20clean%20gmbh&ei=DLDTUYC9KMOStAbPwoDADw&sig=AOD64_3lzgN3D3rGr8RKTG16yYWuA7cYNw&sqi=2&ved=0CDIQ0Qw&adurl=http://www.straman.de" "Mozilla/5.0 (Windows NT 5.1; rv:9.0.1) Gecko/20100101 Firefox/9.0.1"
141.15.33.1 - - [03/Jul/2013:07:01:33 +0200] "GET /templates/gk_penguinmail/css/template.css HTTP/1.1" 200 9192 "http://www.straman.de/" "Mozilla/5.0 (Windows NT 5.1; rv:9.0.1) Gecko/20100101 Firefox/9.0.1"
141.15.33.1 - - [03/Jul/2013:07:01:33 +0200] "GET /templates/gk_penguinmail/css/css3_style3.css HTTP/1.1" 200 2980 "http://www.straman.de/" "Mozilla/5.0 (Windows NT 5.1; rv:9.0.1) Gecko/20100101 Firefox/9.0.1"
141.15.33.1 - - [03/Jul/2013:07:01:33 +0200] "GET /templates/gk_penguinmail/css/addons.css HTTP/1.1" 200 2644 "http://www.straman.de/" "Mozilla/5.0 (Windows NT 5.1; rv:9.0.1) Gecko/20100101 Firefox/9.0.1"
141.15.33.1 - - [03/Jul/2013:07:01:33 +0200] "GET /templates/gk_penguinmail/css/style3.css HTTP/1.1" 200 13892 "http://www.straman.de/" "Mozilla/5.0 (Windows NT 5.1; rv:9.0.1) Gecko/20100101 Firefox/9.0.1"
141.15.33.1 - - [03/Jul/2013:07:01:33 +0200] "GET /templates/gk_penguinmail/css/override.css HTTP/1.1" 200 3916 "http://www.straman.de/" "Mozilla/5.0 (Windows NT 5.1; rv:9.0.1) Gecko/20100101 Firefox/9.0.1"
141.15.33.1 - - [03/Jul/2013:07:01:33 +0200] "GET /templates/gk_penguinmail/css/layout.css HTTP/1.1" 200 1684 "http://www.straman.de/" "Mozilla/5.0 (Windows NT 5.1; rv:9.0.1) Gecko/20100101 Firefox/9.0.1"
141.15.33.1 - - [03/Jul/2013:07:01:33 +0200] "GET /templates/system/css/general.css HTTP/1.1" 200 2777 "http://www.straman.de/" "Mozilla/5.0 (Windows NT 5.1; rv:9.0.1) Gecko/20100101 Firefox/9.0.1"
141.15.33.1 - - [03/Jul/2013:07:01:33 +0200] "GET /templates/system/css/system.css HTTP/1.1" 200 1385 "http://www.straman.de/" "Mozilla/5.0 (Windows NT 5.1; rv:9.0.1) Gecko/20100101 Firefox/9.0.1"
141.15.33.1 - - [03/Jul/2013:07:01:33 +0200] "GET /templates/gk_penguinmail/css/gk_stuff.css HTTP/1.1" 304 - "http://www.straman.de/" "Mozilla/5.0 (Windows NT 5.1; rv:9.0.1) Gecko/20100101 Firefox/9.0.1"
141.15.33.1 - - [03/Jul/2013:07:01:33 +0200] "GET /templates/gk_penguinmail/js/domready_fix.js HTTP/1.1" 200 1340 "http://www.straman.de/" "Mozilla/5.0 (Windows NT 5.1; rv:9.0.1) Gecko/20100101 Firefox/9.0.1"
141.15.33.1 - - [03/Jul/2013:07:01:33 +0200] "GET /templates/gk_penguinmail/js/gk.script.js HTTP/1.1" 200 4585 "http://www.straman.de/" "Mozilla/5.0 (Windows NT 5.1; rv:9.0.1) Gecko/20100101 Firefox/9.0.1"
141.15.33.1 - - [03/Jul/2013:07:01:33 +0200] "GET /templates/gk_penguinmail/js/menu/mega.js HTTP/1.1" 200 12974 "http://www.straman.de/" "Mozilla/5.0 (Windows NT 5.1; rv:9.0.1) Gecko/20100101 Firefox/9.0.1"
141.15.33.1 - - [03/Jul/2013:07:01:33 +0200] "GET /templates/gk_penguinmail/css/typo.css HTTP/1.1" 200 15356 "http://www.straman.de/" "Mozilla/5.0 (Windows NT 5.1; rv:9.0.1) Gecko/20100101 Firefox/9.0.1"
141.15.33.1 - - [03/Jul/2013:07:01:33 +0200] "GET /templates/gk_penguinmail/css/joomla.css HTTP/1.1" 200 14242 "http://www.straman.de/" "Mozilla/5.0 (Windows NT 5.1; rv:9.0.1) Gecko/20100101 Firefox/9.0.1"
141.15.33.1 - - [03/Jul/2013:07:01:33 +0200] "GET /media/system/js/caption.js HTTP/1.1" 200 1963 "http://www.straman.de/" "Mozilla/5.0 (Windows NT 5.1; rv:9.0.1) Gecko/20100101 Firefox/9.0.1"
141.15.33.1 - - [03/Jul/2013:07:01:33 +0200] "GET /templates/gk_penguinmail/fonts/PT-Seans/stylesheet.css HTTP/1.1" 200 2445 "http://www.straman.de/" "Mozilla/5.0 (Windows NT 5.1; rv:9.0.1) Gecko/20100101 Firefox/9.0.1"
141.15.33.1 - - [03/Jul/2013:07:01:33 +0200] "GET /templates/gk_penguinmail/css/menu/mega.css HTTP/1.1" 200 4575 "http://www.straman.de/" "Mozilla/5.0 (Windows NT 5.1; rv:9.0.1) Gecko/20100101 Firefox/9.0.1"
141.15.33.1 - - [03/Jul/2013:07:01:33 +0200] "GET /templates/gk_penguinmail/favicon.ico HTTP/1.1" 200 5686 "-" "Mozilla/5.0 (Windows NT 5.1; rv:9.0.1) Gecko/20100101 Firefox/9.0.1"
141.15.33.1 - - [03/Jul/2013:07:01:33 +0200] "GET /images/galabau_002.jpg HTTP/1.1" 200 42117 "http://www.straman.de/" "Mozilla/5.0 (Windows NT 5.1; rv:9.0.1) Gecko/20100101 Firefox/9.0.1"
141.15.33.1 - - [03/Jul/2013:07:01:33 +0200] "GET /images/kontaktformular.jpg HTTP/1.1" 200 42791 "http://www.straman.de/" "Mozilla/5.0 (Windows NT 5.1; rv:9.0.1) Gecko/20100101 Firefox/9.0.1"
141.15.33.1 - - [03/Jul/2013:07:01:33 +0200] "GET /images/gmm2.jpg HTTP/1.1" 200 47432 "http://www.straman.de/" "Mozilla/5.0 (Windows NT 5.1; rv:9.0.1) Gecko/20100101 Firefox/9.0.1"
141.15.33.1 - - [03/Jul/2013:07:01:33 +0200] "GET /images/winterdienst_005.jpg HTTP/1.1" 200 48793 "http://www.straman.de/" "Mozilla/5.0 (Windows NT 5.1; rv:9.0.1) Gecko/20100101 Firefox/9.0.1"
141.15.33.1 - - [03/Jul/2013:07:01:33 +0200] "GET /media/system/js/mootools.js HTTP/1.1" 200 74434 "http://www.straman.de/" "Mozilla/5.0 (Windows NT 5.1; rv:9.0.1) Gecko/20100101 Firefox/9.0.1"
141.15.33.1 - - [03/Jul/2013:07:01:33 +0200] "GET /images/header_neu.png HTTP/1.1" 200 340608 "http://www.straman.de/" "Mozilla/5.0 (Windows NT 5.1; rv:9.0.1) Gecko/20100101 Firefox/9.0.1"
141.15.33.1 - - [03/Jul/2013:07:01:33 +0200] "GET /templates/gk_penguinmail/images/style3/menu_sprite.png HTTP/1.1" 200 450 "http://www.straman.de/templates/gk_penguinmail/css/override.css" "Mozilla/5.0 (Windows NT 5.1; rv:9.0.1) Gecko/20100101 Firefox/9.0.1"
141.15.33.1 - - [03/Jul/2013:07:01:33 +0200] "GET /templates/gk_penguinmail/images/style3/glow.jpg HTTP/1.1" 200 18301 "http://www.straman.de/templates/gk_penguinmail/css/style3.css" "Mozilla/5.0 (Windows NT 5.1; rv:9.0.1) Gecko/20100101 Firefox/9.0.1"
141.15.33.1 - - [03/Jul/2013:07:01:34 +0200] "GET /images/list_check.png HTTP/1.1" 200 3488 "http://www.straman.de/templates/gk_penguinmail/css/override.css" "Mozilla/5.0 (Windows NT 5.1; rv:9.0.1) Gecko/20100101 Firefox/9.0.1"
141.15.33.1 - - [03/Jul/2013:07:01:34 +0200] "GET /templates/gk_penguinmail/images/menu_sprite.png HTTP/1.1" 404 2467 "http://www.straman.de/templates/gk_penguinmail/css/override.css" "Mozilla/5.0 (Windows NT 5.1; rv:9.0.1) Gecko/20100101 Firefox/9.0.1"
217.9.49.1 - - [03/Jul/2013:07:07:21 +0200] "GET / HTTP/1.1" 200 16884 "-" "Mozilla/5.0 (Windows NT 5.1; rv:10.0.4) Gecko/20100101 Firefox/10.0.4"
217.9.49.1 - - [03/Jul/2013:07:07:22 +0200] "GET /templates/system/css/system.css HTTP/1.1" 200 1385 "http://www.straman.de/" "Mozilla/5.0 (Windows NT 5.1; rv:10.0.4) Gecko/20100101 Firefox/10.0.4"
217.9.49.1 - - [03/Jul/2013:07:07:22 +0200] "GET /templates/gk_penguinmail/css/joomla.css HTTP/1.1" 200 14242 "http://www.straman.de/" "Mozilla/5.0 (Windows NT 5.1; rv:10.0.4) Gecko/20100101 Firefox/10.0.4"
217.9.49.1 - - [03/Jul/2013:07:07:22 +0200] "GET /templates/gk_penguinmail/css/gk_stuff.css HTTP/1.1" 200 12799 "http://www.straman.de/" "Mozilla/5.0 (Windows NT 5.1; rv:10.0.4) Gecko/20100101 Firefox/10.0.4"
217.9.49.1 - - [03/Jul/2013:07:07:22 +0200] "GET /templates/gk_penguinmail/css/layout.css HTTP/1.1" 200 1684 "http://www.straman.de/" "Mozilla/5.0 (Windows NT 5.1; rv:10.0.4) Gecko/20100101 Firefox/10.0.4"
217.9.49.1 - - [03/Jul/2013:07:07:22 +0200] "GET /templates/gk_penguinmail/css/override.css HTTP/1.1" 200 3916 "http://www.straman.de/" "Mozilla/5.0 (Windows NT 5.1; rv:10.0.4) Gecko/20100101 Firefox/10.0.4"
217.9.49.1 - - [03/Jul/2013:07:07:22 +0200] "GET /templates/gk_penguinmail/css/addons.css HTTP/1.1" 200 2644 "http://www.straman.de/" "Mozilla/5.0 (Windows NT 5.1; rv:10.0.4) Gecko/20100101 Firefox/10.0.4"
217.9.49.1 - - [03/Jul/2013:07:07:22 +0200] "GET /templates/system/css/general.css HTTP/1.1" 200 2777 "http://www.straman.de/" "Mozilla/5.0 (Windows NT 5.1; rv:10.0.4) Gecko/20100101 Firefox/10.0.4"
217.9.49.1 - - [03/Jul/2013:07:07:22 +0200] "GET /templates/gk_penguinmail/css/css3_style3.css HTTP/1.1" 200 2980 "http://www.straman.de/" "Mozilla/5.0 (Windows NT 5.1; rv:10.0.4) Gecko/20100101 Firefox/10.0.4"
217.9.49.1 - - [03/Jul/2013:07:07:22 +0200] "GET /templates/gk_penguinmail/css/style3.css HTTP/1.1" 200 13892 "http://www.straman.de/" "Mozilla/5.0 (Windows NT 5.1; rv:10.0.4) Gecko/20100101 Firefox/10.0.4"
217.9.49.1 - - [03/Jul/2013:07:07:22 +0200] "GET /templates/gk_penguinmail/css/template.css HTTP/1.1" 200 9192 "http://www.straman.de/" "Mozilla/5.0 (Windows NT 5.1; rv:10.0.4) Gecko/20100101 Firefox/10.0.4"
217.9.49.1 - - [03/Jul/2013:07:07:22 +0200] "GET /templates/gk_penguinmail/js/domready_fix.js HTTP/1.1" 200 1340 "http://www.straman.de/" "Mozilla/5.0 (Windows NT 5.1; rv:10.0.4) Gecko/20100101 Firefox/10.0.4"
217.9.49.1 - - [03/Jul/2013:07:07:22 +0200] "GET /templates/gk_penguinmail/css/typo.css HTTP/1.1" 200 15356 "http://www.straman.de/" "Mozilla/5.0 (Windows NT 5.1; rv:10.0.4) Gecko/20100101 Firefox/10.0.4"
217.9.49.1 - - [03/Jul/2013:07:07:22 +0200] "GET /media/system/js/mootools.js HTTP/1.1" 200 74434 "http://www.straman.de/" "Mozilla/5.0 (Windows NT 5.1; rv:10.0.4) Gecko/20100101 Firefox/10.0.4"
217.9.49.1 - - [03/Jul/2013:07:07:22 +0200] "GET /media/system/js/caption.js HTTP/1.1" 200 1963 "http://www.straman.de/" "Mozilla/5.0 (Windows NT 5.1; rv:10.0.4) Gecko/20100101 Firefox/10.0.4"
217.9.49.1 - - [03/Jul/2013:07:07:22 +0200] "GET /templates/gk_penguinmail/js/gk.script.js HTTP/1.1" 200 4585 "http://www.straman.de/" "Mozilla/5.0 (Windows NT 5.1; rv:10.0.4) Gecko/20100101 Firefox/10.0.4"
217.9.49.1 - - [03/Jul/2013:07:07:22 +0200] "GET /templates/gk_penguinmail/css/menu/mega.css HTTP/1.1" 200 4575 "http://www.straman.de/" "Mozilla/5.0 (Windows NT 5.1; rv:10.0.4) Gecko/20100101 Firefox/10.0.4"
217.9.49.1 - - [03/Jul/2013:07:07:22 +0200] "GET /templates/gk_penguinmail/js/menu/mega.js HTTP/1.1" 200 12974 "http://www.straman.de/" "Mozilla/5.0 (Windows NT 5.1; rv:10.0.4) Gecko/20100101 Firefox/10.0.4"
217.9.49.1 - - [03/Jul/2013:07:07:22 +0200] "GET /templates/gk_penguinmail/fonts/PT-Seans/stylesheet.css HTTP/1.1" 200 2445 "http://www.straman.de/" "Mozilla/5.0 (Windows NT 5.1; rv:10.0.4) Gecko/20100101 Firefox/10.0.4"
217.9.49.1 - - [03/Jul/2013:07:07:22 +0200] "GET /templates/gk_penguinmail/favicon.ico HTTP/1.1" 200 5686 "-" "Mozilla/5.0 (Windows NT 5.1; rv:10.0.4) Gecko/20100101 Firefox/10.0.4"
217.9.49.1 - - [03/Jul/2013:07:07:22 +0200] "GET /images/winterdienst_005.jpg HTTP/1.1" 200 48793 "http://www.straman.de/" "Mozilla/5.0 (Windows NT 5.1; rv:10.0.4) Gecko/20100101 Firefox/10.0.4"
217.9.49.1 - - [03/Jul/2013:07:07:22 +0200] "GET /images/gmm2.jpg HTTP/1.1" 200 47432 "http://www.straman.de/" "Mozilla/5.0 (Windows NT 5.1; rv:10.0.4) Gecko/20100101 Firefox/10.0.4"
217.9.49.1 - - [03/Jul/2013:07:07:23 +0200] "GET /images/list_check.png HTTP/1.1" 200 3488 "http://www.straman.de/templates/gk_penguinmail/css/override.css" "Mozilla/5.0 (Windows NT 5.1; rv:10.0.4) Gecko/20100101 Firefox/10.0.4"
217.9.49.1 - - [03/Jul/2013:07:07:23 +0200] "GET /templates/gk_penguinmail/images/menu_sprite.png HTTP/1.1" 404 2467 "http://www.straman.de/templates/gk_penguinmail/css/override.css" "Mozilla/5.0 (Windows NT 5.1; rv:10.0.4) Gecko/20100101 Firefox/10.0.4"
217.9.49.1 - - [03/Jul/2013:07:07:22 +0200] "GET /images/kontaktformular.jpg HTTP/1.1" 200 42791 "http://www.straman.de/" "Mozilla/5.0 (Windows NT 5.1; rv:10.0.4) Gecko/20100101 Firefox/10.0.4"
217.9.49.1 - - [03/Jul/2013:07:07:22 +0200] "GET /images/galabau_002.jpg HTTP/1.1" 200 42117 "http://www.straman.de/" "Mozilla/5.0 (Windows NT 5.1; rv:10.0.4) Gecko/20100101 Firefox/10.0.4"
217.9.49.1 - - [03/Jul/2013:07:07:23 +0200] "GET /templates/gk_penguinmail/images/style3/glow.jpg HTTP/1.1" 200 18301 "http://www.straman.de/templates/gk_penguinmail/css/style3.css" "Mozilla/5.0 (Windows NT 5.1; rv:10.0.4) Gecko/20100101 Firefox/10.0.4"
217.9.49.1 - - [03/Jul/2013:07:07:23 +0200] "GET /templates/gk_penguinmail/images/style3/menu_sprite.png HTTP/1.1" 200 450 "http://www.straman.de/templates/gk_penguinmail/css/override.css" "Mozilla/5.0 (Windows NT 5.1; rv:10.0.4) Gecko/20100101 Firefox/10.0.4"
217.9.49.1 - - [03/Jul/2013:07:07:22 +0200] "GET /images/header_neu.png HTTP/1.1" 200 340608 "http://www.straman.de/" "Mozilla/5.0 (Windows NT 5.1; rv:10.0.4) Gecko/20100101 Firefox/10.0.4"
217.9.49.1 - - [03/Jul/2013:07:07:30 +0200] "GET /servicebereiche/gruenanlagenpflege.html HTTP/1.1" 200 23634 "http://www.straman.de/" "Mozilla/5.0 (Windows NT 5.1; rv:10.0.4) Gecko/20100101 Firefox/10.0.4"
217.9.49.1 - - [03/Jul/2013:07:07:30 +0200] "GET /templates/gk_penguinmail/css/template_gruenanlage.css HTTP/1.1" 200 114 "http://www.straman.de/servicebereiche/gruenanlagenpflege.html" "Mozilla/5.0 (Windows NT 5.1; rv:10.0.4) Gecko/20100101 Firefox/10.0.4"
217.9.49.1 - - [03/Jul/2013:07:07:30 +0200] "GET /templates/gk_penguinmail/images/printButton.png HTTP/1.1" 200 442 "http://www.straman.de/servicebereiche/gruenanlagenpflege.html" "Mozilla/5.0 (Windows NT 5.1; rv:10.0.4) Gecko/20100101 Firefox/10.0.4"
217.9.49.1 - - [03/Jul/2013:07:07:30 +0200] "GET /templates/gk_penguinmail/images/emailButton.png HTTP/1.1" 200 365 "http://www.straman.de/servicebereiche/gruenanlagenpflege.html" "Mozilla/5.0 (Windows NT 5.1; rv:10.0.4) Gecko/20100101 Firefox/10.0.4"
217.9.49.1 - - [03/Jul/2013:07:07:30 +0200] "GET /templates/gk_penguinmail/images/toolsFont.png HTTP/1.1" 200 467 "http://www.straman.de/templates/gk_penguinmail/css/template.css" "Mozilla/5.0 (Windows NT 5.1; rv:10.0.4) Gecko/20100101 Firefox/10.0.4"
217.9.49.1 - - [03/Jul/2013:07:07:30 +0200] "GET /templates/gk_penguinmail/images/style3/typography/bullet_squ1_color.png HTTP/1.1" 200 149 "http://www.straman.de/templates/gk_penguinmail/css/style3.css" "Mozilla/5.0 (Windows NT 5.1; rv:10.0.4) Gecko/20100101 Firefox/10.0.4"
217.9.49.1 - - [03/Jul/2013:07:07:30 +0200] "GET /images/header_orange.png HTTP/1.1" 200 36919 "http://www.straman.de/servicebereiche/gruenanlagenpflege.html" "Mozilla/5.0 (Windows NT 5.1; rv:10.0.4) Gecko/20100101 Firefox/10.0.4"
217.9.49.1 - - [03/Jul/2013:07:07:30 +0200] "GET /images/glastour_020.jpg HTTP/1.1" 200 80249 "http://www.straman.de/servicebereiche/gruenanlagenpflege.html" "Mozilla/5.0 (Windows NT 5.1; rv:10.0.4) Gecko/20100101 Firefox/10.0.4"
217.9.49.1 - - [03/Jul/2013:07:07:30 +0200] "GET /templates/gk_penguinmail/images/menu_sprite.png HTTP/1.1" 404 2467 "http://www.straman.de/templates/gk_penguinmail/css/override.css" "Mozilla/5.0 (Windows NT 5.1; rv:10.0.4) Gecko/20100101 Firefox/10.0.4"
217.9.49.1 - - [03/Jul/2013:07:07:30 +0200] "GET /images/galabau_001.jpg HTTP/1.1" 200 110927 "http://www.straman.de/servicebereiche/gruenanlagenpflege.html" "Mozilla/5.0 (Windows NT 5.1; rv:10.0.4) Gecko/20100101 Firefox/10.0.4"
217.9.49.1 - - [03/Jul/2013:07:07:30 +0200] "GET /templates/gk_penguinmail/images/gruen1.png HTTP/1.1" 200 65374 "http://www.straman.de/templates/gk_penguinmail/css/template_gruenanlage.css" "Mozilla/5.0 (Windows NT 5.1; rv:10.0.4) Gecko/20100101 Firefox/10.0.4"
217.9.49.1 - - [03/Jul/2013:07:07:30 +0200] "GET /images/banner_besch_728x90.jpg HTTP/1.1" 200 634555 "http://www.straman.de/servicebereiche/gruenanlagenpflege.html" "Mozilla/5.0 (Windows NT 5.1; rv:10.0.4) Gecko/20100101 Firefox/10.0.4"
217.9.49.1 - - [03/Jul/2013:07:08:03 +0200] "GET /templates/gk_penguinmail/images/menu_sprite.png HTTP/1.1" 404 2467 "http://www.straman.de/templates/gk_penguinmail/css/override.css" "Mozilla/5.0 (Windows NT 5.1; rv:10.0.4) Gecko/20100101 Firefox/10.0.4"
66.249.78.60 - - [03/Jul/2013:07:08:31 +0200] "GET / HTTP/1.1" 200 8915 "-" "Mozilla/5.0 (iPhone; U; CPU iPhone OS 4_1 like Mac OS X; en-us) AppleWebKit/532.9 (KHTML, like Gecko) Version/4.0.5 Mobile/8B117 Safari/6531.22.7 (compatible; Googlebot-Mobile/2.1; +http://www.google.com/bot.html)"
85.214.25.242 - - [03/Jul/2013:07:19:55 +0200] "GET / HTTP/1.0" 200 16884 "-" "Mozilla/5.0 (Windows NT 6.1; rv:12.0) Gecko/20100101 Firefox/12.0"
37.58.52.15 - - [03/Jul/2013:07:19:58 +0200] "GET /unternehmen/partner.html HTTP/1.0" 200 16755 "-" "Mozilla/5.0 (compatible; AcoonBot/4.11.1; +http://www.acoon.de/robot.asp)"
93.219.155.83 - - [03/Jul/2013:07:20:23 +0200] "GET /index.php HTTP/1.1" 200 16902 "-" "Mozilla/5.0 (Windows; U; Windows NT 6.0; de; rv:1.9.2.3) Gecko/20100401 Firefox/3.6.3 ( .NET CLR 3.5.30729)"
93.219.155.83 - - [03/Jul/2013:07:28:56 +0200] "GET /downloadbereich.html HTTP/1.1" 200 15463 "-" "Mozilla/5.0 (Windows; U; Windows NT 6.0; de; rv:1.9.2.3) Gecko/20100401 Firefox/3.6.3 ( .NET CLR 3.5.30729)"
93.219.155.83 - - [03/Jul/2013:07:49:15 +0200] "GET /index.php?option=com_user&view=login HTTP/1.1" 200 17721 "-" "Mozilla/5.0 (Windows; U; Windows NT 6.0; de; rv:1.9.2.3) Gecko/20100401 Firefox/3.6.3 ( .NET CLR 3.5.30729)"
93.219.155.83 - - [03/Jul/2013:07:53:43 +0200] "GET /unternehmen/imagevideo-straman.html HTTP/1.1" 200 15246 "-" "Mozilla/5.0 (Windows; U; Windows NT 6.0; de; rv:1.9.2.3) Gecko/20100401 Firefox/3.6.3 ( .NET CLR 3.5.30729)"
93.219.155.83 - - [03/Jul/2013:07:55:09 +0200] "GET /unternehmen/standorte.html HTTP/1.1" 200 17537 "-" "Mozilla/5.0 (Windows; U; Windows NT 6.0; de; rv:1.9.2.3) Gecko/20100401 Firefox/3.6.3 ( .NET CLR 3.5.30729)"
173.199.120.35 - - [03/Jul/2013:07:58:51 +0200] "GET /unternehmen/partner.html?tmpl=component&print=1&page= HTTP/1.1" 200 2991 "-" "Mozilla/5.0 (compatible; AhrefsBot/4.0; +http://ahrefs.com/robot/)"
173.199.120.35 - - [03/Jul/2013:08:00:31 +0200] "GET /unternehmen/standorte.html HTTP/1.1" 200 17541 "-" "Mozilla/5.0 (compatible; AhrefsBot/4.0; +http://ahrefs.com/robot/)"
173.199.120.35 - - [03/Jul/2013:08:01:04 +0200] "GET /unternehmen/historie.html HTTP/1.1" 200 16082 "-" "Mozilla/5.0 (compatible; AhrefsBot/4.0; +http://ahrefs.com/robot/)"
178.255.215.64 - - [03/Jul/2013:08:04:18 +0200] "GET /downloadbereich/58.html HTTP/1.1" 200 16860 "-" "Mozilla/5.0 (compatible; Exabot/3.0; +http://www.exabot.com/go/robot)"
93.219.155.83 - - [03/Jul/2013:08:19:05 +0200] "GET /unternehmen/historie.html HTTP/1.1" 200 16078 "-" "Mozilla/5.0 (Windows; U; Windows NT 6.0; de; rv:1.9.2.3) Gecko/20100401 Firefox/3.6.3 ( .NET CLR 3.5.30729)"
93.219.155.83 - - [03/Jul/2013:08:21:54 +0200] "GET /servicebereiche/gebaeudemanagement.html HTTP/1.1" 200 16817 "-" "Mozilla/5.0 (Windows; U; Windows NT 6.0; de; rv:1.9.2.3) Gecko/20100401 Firefox/3.6.3 ( .NET CLR 3.5.30729)"
93.219.155.83 - - [03/Jul/2013:08:25:25 +0200] "GET /component/content/article/58.html HTTP/1.1" 200 15657 "-" "Mozilla/5.0 (Windows; U; Windows NT 6.0; de; rv:1.9.2.3) Gecko/20100401 Firefox/3.6.3 ( .NET CLR 3.5.30729)"
93.219.155.83 - - [03/Jul/2013:08:37:14 +0200] "GET /news.html HTTP/1.1" 200 23635 "-" "Mozilla/5.0 (Windows; U; Windows NT 6.0; de; rv:1.9.2.3) Gecko/20100401 Firefox/3.6.3 ( .NET CLR 3.5.30729)"
93.219.155.83 - - [03/Jul/2013:08:40:03 +0200] "GET /unternehmen/jobs.html HTTP/1.1" 200 20697 "-" "Mozilla/5.0 (Windows; U; Windows NT 6.0; de; rv:1.9.2.3) Gecko/20100401 Firefox/3.6.3 ( .NET CLR 3.5.30729)"
157.55.32.114 - - [03/Jul/2013:08:40:48 +0200] "GET /robots.txt HTTP/1.1" 200 304 "-" "Mozilla/5.0 (compatible; bingbot/2.0; +http://www.bing.com/bingbot.htm)"
157.55.32.114 - - [03/Jul/2013:08:44:55 +0200] "GET /unternehmen/standorte.html HTTP/1.1" 200 17541 "-" "Mozilla/5.0 (compatible; bingbot/2.0; +http://www.bing.com/bingbot.htm)"
131.253.24.73 - - [03/Jul/2013:08:58:12 +0200] "GET /servicebereiche/strassenreinigung.html HTTP/1.1" 200 18849 "-" "Mozilla/4.0 (compatible; MSIE 7.0; Windows NT 5.2; SLCC1; .NET CLR 1.1.4322; .NET CLR 2.0.40607; .NET CLR 3.0.04506.648)"
131.253.24.73 - - [03/Jul/2013:08:58:13 +0200] "GET /templates/system/css/system.css HTTP/1.1" 200 1385 "http://www.straman.de/servicebereiche/strassenreinigung.html" "Mozilla/4.0 (compatible; MSIE 7.0; Windows NT 5.2; SLCC1; .NET CLR 1.1.4322; .NET CLR 2.0.40607; .NET CLR 3.0.04506.648)"
131.253.24.73 - - [03/Jul/2013:08:58:13 +0200] "GET /templates/system/css/general.css HTTP/1.1" 200 2777 "http://www.straman.de/servicebereiche/strassenreinigung.html" "Mozilla/4.0 (compatible; MSIE 7.0; Windows NT 5.2; SLCC1; .NET CLR 1.1.4322; .NET CLR 2.0.40607; .NET CLR 3.0.04506.648)"
131.253.24.73 - - [03/Jul/2013:08:58:13 +0200] "GET /templates/gk_penguinmail/css/layout.css HTTP/1.1" 200 1684 "http://www.straman.de/servicebereiche/strassenreinigung.html" "Mozilla/4.0 (compatible; MSIE 7.0; Windows NT 5.2; SLCC1; .NET CLR 1.1.4322; .NET CLR 2.0.40607; .NET CLR 3.0.04506.648)"
131.253.24.73 - - [03/Jul/2013:08:58:13 +0200] "GET /templates/gk_penguinmail/css/addons.css HTTP/1.1" 200 2644 "http://www.straman.de/servicebereiche/strassenreinigung.html" "Mozilla/4.0 (compatible; MSIE 7.0; Windows NT 5.2; SLCC1; .NET CLR 1.1.4322; .NET CLR 2.0.40607; .NET CLR 3.0.04506.648)"
131.253.24.73 - - [03/Jul/2013:08:58:13 +0200] "GET /templates/gk_penguinmail/css/template.css HTTP/1.1" 200 9192 "http://www.straman.de/servicebereiche/strassenreinigung.html" "Mozilla/4.0 (compatible; MSIE 7.0; Windows NT 5.2; SLCC1; .NET CLR 1.1.4322; .NET CLR 2.0.40607; .NET CLR 3.0.04506.648)"
131.253.24.73 - - [03/Jul/2013:08:58:14 +0200] "GET /templates/gk_penguinmail/css/joomla.css HTTP/1.1" 200 14242 "http://www.straman.de/servicebereiche/strassenreinigung.html" "Mozilla/4.0 (compatible; MSIE 7.0; Windows NT 5.2; SLCC1; .NET CLR 1.1.4322; .NET CLR 2.0.40607; .NET CLR 3.0.04506.648)"
131.253.24.73 - - [03/Jul/2013:08:58:14 +0200] "GET /templates/gk_penguinmail/css/gk_stuff.css HTTP/1.1" 200 12799 "http://www.straman.de/servicebereiche/strassenreinigung.html" "Mozilla/4.0 (compatible; MSIE 7.0; Windows NT 5.2; SLCC1; .NET CLR 1.1.4322; .NET CLR 2.0.40607; .NET CLR 3.0.04506.648)"
131.253.24.73 - - [03/Jul/2013:08:58:14 +0200] "GET /templates/gk_penguinmail/css/typo.css HTTP/1.1" 200 15356 "http://www.straman.de/servicebereiche/strassenreinigung.html" "Mozilla/4.0 (compatible; MSIE 7.0; Windows NT 5.2; SLCC1; .NET CLR 1.1.4322; .NET CLR 2.0.40607; .NET CLR 3.0.04506.648)"
131.253.24.73 - - [03/Jul/2013:08:58:14 +0200] "GET /templates/gk_penguinmail/css/css3_style3.css HTTP/1.1" 200 2980 "http://www.straman.de/servicebereiche/strassenreinigung.html" "Mozilla/4.0 (compatible; MSIE 7.0; Windows NT 5.2; SLCC1; .NET CLR 1.1.4322; .NET CLR 2.0.40607; .NET CLR 3.0.04506.648)"
131.253.24.73 - - [03/Jul/2013:08:58:14 +0200] "GET /templates/gk_penguinmail/css/style3.css HTTP/1.1" 200 13892 "http://www.straman.de/servicebereiche/strassenreinigung.html" "Mozilla/4.0 (compatible; MSIE 7.0; Windows NT 5.2; SLCC1; .NET CLR 1.1.4322; .NET CLR 2.0.40607; .NET CLR 3.0.04506.648)"
131.253.24.73 - - [03/Jul/2013:08:58:14 +0200] "GET /templates/gk_penguinmail/css/override.css HTTP/1.1" 200 3916 "http://www.straman.de/servicebereiche/strassenreinigung.html" "Mozilla/4.0 (compatible; MSIE 7.0; Windows NT 5.2; SLCC1; .NET CLR 1.1.4322; .NET CLR 2.0.40607; .NET CLR 3.0.04506.648)"
131.253.24.73 - - [03/Jul/2013:08:58:15 +0200] "GET /media/system/js/mootools.js HTTP/1.1" 200 74434 "http://www.straman.de/servicebereiche/strassenreinigung.html" "Mozilla/4.0 (compatible; MSIE 7.0; Windows NT 5.2; SLCC1; .NET CLR 1.1.4322; .NET CLR 2.0.40607; .NET CLR 3.0.04506.648)"
131.253.24.73 - - [03/Jul/2013:08:58:16 +0200] "GET /templates/gk_penguinmail/js/domready_fix.js HTTP/1.1" 200 1340 "http://www.straman.de/servicebereiche/strassenreinigung.html" "Mozilla/4.0 (compatible; MSIE 7.0; Windows NT 5.2; SLCC1; .NET CLR 1.1.4322; .NET CLR 2.0.40607; .NET CLR 3.0.04506.648)"
131.253.24.73 - - [03/Jul/2013:08:58:16 +0200] "GET /media/system/js/caption.js HTTP/1.1" 200 1963 "http://www.straman.de/servicebereiche/strassenreinigung.html" "Mozilla/4.0 (compatible; MSIE 7.0; Windows NT 5.2; SLCC1; .NET CLR 1.1.4322; .NET CLR 2.0.40607; .NET CLR 3.0.04506.648)"
131.253.24.73 - - [03/Jul/2013:08:58:18 +0200] "GET /templates/gk_penguinmail/js/gk.script.js HTTP/1.1" 200 4585 "http://www.straman.de/servicebereiche/strassenreinigung.html" "Mozilla/4.0 (compatible; MSIE 7.0; Windows NT 5.2; SLCC1; .NET CLR 1.1.4322; .NET CLR 2.0.40607; .NET CLR 3.0.04506.648)"
131.253.24.73 - - [03/Jul/2013:08:58:18 +0200] "GET /templates/gk_penguinmail/css/ie.css HTTP/1.1" 200 1973 "http://www.straman.de/servicebereiche/strassenreinigung.html" "Mozilla/4.0 (compatible; MSIE 7.0; Windows NT 5.2; SLCC1; .NET CLR 1.1.4322; .NET CLR 2.0.40607; .NET CLR 3.0.04506.648)"
131.253.24.73 - - [03/Jul/2013:08:58:19 +0200] "GET /templates/gk_penguinmail/css/menu/mega.css HTTP/1.1" 200 4575 "http://www.straman.de/servicebereiche/strassenreinigung.html" "Mozilla/4.0 (compatible; MSIE 7.0; Windows NT 5.2; SLCC1; .NET CLR 1.1.4322; .NET CLR 2.0.40607; .NET CLR 3.0.04506.648)"
131.253.24.73 - - [03/Jul/2013:08:58:19 +0200] "GET /templates/gk_penguinmail/js/menu/mega.js HTTP/1.1" 200 12974 "http://www.straman.de/servicebereiche/strassenreinigung.html" "Mozilla/4.0 (compatible; MSIE 7.0; Windows NT 5.2; SLCC1; .NET CLR 1.1.4322; .NET CLR 2.0.40607; .NET CLR 3.0.04506.648)"
131.253.24.73 - - [03/Jul/2013:08:58:20 +0200] "GET /templates/gk_penguinmail/fonts/PT-Seans/stylesheet.css HTTP/1.1" 200 2445 "http://www.straman.de/servicebereiche/strassenreinigung.html" "Mozilla/4.0 (compatible; MSIE 7.0; Windows NT 5.2; SLCC1; .NET CLR 1.1.4322; .NET CLR 2.0.40607; .NET CLR 3.0.04506.648)"
131.253.24.73 - - [03/Jul/2013:08:58:20 +0200] "GET /templates/gk_penguinmail/css/template_unterseiten.css HTTP/1.1" 200 115 "http://www.straman.de/servicebereiche/strassenreinigung.html" "Mozilla/4.0 (compatible; MSIE 7.0; Windows NT 5.2; SLCC1; .NET CLR 1.1.4322; .NET CLR 2.0.40607; .NET CLR 3.0.04506.648)"
157.55.35.32 - - [03/Jul/2013:09:07:34 +0200] "GET /servicebereiche/infrastr-gebaeudemanagement.html HTTP/1.1" 200 17034 "-" "Mozilla/5.0 (compatible; bingbot/2.0; +http://www.bing.com/bingbot.htm)"
93.219.155.83 - - [03/Jul/2013:09:23:38 +0200] "GET /unternehmen/partner/58.html HTTP/1.1" 200 17117 "-" "Mozilla/5.0 (Windows; U; Windows NT 6.0; de; rv:1.9.2.3) Gecko/20100401 Firefox/3.6.3 ( .NET CLR 3.5.30729)"
93.219.155.83 - - [03/Jul/2013:09:33:05 +0200] "GET /servicebereiche/gruenanlagenpflege/58.html HTTP/1.1" 200 17553 "-" "Mozilla/5.0 (Windows; U; Windows NT 6.0; de; rv:1.9.2.3) Gecko/20100401 Firefox/3.6.3 ( .NET CLR 3.5.30729)"
84.189.250.202 - - [03/Jul/2013:09:33:47 +0200] "GET /unternehmen/impressum.html HTTP/1.1" 200 20473 "http://www.google.de/url?sa=t&rct=j&q=stramann%20lindenberg&source=web&cd=1&ved=0CDYQFjAA&url=http%3A%2F%2Fwww.straman.de%2Funternehmen%2Fimpressum.html&ei=u9PTUaynJovWsgbB_ICgCw&usg=AFQjCNEQ6WIfxQJaHcb8W97z5-S8mcbsPA&bvm=bv.48705608,d.Yms" "Mozilla/5.0 (compatible; MSIE 10.0; Windows NT 6.1; WOW64; Trident/6.0; Avant Browser)"
84.189.250.202 - - [03/Jul/2013:09:33:48 +0200] "GET /templates/gk_penguinmail/css/layout.css HTTP/1.1" 200 1684 "http://www.straman.de/unternehmen/impressum.html" "Mozilla/5.0 (compatible; MSIE 10.0; Windows NT 6.1; WOW64; Trident/6.0; Avant Browser)"
84.189.250.202 - - [03/Jul/2013:09:33:48 +0200] "GET /templates/system/css/general.css HTTP/1.1" 200 2777 "http://www.straman.de/unternehmen/impressum.html" "Mozilla/5.0 (compatible; MSIE 10.0; Windows NT 6.1; WOW64; Trident/6.0; Avant Browser)"
84.189.250.202 - - [03/Jul/2013:09:33:48 +0200] "GET /templates/gk_penguinmail/css/joomla.css HTTP/1.1" 200 14242 "http://www.straman.de/unternehmen/impressum.html" "Mozilla/5.0 (compatible; MSIE 10.0; Windows NT 6.1; WOW64; Trident/6.0; Avant Browser)"
84.189.250.202 - - [03/Jul/2013:09:33:48 +0200] "GET /templates/gk_penguinmail/css/gk_stuff.css HTTP/1.1" 200 12799 "http://www.straman.de/unternehmen/impressum.html" "Mozilla/5.0 (compatible; MSIE 10.0; Windows NT 6.1; WOW64; Trident/6.0; Avant Browser)"
84.189.250.202 - - [03/Jul/2013:09:33:48 +0200] "GET /templates/gk_penguinmail/css/typo.css HTTP/1.1" 200 15356 "http://www.straman.de/unternehmen/impressum.html" "Mozilla/5.0 (compatible; MSIE 10.0; Windows NT 6.1; WOW64; Trident/6.0; Avant Browser)"
84.189.250.202 - - [03/Jul/2013:09:33:48 +0200] "GET /templates/gk_penguinmail/js/domready_fix.js HTTP/1.1" 200 1340 "http://www.straman.de/unternehmen/impressum.html" "Mozilla/5.0 (compatible; MSIE 10.0; Windows NT 6.1; WOW64; Trident/6.0; Avant Browser)"
84.189.250.202 - - [03/Jul/2013:09:33:48 +0200] "GET /media/system/js/caption.js HTTP/1.1" 200 1963 "http://www.straman.de/unternehmen/impressum.html" "Mozilla/5.0 (compatible; MSIE 10.0; Windows NT 6.1; WOW64; Trident/6.0; Avant Browser)"
84.189.250.202 - - [03/Jul/2013:09:33:48 +0200] "GET /templates/gk_penguinmail/js/gk.script.js HTTP/1.1" 200 4585 "http://www.straman.de/unternehmen/impressum.html" "Mozilla/5.0 (compatible; MSIE 10.0; Windows NT 6.1; WOW64; Trident/6.0; Avant Browser)"
84.189.250.202 - - [03/Jul/2013:09:33:48 +0200] "GET /templates/gk_penguinmail/css/menu/mega.css HTTP/1.1" 200 4575 "http://www.straman.de/unternehmen/impressum.html" "Mozilla/5.0 (compatible; MSIE 10.0; Windows NT 6.1; WOW64; Trident/6.0; Avant Browser)"
84.189.250.202 - - [03/Jul/2013:09:33:48 +0200] "GET /templates/gk_penguinmail/js/menu/mega.js HTTP/1.1" 200 12974 "http://www.straman.de/unternehmen/impressum.html" "Mozilla/5.0 (compatible; MSIE 10.0; Windows NT 6.1; WOW64; Trident/6.0; Avant Browser)"
84.189.250.202 - - [03/Jul/2013:09:33:48 +0200] "GET /templates/gk_penguinmail/fonts/PT-Seans/stylesheet.css HTTP/1.1" 200 2445 "http://www.straman.de/unternehmen/impressum.html" "Mozilla/5.0 (compatible; MSIE 10.0; Windows NT 6.1; WOW64; Trident/6.0; Avant Browser)"
84.189.250.202 - - [03/Jul/2013:09:33:48 +0200] "GET /templates/gk_penguinmail/images/printButton.png HTTP/1.1" 200 442 "http://www.straman.de/unternehmen/impressum.html" "Mozilla/5.0 (compatible; MSIE 10.0; Windows NT 6.1; WOW64; Trident/6.0; Avant Browser)"
84.189.250.202 - - [03/Jul/2013:09:33:49 +0200] "GET /templates/gk_penguinmail/css/css3_style3.css HTTP/1.1" 200 2980 "http://www.straman.de/unternehmen/impressum.html" "Mozilla/5.0 (compatible; MSIE 10.0; Windows NT 6.1; WOW64; Trident/6.0; Avant Browser)"
84.189.250.202 - - [03/Jul/2013:09:33:49 +0200] "GET /templates/gk_penguinmail/css/override.css HTTP/1.1" 200 3916 "http://www.straman.de/unternehmen/impressum.html" "Mozilla/5.0 (compatible; MSIE 10.0; Windows NT 6.1; WOW64; Trident/6.0; Avant Browser)"
84.189.250.202 - - [03/Jul/2013:09:33:49 +0200] "GET /media/system/js/mootools.js HTTP/1.1" 200 74434 "http://www.straman.de/unternehmen/impressum.html" "Mozilla/5.0 (compatible; MSIE 10.0; Windows NT 6.1; WOW64; Trident/6.0; Avant Browser)"
84.189.250.202 - - [03/Jul/2013:09:33:50 +0200] "GET /templates/gk_penguinmail/css/addons.css HTTP/1.1" 200 2644 "http://www.straman.de/unternehmen/impressum.html" "Mozilla/5.0 (compatible; MSIE 10.0; Windows NT 6.1; WOW64; Trident/6.0; Avant Browser)"
84.189.250.202 - - [03/Jul/2013:09:33:50 +0200] "GET /templates/gk_penguinmail/css/style3.css HTTP/1.1" 200 13892 "http://www.straman.de/unternehmen/impressum.html" "Mozilla/5.0 (compatible; MSIE 10.0; Windows NT 6.1; WOW64; Trident/6.0; Avant Browser)"
84.189.250.202 - - [03/Jul/2013:09:33:50 +0200] "GET /templates/gk_penguinmail/css/template.css HTTP/1.1" 200 9192 "http://www.straman.de/unternehmen/impressum.html" "Mozilla/5.0 (compatible; MSIE 10.0; Windows NT 6.1; WOW64; Trident/6.0; Avant Browser)"
84.189.250.202 - - [03/Jul/2013:09:33:50 +0200] "GET /templates/system/css/system.css HTTP/1.1" 200 1385 "http://www.straman.de/unternehmen/impressum.html" "Mozilla/5.0 (compatible; MSIE 10.0; Windows NT 6.1; WOW64; Trident/6.0; Avant Browser)"
84.189.250.202 - - [03/Jul/2013:09:33:51 +0200] "GET /templates/gk_penguinmail/css/template_unterseiten.css HTTP/1.1" 200 115 "http://www.straman.de/unternehmen/impressum.html" "Mozilla/5.0 (compatible; MSIE 10.0; Windows NT 6.1; WOW64; Trident/6.0; Avant Browser)"
84.189.250.202 - - [03/Jul/2013:09:33:51 +0200] "GET /templates/gk_penguinmail/images/emailButton.png HTTP/1.1" 200 365 "http://www.straman.de/unternehmen/impressum.html" "Mozilla/5.0 (compatible; MSIE 10.0; Windows NT 6.1; WOW64; Trident/6.0; Avant Browser)"
84.189.250.202 - - [03/Jul/2013:09:33:51 +0200] "GET /images/header3.png HTTP/1.1" 200 29760 "http://www.straman.de/unternehmen/impressum.html" "Mozilla/5.0 (compatible; MSIE 10.0; Windows NT 6.1; WOW64; Trident/6.0; Avant Browser)"
84.189.250.202 - - [03/Jul/2013:09:33:51 +0200] "GET /templates/gk_penguinmail/images/style3/glow.jpg HTTP/1.1" 200 18301 "http://www.straman.de/unternehmen/impressum.html" "Mozilla/5.0 (compatible; MSIE 10.0; Windows NT 6.1; WOW64; Trident/6.0; Avant Browser)"
84.189.250.202 - - [03/Jul/2013:09:33:51 +0200] "GET /templates/gk_penguinmail/images/style3/menu_sprite.png HTTP/1.1" 200 450 "http://www.straman.de/unternehmen/impressum.html" "Mozilla/5.0 (compatible; MSIE 10.0; Windows NT 6.1; WOW64; Trident/6.0; Avant Browser)"
84.189.250.202 - - [03/Jul/2013:09:33:51 +0200] "GET /favicon.ico HTTP/1.1" 404 2467 "-" "Mozilla/4.0 (compatible; MSIE 7.0; Windows NT 5.1; Avant Browser)"
84.189.250.202 - - [03/Jul/2013:09:33:51 +0200] "GET /templates/gk_penguinmail/images/logo.png HTTP/1.1" 200 6608 "http://www.straman.de/unternehmen/impressum.html" "Mozilla/5.0 (compatible; MSIE 10.0; Windows NT 6.1; WOW64; Trident/6.0; Avant Browser)"
84.189.250.202 - - [03/Jul/2013:09:33:51 +0200] "GET /templates/gk_penguinmail/images/toolsFont.png HTTP/1.1" 200 467 "http://www.straman.de/unternehmen/impressum.html" "Mozilla/5.0 (compatible; MSIE 10.0; Windows NT 6.1; WOW64; Trident/6.0; Avant Browser)"
84.189.250.202 - - [03/Jul/2013:09:33:51 +0200] "GET /templates/gk_penguinmail/images/menu_sprite.png HTTP/1.1" 404 2467 "http://www.straman.de/unternehmen/impressum.html" "Mozilla/5.0 (compatible; MSIE 10.0; Windows NT 6.1; WOW64; Trident/6.0; Avant Browser)"
84.189.250.202 - - [03/Jul/2013:09:33:51 +0200] "GET /templates/gk_penguinmail/favicon.ico HTTP/1.1" 200 5686 "-" "Mozilla/4.0 (compatible; MSIE 7.0; Windows NT 5.1; Avant Browser)"
84.189.250.202 - - [03/Jul/2013:09:34:06 +0200] "GET /servicebereiche/gruenanlagenpflege.html HTTP/1.1" 200 23604 "http://www.straman.de/unternehmen/impressum.html" "Mozilla/5.0 (compatible; MSIE 10.0; Windows NT 6.1; WOW64; Trident/6.0; Avant Browser)"
84.189.250.202 - - [03/Jul/2013:09:34:07 +0200] "GET /templates/gk_penguinmail/css/template_gruenanlage.css HTTP/1.1" 200 114 "http://www.straman.de/servicebereiche/gruenanlagenpflege.html" "Mozilla/5.0 (compatible; MSIE 10.0; Windows NT 6.1; WOW64; Trident/6.0; Avant Browser)"
84.189.250.202 - - [03/Jul/2013:09:34:07 +0200] "GET /templates/gk_penguinmail/images/style3/typography/bullet_squ1_color.png HTTP/1.1" 200 149 "http://www.straman.de/servicebereiche/gruenanlagenpflege.html" "Mozilla/5.0 (compatible; MSIE 10.0; Windows NT 6.1; WOW64; Trident/6.0; Avant Browser)"
84.189.250.202 - - [03/Jul/2013:09:34:07 +0200] "GET /templates/gk_penguinmail/images/gruen1.png HTTP/1.1" 200 65374 "http://www.straman.de/servicebereiche/gruenanlagenpflege.html" "Mozilla/5.0 (compatible; MSIE 10.0; Windows NT 6.1; WOW64; Trident/6.0; Avant Browser)"
84.189.250.202 - - [03/Jul/2013:09:34:07 +0200] "GET /images/header_orange.png HTTP/1.1" 200 36919 "http://www.straman.de/servicebereiche/gruenanlagenpflege.html" "Mozilla/5.0 (compatible; MSIE 10.0; Windows NT 6.1; WOW64; Trident/6.0; Avant Browser)"
84.189.250.202 - - [03/Jul/2013:09:34:07 +0200] "GET /templates/gk_penguinmail/images/menu_sprite.png HTTP/1.1" 404 2467 "http://www.straman.de/servicebereiche/gruenanlagenpflege.html" "Mozilla/5.0 (compatible; MSIE 10.0; Windows NT 6.1; WOW64; Trident/6.0; Avant Browser)"
84.189.250.202 - - [03/Jul/2013:09:34:07 +0200] "GET /images/galabau_001.jpg HTTP/1.1" 200 110927 "http://www.straman.de/servicebereiche/gruenanlagenpflege.html" "Mozilla/5.0 (compatible; MSIE 10.0; Windows NT 6.1; WOW64; Trident/6.0; Avant Browser)"
84.189.250.202 - - [03/Jul/2013:09:34:07 +0200] "GET /images/glastour_020.jpg HTTP/1.1" 200 80249 "http://www.straman.de/servicebereiche/gruenanlagenpflege.html" "Mozilla/5.0 (compatible; MSIE 10.0; Windows NT 6.1; WOW64; Trident/6.0; Avant Browser)"
84.189.250.202 - - [03/Jul/2013:09:34:07 +0200] "GET /images/banner_besch_728x90.jpg HTTP/1.1" 200 634555 "http://www.straman.de/servicebereiche/gruenanlagenpflege.html" "Mozilla/5.0 (compatible; MSIE 10.0; Windows NT 6.1; WOW64; Trident/6.0; Avant Browser)"
84.189.250.202 - - [03/Jul/2013:09:34:11 +0200] "GET /templates/gk_penguinmail/images/menu_sprite.png HTTP/1.1" 404 2467 "http://www.straman.de/unternehmen/impressum.html" "Mozilla/5.0 (compatible; MSIE 10.0; Windows NT 6.1; WOW64; Trident/6.0; Avant Browser)"
66.249.75.137 - - [03/Jul/2013:09:34:16 +0200] "GET / HTTP/1.1" 200 16888 "-" "Mozilla/5.0 (compatible; Googlebot/2.1; +http://www.google.com/bot.html)"
157.55.35.32 - - [03/Jul/2013:09:35:38 +0200] "GET /unternehmen/jobs.html HTTP/1.1" 200 20701 "-" "Mozilla/5.0 (compatible; bingbot/2.0; +http://www.bing.com/bingbot.htm)"
93.219.155.83 - - [03/Jul/2013:09:38:44 +0200] "GET /component/mailto/?tmpl=component&link=97f89dec8d3a90a06eaee75083ae45b303687cff HTTP/1.1" 200 2687 "-" "Mozilla/5.0 (Windows; U; Windows NT 6.0; de; rv:1.9.2.3) Gecko/20100401 Firefox/3.6.3 ( .NET CLR 3.5.30729)"
84.189.250.202 - - [03/Jul/2013:09:38:47 +0200] "GET /unternehmen/impressum.html HTTP/1.1" 200 20473 "http://www.google.de/url?sa=t&rct=j&q=stramann&source=web&cd=2&ved=0CDgQFjAB&url=http%3A%2F%2Fwww.straman.de%2Funternehmen%2Fimpressum.html&ei=7NTTUZ-8FYXCtAaD6YHoDg&usg=AFQjCNEQ6WIfxQJaHcb8W97z5-S8mcbsPA&bvm=bv.48705608,d.Yms" "Mozilla/5.0 (compatible; MSIE 10.0; Windows NT 6.1; WOW64; Trident/6.0; Avant Browser)"
84.189.250.202 - - [03/Jul/2013:09:38:48 +0200] "GET /templates/gk_penguinmail/images/menu_sprite.png HTTP/1.1" 404 2467 "http://www.straman.de/unternehmen/impressum.html" "Mozilla/5.0 (compatible; MSIE 10.0; Windows NT 6.1; WOW64; Trident/6.0; Avant Browser)"
66.249.75.137 - - [03/Jul/2013:09:38:53 +0200] "GET /unternehmen/imagevideo-straman.html HTTP/1.1" 200 8886 "-" "Mozilla/5.0 (iPhone; U; CPU iPhone OS 4_1 like Mac OS X; en-us) AppleWebKit/532.9 (KHTML, like Gecko) Version/4.0.5 Mobile/8B117 Safari/6531.22.7 (compatible; Googlebot-Mobile/2.1; +http://www.google.com/bot.html)"
84.189.250.202 - - [03/Jul/2013:09:39:00 +0200] "GET /servicebereiche/gruenanlagenpflege.html HTTP/1.1" 200 23604 "http://www.straman.de/unternehmen/impressum.html" "Mozilla/5.0 (compatible; MSIE 10.0; Windows NT 6.1; WOW64; Trident/6.0; Avant Browser)"
84.189.250.202 - - [03/Jul/2013:09:39:00 +0200] "GET /templates/gk_penguinmail/images/menu_sprite.png HTTP/1.1" 404 2467 "http://www.straman.de/servicebereiche/gruenanlagenpflege.html" "Mozilla/5.0 (compatible; MSIE 10.0; Windows NT 6.1; WOW64; Trident/6.0; Avant Browser)"
84.189.250.202 - - [03/Jul/2013:09:39:15 +0200] "GET /templates/gk_penguinmail/images/menu_sprite.png HTTP/1.1" 404 2467 "http://www.straman.de/unternehmen/impressum.html" "Mozilla/5.0 (compatible; MSIE 10.0; Windows NT 6.1; WOW64; Trident/6.0; Avant Browser)"
37.58.52.15 - - [03/Jul/2013:09:39:44 +0200] "GET /component/content/article/58.html HTTP/1.0" 200 15661 "-" "Mozilla/5.0 (compatible; AcoonBot/4.11.1; +http://www.acoon.de/robot.asp)"
173.199.120.35 - - [03/Jul/2013:09:55:55 +0200] "GET /servicebereiche/infrastr-gebaeudemanagement/index.php HTTP/1.1" 200 17039 "-" "Mozilla/5.0 (compatible; AhrefsBot/4.0; +http://ahrefs.com/robot/)"
130.83.167.153 - - [03/Jul/2013:10:10:02 +0200] "GET /unternehmen/partner.html HTTP/1.1" 200 16755 "-" "findlinks/2.6 (+http://wortschatz.uni-leipzig.de/findlinks/)"
130.83.167.153 - - [03/Jul/2013:10:10:02 +0200] "GET /unternehmen/partner.html HTTP/1.1" 200 16755 "-" "findlinks/2.6 (+http://wortschatz.uni-leipzig.de/findlinks/)"
173.199.120.35 - - [03/Jul/2013:10:12:53 +0200] "GET /news/60-ihr-komplettdienstleister-rund-um-die-immobilie.html HTTP/1.1" 200 17629 "-" "Mozilla/5.0 (compatible; AhrefsBot/4.0; +http://ahrefs.com/robot/)"
173.199.120.35 - - [03/Jul/2013:10:14:57 +0200] "GET /index.php?option=com_forme&fid=2&Itemid=65 HTTP/1.1" 200 19186 "-" "Mozilla/5.0 (compatible; AhrefsBot/4.0; +http://ahrefs.com/robot/)"
93.219.155.83 - - [03/Jul/2013:10:19:46 +0200] "GET /downloadbereich/58.html HTTP/1.1" 200 16856 "-" "Mozilla/5.0 (Windows; U; Windows NT 6.0; de; rv:1.9.2.3) Gecko/20100401 Firefox/3.6.3 ( .NET CLR 3.5.30729)"
199.19.249.196 - - [03/Jul/2013:10:20:26 +0200] "GET / HTTP/1.1" 200 16854 "-" "Mozilla/4.0 (compatible; MSIE 7.0; Windows NT 5.1; InfoPath.1; .NET CLR 2.0.50727; .NET CLR 1.1.4322; MS-RTC LM 8; .NET CLR 3.0.4506.2152; .NET CLR 3.5.30729)"
194.31.225.222 - - [03/Jul/2013:10:20:26 +0200] "GET / HTTP/1.1" 200 16854 "-" "Mozilla/4.0 (compatible; MSIE 8.0; Windows NT 5.1; Trident/4.0; .NET CLR 2.0.50727; .NET CLR 3.0.4506.2152; .NET CLR 3.5.30729; .NET4.0C; .NET4.0E)"
194.31.225.222 - - [03/Jul/2013:10:20:27 +0200] "GET /index.php?format=feed&type=atom HTTP/1.1" 200 521 "http://www.straman.de/" "Mozilla/4.0 (compatible; MSIE 8.0; Windows NT 5.1; Trident/4.0; .NET CLR 2.0.50727; .NET CLR 3.0.4506.2152; .NET CLR 3.5.30729; .NET4.0C; .NET4.0E)"
199.19.249.196 - - [03/Jul/2013:10:20:31 +0200] "GET /templates/gk_penguinmail/fonts/PT-Seans/PTN57F-webfont.eot HTTP/1.1" 200 25908 "-" "Mozilla/4.0 (compatible; MSIE 7.0; Windows NT 5.1; InfoPath.1; .NET CLR 2.0.50727; .NET CLR 1.1.4322; MS-RTC LM 8; .NET CLR 3.0.4506.2152; .NET CLR 3.5.30729)"
199.19.249.196 - - [03/Jul/2013:10:20:31 +0200] "GET /templates/gk_penguinmail/fonts/PT-Seans/PTS76F-webfont.eot HTTP/1.1" 200 29352 "-" "Mozilla/4.0 (compatible; MSIE 7.0; Windows NT 5.1; InfoPath.1; .NET CLR 2.0.50727; .NET CLR 1.1.4322; MS-RTC LM 8; .NET CLR 3.0.4506.2152; .NET CLR 3.5.30729)"
199.19.249.196 - - [03/Jul/2013:10:20:31 +0200] "GET /templates/gk_penguinmail/fonts/PT-Seans/PTC75F-webfont.eot HTTP/1.1" 200 26512 "-" "Mozilla/4.0 (compatible; MSIE 7.0; Windows NT 5.1; InfoPath.1; .NET CLR 2.0.50727; .NET CLR 1.1.4322; MS-RTC LM 8; .NET CLR 3.0.4506.2152; .NET CLR 3.5.30729)"
199.19.249.196 - - [03/Jul/2013:10:20:31 +0200] "GET /templates/gk_penguinmail/fonts/PT-Seans/PTS56F-webfont.eot HTTP/1.1" 200 30512 "-" "Mozilla/4.0 (compatible; MSIE 7.0; Windows NT 5.1; InfoPath.1; .NET CLR 2.0.50727; .NET CLR 1.1.4322; MS-RTC LM 8; .NET CLR 3.0.4506.2152; .NET CLR 3.5.30729)"
199.19.249.196 - - [03/Jul/2013:10:20:31 +0200] "GET /templates/gk_penguinmail/fonts/PT-Seans/PTS75F-webfont.eot HTTP/1.1" 200 25456 "-" "Mozilla/4.0 (compatible; MSIE 7.0; Windows NT 5.1; InfoPath.1; .NET CLR 2.0.50727; .NET CLR 1.1.4322; MS-RTC LM 8; .NET CLR 3.0.4506.2152; .NET CLR 3.5.30729)"
199.19.249.196 - - [03/Jul/2013:10:20:31 +0200] "GET /templates/gk_penguinmail/fonts/PT-Seans/PTC55F-webfont.eot HTTP/1.1" 200 27716 "-" "Mozilla/4.0 (compatible; MSIE 7.0; Windows NT 5.1; InfoPath.1; .NET CLR 2.0.50727; .NET CLR 1.1.4322; MS-RTC LM 8; .NET CLR 3.0.4506.2152; .NET CLR 3.5.30729)"
194.31.225.222 - - [03/Jul/2013:10:20:31 +0200] "GET /index.php?format=feed&type=rss HTTP/1.1" 200 521 "http://www.straman.de/" "Mozilla/4.0 (compatible; MSIE 8.0; Windows NT 5.1; Trident/4.0; .NET CLR 2.0.50727; .NET CLR 3.0.4506.2152; .NET CLR 3.5.30729; .NET4.0C; .NET4.0E)"
199.19.249.196 - - [03/Jul/2013:10:20:32 +0200] "GET /templates/gk_penguinmail/fonts/PT-Seans/PTS55F-webfont.eot HTTP/1.1" 200 26928 "-" "Mozilla/4.0 (compatible; MSIE 7.0; Windows NT 5.1; InfoPath.1; .NET CLR 2.0.50727; .NET CLR 1.1.4322; MS-RTC LM 8; .NET CLR 3.0.4506.2152; .NET CLR 3.5.30729)"
199.19.249.196 - - [03/Jul/2013:10:20:32 +0200] "GET /templates/gk_penguinmail/fonts/PT-Seans/PTN77F-webfont.eot HTTP/1.1" 200 25028 "-" "Mozilla/4.0 (compatible; MSIE 7.0; Windows NT 5.1; InfoPath.1; .NET CLR 2.0.50727; .NET CLR 1.1.4322; MS-RTC LM 8; .NET CLR 3.0.4506.2152; .NET CLR 3.5.30729)"
194.31.225.222 - - [03/Jul/2013:10:20:32 +0200] "GET /templates/gk_penguinmail/images/menu_sprite.png HTTP/1.1" 404 2467 "http://www.straman.de/" "Mozilla/4.0 (compatible; MSIE 8.0; Windows NT 5.1; Trident/4.0; .NET CLR 2.0.50727; .NET CLR 3.0.4506.2152; .NET CLR 3.5.30729; .NET4.0C; .NET4.0E)"
93.219.155.39 - - [03/Jul/2013:10:21:58 +0200] "GET /servicebereiche/gebaeudemanagement/58.html HTTP/1.1" 200 17125 "-" "Mozilla/5.0 (Windows; U; Windows NT 6.0; de; rv:1.9.2.3) Gecko/20100401 Firefox/3.6.3 ( .NET CLR 3.5.30729)"
93.219.155.39 - - [03/Jul/2013:10:27:33 +0200] "GET /component/forme/?fid=2 HTTP/1.1" 200 19189 "-" "Mozilla/5.0 (Windows; U; Windows NT 6.0; de; rv:1.9.2.3) Gecko/20100401 Firefox/3.6.3 ( .NET CLR 3.5.30729)"
93.219.155.39 - - [03/Jul/2013:10:28:39 +0200] "GET /servicebereiche/winterdienst/58.html HTTP/1.1" 200 18850 "-" "Mozilla/5.0 (Windows; U; Windows NT 6.0; de; rv:1.9.2.3) Gecko/20100401 Firefox/3.6.3 ( .NET CLR 3.5.30729)"
93.219.155.39 - - [03/Jul/2013:10:31:43 +0200] "GET /unternehmen/jobs/58.html HTTP/1.1" 200 17041 "-" "Mozilla/5.0 (Windows; U; Windows NT 6.0; de; rv:1.9.2.3) Gecko/20100401 Firefox/3.6.3 ( .NET CLR 3.5.30729)"
93.219.155.39 - - [03/Jul/2013:10:35:07 +0200] "GET /servicebereiche/strassenreinigung/58.html HTTP/1.1" 200 17538 "-" "Mozilla/5.0 (Windows; U; Windows NT 6.0; de; rv:1.9.2.3) Gecko/20100401 Firefox/3.6.3 ( .NET CLR 3.5.30729)"
157.55.35.32 - - [03/Jul/2013:10:36:55 +0200] "GET /robots.txt HTTP/1.1" 200 304 "-" "Mozilla/5.0 (compatible; bingbot/2.0; +http://www.bing.com/bingbot.htm)"
93.219.155.39 - - [03/Jul/2013:10:39:43 +0200] "GET /unternehmen/standorte/58.html HTTP/1.1" 200 17066 "-" "Mozilla/5.0 (Windows; U; Windows NT 6.0; de; rv:1.9.2.3) Gecko/20100401 Firefox/3.6.3 ( .NET CLR 3.5.30729)"
93.219.155.39 - - [03/Jul/2013:10:48:51 +0200] "GET /component/content/46.html HTTP/1.1" 500 2511 "-" "Mozilla/5.0 (Windows; U; Windows NT 6.0; de; rv:1.9.2.3) Gecko/20100401 Firefox/3.6.3 ( .NET CLR 3.5.30729)"
93.219.155.39 - - [03/Jul/2013:10:52:15 +0200] "GET /unternehmen/impressum/58.html HTTP/1.1" 200 17066 "-" "Mozilla/5.0 (Windows; U; Windows NT 6.0; de; rv:1.9.2.3) Gecko/20100401 Firefox/3.6.3 ( .NET CLR 3.5.30729)"
157.55.35.32 - - [03/Jul/2013:11:01:39 +0200] "GET / HTTP/1.1" 200 16888 "-" "Mozilla/5.0 (compatible; bingbot/2.0; +http://www.bing.com/bingbot.htm)"
93.219.155.39 - - [03/Jul/2013:11:02:36 +0200] "GET /kontakt.html?fid=1 HTTP/1.1" 200 16599 "-" "Mozilla/5.0 (Windows; U; Windows NT 6.0; de; rv:1.9.2.3) Gecko/20100401 Firefox/3.6.3 ( .NET CLR 3.5.30729)"
66.249.78.60 - - [03/Jul/2013:11:07:20 +0200] "GET /unternehmen/historie.html HTTP/1.1" 200 8466 "-" "Mozilla/5.0 (iPhone; U; CPU iPhone OS 4_1 like Mac OS X; en-us) AppleWebKit/532.9 (KHTML, like Gecko) Version/4.0.5 Mobile/8B117 Safari/6531.22.7 (compatible; Googlebot-Mobile/2.1; +http://www.google.com/bot.html)"
87.185.186.85 - - [03/Jul/2013:11:15:15 +0200] "GET / HTTP/1.1" 200 16854 "http://www.google.com/url?sa=t&rct=j&q=Strahmann+berlin&source=web&cd=1&ved=0CCoQFjAA&url=http%3A%2F%2Fwww.straman.de%2F&ei=iOvTUafeFKHk4QSy3YCIDQ&usg=AFQjCNEpeUQQKOp_93iUUo8XSnpqrpjMzA&bvm=bv.48705608,d.bGE" "Mozilla/4.0 (compatible; MSIE 8.0; Windows NT 5.1; Trident/4.0; GTB7.5; .NET CLR 1.1.4322)"
87.185.186.85 - - [03/Jul/2013:11:15:15 +0200] "GET /templates/system/css/system.css HTTP/1.1" 200 1385 "http://www.straman.de/" "Mozilla/4.0 (compatible; MSIE 8.0; Windows NT 5.1; Trident/4.0; GTB7.5; .NET CLR 1.1.4322)"
87.185.186.85 - - [03/Jul/2013:11:15:15 +0200] "GET /templates/gk_penguinmail/css/addons.css HTTP/1.1" 200 2644 "http://www.straman.de/" "Mozilla/4.0 (compatible; MSIE 8.0; Windows NT 5.1; Trident/4.0; GTB7.5; .NET CLR 1.1.4322)"
87.185.186.85 - - [03/Jul/2013:11:15:15 +0200] "GET /templates/gk_penguinmail/css/template.css HTTP/1.1" 200 9192 "http://www.straman.de/" "Mozilla/4.0 (compatible; MSIE 8.0; Windows NT 5.1; Trident/4.0; GTB7.5; .NET CLR 1.1.4322)"
87.185.186.85 - - [03/Jul/2013:11:15:15 +0200] "GET /templates/gk_penguinmail/css/joomla.css HTTP/1.1" 200 14242 "http://www.straman.de/" "Mozilla/4.0 (compatible; MSIE 8.0; Windows NT 5.1; Trident/4.0; GTB7.5; .NET CLR 1.1.4322)"
87.185.186.85 - - [03/Jul/2013:11:15:15 +0200] "GET /templates/gk_penguinmail/css/gk_stuff.css HTTP/1.1" 200 12799 "http://www.straman.de/" "Mozilla/4.0 (compatible; MSIE 8.0; Windows NT 5.1; Trident/4.0; GTB7.5; .NET CLR 1.1.4322)"
87.185.186.85 - - [03/Jul/2013:11:15:15 +0200] "GET /templates/gk_penguinmail/css/typo.css HTTP/1.1" 200 15356 "http://www.straman.de/" "Mozilla/4.0 (compatible; MSIE 8.0; Windows NT 5.1; Trident/4.0; GTB7.5; .NET CLR 1.1.4322)"
87.185.186.85 - - [03/Jul/2013:11:15:15 +0200] "GET /templates/gk_penguinmail/css/css3_style3.css HTTP/1.1" 200 2980 "http://www.straman.de/" "Mozilla/4.0 (compatible; MSIE 8.0; Windows NT 5.1; Trident/4.0; GTB7.5; .NET CLR 1.1.4322)"
87.185.186.85 - - [03/Jul/2013:11:15:15 +0200] "GET /templates/gk_penguinmail/css/style3.css HTTP/1.1" 200 13892 "http://www.straman.de/" "Mozilla/4.0 (compatible; MSIE 8.0; Windows NT 5.1; Trident/4.0; GTB7.5; .NET CLR 1.1.4322)"
87.185.186.85 - - [03/Jul/2013:11:15:16 +0200] "GET /templates/gk_penguinmail/css/override.css HTTP/1.1" 200 3916 "http://www.straman.de/" "Mozilla/4.0 (compatible; MSIE 8.0; Windows NT 5.1; Trident/4.0; GTB7.5; .NET CLR 1.1.4322)"
87.185.186.85 - - [03/Jul/2013:11:15:16 +0200] "GET /templates/system/css/general.css HTTP/1.1" 200 2777 "http://www.straman.de/" "Mozilla/4.0 (compatible; MSIE 8.0; Windows NT 5.1; Trident/4.0; GTB7.5; .NET CLR 1.1.4322)"
87.185.186.85 - - [03/Jul/2013:11:15:16 +0200] "GET /templates/gk_penguinmail/js/domready_fix.js HTTP/1.1" 200 1340 "http://www.straman.de/" "Mozilla/4.0 (compatible; MSIE 8.0; Windows NT 5.1; Trident/4.0; GTB7.5; .NET CLR 1.1.4322)"
87.185.186.85 - - [03/Jul/2013:11:15:16 +0200] "GET /templates/gk_penguinmail/css/layout.css HTTP/1.1" 200 1684 "http://www.straman.de/" "Mozilla/4.0 (compatible; MSIE 8.0; Windows NT 5.1; Trident/4.0; GTB7.5; .NET CLR 1.1.4322)"
