195.49.224.20 - - [05/Jul/2013:14:55:44 +0200] "GET /templates/gk_penguinmail/fonts/PT-Seans/PTN77F-webfont.eot HTTP/1.1" 200 25028 "http://www.straman.de/" "Mozilla/4.0 (compatible; MSIE 8.0; Windows NT 6.0; WOW64; Trident/4.0; SLCC1; .NET CLR 2.0.50727; .NET CLR 3.5.21022; .NET CLR 3.5.30729; .NET CLR 3.0.30729; .NET4.0C; .NET4.0E; MS-RTC LM 8)"
195.49.224.20 - - [05/Jul/2013:14:55:44 +0200] "GET /templates/gk_penguinmail/images/style3/glow.jpg HTTP/1.1" 200 18301 "http://www.straman.de/" "Mozilla/4.0 (compatible; MSIE 8.0; Windows NT 6.0; WOW64; Trident/4.0; SLCC1; .NET CLR 2.0.50727; .NET CLR 3.5.21022; .NET CLR 3.5.30729; .NET CLR 3.0.30729; .NET4.0C; .NET4.0E; MS-RTC LM 8)"
195.49.224.20 - - [05/Jul/2013:14:55:44 +0200] "GET /templates/gk_penguinmail/images/style3/menu_sprite.png HTTP/1.1" 200 450 "http://www.straman.de/" "Mozilla/4.0 (compatible; MSIE 8.0; Windows NT 6.0; WOW64; Trident/4.0; SLCC1; .NET CLR 2.0.50727; .NET CLR 3.5.21022; .NET CLR 3.5.30729; .NET CLR 3.0.30729; .NET4.0C; .NET4.0E; MS-RTC LM 8)"
195.49.224.20 - - [05/Jul/2013:14:55:44 +0200] "GET /images/galabau_002.jpg HTTP/1.1" 200 42117 "http://www.straman.de/" "Mozilla/4.0 (compatible; MSIE 8.0; Windows NT 6.0; WOW64; Trident/4.0; SLCC1; .NET CLR 2.0.50727; .NET CLR 3.5.21022; .NET CLR 3.5.30729; .NET CLR 3.0.30729; .NET4.0C; .NET4.0E; MS-RTC LM 8)"
195.49.224.20 - - [05/Jul/2013:14:55:44 +0200] "GET /images/winterdienst_005.jpg HTTP/1.1" 200 48793 "http://www.straman.de/" "Mozilla/4.0 (compatible; MSIE 8.0; Windows NT 6.0; WOW64; Trident/4.0; SLCC1; .NET CLR 2.0.50727; .NET CLR 3.5.21022; .NET CLR 3.5.30729; .NET CLR 3.0.30729; .NET4.0C; .NET4.0E; MS-RTC LM 8)"
195.49.224.20 - - [05/Jul/2013:14:55:44 +0200] "GET /images/kontaktformular.jpg HTTP/1.1" 200 42791 "http://www.straman.de/" "Mozilla/4.0 (compatible; MSIE 8.0; Windows NT 6.0; WOW64; Trident/4.0; SLCC1; .NET CLR 2.0.50727; .NET CLR 3.5.21022; .NET CLR 3.5.30729; .NET CLR 3.0.30729; .NET4.0C; .NET4.0E; MS-RTC LM 8)"
195.49.224.20 - - [05/Jul/2013:14:55:44 +0200] "GET /images/gmm2.jpg HTTP/1.1" 200 47432 "http://www.straman.de/" "Mozilla/4.0 (compatible; MSIE 8.0; Windows NT 6.0; WOW64; Trident/4.0; SLCC1; .NET CLR 2.0.50727; .NET CLR 3.5.21022; .NET CLR 3.5.30729; .NET CLR 3.0.30729; .NET4.0C; .NET4.0E; MS-RTC LM 8)"
195.49.224.20 - - [05/Jul/2013:14:55:44 +0200] "GET /templates/gk_penguinmail/images/logo.png HTTP/1.1" 200 6608 "http://www.straman.de/" "Mozilla/4.0 (compatible; MSIE 8.0; Windows NT 6.0; WOW64; Trident/4.0; SLCC1; .NET CLR 2.0.50727; .NET CLR 3.5.21022; .NET CLR 3.5.30729; .NET CLR 3.0.30729; .NET4.0C; .NET4.0E; MS-RTC LM 8)"
195.49.224.20 - - [05/Jul/2013:14:55:44 +0200] "GET /images/list_check.png HTTP/1.1" 200 3488 "http://www.straman.de/" "Mozilla/4.0 (compatible; MSIE 8.0; Windows NT 6.0; WOW64; Trident/4.0; SLCC1; .NET CLR 2.0.50727; .NET CLR 3.5.21022; .NET CLR 3.5.30729; .NET CLR 3.0.30729; .NET4.0C; .NET4.0E; MS-RTC LM 8)"
195.49.224.20 - - [05/Jul/2013:14:55:44 +0200] "GET /images/header_neu.png HTTP/1.1" 200 340608 "http://www.straman.de/" "Mozilla/4.0 (compatible; MSIE 8.0; Windows NT 6.0; WOW64; Trident/4.0; SLCC1; .NET CLR 2.0.50727; .NET CLR 3.5.21022; .NET CLR 3.5.30729; .NET CLR 3.0.30729; .NET4.0C; .NET4.0E; MS-RTC LM 8)"
195.49.224.20 - - [05/Jul/2013:14:55:44 +0200] "GET /templates/gk_penguinmail/images/menu_sprite.png HTTP/1.1" 404 2467 "http://www.straman.de/" "Mozilla/4.0 (compatible; MSIE 8.0; Windows NT 6.0; WOW64; Trident/4.0; SLCC1; .NET CLR 2.0.50727; .NET CLR 3.5.21022; .NET CLR 3.5.30729; .NET CLR 3.0.30729; .NET4.0C; .NET4.0E; MS-RTC LM 8)"
195.49.224.20 - - [05/Jul/2013:14:55:44 +0200] "GET /templates/gk_penguinmail/favicon.ico HTTP/1.1" 200 5686 "-" "Mozilla/4.0 (compatible; MSIE 8.0; Windows NT 6.0; WOW64; Trident/4.0; SLCC1; .NET CLR 2.0.50727; .NET CLR 3.5.21022; .NET CLR 3.5.30729; .NET CLR 3.0.30729; .NET4.0C; .NET4.0E; MS-RTC LM 8)"
195.49.224.20 - - [05/Jul/2013:14:56:51 +0200] "GET /servicebereiche/gebaeudemanagement.html HTTP/1.1" 200 16787 "http://www.straman.de/" "Mozilla/4.0 (compatible; MSIE 8.0; Windows NT 6.0; WOW64; Trident/4.0; SLCC1; .NET CLR 2.0.50727; .NET CLR 3.5.21022; .NET CLR 3.5.30729; .NET CLR 3.0.30729; .NET4.0C; .NET4.0E; MS-RTC LM 8)"
195.49.224.20 - - [05/Jul/2013:14:56:51 +0200] "GET /templates/gk_penguinmail/css/template_tgm.css HTTP/1.1" 200 109 "http://www.straman.de/servicebereiche/gebaeudemanagement.html" "Mozilla/4.0 (compatible; MSIE 8.0; Windows NT 6.0; WOW64; Trident/4.0; SLCC1; .NET CLR 2.0.50727; .NET CLR 3.5.21022; .NET CLR 3.5.30729; .NET CLR 3.0.30729; .NET4.0C; .NET4.0E; MS-RTC LM 8)"
195.49.224.20 - - [05/Jul/2013:14:56:51 +0200] "GET /templates/gk_penguinmail/images/grau1.jpg HTTP/1.1" 200 32162 "http://www.straman.de/servicebereiche/gebaeudemanagement.html" "Mozilla/4.0 (compatible; MSIE 8.0; Windows NT 6.0; WOW64; Trident/4.0; SLCC1; .NET CLR 2.0.50727; .NET CLR 3.5.21022; .NET CLR 3.5.30729; .NET CLR 3.0.30729; .NET4.0C; .NET4.0E; MS-RTC LM 8)"
195.49.224.20 - - [05/Jul/2013:14:56:52 +0200] "GET /templates/gk_penguinmail/images/printButton.png HTTP/1.1" 200 442 "http://www.straman.de/servicebereiche/gebaeudemanagement.html" "Mozilla/4.0 (compatible; MSIE 8.0; Windows NT 6.0; WOW64; Trident/4.0; SLCC1; .NET CLR 2.0.50727; .NET CLR 3.5.21022; .NET CLR 3.5.30729; .NET CLR 3.0.30729; .NET4.0C; .NET4.0E; MS-RTC LM 8)"
195.49.224.20 - - [05/Jul/2013:14:56:52 +0200] "GET /templates/gk_penguinmail/images/emailButton.png HTTP/1.1" 200 365 "http://www.straman.de/servicebereiche/gebaeudemanagement.html" "Mozilla/4.0 (compatible; MSIE 8.0; Windows NT 6.0; WOW64; Trident/4.0; SLCC1; .NET CLR 2.0.50727; .NET CLR 3.5.21022; .NET CLR 3.5.30729; .NET CLR 3.0.30729; .NET4.0C; .NET4.0E; MS-RTC LM 8)"
195.49.224.20 - - [05/Jul/2013:14:56:52 +0200] "GET /templates/gk_penguinmail/images/toolsFont.png HTTP/1.1" 200 467 "http://www.straman.de/servicebereiche/gebaeudemanagement.html" "Mozilla/4.0 (compatible; MSIE 8.0; Windows NT 6.0; WOW64; Trident/4.0; SLCC1; .NET CLR 2.0.50727; .NET CLR 3.5.21022; .NET CLR 3.5.30729; .NET CLR 3.0.30729; .NET4.0C; .NET4.0E; MS-RTC LM 8)"
195.49.224.20 - - [05/Jul/2013:14:56:52 +0200] "GET /images/tgm_001.jpg HTTP/1.1" 200 73001 "http://www.straman.de/servicebereiche/gebaeudemanagement.html" "Mozilla/4.0 (compatible; MSIE 8.0; Windows NT 6.0; WOW64; Trident/4.0; SLCC1; .NET CLR 2.0.50727; .NET CLR 3.5.21022; .NET CLR 3.5.30729; .NET CLR 3.0.30729; .NET4.0C; .NET4.0E; MS-RTC LM 8)"
195.49.224.20 - - [05/Jul/2013:14:56:52 +0200] "GET /images/header_orange.png HTTP/1.1" 200 36919 "http://www.straman.de/servicebereiche/gebaeudemanagement.html" "Mozilla/4.0 (compatible; MSIE 8.0; Windows NT 6.0; WOW64; Trident/4.0; SLCC1; .NET CLR 2.0.50727; .NET CLR 3.5.21022; .NET CLR 3.5.30729; .NET CLR 3.0.30729; .NET4.0C; .NET4.0E; MS-RTC LM 8)"
195.49.224.20 - - [05/Jul/2013:14:56:52 +0200] "GET /templates/gk_penguinmail/images/menu_sprite.png HTTP/1.1" 404 2467 "http://www.straman.de/servicebereiche/gebaeudemanagement.html" "Mozilla/4.0 (compatible; MSIE 8.0; Windows NT 6.0; WOW64; Trident/4.0; SLCC1; .NET CLR 2.0.50727; .NET CLR 3.5.21022; .NET CLR 3.5.30729; .NET CLR 3.0.30729; .NET4.0C; .NET4.0E; MS-RTC LM 8)"
195.49.224.20 - - [05/Jul/2013:14:56:59 +0200] "GET /templates/gk_penguinmail/images/menu_sprite.png HTTP/1.1" 404 2467 "http://www.straman.de/" "Mozilla/4.0 (compatible; MSIE 8.0; Windows NT 6.0; WOW64; Trident/4.0; SLCC1; .NET CLR 2.0.50727; .NET CLR 3.5.21022; .NET CLR 3.5.30729; .NET CLR 3.0.30729; .NET4.0C; .NET4.0E; MS-RTC LM 8)"
195.49.224.20 - - [05/Jul/2013:14:57:03 +0200] "GET /servicebereiche/gruenanlagenpflege.html HTTP/1.1" 200 23604 "http://www.straman.de/" "Mozilla/4.0 (compatible; MSIE 8.0; Windows NT 6.0; WOW64; Trident/4.0; SLCC1; .NET CLR 2.0.50727; .NET CLR 3.5.21022; .NET CLR 3.5.30729; .NET CLR 3.0.30729; .NET4.0C; .NET4.0E; MS-RTC LM 8)"
195.49.224.20 - - [05/Jul/2013:14:57:05 +0200] "GET /templates/gk_penguinmail/css/template_gruenanlage.css HTTP/1.1" 200 114 "http://www.straman.de/servicebereiche/gruenanlagenpflege.html" "Mozilla/4.0 (compatible; MSIE 8.0; Windows NT 6.0; WOW64; Trident/4.0; SLCC1; .NET CLR 2.0.50727; .NET CLR 3.5.21022; .NET CLR 3.5.30729; .NET CLR 3.0.30729; .NET4.0C; .NET4.0E; MS-RTC LM 8)"
195.49.224.20 - - [05/Jul/2013:14:57:05 +0200] "GET /templates/gk_penguinmail/images/gruen1.png HTTP/1.1" 200 65374 "http://www.straman.de/servicebereiche/gruenanlagenpflege.html" "Mozilla/4.0 (compatible; MSIE 8.0; Windows NT 6.0; WOW64; Trident/4.0; SLCC1; .NET CLR 2.0.50727; .NET CLR 3.5.21022; .NET CLR 3.5.30729; .NET CLR 3.0.30729; .NET4.0C; .NET4.0E; MS-RTC LM 8)"
195.49.224.20 - - [05/Jul/2013:14:57:05 +0200] "GET /templates/gk_penguinmail/images/style3/typography/bullet_squ1_color.png HTTP/1.1" 200 149 "http://www.straman.de/servicebereiche/gruenanlagenpflege.html" "Mozilla/4.0 (compatible; MSIE 8.0; Windows NT 6.0; WOW64; Trident/4.0; SLCC1; .NET CLR 2.0.50727; .NET CLR 3.5.21022; .NET CLR 3.5.30729; .NET CLR 3.0.30729; .NET4.0C; .NET4.0E; MS-RTC LM 8)"
195.49.224.20 - - [05/Jul/2013:14:57:05 +0200] "GET /images/galabau_001.jpg HTTP/1.1" 200 110927 "http://www.straman.de/servicebereiche/gruenanlagenpflege.html" "Mozilla/4.0 (compatible; MSIE 8.0; Windows NT 6.0; WOW64; Trident/4.0; SLCC1; .NET CLR 2.0.50727; .NET CLR 3.5.21022; .NET CLR 3.5.30729; .NET CLR 3.0.30729; .NET4.0C; .NET4.0E; MS-RTC LM 8)"
195.49.224.20 - - [05/Jul/2013:14:57:05 +0200] "GET /images/glastour_020.jpg HTTP/1.1" 200 80249 "http://www.straman.de/servicebereiche/gruenanlagenpflege.html" "Mozilla/4.0 (compatible; MSIE 8.0; Windows NT 6.0; WOW64; Trident/4.0; SLCC1; .NET CLR 2.0.50727; .NET CLR 3.5.21022; .NET CLR 3.5.30729; .NET CLR 3.0.30729; .NET4.0C; .NET4.0E; MS-RTC LM 8)"
195.49.224.20 - - [05/Jul/2013:14:57:05 +0200] "GET /templates/gk_penguinmail/images/menu_sprite.png HTTP/1.1" 404 2467 "http://www.straman.de/servicebereiche/gruenanlagenpflege.html" "Mozilla/4.0 (compatible; MSIE 8.0; Windows NT 6.0; WOW64; Trident/4.0; SLCC1; .NET CLR 2.0.50727; .NET CLR 3.5.21022; .NET CLR 3.5.30729; .NET CLR 3.0.30729; .NET4.0C; .NET4.0E; MS-RTC LM 8)"
195.49.224.20 - - [05/Jul/2013:14:57:05 +0200] "GET /images/banner_besch_728x90.jpg HTTP/1.1" 200 634555 "http://www.straman.de/servicebereiche/gruenanlagenpflege.html" "Mozilla/4.0 (compatible; MSIE 8.0; Windows NT 6.0; WOW64; Trident/4.0; SLCC1; .NET CLR 2.0.50727; .NET CLR 3.5.21022; .NET CLR 3.5.30729; .NET CLR 3.0.30729; .NET4.0C; .NET4.0E; MS-RTC LM 8)"
195.49.224.20 - - [05/Jul/2013:14:57:19 +0200] "GET /templates/gk_penguinmail/images/menu_sprite.png HTTP/1.1" 404 2467 "http://www.straman.de/" "Mozilla/4.0 (compatible; MSIE 8.0; Windows NT 6.0; WOW64; Trident/4.0; SLCC1; .NET CLR 2.0.50727; .NET CLR 3.5.21022; .NET CLR 3.5.30729; .NET CLR 3.0.30729; .NET4.0C; .NET4.0E; MS-RTC LM 8)"
195.49.224.20 - - [05/Jul/2013:14:57:21 +0200] "GET /servicebereiche/strassenreinigung.html HTTP/1.1" 200 18849 "http://www.straman.de/" "Mozilla/4.0 (compatible; MSIE 8.0; Windows NT 6.0; WOW64; Trident/4.0; SLCC1; .NET CLR 2.0.50727; .NET CLR 3.5.21022; .NET CLR 3.5.30729; .NET CLR 3.0.30729; .NET4.0C; .NET4.0E; MS-RTC LM 8)"
195.49.224.20 - - [05/Jul/2013:14:57:21 +0200] "GET /templates/gk_penguinmail/css/template_unterseiten.css HTTP/1.1" 200 115 "http://www.straman.de/servicebereiche/strassenreinigung.html" "Mozilla/4.0 (compatible; MSIE 8.0; Windows NT 6.0; WOW64; Trident/4.0; SLCC1; .NET CLR 2.0.50727; .NET CLR 3.5.21022; .NET CLR 3.5.30729; .NET CLR 3.0.30729; .NET4.0C; .NET4.0E; MS-RTC LM 8)"
195.49.224.20 - - [05/Jul/2013:14:57:22 +0200] "GET /templates/gk_penguinmail/images/menu_sprite.png HTTP/1.1" 404 2467 "http://www.straman.de/servicebereiche/strassenreinigung.html" "Mozilla/4.0 (compatible; MSIE 8.0; Windows NT 6.0; WOW64; Trident/4.0; SLCC1; .NET CLR 2.0.50727; .NET CLR 3.5.21022; .NET CLR 3.5.30729; .NET CLR 3.0.30729; .NET4.0C; .NET4.0E; MS-RTC LM 8)"
195.49.224.20 - - [05/Jul/2013:14:57:22 +0200] "GET /images/strarein_001.jpg HTTP/1.1" 200 180942 "http://www.straman.de/servicebereiche/strassenreinigung.html" "Mozilla/4.0 (compatible; MSIE 8.0; Windows NT 6.0; WOW64; Trident/4.0; SLCC1; .NET CLR 2.0.50727; .NET CLR 3.5.21022; .NET CLR 3.5.30729; .NET CLR 3.0.30729; .NET4.0C; .NET4.0E; MS-RTC LM 8)"
195.49.224.20 - - [05/Jul/2013:14:57:22 +0200] "GET /images/strarein_002.jpg HTTP/1.1" 200 195679 "http://www.straman.de/servicebereiche/strassenreinigung.html" "Mozilla/4.0 (compatible; MSIE 8.0; Windows NT 6.0; WOW64; Trident/4.0; SLCC1; .NET CLR 2.0.50727; .NET CLR 3.5.21022; .NET CLR 3.5.30729; .NET CLR 3.0.30729; .NET4.0C; .NET4.0E; MS-RTC LM 8)"
195.49.224.20 - - [05/Jul/2013:14:57:44 +0200] "GET /referenzen.html HTTP/1.1" 200 19762 "http://www.straman.de/servicebereiche/strassenreinigung.html" "Mozilla/4.0 (compatible; MSIE 8.0; Windows NT 6.0; WOW64; Trident/4.0; SLCC1; .NET CLR 2.0.50727; .NET CLR 3.5.21022; .NET CLR 3.5.30729; .NET CLR 3.0.30729; .NET4.0C; .NET4.0E; MS-RTC LM 8)"
195.49.224.20 - - [05/Jul/2013:14:57:45 +0200] "GET /templates/gk_penguinmail/images/menu_sprite.png HTTP/1.1" 404 2467 "http://www.straman.de/referenzen.html" "Mozilla/4.0 (compatible; MSIE 8.0; Windows NT 6.0; WOW64; Trident/4.0; SLCC1; .NET CLR 2.0.50727; .NET CLR 3.5.21022; .NET CLR 3.5.30729; .NET CLR 3.0.30729; .NET4.0C; .NET4.0E; MS-RTC LM 8)"
195.49.224.20 - - [05/Jul/2013:14:57:45 +0200] "GET /images/header3.png HTTP/1.1" 200 29760 "http://www.straman.de/referenzen.html" "Mozilla/4.0 (compatible; MSIE 8.0; Windows NT 6.0; WOW64; Trident/4.0; SLCC1; .NET CLR 2.0.50727; .NET CLR 3.5.21022; .NET CLR 3.5.30729; .NET CLR 3.0.30729; .NET4.0C; .NET4.0E; MS-RTC LM 8)"
195.49.224.20 - - [05/Jul/2013:14:58:03 +0200] "GET /downloadbereich.html HTTP/1.1" 200 15433 "http://www.straman.de/referenzen.html" "Mozilla/4.0 (compatible; MSIE 8.0; Windows NT 6.0; WOW64; Trident/4.0; SLCC1; .NET CLR 2.0.50727; .NET CLR 3.5.21022; .NET CLR 3.5.30729; .NET CLR 3.0.30729; .NET4.0C; .NET4.0E; MS-RTC LM 8)"
195.49.224.20 - - [05/Jul/2013:14:58:03 +0200] "GET /templates/gk_penguinmail/css/template_download.css HTTP/1.1" 200 107 "http://www.straman.de/downloadbereich.html" "Mozilla/4.0 (compatible; MSIE 8.0; Windows NT 6.0; WOW64; Trident/4.0; SLCC1; .NET CLR 2.0.50727; .NET CLR 3.5.21022; .NET CLR 3.5.30729; .NET CLR 3.0.30729; .NET4.0C; .NET4.0E; MS-RTC LM 8)"
195.49.224.20 - - [05/Jul/2013:14:58:03 +0200] "GET /templates/gk_penguinmail/images/red1.jpg HTTP/1.1" 200 34987 "http://www.straman.de/downloadbereich.html" "Mozilla/4.0 (compatible; MSIE 8.0; Windows NT 6.0; WOW64; Trident/4.0; SLCC1; .NET CLR 2.0.50727; .NET CLR 3.5.21022; .NET CLR 3.5.30729; .NET CLR 3.0.30729; .NET4.0C; .NET4.0E; MS-RTC LM 8)"
195.49.224.20 - - [05/Jul/2013:14:58:04 +0200] "GET /images/M_images/pdf_button.png HTTP/1.1" 200 582 "http://www.straman.de/downloadbereich.html" "Mozilla/4.0 (compatible; MSIE 8.0; Windows NT 6.0; WOW64; Trident/4.0; SLCC1; .NET CLR 2.0.50727; .NET CLR 3.5.21022; .NET CLR 3.5.30729; .NET CLR 3.0.30729; .NET4.0C; .NET4.0E; MS-RTC LM 8)"
195.49.224.20 - - [05/Jul/2013:14:58:04 +0200] "GET /templates/gk_penguinmail/images/menu_sprite.png HTTP/1.1" 404 2467 "http://www.straman.de/downloadbereich.html" "Mozilla/4.0 (compatible; MSIE 8.0; Windows NT 6.0; WOW64; Trident/4.0; SLCC1; .NET CLR 2.0.50727; .NET CLR 3.5.21022; .NET CLR 3.5.30729; .NET CLR 3.0.30729; .NET4.0C; .NET4.0E; MS-RTC LM 8)"
195.49.224.20 - - [05/Jul/2013:14:58:12 +0200] "GET /images/a4_seite_download.pdf HTTP/1.1" 200 2152465 "http://www.straman.de/downloadbereich.html" "Mozilla/4.0 (compatible; MSIE 8.0; Windows NT 6.0; WOW64; Trident/4.0; SLCC1; .NET CLR 2.0.50727; .NET CLR 3.5.21022; .NET CLR 3.5.30729; .NET CLR 3.0.30729; .NET4.0C; .NET4.0E; MS-RTC LM 8)"
157.55.36.45 - - [05/Jul/2013:15:00:32 +0200] "GET /servicebereiche/strassenreinigung/58.html HTTP/1.1" 200 17542 "-" "Mozilla/5.0 (compatible; bingbot/2.0; +http://www.bing.com/bingbot.htm)"
141.8.147.12 - - [05/Jul/2013:15:12:01 +0200] "GET /unternehmen/standorte/58.html HTTP/1.1" 200 17070 "-" "Mozilla/5.0 (compatible; YandexBot/3.0; +http://yandex.com/bots)"
195.49.224.20 - - [05/Jul/2013:15:13:47 +0200] "GET / HTTP/1.1" 200 16854 "http://www.google.de/url?sa=t&rct=j&q=stramann%20winterdienst%20berlin&source=web&cd=1&ved=0CD4QFjAA&url=http%3A%2F%2Fwww.straman.de%2F&ei=T8bWUdfaNor3sgaI74GwAw&usg=AFQjCNEpeUQQKOp_93iUUo8XSnpqrpjMzA&bvm=bv.48705608,d.Yms" "Mozilla/4.0 (compatible; MSIE 8.0; Windows NT 6.0; WOW64; Trident/4.0; SLCC1; .NET CLR 2.0.50727; .NET CLR 3.5.21022; .NET CLR 3.5.30729; .NET CLR 3.0.30729; .NET4.0C; .NET4.0E; MS-RTC LM 8)"
195.49.224.20 - - [05/Jul/2013:15:13:48 +0200] "GET /templates/gk_penguinmail/css/typo.css HTTP/1.1" 200 15356 "http://www.straman.de/" "Mozilla/4.0 (compatible; MSIE 8.0; Windows NT 6.0; WOW64; Trident/4.0; SLCC1; .NET CLR 2.0.50727; .NET CLR 3.5.21022; .NET CLR 3.5.30729; .NET CLR 3.0.30729; .NET4.0C; .NET4.0E; MS-RTC LM 8)"
195.49.224.20 - - [05/Jul/2013:15:13:48 +0200] "GET /templates/gk_penguinmail/css/layout.css HTTP/1.1" 200 1684 "http://www.straman.de/" "Mozilla/4.0 (compatible; MSIE 8.0; Windows NT 6.0; WOW64; Trident/4.0; SLCC1; .NET CLR 2.0.50727; .NET CLR 3.5.21022; .NET CLR 3.5.30729; .NET CLR 3.0.30729; .NET4.0C; .NET4.0E; MS-RTC LM 8)"
195.49.224.20 - - [05/Jul/2013:15:13:48 +0200] "GET /templates/gk_penguinmail/js/gk.script.js HTTP/1.1" 200 4585 "http://www.straman.de/" "Mozilla/4.0 (compatible; MSIE 8.0; Windows NT 6.0; WOW64; Trident/4.0; SLCC1; .NET CLR 2.0.50727; .NET CLR 3.5.21022; .NET CLR 3.5.30729; .NET CLR 3.0.30729; .NET4.0C; .NET4.0E; MS-RTC LM 8)"
195.49.224.20 - - [05/Jul/2013:15:13:48 +0200] "GET /templates/gk_penguinmail/css/override.css HTTP/1.1" 200 3916 "http://www.straman.de/" "Mozilla/4.0 (compatible; MSIE 8.0; Windows NT 6.0; WOW64; Trident/4.0; SLCC1; .NET CLR 2.0.50727; .NET CLR 3.5.21022; .NET CLR 3.5.30729; .NET CLR 3.0.30729; .NET4.0C; .NET4.0E; MS-RTC LM 8)"
195.49.224.20 - - [05/Jul/2013:15:13:48 +0200] "GET /templates/gk_penguinmail/css/style3.css HTTP/1.1" 200 13892 "http://www.straman.de/" "Mozilla/4.0 (compatible; MSIE 8.0; Windows NT 6.0; WOW64; Trident/4.0; SLCC1; .NET CLR 2.0.50727; .NET CLR 3.5.21022; .NET CLR 3.5.30729; .NET CLR 3.0.30729; .NET4.0C; .NET4.0E; MS-RTC LM 8)"
195.49.224.20 - - [05/Jul/2013:15:13:48 +0200] "GET /templates/gk_penguinmail/fonts/PT-Seans/stylesheet.css HTTP/1.1" 200 2445 "http://www.straman.de/" "Mozilla/4.0 (compatible; MSIE 8.0; Windows NT 6.0; WOW64; Trident/4.0; SLCC1; .NET CLR 2.0.50727; .NET CLR 3.5.21022; .NET CLR 3.5.30729; .NET CLR 3.0.30729; .NET4.0C; .NET4.0E; MS-RTC LM 8)"
195.49.224.20 - - [05/Jul/2013:15:13:48 +0200] "GET /templates/gk_penguinmail/css/joomla.css HTTP/1.1" 200 14242 "http://www.straman.de/" "Mozilla/4.0 (compatible; MSIE 8.0; Windows NT 6.0; WOW64; Trident/4.0; SLCC1; .NET CLR 2.0.50727; .NET CLR 3.5.21022; .NET CLR 3.5.30729; .NET CLR 3.0.30729; .NET4.0C; .NET4.0E; MS-RTC LM 8)"
195.49.224.20 - - [05/Jul/2013:15:13:48 +0200] "GET /templates/gk_penguinmail/js/domready_fix.js HTTP/1.1" 200 1340 "http://www.straman.de/" "Mozilla/4.0 (compatible; MSIE 8.0; Windows NT 6.0; WOW64; Trident/4.0; SLCC1; .NET CLR 2.0.50727; .NET CLR 3.5.21022; .NET CLR 3.5.30729; .NET CLR 3.0.30729; .NET4.0C; .NET4.0E; MS-RTC LM 8)"
195.49.224.20 - - [05/Jul/2013:15:13:48 +0200] "GET /templates/gk_penguinmail/css/ie8.css HTTP/1.1" 200 1153 "http://www.straman.de/" "Mozilla/4.0 (compatible; MSIE 8.0; Windows NT 6.0; WOW64; Trident/4.0; SLCC1; .NET CLR 2.0.50727; .NET CLR 3.5.21022; .NET CLR 3.5.30729; .NET CLR 3.0.30729; .NET4.0C; .NET4.0E; MS-RTC LM 8)"
195.49.224.20 - - [05/Jul/2013:15:13:48 +0200] "GET /media/system/js/caption.js HTTP/1.1" 200 1963 "http://www.straman.de/" "Mozilla/4.0 (compatible; MSIE 8.0; Windows NT 6.0; WOW64; Trident/4.0; SLCC1; .NET CLR 2.0.50727; .NET CLR 3.5.21022; .NET CLR 3.5.30729; .NET CLR 3.0.30729; .NET4.0C; .NET4.0E; MS-RTC LM 8)"
195.49.224.20 - - [05/Jul/2013:15:13:48 +0200] "GET /templates/gk_penguinmail/css/menu/mega.css HTTP/1.1" 200 4575 "http://www.straman.de/" "Mozilla/4.0 (compatible; MSIE 8.0; Windows NT 6.0; WOW64; Trident/4.0; SLCC1; .NET CLR 2.0.50727; .NET CLR 3.5.21022; .NET CLR 3.5.30729; .NET CLR 3.0.30729; .NET4.0C; .NET4.0E; MS-RTC LM 8)"
195.49.224.20 - - [05/Jul/2013:15:13:48 +0200] "GET /templates/gk_penguinmail/js/menu/mega.js HTTP/1.1" 200 12974 "http://www.straman.de/" "Mozilla/4.0 (compatible; MSIE 8.0; Windows NT 6.0; WOW64; Trident/4.0; SLCC1; .NET CLR 2.0.50727; .NET CLR 3.5.21022; .NET CLR 3.5.30729; .NET CLR 3.0.30729; .NET4.0C; .NET4.0E; MS-RTC LM 8)"
195.49.224.20 - - [05/Jul/2013:15:13:48 +0200] "GET /media/system/js/mootools.js HTTP/1.1" 200 74434 "http://www.straman.de/" "Mozilla/4.0 (compatible; MSIE 8.0; Windows NT 6.0; WOW64; Trident/4.0; SLCC1; .NET CLR 2.0.50727; .NET CLR 3.5.21022; .NET CLR 3.5.30729; .NET CLR 3.0.30729; .NET4.0C; .NET4.0E; MS-RTC LM 8)"
195.49.224.20 - - [05/Jul/2013:15:13:48 +0200] "GET /templates/gk_penguinmail/fonts/PT-Seans/PTN57F-webfont.eot HTTP/1.1" 200 25908 "http://www.straman.de/" "Mozilla/4.0 (compatible; MSIE 8.0; Windows NT 6.0; WOW64; Trident/4.0; SLCC1; .NET CLR 2.0.50727; .NET CLR 3.5.21022; .NET CLR 3.5.30729; .NET CLR 3.0.30729; .NET4.0C; .NET4.0E; MS-RTC LM 8)"
195.49.224.20 - - [05/Jul/2013:15:13:48 +0200] "GET /templates/gk_penguinmail/fonts/PT-Seans/PTS75F-webfont.eot HTTP/1.1" 200 25456 "http://www.straman.de/" "Mozilla/4.0 (compatible; MSIE 8.0; Windows NT 6.0; WOW64; Trident/4.0; SLCC1; .NET CLR 2.0.50727; .NET CLR 3.5.21022; .NET CLR 3.5.30729; .NET CLR 3.0.30729; .NET4.0C; .NET4.0E; MS-RTC LM 8)"
195.49.224.20 - - [05/Jul/2013:15:13:48 +0200] "GET /templates/gk_penguinmail/fonts/PT-Seans/PTS76F-webfont.eot HTTP/1.1" 200 29352 "http://www.straman.de/" "Mozilla/4.0 (compatible; MSIE 8.0; Windows NT 6.0; WOW64; Trident/4.0; SLCC1; .NET CLR 2.0.50727; .NET CLR 3.5.21022; .NET CLR 3.5.30729; .NET CLR 3.0.30729; .NET4.0C; .NET4.0E; MS-RTC LM 8)"
195.49.224.20 - - [05/Jul/2013:15:13:48 +0200] "GET /templates/gk_penguinmail/fonts/PT-Seans/PTS56F-webfont.eot HTTP/1.1" 200 30512 "http://www.straman.de/" "Mozilla/4.0 (compatible; MSIE 8.0; Windows NT 6.0; WOW64; Trident/4.0; SLCC1; .NET CLR 2.0.50727; .NET CLR 3.5.21022; .NET CLR 3.5.30729; .NET CLR 3.0.30729; .NET4.0C; .NET4.0E; MS-RTC LM 8)"
195.49.224.20 - - [05/Jul/2013:15:13:48 +0200] "GET /templates/gk_penguinmail/fonts/PT-Seans/PTC75F-webfont.eot HTTP/1.1" 200 26512 "http://www.straman.de/" "Mozilla/4.0 (compatible; MSIE 8.0; Windows NT 6.0; WOW64; Trident/4.0; SLCC1; .NET CLR 2.0.50727; .NET CLR 3.5.21022; .NET CLR 3.5.30729; .NET CLR 3.0.30729; .NET4.0C; .NET4.0E; MS-RTC LM 8)"
195.49.224.20 - - [05/Jul/2013:15:13:48 +0200] "GET /templates/gk_penguinmail/fonts/PT-Seans/PTS55F-webfont.eot HTTP/1.1" 200 26928 "http://www.straman.de/" "Mozilla/4.0 (compatible; MSIE 8.0; Windows NT 6.0; WOW64; Trident/4.0; SLCC1; .NET CLR 2.0.50727; .NET CLR 3.5.21022; .NET CLR 3.5.30729; .NET CLR 3.0.30729; .NET4.0C; .NET4.0E; MS-RTC LM 8)"
195.49.224.20 - - [05/Jul/2013:15:13:48 +0200] "GET /templates/gk_penguinmail/fonts/PT-Seans/PTN77F-webfont.eot HTTP/1.1" 200 25028 "http://www.straman.de/" "Mozilla/4.0 (compatible; MSIE 8.0; Windows NT 6.0; WOW64; Trident/4.0; SLCC1; .NET CLR 2.0.50727; .NET CLR 3.5.21022; .NET CLR 3.5.30729; .NET CLR 3.0.30729; .NET4.0C; .NET4.0E; MS-RTC LM 8)"
195.49.224.20 - - [05/Jul/2013:15:13:48 +0200] "GET /templates/gk_penguinmail/images/style3/glow.jpg HTTP/1.1" 200 18301 "http://www.straman.de/" "Mozilla/4.0 (compatible; MSIE 8.0; Windows NT 6.0; WOW64; Trident/4.0; SLCC1; .NET CLR 2.0.50727; .NET CLR 3.5.21022; .NET CLR 3.5.30729; .NET CLR 3.0.30729; .NET4.0C; .NET4.0E; MS-RTC LM 8)"
195.49.224.20 - - [05/Jul/2013:15:13:48 +0200] "GET /templates/gk_penguinmail/fonts/PT-Seans/PTC55F-webfont.eot HTTP/1.1" 200 27716 "http://www.straman.de/" "Mozilla/4.0 (compatible; MSIE 8.0; Windows NT 6.0; WOW64; Trident/4.0; SLCC1; .NET CLR 2.0.50727; .NET CLR 3.5.21022; .NET CLR 3.5.30729; .NET CLR 3.0.30729; .NET4.0C; .NET4.0E; MS-RTC LM 8)"
195.49.224.20 - - [05/Jul/2013:15:13:48 +0200] "GET /templates/gk_penguinmail/images/style3/menu_sprite.png HTTP/1.1" 200 450 "http://www.straman.de/" "Mozilla/4.0 (compatible; MSIE 8.0; Windows NT 6.0; WOW64; Trident/4.0; SLCC1; .NET CLR 2.0.50727; .NET CLR 3.5.21022; .NET CLR 3.5.30729; .NET CLR 3.0.30729; .NET4.0C; .NET4.0E; MS-RTC LM 8)"
195.49.224.20 - - [05/Jul/2013:15:13:48 +0200] "GET /images/gmm2.jpg HTTP/1.1" 200 47432 "http://www.straman.de/" "Mozilla/4.0 (compatible; MSIE 8.0; Windows NT 6.0; WOW64; Trident/4.0; SLCC1; .NET CLR 2.0.50727; .NET CLR 3.5.21022; .NET CLR 3.5.30729; .NET CLR 3.0.30729; .NET4.0C; .NET4.0E; MS-RTC LM 8)"
195.49.224.20 - - [05/Jul/2013:15:13:48 +0200] "GET /images/galabau_002.jpg HTTP/1.1" 200 42117 "http://www.straman.de/" "Mozilla/4.0 (compatible; MSIE 8.0; Windows NT 6.0; WOW64; Trident/4.0; SLCC1; .NET CLR 2.0.50727; .NET CLR 3.5.21022; .NET CLR 3.5.30729; .NET CLR 3.0.30729; .NET4.0C; .NET4.0E; MS-RTC LM 8)"
195.49.224.20 - - [05/Jul/2013:15:13:48 +0200] "GET /images/kontaktformular.jpg HTTP/1.1" 200 42791 "http://www.straman.de/" "Mozilla/4.0 (compatible; MSIE 8.0; Windows NT 6.0; WOW64; Trident/4.0; SLCC1; .NET CLR 2.0.50727; .NET CLR 3.5.21022; .NET CLR 3.5.30729; .NET CLR 3.0.30729; .NET4.0C; .NET4.0E; MS-RTC LM 8)"
195.49.224.20 - - [05/Jul/2013:15:13:48 +0200] "GET /images/winterdienst_005.jpg HTTP/1.1" 200 48793 "http://www.straman.de/" "Mozilla/4.0 (compatible; MSIE 8.0; Windows NT 6.0; WOW64; Trident/4.0; SLCC1; .NET CLR 2.0.50727; .NET CLR 3.5.21022; .NET CLR 3.5.30729; .NET CLR 3.0.30729; .NET4.0C; .NET4.0E; MS-RTC LM 8)"
195.49.224.20 - - [05/Jul/2013:15:13:48 +0200] "GET /images/list_check.png HTTP/1.1" 200 3488 "http://www.straman.de/" "Mozilla/4.0 (compatible; MSIE 8.0; Windows NT 6.0; WOW64; Trident/4.0; SLCC1; .NET CLR 2.0.50727; .NET CLR 3.5.21022; .NET CLR 3.5.30729; .NET CLR 3.0.30729; .NET4.0C; .NET4.0E; MS-RTC LM 8)"
195.49.224.20 - - [05/Jul/2013:15:13:48 +0200] "GET /templates/gk_penguinmail/images/logo.png HTTP/1.1" 200 6608 "http://www.straman.de/" "Mozilla/4.0 (compatible; MSIE 8.0; Windows NT 6.0; WOW64; Trident/4.0; SLCC1; .NET CLR 2.0.50727; .NET CLR 3.5.21022; .NET CLR 3.5.30729; .NET CLR 3.0.30729; .NET4.0C; .NET4.0E; MS-RTC LM 8)"
195.49.224.20 - - [05/Jul/2013:15:13:48 +0200] "GET /templates/gk_penguinmail/images/menu_sprite.png HTTP/1.1" 404 2467 "http://www.straman.de/" "Mozilla/4.0 (compatible; MSIE 8.0; Windows NT 6.0; WOW64; Trident/4.0; SLCC1; .NET CLR 2.0.50727; .NET CLR 3.5.21022; .NET CLR 3.5.30729; .NET CLR 3.0.30729; .NET4.0C; .NET4.0E; MS-RTC LM 8)"
195.49.224.20 - - [05/Jul/2013:15:13:48 +0200] "GET /images/header_neu.png HTTP/1.1" 200 340608 "http://www.straman.de/" "Mozilla/4.0 (compatible; MSIE 8.0; Windows NT 6.0; WOW64; Trident/4.0; SLCC1; .NET CLR 2.0.50727; .NET CLR 3.5.21022; .NET CLR 3.5.30729; .NET CLR 3.0.30729; .NET4.0C; .NET4.0E; MS-RTC LM 8)"
195.49.224.20 - - [05/Jul/2013:15:14:12 +0200] "GET /unternehmen/standorte.html HTTP/1.1" 200 17507 "http://www.straman.de/" "Mozilla/4.0 (compatible; MSIE 8.0; Windows NT 6.0; WOW64; Trident/4.0; SLCC1; .NET CLR 2.0.50727; .NET CLR 3.5.21022; .NET CLR 3.5.30729; .NET CLR 3.0.30729; .NET4.0C; .NET4.0E; MS-RTC LM 8)"
195.49.224.20 - - [05/Jul/2013:15:14:13 +0200] "GET /templates/gk_penguinmail/images/toolsFont.png HTTP/1.1" 200 467 "http://www.straman.de/unternehmen/standorte.html" "Mozilla/4.0 (compatible; MSIE 8.0; Windows NT 6.0; WOW64; Trident/4.0; SLCC1; .NET CLR 2.0.50727; .NET CLR 3.5.21022; .NET CLR 3.5.30729; .NET CLR 3.0.30729; .NET4.0C; .NET4.0E; MS-RTC LM 8)"
195.49.224.20 - - [05/Jul/2013:15:14:13 +0200] "GET /images/karte-standorte.png HTTP/1.1" 200 62546 "http://www.straman.de/unternehmen/standorte.html" "Mozilla/4.0 (compatible; MSIE 8.0; Windows NT 6.0; WOW64; Trident/4.0; SLCC1; .NET CLR 2.0.50727; .NET CLR 3.5.21022; .NET CLR 3.5.30729; .NET CLR 3.0.30729; .NET4.0C; .NET4.0E; MS-RTC LM 8)"
195.49.224.20 - - [05/Jul/2013:15:14:13 +0200] "GET /templates/gk_penguinmail/images/menu_sprite.png HTTP/1.1" 404 2467 "http://www.straman.de/unternehmen/standorte.html" "Mozilla/4.0 (compatible; MSIE 8.0; Windows NT 6.0; WOW64; Trident/4.0; SLCC1; .NET CLR 2.0.50727; .NET CLR 3.5.21022; .NET CLR 3.5.30729; .NET CLR 3.0.30729; .NET4.0C; .NET4.0E; MS-RTC LM 8)"
193.175.73.207 - - [05/Jul/2013:15:18:48 +0200] "GET / HTTP/1.1" 200 16854 "-" "Mozilla/5.0 (compatible; MSIE 9.0; Windows NT 6.1; Trident/5.0)"
193.175.73.207 - - [05/Jul/2013:15:18:48 +0200] "GET /templates/system/css/system.css HTTP/1.1" 200 1385 "http://www.straman.de/" "Mozilla/5.0 (compatible; MSIE 9.0; Windows NT 6.1; Trident/5.0)"
193.175.73.207 - - [05/Jul/2013:15:18:48 +0200] "GET /templates/gk_penguinmail/css/addons.css HTTP/1.1" 200 2644 "http://www.straman.de/" "Mozilla/5.0 (compatible; MSIE 9.0; Windows NT 6.1; Trident/5.0)"
193.175.73.207 - - [05/Jul/2013:15:18:48 +0200] "GET /templates/gk_penguinmail/css/joomla.css HTTP/1.1" 200 14242 "http://www.straman.de/" "Mozilla/5.0 (compatible; MSIE 9.0; Windows NT 6.1; Trident/5.0)"
193.175.73.207 - - [05/Jul/2013:15:18:48 +0200] "GET /templates/gk_penguinmail/css/layout.css HTTP/1.1" 200 1684 "http://www.straman.de/" "Mozilla/5.0 (compatible; MSIE 9.0; Windows NT 6.1; Trident/5.0)"
193.175.73.207 - - [05/Jul/2013:15:18:48 +0200] "GET /templates/system/css/general.css HTTP/1.1" 200 2777 "http://www.straman.de/" "Mozilla/5.0 (compatible; MSIE 9.0; Windows NT 6.1; Trident/5.0)"
193.175.73.207 - - [05/Jul/2013:15:18:48 +0200] "GET /templates/gk_penguinmail/css/template.css HTTP/1.1" 200 9192 "http://www.straman.de/" "Mozilla/5.0 (compatible; MSIE 9.0; Windows NT 6.1; Trident/5.0)"
193.175.73.207 - - [05/Jul/2013:15:18:48 +0200] "GET /templates/gk_penguinmail/css/typo.css HTTP/1.1" 200 15356 "http://www.straman.de/" "Mozilla/5.0 (compatible; MSIE 9.0; Windows NT 6.1; Trident/5.0)"
193.175.73.207 - - [05/Jul/2013:15:18:48 +0200] "GET /templates/gk_penguinmail/css/css3_style3.css HTTP/1.1" 200 2980 "http://www.straman.de/" "Mozilla/5.0 (compatible; MSIE 9.0; Windows NT 6.1; Trident/5.0)"
193.175.73.207 - - [05/Jul/2013:15:18:48 +0200] "GET /templates/gk_penguinmail/css/gk_stuff.css HTTP/1.1" 200 12799 "http://www.straman.de/" "Mozilla/5.0 (compatible; MSIE 9.0; Windows NT 6.1; Trident/5.0)"
193.175.73.207 - - [05/Jul/2013:15:18:48 +0200] "GET /templates/gk_penguinmail/css/override.css HTTP/1.1" 200 3916 "http://www.straman.de/" "Mozilla/5.0 (compatible; MSIE 9.0; Windows NT 6.1; Trident/5.0)"
193.175.73.207 - - [05/Jul/2013:15:18:48 +0200] "GET /media/system/js/caption.js HTTP/1.1" 200 1963 "http://www.straman.de/" "Mozilla/5.0 (compatible; MSIE 9.0; Windows NT 6.1; Trident/5.0)"
193.175.73.207 - - [05/Jul/2013:15:18:48 +0200] "GET /templates/gk_penguinmail/css/menu/mega.css HTTP/1.1" 200 4575 "http://www.straman.de/" "Mozilla/5.0 (compatible; MSIE 9.0; Windows NT 6.1; Trident/5.0)"
193.175.73.207 - - [05/Jul/2013:15:18:48 +0200] "GET /templates/gk_penguinmail/js/gk.script.js HTTP/1.1" 200 4585 "http://www.straman.de/" "Mozilla/5.0 (compatible; MSIE 9.0; Windows NT 6.1; Trident/5.0)"
193.175.73.207 - - [05/Jul/2013:15:18:48 +0200] "GET /media/system/js/mootools.js HTTP/1.1" 200 74434 "http://www.straman.de/" "Mozilla/5.0 (compatible; MSIE 9.0; Windows NT 6.1; Trident/5.0)"
193.175.73.207 - - [05/Jul/2013:15:18:48 +0200] "GET /templates/gk_penguinmail/js/menu/mega.js HTTP/1.1" 200 12974 "http://www.straman.de/" "Mozilla/5.0 (compatible; MSIE 9.0; Windows NT 6.1; Trident/5.0)"
193.175.73.207 - - [05/Jul/2013:15:18:48 +0200] "GET /templates/gk_penguinmail/fonts/PT-Seans/stylesheet.css HTTP/1.1" 200 2445 "http://www.straman.de/" "Mozilla/5.0 (compatible; MSIE 9.0; Windows NT 6.1; Trident/5.0)"
193.175.73.207 - - [05/Jul/2013:15:18:48 +0200] "GET /images/galabau_002.jpg HTTP/1.1" 200 42117 "http://www.straman.de/" "Mozilla/5.0 (compatible; MSIE 9.0; Windows NT 6.1; Trident/5.0)"
193.175.73.207 - - [05/Jul/2013:15:18:48 +0200] "GET /images/winterdienst_005.jpg HTTP/1.1" 200 48793 "http://www.straman.de/" "Mozilla/5.0 (compatible; MSIE 9.0; Windows NT 6.1; Trident/5.0)"
193.175.73.207 - - [05/Jul/2013:15:18:48 +0200] "GET /images/kontaktformular.jpg HTTP/1.1" 200 42791 "http://www.straman.de/" "Mozilla/5.0 (compatible; MSIE 9.0; Windows NT 6.1; Trident/5.0)"
193.175.73.207 - - [05/Jul/2013:15:18:48 +0200] "GET /images/gmm2.jpg HTTP/1.1" 200 47432 "http://www.straman.de/" "Mozilla/5.0 (compatible; MSIE 9.0; Windows NT 6.1; Trident/5.0)"
193.175.73.207 - - [05/Jul/2013:15:18:48 +0200] "GET /images/header_neu.png HTTP/1.1" 200 340608 "http://www.straman.de/" "Mozilla/5.0 (compatible; MSIE 9.0; Windows NT 6.1; Trident/5.0)"
193.175.73.207 - - [05/Jul/2013:15:18:49 +0200] "GET /templates/gk_penguinmail/css/style3.css HTTP/1.1" 200 13892 "http://www.straman.de/" "Mozilla/5.0 (compatible; MSIE 9.0; Windows NT 6.1; Trident/5.0)"
193.175.73.207 - - [05/Jul/2013:15:18:50 +0200] "GET /templates/gk_penguinmail/js/domready_fix.js HTTP/1.1" 200 1340 "http://www.straman.de/" "Mozilla/5.0 (compatible; MSIE 9.0; Windows NT 6.1; Trident/5.0)"
193.175.73.207 - - [05/Jul/2013:15:18:50 +0200] "GET /templates/gk_penguinmail/images/style3/glow.jpg HTTP/1.1" 200 18301 "http://www.straman.de/" "Mozilla/5.0 (compatible; MSIE 9.0; Windows NT 6.1; Trident/5.0)"
193.175.73.207 - - [05/Jul/2013:15:18:50 +0200] "GET /templates/gk_penguinmail/images/style3/menu_sprite.png HTTP/1.1" 200 450 "http://www.straman.de/" "Mozilla/5.0 (compatible; MSIE 9.0; Windows NT 6.1; Trident/5.0)"
193.175.73.207 - - [05/Jul/2013:15:18:50 +0200] "GET /images/list_check.png HTTP/1.1" 200 3488 "http://www.straman.de/" "Mozilla/5.0 (compatible; MSIE 9.0; Windows NT 6.1; Trident/5.0)"
193.175.73.207 - - [05/Jul/2013:15:18:50 +0200] "GET /templates/gk_penguinmail/images/logo.png HTTP/1.1" 200 6608 "http://www.straman.de/" "Mozilla/5.0 (compatible; MSIE 9.0; Windows NT 6.1; Trident/5.0)"
193.175.73.207 - - [05/Jul/2013:15:18:50 +0200] "GET /templates/gk_penguinmail/images/menu_sprite.png HTTP/1.1" 404 2467 "http://www.straman.de/" "Mozilla/5.0 (compatible; MSIE 9.0; Windows NT 6.1; Trident/5.0)"
193.175.73.207 - - [05/Jul/2013:15:18:50 +0200] "GET /templates/gk_penguinmail/favicon.ico HTTP/1.1" 200 5686 "-" "Mozilla/5.0 (compatible; MSIE 9.0; Windows NT 6.1; Trident/5.0)"
193.175.73.207 - - [05/Jul/2013:15:19:00 +0200] "GET /referenzen.html HTTP/1.1" 200 19762 "http://www.straman.de/" "Mozilla/5.0 (compatible; MSIE 9.0; Windows NT 6.1; Trident/5.0)"
193.175.73.207 - - [05/Jul/2013:15:19:00 +0200] "GET /templates/gk_penguinmail/css/template_unterseiten.css HTTP/1.1" 200 115 "http://www.straman.de/referenzen.html" "Mozilla/5.0 (compatible; MSIE 9.0; Windows NT 6.1; Trident/5.0)"
193.175.73.207 - - [05/Jul/2013:15:19:00 +0200] "GET /images/header3.png HTTP/1.1" 200 29760 "http://www.straman.de/referenzen.html" "Mozilla/5.0 (compatible; MSIE 9.0; Windows NT 6.1; Trident/5.0)"
193.175.73.207 - - [05/Jul/2013:15:19:00 +0200] "GET /templates/gk_penguinmail/images/emailButton.png HTTP/1.1" 200 365 "http://www.straman.de/referenzen.html" "Mozilla/5.0 (compatible; MSIE 9.0; Windows NT 6.1; Trident/5.0)"
193.175.73.207 - - [05/Jul/2013:15:19:00 +0200] "GET /templates/gk_penguinmail/images/printButton.png HTTP/1.1" 200 442 "http://www.straman.de/referenzen.html" "Mozilla/5.0 (compatible; MSIE 9.0; Windows NT 6.1; Trident/5.0)"
193.175.73.207 - - [05/Jul/2013:15:19:00 +0200] "GET /images/banner_besch_728x90.jpg HTTP/1.1" 200 634555 "http://www.straman.de/referenzen.html" "Mozilla/5.0 (compatible; MSIE 9.0; Windows NT 6.1; Trident/5.0)"
193.175.73.207 - - [05/Jul/2013:15:19:01 +0200] "GET /templates/gk_penguinmail/images/toolsFont.png HTTP/1.1" 200 467 "http://www.straman.de/referenzen.html" "Mozilla/5.0 (compatible; MSIE 9.0; Windows NT 6.1; Trident/5.0)"
193.175.73.207 - - [05/Jul/2013:15:19:01 +0200] "GET /templates/gk_penguinmail/images/menu_sprite.png HTTP/1.1" 404 2467 "http://www.straman.de/referenzen.html" "Mozilla/5.0 (compatible; MSIE 9.0; Windows NT 6.1; Trident/5.0)"
66.249.78.60 - - [05/Jul/2013:15:24:21 +0200] "GET /servicebereiche/infrastr-gebaeudemanagement.html HTTP/1.1" 200 9817 "-" "Mozilla/5.0 (iPhone; U; CPU iPhone OS 4_1 like Mac OS X; en-us) AppleWebKit/532.9 (KHTML, like Gecko) Version/4.0.5 Mobile/8B117 Safari/6531.22.7 (compatible; Googlebot-Mobile/2.1; +http://www.google.com/bot.html)"
199.19.249.196 - - [05/Jul/2013:15:30:00 +0200] "GET / HTTP/1.1" 200 16854 "-" "Mozilla/4.0 (compatible; MSIE 7.0; Windows NT 5.1; InfoPath.1; .NET CLR 2.0.50727; .NET CLR 1.1.4322; MS-RTC LM 8; .NET CLR 3.0.4506.2152; .NET CLR 3.5.30729)"
194.31.225.222 - - [05/Jul/2013:15:30:01 +0200] "GET / HTTP/1.1" 200 16854 "-" "Mozilla/4.0 (compatible; MSIE 8.0; Windows NT 5.1; Trident/4.0; .NET CLR 1.1.4322; .NET CLR 2.0.50727; .NET CLR 3.0.4506.2152; .NET CLR 3.5.30729; .NET4.0C; .NET4.0E)"
194.31.225.222 - - [05/Jul/2013:15:30:01 +0200] "GET /templates/gk_penguinmail/favicon.ico HTTP/1.1" 200 5686 "http://www.straman.de/" "Mozilla/4.0 (compatible; MSIE 8.0; Windows NT 5.1; Trident/4.0; .NET CLR 1.1.4322; .NET CLR 2.0.50727; .NET CLR 3.0.4506.2152; .NET CLR 3.5.30729; .NET4.0C; .NET4.0E)"
194.31.225.222 - - [05/Jul/2013:15:30:01 +0200] "GET /templates/system/css/system.css HTTP/1.1" 200 1385 "http://www.straman.de/" "Mozilla/4.0 (compatible; MSIE 8.0; Windows NT 5.1; Trident/4.0; .NET CLR 1.1.4322; .NET CLR 2.0.50727; .NET CLR 3.0.4506.2152; .NET CLR 3.5.30729; .NET4.0C; .NET4.0E)"
194.31.225.222 - - [05/Jul/2013:15:30:01 +0200] "GET /templates/system/css/general.css HTTP/1.1" 200 2777 "http://www.straman.de/" "Mozilla/4.0 (compatible; MSIE 8.0; Windows NT 5.1; Trident/4.0; .NET CLR 1.1.4322; .NET CLR 2.0.50727; .NET CLR 3.0.4506.2152; .NET CLR 3.5.30729; .NET4.0C; .NET4.0E)"
194.31.225.222 - - [05/Jul/2013:15:30:01 +0200] "GET /templates/gk_penguinmail/css/template.css HTTP/1.1" 200 9192 "http://www.straman.de/" "Mozilla/4.0 (compatible; MSIE 8.0; Windows NT 5.1; Trident/4.0; .NET CLR 1.1.4322; .NET CLR 2.0.50727; .NET CLR 3.0.4506.2152; .NET CLR 3.5.30729; .NET4.0C; .NET4.0E)"
194.31.225.222 - - [05/Jul/2013:15:30:01 +0200] "GET /templates/gk_penguinmail/css/joomla.css HTTP/1.1" 200 14242 "http://www.straman.de/" "Mozilla/4.0 (compatible; MSIE 8.0; Windows NT 5.1; Trident/4.0; .NET CLR 1.1.4322; .NET CLR 2.0.50727; .NET CLR 3.0.4506.2152; .NET CLR 3.5.30729; .NET4.0C; .NET4.0E)"
194.31.225.222 - - [05/Jul/2013:15:30:01 +0200] "GET /templates/gk_penguinmail/css/css3_style3.css HTTP/1.1" 200 2980 "http://www.straman.de/" "Mozilla/4.0 (compatible; MSIE 8.0; Windows NT 5.1; Trident/4.0; .NET CLR 1.1.4322; .NET CLR 2.0.50727; .NET CLR 3.0.4506.2152; .NET CLR 3.5.30729; .NET4.0C; .NET4.0E)"
194.31.225.222 - - [05/Jul/2013:15:30:01 +0200] "GET /templates/gk_penguinmail/css/addons.css HTTP/1.1" 304 - "http://www.straman.de/" "Mozilla/4.0 (compatible; MSIE 8.0; Windows NT 5.1; Trident/4.0; .NET CLR 1.1.4322; .NET CLR 2.0.50727; .NET CLR 3.0.4506.2152; .NET CLR 3.5.30729; .NET4.0C; .NET4.0E)"
194.31.225.222 - - [05/Jul/2013:15:30:01 +0200] "GET /templates/gk_penguinmail/css/style3.css HTTP/1.1" 200 13892 "http://www.straman.de/" "Mozilla/4.0 (compatible; MSIE 8.0; Windows NT 5.1; Trident/4.0; .NET CLR 1.1.4322; .NET CLR 2.0.50727; .NET CLR 3.0.4506.2152; .NET CLR 3.5.30729; .NET4.0C; .NET4.0E)"
194.31.225.222 - - [05/Jul/2013:15:30:01 +0200] "GET /templates/gk_penguinmail/css/gk_stuff.css HTTP/1.1" 304 - "http://www.straman.de/" "Mozilla/4.0 (compatible; MSIE 8.0; Windows NT 5.1; Trident/4.0; .NET CLR 1.1.4322; .NET CLR 2.0.50727; .NET CLR 3.0.4506.2152; .NET CLR 3.5.30729; .NET4.0C; .NET4.0E)"
199.19.249.196 - - [05/Jul/2013:15:30:01 +0200] "GET /index.php?format=feed&type=rss HTTP/1.1" 200 521 "-" "Mozilla/4.0 (compatible; MSIE 7.0; Windows NT 5.1; InfoPath.1; .NET CLR 2.0.50727; .NET CLR 1.1.4322; MS-RTC LM 8; .NET CLR 3.0.4506.2152; .NET CLR 3.5.30729)"
199.19.249.196 - - [05/Jul/2013:15:30:01 +0200] "GET /index.php?format=feed&type=atom HTTP/1.1" 200 521 "-" "Mozilla/4.0 (compatible; MSIE 7.0; Windows NT 5.1; InfoPath.1; .NET CLR 2.0.50727; .NET CLR 1.1.4322; MS-RTC LM 8; .NET CLR 3.0.4506.2152; .NET CLR 3.5.30729)"
194.31.225.222 - - [05/Jul/2013:15:30:01 +0200] "GET /images/winterdienst_005.jpg HTTP/1.1" 200 48793 "http://www.straman.de/" "Mozilla/4.0 (compatible; MSIE 8.0; Windows NT 5.1; Trident/4.0; .NET CLR 1.1.4322; .NET CLR 2.0.50727; .NET CLR 3.0.4506.2152; .NET CLR 3.5.30729; .NET4.0C; .NET4.0E)"
194.31.225.222 - - [05/Jul/2013:15:30:01 +0200] "GET /images/kontaktformular.jpg HTTP/1.1" 200 42791 "http://www.straman.de/" "Mozilla/4.0 (compatible; MSIE 8.0; Windows NT 5.1; Trident/4.0; .NET CLR 1.1.4322; .NET CLR 2.0.50727; .NET CLR 3.0.4506.2152; .NET CLR 3.5.30729; .NET4.0C; .NET4.0E)"
194.31.225.222 - - [05/Jul/2013:15:30:01 +0200] "GET /images/galabau_002.jpg HTTP/1.1" 200 42117 "http://www.straman.de/" "Mozilla/4.0 (compatible; MSIE 8.0; Windows NT 5.1; Trident/4.0; .NET CLR 1.1.4322; .NET CLR 2.0.50727; .NET CLR 3.0.4506.2152; .NET CLR 3.5.30729; .NET4.0C; .NET4.0E)"
194.31.225.222 - - [05/Jul/2013:15:30:02 +0200] "GET /templates/gk_penguinmail/css/typo.css HTTP/1.1" 304 - "http://www.straman.de/" "Mozilla/4.0 (compatible; MSIE 8.0; Windows NT 5.1; Trident/4.0; .NET CLR 1.1.4322; .NET CLR 2.0.50727; .NET CLR 3.0.4506.2152; .NET CLR 3.5.30729; .NET4.0C; .NET4.0E)"
194.31.225.222 - - [05/Jul/2013:15:30:02 +0200] "GET /media/system/js/mootools.js HTTP/1.1" 304 - "http://www.straman.de/" "Mozilla/4.0 (compatible; MSIE 8.0; Windows NT 5.1; Trident/4.0; .NET CLR 1.1.4322; .NET CLR 2.0.50727; .NET CLR 3.0.4506.2152; .NET CLR 3.5.30729; .NET4.0C; .NET4.0E)"
194.31.225.222 - - [05/Jul/2013:15:30:02 +0200] "GET /templates/gk_penguinmail/js/domready_fix.js HTTP/1.1" 304 - "http://www.straman.de/" "Mozilla/4.0 (compatible; MSIE 8.0; Windows NT 5.1; Trident/4.0; .NET CLR 1.1.4322; .NET CLR 2.0.50727; .NET CLR 3.0.4506.2152; .NET CLR 3.5.30729; .NET4.0C; .NET4.0E)"
194.31.225.222 - - [05/Jul/2013:15:30:02 +0200] "GET /media/system/js/caption.js HTTP/1.1" 304 - "http://www.straman.de/" "Mozilla/4.0 (compatible; MSIE 8.0; Windows NT 5.1; Trident/4.0; .NET CLR 1.1.4322; .NET CLR 2.0.50727; .NET CLR 3.0.4506.2152; .NET CLR 3.5.30729; .NET4.0C; .NET4.0E)"
194.31.225.222 - - [05/Jul/2013:15:30:02 +0200] "GET /templates/gk_penguinmail/js/gk.script.js HTTP/1.1" 304 - "http://www.straman.de/" "Mozilla/4.0 (compatible; MSIE 8.0; Windows NT 5.1; Trident/4.0; .NET CLR 1.1.4322; .NET CLR 2.0.50727; .NET CLR 3.0.4506.2152; .NET CLR 3.5.30729; .NET4.0C; .NET4.0E)"
194.31.225.222 - - [05/Jul/2013:15:30:02 +0200] "GET /templates/gk_penguinmail/css/ie8.css HTTP/1.1" 304 - "http://www.straman.de/" "Mozilla/4.0 (compatible; MSIE 8.0; Windows NT 5.1; Trident/4.0; .NET CLR 1.1.4322; .NET CLR 2.0.50727; .NET CLR 3.0.4506.2152; .NET CLR 3.5.30729; .NET4.0C; .NET4.0E)"
194.31.225.222 - - [05/Jul/2013:15:30:02 +0200] "GET /templates/gk_penguinmail/css/menu/mega.css HTTP/1.1" 304 - "http://www.straman.de/" "Mozilla/4.0 (compatible; MSIE 8.0; Windows NT 5.1; Trident/4.0; .NET CLR 1.1.4322; .NET CLR 2.0.50727; .NET CLR 3.0.4506.2152; .NET CLR 3.5.30729; .NET4.0C; .NET4.0E)"
194.31.225.222 - - [05/Jul/2013:15:30:03 +0200] "GET /templates/gk_penguinmail/js/menu/mega.js HTTP/1.1" 304 - "http://www.straman.de/" "Mozilla/4.0 (compatible; MSIE 8.0; Windows NT 5.1; Trident/4.0; .NET CLR 1.1.4322; .NET CLR 2.0.50727; .NET CLR 3.0.4506.2152; .NET CLR 3.5.30729; .NET4.0C; .NET4.0E)"
194.31.225.222 - - [05/Jul/2013:15:30:03 +0200] "GET /templates/gk_penguinmail/fonts/PT-Seans/stylesheet.css HTTP/1.1" 304 - "http://www.straman.de/" "Mozilla/4.0 (compatible; MSIE 8.0; Windows NT 5.1; Trident/4.0; .NET CLR 1.1.4322; .NET CLR 2.0.50727; .NET CLR 3.0.4506.2152; .NET CLR 3.5.30729; .NET4.0C; .NET4.0E)"
194.31.225.222 - - [05/Jul/2013:15:30:03 +0200] "GET /templates/gk_penguinmail/css/layout.css HTTP/1.1" 304 - "http://www.straman.de/" "Mozilla/4.0 (compatible; MSIE 8.0; Windows NT 5.1; Trident/4.0; .NET CLR 1.1.4322; .NET CLR 2.0.50727; .NET CLR 3.0.4506.2152; .NET CLR 3.5.30729; .NET4.0C; .NET4.0E)"
194.31.225.222 - - [05/Jul/2013:15:30:03 +0200] "GET /index.php?format=feed&type=atom HTTP/1.1" 200 521 "http://www.straman.de/" "Mozilla/4.0 (compatible; MSIE 8.0; Windows NT 5.1; Trident/4.0; .NET CLR 1.1.4322; .NET CLR 2.0.50727; .NET CLR 3.0.4506.2152; .NET CLR 3.5.30729; .NET4.0C; .NET4.0E)"
194.31.225.222 - - [05/Jul/2013:15:30:03 +0200] "GET /index.php?format=feed&type=rss HTTP/1.1" 200 521 "http://www.straman.de/" "Mozilla/4.0 (compatible; MSIE 8.0; Windows NT 5.1; Trident/4.0; .NET CLR 1.1.4322; .NET CLR 2.0.50727; .NET CLR 3.0.4506.2152; .NET CLR 3.5.30729; .NET4.0C; .NET4.0E)"
194.31.225.222 - - [05/Jul/2013:15:30:03 +0200] "GET /templates/gk_penguinmail/css/override.css HTTP/1.1" 304 - "http://www.straman.de/" "Mozilla/4.0 (compatible; MSIE 8.0; Windows NT 5.1; Trident/4.0; .NET CLR 1.1.4322; .NET CLR 2.0.50727; .NET CLR 3.0.4506.2152; .NET CLR 3.5.30729; .NET4.0C; .NET4.0E)"
199.19.249.196 - - [05/Jul/2013:15:30:03 +0200] "GET /templates/gk_penguinmail/fonts/PT-Seans/PTC75F-webfont.eot HTTP/1.1" 200 26512 "-" "Mozilla/4.0 (compatible; MSIE 7.0; Windows NT 5.1; InfoPath.1; .NET CLR 2.0.50727; .NET CLR 1.1.4322; MS-RTC LM 8; .NET CLR 3.0.4506.2152; .NET CLR 3.5.30729)"
194.31.225.222 - - [05/Jul/2013:15:30:03 +0200] "GET /templates/gk_penguinmail/fonts/PT-Seans/PTC75F-webfont.eot HTTP/1.1" 200 26512 "http://www.straman.de/" "Mozilla/4.0 (compatible; MSIE 8.0; Windows NT 5.1; Trident/4.0; .NET CLR 1.1.4322; .NET CLR 2.0.50727; .NET CLR 3.0.4506.2152; .NET CLR 3.5.30729; .NET4.0C; .NET4.0E)"
199.19.249.196 - - [05/Jul/2013:15:30:03 +0200] "GET /templates/gk_penguinmail/fonts/PT-Seans/PTN57F-webfont.eot HTTP/1.1" 200 25908 "-" "Mozilla/4.0 (compatible; MSIE 7.0; Windows NT 5.1; InfoPath.1; .NET CLR 2.0.50727; .NET CLR 1.1.4322; MS-RTC LM 8; .NET CLR 3.0.4506.2152; .NET CLR 3.5.30729)"
194.31.225.222 - - [05/Jul/2013:15:30:03 +0200] "GET /templates/gk_penguinmail/fonts/PT-Seans/PTN57F-webfont.eot HTTP/1.1" 200 25908 "http://www.straman.de/" "Mozilla/4.0 (compatible; MSIE 8.0; Windows NT 5.1; Trident/4.0; .NET CLR 1.1.4322; .NET CLR 2.0.50727; .NET CLR 3.0.4506.2152; .NET CLR 3.5.30729; .NET4.0C; .NET4.0E)"
199.19.249.196 - - [05/Jul/2013:15:30:04 +0200] "GET /templates/gk_penguinmail/fonts/PT-Seans/PTC55F-webfont.eot HTTP/1.1" 200 27716 "-" "Mozilla/4.0 (compatible; MSIE 7.0; Windows NT 5.1; InfoPath.1; .NET CLR 2.0.50727; .NET CLR 1.1.4322; MS-RTC LM 8; .NET CLR 3.0.4506.2152; .NET CLR 3.5.30729)"
194.31.225.222 - - [05/Jul/2013:15:30:04 +0200] "GET /templates/gk_penguinmail/fonts/PT-Seans/PTC55F-webfont.eot HTTP/1.1" 304 - "http://www.straman.de/" "Mozilla/4.0 (compatible; MSIE 8.0; Windows NT 5.1; Trident/4.0; .NET CLR 1.1.4322; .NET CLR 2.0.50727; .NET CLR 3.0.4506.2152; .NET CLR 3.5.30729; .NET4.0C; .NET4.0E)"
199.19.249.196 - - [05/Jul/2013:15:30:04 +0200] "GET /templates/gk_penguinmail/fonts/PT-Seans/PTS76F-webfont.eot HTTP/1.1" 200 29352 "-" "Mozilla/4.0 (compatible; MSIE 7.0; Windows NT 5.1; InfoPath.1; .NET CLR 2.0.50727; .NET CLR 1.1.4322; MS-RTC LM 8; .NET CLR 3.0.4506.2152; .NET CLR 3.5.30729)"
194.31.225.222 - - [05/Jul/2013:15:30:04 +0200] "GET /templates/gk_penguinmail/fonts/PT-Seans/PTS76F-webfont.eot HTTP/1.1" 304 - "http://www.straman.de/" "Mozilla/4.0 (compatible; MSIE 8.0; Windows NT 5.1; Trident/4.0; .NET CLR 1.1.4322; .NET CLR 2.0.50727; .NET CLR 3.0.4506.2152; .NET CLR 3.5.30729; .NET4.0C; .NET4.0E)"
199.19.249.196 - - [05/Jul/2013:15:30:04 +0200] "GET /templates/gk_penguinmail/fonts/PT-Seans/PTS75F-webfont.eot HTTP/1.1" 200 25456 "-" "Mozilla/4.0 (compatible; MSIE 7.0; Windows NT 5.1; InfoPath.1; .NET CLR 2.0.50727; .NET CLR 1.1.4322; MS-RTC LM 8; .NET CLR 3.0.4506.2152; .NET CLR 3.5.30729)"
194.31.225.222 - - [05/Jul/2013:15:30:04 +0200] "GET /templates/gk_penguinmail/fonts/PT-Seans/PTS75F-webfont.eot HTTP/1.1" 200 25456 "http://www.straman.de/" "Mozilla/4.0 (compatible; MSIE 8.0; Windows NT 5.1; Trident/4.0; .NET CLR 1.1.4322; .NET CLR 2.0.50727; .NET CLR 3.0.4506.2152; .NET CLR 3.5.30729; .NET4.0C; .NET4.0E)"
199.19.249.196 - - [05/Jul/2013:15:30:04 +0200] "GET /templates/gk_penguinmail/fonts/PT-Seans/PTS56F-webfont.eot HTTP/1.1" 200 30512 "-" "Mozilla/4.0 (compatible; MSIE 7.0; Windows NT 5.1; InfoPath.1; .NET CLR 2.0.50727; .NET CLR 1.1.4322; MS-RTC LM 8; .NET CLR 3.0.4506.2152; .NET CLR 3.5.30729)"
194.31.225.222 - - [05/Jul/2013:15:30:04 +0200] "GET /templates/gk_penguinmail/fonts/PT-Seans/PTS56F-webfont.eot HTTP/1.1" 304 - "http://www.straman.de/" "Mozilla/4.0 (compatible; MSIE 8.0; Windows NT 5.1; Trident/4.0; .NET CLR 1.1.4322; .NET CLR 2.0.50727; .NET CLR 3.0.4506.2152; .NET CLR 3.5.30729; .NET4.0C; .NET4.0E)"
199.19.249.196 - - [05/Jul/2013:15:30:04 +0200] "GET /templates/gk_penguinmail/fonts/PT-Seans/PTS55F-webfont.eot HTTP/1.1" 200 26928 "-" "Mozilla/4.0 (compatible; MSIE 7.0; Windows NT 5.1; InfoPath.1; .NET CLR 2.0.50727; .NET CLR 1.1.4322; MS-RTC LM 8; .NET CLR 3.0.4506.2152; .NET CLR 3.5.30729)"
194.31.225.222 - - [05/Jul/2013:15:30:04 +0200] "GET /templates/gk_penguinmail/fonts/PT-Seans/PTS55F-webfont.eot HTTP/1.1" 200 26928 "http://www.straman.de/" "Mozilla/4.0 (compatible; MSIE 8.0; Windows NT 5.1; Trident/4.0; .NET CLR 1.1.4322; .NET CLR 2.0.50727; .NET CLR 3.0.4506.2152; .NET CLR 3.5.30729; .NET4.0C; .NET4.0E)"
199.19.249.196 - - [05/Jul/2013:15:30:04 +0200] "GET /templates/gk_penguinmail/fonts/PT-Seans/PTN77F-webfont.eot HTTP/1.1" 200 25028 "-" "Mozilla/4.0 (compatible; MSIE 7.0; Windows NT 5.1; InfoPath.1; .NET CLR 2.0.50727; .NET CLR 1.1.4322; MS-RTC LM 8; .NET CLR 3.0.4506.2152; .NET CLR 3.5.30729)"
194.31.225.222 - - [05/Jul/2013:15:30:04 +0200] "GET /templates/gk_penguinmail/images/style3/glow.jpg HTTP/1.1" 200 18301 "http://www.straman.de/" "Mozilla/4.0 (compatible; MSIE 8.0; Windows NT 5.1; Trident/4.0; .NET CLR 1.1.4322; .NET CLR 2.0.50727; .NET CLR 3.0.4506.2152; .NET CLR 3.5.30729; .NET4.0C; .NET4.0E)"
