88.72.226.178 - - [03/Apr/2013:12:29:48 +0200] "GET /templates/gk_penguinmail/css/template.css HTTP/1.1" 200 8935 "http://www.straman.de/unternehmen/jobs.html" "Mozilla/4.0 (compatible; MSIE 8.0; Windows NT 5.1; Trident/4.0; .NET CLR 2.0.50727; .NET CLR 3.0.4506.2152; .NET CLR 3.5.30729; InfoPath.2; .NET4.0C; .NET4.0E)"
88.72.226.178 - - [03/Apr/2013:12:29:48 +0200] "GET /templates/gk_penguinmail/css/joomla.css HTTP/1.1" 200 14242 "http://www.straman.de/unternehmen/jobs.html" "Mozilla/4.0 (compatible; MSIE 8.0; Windows NT 5.1; Trident/4.0; .NET CLR 2.0.50727; .NET CLR 3.0.4506.2152; .NET CLR 3.5.30729; InfoPath.2; .NET4.0C; .NET4.0E)"
88.72.226.178 - - [03/Apr/2013:12:29:48 +0200] "GET /templates/gk_penguinmail/css/addons.css HTTP/1.1" 200 2644 "http://www.straman.de/unternehmen/jobs.html" "Mozilla/4.0 (compatible; MSIE 8.0; Windows NT 5.1; Trident/4.0; .NET CLR 2.0.50727; .NET CLR 3.0.4506.2152; .NET CLR 3.5.30729; InfoPath.2; .NET4.0C; .NET4.0E)"
88.72.226.178 - - [03/Apr/2013:12:29:48 +0200] "GET /templates/gk_penguinmail/css/layout.css HTTP/1.1" 200 1684 "http://www.straman.de/unternehmen/jobs.html" "Mozilla/4.0 (compatible; MSIE 8.0; Windows NT 5.1; Trident/4.0; .NET CLR 2.0.50727; .NET CLR 3.0.4506.2152; .NET CLR 3.5.30729; InfoPath.2; .NET4.0C; .NET4.0E)"
88.72.226.178 - - [03/Apr/2013:12:29:48 +0200] "GET /templates/system/css/general.css HTTP/1.1" 200 2777 "http://www.straman.de/unternehmen/jobs.html" "Mozilla/4.0 (compatible; MSIE 8.0; Windows NT 5.1; Trident/4.0; .NET CLR 2.0.50727; .NET CLR 3.0.4506.2152; .NET CLR 3.5.30729; InfoPath.2; .NET4.0C; .NET4.0E)"
88.72.226.178 - - [03/Apr/2013:12:29:48 +0200] "GET /templates/gk_penguinmail/css/gk_stuff.css HTTP/1.1" 200 12799 "http://www.straman.de/unternehmen/jobs.html" "Mozilla/4.0 (compatible; MSIE 8.0; Windows NT 5.1; Trident/4.0; .NET CLR 2.0.50727; .NET CLR 3.0.4506.2152; .NET CLR 3.5.30729; InfoPath.2; .NET4.0C; .NET4.0E)"
88.72.226.178 - - [03/Apr/2013:12:29:49 +0200] "GET /templates/gk_penguinmail/css/typo.css HTTP/1.1" 200 15356 "http://www.straman.de/unternehmen/jobs.html" "Mozilla/4.0 (compatible; MSIE 8.0; Windows NT 5.1; Trident/4.0; .NET CLR 2.0.50727; .NET CLR 3.0.4506.2152; .NET CLR 3.5.30729; InfoPath.2; .NET4.0C; .NET4.0E)"
88.72.226.178 - - [03/Apr/2013:12:29:49 +0200] "GET /templates/gk_penguinmail/css/css3_style3.css HTTP/1.1" 200 2876 "http://www.straman.de/unternehmen/jobs.html" "Mozilla/4.0 (compatible; MSIE 8.0; Windows NT 5.1; Trident/4.0; .NET CLR 2.0.50727; .NET CLR 3.0.4506.2152; .NET CLR 3.5.30729; InfoPath.2; .NET4.0C; .NET4.0E)"
88.72.226.178 - - [03/Apr/2013:12:29:49 +0200] "GET /templates/gk_penguinmail/css/style3.css HTTP/1.1" 304 - "http://www.straman.de/unternehmen/jobs.html" "Mozilla/4.0 (compatible; MSIE 8.0; Windows NT 5.1; Trident/4.0; .NET CLR 2.0.50727; .NET CLR 3.0.4506.2152; .NET CLR 3.5.30729; InfoPath.2; .NET4.0C; .NET4.0E)"
88.72.226.178 - - [03/Apr/2013:12:29:49 +0200] "GET /templates/gk_penguinmail/css/override.css HTTP/1.1" 200 3594 "http://www.straman.de/unternehmen/jobs.html" "Mozilla/4.0 (compatible; MSIE 8.0; Windows NT 5.1; Trident/4.0; .NET CLR 2.0.50727; .NET CLR 3.0.4506.2152; .NET CLR 3.5.30729; InfoPath.2; .NET4.0C; .NET4.0E)"
88.72.226.178 - - [03/Apr/2013:12:29:49 +0200] "GET /templates/gk_penguinmail/js/domready_fix.js HTTP/1.1" 304 - "http://www.straman.de/unternehmen/jobs.html" "Mozilla/4.0 (compatible; MSIE 8.0; Windows NT 5.1; Trident/4.0; .NET CLR 2.0.50727; .NET CLR 3.0.4506.2152; .NET CLR 3.5.30729; InfoPath.2; .NET4.0C; .NET4.0E)"
88.72.226.178 - - [03/Apr/2013:12:29:49 +0200] "GET /media/system/js/caption.js HTTP/1.1" 200 1963 "http://www.straman.de/unternehmen/jobs.html" "Mozilla/4.0 (compatible; MSIE 8.0; Windows NT 5.1; Trident/4.0; .NET CLR 2.0.50727; .NET CLR 3.0.4506.2152; .NET CLR 3.5.30729; InfoPath.2; .NET4.0C; .NET4.0E)"
88.72.226.178 - - [03/Apr/2013:12:29:49 +0200] "GET /templates/gk_penguinmail/js/gk.script.js HTTP/1.1" 200 4585 "http://www.straman.de/unternehmen/jobs.html" "Mozilla/4.0 (compatible; MSIE 8.0; Windows NT 5.1; Trident/4.0; .NET CLR 2.0.50727; .NET CLR 3.0.4506.2152; .NET CLR 3.5.30729; InfoPath.2; .NET4.0C; .NET4.0E)"
88.72.226.178 - - [03/Apr/2013:12:29:49 +0200] "GET /templates/gk_penguinmail/css/ie8.css HTTP/1.1" 200 1153 "http://www.straman.de/unternehmen/jobs.html" "Mozilla/4.0 (compatible; MSIE 8.0; Windows NT 5.1; Trident/4.0; .NET CLR 2.0.50727; .NET CLR 3.0.4506.2152; .NET CLR 3.5.30729; InfoPath.2; .NET4.0C; .NET4.0E)"
88.72.226.178 - - [03/Apr/2013:12:29:49 +0200] "GET /templates/gk_penguinmail/css/menu/mega.css HTTP/1.1" 304 - "http://www.straman.de/unternehmen/jobs.html" "Mozilla/4.0 (compatible; MSIE 8.0; Windows NT 5.1; Trident/4.0; .NET CLR 2.0.50727; .NET CLR 3.0.4506.2152; .NET CLR 3.5.30729; InfoPath.2; .NET4.0C; .NET4.0E)"
88.72.226.178 - - [03/Apr/2013:12:29:49 +0200] "GET /templates/gk_penguinmail/js/menu/mega.js HTTP/1.1" 200 12974 "http://www.straman.de/unternehmen/jobs.html" "Mozilla/4.0 (compatible; MSIE 8.0; Windows NT 5.1; Trident/4.0; .NET CLR 2.0.50727; .NET CLR 3.0.4506.2152; .NET CLR 3.5.30729; InfoPath.2; .NET4.0C; .NET4.0E)"
88.72.226.178 - - [03/Apr/2013:12:29:49 +0200] "GET /templates/gk_penguinmail/fonts/PT-Seans/stylesheet.css HTTP/1.1" 200 2445 "http://www.straman.de/unternehmen/jobs.html" "Mozilla/4.0 (compatible; MSIE 8.0; Windows NT 5.1; Trident/4.0; .NET CLR 2.0.50727; .NET CLR 3.0.4506.2152; .NET CLR 3.5.30729; InfoPath.2; .NET4.0C; .NET4.0E)"
88.72.226.178 - - [03/Apr/2013:12:29:49 +0200] "GET /templates/gk_penguinmail/css/template_unterseiten.css HTTP/1.1" 200 112 "http://www.straman.de/unternehmen/jobs.html" "Mozilla/4.0 (compatible; MSIE 8.0; Windows NT 5.1; Trident/4.0; .NET CLR 2.0.50727; .NET CLR 3.0.4506.2152; .NET CLR 3.5.30729; InfoPath.2; .NET4.0C; .NET4.0E)"
88.72.226.178 - - [03/Apr/2013:12:29:49 +0200] "GET /media/system/js/mootools.js HTTP/1.1" 200 74434 "http://www.straman.de/unternehmen/jobs.html" "Mozilla/4.0 (compatible; MSIE 8.0; Windows NT 5.1; Trident/4.0; .NET CLR 2.0.50727; .NET CLR 3.0.4506.2152; .NET CLR 3.5.30729; InfoPath.2; .NET4.0C; .NET4.0E)"
88.72.226.178 - - [03/Apr/2013:12:29:50 +0200] "GET /templates/gk_penguinmail/fonts/PT-Seans/PTN57F-webfont.eot HTTP/1.1" 200 25908 "http://www.straman.de/unternehmen/jobs.html" "Mozilla/4.0 (compatible; MSIE 8.0; Windows NT 5.1; Trident/4.0; .NET CLR 2.0.50727; .NET CLR 3.0.4506.2152; .NET CLR 3.5.30729; InfoPath.2; .NET4.0C; .NET4.0E)"
88.72.226.178 - - [03/Apr/2013:12:29:50 +0200] "GET /templates/gk_penguinmail/fonts/PT-Seans/PTC75F-webfont.eot HTTP/1.1" 200 26512 "http://www.straman.de/unternehmen/jobs.html" "Mozilla/4.0 (compatible; MSIE 8.0; Windows NT 5.1; Trident/4.0; .NET CLR 2.0.50727; .NET CLR 3.0.4506.2152; .NET CLR 3.5.30729; InfoPath.2; .NET4.0C; .NET4.0E)"
88.72.226.178 - - [03/Apr/2013:12:29:50 +0200] "GET /templates/gk_penguinmail/fonts/PT-Seans/PTC55F-webfont.eot HTTP/1.1" 200 27716 "http://www.straman.de/unternehmen/jobs.html" "Mozilla/4.0 (compatible; MSIE 8.0; Windows NT 5.1; Trident/4.0; .NET CLR 2.0.50727; .NET CLR 3.0.4506.2152; .NET CLR 3.5.30729; InfoPath.2; .NET4.0C; .NET4.0E)"
88.72.226.178 - - [03/Apr/2013:12:29:50 +0200] "GET /templates/gk_penguinmail/fonts/PT-Seans/PTS76F-webfont.eot HTTP/1.1" 200 29352 "http://www.straman.de/unternehmen/jobs.html" "Mozilla/4.0 (compatible; MSIE 8.0; Windows NT 5.1; Trident/4.0; .NET CLR 2.0.50727; .NET CLR 3.0.4506.2152; .NET CLR 3.5.30729; InfoPath.2; .NET4.0C; .NET4.0E)"
88.72.226.178 - - [03/Apr/2013:12:29:50 +0200] "GET /templates/gk_penguinmail/fonts/PT-Seans/PTS75F-webfont.eot HTTP/1.1" 200 25456 "http://www.straman.de/unternehmen/jobs.html" "Mozilla/4.0 (compatible; MSIE 8.0; Windows NT 5.1; Trident/4.0; .NET CLR 2.0.50727; .NET CLR 3.0.4506.2152; .NET CLR 3.5.30729; InfoPath.2; .NET4.0C; .NET4.0E)"
88.72.226.178 - - [03/Apr/2013:12:29:50 +0200] "GET /templates/gk_penguinmail/fonts/PT-Seans/PTS56F-webfont.eot HTTP/1.1" 200 30512 "http://www.straman.de/unternehmen/jobs.html" "Mozilla/4.0 (compatible; MSIE 8.0; Windows NT 5.1; Trident/4.0; .NET CLR 2.0.50727; .NET CLR 3.0.4506.2152; .NET CLR 3.5.30729; InfoPath.2; .NET4.0C; .NET4.0E)"
88.72.226.178 - - [03/Apr/2013:12:29:51 +0200] "GET /templates/gk_penguinmail/fonts/PT-Seans/PTS55F-webfont.eot HTTP/1.1" 200 26928 "http://www.straman.de/unternehmen/jobs.html" "Mozilla/4.0 (compatible; MSIE 8.0; Windows NT 5.1; Trident/4.0; .NET CLR 2.0.50727; .NET CLR 3.0.4506.2152; .NET CLR 3.5.30729; InfoPath.2; .NET4.0C; .NET4.0E)"
88.72.226.178 - - [03/Apr/2013:12:29:51 +0200] "GET /templates/gk_penguinmail/fonts/PT-Seans/PTN77F-webfont.eot HTTP/1.1" 304 - "http://www.straman.de/unternehmen/jobs.html" "Mozilla/4.0 (compatible; MSIE 8.0; Windows NT 5.1; Trident/4.0; .NET CLR 2.0.50727; .NET CLR 3.0.4506.2152; .NET CLR 3.5.30729; InfoPath.2; .NET4.0C; .NET4.0E)"
88.72.226.178 - - [03/Apr/2013:12:29:51 +0200] "GET /templates/gk_penguinmail/images/style3/glow.jpg HTTP/1.1" 200 18301 "http://www.straman.de/unternehmen/jobs.html" "Mozilla/4.0 (compatible; MSIE 8.0; Windows NT 5.1; Trident/4.0; .NET CLR 2.0.50727; .NET CLR 3.0.4506.2152; .NET CLR 3.5.30729; InfoPath.2; .NET4.0C; .NET4.0E)"
88.72.226.178 - - [03/Apr/2013:12:29:51 +0200] "GET /templates/gk_penguinmail/images/style3/menu_sprite.png HTTP/1.1" 200 450 "http://www.straman.de/unternehmen/jobs.html" "Mozilla/4.0 (compatible; MSIE 8.0; Windows NT 5.1; Trident/4.0; .NET CLR 2.0.50727; .NET CLR 3.0.4506.2152; .NET CLR 3.5.30729; InfoPath.2; .NET4.0C; .NET4.0E)"
88.72.226.178 - - [03/Apr/2013:12:29:51 +0200] "GET /images/header3.png HTTP/1.1" 200 29760 "http://www.straman.de/unternehmen/jobs.html" "Mozilla/4.0 (compatible; MSIE 8.0; Windows NT 5.1; Trident/4.0; .NET CLR 2.0.50727; .NET CLR 3.0.4506.2152; .NET CLR 3.5.30729; InfoPath.2; .NET4.0C; .NET4.0E)"
88.72.226.178 - - [03/Apr/2013:12:29:51 +0200] "GET /templates/gk_penguinmail/images/emailButton.png HTTP/1.1" 200 365 "http://www.straman.de/unternehmen/jobs.html" "Mozilla/4.0 (compatible; MSIE 8.0; Windows NT 5.1; Trident/4.0; .NET CLR 2.0.50727; .NET CLR 3.0.4506.2152; .NET CLR 3.5.30729; InfoPath.2; .NET4.0C; .NET4.0E)"
88.72.226.178 - - [03/Apr/2013:12:29:51 +0200] "GET /templates/gk_penguinmail/images/printButton.png HTTP/1.1" 200 442 "http://www.straman.de/unternehmen/jobs.html" "Mozilla/4.0 (compatible; MSIE 8.0; Windows NT 5.1; Trident/4.0; .NET CLR 2.0.50727; .NET CLR 3.0.4506.2152; .NET CLR 3.5.30729; InfoPath.2; .NET4.0C; .NET4.0E)"
88.72.226.178 - - [03/Apr/2013:12:29:51 +0200] "GET /templates/gk_penguinmail/images/logo.png HTTP/1.1" 200 6608 "http://www.straman.de/unternehmen/jobs.html" "Mozilla/4.0 (compatible; MSIE 8.0; Windows NT 5.1; Trident/4.0; .NET CLR 2.0.50727; .NET CLR 3.0.4506.2152; .NET CLR 3.5.30729; InfoPath.2; .NET4.0C; .NET4.0E)"
88.72.226.178 - - [03/Apr/2013:12:29:51 +0200] "GET /templates/gk_penguinmail/images/toolsFont.png HTTP/1.1" 200 467 "http://www.straman.de/unternehmen/jobs.html" "Mozilla/4.0 (compatible; MSIE 8.0; Windows NT 5.1; Trident/4.0; .NET CLR 2.0.50727; .NET CLR 3.0.4506.2152; .NET CLR 3.5.30729; InfoPath.2; .NET4.0C; .NET4.0E)"
88.72.226.178 - - [03/Apr/2013:12:29:51 +0200] "GET /templates/gk_penguinmail/images/menu_sprite.png HTTP/1.1" 404 2467 "http://www.straman.de/unternehmen/jobs.html" "Mozilla/4.0 (compatible; MSIE 8.0; Windows NT 5.1; Trident/4.0; .NET CLR 2.0.50727; .NET CLR 3.0.4506.2152; .NET CLR 3.5.30729; InfoPath.2; .NET4.0C; .NET4.0E)"
88.72.226.178 - - [03/Apr/2013:12:29:51 +0200] "GET /templates/gk_penguinmail/favicon.ico HTTP/1.1" 200 5686 "-" "Mozilla/4.0 (compatible; MSIE 8.0; Windows NT 5.1; Trident/4.0; .NET CLR 2.0.50727; .NET CLR 3.0.4506.2152; .NET CLR 3.5.30729; InfoPath.2; .NET4.0C; .NET4.0E)"
93.220.44.62 - - [03/Apr/2013:12:32:21 +0200] "GET / HTTP/1.1" 200 726 "http://www.google.de/search?hl=de&source=hp&q=stramann+berlin&gbv=2&oq=stramann+berlin&gs_l=heirloom-hp.3..0j0i30j0i5i30j0i8i30j0i8i10i30j0i8i30.3094.17625.0.20860.27.16.3.7.0.0.156.2079.0j16.16.0...0.0...1ac.1.de53TW8oIw8" "Mozilla/4.0 (compatible; MSIE 6.0; Windows NT 5.1; SV1; .NET CLR 1.1.4322; .NET CLR 2.0.50727; .NET CLR 3.0.4506.2152; .NET CLR 3.5.30729)"
93.220.44.62 - - [03/Apr/2013:12:32:21 +0200] "GET /templates/gk_penguinmail/css/ie6.css HTTP/1.1" 200 6071 "http://www.straman.de/" "Mozilla/4.0 (compatible; MSIE 6.0; Windows NT 5.1; SV1; .NET CLR 1.1.4322; .NET CLR 2.0.50727; .NET CLR 3.0.4506.2152; .NET CLR 3.5.30729)"
93.220.44.62 - - [03/Apr/2013:12:32:28 +0200] "GET /unternehmen/impressum.html HTTP/1.1" 200 726 "http://www.google.de/search?hl=de&source=hp&q=stramann+berlin&gbv=2&oq=stramann+berlin&gs_l=heirloom-hp.3..0j0i30j0i5i30j0i8i30j0i8i10i30j0i8i30.3094.17625.0.20860.27.16.3.7.0.0.156.2079.0j16.16.0...0.0...1ac.1.de53TW8oIw8" "Mozilla/4.0 (compatible; MSIE 6.0; Windows NT 5.1; SV1; .NET CLR 1.1.4322; .NET CLR 2.0.50727; .NET CLR 3.0.4506.2152; .NET CLR 3.5.30729)"
93.220.44.62 - - [03/Apr/2013:12:33:47 +0200] "GET / HTTP/1.1" 200 726 "-" "Mozilla/4.0 (compatible; MSIE 6.0; Windows NT 5.1; SV1; .NET CLR 1.1.4322; .NET CLR 2.0.50727; .NET CLR 3.0.4506.2152; .NET CLR 3.5.30729)"
93.220.44.62 - - [03/Apr/2013:12:33:47 +0200] "GET /templates/gk_penguinmail/css/ie6.css HTTP/1.1" 304 - "http://www.straman.de/" "Mozilla/4.0 (compatible; MSIE 6.0; Windows NT 5.1; SV1; .NET CLR 1.1.4322; .NET CLR 2.0.50727; .NET CLR 3.0.4506.2152; .NET CLR 3.5.30729)"
93.219.134.80 - - [03/Apr/2013:12:48:58 +0200] "GET /servicebereiche/infrastr-gebaeudemanagement.html HTTP/1.1" 200 16842 "-" "Mozilla/5.0 (Windows; U; Windows NT 6.0; de; rv:1.9.2.3) Gecko/20100401 Firefox/3.6.3 ( .NET CLR 3.5.30729)"
93.219.134.80 - - [03/Apr/2013:12:54:05 +0200] "GET /servicebereiche/gruenanlagenpflege.html HTTP/1.1" 200 23409 "-" "Mozilla/5.0 (Windows; U; Windows NT 6.0; de; rv:1.9.2.3) Gecko/20100401 Firefox/3.6.3 ( .NET CLR 3.5.30729)"
208.115.113.87 - - [03/Apr/2013:13:03:19 +0200] "GET /robots.txt HTTP/1.1" 200 304 "-" "Mozilla/5.0 (compatible; Ezooms/1.0; ezooms.bot@gmail.com)"
93.219.134.80 - - [03/Apr/2013:13:14:31 +0200] "GET /referenzen.html HTTP/1.1" 200 19567 "-" "Mozilla/5.0 (Windows; U; Windows NT 6.0; de; rv:1.9.2.3) Gecko/20100401 Firefox/3.6.3 ( .NET CLR 3.5.30729)"
178.255.215.64 - - [03/Apr/2013:13:14:55 +0200] "GET /robots.txt HTTP/1.1" 200 304 "-" "Mozilla/5.0 (compatible; Exabot/3.0; +http://www.exabot.com/go/robot)"
178.255.215.64 - - [03/Apr/2013:13:14:55 +0200] "GET /news/62-alles-neu-macht-der-mai.html HTTP/1.1" 200 17177 "-" "Mozilla/5.0 (compatible; Exabot/3.0; +http://www.exabot.com/go/robot)"
93.219.134.80 - - [03/Apr/2013:13:44:19 +0200] "GET /index.php HTTP/1.1" 200 13433 "-" "Mozilla/5.0 (Windows; U; Windows NT 6.0; de; rv:1.9.2.3) Gecko/20100401 Firefox/3.6.3 ( .NET CLR 3.5.30729)"
93.219.134.80 - - [03/Apr/2013:13:53:30 +0200] "GET /downloadbereich.html HTTP/1.1" 200 15275 "-" "Mozilla/5.0 (Windows; U; Windows NT 6.0; de; rv:1.9.2.3) Gecko/20100401 Firefox/3.6.3 ( .NET CLR 3.5.30729)"
157.55.33.24 - - [03/Apr/2013:13:57:29 +0200] "GET /robots.txt HTTP/1.1" 200 304 "-" "Mozilla/5.0 (compatible; bingbot/2.0; +http://www.bing.com/bingbot.htm)"
157.55.33.24 - - [03/Apr/2013:13:59:23 +0200] "GET / HTTP/1.1" 200 13419 "-" "Mozilla/5.0 (compatible; bingbot/2.0; +http://www.bing.com/bingbot.htm)"
93.219.134.80 - - [03/Apr/2013:14:17:35 +0200] "GET /index.php?option=com_user&view=login HTTP/1.1" 200 17533 "-" "Mozilla/5.0 (Windows; U; Windows NT 6.0; de; rv:1.9.2.3) Gecko/20100401 Firefox/3.6.3 ( .NET CLR 3.5.30729)"
93.219.134.80 - - [03/Apr/2013:14:26:09 +0200] "GET /unternehmen/standorte.html HTTP/1.1" 200 17349 "-" "Mozilla/5.0 (Windows; U; Windows NT 6.0; de; rv:1.9.2.3) Gecko/20100401 Firefox/3.6.3 ( .NET CLR 3.5.30729)"
93.219.134.80 - - [03/Apr/2013:15:01:17 +0200] "GET /unternehmen/historie.html HTTP/1.1" 200 15853 "-" "Mozilla/5.0 (Windows; U; Windows NT 6.0; de; rv:1.9.2.3) Gecko/20100401 Firefox/3.6.3 ( .NET CLR 3.5.30729)"
93.219.134.80 - - [03/Apr/2013:15:04:58 +0200] "GET /servicebereiche/gebaeudemanagement.html HTTP/1.1" 200 16629 "-" "Mozilla/5.0 (Windows; U; Windows NT 6.0; de; rv:1.9.2.3) Gecko/20100401 Firefox/3.6.3 ( .NET CLR 3.5.30729)"
93.219.134.80 - - [03/Apr/2013:15:08:43 +0200] "GET /component/content/article/58.html HTTP/1.1" 200 15469 "-" "Mozilla/5.0 (Windows; U; Windows NT 6.0; de; rv:1.9.2.3) Gecko/20100401 Firefox/3.6.3 ( .NET CLR 3.5.30729)"
193.158.73.242 - - [03/Apr/2013:15:10:03 +0200] "GET / HTTP/1.1" 200 13415 "http://www.google.de/url?sa=t&rct=j&q=straman&source=web&cd=1&ved=0CDAQFjAA&url=http%3A%2F%2Fwww.straman.de%2F&ei=DipcUcX2KcSBtAb4koHQDg&usg=AFQjCNEpeUQQKOp_93iUUo8XSnpqrpjMzA" "Mozilla/5.0 (Windows NT 6.1; rv:7.0.1) Gecko/20100101 Firefox/7.0.1"
193.158.73.242 - - [03/Apr/2013:15:10:03 +0200] "GET /templates/system/css/system.css HTTP/1.1" 304 - "http://www.straman.de/" "Mozilla/5.0 (Windows NT 6.1; rv:7.0.1) Gecko/20100101 Firefox/7.0.1"
193.158.73.242 - - [03/Apr/2013:15:10:03 +0200] "GET /templates/gk_penguinmail/css/addons.css HTTP/1.1" 304 - "http://www.straman.de/" "Mozilla/5.0 (Windows NT 6.1; rv:7.0.1) Gecko/20100101 Firefox/7.0.1"
193.158.73.242 - - [03/Apr/2013:15:10:03 +0200] "GET /templates/gk_penguinmail/css/joomla.css HTTP/1.1" 304 - "http://www.straman.de/" "Mozilla/5.0 (Windows NT 6.1; rv:7.0.1) Gecko/20100101 Firefox/7.0.1"
193.158.73.242 - - [03/Apr/2013:15:10:03 +0200] "GET /templates/system/css/general.css HTTP/1.1" 304 - "http://www.straman.de/" "Mozilla/5.0 (Windows NT 6.1; rv:7.0.1) Gecko/20100101 Firefox/7.0.1"
193.158.73.242 - - [03/Apr/2013:15:10:03 +0200] "GET /templates/gk_penguinmail/css/template.css HTTP/1.1" 304 - "http://www.straman.de/" "Mozilla/5.0 (Windows NT 6.1; rv:7.0.1) Gecko/20100101 Firefox/7.0.1"
193.158.73.242 - - [03/Apr/2013:15:10:03 +0200] "GET /templates/gk_penguinmail/css/layout.css HTTP/1.1" 304 - "http://www.straman.de/" "Mozilla/5.0 (Windows NT 6.1; rv:7.0.1) Gecko/20100101 Firefox/7.0.1"
193.158.73.242 - - [03/Apr/2013:15:10:04 +0200] "GET /templates/gk_penguinmail/css/css3_style3.css HTTP/1.1" 304 - "http://www.straman.de/" "Mozilla/5.0 (Windows NT 6.1; rv:7.0.1) Gecko/20100101 Firefox/7.0.1"
193.158.73.242 - - [03/Apr/2013:15:10:04 +0200] "GET /templates/gk_penguinmail/css/style3.css HTTP/1.1" 304 - "http://www.straman.de/" "Mozilla/5.0 (Windows NT 6.1; rv:7.0.1) Gecko/20100101 Firefox/7.0.1"
193.158.73.242 - - [03/Apr/2013:15:10:04 +0200] "GET /media/system/js/mootools.js HTTP/1.1" 304 - "http://www.straman.de/" "Mozilla/5.0 (Windows NT 6.1; rv:7.0.1) Gecko/20100101 Firefox/7.0.1"
193.158.73.242 - - [03/Apr/2013:15:10:04 +0200] "GET /templates/gk_penguinmail/js/domready_fix.js HTTP/1.1" 304 - "http://www.straman.de/" "Mozilla/5.0 (Windows NT 6.1; rv:7.0.1) Gecko/20100101 Firefox/7.0.1"
193.158.73.242 - - [03/Apr/2013:15:10:04 +0200] "GET /templates/gk_penguinmail/css/override.css HTTP/1.1" 304 - "http://www.straman.de/" "Mozilla/5.0 (Windows NT 6.1; rv:7.0.1) Gecko/20100101 Firefox/7.0.1"
193.158.73.242 - - [03/Apr/2013:15:10:04 +0200] "GET /images/header_neu.png HTTP/1.1" 304 - "http://www.straman.de/" "Mozilla/5.0 (Windows NT 6.1; rv:7.0.1) Gecko/20100101 Firefox/7.0.1"
193.158.73.242 - - [03/Apr/2013:15:10:04 +0200] "GET /media/system/js/caption.js HTTP/1.1" 304 - "http://www.straman.de/" "Mozilla/5.0 (Windows NT 6.1; rv:7.0.1) Gecko/20100101 Firefox/7.0.1"
193.158.73.242 - - [03/Apr/2013:15:10:04 +0200] "GET /images/gmm2.jpg HTTP/1.1" 304 - "http://www.straman.de/" "Mozilla/5.0 (Windows NT 6.1; rv:7.0.1) Gecko/20100101 Firefox/7.0.1"
193.158.73.242 - - [03/Apr/2013:15:10:04 +0200] "GET /images/galabau_002.jpg HTTP/1.1" 304 - "http://www.straman.de/" "Mozilla/5.0 (Windows NT 6.1; rv:7.0.1) Gecko/20100101 Firefox/7.0.1"
193.158.73.242 - - [03/Apr/2013:15:10:04 +0200] "GET /images/winterdienst_005.jpg HTTP/1.1" 304 - "http://www.straman.de/" "Mozilla/5.0 (Windows NT 6.1; rv:7.0.1) Gecko/20100101 Firefox/7.0.1"
193.158.73.242 - - [03/Apr/2013:15:10:04 +0200] "GET /templates/gk_penguinmail/js/gk.script.js HTTP/1.1" 304 - "http://www.straman.de/" "Mozilla/5.0 (Windows NT 6.1; rv:7.0.1) Gecko/20100101 Firefox/7.0.1"
193.158.73.242 - - [03/Apr/2013:15:10:04 +0200] "GET /templates/gk_penguinmail/css/menu/mega.css HTTP/1.1" 304 - "http://www.straman.de/" "Mozilla/5.0 (Windows NT 6.1; rv:7.0.1) Gecko/20100101 Firefox/7.0.1"
193.158.73.242 - - [03/Apr/2013:15:10:04 +0200] "GET /templates/gk_penguinmail/js/menu/mega.js HTTP/1.1" 304 - "http://www.straman.de/" "Mozilla/5.0 (Windows NT 6.1; rv:7.0.1) Gecko/20100101 Firefox/7.0.1"
193.158.73.242 - - [03/Apr/2013:15:10:04 +0200] "GET /templates/gk_penguinmail/fonts/PT-Seans/stylesheet.css HTTP/1.1" 304 - "http://www.straman.de/" "Mozilla/5.0 (Windows NT 6.1; rv:7.0.1) Gecko/20100101 Firefox/7.0.1"
193.158.73.242 - - [03/Apr/2013:15:10:04 +0200] "GET /templates/gk_penguinmail/favicon.ico HTTP/1.1" 304 - "-" "Mozilla/5.0 (Windows NT 6.1; rv:7.0.1) Gecko/20100101 Firefox/7.0.1"
193.158.73.242 - - [03/Apr/2013:15:10:08 +0200] "GET /templates/gk_penguinmail/css/gk_stuff.css HTTP/1.1" 304 - "http://www.straman.de/" "Mozilla/5.0 (Windows NT 6.1; rv:7.0.1) Gecko/20100101 Firefox/7.0.1"
193.158.73.242 - - [03/Apr/2013:15:10:11 +0200] "GET /templates/gk_penguinmail/css/typo.css HTTP/1.1" 304 - "http://www.straman.de/" "Mozilla/5.0 (Windows NT 6.1; rv:7.0.1) Gecko/20100101 Firefox/7.0.1"
193.158.73.242 - - [03/Apr/2013:15:10:11 +0200] "GET /templates/gk_penguinmail/images/style3/menu_sprite.png HTTP/1.1" 304 - "http://www.straman.de/templates/gk_penguinmail/css/override.css" "Mozilla/5.0 (Windows NT 6.1; rv:7.0.1) Gecko/20100101 Firefox/7.0.1"
193.158.73.242 - - [03/Apr/2013:15:10:11 +0200] "GET /templates/gk_penguinmail/images/style3/glow.jpg HTTP/1.1" 304 - "http://www.straman.de/templates/gk_penguinmail/css/style3.css" "Mozilla/5.0 (Windows NT 6.1; rv:7.0.1) Gecko/20100101 Firefox/7.0.1"
193.158.73.242 - - [03/Apr/2013:15:10:11 +0200] "GET /templates/gk_penguinmail/images/menu_sprite.png HTTP/1.1" 404 2467 "http://www.straman.de/templates/gk_penguinmail/css/override.css" "Mozilla/5.0 (Windows NT 6.1; rv:7.0.1) Gecko/20100101 Firefox/7.0.1"
150.70.172.111 - - [03/Apr/2013:15:13:03 +0200] "GET /media/system/js/caption.js HTTP/1.0" 200 1963 "-" "Mozilla/4.0 (compatible; MSIE 6.0; Windows NT 5.1)"
150.70.172.111 - - [03/Apr/2013:15:13:07 +0200] "GET /templates/gk_penguinmail/js/domready_fix.js HTTP/1.0" 200 1340 "-" "Mozilla/4.0 (compatible; MSIE 6.0; Windows NT 5.1)"
150.70.172.111 - - [03/Apr/2013:15:13:07 +0200] "GET /media/system/js/mootools.js HTTP/1.0" 200 74434 "-" "Mozilla/4.0 (compatible; MSIE 6.0; Windows NT 5.1)"
150.70.172.111 - - [03/Apr/2013:15:13:15 +0200] "GET /templates/gk_penguinmail/js/gk.script.js HTTP/1.0" 200 4585 "-" "Mozilla/4.0 (compatible; MSIE 6.0; Windows NT 5.1)"
150.70.172.111 - - [03/Apr/2013:15:13:15 +0200] "GET /templates/gk_penguinmail/favicon.ico HTTP/1.0" 200 5686 "-" "Mozilla/4.0 (compatible; MSIE 6.0; Windows NT 5.1)"
208.115.113.87 - - [03/Apr/2013:15:14:25 +0200] "GET /unternehmen/partner.html HTTP/1.1" 200 16530 "-" "Mozilla/5.0 (compatible; Ezooms/1.0; ezooms.bot@gmail.com)"
150.70.172.104 - - [03/Apr/2013:15:16:05 +0200] "GET / HTTP/1.0" 200 726 "-" "Mozilla/4.0 (compatible; MSIE 6.0; Windows NT 5.1)"
150.70.172.104 - - [03/Apr/2013:15:16:17 +0200] "GET /templates/gk_penguinmail/js/menu/mega.js HTTP/1.0" 200 12974 "-" "Mozilla/4.0 (compatible; MSIE 6.0; Windows NT 5.1)"
93.219.134.80 - - [03/Apr/2013:15:20:28 +0200] "GET /news.html HTTP/1.1" 200 21851 "-" "Mozilla/5.0 (Windows; U; Windows NT 6.0; de; rv:1.9.2.3) Gecko/20100401 Firefox/3.6.3 ( .NET CLR 3.5.30729)"
93.219.134.80 - - [03/Apr/2013:15:23:22 +0200] "GET /unternehmen/jobs.html HTTP/1.1" 200 20509 "-" "Mozilla/5.0 (Windows; U; Windows NT 6.0; de; rv:1.9.2.3) Gecko/20100401 Firefox/3.6.3 ( .NET CLR 3.5.30729)"
65.55.215.79 - - [03/Apr/2013:15:35:59 +0200] "GET /robots.txt HTTP/1.1" 200 304 "-" "msnbot-media/1.1 (+http://search.msn.com/msnbot.htm)"
164.61.223.12 - - [03/Apr/2013:16:01:50 +0200] "GET /templates/gk_penguinmail/js/gk.script.js HTTP/1.1" 304 - "-" "Mozilla/4.0 (compatible;)"
93.219.134.80 - - [03/Apr/2013:16:06:55 +0200] "GET /unternehmen/partner/58.html HTTP/1.1" 200 16892 "-" "Mozilla/5.0 (Windows; U; Windows NT 6.0; de; rv:1.9.2.3) Gecko/20100401 Firefox/3.6.3 ( .NET CLR 3.5.30729)"
164.61.223.12 - - [03/Apr/2013:16:09:58 +0200] "GET /templates/gk_penguinmail/favicon.ico HTTP/1.1" 304 - "-" "Mozilla/4.0 (compatible;)"
93.219.134.80 - - [03/Apr/2013:16:16:22 +0200] "GET /servicebereiche/gruenanlagenpflege/58.html HTTP/1.1" 200 17328 "-" "Mozilla/5.0 (Windows; U; Windows NT 6.0; de; rv:1.9.2.3) Gecko/20100401 Firefox/3.6.3 ( .NET CLR 3.5.30729)"
93.219.134.80 - - [03/Apr/2013:16:22:02 +0200] "GET /component/mailto/?tmpl=component&link=97f89dec8d3a90a06eaee75083ae45b303687cff HTTP/1.1" 200 2687 "-" "Mozilla/5.0 (Windows; U; Windows NT 6.0; de; rv:1.9.2.3) Gecko/20100401 Firefox/3.6.3 ( .NET CLR 3.5.30729)"
93.219.134.80 - - [03/Apr/2013:17:04:38 +0200] "GET /downloadbereich/58.html HTTP/1.1" 200 16668 "-" "Mozilla/5.0 (Windows; U; Windows NT 6.0; de; rv:1.9.2.3) Gecko/20100401 Firefox/3.6.3 ( .NET CLR 3.5.30729)"
82.94.179.38 - - [03/Apr/2013:17:05:39 +0200] "GET /robots.txt HTTP/1.0" 200 304 "-" "Mozilla/4.0 (compatible; Vagabondo/4.0/EU; http://webagent.wise-guys.nl/)"
82.94.179.38 - - [03/Apr/2013:17:05:39 +0200] "GET /component/content/article/58.html HTTP/1.1" 200 15473 "http://www.straman.de" "Mozilla/4.0 (compatible; Vagabondo/4.0/EU; http://www.wise-guys.nl/)"
93.219.134.80 - - [03/Apr/2013:17:06:52 +0200] "GET /servicebereiche/gebaeudemanagement/58.html HTTP/1.1" 200 16937 "-" "Mozilla/5.0 (Windows; U; Windows NT 6.0; de; rv:1.9.2.3) Gecko/20100401 Firefox/3.6.3 ( .NET CLR 3.5.30729)"
93.219.134.80 - - [03/Apr/2013:17:12:39 +0200] "GET /component/forme/?fid=2 HTTP/1.1" 200 19001 "-" "Mozilla/5.0 (Windows; U; Windows NT 6.0; de; rv:1.9.2.3) Gecko/20100401 Firefox/3.6.3 ( .NET CLR 3.5.30729)"
93.219.134.80 - - [03/Apr/2013:17:13:46 +0200] "GET /servicebereiche/winterdienst/58.html HTTP/1.1" 200 18662 "-" "Mozilla/5.0 (Windows; U; Windows NT 6.0; de; rv:1.9.2.3) Gecko/20100401 Firefox/3.6.3 ( .NET CLR 3.5.30729)"
93.219.134.80 - - [03/Apr/2013:17:16:13 +0200] "GET /unternehmen/jobs/58.html HTTP/1.1" 200 16853 "-" "Mozilla/5.0 (Windows; U; Windows NT 6.0; de; rv:1.9.2.3) Gecko/20100401 Firefox/3.6.3 ( .NET CLR 3.5.30729)"
93.219.134.80 - - [03/Apr/2013:17:19:10 +0200] "GET /servicebereiche/strassenreinigung/58.html HTTP/1.1" 200 17313 "-" "Mozilla/5.0 (Windows; U; Windows NT 6.0; de; rv:1.9.2.3) Gecko/20100401 Firefox/3.6.3 ( .NET CLR 3.5.30729)"
93.219.134.80 - - [03/Apr/2013:17:23:32 +0200] "GET /unternehmen/standorte/58.html HTTP/1.1" 200 16878 "-" "Mozilla/5.0 (Windows; U; Windows NT 6.0; de; rv:1.9.2.3) Gecko/20100401 Firefox/3.6.3 ( .NET CLR 3.5.30729)"
93.219.134.80 - - [03/Apr/2013:17:35:56 +0200] "GET /unternehmen/impressum/58.html HTTP/1.1" 200 16878 "-" "Mozilla/5.0 (Windows; U; Windows NT 6.0; de; rv:1.9.2.3) Gecko/20100401 Firefox/3.6.3 ( .NET CLR 3.5.30729)"
93.219.134.80 - - [03/Apr/2013:17:48:08 +0200] "GET /kontakt.html?fid=1 HTTP/1.1" 200 16411 "-" "Mozilla/5.0 (Windows; U; Windows NT 6.0; de; rv:1.9.2.3) Gecko/20100401 Firefox/3.6.3 ( .NET CLR 3.5.30729)"
157.55.32.164 - - [03/Apr/2013:18:17:59 +0200] "GET /robots.txt HTTP/1.1" 200 304 "-" "Mozilla/5.0 (compatible; bingbot/2.0; +http://www.bing.com/bingbot.htm)"
93.219.134.80 - - [03/Apr/2013:18:18:17 +0200] "GET /news/58.html HTTP/1.1" 200 16796 "-" "Mozilla/5.0 (Windows; U; Windows NT 6.0; de; rv:1.9.2.3) Gecko/20100401 Firefox/3.6.3 ( .NET CLR 3.5.30729)"
157.55.32.164 - - [03/Apr/2013:18:20:01 +0200] "GET /unternehmen/standorte.html HTTP/1.1" 200 17353 "-" "Mozilla/5.0 (compatible; bingbot/2.0; +http://www.bing.com/bingbot.htm)"
173.199.118.171 - - [03/Apr/2013:18:20:54 +0200] "GET /robots.txt HTTP/1.1" 200 304 "-" "Mozilla/5.0 (compatible; AhrefsBot/4.0; +http://ahrefs.com/robot/)"
164.61.223.12 - - [03/Apr/2013:18:21:34 +0200] "GET /templates/gk_penguinmail/css/ie8.css HTTP/1.1" 304 - "-" "Mozilla/4.0 (compatible;)"
93.219.134.80 - - [03/Apr/2013:18:28:48 +0200] "GET /component/mailto/?tmpl=component&link=4d090a7d0dad0ed1b40abd9c35a75b7faac292cb HTTP/1.1" 200 2687 "-" "Mozilla/5.0 (Windows; U; Windows NT 6.0; de; rv:1.9.2.3) Gecko/20100401 Firefox/3.6.3 ( .NET CLR 3.5.30729)"
93.219.134.80 - - [03/Apr/2013:19:07:08 +0200] "GET /referenzen/58.html HTTP/1.1" 200 17037 "-" "Mozilla/5.0 (Windows; U; Windows NT 6.0; de; rv:1.9.2.3) Gecko/20100401 Firefox/3.6.3 ( .NET CLR 3.5.30729)"
93.219.134.80 - - [03/Apr/2013:19:16:33 +0200] "GET /component/mailto/?tmpl=component&link=fcdbae1f04f84c0b90da1200899b1a5c8c97ead8 HTTP/1.1" 200 2687 "-" "Mozilla/5.0 (Windows; U; Windows NT 6.0; de; rv:1.9.2.3) Gecko/20100401 Firefox/3.6.3 ( .NET CLR 3.5.30729)"
139.18.2.209 - - [03/Apr/2013:19:26:04 +0200] "GET /component/content/46.html HTTP/1.1" 500 2511 "-" "findlinks/2.6 (+http://wortschatz.uni-leipzig.de/findlinks/)"
139.18.2.209 - - [03/Apr/2013:19:26:04 +0200] "GET /component/content/46.html HTTP/1.1" 500 2511 "-" "findlinks/2.6 (+http://wortschatz.uni-leipzig.de/findlinks/)"
93.219.134.80 - - [03/Apr/2013:19:32:50 +0200] "GET /servicebereiche/infrastr-gebaeudemanagement/58.html HTTP/1.1" 200 16976 "-" "Mozilla/5.0 (Windows; U; Windows NT 6.0; de; rv:1.9.2.3) Gecko/20100401 Firefox/3.6.3 ( .NET CLR 3.5.30729)"
93.219.134.80 - - [03/Apr/2013:19:50:36 +0200] "GET /unternehmen/historie/58.html HTTP/1.1" 200 17253 "-" "Mozilla/5.0 (Windows; U; Windows NT 6.0; de; rv:1.9.2.3) Gecko/20100401 Firefox/3.6.3 ( .NET CLR 3.5.30729)"
164.61.223.12 - - [03/Apr/2013:19:57:40 +0200] "GET /templates/gk_penguinmail/css/joomla.css HTTP/1.1" 304 - "-" "Mozilla/4.0 (compatible;)"
164.61.223.12 - - [03/Apr/2013:20:21:04 +0200] "GET /templates/gk_penguinmail/css/style3.css HTTP/1.1" 304 - "-" "Mozilla/4.0 (compatible;)"
178.27.32.209 - - [03/Apr/2013:20:33:31 +0200] "GET / HTTP/1.1" 200 13385 "-" "Mozilla/5.0 (compatible; MSIE 9.0; Windows NT 6.1; Trident/5.0)"
199.19.249.196 - - [03/Apr/2013:20:40:19 +0200] "GET /templates/gk_penguinmail/fonts/PT-Seans/PTS55F-webfont.eot HTTP/1.1" 200 26928 "-" "Mozilla/4.0 (compatible; MSIE 7.0; Windows NT 5.1; InfoPath.1; .NET CLR 2.0.50727; .NET CLR 1.1.4322; MS-RTC LM 8; .NET CLR 3.0.4506.2152; .NET CLR 3.5.30729)"
164.61.223.12 - - [03/Apr/2013:20:40:19 +0200] "GET /templates/gk_penguinmail/fonts/PT-Seans/PTS55F-webfont.eot HTTP/1.1" 304 - "-" "Mozilla/4.0 (compatible;)"
164.61.223.12 - - [03/Apr/2013:20:41:47 +0200] "GET /templates/gk_penguinmail/fonts/PT-Seans/stylesheet.css HTTP/1.1" 304 - "-" "Mozilla/4.0 (compatible;)"
199.19.249.196 - - [03/Apr/2013:20:55:45 +0200] "GET /templates/gk_penguinmail/fonts/PT-Seans/PTC55F-webfont.eot HTTP/1.1" 200 27716 "-" "Mozilla/4.0 (compatible; MSIE 7.0; Windows NT 5.1; InfoPath.1; .NET CLR 2.0.50727; .NET CLR 1.1.4322; MS-RTC LM 8; .NET CLR 3.0.4506.2152; .NET CLR 3.5.30729)"
164.61.223.12 - - [03/Apr/2013:20:55:46 +0200] "GET /templates/gk_penguinmail/fonts/PT-Seans/PTC55F-webfont.eot HTTP/1.1" 304 - "-" "Mozilla/4.0 (compatible;)"
199.19.249.196 - - [03/Apr/2013:21:05:04 +0200] "GET /templates/gk_penguinmail/fonts/PT-Seans/PTC75F-webfont.eot HTTP/1.1" 200 26512 "-" "Mozilla/4.0 (compatible; MSIE 7.0; Windows NT 5.1; InfoPath.1; .NET CLR 2.0.50727; .NET CLR 1.1.4322; MS-RTC LM 8; .NET CLR 3.0.4506.2152; .NET CLR 3.5.30729)"
164.61.223.12 - - [03/Apr/2013:21:05:04 +0200] "GET /templates/gk_penguinmail/fonts/PT-Seans/PTC75F-webfont.eot HTTP/1.1" 304 - "-" "Mozilla/4.0 (compatible;)"
130.83.167.153 - - [03/Apr/2013:21:26:28 +0200] "GET /unternehmen/impressum/58-sitemap.html?tmpl=component&print=1&page= HTTP/1.1" 200 3353 "-" "findlinks/2.6 (+http://wortschatz.uni-leipzig.de/findlinks/)"
130.83.167.153 - - [03/Apr/2013:21:26:28 +0200] "GET /unternehmen/impressum/58-sitemap.html?tmpl=component&print=1&page= HTTP/1.1" 200 3353 "-" "findlinks/2.6 (+http://wortschatz.uni-leipzig.de/findlinks/)"
180.76.5.55 - - [03/Apr/2013:21:26:42 +0200] "GET /robots.txt HTTP/1.1" 200 304 "-" "Mozilla/5.0 (Windows NT 5.1; rv:6.0.2) Gecko/20100101 Firefox/6.0.2"
164.61.223.12 - - [03/Apr/2013:22:17:39 +0200] "GET /templates/gk_penguinmail/css/template.css HTTP/1.1" 304 - "-" "Mozilla/4.0 (compatible;)"
141.8.147.12 - - [03/Apr/2013:22:27:25 +0200] "GET /robots.txt HTTP/1.1" 200 304 "-" "Mozilla/5.0 (compatible; YandexBot/3.0; +http://yandex.com/bots)"
141.8.147.12 - - [03/Apr/2013:22:27:28 +0200] "GET / HTTP/1.1" 200 13419 "-" "Mozilla/5.0 (compatible; YandexBot/3.0; MirrorDetector; +http://yandex.com/bots)"
141.8.147.12 - - [03/Apr/2013:22:27:59 +0200] "GET / HTTP/1.1" 200 13419 "-" "Mozilla/5.0 (compatible; YandexBot/3.0; MirrorDetector; +http://yandex.com/bots)"
157.56.92.151 - - [03/Apr/2013:22:34:11 +0200] "GET /robots.txt HTTP/1.1" 200 304 "-" "Mozilla/5.0 (compatible; bingbot/2.0; +http://www.bing.com/bingbot.htm)"
157.56.92.151 - - [03/Apr/2013:22:35:49 +0200] "GET /unternehmen/jobs.html HTTP/1.1" 200 20513 "-" "Mozilla/5.0 (compatible; bingbot/2.0; +http://www.bing.com/bingbot.htm)"
95.211.139.1 - - [03/Apr/2013:23:18:06 +0200] "GET /robots.txt HTTP/1.0" 200 304 "-" "Mozilla/5.0 (compatible; AcoonBot/4.11.1; +http://www.acoon.de/robot.asp)"
95.211.139.1 - - [03/Apr/2013:23:18:07 +0200] "GET / HTTP/1.0" 200 13419 "-" "Mozilla/5.0 (compatible; AcoonBot/4.11.1; +http://www.acoon.de/robot.asp)"
178.255.215.64 - - [03/Apr/2013:23:33:46 +0200] "GET /news/58.html HTTP/1.1" 200 16800 "-" "Mozilla/5.0 (compatible; Exabot/3.0; +http://www.exabot.com/go/robot)"
65.55.52.97 - - [03/Apr/2013:23:37:32 +0200] "GET /robots.txt HTTP/1.1" 200 304 "-" "Mozilla/5.0 (compatible; bingbot/2.0; +http://www.bing.com/bingbot.htm)"
164.61.223.12 - - [04/Apr/2013:00:32:07 +0200] "GET /templates/gk_penguinmail/css/css3_style3.css HTTP/1.1" 304 - "-" "Mozilla/4.0 (compatible;)"
164.61.223.12 - - [04/Apr/2013:00:54:29 +0200] "GET /media/system/js/caption.js HTTP/1.1" 304 - "-" "Mozilla/4.0 (compatible;)"
38.101.148.120 - - [04/Apr/2013:01:11:49 +0200] "GET /robots.txt HTTP/1.1" 200 304 "-" "Mozilla/5.0 (compatible; discoverybot/2.0; +http://discoveryengine.com/discoverybot.html)"
38.101.148.120 - - [04/Apr/2013:01:11:54 +0200] "GET /component/content/article/58.html HTTP/1.1" 200 15473 "-" "Mozilla/5.0 (compatible; discoverybot/2.0; +http://discoveryengine.com/discoverybot.html)"
199.19.249.196 - - [04/Apr/2013:01:16:17 +0200] "GET /templates/gk_penguinmail/fonts/PT-Seans/PTN57F-webfont.eot HTTP/1.1" 200 25908 "-" "Mozilla/4.0 (compatible; MSIE 7.0; Windows NT 5.1; InfoPath.1; .NET CLR 2.0.50727; .NET CLR 1.1.4322; MS-RTC LM 8; .NET CLR 3.0.4506.2152; .NET CLR 3.5.30729)"
164.61.223.12 - - [04/Apr/2013:01:16:17 +0200] "GET /templates/gk_penguinmail/fonts/PT-Seans/PTN57F-webfont.eot HTTP/1.1" 304 - "-" "Mozilla/4.0 (compatible;)"
139.18.2.209 - - [04/Apr/2013:01:22:52 +0200] "GET /unternehmen/jobs/58.html HTTP/1.1" 200 16857 "-" "findlinks/2.6 (+http://wortschatz.uni-leipzig.de/findlinks/)"
139.18.2.209 - - [04/Apr/2013:01:22:53 +0200] "GET /unternehmen/jobs/58.html HTTP/1.1" 200 16857 "-" "findlinks/2.6 (+http://wortschatz.uni-leipzig.de/findlinks/)"
66.249.76.137 - - [04/Apr/2013:01:56:50 +0200] "GET /robots.txt HTTP/1.1" 200 304 "-" "Mozilla/5.0 (compatible; Googlebot/2.1; +http://www.google.com/bot.html)"
66.249.76.137 - - [04/Apr/2013:01:56:50 +0200] "GET / HTTP/1.1" 200 13419 "-" "Mozilla/5.0 (compatible; Googlebot/2.1; +http://www.google.com/bot.html)"
65.55.52.92 - - [04/Apr/2013:01:57:30 +0200] "GET /robots.txt HTTP/1.1" 200 304 "-" "Mozilla/5.0 (compatible; bingbot/2.0; +http://www.bing.com/bingbot.htm)"
65.55.52.92 - - [04/Apr/2013:02:04:48 +0200] "GET / HTTP/1.1" 200 13419 "-" "Mozilla/5.0 (compatible; bingbot/2.0; +http://www.bing.com/bingbot.htm)"
164.61.223.12 - - [04/Apr/2013:02:05:52 +0200] "GET /templates/gk_penguinmail/js/menu/mega.js HTTP/1.1" 304 - "-" "Mozilla/4.0 (compatible;)"
199.19.249.196 - - [04/Apr/2013:02:06:28 +0200] "GET /templates/gk_penguinmail/fonts/PT-Seans/PTS56F-webfont.eot HTTP/1.1" 200 30512 "-" "Mozilla/4.0 (compatible; MSIE 7.0; Windows NT 5.1; InfoPath.1; .NET CLR 2.0.50727; .NET CLR 1.1.4322; MS-RTC LM 8; .NET CLR 3.0.4506.2152; .NET CLR 3.5.30729)"
164.61.223.12 - - [04/Apr/2013:02:06:28 +0200] "GET /templates/gk_penguinmail/fonts/PT-Seans/PTS56F-webfont.eot HTTP/1.1" 304 - "-" "Mozilla/4.0 (compatible;)"
164.61.223.12 - - [04/Apr/2013:02:33:40 +0200] "GET /templates/gk_penguinmail/js/domready_fix.js HTTP/1.1" 304 - "-" "Mozilla/4.0 (compatible;)"
164.61.223.12 - - [04/Apr/2013:02:55:56 +0200] "GET /media/system/js/mootools.js HTTP/1.1" 304 - "-" "Mozilla/4.0 (compatible;)"
173.192.235.226 - - [04/Apr/2013:03:13:35 +0200] "GET /robots.txt HTTP/1.1" 200 304 "-" "Mozilla/5.0 (compatible; SiteExplorer/1.0b; +http://siteexplorer.info/)"
173.192.235.226 - - [04/Apr/2013:03:13:35 +0200] "GET /servicebereiche/winterdienst.html HTTP/1.1" 200 27455 "-" "Mozilla/5.0 (compatible; SiteExplorer/1.0b; +http://siteexplorer.info/)"
173.192.235.226 - - [04/Apr/2013:03:13:45 +0200] "GET /servicebereiche/strassenreinigung.html HTTP/1.1" 200 18658 "-" "Mozilla/5.0 (compatible; SiteExplorer/1.0b; +http://siteexplorer.info/)"
173.192.235.226 - - [04/Apr/2013:03:13:55 +0200] "GET /servicebereiche/infrastr-gebaeudemanagement.html HTTP/1.1" 200 16846 "-" "Mozilla/5.0 (compatible; SiteExplorer/1.0b; +http://siteexplorer.info/)"
173.192.235.226 - - [04/Apr/2013:03:14:05 +0200] "GET /servicebereiche/gruenanlagenpflege.html HTTP/1.1" 200 23413 "-" "Mozilla/5.0 (compatible; SiteExplorer/1.0b; +http://siteexplorer.info/)"
173.192.235.226 - - [04/Apr/2013:03:14:16 +0200] "GET /servicebereiche/gebaeudemanagement.html HTTP/1.1" 200 16633 "-" "Mozilla/5.0 (compatible; SiteExplorer/1.0b; +http://siteexplorer.info/)"
173.192.235.226 - - [04/Apr/2013:03:14:26 +0200] "GET /referenzen.html HTTP/1.1" 200 19571 "-" "Mozilla/5.0 (compatible; SiteExplorer/1.0b; +http://siteexplorer.info/)"
173.192.235.226 - - [04/Apr/2013:03:14:36 +0200] "GET /news.html HTTP/1.1" 200 21855 "-" "Mozilla/5.0 (compatible; SiteExplorer/1.0b; +http://siteexplorer.info/)"
173.192.235.226 - - [04/Apr/2013:03:14:46 +0200] "GET /kontakt.html HTTP/1.1" 200 16409 "-" "Mozilla/5.0 (compatible; SiteExplorer/1.0b; +http://siteexplorer.info/)"
173.192.235.226 - - [04/Apr/2013:03:14:56 +0200] "GET /index.php HTTP/1.1" 200 13437 "-" "Mozilla/5.0 (compatible; SiteExplorer/1.0b; +http://siteexplorer.info/)"
173.192.235.226 - - [04/Apr/2013:03:15:06 +0200] "GET /downloadbereich.html HTTP/1.1" 200 15279 "-" "Mozilla/5.0 (compatible; SiteExplorer/1.0b; +http://siteexplorer.info/)"
173.192.235.226 - - [04/Apr/2013:03:15:16 +0200] "GET /component/content/article/58.html HTTP/1.1" 200 15473 "-" "Mozilla/5.0 (compatible; SiteExplorer/1.0b; +http://siteexplorer.info/)"
173.192.235.226 - - [04/Apr/2013:03:15:27 +0200] "GET / HTTP/1.1" 200 13419 "-" "Mozilla/5.0 (compatible; SiteExplorer/1.0b; +http://siteexplorer.info/)"
65.55.215.75 - - [04/Apr/2013:03:31:41 +0200] "GET /robots.txt HTTP/1.1" 200 304 "-" "msnbot-media/1.1 (+http://search.msn.com/msnbot.htm)"
66.249.76.137 - - [04/Apr/2013:03:43:44 +0200] "GET /component/user/reset.html HTTP/1.1" 200 6020 "-" "SAMSUNG-SGH-E250/1.0 Profile/MIDP-2.0 Configuration/CLDC-1.1 UP.Browser/6.2.3.3.c.1.101 (GUI) MMP/2.0 (compatible; Googlebot-Mobile/2.1; +http://www.google.com/bot.html)"
192.166.166.4 - - [04/Apr/2013:03:59:44 +0200] "GET / HTTP/1.0" 200 13416 "-" "Mozilla/5.0 (X11; U; Linux x86_64; C) AppleWebKit/533.3 (KHTML, like Gecko) Qt/4.7.1 Safari/533.3"
192.166.166.4 - - [04/Apr/2013:03:59:44 +0200] "GET /templates/gk_penguinmail/css/template.css HTTP/1.0" 200 8935 "http://www.straman.de/" "Mozilla/5.0 (X11; U; Linux x86_64; C) AppleWebKit/533.3 (KHTML, like Gecko) Qt/4.7.1 Safari/533.3"
192.166.166.4 - - [04/Apr/2013:03:59:44 +0200] "GET /templates/gk_penguinmail/css/addons.css HTTP/1.0" 200 2644 "http://www.straman.de/" "Mozilla/5.0 (X11; U; Linux x86_64; C) AppleWebKit/533.3 (KHTML, like Gecko) Qt/4.7.1 Safari/533.3"
192.166.166.4 - - [04/Apr/2013:03:59:44 +0200] "GET /templates/system/css/general.css HTTP/1.0" 200 2777 "http://www.straman.de/" "Mozilla/5.0 (X11; U; Linux x86_64; C) AppleWebKit/533.3 (KHTML, like Gecko) Qt/4.7.1 Safari/533.3"
192.166.166.4 - - [04/Apr/2013:03:59:44 +0200] "GET /templates/system/css/system.css HTTP/1.0" 200 1385 "http://www.straman.de/" "Mozilla/5.0 (X11; U; Linux x86_64; C) AppleWebKit/533.3 (KHTML, like Gecko) Qt/4.7.1 Safari/533.3"
192.166.166.4 - - [04/Apr/2013:03:59:44 +0200] "GET /templates/gk_penguinmail/css/layout.css HTTP/1.0" 200 1684 "http://www.straman.de/" "Mozilla/5.0 (X11; U; Linux x86_64; C) AppleWebKit/533.3 (KHTML, like Gecko) Qt/4.7.1 Safari/533.3"
192.166.166.4 - - [04/Apr/2013:03:59:44 +0200] "GET /templates/gk_penguinmail/css/css3_style3.css HTTP/1.0" 200 2876 "http://www.straman.de/" "Mozilla/5.0 (X11; U; Linux x86_64; C) AppleWebKit/533.3 (KHTML, like Gecko) Qt/4.7.1 Safari/533.3"
192.166.166.4 - - [04/Apr/2013:03:59:44 +0200] "GET /templates/gk_penguinmail/css/gk_stuff.css HTTP/1.0" 200 12799 "http://www.straman.de/" "Mozilla/5.0 (X11; U; Linux x86_64; C) AppleWebKit/533.3 (KHTML, like Gecko) Qt/4.7.1 Safari/533.3"
192.166.166.4 - - [04/Apr/2013:03:59:44 +0200] "GET /templates/gk_penguinmail/css/typo.css HTTP/1.0" 200 15356 "http://www.straman.de/" "Mozilla/5.0 (X11; U; Linux x86_64; C) AppleWebKit/533.3 (KHTML, like Gecko) Qt/4.7.1 Safari/533.3"
192.166.166.4 - - [04/Apr/2013:03:59:44 +0200] "GET /templates/gk_penguinmail/css/style3.css HTTP/1.0" 200 13892 "http://www.straman.de/" "Mozilla/5.0 (X11; U; Linux x86_64; C) AppleWebKit/533.3 (KHTML, like Gecko) Qt/4.7.1 Safari/533.3"
192.166.166.4 - - [04/Apr/2013:03:59:44 +0200] "GET /templates/gk_penguinmail/css/joomla.css HTTP/1.0" 200 14242 "http://www.straman.de/" "Mozilla/5.0 (X11; U; Linux x86_64; C) AppleWebKit/533.3 (KHTML, like Gecko) Qt/4.7.1 Safari/533.3"
192.166.166.4 - - [04/Apr/2013:03:59:44 +0200] "GET /templates/gk_penguinmail/css/override.css HTTP/1.0" 200 3594 "http://www.straman.de/" "Mozilla/5.0 (X11; U; Linux x86_64; C) AppleWebKit/533.3 (KHTML, like Gecko) Qt/4.7.1 Safari/533.3"
192.166.166.4 - - [04/Apr/2013:03:59:44 +0200] "GET /templates/gk_penguinmail/js/domready_fix.js HTTP/1.0" 200 1340 "http://www.straman.de/" "Mozilla/5.0 (X11; U; Linux x86_64; C) AppleWebKit/533.3 (KHTML, like Gecko) Qt/4.7.1 Safari/533.3"
192.166.166.4 - - [04/Apr/2013:03:59:44 +0200] "GET /media/system/js/caption.js HTTP/1.0" 200 1963 "http://www.straman.de/" "Mozilla/5.0 (X11; U; Linux x86_64; C) AppleWebKit/533.3 (KHTML, like Gecko) Qt/4.7.1 Safari/533.3"
192.166.166.4 - - [04/Apr/2013:03:59:44 +0200] "GET /templates/gk_penguinmail/js/gk.script.js HTTP/1.0" 200 4585 "http://www.straman.de/" "Mozilla/5.0 (X11; U; Linux x86_64; C) AppleWebKit/533.3 (KHTML, like Gecko) Qt/4.7.1 Safari/533.3"
192.166.166.4 - - [04/Apr/2013:03:59:44 +0200] "GET /templates/gk_penguinmail/js/menu/mega.js HTTP/1.0" 200 12974 "http://www.straman.de/" "Mozilla/5.0 (X11; U; Linux x86_64; C) AppleWebKit/533.3 (KHTML, like Gecko) Qt/4.7.1 Safari/533.3"
192.166.166.4 - - [04/Apr/2013:03:59:44 +0200] "GET /templates/gk_penguinmail/css/menu/mega.css HTTP/1.0" 200 4575 "http://www.straman.de/" "Mozilla/5.0 (X11; U; Linux x86_64; C) AppleWebKit/533.3 (KHTML, like Gecko) Qt/4.7.1 Safari/533.3"
192.166.166.4 - - [04/Apr/2013:03:59:44 +0200] "GET /media/system/js/mootools.js HTTP/1.0" 200 74434 "http://www.straman.de/" "Mozilla/5.0 (X11; U; Linux x86_64; C) AppleWebKit/533.3 (KHTML, like Gecko) Qt/4.7.1 Safari/533.3"
192.166.166.4 - - [04/Apr/2013:03:59:44 +0200] "GET /templates/gk_penguinmail/fonts/PT-Seans/stylesheet.css HTTP/1.0" 200 2445 "http://www.straman.de/" "Mozilla/5.0 (X11; U; Linux x86_64; C) AppleWebKit/533.3 (KHTML, like Gecko) Qt/4.7.1 Safari/533.3"
192.166.166.4 - - [04/Apr/2013:03:59:45 +0200] "GET /templates/gk_penguinmail/images/logo.png HTTP/1.0" 200 6608 "http://www.straman.de/" "Mozilla/5.0 (X11; U; Linux x86_64; C) AppleWebKit/533.3 (KHTML, like Gecko) Qt/4.7.1 Safari/533.3"
192.166.166.4 - - [04/Apr/2013:03:59:45 +0200] "GET /templates/gk_penguinmail/images/style3/menu_sprite.png HTTP/1.0" 200 450 "http://www.straman.de/" "Mozilla/5.0 (X11; U; Linux x86_64; C) AppleWebKit/533.3 (KHTML, like Gecko) Qt/4.7.1 Safari/533.3"
192.166.166.4 - - [04/Apr/2013:03:59:45 +0200] "GET /templates/gk_penguinmail/images/style3/glow.jpg HTTP/1.0" 200 18301 "http://www.straman.de/" "Mozilla/5.0 (X11; U; Linux x86_64; C) AppleWebKit/533.3 (KHTML, like Gecko) Qt/4.7.1 Safari/533.3"
192.166.166.4 - - [04/Apr/2013:03:59:45 +0200] "GET /images/winterdienst_005.jpg HTTP/1.0" 200 48793 "http://www.straman.de/" "Mozilla/5.0 (X11; U; Linux x86_64; C) AppleWebKit/533.3 (KHTML, like Gecko) Qt/4.7.1 Safari/533.3"
192.166.166.4 - - [04/Apr/2013:03:59:45 +0200] "GET /images/gmm2.jpg HTTP/1.0" 200 47432 "http://www.straman.de/" "Mozilla/5.0 (X11; U; Linux x86_64; C) AppleWebKit/533.3 (KHTML, like Gecko) Qt/4.7.1 Safari/533.3"
192.166.166.4 - - [04/Apr/2013:03:59:45 +0200] "GET /images/galabau_002.jpg HTTP/1.0" 200 42117 "http://www.straman.de/" "Mozilla/5.0 (X11; U; Linux x86_64; C) AppleWebKit/533.3 (KHTML, like Gecko) Qt/4.7.1 Safari/533.3"
192.166.166.4 - - [04/Apr/2013:03:59:45 +0200] "GET /images/header_neu.png HTTP/1.0" 200 340608 "http://www.straman.de/" "Mozilla/5.0 (X11; U; Linux x86_64; C) AppleWebKit/533.3 (KHTML, like Gecko) Qt/4.7.1 Safari/533.3"
192.166.166.4 - - [04/Apr/2013:03:59:45 +0200] "GET /templates/gk_penguinmail/images/menu_sprite.png HTTP/1.0" 404 2467 "http://www.straman.de/" "Mozilla/5.0 (X11; U; Linux x86_64; C) AppleWebKit/533.3 (KHTML, like Gecko) Qt/4.7.1 Safari/533.3"
38.101.148.120 - - [04/Apr/2013:04:07:33 +0200] "GET /unternehmen/standorte.html HTTP/1.1" 200 17353 "-" "Mozilla/5.0 (compatible; discoverybot/2.0; +http://discoveryengine.com/discoverybot.html)"
164.61.223.12 - - [04/Apr/2013:04:22:15 +0200] "GET /templates/gk_penguinmail/css/typo.css HTTP/1.1" 304 - "-" "Mozilla/4.0 (compatible;)"
157.56.93.209 - - [04/Apr/2013:05:04:43 +0200] "GET /robots.txt HTTP/1.1" 200 304 "-" "Mozilla/5.0 (compatible; bingbot/2.0; +http://www.bing.com/bingbot.htm)"
157.56.93.209 - - [04/Apr/2013:05:09:36 +0200] "GET /unternehmen/impressum.html HTTP/1.1" 200 20319 "-" "Mozilla/5.0 (compatible; bingbot/2.0; +http://www.bing.com/bingbot.htm)"
85.13.134.89 - - [04/Apr/2013:06:16:09 +0200] "HEAD / HTTP/1.1" 200 - "-" "Mozilla/5.0 (Windows; U; Windows NT 6.1; en-US; rv:1.9.1.6) Gecko/20091201 Firefox/3.5.6 (.NET CLR 3.5.30729)"
85.13.134.89 - - [04/Apr/2013:06:16:09 +0200] "GET / HTTP/1.1" 200 13415 "-" "Mozilla/5.0 (Windows; U; Windows NT 6.1; en-US; rv:1.9.1.6) Gecko/20091201 Firefox/3.5.6 (.NET CLR 3.5.30729)"
91.66.24.250 - - [04/Apr/2013:07:08:40 +0200] "GET / HTTP/1.1" 200 13416 "http://adresse.gelbeseiten.de/1056631969/straman-gmbh/berlin/buch" "Mozilla/5.0 (Windows NT 5.1) AppleWebKit/537.31 (KHTML, like Gecko) Chrome/26.0.1410.43 Safari/537.31"
91.66.24.250 - - [04/Apr/2013:07:08:41 +0200] "GET /templates/system/css/system.css HTTP/1.1" 200 1385 "http://www.straman.de/" "Mozilla/5.0 (Windows NT 5.1) AppleWebKit/537.31 (KHTML, like Gecko) Chrome/26.0.1410.43 Safari/537.31"
91.66.24.250 - - [04/Apr/2013:07:08:41 +0200] "GET /templates/system/css/general.css HTTP/1.1" 200 2777 "http://www.straman.de/" "Mozilla/5.0 (Windows NT 5.1) AppleWebKit/537.31 (KHTML, like Gecko) Chrome/26.0.1410.43 Safari/537.31"
91.66.24.250 - - [04/Apr/2013:07:08:41 +0200] "GET /templates/gk_penguinmail/css/gk_stuff.css HTTP/1.1" 200 12799 "http://www.straman.de/" "Mozilla/5.0 (Windows NT 5.1) AppleWebKit/537.31 (KHTML, like Gecko) Chrome/26.0.1410.43 Safari/537.31"
91.66.24.250 - - [04/Apr/2013:07:08:41 +0200] "GET /templates/gk_penguinmail/css/template.css HTTP/1.1" 200 8935 "http://www.straman.de/" "Mozilla/5.0 (Windows NT 5.1) AppleWebKit/537.31 (KHTML, like Gecko) Chrome/26.0.1410.43 Safari/537.31"
91.66.24.250 - - [04/Apr/2013:07:08:41 +0200] "GET /templates/gk_penguinmail/css/addons.css HTTP/1.1" 200 2644 "http://www.straman.de/" "Mozilla/5.0 (Windows NT 5.1) AppleWebKit/537.31 (KHTML, like Gecko) Chrome/26.0.1410.43 Safari/537.31"
91.66.24.250 - - [04/Apr/2013:07:08:41 +0200] "GET /templates/gk_penguinmail/css/layout.css HTTP/1.1" 200 1684 "http://www.straman.de/" "Mozilla/5.0 (Windows NT 5.1) AppleWebKit/537.31 (KHTML, like Gecko) Chrome/26.0.1410.43 Safari/537.31"
91.66.24.250 - - [04/Apr/2013:07:08:41 +0200] "GET /templates/gk_penguinmail/css/joomla.css HTTP/1.1" 200 14242 "http://www.straman.de/" "Mozilla/5.0 (Windows NT 5.1) AppleWebKit/537.31 (KHTML, like Gecko) Chrome/26.0.1410.43 Safari/537.31"
91.66.24.250 - - [04/Apr/2013:07:08:41 +0200] "GET /templates/gk_penguinmail/css/typo.css HTTP/1.1" 200 15356 "http://www.straman.de/" "Mozilla/5.0 (Windows NT 5.1) AppleWebKit/537.31 (KHTML, like Gecko) Chrome/26.0.1410.43 Safari/537.31"
91.66.24.250 - - [04/Apr/2013:07:08:41 +0200] "GET /templates/gk_penguinmail/css/css3_style3.css HTTP/1.1" 200 2876 "http://www.straman.de/" "Mozilla/5.0 (Windows NT 5.1) AppleWebKit/537.31 (KHTML, like Gecko) Chrome/26.0.1410.43 Safari/537.31"
91.66.24.250 - - [04/Apr/2013:07:08:41 +0200] "GET /templates/gk_penguinmail/css/style3.css HTTP/1.1" 200 13892 "http://www.straman.de/" "Mozilla/5.0 (Windows NT 5.1) AppleWebKit/537.31 (KHTML, like Gecko) Chrome/26.0.1410.43 Safari/537.31"
91.66.24.250 - - [04/Apr/2013:07:08:41 +0200] "GET /templates/gk_penguinmail/css/override.css HTTP/1.1" 200 3594 "http://www.straman.de/" "Mozilla/5.0 (Windows NT 5.1) AppleWebKit/537.31 (KHTML, like Gecko) Chrome/26.0.1410.43 Safari/537.31"
91.66.24.250 - - [04/Apr/2013:07:08:41 +0200] "GET /templates/gk_penguinmail/css/menu/mega.css HTTP/1.1" 200 4575 "http://www.straman.de/" "Mozilla/5.0 (Windows NT 5.1) AppleWebKit/537.31 (KHTML, like Gecko) Chrome/26.0.1410.43 Safari/537.31"
