85.177.84.217 - - [06/Apr/2013:19:39:33 +0200] "GET /templates/gk_penguinmail/images/printButton.png HTTP/1.1" 200 442 "http://www.straman.de/unternehmen/jobs.html" "Mozilla/5.0 (Windows NT 6.1; WOW64; rv:20.0) Gecko/20100101 Firefox/20.0"
85.177.84.217 - - [06/Apr/2013:19:39:33 +0200] "GET /images/header3.png HTTP/1.1" 200 29760 "http://www.straman.de/unternehmen/jobs.html" "Mozilla/5.0 (Windows NT 6.1; WOW64; rv:20.0) Gecko/20100101 Firefox/20.0"
85.177.84.217 - - [06/Apr/2013:19:39:33 +0200] "GET /templates/gk_penguinmail/images/emailButton.png HTTP/1.1" 200 365 "http://www.straman.de/unternehmen/jobs.html" "Mozilla/5.0 (Windows NT 6.1; WOW64; rv:20.0) Gecko/20100101 Firefox/20.0"
85.177.84.217 - - [06/Apr/2013:19:39:33 +0200] "GET /templates/gk_penguinmail/images/toolsFont.png HTTP/1.1" 200 467 "http://www.straman.de/templates/gk_penguinmail/css/template.css" "Mozilla/5.0 (Windows NT 6.1; WOW64; rv:20.0) Gecko/20100101 Firefox/20.0"
85.177.84.217 - - [06/Apr/2013:19:39:33 +0200] "GET /templates/gk_penguinmail/images/menu_sprite.png HTTP/1.1" 404 2467 "http://www.straman.de/templates/gk_penguinmail/css/override.css" "Mozilla/5.0 (Windows NT 6.1; WOW64; rv:20.0) Gecko/20100101 Firefox/20.0"
85.177.84.217 - - [06/Apr/2013:19:40:05 +0200] "GET /templates/gk_penguinmail/images/menu_sprite.png HTTP/1.1" 404 2467 "http://www.straman.de/templates/gk_penguinmail/css/override.css" "Mozilla/5.0 (Windows NT 6.1; WOW64; rv:20.0) Gecko/20100101 Firefox/20.0"
93.219.147.9 - - [06/Apr/2013:19:43:20 +0200] "GET /unternehmen/partner.html HTTP/1.1" 200 16526 "-" "Mozilla/5.0 (Windows; U; Windows NT 6.0; de; rv:1.9.2.3) Gecko/20100401 Firefox/3.6.3 ( .NET CLR 3.5.30729)"
93.219.147.9 - - [06/Apr/2013:19:52:34 +0200] "GET /unternehmen/impressum.html HTTP/1.1" 200 20315 "-" "Mozilla/5.0 (Windows; U; Windows NT 6.0; de; rv:1.9.2.3) Gecko/20100401 Firefox/3.6.3 ( .NET CLR 3.5.30729)"
93.219.147.9 - - [06/Apr/2013:20:02:49 +0200] "GET /servicebereiche/strassenreinigung.html HTTP/1.1" 200 18654 "-" "Mozilla/5.0 (Windows; U; Windows NT 6.0; de; rv:1.9.2.3) Gecko/20100401 Firefox/3.6.3 ( .NET CLR 3.5.30729)"
93.219.147.9 - - [06/Apr/2013:20:05:21 +0200] "GET /index.php?option=com_forme&fid=2&Itemid=65 HTTP/1.1" 200 18994 "-" "Mozilla/5.0 (Windows; U; Windows NT 6.0; de; rv:1.9.2.3) Gecko/20100401 Firefox/3.6.3 ( .NET CLR 3.5.30729)"
157.55.32.164 - - [06/Apr/2013:20:23:38 +0200] "GET /robots.txt HTTP/1.1" 200 304 "-" "Mozilla/5.0 (compatible; bingbot/2.0; +http://www.bing.com/bingbot.htm)"
157.55.32.164 - - [06/Apr/2013:20:25:50 +0200] "GET /unternehmen/standorte.html HTTP/1.1" 200 17353 "-" "Mozilla/5.0 (compatible; bingbot/2.0; +http://www.bing.com/bingbot.htm)"
77.21.129.230 - - [06/Apr/2013:20:45:10 +0200] "GET / HTTP/1.0" 200 14567 "-" "-"
77.21.129.230 - - [06/Apr/2013:20:45:11 +0200] "GET /unternehmen/impressum.html HTTP/1.0" 200 21467 "-" "-"
77.21.129.230 - - [06/Apr/2013:20:45:11 +0200] "GET /kontakt.html HTTP/1.0" 200 17557 "-" "-"
77.21.129.230 - - [06/Apr/2013:20:46:26 +0200] "GET / HTTP/1.0" 200 14567 "-" "-"
77.21.129.230 - - [06/Apr/2013:20:46:27 +0200] "GET /unternehmen/impressum.html HTTP/1.0" 200 21462 "-" "-"
77.21.129.230 - - [06/Apr/2013:20:46:27 +0200] "GET /kontakt.html HTTP/1.0" 200 17557 "-" "-"
93.219.147.9 - - [06/Apr/2013:21:05:13 +0200] "GET /kontakt.html HTTP/1.1" 200 16405 "-" "Mozilla/5.0 (Windows; U; Windows NT 6.0; de; rv:1.9.2.3) Gecko/20100401 Firefox/3.6.3 ( .NET CLR 3.5.30729)"
93.219.147.9 - - [06/Apr/2013:21:28:23 +0200] "GET /servicebereiche/infrastr-gebaeudemanagement.html HTTP/1.1" 200 16842 "-" "Mozilla/5.0 (Windows; U; Windows NT 6.0; de; rv:1.9.2.3) Gecko/20100401 Firefox/3.6.3 ( .NET CLR 3.5.30729)"
93.219.147.9 - - [06/Apr/2013:21:33:30 +0200] "GET /servicebereiche/gruenanlagenpflege.html HTTP/1.1" 200 23409 "-" "Mozilla/5.0 (Windows; U; Windows NT 6.0; de; rv:1.9.2.3) Gecko/20100401 Firefox/3.6.3 ( .NET CLR 3.5.30729)"
93.219.147.9 - - [06/Apr/2013:21:53:58 +0200] "GET /referenzen.html HTTP/1.1" 200 19567 "-" "Mozilla/5.0 (Windows; U; Windows NT 6.0; de; rv:1.9.2.3) Gecko/20100401 Firefox/3.6.3 ( .NET CLR 3.5.30729)"
93.219.147.9 - - [06/Apr/2013:22:23:43 +0200] "GET /index.php HTTP/1.1" 200 13433 "-" "Mozilla/5.0 (Windows; U; Windows NT 6.0; de; rv:1.9.2.3) Gecko/20100401 Firefox/3.6.3 ( .NET CLR 3.5.30729)"
93.219.147.9 - - [06/Apr/2013:22:32:55 +0200] "GET /downloadbereich.html HTTP/1.1" 200 15275 "-" "Mozilla/5.0 (Windows; U; Windows NT 6.0; de; rv:1.9.2.3) Gecko/20100401 Firefox/3.6.3 ( .NET CLR 3.5.30729)"
95.211.139.1 - - [06/Apr/2013:22:46:31 +0200] "GET /news/62-alles-neu-macht-der-mai.html HTTP/1.0" 200 17177 "-" "Mozilla/5.0 (compatible; AcoonBot/4.11.1; +http://www.acoon.de/robot.asp)"
93.219.147.9 - - [06/Apr/2013:22:56:59 +0200] "GET /index.php?option=com_user&view=login HTTP/1.1" 200 17533 "-" "Mozilla/5.0 (Windows; U; Windows NT 6.0; de; rv:1.9.2.3) Gecko/20100401 Firefox/3.6.3 ( .NET CLR 3.5.30729)"
93.219.147.9 - - [06/Apr/2013:23:05:30 +0200] "GET /unternehmen/standorte.html HTTP/1.1" 200 17349 "-" "Mozilla/5.0 (Windows; U; Windows NT 6.0; de; rv:1.9.2.3) Gecko/20100401 Firefox/3.6.3 ( .NET CLR 3.5.30729)"
95.211.139.1 - - [06/Apr/2013:23:06:10 +0200] "GET /unternehmen/jobs/58.html HTTP/1.0" 200 16857 "-" "Mozilla/5.0 (compatible; AcoonBot/4.11.1; +http://www.acoon.de/robot.asp)"
93.219.147.9 - - [06/Apr/2013:23:40:35 +0200] "GET /unternehmen/historie.html HTTP/1.1" 200 15853 "-" "Mozilla/5.0 (Windows; U; Windows NT 6.0; de; rv:1.9.2.3) Gecko/20100401 Firefox/3.6.3 ( .NET CLR 3.5.30729)"
93.219.147.9 - - [06/Apr/2013:23:44:22 +0200] "GET /servicebereiche/gebaeudemanagement.html HTTP/1.1" 200 16629 "-" "Mozilla/5.0 (Windows; U; Windows NT 6.0; de; rv:1.9.2.3) Gecko/20100401 Firefox/3.6.3 ( .NET CLR 3.5.30729)"
93.219.147.9 - - [06/Apr/2013:23:48:09 +0200] "GET /component/content/article/58.html HTTP/1.1" 200 15469 "-" "Mozilla/5.0 (Windows; U; Windows NT 6.0; de; rv:1.9.2.3) Gecko/20100401 Firefox/3.6.3 ( .NET CLR 3.5.30729)"
93.219.147.9 - - [06/Apr/2013:23:59:50 +0200] "GET /news.html HTTP/1.1" 200 21851 "-" "Mozilla/5.0 (Windows; U; Windows NT 6.0; de; rv:1.9.2.3) Gecko/20100401 Firefox/3.6.3 ( .NET CLR 3.5.30729)"
93.219.147.9 - - [07/Apr/2013:00:02:44 +0200] "GET /unternehmen/jobs.html HTTP/1.1" 200 20509 "-" "Mozilla/5.0 (Windows; U; Windows NT 6.0; de; rv:1.9.2.3) Gecko/20100401 Firefox/3.6.3 ( .NET CLR 3.5.30729)"
65.55.52.92 - - [07/Apr/2013:00:34:51 +0200] "GET /robots.txt HTTP/1.1" 200 304 "-" "Mozilla/5.0 (compatible; bingbot/2.0; +http://www.bing.com/bingbot.htm)"
65.55.52.92 - - [07/Apr/2013:00:36:35 +0200] "GET /unternehmen/jobs.html HTTP/1.1" 200 20513 "-" "Mozilla/5.0 (compatible; bingbot/2.0; +http://www.bing.com/bingbot.htm)"
139.18.2.209 - - [07/Apr/2013:00:38:14 +0200] "GET /unternehmen/partner.html HTTP/1.1" 200 16530 "-" "findlinks/2.6 (+http://wortschatz.uni-leipzig.de/findlinks/)"
139.18.2.209 - - [07/Apr/2013:00:38:14 +0200] "GET /unternehmen/partner.html HTTP/1.1" 200 16530 "-" "findlinks/2.6 (+http://wortschatz.uni-leipzig.de/findlinks/)"
93.219.147.9 - - [07/Apr/2013:00:46:20 +0200] "GET /unternehmen/partner/58.html HTTP/1.1" 200 16892 "-" "Mozilla/5.0 (Windows; U; Windows NT 6.0; de; rv:1.9.2.3) Gecko/20100401 Firefox/3.6.3 ( .NET CLR 3.5.30729)"
93.219.147.9 - - [07/Apr/2013:00:55:47 +0200] "GET /servicebereiche/gruenanlagenpflege/58.html HTTP/1.1" 200 17328 "-" "Mozilla/5.0 (Windows; U; Windows NT 6.0; de; rv:1.9.2.3) Gecko/20100401 Firefox/3.6.3 ( .NET CLR 3.5.30729)"
93.219.147.9 - - [07/Apr/2013:01:01:28 +0200] "GET /component/mailto/?tmpl=component&link=97f89dec8d3a90a06eaee75083ae45b303687cff HTTP/1.1" 200 2687 "-" "Mozilla/5.0 (Windows; U; Windows NT 6.0; de; rv:1.9.2.3) Gecko/20100401 Firefox/3.6.3 ( .NET CLR 3.5.30729)"
199.30.16.1 - - [07/Apr/2013:01:27:03 +0200] "GET /robots.txt HTTP/1.1" 200 304 "-" "msnbot-media/1.1 (+http://search.msn.com/msnbot.htm)"
66.249.78.56 - - [07/Apr/2013:01:42:09 +0200] "GET /component/mailto/?tmpl=component&link=064ccb77ca2bc09cd61972461b878ba524efa669 HTTP/1.1" 200 2687 "-" "SAMSUNG-SGH-E250/1.0 Profile/MIDP-2.0 Configuration/CLDC-1.1 UP.Browser/6.2.3.3.c.1.101 (GUI) MMP/2.0 (compatible; Googlebot-Mobile/2.1; +http://www.google.com/bot.html)"
93.219.147.9 - - [07/Apr/2013:01:42:29 +0200] "GET /downloadbereich/58.html HTTP/1.1" 200 16668 "-" "Mozilla/5.0 (Windows; U; Windows NT 6.0; de; rv:1.9.2.3) Gecko/20100401 Firefox/3.6.3 ( .NET CLR 3.5.30729)"
93.219.147.9 - - [07/Apr/2013:01:44:35 +0200] "GET /servicebereiche/gebaeudemanagement/58.html HTTP/1.1" 200 16937 "-" "Mozilla/5.0 (Windows; U; Windows NT 6.0; de; rv:1.9.2.3) Gecko/20100401 Firefox/3.6.3 ( .NET CLR 3.5.30729)"
93.219.147.9 - - [07/Apr/2013:01:50:11 +0200] "GET /component/forme/?fid=2 HTTP/1.1" 200 19001 "-" "Mozilla/5.0 (Windows; U; Windows NT 6.0; de; rv:1.9.2.3) Gecko/20100401 Firefox/3.6.3 ( .NET CLR 3.5.30729)"
93.219.147.9 - - [07/Apr/2013:01:51:20 +0200] "GET /servicebereiche/winterdienst/58.html HTTP/1.1" 200 18662 "-" "Mozilla/5.0 (Windows; U; Windows NT 6.0; de; rv:1.9.2.3) Gecko/20100401 Firefox/3.6.3 ( .NET CLR 3.5.30729)"
93.219.147.9 - - [07/Apr/2013:01:54:21 +0200] "GET /unternehmen/jobs/58.html HTTP/1.1" 200 16853 "-" "Mozilla/5.0 (Windows; U; Windows NT 6.0; de; rv:1.9.2.3) Gecko/20100401 Firefox/3.6.3 ( .NET CLR 3.5.30729)"
93.219.147.9 - - [07/Apr/2013:01:57:49 +0200] "GET /servicebereiche/strassenreinigung/58.html HTTP/1.1" 200 17313 "-" "Mozilla/5.0 (Windows; U; Windows NT 6.0; de; rv:1.9.2.3) Gecko/20100401 Firefox/3.6.3 ( .NET CLR 3.5.30729)"
93.219.147.9 - - [07/Apr/2013:02:02:25 +0200] "GET /unternehmen/standorte/58.html HTTP/1.1" 200 16878 "-" "Mozilla/5.0 (Windows; U; Windows NT 6.0; de; rv:1.9.2.3) Gecko/20100401 Firefox/3.6.3 ( .NET CLR 3.5.30729)"
93.219.147.9 - - [07/Apr/2013:02:14:57 +0200] "GET /unternehmen/impressum/58.html HTTP/1.1" 200 16878 "-" "Mozilla/5.0 (Windows; U; Windows NT 6.0; de; rv:1.9.2.3) Gecko/20100401 Firefox/3.6.3 ( .NET CLR 3.5.30729)"
93.219.147.9 - - [07/Apr/2013:02:25:18 +0200] "GET /kontakt.html?fid=1 HTTP/1.1" 200 16411 "-" "Mozilla/5.0 (Windows; U; Windows NT 6.0; de; rv:1.9.2.3) Gecko/20100401 Firefox/3.6.3 ( .NET CLR 3.5.30729)"
65.55.52.92 - - [07/Apr/2013:02:29:26 +0200] "GET /robots.txt HTTP/1.1" 200 304 "-" "Mozilla/5.0 (compatible; bingbot/2.0; +http://www.bing.com/bingbot.htm)"
65.55.52.92 - - [07/Apr/2013:02:30:54 +0200] "GET / HTTP/1.1" 200 13419 "-" "Mozilla/5.0 (compatible; bingbot/2.0; +http://www.bing.com/bingbot.htm)"
93.219.147.9 - - [07/Apr/2013:02:52:51 +0200] "GET /news/58.html HTTP/1.1" 200 16796 "-" "Mozilla/5.0 (Windows; U; Windows NT 6.0; de; rv:1.9.2.3) Gecko/20100401 Firefox/3.6.3 ( .NET CLR 3.5.30729)"
65.55.52.92 - - [07/Apr/2013:04:20:49 +0200] "GET /robots.txt HTTP/1.1" 200 304 "-" "Mozilla/5.0 (compatible; bingbot/2.0; +http://www.bing.com/bingbot.htm)"
65.55.52.92 - - [07/Apr/2013:04:22:47 +0200] "GET / HTTP/1.1" 200 13419 "-" "Mozilla/5.0 (compatible; bingbot/2.0; +http://www.bing.com/bingbot.htm)"
93.219.147.9 - - [07/Apr/2013:04:32:57 +0200] "GET /component/mailto/?tmpl=component&link=4d090a7d0dad0ed1b40abd9c35a75b7faac292cb HTTP/1.1" 200 2687 "-" "Mozilla/5.0 (Windows; U; Windows NT 6.0; de; rv:1.9.2.3) Gecko/20100401 Firefox/3.6.3 ( .NET CLR 3.5.30729)"
173.199.120.67 - - [07/Apr/2013:04:41:27 +0200] "GET /servicebereiche/infrastr-gebaeudemanagement/index.php HTTP/1.1" 200 16851 "-" "Mozilla/5.0 (compatible; AhrefsBot/4.0; +http://ahrefs.com/robot/)"
173.199.120.67 - - [07/Apr/2013:04:42:50 +0200] "GET /news/61-wir-begruessen-sie-auf-den-seiten-von-straman-ihren-komplettdienstleister-rund-um-die-immobilie.html?tmpl=component&print=1&layout=default&page= HTTP/1.1" 200 7094 "-" "Mozilla/5.0 (compatible; AhrefsBot/4.0; +http://ahrefs.com/robot/)"
66.249.75.137 - - [07/Apr/2013:04:51:56 +0200] "GET /news/61-wir-begruessen-sie-auf-den-seiten-von-straman-ihren-komplettdienstleister-rund-um-die-immobilie.html HTTP/1.1" 200 12222 "-" "DoCoMo/2.0 N905i(c100;TB;W24H16) (compatible; Googlebot-Mobile/2.1; +http://www.google.com/bot.html)"
93.219.147.9 - - [07/Apr/2013:04:57:07 +0200] "GET /referenzen/58.html HTTP/1.1" 200 17037 "-" "Mozilla/5.0 (Windows; U; Windows NT 6.0; de; rv:1.9.2.3) Gecko/20100401 Firefox/3.6.3 ( .NET CLR 3.5.30729)"
93.219.147.9 - - [07/Apr/2013:05:02:03 +0200] "GET /component/mailto/?tmpl=component&link=fcdbae1f04f84c0b90da1200899b1a5c8c97ead8 HTTP/1.1" 200 2687 "-" "Mozilla/5.0 (Windows; U; Windows NT 6.0; de; rv:1.9.2.3) Gecko/20100401 Firefox/3.6.3 ( .NET CLR 3.5.30729)"
208.115.113.87 - - [07/Apr/2013:05:02:58 +0200] "GET /robots.txt HTTP/1.1" 200 304 "-" "Mozilla/5.0 (compatible; Ezooms/1.0; ezooms.bot@gmail.com)"
93.219.147.9 - - [07/Apr/2013:05:10:46 +0200] "GET /servicebereiche/infrastr-gebaeudemanagement/58.html HTTP/1.1" 200 16976 "-" "Mozilla/5.0 (Windows; U; Windows NT 6.0; de; rv:1.9.2.3) Gecko/20100401 Firefox/3.6.3 ( .NET CLR 3.5.30729)"
93.219.147.9 - - [07/Apr/2013:05:19:55 +0200] "GET /unternehmen/historie/58.html HTTP/1.1" 200 17253 "-" "Mozilla/5.0 (Windows; U; Windows NT 6.0; de; rv:1.9.2.3) Gecko/20100401 Firefox/3.6.3 ( .NET CLR 3.5.30729)"
66.249.75.137 - - [07/Apr/2013:06:08:21 +0200] "GET /news/61-wir-begruessen-sie-auf-den-seiten-von-straman-ihren-komplettdienstleister-rund-um-die-immobilie.html HTTP/1.1" 200 12222 "-" "SAMSUNG-SGH-E250/1.0 Profile/MIDP-2.0 Configuration/CLDC-1.1 UP.Browser/6.2.3.3.c.1.101 (GUI) MMP/2.0 (compatible; Googlebot-Mobile/2.1; +http://www.google.com/bot.html)"
157.56.93.209 - - [07/Apr/2013:07:02:30 +0200] "GET /robots.txt HTTP/1.1" 200 304 "-" "Mozilla/5.0 (compatible; bingbot/2.0; +http://www.bing.com/bingbot.htm)"
157.56.93.209 - - [07/Apr/2013:07:04:29 +0200] "GET /unternehmen/impressum.html HTTP/1.1" 200 20319 "-" "Mozilla/5.0 (compatible; bingbot/2.0; +http://www.bing.com/bingbot.htm)"
208.115.113.87 - - [07/Apr/2013:07:12:34 +0200] "GET /index.php HTTP/1.1" 200 13437 "-" "Mozilla/5.0 (compatible; Ezooms/1.0; ezooms.bot@gmail.com)"
82.128.253.117 - - [07/Apr/2013:09:47:09 +0200] "GET /robots.txt HTTP/1.0" 200 304 "-" "Mozilla/5.0 (compatible; MJ12bot/v1.4.3; http://www.majestic12.co.uk/bot.php?+)"
82.128.253.117 - - [07/Apr/2013:09:47:12 +0200] "GET / HTTP/1.0" 200 13419 "-" "Mozilla/5.0 (compatible; MJ12bot/v1.4.3; http://www.majestic12.co.uk/bot.php?+)"
65.55.52.92 - - [07/Apr/2013:10:57:47 +0200] "GET /robots.txt HTTP/1.1" 200 304 "-" "Mozilla/5.0 (compatible; bingbot/2.0; +http://www.bing.com/bingbot.htm)"
65.55.52.92 - - [07/Apr/2013:10:59:47 +0200] "GET /news/62-alles-neu-macht-der-mai.html HTTP/1.1" 200 17177 "-" "Mozilla/5.0 (compatible; bingbot/2.0; +http://www.bing.com/bingbot.htm)"
82.119.30.28 - - [07/Apr/2013:11:04:43 +0200] "GET / HTTP/1.1" 200 5608 "http://www.google.com/search?hl=de&client=ms-android-sonyericsson&channel=bm&site=webhp&ei=MjZhUb7LJMnDtAam_4GwAg&q=strahmann+gmbh+Berlin&oq=strahmann+gmbh+Berlin&gs_l=mobile-gws-serp.3...7606.12507.0.16238.5.5.0.0.0.0.154.438.3j2.5.0...0.0...1c.1.8.mobile-gws-serp.3Zijzhuf_1E" "Mozilla/5.0 (Linux; U; Android 4.0.4; de-de; SonyEricssonLT22i Build/6.1.1.B.1.54) AppleWebKit/534.30 (KHTML, like Gecko) Version/4.0 Mobile Safari/534.30"
82.119.30.28 - - [07/Apr/2013:11:04:43 +0200] "GET /media/system/js/caption.js HTTP/1.1" 200 1963 "http://www.straman.de/" "Mozilla/5.0 (Linux; U; Android 4.0.4; de-de; SonyEricssonLT22i Build/6.1.1.B.1.54) AppleWebKit/534.30 (KHTML, like Gecko) Version/4.0 Mobile Safari/534.30"
82.119.30.28 - - [07/Apr/2013:11:04:43 +0200] "GET /templates/gk_penguinmail/css/template.css HTTP/1.1" 200 8935 "http://www.straman.de/" "Mozilla/5.0 (Linux; U; Android 4.0.4; de-de; SonyEricssonLT22i Build/6.1.1.B.1.54) AppleWebKit/534.30 (KHTML, like Gecko) Version/4.0 Mobile Safari/534.30"
82.119.30.28 - - [07/Apr/2013:11:04:43 +0200] "GET /templates/gk_penguinmail/css/handheld/handheld.css HTTP/1.1" 200 3827 "http://www.straman.de/" "Mozilla/5.0 (Linux; U; Android 4.0.4; de-de; SonyEricssonLT22i Build/6.1.1.B.1.54) AppleWebKit/534.30 (KHTML, like Gecko) Version/4.0 Mobile Safari/534.30"
82.119.30.28 - - [07/Apr/2013:11:04:43 +0200] "GET /media/system/js/mootools.js HTTP/1.1" 200 74434 "http://www.straman.de/" "Mozilla/5.0 (Linux; U; Android 4.0.4; de-de; SonyEricssonLT22i Build/6.1.1.B.1.54) AppleWebKit/534.30 (KHTML, like Gecko) Version/4.0 Mobile Safari/534.30"
82.119.30.28 - - [07/Apr/2013:11:04:43 +0200] "GET /templates/gk_penguinmail/images/logo.png HTTP/1.1" 200 6608 "http://www.straman.de/" "Mozilla/5.0 (Linux; U; Android 4.0.4; de-de; SonyEricssonLT22i Build/6.1.1.B.1.54) AppleWebKit/534.30 (KHTML, like Gecko) Version/4.0 Mobile Safari/534.30"
82.119.30.28 - - [07/Apr/2013:11:04:44 +0200] "GET /templates/gk_penguinmail/favicon.ico HTTP/1.1" 200 5686 "http://www.straman.de/" "Mozilla/5.0 (Linux; U; Android 4.0.4; de-de; SonyEricssonLT22i Build/6.1.1.B.1.54) AppleWebKit/534.30 (KHTML, like Gecko) Version/4.0 Mobile Safari/534.30"
82.119.30.28 - - [07/Apr/2013:11:04:58 +0200] "GET /?ui=desktop HTTP/1.1" 200 13562 "http://www.straman.de/" "Mozilla/5.0 (Linux; U; Android 4.0.4; de-de; SonyEricssonLT22i Build/6.1.1.B.1.54) AppleWebKit/534.30 (KHTML, like Gecko) Version/4.0 Mobile Safari/534.30"
82.119.30.28 - - [07/Apr/2013:11:04:58 +0200] "GET /templates/gk_penguinmail/css/addons.css HTTP/1.1" 200 2644 "http://www.straman.de/?ui=desktop" "Mozilla/5.0 (Linux; U; Android 4.0.4; de-de; SonyEricssonLT22i Build/6.1.1.B.1.54) AppleWebKit/534.30 (KHTML, like Gecko) Version/4.0 Mobile Safari/534.30"
82.119.30.28 - - [07/Apr/2013:11:04:58 +0200] "GET /templates/gk_penguinmail/css/layout.css HTTP/1.1" 200 1684 "http://www.straman.de/?ui=desktop" "Mozilla/5.0 (Linux; U; Android 4.0.4; de-de; SonyEricssonLT22i Build/6.1.1.B.1.54) AppleWebKit/534.30 (KHTML, like Gecko) Version/4.0 Mobile Safari/534.30"
82.119.30.28 - - [07/Apr/2013:11:04:58 +0200] "GET /templates/system/css/system.css HTTP/1.1" 200 1385 "http://www.straman.de/?ui=desktop" "Mozilla/5.0 (Linux; U; Android 4.0.4; de-de; SonyEricssonLT22i Build/6.1.1.B.1.54) AppleWebKit/534.30 (KHTML, like Gecko) Version/4.0 Mobile Safari/534.30"
82.119.30.28 - - [07/Apr/2013:11:04:58 +0200] "GET /templates/system/css/general.css HTTP/1.1" 200 2777 "http://www.straman.de/?ui=desktop" "Mozilla/5.0 (Linux; U; Android 4.0.4; de-de; SonyEricssonLT22i Build/6.1.1.B.1.54) AppleWebKit/534.30 (KHTML, like Gecko) Version/4.0 Mobile Safari/534.30"
82.119.30.28 - - [07/Apr/2013:11:04:58 +0200] "GET /templates/gk_penguinmail/css/joomla.css HTTP/1.1" 200 14242 "http://www.straman.de/?ui=desktop" "Mozilla/5.0 (Linux; U; Android 4.0.4; de-de; SonyEricssonLT22i Build/6.1.1.B.1.54) AppleWebKit/534.30 (KHTML, like Gecko) Version/4.0 Mobile Safari/534.30"
82.119.30.28 - - [07/Apr/2013:11:04:58 +0200] "GET /templates/gk_penguinmail/css/gk_stuff.css HTTP/1.1" 200 12799 "http://www.straman.de/?ui=desktop" "Mozilla/5.0 (Linux; U; Android 4.0.4; de-de; SonyEricssonLT22i Build/6.1.1.B.1.54) AppleWebKit/534.30 (KHTML, like Gecko) Version/4.0 Mobile Safari/534.30"
82.119.30.28 - - [07/Apr/2013:11:04:58 +0200] "GET /templates/gk_penguinmail/css/typo.css HTTP/1.1" 200 15356 "http://www.straman.de/?ui=desktop" "Mozilla/5.0 (Linux; U; Android 4.0.4; de-de; SonyEricssonLT22i Build/6.1.1.B.1.54) AppleWebKit/534.30 (KHTML, like Gecko) Version/4.0 Mobile Safari/534.30"
82.119.30.28 - - [07/Apr/2013:11:04:58 +0200] "GET /templates/gk_penguinmail/css/css3_style3.css HTTP/1.1" 200 2876 "http://www.straman.de/?ui=desktop" "Mozilla/5.0 (Linux; U; Android 4.0.4; de-de; SonyEricssonLT22i Build/6.1.1.B.1.54) AppleWebKit/534.30 (KHTML, like Gecko) Version/4.0 Mobile Safari/534.30"
82.119.30.28 - - [07/Apr/2013:11:04:58 +0200] "GET /templates/gk_penguinmail/css/style3.css HTTP/1.1" 200 13892 "http://www.straman.de/?ui=desktop" "Mozilla/5.0 (Linux; U; Android 4.0.4; de-de; SonyEricssonLT22i Build/6.1.1.B.1.54) AppleWebKit/534.30 (KHTML, like Gecko) Version/4.0 Mobile Safari/534.30"
82.119.30.28 - - [07/Apr/2013:11:04:58 +0200] "GET /templates/gk_penguinmail/css/override.css HTTP/1.1" 200 3594 "http://www.straman.de/?ui=desktop" "Mozilla/5.0 (Linux; U; Android 4.0.4; de-de; SonyEricssonLT22i Build/6.1.1.B.1.54) AppleWebKit/534.30 (KHTML, like Gecko) Version/4.0 Mobile Safari/534.30"
82.119.30.28 - - [07/Apr/2013:11:04:58 +0200] "GET /templates/gk_penguinmail/js/domready_fix.js HTTP/1.1" 200 1340 "http://www.straman.de/?ui=desktop" "Mozilla/5.0 (Linux; U; Android 4.0.4; de-de; SonyEricssonLT22i Build/6.1.1.B.1.54) AppleWebKit/534.30 (KHTML, like Gecko) Version/4.0 Mobile Safari/534.30"
82.119.30.28 - - [07/Apr/2013:11:04:58 +0200] "GET /templates/gk_penguinmail/js/gk.script.js HTTP/1.1" 200 4585 "http://www.straman.de/?ui=desktop" "Mozilla/5.0 (Linux; U; Android 4.0.4; de-de; SonyEricssonLT22i Build/6.1.1.B.1.54) AppleWebKit/534.30 (KHTML, like Gecko) Version/4.0 Mobile Safari/534.30"
82.119.30.28 - - [07/Apr/2013:11:04:58 +0200] "GET /templates/gk_penguinmail/css/menu/mega.css HTTP/1.1" 200 4575 "http://www.straman.de/?ui=desktop" "Mozilla/5.0 (Linux; U; Android 4.0.4; de-de; SonyEricssonLT22i Build/6.1.1.B.1.54) AppleWebKit/534.30 (KHTML, like Gecko) Version/4.0 Mobile Safari/534.30"
82.119.30.28 - - [07/Apr/2013:11:04:58 +0200] "GET /templates/gk_penguinmail/js/menu/mega.js HTTP/1.1" 200 12974 "http://www.straman.de/?ui=desktop" "Mozilla/5.0 (Linux; U; Android 4.0.4; de-de; SonyEricssonLT22i Build/6.1.1.B.1.54) AppleWebKit/534.30 (KHTML, like Gecko) Version/4.0 Mobile Safari/534.30"
82.119.30.28 - - [07/Apr/2013:11:04:58 +0200] "GET /templates/gk_penguinmail/fonts/PT-Seans/stylesheet.css HTTP/1.1" 200 2445 "http://www.straman.de/?ui=desktop" "Mozilla/5.0 (Linux; U; Android 4.0.4; de-de; SonyEricssonLT22i Build/6.1.1.B.1.54) AppleWebKit/534.30 (KHTML, like Gecko) Version/4.0 Mobile Safari/534.30"
82.119.30.28 - - [07/Apr/2013:11:04:59 +0200] "GET /templates/gk_penguinmail/images/style3/glow.jpg HTTP/1.1" 200 18301 "http://www.straman.de/?ui=desktop" "Mozilla/5.0 (Linux; U; Android 4.0.4; de-de; SonyEricssonLT22i Build/6.1.1.B.1.54) AppleWebKit/534.30 (KHTML, like Gecko) Version/4.0 Mobile Safari/534.30"
82.119.30.28 - - [07/Apr/2013:11:04:59 +0200] "GET /templates/gk_penguinmail/images/style3/menu_sprite.png HTTP/1.1" 200 450 "http://www.straman.de/?ui=desktop" "Mozilla/5.0 (Linux; U; Android 4.0.4; de-de; SonyEricssonLT22i Build/6.1.1.B.1.54) AppleWebKit/534.30 (KHTML, like Gecko) Version/4.0 Mobile Safari/534.30"
82.119.30.28 - - [07/Apr/2013:11:04:59 +0200] "GET /templates/gk_penguinmail/images/menu_sprite.png HTTP/1.1" 404 2467 "http://www.straman.de/?ui=desktop" "Mozilla/5.0 (Linux; U; Android 4.0.4; de-de; SonyEricssonLT22i Build/6.1.1.B.1.54) AppleWebKit/534.30 (KHTML, like Gecko) Version/4.0 Mobile Safari/534.30"
82.119.30.28 - - [07/Apr/2013:11:04:59 +0200] "GET /images/gmm2.jpg HTTP/1.1" 200 47432 "http://www.straman.de/?ui=desktop" "Mozilla/5.0 (Linux; U; Android 4.0.4; de-de; SonyEricssonLT22i Build/6.1.1.B.1.54) AppleWebKit/534.30 (KHTML, like Gecko) Version/4.0 Mobile Safari/534.30"
82.119.30.28 - - [07/Apr/2013:11:04:59 +0200] "GET /images/galabau_002.jpg HTTP/1.1" 200 42117 "http://www.straman.de/?ui=desktop" "Mozilla/5.0 (Linux; U; Android 4.0.4; de-de; SonyEricssonLT22i Build/6.1.1.B.1.54) AppleWebKit/534.30 (KHTML, like Gecko) Version/4.0 Mobile Safari/534.30"
82.119.30.28 - - [07/Apr/2013:11:04:59 +0200] "GET /images/winterdienst_005.jpg HTTP/1.1" 200 48793 "http://www.straman.de/?ui=desktop" "Mozilla/5.0 (Linux; U; Android 4.0.4; de-de; SonyEricssonLT22i Build/6.1.1.B.1.54) AppleWebKit/534.30 (KHTML, like Gecko) Version/4.0 Mobile Safari/534.30"
82.119.30.28 - - [07/Apr/2013:11:04:59 +0200] "GET /images/header_neu.png HTTP/1.1" 200 340608 "http://www.straman.de/?ui=desktop" "Mozilla/5.0 (Linux; U; Android 4.0.4; de-de; SonyEricssonLT22i Build/6.1.1.B.1.54) AppleWebKit/534.30 (KHTML, like Gecko) Version/4.0 Mobile Safari/534.30"
82.119.30.28 - - [07/Apr/2013:11:05:31 +0200] "GET /unternehmen/standorte.html HTTP/1.1" 200 17485 "http://www.straman.de/?ui=desktop" "Mozilla/5.0 (Linux; U; Android 4.0.4; de-de; SonyEricssonLT22i Build/6.1.1.B.1.54) AppleWebKit/534.30 (KHTML, like Gecko) Version/4.0 Mobile Safari/534.30"
82.119.30.28 - - [07/Apr/2013:11:05:31 +0200] "GET /templates/gk_penguinmail/css/template_unterseiten.css HTTP/1.1" 200 112 "http://www.straman.de/unternehmen/standorte.html" "Mozilla/5.0 (Linux; U; Android 4.0.4; de-de; SonyEricssonLT22i Build/6.1.1.B.1.54) AppleWebKit/534.30 (KHTML, like Gecko) Version/4.0 Mobile Safari/534.30"
82.119.30.28 - - [07/Apr/2013:11:05:31 +0200] "GET /images/header3.png HTTP/1.1" 200 29760 "http://www.straman.de/unternehmen/standorte.html" "Mozilla/5.0 (Linux; U; Android 4.0.4; de-de; SonyEricssonLT22i Build/6.1.1.B.1.54) AppleWebKit/534.30 (KHTML, like Gecko) Version/4.0 Mobile Safari/534.30"
82.119.30.28 - - [07/Apr/2013:11:05:32 +0200] "GET /templates/gk_penguinmail/images/emailButton.png HTTP/1.1" 200 365 "http://www.straman.de/unternehmen/standorte.html" "Mozilla/5.0 (Linux; U; Android 4.0.4; de-de; SonyEricssonLT22i Build/6.1.1.B.1.54) AppleWebKit/534.30 (KHTML, like Gecko) Version/4.0 Mobile Safari/534.30"
82.119.30.28 - - [07/Apr/2013:11:05:32 +0200] "GET /templates/gk_penguinmail/images/printButton.png HTTP/1.1" 200 442 "http://www.straman.de/unternehmen/standorte.html" "Mozilla/5.0 (Linux; U; Android 4.0.4; de-de; SonyEricssonLT22i Build/6.1.1.B.1.54) AppleWebKit/534.30 (KHTML, like Gecko) Version/4.0 Mobile Safari/534.30"
82.119.30.28 - - [07/Apr/2013:11:05:32 +0200] "GET /templates/gk_penguinmail/images/toolsFont.png HTTP/1.1" 200 467 "http://www.straman.de/unternehmen/standorte.html" "Mozilla/5.0 (Linux; U; Android 4.0.4; de-de; SonyEricssonLT22i Build/6.1.1.B.1.54) AppleWebKit/534.30 (KHTML, like Gecko) Version/4.0 Mobile Safari/534.30"
82.119.30.28 - - [07/Apr/2013:11:05:32 +0200] "GET /templates/gk_penguinmail/images/menu_sprite.png HTTP/1.1" 404 2467 "http://www.straman.de/unternehmen/standorte.html" "Mozilla/5.0 (Linux; U; Android 4.0.4; de-de; SonyEricssonLT22i Build/6.1.1.B.1.54) AppleWebKit/534.30 (KHTML, like Gecko) Version/4.0 Mobile Safari/534.30"
82.119.30.28 - - [07/Apr/2013:11:05:32 +0200] "GET /images/karte-standorte.png HTTP/1.1" 200 62546 "http://www.straman.de/unternehmen/standorte.html" "Mozilla/5.0 (Linux; U; Android 4.0.4; de-de; SonyEricssonLT22i Build/6.1.1.B.1.54) AppleWebKit/534.30 (KHTML, like Gecko) Version/4.0 Mobile Safari/534.30"
82.119.30.28 - - [07/Apr/2013:11:12:45 +0200] "GET /unternehmen/partner.html HTTP/1.1" 200 16662 "http://www.google.com/search?hl=de&client=ms-android-sonyericsson&channel=bm&site=webhp&ei=tjZhUezPNcHQtQb-yYHYAg&q=Straman+Werkstatt&oq=Straman+Werkstatt&gs_l=mobile-gws-serp.3...2912.33730.0.34661.44.41.2.0.0.7.296.5209.9j25j3.37.0...0.0...1c.1.8.mobile-gws-serp.A784kaYOowY" "Mozilla/5.0 (Linux; U; Android 4.0.4; de-de; SonyEricssonLT22i Build/6.1.1.B.1.54) AppleWebKit/534.30 (KHTML, like Gecko) Version/4.0 Mobile Safari/534.30"
82.119.30.28 - - [07/Apr/2013:11:12:46 +0200] "GET /images/firmentv_deutschland.jpg HTTP/1.1" 200 22832 "http://www.straman.de/unternehmen/partner.html" "Mozilla/5.0 (Linux; U; Android 4.0.4; de-de; SonyEricssonLT22i Build/6.1.1.B.1.54) AppleWebKit/534.30 (KHTML, like Gecko) Version/4.0 Mobile Safari/534.30"
82.119.30.28 - - [07/Apr/2013:11:12:46 +0200] "GET /images/partnerhandwerker_deutschla.jpg HTTP/1.1" 200 24102 "http://www.straman.de/unternehmen/partner.html" "Mozilla/5.0 (Linux; U; Android 4.0.4; de-de; SonyEricssonLT22i Build/6.1.1.B.1.54) AppleWebKit/534.30 (KHTML, like Gecko) Version/4.0 Mobile Safari/534.30"
82.119.30.28 - - [07/Apr/2013:11:12:46 +0200] "GET /templates/gk_penguinmail/images/menu_sprite.png HTTP/1.1" 404 2467 "http://www.straman.de/unternehmen/partner.html" "Mozilla/5.0 (Linux; U; Android 4.0.4; de-de; SonyEricssonLT22i Build/6.1.1.B.1.54) AppleWebKit/534.30 (KHTML, like Gecko) Version/4.0 Mobile Safari/534.30"
82.119.30.28 - - [07/Apr/2013:11:12:46 +0200] "GET /images/firmentv_deutschland_banner.jpg HTTP/1.1" 200 57458 "http://www.straman.de/unternehmen/partner.html" "Mozilla/5.0 (Linux; U; Android 4.0.4; de-de; SonyEricssonLT22i Build/6.1.1.B.1.54) AppleWebKit/534.30 (KHTML, like Gecko) Version/4.0 Mobile Safari/534.30"
82.119.30.28 - - [07/Apr/2013:11:12:46 +0200] "GET /images/eisbaeren_juniors_berlin.png HTTP/1.1" 200 142868 "http://www.straman.de/unternehmen/partner.html" "Mozilla/5.0 (Linux; U; Android 4.0.4; de-de; SonyEricssonLT22i Build/6.1.1.B.1.54) AppleWebKit/534.30 (KHTML, like Gecko) Version/4.0 Mobile Safari/534.30"
82.119.30.28 - - [07/Apr/2013:11:12:46 +0200] "GET /images/banner_besch_728x90.jpg HTTP/1.1" 200 634555 "http://www.straman.de/unternehmen/partner.html" "Mozilla/5.0 (Linux; U; Android 4.0.4; de-de; SonyEricssonLT22i Build/6.1.1.B.1.54) AppleWebKit/534.30 (KHTML, like Gecko) Version/4.0 Mobile Safari/534.30"
173.199.120.67 - - [07/Apr/2013:11:25:49 +0200] "GET /news/58-sitemap.html?tmpl=component&print=1&layout=default&page= HTTP/1.1" 200 3336 "-" "Mozilla/5.0 (compatible; AhrefsBot/4.0; +http://ahrefs.com/robot/)"
130.83.167.153 - - [07/Apr/2013:11:45:07 +0200] "GET /servicebereiche/strassenreinigung.html?tmpl=component&print=1&page= HTTP/1.1" 200 4712 "-" "findlinks/2.6 (+http://wortschatz.uni-leipzig.de/findlinks/)"
130.83.167.153 - - [07/Apr/2013:11:45:07 +0200] "GET /servicebereiche/strassenreinigung.html?tmpl=component&print=1&page= HTTP/1.1" 200 4712 "-" "findlinks/2.6 (+http://wortschatz.uni-leipzig.de/findlinks/)"
199.30.20.94 - - [07/Apr/2013:12:48:32 +0200] "GET /robots.txt HTTP/1.1" 200 304 "-" "msnbot-media/1.1 (+http://search.msn.com/msnbot.htm)"
66.249.78.56 - - [07/Apr/2013:12:55:56 +0200] "GET /unternehmen/standorte.html HTTP/1.1" 200 10341 "-" "Mozilla/5.0 (iPhone; U; CPU iPhone OS 4_1 like Mac OS X; en-us) AppleWebKit/532.9 (KHTML, like Gecko) Version/4.0.5 Mobile/8B117 Safari/6531.22.7 (compatible; Googlebot-Mobile/2.1; +http://www.google.com/bot.html)"
66.249.75.137 - - [07/Apr/2013:13:16:24 +0200] "GET /component/user/register.html HTTP/1.1" 200 7147 "-" "DoCoMo/2.0 N905i(c100;TB;W24H16) (compatible; Googlebot-Mobile/2.1; +http://www.google.com/bot.html)"
173.199.120.67 - - [07/Apr/2013:13:28:31 +0200] "GET /downloadbereich/58.html HTTP/1.1" 200 16672 "-" "Mozilla/5.0 (compatible; AhrefsBot/4.0; +http://ahrefs.com/robot/)"
79.249.90.202 - - [07/Apr/2013:13:47:03 +0200] "GET / HTTP/1.1" 200 13385 "http://www.google.de/url?sa=t&rct=j&q=stramann%20winterdienst&source=web&cd=2&ved=0CDgQFjAB&url=http%3A%2F%2Fwww.straman.de%2F&ei=UVxhUZinGc7itQaJ5IHoAQ&usg=AFQjCNEpeUQQKOp_93iUUo8XSnpqrpjMzA&bvm=bv.44770516,d.Yms" "Mozilla/4.0 (compatible; MSIE 8.0; Windows NT 6.1; Trident/4.0; GTB7.4; SLCC2; .NET CLR 2.0.50727; .NET CLR 3.5.30729; .NET CLR 3.0.30729; Media Center PC 6.0; .NET4.0C; Media Center PC 5.0; SLCC1; AskTbORJ/5.15.15.36191)"
79.249.90.202 - - [07/Apr/2013:13:47:03 +0200] "GET /templates/system/css/general.css HTTP/1.1" 200 2777 "http://www.straman.de/" "Mozilla/4.0 (compatible; MSIE 8.0; Windows NT 6.1; Trident/4.0; GTB7.4; SLCC2; .NET CLR 2.0.50727; .NET CLR 3.5.30729; .NET CLR 3.0.30729; Media Center PC 6.0; .NET4.0C; Media Center PC 5.0; SLCC1; AskTbORJ/5.15.15.36191)"
79.249.90.202 - - [07/Apr/2013:13:47:03 +0200] "GET /templates/system/css/system.css HTTP/1.1" 200 1385 "http://www.straman.de/" "Mozilla/4.0 (compatible; MSIE 8.0; Windows NT 6.1; Trident/4.0; GTB7.4; SLCC2; .NET CLR 2.0.50727; .NET CLR 3.5.30729; .NET CLR 3.0.30729; Media Center PC 6.0; .NET4.0C; Media Center PC 5.0; SLCC1; AskTbORJ/5.15.15.36191)"
79.249.90.202 - - [07/Apr/2013:13:47:03 +0200] "GET /templates/gk_penguinmail/css/layout.css HTTP/1.1" 200 1684 "http://www.straman.de/" "Mozilla/4.0 (compatible; MSIE 8.0; Windows NT 6.1; Trident/4.0; GTB7.4; SLCC2; .NET CLR 2.0.50727; .NET CLR 3.5.30729; .NET CLR 3.0.30729; Media Center PC 6.0; .NET4.0C; Media Center PC 5.0; SLCC1; AskTbORJ/5.15.15.36191)"
79.249.90.202 - - [07/Apr/2013:13:47:03 +0200] "GET /templates/gk_penguinmail/css/addons.css HTTP/1.1" 200 2644 "http://www.straman.de/" "Mozilla/4.0 (compatible; MSIE 8.0; Windows NT 6.1; Trident/4.0; GTB7.4; SLCC2; .NET CLR 2.0.50727; .NET CLR 3.5.30729; .NET CLR 3.0.30729; Media Center PC 6.0; .NET4.0C; Media Center PC 5.0; SLCC1; AskTbORJ/5.15.15.36191)"
79.249.90.202 - - [07/Apr/2013:13:47:03 +0200] "GET /templates/gk_penguinmail/css/template.css HTTP/1.1" 200 8935 "http://www.straman.de/" "Mozilla/4.0 (compatible; MSIE 8.0; Windows NT 6.1; Trident/4.0; GTB7.4; SLCC2; .NET CLR 2.0.50727; .NET CLR 3.5.30729; .NET CLR 3.0.30729; Media Center PC 6.0; .NET4.0C; Media Center PC 5.0; SLCC1; AskTbORJ/5.15.15.36191)"
79.249.90.202 - - [07/Apr/2013:13:47:03 +0200] "GET /templates/gk_penguinmail/css/joomla.css HTTP/1.1" 200 14242 "http://www.straman.de/" "Mozilla/4.0 (compatible; MSIE 8.0; Windows NT 6.1; Trident/4.0; GTB7.4; SLCC2; .NET CLR 2.0.50727; .NET CLR 3.5.30729; .NET CLR 3.0.30729; Media Center PC 6.0; .NET4.0C; Media Center PC 5.0; SLCC1; AskTbORJ/5.15.15.36191)"
79.249.90.202 - - [07/Apr/2013:13:47:03 +0200] "GET /templates/gk_penguinmail/css/typo.css HTTP/1.1" 200 15356 "http://www.straman.de/" "Mozilla/4.0 (compatible; MSIE 8.0; Windows NT 6.1; Trident/4.0; GTB7.4; SLCC2; .NET CLR 2.0.50727; .NET CLR 3.5.30729; .NET CLR 3.0.30729; Media Center PC 6.0; .NET4.0C; Media Center PC 5.0; SLCC1; AskTbORJ/5.15.15.36191)"
79.249.90.202 - - [07/Apr/2013:13:47:03 +0200] "GET /templates/gk_penguinmail/css/css3_style3.css HTTP/1.1" 200 2876 "http://www.straman.de/" "Mozilla/4.0 (compatible; MSIE 8.0; Windows NT 6.1; Trident/4.0; GTB7.4; SLCC2; .NET CLR 2.0.50727; .NET CLR 3.5.30729; .NET CLR 3.0.30729; Media Center PC 6.0; .NET4.0C; Media Center PC 5.0; SLCC1; AskTbORJ/5.15.15.36191)"
79.249.90.202 - - [07/Apr/2013:13:47:03 +0200] "GET /templates/gk_penguinmail/css/gk_stuff.css HTTP/1.1" 200 12799 "http://www.straman.de/" "Mozilla/4.0 (compatible; MSIE 8.0; Windows NT 6.1; Trident/4.0; GTB7.4; SLCC2; .NET CLR 2.0.50727; .NET CLR 3.5.30729; .NET CLR 3.0.30729; Media Center PC 6.0; .NET4.0C; Media Center PC 5.0; SLCC1; AskTbORJ/5.15.15.36191)"
79.249.90.202 - - [07/Apr/2013:13:47:03 +0200] "GET /templates/gk_penguinmail/css/style3.css HTTP/1.1" 200 13892 "http://www.straman.de/" "Mozilla/4.0 (compatible; MSIE 8.0; Windows NT 6.1; Trident/4.0; GTB7.4; SLCC2; .NET CLR 2.0.50727; .NET CLR 3.5.30729; .NET CLR 3.0.30729; Media Center PC 6.0; .NET4.0C; Media Center PC 5.0; SLCC1; AskTbORJ/5.15.15.36191)"
79.249.90.202 - - [07/Apr/2013:13:47:03 +0200] "GET /templates/gk_penguinmail/css/override.css HTTP/1.1" 200 3594 "http://www.straman.de/" "Mozilla/4.0 (compatible; MSIE 8.0; Windows NT 6.1; Trident/4.0; GTB7.4; SLCC2; .NET CLR 2.0.50727; .NET CLR 3.5.30729; .NET CLR 3.0.30729; Media Center PC 6.0; .NET4.0C; Media Center PC 5.0; SLCC1; AskTbORJ/5.15.15.36191)"
79.249.90.202 - - [07/Apr/2013:13:47:03 +0200] "GET /templates/gk_penguinmail/js/domready_fix.js HTTP/1.1" 200 1340 "http://www.straman.de/" "Mozilla/4.0 (compatible; MSIE 8.0; Windows NT 6.1; Trident/4.0; GTB7.4; SLCC2; .NET CLR 2.0.50727; .NET CLR 3.5.30729; .NET CLR 3.0.30729; Media Center PC 6.0; .NET4.0C; Media Center PC 5.0; SLCC1; AskTbORJ/5.15.15.36191)"
79.249.90.202 - - [07/Apr/2013:13:47:03 +0200] "GET /media/system/js/caption.js HTTP/1.1" 200 1963 "http://www.straman.de/" "Mozilla/4.0 (compatible; MSIE 8.0; Windows NT 6.1; Trident/4.0; GTB7.4; SLCC2; .NET CLR 2.0.50727; .NET CLR 3.5.30729; .NET CLR 3.0.30729; Media Center PC 6.0; .NET4.0C; Media Center PC 5.0; SLCC1; AskTbORJ/5.15.15.36191)"
79.249.90.202 - - [07/Apr/2013:13:47:03 +0200] "GET /templates/gk_penguinmail/js/gk.script.js HTTP/1.1" 200 4585 "http://www.straman.de/" "Mozilla/4.0 (compatible; MSIE 8.0; Windows NT 6.1; Trident/4.0; GTB7.4; SLCC2; .NET CLR 2.0.50727; .NET CLR 3.5.30729; .NET CLR 3.0.30729; Media Center PC 6.0; .NET4.0C; Media Center PC 5.0; SLCC1; AskTbORJ/5.15.15.36191)"
79.249.90.202 - - [07/Apr/2013:13:47:03 +0200] "GET /templates/gk_penguinmail/js/menu/mega.js HTTP/1.1" 200 12974 "http://www.straman.de/" "Mozilla/4.0 (compatible; MSIE 8.0; Windows NT 6.1; Trident/4.0; GTB7.4; SLCC2; .NET CLR 2.0.50727; .NET CLR 3.5.30729; .NET CLR 3.0.30729; Media Center PC 6.0; .NET4.0C; Media Center PC 5.0; SLCC1; AskTbORJ/5.15.15.36191)"
79.249.90.202 - - [07/Apr/2013:13:47:03 +0200] "GET /templates/gk_penguinmail/css/menu/mega.css HTTP/1.1" 200 4575 "http://www.straman.de/" "Mozilla/4.0 (compatible; MSIE 8.0; Windows NT 6.1; Trident/4.0; GTB7.4; SLCC2; .NET CLR 2.0.50727; .NET CLR 3.5.30729; .NET CLR 3.0.30729; Media Center PC 6.0; .NET4.0C; Media Center PC 5.0; SLCC1; AskTbORJ/5.15.15.36191)"
79.249.90.202 - - [07/Apr/2013:13:47:03 +0200] "GET /templates/gk_penguinmail/fonts/PT-Seans/stylesheet.css HTTP/1.1" 200 2445 "http://www.straman.de/" "Mozilla/4.0 (compatible; MSIE 8.0; Windows NT 6.1; Trident/4.0; GTB7.4; SLCC2; .NET CLR 2.0.50727; .NET CLR 3.5.30729; .NET CLR 3.0.30729; Media Center PC 6.0; .NET4.0C; Media Center PC 5.0; SLCC1; AskTbORJ/5.15.15.36191)"
79.249.90.202 - - [07/Apr/2013:13:47:03 +0200] "GET /templates/gk_penguinmail/css/ie8.css HTTP/1.1" 200 1153 "http://www.straman.de/" "Mozilla/4.0 (compatible; MSIE 8.0; Windows NT 6.1; Trident/4.0; GTB7.4; SLCC2; .NET CLR 2.0.50727; .NET CLR 3.5.30729; .NET CLR 3.0.30729; Media Center PC 6.0; .NET4.0C; Media Center PC 5.0; SLCC1; AskTbORJ/5.15.15.36191)"
79.249.90.202 - - [07/Apr/2013:13:47:03 +0200] "GET /media/system/js/mootools.js HTTP/1.1" 200 74434 "http://www.straman.de/" "Mozilla/4.0 (compatible; MSIE 8.0; Windows NT 6.1; Trident/4.0; GTB7.4; SLCC2; .NET CLR 2.0.50727; .NET CLR 3.5.30729; .NET CLR 3.0.30729; Media Center PC 6.0; .NET4.0C; Media Center PC 5.0; SLCC1; AskTbORJ/5.15.15.36191)"
79.249.90.202 - - [07/Apr/2013:13:47:04 +0200] "GET /templates/gk_penguinmail/fonts/PT-Seans/PTC75F-webfont.eot HTTP/1.1" 200 26512 "http://www.straman.de/" "Mozilla/4.0 (compatible; MSIE 8.0; Windows NT 6.1; Trident/4.0; GTB7.4; SLCC2; .NET CLR 2.0.50727; .NET CLR 3.5.30729; .NET CLR 3.0.30729; Media Center PC 6.0; .NET4.0C; Media Center PC 5.0; SLCC1; AskTbORJ/5.15.15.36191)"
79.249.90.202 - - [07/Apr/2013:13:47:04 +0200] "GET /templates/gk_penguinmail/fonts/PT-Seans/PTN57F-webfont.eot HTTP/1.1" 200 25908 "http://www.straman.de/" "Mozilla/4.0 (compatible; MSIE 8.0; Windows NT 6.1; Trident/4.0; GTB7.4; SLCC2; .NET CLR 2.0.50727; .NET CLR 3.5.30729; .NET CLR 3.0.30729; Media Center PC 6.0; .NET4.0C; Media Center PC 5.0; SLCC1; AskTbORJ/5.15.15.36191)"
79.249.90.202 - - [07/Apr/2013:13:47:04 +0200] "GET /templates/gk_penguinmail/fonts/PT-Seans/PTC55F-webfont.eot HTTP/1.1" 200 27716 "http://www.straman.de/" "Mozilla/4.0 (compatible; MSIE 8.0; Windows NT 6.1; Trident/4.0; GTB7.4; SLCC2; .NET CLR 2.0.50727; .NET CLR 3.5.30729; .NET CLR 3.0.30729; Media Center PC 6.0; .NET4.0C; Media Center PC 5.0; SLCC1; AskTbORJ/5.15.15.36191)"
79.249.90.202 - - [07/Apr/2013:13:47:04 +0200] "GET /templates/gk_penguinmail/fonts/PT-Seans/PTS76F-webfont.eot HTTP/1.1" 200 29352 "http://www.straman.de/" "Mozilla/4.0 (compatible; MSIE 8.0; Windows NT 6.1; Trident/4.0; GTB7.4; SLCC2; .NET CLR 2.0.50727; .NET CLR 3.5.30729; .NET CLR 3.0.30729; Media Center PC 6.0; .NET4.0C; Media Center PC 5.0; SLCC1; AskTbORJ/5.15.15.36191)"
79.249.90.202 - - [07/Apr/2013:13:47:04 +0200] "GET /templates/gk_penguinmail/fonts/PT-Seans/PTS75F-webfont.eot HTTP/1.1" 200 25456 "http://www.straman.de/" "Mozilla/4.0 (compatible; MSIE 8.0; Windows NT 6.1; Trident/4.0; GTB7.4; SLCC2; .NET CLR 2.0.50727; .NET CLR 3.5.30729; .NET CLR 3.0.30729; Media Center PC 6.0; .NET4.0C; Media Center PC 5.0; SLCC1; AskTbORJ/5.15.15.36191)"
79.249.90.202 - - [07/Apr/2013:13:47:04 +0200] "GET /templates/gk_penguinmail/images/style3/glow.jpg HTTP/1.1" 200 18301 "http://www.straman.de/" "Mozilla/4.0 (compatible; MSIE 8.0; Windows NT 6.1; Trident/4.0; GTB7.4; SLCC2; .NET CLR 2.0.50727; .NET CLR 3.5.30729; .NET CLR 3.0.30729; Media Center PC 6.0; .NET4.0C; Media Center PC 5.0; SLCC1; AskTbORJ/5.15.15.36191)"
79.249.90.202 - - [07/Apr/2013:13:47:04 +0200] "GET /templates/gk_penguinmail/fonts/PT-Seans/PTS55F-webfont.eot HTTP/1.1" 200 26928 "http://www.straman.de/" "Mozilla/4.0 (compatible; MSIE 8.0; Windows NT 6.1; Trident/4.0; GTB7.4; SLCC2; .NET CLR 2.0.50727; .NET CLR 3.5.30729; .NET CLR 3.0.30729; Media Center PC 6.0; .NET4.0C; Media Center PC 5.0; SLCC1; AskTbORJ/5.15.15.36191)"
79.249.90.202 - - [07/Apr/2013:13:47:04 +0200] "GET /templates/gk_penguinmail/fonts/PT-Seans/PTN77F-webfont.eot HTTP/1.1" 200 25028 "http://www.straman.de/" "Mozilla/4.0 (compatible; MSIE 8.0; Windows NT 6.1; Trident/4.0; GTB7.4; SLCC2; .NET CLR 2.0.50727; .NET CLR 3.5.30729; .NET CLR 3.0.30729; Media Center PC 6.0; .NET4.0C; Media Center PC 5.0; SLCC1; AskTbORJ/5.15.15.36191)"
79.249.90.202 - - [07/Apr/2013:13:47:04 +0200] "GET /templates/gk_penguinmail/images/style3/menu_sprite.png HTTP/1.1" 200 450 "http://www.straman.de/" "Mozilla/4.0 (compatible; MSIE 8.0; Windows NT 6.1; Trident/4.0; GTB7.4; SLCC2; .NET CLR 2.0.50727; .NET CLR 3.5.30729; .NET CLR 3.0.30729; Media Center PC 6.0; .NET4.0C; Media Center PC 5.0; SLCC1; AskTbORJ/5.15.15.36191)"
79.249.90.202 - - [07/Apr/2013:13:47:04 +0200] "GET /templates/gk_penguinmail/fonts/PT-Seans/PTS56F-webfont.eot HTTP/1.1" 200 30512 "http://www.straman.de/" "Mozilla/4.0 (compatible; MSIE 8.0; Windows NT 6.1; Trident/4.0; GTB7.4; SLCC2; .NET CLR 2.0.50727; .NET CLR 3.5.30729; .NET CLR 3.0.30729; Media Center PC 6.0; .NET4.0C; Media Center PC 5.0; SLCC1; AskTbORJ/5.15.15.36191)"
79.249.90.202 - - [07/Apr/2013:13:47:04 +0200] "GET /images/gmm2.jpg HTTP/1.1" 200 47432 "http://www.straman.de/" "Mozilla/4.0 (compatible; MSIE 8.0; Windows NT 6.1; Trident/4.0; GTB7.4; SLCC2; .NET CLR 2.0.50727; .NET CLR 3.5.30729; .NET CLR 3.0.30729; Media Center PC 6.0; .NET4.0C; Media Center PC 5.0; SLCC1; AskTbORJ/5.15.15.36191)"
79.249.90.202 - - [07/Apr/2013:13:47:04 +0200] "GET /images/galabau_002.jpg HTTP/1.1" 200 42117 "http://www.straman.de/" "Mozilla/4.0 (compatible; MSIE 8.0; Windows NT 6.1; Trident/4.0; GTB7.4; SLCC2; .NET CLR 2.0.50727; .NET CLR 3.5.30729; .NET CLR 3.0.30729; Media Center PC 6.0; .NET4.0C; Media Center PC 5.0; SLCC1; AskTbORJ/5.15.15.36191)"
79.249.90.202 - - [07/Apr/2013:13:47:04 +0200] "GET /templates/gk_penguinmail/images/logo.png HTTP/1.1" 200 6608 "http://www.straman.de/" "Mozilla/4.0 (compatible; MSIE 8.0; Windows NT 6.1; Trident/4.0; GTB7.4; SLCC2; .NET CLR 2.0.50727; .NET CLR 3.5.30729; .NET CLR 3.0.30729; Media Center PC 6.0; .NET4.0C; Media Center PC 5.0; SLCC1; AskTbORJ/5.15.15.36191)"
79.249.90.202 - - [07/Apr/2013:13:47:04 +0200] "GET /templates/gk_penguinmail/images/menu_sprite.png HTTP/1.1" 404 2467 "http://www.straman.de/" "Mozilla/4.0 (compatible; MSIE 8.0; Windows NT 6.1; Trident/4.0; GTB7.4; SLCC2; .NET CLR 2.0.50727; .NET CLR 3.5.30729; .NET CLR 3.0.30729; Media Center PC 6.0; .NET4.0C; Media Center PC 5.0; SLCC1; AskTbORJ/5.15.15.36191)"
79.249.90.202 - - [07/Apr/2013:13:47:04 +0200] "GET /images/header_neu.png HTTP/1.1" 200 340608 "http://www.straman.de/" "Mozilla/4.0 (compatible; MSIE 8.0; Windows NT 6.1; Trident/4.0; GTB7.4; SLCC2; .NET CLR 2.0.50727; .NET CLR 3.5.30729; .NET CLR 3.0.30729; Media Center PC 6.0; .NET4.0C; Media Center PC 5.0; SLCC1; AskTbORJ/5.15.15.36191)"
79.249.90.202 - - [07/Apr/2013:13:47:04 +0200] "GET /images/winterdienst_005.jpg HTTP/1.1" 200 48793 "http://www.straman.de/" "Mozilla/4.0 (compatible; MSIE 8.0; Windows NT 6.1; Trident/4.0; GTB7.4; SLCC2; .NET CLR 2.0.50727; .NET CLR 3.5.30729; .NET CLR 3.0.30729; Media Center PC 6.0; .NET4.0C; Media Center PC 5.0; SLCC1; AskTbORJ/5.15.15.36191)"
79.249.90.202 - - [07/Apr/2013:13:47:04 +0200] "GET /templates/gk_penguinmail/favicon.ico HTTP/1.1" 200 5686 "-" "Mozilla/4.0 (compatible; MSIE 8.0; Windows NT 6.1; Trident/4.0; GTB7.4; SLCC2; .NET CLR 2.0.50727; .NET CLR 3.5.30729; .NET CLR 3.0.30729; Media Center PC 6.0; .NET4.0C; Media Center PC 5.0; SLCC1; AskTbORJ/5.15.15.36191)"
79.249.90.202 - - [07/Apr/2013:13:47:11 +0200] "GET /referenzen.html HTTP/1.1" 200 19537 "http://www.straman.de/" "Mozilla/4.0 (compatible; MSIE 8.0; Windows NT 6.1; Trident/4.0; GTB7.4; SLCC2; .NET CLR 2.0.50727; .NET CLR 3.5.30729; .NET CLR 3.0.30729; Media Center PC 6.0; .NET4.0C; Media Center PC 5.0; SLCC1; AskTbORJ/5.15.15.36191)"
79.249.90.202 - - [07/Apr/2013:13:47:11 +0200] "GET /templates/gk_penguinmail/css/template_unterseiten.css HTTP/1.1" 200 112 "http://www.straman.de/referenzen.html" "Mozilla/4.0 (compatible; MSIE 8.0; Windows NT 6.1; Trident/4.0; GTB7.4; SLCC2; .NET CLR 2.0.50727; .NET CLR 3.5.30729; .NET CLR 3.0.30729; Media Center PC 6.0; .NET4.0C; Media Center PC 5.0; SLCC1; AskTbORJ/5.15.15.36191)"
79.249.90.202 - - [07/Apr/2013:13:47:11 +0200] "GET /images/header3.png HTTP/1.1" 200 29760 "http://www.straman.de/referenzen.html" "Mozilla/4.0 (compatible; MSIE 8.0; Windows NT 6.1; Trident/4.0; GTB7.4; SLCC2; .NET CLR 2.0.50727; .NET CLR 3.5.30729; .NET CLR 3.0.30729; Media Center PC 6.0; .NET4.0C; Media Center PC 5.0; SLCC1; AskTbORJ/5.15.15.36191)"
79.249.90.202 - - [07/Apr/2013:13:47:11 +0200] "GET /templates/gk_penguinmail/images/emailButton.png HTTP/1.1" 200 365 "http://www.straman.de/referenzen.html" "Mozilla/4.0 (compatible; MSIE 8.0; Windows NT 6.1; Trident/4.0; GTB7.4; SLCC2; .NET CLR 2.0.50727; .NET CLR 3.5.30729; .NET CLR 3.0.30729; Media Center PC 6.0; .NET4.0C; Media Center PC 5.0; SLCC1; AskTbORJ/5.15.15.36191)"
79.249.90.202 - - [07/Apr/2013:13:47:11 +0200] "GET /templates/gk_penguinmail/images/printButton.png HTTP/1.1" 200 442 "http://www.straman.de/referenzen.html" "Mozilla/4.0 (compatible; MSIE 8.0; Windows NT 6.1; Trident/4.0; GTB7.4; SLCC2; .NET CLR 2.0.50727; .NET CLR 3.5.30729; .NET CLR 3.0.30729; Media Center PC 6.0; .NET4.0C; Media Center PC 5.0; SLCC1; AskTbORJ/5.15.15.36191)"
79.249.90.202 - - [07/Apr/2013:13:47:11 +0200] "GET /templates/gk_penguinmail/images/toolsFont.png HTTP/1.1" 200 467 "http://www.straman.de/referenzen.html" "Mozilla/4.0 (compatible; MSIE 8.0; Windows NT 6.1; Trident/4.0; GTB7.4; SLCC2; .NET CLR 2.0.50727; .NET CLR 3.5.30729; .NET CLR 3.0.30729; Media Center PC 6.0; .NET4.0C; Media Center PC 5.0; SLCC1; AskTbORJ/5.15.15.36191)"
79.249.90.202 - - [07/Apr/2013:13:47:11 +0200] "GET /templates/gk_penguinmail/images/menu_sprite.png HTTP/1.1" 404 2467 "http://www.straman.de/referenzen.html" "Mozilla/4.0 (compatible; MSIE 8.0; Windows NT 6.1; Trident/4.0; GTB7.4; SLCC2; .NET CLR 2.0.50727; .NET CLR 3.5.30729; .NET CLR 3.0.30729; Media Center PC 6.0; .NET4.0C; Media Center PC 5.0; SLCC1; AskTbORJ/5.15.15.36191)"
79.249.90.202 - - [07/Apr/2013:13:47:11 +0200] "GET /images/banner_besch_728x90.jpg HTTP/1.1" 200 634555 "http://www.straman.de/referenzen.html" "Mozilla/4.0 (compatible; MSIE 8.0; Windows NT 6.1; Trident/4.0; GTB7.4; SLCC2; .NET CLR 2.0.50727; .NET CLR 3.5.30729; .NET CLR 3.0.30729; Media Center PC 6.0; .NET4.0C; Media Center PC 5.0; SLCC1; AskTbORJ/5.15.15.36191)"
79.249.90.202 - - [07/Apr/2013:13:47:31 +0200] "GET /servicebereiche/winterdienst.html HTTP/1.1" 200 27421 "http://www.straman.de/referenzen.html" "Mozilla/4.0 (compatible; MSIE 8.0; Windows NT 6.1; Trident/4.0; GTB7.4; SLCC2; .NET CLR 2.0.50727; .NET CLR 3.5.30729; .NET CLR 3.0.30729; Media Center PC 6.0; .NET4.0C; Media Center PC 5.0; SLCC1; AskTbORJ/5.15.15.36191)"
79.249.90.202 - - [07/Apr/2013:13:47:31 +0200] "GET /templates/gk_penguinmail/css/template_winterdienst.css HTTP/1.1" 200 109 "http://www.straman.de/servicebereiche/winterdienst.html" "Mozilla/4.0 (compatible; MSIE 8.0; Windows NT 6.1; Trident/4.0; GTB7.4; SLCC2; .NET CLR 2.0.50727; .NET CLR 3.5.30729; .NET CLR 3.0.30729; Media Center PC 6.0; .NET4.0C; Media Center PC 5.0; SLCC1; AskTbORJ/5.15.15.36191)"
79.249.90.202 - - [07/Apr/2013:13:47:32 +0200] "GET /templates/gk_penguinmail/images/grau2.jpg HTTP/1.1" 200 25139 "http://www.straman.de/servicebereiche/winterdienst.html" "Mozilla/4.0 (compatible; MSIE 8.0; Windows NT 6.1; Trident/4.0; GTB7.4; SLCC2; .NET CLR 2.0.50727; .NET CLR 3.5.30729; .NET CLR 3.0.30729; Media Center PC 6.0; .NET4.0C; Media Center PC 5.0; SLCC1; AskTbORJ/5.15.15.36191)"
79.249.90.202 - - [07/Apr/2013:13:47:32 +0200] "GET /templates/gk_penguinmail/images/button.png HTTP/1.1" 200 87 "http://www.straman.de/servicebereiche/winterdienst.html" "Mozilla/4.0 (compatible; MSIE 8.0; Windows NT 6.1; Trident/4.0; GTB7.4; SLCC2; .NET CLR 2.0.50727; .NET CLR 3.5.30729; .NET CLR 3.0.30729; Media Center PC 6.0; .NET4.0C; Media Center PC 5.0; SLCC1; AskTbORJ/5.15.15.36191)"
79.249.90.202 - - [07/Apr/2013:13:47:32 +0200] "GET /templates/gk_penguinmail/images/style3/typography/bullet_squ1_color.png HTTP/1.1" 200 149 "http://www.straman.de/servicebereiche/winterdienst.html" "Mozilla/4.0 (compatible; MSIE 8.0; Windows NT 6.1; Trident/4.0; GTB7.4; SLCC2; .NET CLR 2.0.50727; .NET CLR 3.5.30729; .NET CLR 3.0.30729; Media Center PC 6.0; .NET4.0C; Media Center PC 5.0; SLCC1; AskTbORJ/5.15.15.36191)"
79.249.90.202 - - [07/Apr/2013:13:47:32 +0200] "GET /templates/gk_penguinmail/images/menu_sprite.png HTTP/1.1" 404 2467 "http://www.straman.de/servicebereiche/winterdienst.html" "Mozilla/4.0 (compatible; MSIE 8.0; Windows NT 6.1; Trident/4.0; GTB7.4; SLCC2; .NET CLR 2.0.50727; .NET CLR 3.5.30729; .NET CLR 3.0.30729; Media Center PC 6.0; .NET4.0C; Media Center PC 5.0; SLCC1; AskTbORJ/5.15.15.36191)"
79.249.90.202 - - [07/Apr/2013:13:47:32 +0200] "GET /images/header_orange.png HTTP/1.1" 200 36919 "http://www.straman.de/servicebereiche/winterdienst.html" "Mozilla/4.0 (compatible; MSIE 8.0; Windows NT 6.1; Trident/4.0; GTB7.4; SLCC2; .NET CLR 2.0.50727; .NET CLR 3.5.30729; .NET CLR 3.0.30729; Media Center PC 6.0; .NET4.0C; Media Center PC 5.0; SLCC1; AskTbORJ/5.15.15.36191)"
79.249.90.202 - - [07/Apr/2013:13:47:32 +0200] "GET /images/winterdienst_001.jpg HTTP/1.1" 200 107331 "http://www.straman.de/servicebereiche/winterdienst.html" "Mozilla/4.0 (compatible; MSIE 8.0; Windows NT 6.1; Trident/4.0; GTB7.4; SLCC2; .NET CLR 2.0.50727; .NET CLR 3.5.30729; .NET CLR 3.0.30729; Media Center PC 6.0; .NET4.0C; Media Center PC 5.0; SLCC1; AskTbORJ/5.15.15.36191)"
