65.55.52.92 - - [05/Apr/2013:02:26:21 +0200] "GET / HTTP/1.1" 200 13419 "-" "Mozilla/5.0 (compatible; bingbot/2.0; +http://www.bing.com/bingbot.htm)"
66.249.76.137 - - [05/Apr/2013:02:36:46 +0200] "GET /robots.txt HTTP/1.1" 200 304 "-" "Mozilla/5.0 (compatible; Googlebot/2.1; +http://www.google.com/bot.html)"
66.249.76.137 - - [05/Apr/2013:02:36:46 +0200] "GET /servicebereiche/gruenanlagenpflege.html HTTP/1.1" 200 23413 "-" "Mozilla/5.0 (compatible; Googlebot/2.1; +http://www.google.com/bot.html)"
38.101.148.120 - - [05/Apr/2013:02:40:42 +0200] "GET /index.php?option=com_user&view=login HTTP/1.1" 200 17537 "-" "Mozilla/5.0 (compatible; discoverybot/2.0; +http://discoveryengine.com/discoverybot.html)"
130.83.167.153 - - [05/Apr/2013:02:53:09 +0200] "GET /component/mailto/?tmpl=component&link=3eed24c1e6e5811e3eae569477079f07837ebf09 HTTP/1.1" 200 2687 "-" "findlinks/2.6 (+http://wortschatz.uni-leipzig.de/findlinks/)"
130.83.167.153 - - [05/Apr/2013:02:53:09 +0200] "GET /component/mailto/?tmpl=component&link=3eed24c1e6e5811e3eae569477079f07837ebf09 HTTP/1.1" 200 2687 "-" "findlinks/2.6 (+http://wortschatz.uni-leipzig.de/findlinks/)"
141.8.147.12 - - [05/Apr/2013:02:55:41 +0200] "GET / HTTP/1.1" 200 13419 "-" "Mozilla/5.0 (compatible; YandexBot/3.0; +http://yandex.com/bots)"
95.211.139.1 - - [05/Apr/2013:03:37:32 +0200] "GET /kontakt.html HTTP/1.0" 200 16409 "-" "Mozilla/5.0 (compatible; AcoonBot/4.11.1; +http://www.acoon.de/robot.asp)"
66.249.76.137 - - [05/Apr/2013:03:48:40 +0200] "GET /unternehmen/standorte.html HTTP/1.1" 200 17353 "-" "Mozilla/5.0 (compatible; Googlebot/2.1; +http://www.google.com/bot.html)"
95.211.139.1 - - [05/Apr/2013:04:11:58 +0200] "GET /news.html HTTP/1.0" 200 21855 "-" "Mozilla/5.0 (compatible; AcoonBot/4.11.1; +http://www.acoon.de/robot.asp)"
38.101.148.120 - - [05/Apr/2013:04:17:56 +0200] "GET /news.html HTTP/1.1" 200 21855 "-" "Mozilla/5.0 (compatible; discoverybot/2.0; +http://discoveryengine.com/discoverybot.html)"
130.83.167.153 - - [05/Apr/2013:04:37:13 +0200] "GET /referenzen.html HTTP/1.1" 200 19571 "-" "findlinks/2.6 (+http://wortschatz.uni-leipzig.de/findlinks/)"
130.83.167.153 - - [05/Apr/2013:04:37:13 +0200] "GET /referenzen.html HTTP/1.1" 200 19571 "-" "findlinks/2.6 (+http://wortschatz.uni-leipzig.de/findlinks/)"
95.211.139.1 - - [05/Apr/2013:04:56:50 +0200] "GET /unternehmen/standorte.html HTTP/1.0" 200 17353 "-" "Mozilla/5.0 (compatible; AcoonBot/4.11.1; +http://www.acoon.de/robot.asp)"
95.211.139.1 - - [05/Apr/2013:05:46:35 +0200] "GET /servicebereiche/strassenreinigung.html HTTP/1.0" 200 18658 "-" "Mozilla/5.0 (compatible; AcoonBot/4.11.1; +http://www.acoon.de/robot.asp)"
139.18.2.209 - - [05/Apr/2013:06:17:36 +0200] "GET /unternehmen/jobs.html?tmpl=component&print=1&page= HTTP/1.1" 200 7010 "-" "findlinks/2.6 (+http://wortschatz.uni-leipzig.de/findlinks/)"
139.18.2.209 - - [05/Apr/2013:06:17:36 +0200] "GET /unternehmen/jobs.html?tmpl=component&print=1&page= HTTP/1.1" 200 7010 "-" "findlinks/2.6 (+http://wortschatz.uni-leipzig.de/findlinks/)"
93.219.177.32 - - [05/Apr/2013:06:32:14 +0200] "GET / HTTP/1.1" 200 13415 "-" "Mozilla/5.0 (Windows; U; Windows NT 6.0; de; rv:1.9.2.3) Gecko/20100401 Firefox/3.6.3 ( .NET CLR 3.5.30729)"
188.165.195.156 - - [05/Apr/2013:07:11:52 +0200] "HEAD / HTTP/1.1" 200 - "-" "Mozilla/4.0 (compatible; MSIE 5.01; Windows NT 5.0)"
109.45.0.114 - - [05/Apr/2013:08:09:03 +0200] "GET /unternehmen/standorte.html HTTP/1.1" 200 17485 "-" "Opera/9.80 (Android 2.2.1; Linux; Opera Mobi/ADR-1301071820) Presto/2.11.355 Version/12.10"
109.45.0.114 - - [05/Apr/2013:08:09:15 +0200] "GET /templates/gk_penguinmail/images/menu_sprite.png HTTP/1.1" 404 2467 "http://www.straman.de/unternehmen/standorte.html" "Opera/9.80 (Android 2.2.1; Linux; Opera Mobi/ADR-1301071820) Presto/2.11.355 Version/12.10"
93.219.177.32 - - [05/Apr/2013:08:20:42 +0200] "GET /servicebereiche/winterdienst.html HTTP/1.1" 200 27451 "-" "Mozilla/5.0 (Windows; U; Windows NT 6.0; de; rv:1.9.2.3) Gecko/20100401 Firefox/3.6.3 ( .NET CLR 3.5.30729)"
93.219.177.32 - - [05/Apr/2013:08:29:05 +0200] "GET /unternehmen/partner.html HTTP/1.1" 200 16526 "-" "Mozilla/5.0 (Windows; U; Windows NT 6.0; de; rv:1.9.2.3) Gecko/20100401 Firefox/3.6.3 ( .NET CLR 3.5.30729)"
93.219.177.32 - - [05/Apr/2013:08:40:51 +0200] "GET /unternehmen/impressum.html HTTP/1.1" 200 20315 "-" "Mozilla/5.0 (Windows; U; Windows NT 6.0; de; rv:1.9.2.3) Gecko/20100401 Firefox/3.6.3 ( .NET CLR 3.5.30729)"
93.219.177.32 - - [05/Apr/2013:08:51:47 +0200] "GET /servicebereiche/strassenreinigung.html HTTP/1.1" 200 18654 "-" "Mozilla/5.0 (Windows; U; Windows NT 6.0; de; rv:1.9.2.3) Gecko/20100401 Firefox/3.6.3 ( .NET CLR 3.5.30729)"
93.219.177.32 - - [05/Apr/2013:08:54:31 +0200] "GET /index.php?option=com_forme&fid=2&Itemid=65 HTTP/1.1" 200 18994 "-" "Mozilla/5.0 (Windows; U; Windows NT 6.0; de; rv:1.9.2.3) Gecko/20100401 Firefox/3.6.3 ( .NET CLR 3.5.30729)"
95.211.139.1 - - [05/Apr/2013:09:05:15 +0200] "GET /robots.txt HTTP/1.0" 200 304 "-" "Mozilla/5.0 (compatible; AcoonBot/4.11.1; +http://www.acoon.de/robot.asp)"
95.211.139.1 - - [05/Apr/2013:09:05:15 +0200] "GET /servicebereiche/gruenanlagenpflege/58.html HTTP/1.0" 200 17332 "-" "Mozilla/5.0 (compatible; AcoonBot/4.11.1; +http://www.acoon.de/robot.asp)"
65.55.52.92 - - [05/Apr/2013:09:11:03 +0200] "GET /robots.txt HTTP/1.1" 200 304 "-" "Mozilla/5.0 (compatible; bingbot/2.0; +http://www.bing.com/bingbot.htm)"
65.55.52.92 - - [05/Apr/2013:09:12:37 +0200] "GET / HTTP/1.1" 200 13419 "-" "Mozilla/5.0 (compatible; bingbot/2.0; +http://www.bing.com/bingbot.htm)"
141.20.145.54 - - [05/Apr/2013:09:19:48 +0200] "GET / HTTP/1.1" 200 13415 "http://www.google.de/url?sa=t&rct=j&q=&esrc=s&source=web&cd=1&ved=0CDMQFjAA&url=http%3A%2F%2Fwww.straman.de%2F&ei=1npeUfWINMONtQaIr4CABQ&usg=AFQjCNEpeUQQKOp_93iUUo8XSnpqrpjMzA&bvm=bv.44770516,d.Yms" "Mozilla/5.0 (Windows NT 5.1; rv:14.0) Gecko/20100101 Firefox/14.0.1"
141.20.145.54 - - [05/Apr/2013:09:19:48 +0200] "GET /templates/gk_penguinmail/css/layout.css HTTP/1.1" 200 1684 "http://www.straman.de/" "Mozilla/5.0 (Windows NT 5.1; rv:14.0) Gecko/20100101 Firefox/14.0.1"
141.20.145.54 - - [05/Apr/2013:09:19:48 +0200] "GET /templates/system/css/general.css HTTP/1.1" 200 2777 "http://www.straman.de/" "Mozilla/5.0 (Windows NT 5.1; rv:14.0) Gecko/20100101 Firefox/14.0.1"
141.20.145.54 - - [05/Apr/2013:09:19:48 +0200] "GET /templates/system/css/system.css HTTP/1.1" 200 1385 "http://www.straman.de/" "Mozilla/5.0 (Windows NT 5.1; rv:14.0) Gecko/20100101 Firefox/14.0.1"
141.20.145.54 - - [05/Apr/2013:09:19:48 +0200] "GET /templates/gk_penguinmail/css/template.css HTTP/1.1" 200 8935 "http://www.straman.de/" "Mozilla/5.0 (Windows NT 5.1; rv:14.0) Gecko/20100101 Firefox/14.0.1"
141.20.145.54 - - [05/Apr/2013:09:19:48 +0200] "GET /templates/gk_penguinmail/css/joomla.css HTTP/1.1" 200 14242 "http://www.straman.de/" "Mozilla/5.0 (Windows NT 5.1; rv:14.0) Gecko/20100101 Firefox/14.0.1"
141.20.145.54 - - [05/Apr/2013:09:19:48 +0200] "GET /templates/gk_penguinmail/css/addons.css HTTP/1.1" 200 2644 "http://www.straman.de/" "Mozilla/5.0 (Windows NT 5.1; rv:14.0) Gecko/20100101 Firefox/14.0.1"
141.20.145.54 - - [05/Apr/2013:09:19:48 +0200] "GET /templates/gk_penguinmail/css/typo.css HTTP/1.1" 200 15356 "http://www.straman.de/" "Mozilla/5.0 (Windows NT 5.1; rv:14.0) Gecko/20100101 Firefox/14.0.1"
141.20.145.54 - - [05/Apr/2013:09:19:48 +0200] "GET /templates/gk_penguinmail/css/gk_stuff.css HTTP/1.1" 200 12799 "http://www.straman.de/" "Mozilla/5.0 (Windows NT 5.1; rv:14.0) Gecko/20100101 Firefox/14.0.1"
141.20.145.54 - - [05/Apr/2013:09:19:48 +0200] "GET /templates/gk_penguinmail/css/css3_style3.css HTTP/1.1" 200 2876 "http://www.straman.de/" "Mozilla/5.0 (Windows NT 5.1; rv:14.0) Gecko/20100101 Firefox/14.0.1"
141.20.145.54 - - [05/Apr/2013:09:19:48 +0200] "GET /templates/gk_penguinmail/css/style3.css HTTP/1.1" 200 13892 "http://www.straman.de/" "Mozilla/5.0 (Windows NT 5.1; rv:14.0) Gecko/20100101 Firefox/14.0.1"
141.20.145.54 - - [05/Apr/2013:09:19:48 +0200] "GET /templates/gk_penguinmail/css/override.css HTTP/1.1" 200 3594 "http://www.straman.de/" "Mozilla/5.0 (Windows NT 5.1; rv:14.0) Gecko/20100101 Firefox/14.0.1"
141.20.145.54 - - [05/Apr/2013:09:19:48 +0200] "GET /templates/gk_penguinmail/js/domready_fix.js HTTP/1.1" 200 1340 "http://www.straman.de/" "Mozilla/5.0 (Windows NT 5.1; rv:14.0) Gecko/20100101 Firefox/14.0.1"
141.20.145.54 - - [05/Apr/2013:09:19:48 +0200] "GET /media/system/js/caption.js HTTP/1.1" 200 1963 "http://www.straman.de/" "Mozilla/5.0 (Windows NT 5.1; rv:14.0) Gecko/20100101 Firefox/14.0.1"
141.20.145.54 - - [05/Apr/2013:09:19:48 +0200] "GET /templates/gk_penguinmail/js/gk.script.js HTTP/1.1" 200 4585 "http://www.straman.de/" "Mozilla/5.0 (Windows NT 5.1; rv:14.0) Gecko/20100101 Firefox/14.0.1"
141.20.145.54 - - [05/Apr/2013:09:19:49 +0200] "GET /templates/gk_penguinmail/css/menu/mega.css HTTP/1.1" 200 4575 "http://www.straman.de/" "Mozilla/5.0 (Windows NT 5.1; rv:14.0) Gecko/20100101 Firefox/14.0.1"
141.20.145.54 - - [05/Apr/2013:09:19:49 +0200] "GET /templates/gk_penguinmail/js/menu/mega.js HTTP/1.1" 200 12974 "http://www.straman.de/" "Mozilla/5.0 (Windows NT 5.1; rv:14.0) Gecko/20100101 Firefox/14.0.1"
141.20.145.54 - - [05/Apr/2013:09:19:49 +0200] "GET /templates/gk_penguinmail/fonts/PT-Seans/stylesheet.css HTTP/1.1" 200 2445 "http://www.straman.de/" "Mozilla/5.0 (Windows NT 5.1; rv:14.0) Gecko/20100101 Firefox/14.0.1"
141.20.145.54 - - [05/Apr/2013:09:19:49 +0200] "GET /templates/gk_penguinmail/favicon.ico HTTP/1.1" 200 5686 "-" "Mozilla/5.0 (Windows NT 5.1; rv:14.0) Gecko/20100101 Firefox/14.0.1"
141.20.145.54 - - [05/Apr/2013:09:19:48 +0200] "GET /media/system/js/mootools.js HTTP/1.1" 200 74434 "http://www.straman.de/" "Mozilla/5.0 (Windows NT 5.1; rv:14.0) Gecko/20100101 Firefox/14.0.1"
141.20.145.54 - - [05/Apr/2013:09:19:49 +0200] "GET /images/gmm2.jpg HTTP/1.1" 200 47432 "http://www.straman.de/" "Mozilla/5.0 (Windows NT 5.1; rv:14.0) Gecko/20100101 Firefox/14.0.1"
141.20.145.54 - - [05/Apr/2013:09:19:49 +0200] "GET /images/galabau_002.jpg HTTP/1.1" 200 42117 "http://www.straman.de/" "Mozilla/5.0 (Windows NT 5.1; rv:14.0) Gecko/20100101 Firefox/14.0.1"
141.20.145.54 - - [05/Apr/2013:09:19:49 +0200] "GET /images/winterdienst_005.jpg HTTP/1.1" 200 48793 "http://www.straman.de/" "Mozilla/5.0 (Windows NT 5.1; rv:14.0) Gecko/20100101 Firefox/14.0.1"
141.20.145.54 - - [05/Apr/2013:09:19:49 +0200] "GET /images/header_neu.png HTTP/1.1" 200 340608 "http://www.straman.de/" "Mozilla/5.0 (Windows NT 5.1; rv:14.0) Gecko/20100101 Firefox/14.0.1"
141.20.145.54 - - [05/Apr/2013:09:19:49 +0200] "GET /templates/gk_penguinmail/images/style3/menu_sprite.png HTTP/1.1" 200 450 "http://www.straman.de/templates/gk_penguinmail/css/override.css" "Mozilla/5.0 (Windows NT 5.1; rv:14.0) Gecko/20100101 Firefox/14.0.1"
141.20.145.54 - - [05/Apr/2013:09:19:49 +0200] "GET /templates/gk_penguinmail/images/style3/glow.jpg HTTP/1.1" 200 18301 "http://www.straman.de/templates/gk_penguinmail/css/style3.css" "Mozilla/5.0 (Windows NT 5.1; rv:14.0) Gecko/20100101 Firefox/14.0.1"
141.20.145.54 - - [05/Apr/2013:09:19:49 +0200] "GET /templates/gk_penguinmail/images/menu_sprite.png HTTP/1.1" 404 2467 "http://www.straman.de/templates/gk_penguinmail/css/override.css" "Mozilla/5.0 (Windows NT 5.1; rv:14.0) Gecko/20100101 Firefox/14.0.1"
65.55.52.92 - - [05/Apr/2013:09:47:09 +0200] "GET /seiten/straman_aktuell.htm HTTP/1.1" 404 2467 "-" "Mozilla/5.0 (compatible; bingbot/2.0; +http://www.bing.com/bingbot.htm)"
141.20.145.124 - - [05/Apr/2013:10:11:48 +0200] "GET / HTTP/1.1" 200 13415 "http://www.google.de/url?sa=t&rct=j&q=&esrc=s&source=web&cd=1&ved=0CDMQFjAA&url=http%3A%2F%2Fwww.straman.de%2F&ei=A4deUaW_OYfPtQatwoDYAQ&usg=AFQjCNEpeUQQKOp_93iUUo8XSnpqrpjMzA&bvm=bv.44770516,d.Yms" "Mozilla/5.0 (Windows NT 5.1; rv:14.0) Gecko/20100101 Firefox/14.0.1"
141.20.145.124 - - [05/Apr/2013:10:11:48 +0200] "GET /templates/system/css/general.css HTTP/1.1" 200 2777 "http://www.straman.de/" "Mozilla/5.0 (Windows NT 5.1; rv:14.0) Gecko/20100101 Firefox/14.0.1"
141.20.145.124 - - [05/Apr/2013:10:11:48 +0200] "GET /templates/system/css/system.css HTTP/1.1" 200 1385 "http://www.straman.de/" "Mozilla/5.0 (Windows NT 5.1; rv:14.0) Gecko/20100101 Firefox/14.0.1"
141.20.145.124 - - [05/Apr/2013:10:11:48 +0200] "GET /templates/gk_penguinmail/css/addons.css HTTP/1.1" 200 2644 "http://www.straman.de/" "Mozilla/5.0 (Windows NT 5.1; rv:14.0) Gecko/20100101 Firefox/14.0.1"
141.20.145.124 - - [05/Apr/2013:10:11:48 +0200] "GET /templates/gk_penguinmail/css/layout.css HTTP/1.1" 200 1684 "http://www.straman.de/" "Mozilla/5.0 (Windows NT 5.1; rv:14.0) Gecko/20100101 Firefox/14.0.1"
141.20.145.124 - - [05/Apr/2013:10:11:48 +0200] "GET /templates/gk_penguinmail/css/template.css HTTP/1.1" 200 8935 "http://www.straman.de/" "Mozilla/5.0 (Windows NT 5.1; rv:14.0) Gecko/20100101 Firefox/14.0.1"
141.20.145.124 - - [05/Apr/2013:10:11:48 +0200] "GET /templates/gk_penguinmail/css/joomla.css HTTP/1.1" 200 14242 "http://www.straman.de/" "Mozilla/5.0 (Windows NT 5.1; rv:14.0) Gecko/20100101 Firefox/14.0.1"
141.20.145.124 - - [05/Apr/2013:10:11:48 +0200] "GET /templates/gk_penguinmail/css/gk_stuff.css HTTP/1.1" 200 12799 "http://www.straman.de/" "Mozilla/5.0 (Windows NT 5.1; rv:14.0) Gecko/20100101 Firefox/14.0.1"
141.20.145.124 - - [05/Apr/2013:10:11:48 +0200] "GET /templates/gk_penguinmail/css/typo.css HTTP/1.1" 200 15356 "http://www.straman.de/" "Mozilla/5.0 (Windows NT 5.1; rv:14.0) Gecko/20100101 Firefox/14.0.1"
141.20.145.124 - - [05/Apr/2013:10:11:48 +0200] "GET /templates/gk_penguinmail/css/css3_style3.css HTTP/1.1" 200 2876 "http://www.straman.de/" "Mozilla/5.0 (Windows NT 5.1; rv:14.0) Gecko/20100101 Firefox/14.0.1"
141.20.145.124 - - [05/Apr/2013:10:11:48 +0200] "GET /templates/gk_penguinmail/css/style3.css HTTP/1.1" 200 13892 "http://www.straman.de/" "Mozilla/5.0 (Windows NT 5.1; rv:14.0) Gecko/20100101 Firefox/14.0.1"
141.20.145.124 - - [05/Apr/2013:10:11:48 +0200] "GET /templates/gk_penguinmail/css/override.css HTTP/1.1" 200 3594 "http://www.straman.de/" "Mozilla/5.0 (Windows NT 5.1; rv:14.0) Gecko/20100101 Firefox/14.0.1"
141.20.145.124 - - [05/Apr/2013:10:11:48 +0200] "GET /templates/gk_penguinmail/js/domready_fix.js HTTP/1.1" 200 1340 "http://www.straman.de/" "Mozilla/5.0 (Windows NT 5.1; rv:14.0) Gecko/20100101 Firefox/14.0.1"
141.20.145.124 - - [05/Apr/2013:10:11:48 +0200] "GET /media/system/js/caption.js HTTP/1.1" 200 1963 "http://www.straman.de/" "Mozilla/5.0 (Windows NT 5.1; rv:14.0) Gecko/20100101 Firefox/14.0.1"
141.20.145.124 - - [05/Apr/2013:10:11:48 +0200] "GET /templates/gk_penguinmail/js/gk.script.js HTTP/1.1" 200 4585 "http://www.straman.de/" "Mozilla/5.0 (Windows NT 5.1; rv:14.0) Gecko/20100101 Firefox/14.0.1"
141.20.145.124 - - [05/Apr/2013:10:11:48 +0200] "GET /templates/gk_penguinmail/css/menu/mega.css HTTP/1.1" 200 4575 "http://www.straman.de/" "Mozilla/5.0 (Windows NT 5.1; rv:14.0) Gecko/20100101 Firefox/14.0.1"
141.20.145.124 - - [05/Apr/2013:10:11:48 +0200] "GET /templates/gk_penguinmail/js/menu/mega.js HTTP/1.1" 200 12974 "http://www.straman.de/" "Mozilla/5.0 (Windows NT 5.1; rv:14.0) Gecko/20100101 Firefox/14.0.1"
141.20.145.124 - - [05/Apr/2013:10:11:49 +0200] "GET /templates/gk_penguinmail/fonts/PT-Seans/stylesheet.css HTTP/1.1" 200 2445 "http://www.straman.de/" "Mozilla/5.0 (Windows NT 5.1; rv:14.0) Gecko/20100101 Firefox/14.0.1"
141.20.145.124 - - [05/Apr/2013:10:11:49 +0200] "GET /templates/gk_penguinmail/favicon.ico HTTP/1.1" 200 5686 "-" "Mozilla/5.0 (Windows NT 5.1; rv:14.0) Gecko/20100101 Firefox/14.0.1"
141.20.145.124 - - [05/Apr/2013:10:11:48 +0200] "GET /media/system/js/mootools.js HTTP/1.1" 200 74434 "http://www.straman.de/" "Mozilla/5.0 (Windows NT 5.1; rv:14.0) Gecko/20100101 Firefox/14.0.1"
141.20.145.124 - - [05/Apr/2013:10:11:49 +0200] "GET /images/gmm2.jpg HTTP/1.1" 200 47432 "http://www.straman.de/" "Mozilla/5.0 (Windows NT 5.1; rv:14.0) Gecko/20100101 Firefox/14.0.1"
141.20.145.124 - - [05/Apr/2013:10:11:49 +0200] "GET /images/winterdienst_005.jpg HTTP/1.1" 200 48793 "http://www.straman.de/" "Mozilla/5.0 (Windows NT 5.1; rv:14.0) Gecko/20100101 Firefox/14.0.1"
141.20.145.124 - - [05/Apr/2013:10:11:49 +0200] "GET /images/galabau_002.jpg HTTP/1.1" 200 42117 "http://www.straman.de/" "Mozilla/5.0 (Windows NT 5.1; rv:14.0) Gecko/20100101 Firefox/14.0.1"
141.20.145.124 - - [05/Apr/2013:10:11:49 +0200] "GET /images/header_neu.png HTTP/1.1" 200 340608 "http://www.straman.de/" "Mozilla/5.0 (Windows NT 5.1; rv:14.0) Gecko/20100101 Firefox/14.0.1"
141.20.145.124 - - [05/Apr/2013:10:11:49 +0200] "GET /templates/gk_penguinmail/images/style3/glow.jpg HTTP/1.1" 200 18301 "http://www.straman.de/templates/gk_penguinmail/css/style3.css" "Mozilla/5.0 (Windows NT 5.1; rv:14.0) Gecko/20100101 Firefox/14.0.1"
141.20.145.124 - - [05/Apr/2013:10:11:49 +0200] "GET /templates/gk_penguinmail/images/style3/menu_sprite.png HTTP/1.1" 200 450 "http://www.straman.de/templates/gk_penguinmail/css/override.css" "Mozilla/5.0 (Windows NT 5.1; rv:14.0) Gecko/20100101 Firefox/14.0.1"
141.20.145.124 - - [05/Apr/2013:10:11:49 +0200] "GET /templates/gk_penguinmail/images/menu_sprite.png HTTP/1.1" 404 2467 "http://www.straman.de/templates/gk_penguinmail/css/override.css" "Mozilla/5.0 (Windows NT 5.1; rv:14.0) Gecko/20100101 Firefox/14.0.1"
93.219.182.204 - - [05/Apr/2013:10:13:25 +0200] "GET /kontakt.html HTTP/1.1" 200 16405 "-" "Mozilla/5.0 (Windows; U; Windows NT 6.0; de; rv:1.9.2.3) Gecko/20100401 Firefox/3.6.3 ( .NET CLR 3.5.30729)"
38.101.148.120 - - [05/Apr/2013:10:14:04 +0200] "GET /servicebereiche/gebaeudemanagement.html HTTP/1.1" 200 16633 "-" "Mozilla/5.0 (compatible; discoverybot/2.0; +http://discoveryengine.com/discoverybot.html)"
157.56.93.71 - - [05/Apr/2013:10:21:10 +0200] "GET /news.html HTTP/1.1" 200 21855 "-" "Mozilla/5.0 (compatible; bingbot/2.0; +http://www.bing.com/bingbot.htm)"
93.219.182.204 - - [05/Apr/2013:10:30:20 +0200] "GET /servicebereiche/infrastr-gebaeudemanagement.html HTTP/1.1" 200 16842 "-" "Mozilla/5.0 (Windows; U; Windows NT 6.0; de; rv:1.9.2.3) Gecko/20100401 Firefox/3.6.3 ( .NET CLR 3.5.30729)"
93.219.182.204 - - [05/Apr/2013:10:34:10 +0200] "GET /servicebereiche/gruenanlagenpflege.html HTTP/1.1" 200 23409 "-" "Mozilla/5.0 (Windows; U; Windows NT 6.0; de; rv:1.9.2.3) Gecko/20100401 Firefox/3.6.3 ( .NET CLR 3.5.30729)"
66.249.76.137 - - [05/Apr/2013:10:45:42 +0200] "GET /servicebereiche/winterdienst.html HTTP/1.1" 200 18688 "-" "Mozilla/5.0 (iPhone; U; CPU iPhone OS 4_1 like Mac OS X; en-us) AppleWebKit/532.9 (KHTML, like Gecko) Version/4.0.5 Mobile/8B117 Safari/6531.22.7 (compatible; Googlebot-Mobile/2.1; +http://www.google.com/bot.html)"
93.219.182.204 - - [05/Apr/2013:10:49:05 +0200] "GET /referenzen.html HTTP/1.1" 200 19567 "-" "Mozilla/5.0 (Windows; U; Windows NT 6.0; de; rv:1.9.2.3) Gecko/20100401 Firefox/3.6.3 ( .NET CLR 3.5.30729)"
93.219.182.204 - - [05/Apr/2013:11:10:59 +0200] "GET /index.php HTTP/1.1" 200 13433 "-" "Mozilla/5.0 (Windows; U; Windows NT 6.0; de; rv:1.9.2.3) Gecko/20100401 Firefox/3.6.3 ( .NET CLR 3.5.30729)"
141.15.33.1 - - [05/Apr/2013:11:14:37 +0200] "GET / HTTP/1.1" 200 13415 "http://adresse.gelbeseiten.de/1056631969/straman-gmbh/berlin/buch" "Mozilla/5.0 (Windows; U; Windows NT 5.1; de; rv:1.9.2.19) Gecko/20110707 Firefox/3.6.19 (.NET CLR 3.5.30729)"
141.15.33.1 - - [05/Apr/2013:11:14:38 +0200] "GET /templates/gk_penguinmail/css/joomla.css HTTP/1.1" 200 14242 "http://www.straman.de/" "Mozilla/5.0 (Windows; U; Windows NT 5.1; de; rv:1.9.2.19) Gecko/20110707 Firefox/3.6.19 (.NET CLR 3.5.30729)"
141.15.33.1 - - [05/Apr/2013:11:14:38 +0200] "GET /templates/gk_penguinmail/css/template.css HTTP/1.1" 200 8935 "http://www.straman.de/" "Mozilla/5.0 (Windows; U; Windows NT 5.1; de; rv:1.9.2.19) Gecko/20110707 Firefox/3.6.19 (.NET CLR 3.5.30729)"
141.15.33.1 - - [05/Apr/2013:11:14:38 +0200] "GET /templates/system/css/system.css HTTP/1.1" 200 1385 "http://www.straman.de/" "Mozilla/5.0 (Windows; U; Windows NT 5.1; de; rv:1.9.2.19) Gecko/20110707 Firefox/3.6.19 (.NET CLR 3.5.30729)"
141.15.33.1 - - [05/Apr/2013:11:14:38 +0200] "GET /templates/gk_penguinmail/css/layout.css HTTP/1.1" 200 1684 "http://www.straman.de/" "Mozilla/5.0 (Windows; U; Windows NT 5.1; de; rv:1.9.2.19) Gecko/20110707 Firefox/3.6.19 (.NET CLR 3.5.30729)"
141.15.33.1 - - [05/Apr/2013:11:14:38 +0200] "GET /templates/system/css/general.css HTTP/1.1" 200 2777 "http://www.straman.de/" "Mozilla/5.0 (Windows; U; Windows NT 5.1; de; rv:1.9.2.19) Gecko/20110707 Firefox/3.6.19 (.NET CLR 3.5.30729)"
141.15.33.1 - - [05/Apr/2013:11:14:38 +0200] "GET /templates/gk_penguinmail/css/addons.css HTTP/1.1" 200 2644 "http://www.straman.de/" "Mozilla/5.0 (Windows; U; Windows NT 5.1; de; rv:1.9.2.19) Gecko/20110707 Firefox/3.6.19 (.NET CLR 3.5.30729)"
141.15.33.1 - - [05/Apr/2013:11:14:38 +0200] "GET /templates/gk_penguinmail/css/gk_stuff.css HTTP/1.1" 200 12799 "http://www.straman.de/" "Mozilla/5.0 (Windows; U; Windows NT 5.1; de; rv:1.9.2.19) Gecko/20110707 Firefox/3.6.19 (.NET CLR 3.5.30729)"
141.15.33.1 - - [05/Apr/2013:11:14:38 +0200] "GET /templates/gk_penguinmail/css/typo.css HTTP/1.1" 200 15356 "http://www.straman.de/" "Mozilla/5.0 (Windows; U; Windows NT 5.1; de; rv:1.9.2.19) Gecko/20110707 Firefox/3.6.19 (.NET CLR 3.5.30729)"
141.15.33.1 - - [05/Apr/2013:11:14:38 +0200] "GET /templates/gk_penguinmail/css/css3_style3.css HTTP/1.1" 200 2876 "http://www.straman.de/" "Mozilla/5.0 (Windows; U; Windows NT 5.1; de; rv:1.9.2.19) Gecko/20110707 Firefox/3.6.19 (.NET CLR 3.5.30729)"
141.15.33.1 - - [05/Apr/2013:11:14:38 +0200] "GET /templates/gk_penguinmail/css/style3.css HTTP/1.1" 200 13892 "http://www.straman.de/" "Mozilla/5.0 (Windows; U; Windows NT 5.1; de; rv:1.9.2.19) Gecko/20110707 Firefox/3.6.19 (.NET CLR 3.5.30729)"
141.15.33.1 - - [05/Apr/2013:11:14:38 +0200] "GET /templates/gk_penguinmail/css/override.css HTTP/1.1" 200 3594 "http://www.straman.de/" "Mozilla/5.0 (Windows; U; Windows NT 5.1; de; rv:1.9.2.19) Gecko/20110707 Firefox/3.6.19 (.NET CLR 3.5.30729)"
141.15.33.1 - - [05/Apr/2013:11:14:38 +0200] "GET /media/system/js/caption.js HTTP/1.1" 200 1963 "http://www.straman.de/" "Mozilla/5.0 (Windows; U; Windows NT 5.1; de; rv:1.9.2.19) Gecko/20110707 Firefox/3.6.19 (.NET CLR 3.5.30729)"
141.15.33.1 - - [05/Apr/2013:11:14:38 +0200] "GET /templates/gk_penguinmail/js/domready_fix.js HTTP/1.1" 200 1340 "http://www.straman.de/" "Mozilla/5.0 (Windows; U; Windows NT 5.1; de; rv:1.9.2.19) Gecko/20110707 Firefox/3.6.19 (.NET CLR 3.5.30729)"
141.15.33.1 - - [05/Apr/2013:11:14:38 +0200] "GET /templates/gk_penguinmail/css/menu/mega.css HTTP/1.1" 200 4575 "http://www.straman.de/" "Mozilla/5.0 (Windows; U; Windows NT 5.1; de; rv:1.9.2.19) Gecko/20110707 Firefox/3.6.19 (.NET CLR 3.5.30729)"
141.15.33.1 - - [05/Apr/2013:11:14:38 +0200] "GET /templates/gk_penguinmail/js/gk.script.js HTTP/1.1" 200 4585 "http://www.straman.de/" "Mozilla/5.0 (Windows; U; Windows NT 5.1; de; rv:1.9.2.19) Gecko/20110707 Firefox/3.6.19 (.NET CLR 3.5.30729)"
141.15.33.1 - - [05/Apr/2013:11:14:38 +0200] "GET /media/system/js/mootools.js HTTP/1.1" 200 74434 "http://www.straman.de/" "Mozilla/5.0 (Windows; U; Windows NT 5.1; de; rv:1.9.2.19) Gecko/20110707 Firefox/3.6.19 (.NET CLR 3.5.30729)"
141.15.33.1 - - [05/Apr/2013:11:14:38 +0200] "GET /templates/gk_penguinmail/js/menu/mega.js HTTP/1.1" 200 12974 "http://www.straman.de/" "Mozilla/5.0 (Windows; U; Windows NT 5.1; de; rv:1.9.2.19) Gecko/20110707 Firefox/3.6.19 (.NET CLR 3.5.30729)"
141.15.33.1 - - [05/Apr/2013:11:14:38 +0200] "GET /templates/gk_penguinmail/fonts/PT-Seans/stylesheet.css HTTP/1.1" 200 2445 "http://www.straman.de/" "Mozilla/5.0 (Windows; U; Windows NT 5.1; de; rv:1.9.2.19) Gecko/20110707 Firefox/3.6.19 (.NET CLR 3.5.30729)"
141.15.33.1 - - [05/Apr/2013:11:14:38 +0200] "GET /templates/gk_penguinmail/favicon.ico HTTP/1.1" 200 5686 "-" "Mozilla/5.0 (Windows; U; Windows NT 5.1; de; rv:1.9.2.19) Gecko/20110707 Firefox/3.6.19 (.NET CLR 3.5.30729)"
141.15.33.1 - - [05/Apr/2013:11:14:38 +0200] "GET /images/galabau_002.jpg HTTP/1.1" 200 42117 "http://www.straman.de/" "Mozilla/5.0 (Windows; U; Windows NT 5.1; de; rv:1.9.2.19) Gecko/20110707 Firefox/3.6.19 (.NET CLR 3.5.30729)"
141.15.33.1 - - [05/Apr/2013:11:14:38 +0200] "GET /images/winterdienst_005.jpg HTTP/1.1" 200 48793 "http://www.straman.de/" "Mozilla/5.0 (Windows; U; Windows NT 5.1; de; rv:1.9.2.19) Gecko/20110707 Firefox/3.6.19 (.NET CLR 3.5.30729)"
141.15.33.1 - - [05/Apr/2013:11:14:38 +0200] "GET /images/gmm2.jpg HTTP/1.1" 200 47432 "http://www.straman.de/" "Mozilla/5.0 (Windows; U; Windows NT 5.1; de; rv:1.9.2.19) Gecko/20110707 Firefox/3.6.19 (.NET CLR 3.5.30729)"
141.15.33.1 - - [05/Apr/2013:11:14:38 +0200] "GET /images/header_neu.png HTTP/1.1" 200 340608 "http://www.straman.de/" "Mozilla/5.0 (Windows; U; Windows NT 5.1; de; rv:1.9.2.19) Gecko/20110707 Firefox/3.6.19 (.NET CLR 3.5.30729)"
141.15.33.1 - - [05/Apr/2013:11:14:39 +0200] "GET /templates/gk_penguinmail/images/style3/glow.jpg HTTP/1.1" 200 18301 "http://www.straman.de/templates/gk_penguinmail/css/style3.css" "Mozilla/5.0 (Windows; U; Windows NT 5.1; de; rv:1.9.2.19) Gecko/20110707 Firefox/3.6.19 (.NET CLR 3.5.30729)"
141.15.33.1 - - [05/Apr/2013:11:14:39 +0200] "GET /templates/gk_penguinmail/images/style3/menu_sprite.png HTTP/1.1" 200 450 "http://www.straman.de/templates/gk_penguinmail/css/override.css" "Mozilla/5.0 (Windows; U; Windows NT 5.1; de; rv:1.9.2.19) Gecko/20110707 Firefox/3.6.19 (.NET CLR 3.5.30729)"
141.15.33.1 - - [05/Apr/2013:11:14:40 +0200] "GET /templates/gk_penguinmail/images/menu_sprite.png HTTP/1.1" 404 2467 "http://www.straman.de/templates/gk_penguinmail/css/override.css" "Mozilla/5.0 (Windows; U; Windows NT 5.1; de; rv:1.9.2.19) Gecko/20110707 Firefox/3.6.19 (.NET CLR 3.5.30729)"
141.15.33.1 - - [05/Apr/2013:11:16:33 +0200] "GET /unternehmen/impressum.html HTTP/1.1" 200 20315 "http://www.straman.de/" "Mozilla/5.0 (Windows; U; Windows NT 5.1; de; rv:1.9.2.19) Gecko/20110707 Firefox/3.6.19 (.NET CLR 3.5.30729)"
141.15.33.1 - - [05/Apr/2013:11:16:33 +0200] "GET /templates/gk_penguinmail/css/template_unterseiten.css HTTP/1.1" 200 112 "http://www.straman.de/unternehmen/impressum.html" "Mozilla/5.0 (Windows; U; Windows NT 5.1; de; rv:1.9.2.19) Gecko/20110707 Firefox/3.6.19 (.NET CLR 3.5.30729)"
141.15.33.1 - - [05/Apr/2013:11:16:33 +0200] "GET /templates/gk_penguinmail/images/emailButton.png HTTP/1.1" 200 365 "http://www.straman.de/unternehmen/impressum.html" "Mozilla/5.0 (Windows; U; Windows NT 5.1; de; rv:1.9.2.19) Gecko/20110707 Firefox/3.6.19 (.NET CLR 3.5.30729)"
141.15.33.1 - - [05/Apr/2013:11:16:33 +0200] "GET /templates/gk_penguinmail/images/printButton.png HTTP/1.1" 200 442 "http://www.straman.de/unternehmen/impressum.html" "Mozilla/5.0 (Windows; U; Windows NT 5.1; de; rv:1.9.2.19) Gecko/20110707 Firefox/3.6.19 (.NET CLR 3.5.30729)"
141.15.33.1 - - [05/Apr/2013:11:16:33 +0200] "GET /images/header3.png HTTP/1.1" 200 29760 "http://www.straman.de/unternehmen/impressum.html" "Mozilla/5.0 (Windows; U; Windows NT 5.1; de; rv:1.9.2.19) Gecko/20110707 Firefox/3.6.19 (.NET CLR 3.5.30729)"
141.15.33.1 - - [05/Apr/2013:11:16:34 +0200] "GET /templates/gk_penguinmail/images/menu_sprite.png HTTP/1.1" 404 2467 "http://www.straman.de/templates/gk_penguinmail/css/override.css" "Mozilla/5.0 (Windows; U; Windows NT 5.1; de; rv:1.9.2.19) Gecko/20110707 Firefox/3.6.19 (.NET CLR 3.5.30729)"
141.15.33.1 - - [05/Apr/2013:11:16:34 +0200] "GET /templates/gk_penguinmail/images/toolsFont.png HTTP/1.1" 200 467 "http://www.straman.de/templates/gk_penguinmail/css/template.css" "Mozilla/5.0 (Windows; U; Windows NT 5.1; de; rv:1.9.2.19) Gecko/20110707 Firefox/3.6.19 (.NET CLR 3.5.30729)"
93.219.182.204 - - [05/Apr/2013:11:17:48 +0200] "GET /downloadbereich.html HTTP/1.1" 200 15275 "-" "Mozilla/5.0 (Windows; U; Windows NT 6.0; de; rv:1.9.2.3) Gecko/20100401 Firefox/3.6.3 ( .NET CLR 3.5.30729)"
141.15.33.1 - - [05/Apr/2013:11:18:02 +0200] "GET /images/header_neu.png HTTP/1.1" 200 340608 "http://www.straman.de/" "Mozilla/5.0 (Windows; U; Windows NT 5.1; de; rv:1.9.2.19) Gecko/20110707 Firefox/3.6.19 (.NET CLR 3.5.30729)"
141.15.33.1 - - [05/Apr/2013:11:18:02 +0200] "GET /templates/gk_penguinmail/images/menu_sprite.png HTTP/1.1" 404 2467 "http://www.straman.de/templates/gk_penguinmail/css/override.css" "Mozilla/5.0 (Windows; U; Windows NT 5.1; de; rv:1.9.2.19) Gecko/20110707 Firefox/3.6.19 (.NET CLR 3.5.30729)"
141.15.33.1 - - [05/Apr/2013:11:18:05 +0200] "GET /unternehmen/impressum.html HTTP/1.1" 200 20315 "http://www.straman.de/" "Mozilla/5.0 (Windows; U; Windows NT 5.1; de; rv:1.9.2.19) Gecko/20110707 Firefox/3.6.19 (.NET CLR 3.5.30729)"
141.15.33.1 - - [05/Apr/2013:11:18:06 +0200] "GET /templates/gk_penguinmail/images/menu_sprite.png HTTP/1.1" 404 2467 "http://www.straman.de/templates/gk_penguinmail/css/override.css" "Mozilla/5.0 (Windows; U; Windows NT 5.1; de; rv:1.9.2.19) Gecko/20110707 Firefox/3.6.19 (.NET CLR 3.5.30729)"
141.8.147.12 - - [05/Apr/2013:11:19:50 +0200] "GET /robots.txt HTTP/1.1" 200 304 "-" "Mozilla/5.0 (compatible; YandexBot/3.0; +http://yandex.com/bots)"
194.127.5.164 - - [05/Apr/2013:11:27:07 +0200] "GET / HTTP/1.1" 200 13385 "http://www.gelbeseiten.de/gmbh/berlin,buch,,,,umkreis-5000" "Mozilla/4.0 (compatible; MSIE 8.0; Windows NT 5.1; Trident/4.0; .NET CLR 1.1.4322; .NET CLR 2.0.50727; .NET CLR 3.0.4506.2152; .NET CLR 3.5.30729)"
194.127.5.164 - - [05/Apr/2013:11:27:07 +0200] "GET /templates/system/css/system.css HTTP/1.1" 200 1385 "http://www.straman.de/" "Mozilla/4.0 (compatible; MSIE 8.0; Windows NT 5.1; Trident/4.0; .NET CLR 1.1.4322; .NET CLR 2.0.50727; .NET CLR 3.0.4506.2152; .NET CLR 3.5.30729)"
194.127.5.164 - - [05/Apr/2013:11:27:07 +0200] "GET /templates/gk_penguinmail/css/layout.css HTTP/1.1" 200 1684 "http://www.straman.de/" "Mozilla/4.0 (compatible; MSIE 8.0; Windows NT 5.1; Trident/4.0; .NET CLR 1.1.4322; .NET CLR 2.0.50727; .NET CLR 3.0.4506.2152; .NET CLR 3.5.30729)"
194.127.5.164 - - [05/Apr/2013:11:27:07 +0200] "GET /templates/gk_penguinmail/favicon.ico HTTP/1.1" 200 5686 "http://www.straman.de/" "Mozilla/4.0 (compatible; MSIE 8.0; Windows NT 5.1; Trident/4.0; .NET CLR 1.1.4322; .NET CLR 2.0.50727; .NET CLR 3.0.4506.2152; .NET CLR 3.5.30729)"
194.127.5.164 - - [05/Apr/2013:11:27:07 +0200] "GET /templates/gk_penguinmail/css/template.css HTTP/1.1" 200 8935 "http://www.straman.de/" "Mozilla/4.0 (compatible; MSIE 8.0; Windows NT 5.1; Trident/4.0; .NET CLR 1.1.4322; .NET CLR 2.0.50727; .NET CLR 3.0.4506.2152; .NET CLR 3.5.30729)"
194.127.5.164 - - [05/Apr/2013:11:27:07 +0200] "GET /templates/system/css/general.css HTTP/1.1" 200 2777 "http://www.straman.de/" "Mozilla/4.0 (compatible; MSIE 8.0; Windows NT 5.1; Trident/4.0; .NET CLR 1.1.4322; .NET CLR 2.0.50727; .NET CLR 3.0.4506.2152; .NET CLR 3.5.30729)"
194.127.5.164 - - [05/Apr/2013:11:27:07 +0200] "GET /templates/gk_penguinmail/css/joomla.css HTTP/1.1" 200 14242 "http://www.straman.de/" "Mozilla/4.0 (compatible; MSIE 8.0; Windows NT 5.1; Trident/4.0; .NET CLR 1.1.4322; .NET CLR 2.0.50727; .NET CLR 3.0.4506.2152; .NET CLR 3.5.30729)"
194.127.5.164 - - [05/Apr/2013:11:27:07 +0200] "GET /templates/gk_penguinmail/css/gk_stuff.css HTTP/1.1" 200 12799 "http://www.straman.de/" "Mozilla/4.0 (compatible; MSIE 8.0; Windows NT 5.1; Trident/4.0; .NET CLR 1.1.4322; .NET CLR 2.0.50727; .NET CLR 3.0.4506.2152; .NET CLR 3.5.30729)"
194.127.5.164 - - [05/Apr/2013:11:27:08 +0200] "GET /templates/gk_penguinmail/css/css3_style3.css HTTP/1.1" 200 2876 "http://www.straman.de/" "Mozilla/4.0 (compatible; MSIE 8.0; Windows NT 5.1; Trident/4.0; .NET CLR 1.1.4322; .NET CLR 2.0.50727; .NET CLR 3.0.4506.2152; .NET CLR 3.5.30729)"
194.127.5.164 - - [05/Apr/2013:11:27:07 +0200] "GET /index.php?format=feed&type=atom HTTP/1.1" 200 521 "http://www.straman.de/" "Mozilla/4.0 (compatible; MSIE 8.0; Windows NT 5.1; Trident/4.0; .NET CLR 1.1.4322; .NET CLR 2.0.50727; .NET CLR 3.0.4506.2152; .NET CLR 3.5.30729)"
194.127.5.164 - - [05/Apr/2013:11:27:07 +0200] "GET /index.php?format=feed&type=rss HTTP/1.1" 200 521 "http://www.straman.de/" "Mozilla/4.0 (compatible; MSIE 8.0; Windows NT 5.1; Trident/4.0; .NET CLR 1.1.4322; .NET CLR 2.0.50727; .NET CLR 3.0.4506.2152; .NET CLR 3.5.30729)"
194.127.5.164 - - [05/Apr/2013:11:27:08 +0200] "GET /templates/gk_penguinmail/css/addons.css HTTP/1.1" 200 2644 "http://www.straman.de/" "Mozilla/4.0 (compatible; MSIE 8.0; Windows NT 5.1; Trident/4.0; .NET CLR 1.1.4322; .NET CLR 2.0.50727; .NET CLR 3.0.4506.2152; .NET CLR 3.5.30729)"
194.127.5.164 - - [05/Apr/2013:11:27:08 +0200] "GET /templates/gk_penguinmail/css/typo.css HTTP/1.1" 200 15356 "http://www.straman.de/" "Mozilla/4.0 (compatible; MSIE 8.0; Windows NT 5.1; Trident/4.0; .NET CLR 1.1.4322; .NET CLR 2.0.50727; .NET CLR 3.0.4506.2152; .NET CLR 3.5.30729)"
194.127.5.164 - - [05/Apr/2013:11:27:09 +0200] "GET /templates/gk_penguinmail/fonts/PT-Seans/stylesheet.css HTTP/1.1" 200 2445 "http://www.straman.de/" "Mozilla/4.0 (compatible; MSIE 8.0; Windows NT 5.1; Trident/4.0; .NET CLR 1.1.4322; .NET CLR 2.0.50727; .NET CLR 3.0.4506.2152; .NET CLR 3.5.30729)"
194.127.5.164 - - [05/Apr/2013:11:27:09 +0200] "GET /media/system/js/caption.js HTTP/1.1" 200 1963 "http://www.straman.de/" "Mozilla/4.0 (compatible; MSIE 8.0; Windows NT 5.1; Trident/4.0; .NET CLR 1.1.4322; .NET CLR 2.0.50727; .NET CLR 3.0.4506.2152; .NET CLR 3.5.30729)"
194.127.5.164 - - [05/Apr/2013:11:27:10 +0200] "GET /templates/gk_penguinmail/css/menu/mega.css HTTP/1.1" 200 4575 "http://www.straman.de/" "Mozilla/4.0 (compatible; MSIE 8.0; Windows NT 5.1; Trident/4.0; .NET CLR 1.1.4322; .NET CLR 2.0.50727; .NET CLR 3.0.4506.2152; .NET CLR 3.5.30729)"
194.127.5.164 - - [05/Apr/2013:11:27:10 +0200] "GET /templates/gk_penguinmail/js/gk.script.js HTTP/1.1" 200 4585 "http://www.straman.de/" "Mozilla/4.0 (compatible; MSIE 8.0; Windows NT 5.1; Trident/4.0; .NET CLR 1.1.4322; .NET CLR 2.0.50727; .NET CLR 3.0.4506.2152; .NET CLR 3.5.30729)"
194.127.5.164 - - [05/Apr/2013:11:27:10 +0200] "GET /templates/gk_penguinmail/js/menu/mega.js HTTP/1.1" 200 12974 "http://www.straman.de/" "Mozilla/4.0 (compatible; MSIE 8.0; Windows NT 5.1; Trident/4.0; .NET CLR 1.1.4322; .NET CLR 2.0.50727; .NET CLR 3.0.4506.2152; .NET CLR 3.5.30729)"
194.127.5.164 - - [05/Apr/2013:11:27:10 +0200] "GET /templates/gk_penguinmail/css/override.css HTTP/1.1" 200 3594 "http://www.straman.de/" "Mozilla/4.0 (compatible; MSIE 8.0; Windows NT 5.1; Trident/4.0; .NET CLR 1.1.4322; .NET CLR 2.0.50727; .NET CLR 3.0.4506.2152; .NET CLR 3.5.30729)"
194.127.5.164 - - [05/Apr/2013:11:27:11 +0200] "GET /templates/gk_penguinmail/js/domready_fix.js HTTP/1.1" 200 1340 "http://www.straman.de/" "Mozilla/4.0 (compatible; MSIE 8.0; Windows NT 5.1; Trident/4.0; .NET CLR 1.1.4322; .NET CLR 2.0.50727; .NET CLR 3.0.4506.2152; .NET CLR 3.5.30729)"
194.127.5.164 - - [05/Apr/2013:11:27:11 +0200] "GET /images/winterdienst_005.jpg HTTP/1.1" 200 48793 "http://www.straman.de/" "Mozilla/4.0 (compatible; MSIE 8.0; Windows NT 5.1; Trident/4.0; .NET CLR 1.1.4322; .NET CLR 2.0.50727; .NET CLR 3.0.4506.2152; .NET CLR 3.5.30729)"
194.127.5.164 - - [05/Apr/2013:11:27:11 +0200] "GET /images/gmm2.jpg HTTP/1.1" 200 47432 "http://www.straman.de/" "Mozilla/4.0 (compatible; MSIE 8.0; Windows NT 5.1; Trident/4.0; .NET CLR 1.1.4322; .NET CLR 2.0.50727; .NET CLR 3.0.4506.2152; .NET CLR 3.5.30729)"
194.127.5.164 - - [05/Apr/2013:11:27:08 +0200] "GET /media/system/js/mootools.js HTTP/1.1" 200 74434 "http://www.straman.de/" "Mozilla/4.0 (compatible; MSIE 8.0; Windows NT 5.1; Trident/4.0; .NET CLR 1.1.4322; .NET CLR 2.0.50727; .NET CLR 3.0.4506.2152; .NET CLR 3.5.30729)"
194.127.5.164 - - [05/Apr/2013:11:27:11 +0200] "GET /images/header_neu.png HTTP/1.1" 200 340608 "http://www.straman.de/" "Mozilla/4.0 (compatible; MSIE 8.0; Windows NT 5.1; Trident/4.0; .NET CLR 1.1.4322; .NET CLR 2.0.50727; .NET CLR 3.0.4506.2152; .NET CLR 3.5.30729)"
194.127.5.164 - - [05/Apr/2013:11:27:15 +0200] "GET /templates/gk_penguinmail/css/style3.css HTTP/1.1" 200 13892 "http://www.straman.de/" "Mozilla/4.0 (compatible; MSIE 8.0; Windows NT 5.1; Trident/4.0; .NET CLR 1.1.4322; .NET CLR 2.0.50727; .NET CLR 3.0.4506.2152; .NET CLR 3.5.30729)"
194.127.5.164 - - [05/Apr/2013:11:27:11 +0200] "GET /images/galabau_002.jpg HTTP/1.1" 200 42117 "http://www.straman.de/" "Mozilla/4.0 (compatible; MSIE 8.0; Windows NT 5.1; Trident/4.0; .NET CLR 1.1.4322; .NET CLR 2.0.50727; .NET CLR 3.0.4506.2152; .NET CLR 3.5.30729)"
194.127.5.164 - - [05/Apr/2013:11:27:16 +0200] "GET /templates/gk_penguinmail/css/ie8.css HTTP/1.1" 200 1153 "http://www.straman.de/" "Mozilla/4.0 (compatible; MSIE 8.0; Windows NT 5.1; Trident/4.0; .NET CLR 1.1.4322; .NET CLR 2.0.50727; .NET CLR 3.0.4506.2152; .NET CLR 3.5.30729)"
194.127.5.164 - - [05/Apr/2013:11:27:16 +0200] "GET /templates/gk_penguinmail/fonts/PT-Seans/PTN57F-webfont.eot HTTP/1.1" 200 25908 "http://www.straman.de/" "Mozilla/4.0 (compatible; MSIE 8.0; Windows NT 5.1; Trident/4.0; .NET CLR 1.1.4322; .NET CLR 2.0.50727; .NET CLR 3.0.4506.2152; .NET CLR 3.5.30729)"
194.127.5.164 - - [05/Apr/2013:11:27:16 +0200] "GET /templates/gk_penguinmail/fonts/PT-Seans/PTC75F-webfont.eot HTTP/1.1" 200 26512 "http://www.straman.de/" "Mozilla/4.0 (compatible; MSIE 8.0; Windows NT 5.1; Trident/4.0; .NET CLR 1.1.4322; .NET CLR 2.0.50727; .NET CLR 3.0.4506.2152; .NET CLR 3.5.30729)"
194.127.5.164 - - [05/Apr/2013:11:27:16 +0200] "GET /templates/gk_penguinmail/fonts/PT-Seans/PTS76F-webfont.eot HTTP/1.1" 200 29352 "http://www.straman.de/" "Mozilla/4.0 (compatible; MSIE 8.0; Windows NT 5.1; Trident/4.0; .NET CLR 1.1.4322; .NET CLR 2.0.50727; .NET CLR 3.0.4506.2152; .NET CLR 3.5.30729)"
194.127.5.164 - - [05/Apr/2013:11:27:16 +0200] "GET /templates/gk_penguinmail/fonts/PT-Seans/PTC55F-webfont.eot HTTP/1.1" 200 27716 "http://www.straman.de/" "Mozilla/4.0 (compatible; MSIE 8.0; Windows NT 5.1; Trident/4.0; .NET CLR 1.1.4322; .NET CLR 2.0.50727; .NET CLR 3.0.4506.2152; .NET CLR 3.5.30729)"
194.127.5.164 - - [05/Apr/2013:11:27:17 +0200] "GET /templates/gk_penguinmail/fonts/PT-Seans/PTS75F-webfont.eot HTTP/1.1" 200 25456 "http://www.straman.de/" "Mozilla/4.0 (compatible; MSIE 8.0; Windows NT 5.1; Trident/4.0; .NET CLR 1.1.4322; .NET CLR 2.0.50727; .NET CLR 3.0.4506.2152; .NET CLR 3.5.30729)"
194.127.5.164 - - [05/Apr/2013:11:27:17 +0200] "GET /templates/gk_penguinmail/fonts/PT-Seans/PTS56F-webfont.eot HTTP/1.1" 200 30512 "http://www.straman.de/" "Mozilla/4.0 (compatible; MSIE 8.0; Windows NT 5.1; Trident/4.0; .NET CLR 1.1.4322; .NET CLR 2.0.50727; .NET CLR 3.0.4506.2152; .NET CLR 3.5.30729)"
194.127.5.164 - - [05/Apr/2013:11:27:17 +0200] "GET /templates/gk_penguinmail/fonts/PT-Seans/PTS55F-webfont.eot HTTP/1.1" 200 26928 "http://www.straman.de/" "Mozilla/4.0 (compatible; MSIE 8.0; Windows NT 5.1; Trident/4.0; .NET CLR 1.1.4322; .NET CLR 2.0.50727; .NET CLR 3.0.4506.2152; .NET CLR 3.5.30729)"
194.127.5.164 - - [05/Apr/2013:11:27:17 +0200] "GET /templates/gk_penguinmail/images/style3/glow.jpg HTTP/1.1" 200 18301 "http://www.straman.de/" "Mozilla/4.0 (compatible; MSIE 8.0; Windows NT 5.1; Trident/4.0; .NET CLR 1.1.4322; .NET CLR 2.0.50727; .NET CLR 3.0.4506.2152; .NET CLR 3.5.30729)"
194.127.5.164 - - [05/Apr/2013:11:27:17 +0200] "GET /templates/gk_penguinmail/fonts/PT-Seans/PTN77F-webfont.eot HTTP/1.1" 200 25028 "http://www.straman.de/" "Mozilla/4.0 (compatible; MSIE 8.0; Windows NT 5.1; Trident/4.0; .NET CLR 1.1.4322; .NET CLR 2.0.50727; .NET CLR 3.0.4506.2152; .NET CLR 3.5.30729)"
194.127.5.164 - - [05/Apr/2013:11:27:17 +0200] "GET /templates/gk_penguinmail/images/style3/menu_sprite.png HTTP/1.1" 200 450 "http://www.straman.de/" "Mozilla/4.0 (compatible; MSIE 8.0; Windows NT 5.1; Trident/4.0; .NET CLR 1.1.4322; .NET CLR 2.0.50727; .NET CLR 3.0.4506.2152; .NET CLR 3.5.30729)"
194.127.5.164 - - [05/Apr/2013:11:27:18 +0200] "GET /templates/gk_penguinmail/images/menu_sprite.png HTTP/1.1" 404 2467 "http://www.straman.de/" "Mozilla/4.0 (compatible; MSIE 8.0; Windows NT 5.1; Trident/4.0; .NET CLR 1.1.4322; .NET CLR 2.0.50727; .NET CLR 3.0.4506.2152; .NET CLR 3.5.30729)"
194.127.5.164 - - [05/Apr/2013:11:27:18 +0200] "GET /templates/gk_penguinmail/css/system/error.css HTTP/1.1" 200 2291 "http://www.straman.de/templates/gk_penguinmail/images/menu_sprite.png" "Mozilla/4.0 (compatible; MSIE 8.0; Windows NT 5.1; Trident/4.0; .NET CLR 1.1.4322; .NET CLR 2.0.50727; .NET CLR 3.0.4506.2152; .NET CLR 3.5.30729)"
194.127.5.164 - - [05/Apr/2013:11:27:18 +0200] "GET /templates/gk_penguinmail/images/logo.png HTTP/1.1" 200 6608 "http://www.straman.de/" "Mozilla/4.0 (compatible; MSIE 8.0; Windows NT 5.1; Trident/4.0; .NET CLR 1.1.4322; .NET CLR 2.0.50727; .NET CLR 3.0.4506.2152; .NET CLR 3.5.30729)"
194.127.5.164 - - [05/Apr/2013:11:28:44 +0200] "GET /templates/gk_penguinmail/css/template_unterseiten.css HTTP/1.1" 200 112 "http://www.straman.de/unternehmen/impressum.html" "Mozilla/4.0 (compatible; MSIE 8.0; Windows NT 5.1; Trident/4.0; .NET CLR 1.1.4322; .NET CLR 2.0.50727; .NET CLR 3.0.4506.2152; .NET CLR 3.5.30729)"
194.127.5.164 - - [05/Apr/2013:11:28:43 +0200] "GET /unternehmen/impressum.html HTTP/1.1" 200 20285 "http://www.straman.de/" "Mozilla/4.0 (compatible; MSIE 8.0; Windows NT 5.1; Trident/4.0; .NET CLR 1.1.4322; .NET CLR 2.0.50727; .NET CLR 3.0.4506.2152; .NET CLR 3.5.30729)"
194.127.5.164 - - [05/Apr/2013:11:28:44 +0200] "GET /templates/gk_penguinmail/images/printButton.png HTTP/1.1" 200 442 "http://www.straman.de/unternehmen/impressum.html" "Mozilla/4.0 (compatible; MSIE 8.0; Windows NT 5.1; Trident/4.0; .NET CLR 1.1.4322; .NET CLR 2.0.50727; .NET CLR 3.0.4506.2152; .NET CLR 3.5.30729)"
194.127.5.164 - - [05/Apr/2013:11:28:44 +0200] "GET /templates/gk_penguinmail/images/emailButton.png HTTP/1.1" 200 365 "http://www.straman.de/unternehmen/impressum.html" "Mozilla/4.0 (compatible; MSIE 8.0; Windows NT 5.1; Trident/4.0; .NET CLR 1.1.4322; .NET CLR 2.0.50727; .NET CLR 3.0.4506.2152; .NET CLR 3.5.30729)"
194.127.5.164 - - [05/Apr/2013:11:28:44 +0200] "GET /images/header3.png HTTP/1.1" 200 29760 "http://www.straman.de/unternehmen/impressum.html" "Mozilla/4.0 (compatible; MSIE 8.0; Windows NT 5.1; Trident/4.0; .NET CLR 1.1.4322; .NET CLR 2.0.50727; .NET CLR 3.0.4506.2152; .NET CLR 3.5.30729)"
194.127.5.164 - - [05/Apr/2013:11:28:55 +0200] "GET /templates/gk_penguinmail/images/menu_sprite.png HTTP/1.1" 404 2467 "http://www.straman.de/unternehmen/impressum.html" "Mozilla/4.0 (compatible; MSIE 8.0; Windows NT 5.1; Trident/4.0; .NET CLR 1.1.4322; .NET CLR 2.0.50727; .NET CLR 3.0.4506.2152; .NET CLR 3.5.30729)"
194.127.5.164 - - [05/Apr/2013:11:28:55 +0200] "GET /templates/gk_penguinmail/images/toolsFont.png HTTP/1.1" 200 467 "http://www.straman.de/unternehmen/impressum.html" "Mozilla/4.0 (compatible; MSIE 8.0; Windows NT 5.1; Trident/4.0; .NET CLR 1.1.4322; .NET CLR 2.0.50727; .NET CLR 3.0.4506.2152; .NET CLR 3.5.30729)"
141.15.33.1 - - [05/Apr/2013:11:30:46 +0200] "GET / HTTP/1.1" 200 13415 "http://adresse.gelbeseiten.de/1056631969/straman-gmbh/berlin/buch" "Mozilla/5.0 (Windows; U; Windows NT 5.1; de; rv:1.9.2.19) Gecko/20110707 Firefox/3.6.19 (.NET CLR 3.5.30729)"
141.15.33.1 - - [05/Apr/2013:11:30:47 +0200] "GET /images/header_neu.png HTTP/1.1" 200 340608 "http://www.straman.de/" "Mozilla/5.0 (Windows; U; Windows NT 5.1; de; rv:1.9.2.19) Gecko/20110707 Firefox/3.6.19 (.NET CLR 3.5.30729)"
141.15.33.1 - - [05/Apr/2013:11:30:47 +0200] "GET /templates/gk_penguinmail/images/menu_sprite.png HTTP/1.1" 404 2467 "http://www.straman.de/templates/gk_penguinmail/css/override.css" "Mozilla/5.0 (Windows; U; Windows NT 5.1; de; rv:1.9.2.19) Gecko/20110707 Firefox/3.6.19 (.NET CLR 3.5.30729)"
141.15.33.1 - - [05/Apr/2013:11:30:53 +0200] "GET /kontakt.html HTTP/1.1" 200 16405 "http://www.straman.de/" "Mozilla/5.0 (Windows; U; Windows NT 5.1; de; rv:1.9.2.19) Gecko/20110707 Firefox/3.6.19 (.NET CLR 3.5.30729)"
141.15.33.1 - - [05/Apr/2013:11:30:54 +0200] "GET /templates/gk_penguinmail/images/button.png HTTP/1.1" 200 87 "http://www.straman.de/templates/gk_penguinmail/css/joomla.css" "Mozilla/5.0 (Windows; U; Windows NT 5.1; de; rv:1.9.2.19) Gecko/20110707 Firefox/3.6.19 (.NET CLR 3.5.30729)"
141.15.33.1 - - [05/Apr/2013:11:30:54 +0200] "GET /templates/gk_penguinmail/images/menu_sprite.png HTTP/1.1" 404 2467 "http://www.straman.de/templates/gk_penguinmail/css/override.css" "Mozilla/5.0 (Windows; U; Windows NT 5.1; de; rv:1.9.2.19) Gecko/20110707 Firefox/3.6.19 (.NET CLR 3.5.30729)"
141.15.33.1 - - [05/Apr/2013:11:30:55 +0200] "GET /unternehmen/impressum.html HTTP/1.1" 200 20315 "http://www.straman.de/kontakt.html" "Mozilla/5.0 (Windows; U; Windows NT 5.1; de; rv:1.9.2.19) Gecko/20110707 Firefox/3.6.19 (.NET CLR 3.5.30729)"
141.15.33.1 - - [05/Apr/2013:11:30:56 +0200] "GET /templates/gk_penguinmail/images/menu_sprite.png HTTP/1.1" 404 2467 "http://www.straman.de/templates/gk_penguinmail/css/override.css" "Mozilla/5.0 (Windows; U; Windows NT 5.1; de; rv:1.9.2.19) Gecko/20110707 Firefox/3.6.19 (.NET CLR 3.5.30729)"
93.219.182.204 - - [05/Apr/2013:11:35:47 +0200] "GET /index.php?option=com_user&view=login HTTP/1.1" 200 17533 "-" "Mozilla/5.0 (Windows; U; Windows NT 6.0; de; rv:1.9.2.3) Gecko/20100401 Firefox/3.6.3 ( .NET CLR 3.5.30729)"
93.219.182.204 - - [05/Apr/2013:11:42:08 +0200] "GET /unternehmen/standorte.html HTTP/1.1" 200 17349 "-" "Mozilla/5.0 (Windows; U; Windows NT 6.0; de; rv:1.9.2.3) Gecko/20100401 Firefox/3.6.3 ( .NET CLR 3.5.30729)"
93.219.182.204 - - [05/Apr/2013:12:08:13 +0200] "GET /unternehmen/historie.html HTTP/1.1" 200 15853 "-" "Mozilla/5.0 (Windows; U; Windows NT 6.0; de; rv:1.9.2.3) Gecko/20100401 Firefox/3.6.3 ( .NET CLR 3.5.30729)"
93.219.182.204 - - [05/Apr/2013:12:11:03 +0200] "GET /servicebereiche/gebaeudemanagement.html HTTP/1.1" 200 16629 "-" "Mozilla/5.0 (Windows; U; Windows NT 6.0; de; rv:1.9.2.3) Gecko/20100401 Firefox/3.6.3 ( .NET CLR 3.5.30729)"
38.101.148.120 - - [05/Apr/2013:12:11:43 +0200] "GET /servicebereiche/winterdienst.html HTTP/1.1" 200 27455 "-" "Mozilla/5.0 (compatible; discoverybot/2.0; +http://discoveryengine.com/discoverybot.html)"
93.219.182.204 - - [05/Apr/2013:12:13:46 +0200] "GET /component/content/article/58.html HTTP/1.1" 200 15469 "-" "Mozilla/5.0 (Windows; U; Windows NT 6.0; de; rv:1.9.2.3) Gecko/20100401 Firefox/3.6.3 ( .NET CLR 3.5.30729)"
93.219.182.204 - - [05/Apr/2013:12:22:03 +0200] "GET /news.html HTTP/1.1" 200 21851 "-" "Mozilla/5.0 (Windows; U; Windows NT 6.0; de; rv:1.9.2.3) Gecko/20100401 Firefox/3.6.3 ( .NET CLR 3.5.30729)"
93.219.182.204 - - [05/Apr/2013:12:24:11 +0200] "GET /unternehmen/jobs.html HTTP/1.1" 200 20509 "-" "Mozilla/5.0 (Windows; U; Windows NT 6.0; de; rv:1.9.2.3) Gecko/20100401 Firefox/3.6.3 ( .NET CLR 3.5.30729)"
66.249.76.137 - - [05/Apr/2013:12:27:39 +0200] "GET /component/mailto/?tmpl=component&link=064ccb77ca2bc09cd61972461b878ba524efa669 HTTP/1.1" 200 2687 "-" "SAMSUNG-SGH-E250/1.0 Profile/MIDP-2.0 Configuration/CLDC-1.1 UP.Browser/6.2.3.3.c.1.101 (GUI) MMP/2.0 (compatible; Googlebot-Mobile/2.1; +http://www.google.com/bot.html)"
88.73.67.134 - - [05/Apr/2013:12:42:25 +0200] "GET / HTTP/1.1" 200 13415 "http://www.google.com/url?sa=t&rct=j&q=stramann&source=web&cd=1&ved=0CDEQFjAA&url=http%3A%2F%2Fwww.straman.de%2F&ei=UqpeUYqoE6Gn4ATjlYDIBQ&usg=AFQjCNEpeUQQKOp_93iUUo8XSnpqrpjMzA&bvm=bv.44770516,d.bGE" "Mozilla/5.0 (Windows NT 6.1; rv:20.0) Gecko/20100101 Firefox/20.0"
88.73.67.134 - - [05/Apr/2013:12:42:25 +0200] "GET /templates/system/css/system.css HTTP/1.1" 200 1385 "http://www.straman.de/" "Mozilla/5.0 (Windows NT 6.1; rv:20.0) Gecko/20100101 Firefox/20.0"
88.73.67.134 - - [05/Apr/2013:12:42:25 +0200] "GET /templates/gk_penguinmail/css/addons.css HTTP/1.1" 200 2644 "http://www.straman.de/" "Mozilla/5.0 (Windows NT 6.1; rv:20.0) Gecko/20100101 Firefox/20.0"
88.73.67.134 - - [05/Apr/2013:12:42:25 +0200] "GET /templates/gk_penguinmail/css/layout.css HTTP/1.1" 200 1684 "http://www.straman.de/" "Mozilla/5.0 (Windows NT 6.1; rv:20.0) Gecko/20100101 Firefox/20.0"
88.73.67.134 - - [05/Apr/2013:12:42:25 +0200] "GET /templates/gk_penguinmail/css/template.css HTTP/1.1" 200 8935 "http://www.straman.de/" "Mozilla/5.0 (Windows NT 6.1; rv:20.0) Gecko/20100101 Firefox/20.0"
88.73.67.134 - - [05/Apr/2013:12:42:25 +0200] "GET /templates/system/css/general.css HTTP/1.1" 200 2777 "http://www.straman.de/" "Mozilla/5.0 (Windows NT 6.1; rv:20.0) Gecko/20100101 Firefox/20.0"
88.73.67.134 - - [05/Apr/2013:12:42:25 +0200] "GET /templates/gk_penguinmail/css/joomla.css HTTP/1.1" 200 14242 "http://www.straman.de/" "Mozilla/5.0 (Windows NT 6.1; rv:20.0) Gecko/20100101 Firefox/20.0"
88.73.67.134 - - [05/Apr/2013:12:42:25 +0200] "GET /templates/gk_penguinmail/css/menu/mega.css HTTP/1.1" 200 4575 "http://www.straman.de/" "Mozilla/5.0 (Windows NT 6.1; rv:20.0) Gecko/20100101 Firefox/20.0"
88.73.67.134 - - [05/Apr/2013:12:42:25 +0200] "GET /templates/gk_penguinmail/css/gk_stuff.css HTTP/1.1" 200 12799 "http://www.straman.de/" "Mozilla/5.0 (Windows NT 6.1; rv:20.0) Gecko/20100101 Firefox/20.0"
88.73.67.134 - - [05/Apr/2013:12:42:25 +0200] "GET /templates/gk_penguinmail/js/menu/mega.js HTTP/1.1" 200 12974 "http://www.straman.de/" "Mozilla/5.0 (Windows NT 6.1; rv:20.0) Gecko/20100101 Firefox/20.0"
88.73.67.134 - - [05/Apr/2013:12:42:25 +0200] "GET /templates/gk_penguinmail/css/typo.css HTTP/1.1" 200 15356 "http://www.straman.de/" "Mozilla/5.0 (Windows NT 6.1; rv:20.0) Gecko/20100101 Firefox/20.0"
88.73.67.134 - - [05/Apr/2013:12:42:25 +0200] "GET /templates/gk_penguinmail/css/css3_style3.css HTTP/1.1" 200 2876 "http://www.straman.de/" "Mozilla/5.0 (Windows NT 6.1; rv:20.0) Gecko/20100101 Firefox/20.0"
88.73.67.134 - - [05/Apr/2013:12:42:25 +0200] "GET /templates/gk_penguinmail/fonts/PT-Seans/stylesheet.css HTTP/1.1" 200 2445 "http://www.straman.de/" "Mozilla/5.0 (Windows NT 6.1; rv:20.0) Gecko/20100101 Firefox/20.0"
