157.56.93.187 - - [01/Apr/2013:00:02:09 +0200] "GET /robots.txt HTTP/1.1" 200 304 "-" "Mozilla/5.0 (compatible; bingbot/2.0; +http://www.bing.com/bingbot.htm)"
157.56.93.187 - - [01/Apr/2013:00:04:09 +0200] "GET / HTTP/1.1" 200 13419 "-" "Mozilla/5.0 (compatible; bingbot/2.0; +http://www.bing.com/bingbot.htm)"
195.20.220.213 - - [01/Apr/2013:00:15:34 +0200] "GET /templates/gk_penguinmail/fonts/PT-Seans/PTS55F-webfont.eot HTTP/1.1" 304 - "-" "Mozilla/4.0 (compatible;)"
157.56.93.209 - - [01/Apr/2013:00:41:04 +0200] "GET /downloadbereich.html HTTP/1.1" 200 15279 "-" "Mozilla/5.0 (compatible; bingbot/2.0; +http://www.bing.com/bingbot.htm)"
195.20.220.213 - - [01/Apr/2013:00:49:20 +0200] "GET /templates/gk_penguinmail/fonts/PT-Seans/PTC75F-webfont.eot HTTP/1.1" 304 - "-" "Mozilla/4.0 (compatible;)"
208.115.111.71 - - [01/Apr/2013:00:57:09 +0200] "GET /unternehmen/standorte.html HTTP/1.1" 200 17353 "-" "Mozilla/5.0 (compatible; Ezooms/1.0; ezooms.bot@gmail.com)"
208.115.113.87 - - [01/Apr/2013:00:57:11 +0200] "GET /robots.txt HTTP/1.1" 200 304 "-" "Mozilla/5.0 (compatible; Ezooms/1.0; ezooms.bot@gmail.com)"
37.59.151.193 - - [01/Apr/2013:01:10:44 +0200] "GET /unternehmen/impressum.html HTTP/1.0" 200 20316 "http://www.straman.de/unternehmen/impressum.html" "Mozilla/5.0 (Windows NT 5.1) AppleWebKit/537.11 (KHTML, like Gecko) Chrome/23.0.1271.95 Safari/537.11"
157.56.93.215 - - [01/Apr/2013:01:42:34 +0200] "GET /robots.txt HTTP/1.1" 200 304 "-" "Mozilla/5.0 (compatible; bingbot/2.0; +http://www.bing.com/bingbot.htm)"
65.55.52.118 - - [01/Apr/2013:01:42:34 +0200] "GET /robots.txt HTTP/1.1" 200 304 "-" "Mozilla/5.0 (compatible; bingbot/2.0; +http://www.bing.com/bingbot.htm)"
157.55.34.28 - - [01/Apr/2013:01:49:04 +0200] "GET /news/60-ihr-komplettdienstleister-rund-um-die-immobilie.html HTTP/1.1" 200 17441 "-" "Mozilla/5.0 (compatible; bingbot/2.0; +http://www.bing.com/bingbot.htm)"
78.46.109.71 - - [01/Apr/2013:01:49:04 +0200] "GET / HTTP/1.1" 200 14567 "-" "-"
173.199.114.163 - - [01/Apr/2013:02:03:15 +0200] "GET /unternehmen/historie/58-sitemap.html?tmpl=component&print=1&page= HTTP/1.1" 200 3352 "-" "Mozilla/5.0 (compatible; AhrefsBot/4.0; +http://ahrefs.com/robot/)"
173.199.114.163 - - [01/Apr/2013:02:03:39 +0200] "GET /unternehmen/index.php HTTP/1.1" 404 2467 "-" "Mozilla/5.0 (compatible; AhrefsBot/4.0; +http://ahrefs.com/robot/)"
195.20.220.213 - - [01/Apr/2013:02:31:52 +0200] "GET /templates/gk_penguinmail/css/template.css HTTP/1.1" 304 - "-" "Mozilla/4.0 (compatible;)"
66.249.76.137 - - [01/Apr/2013:02:56:36 +0200] "GET /downloadbereich.html HTTP/1.1" 200 8292 "-" "Mozilla/5.0 (iPhone; U; CPU iPhone OS 4_1 like Mac OS X; en-us) AppleWebKit/532.9 (KHTML, like Gecko) Version/4.0.5 Mobile/8B117 Safari/6531.22.7 (compatible; Googlebot-Mobile/2.1; +http://www.google.com/bot.html)"
208.115.111.71 - - [01/Apr/2013:02:58:24 +0200] "GET /robots.txt HTTP/1.1" 200 304 "-" "Mozilla/5.0 (compatible; Ezooms/1.0; ezooms.bot@gmail.com)"
208.115.113.87 - - [01/Apr/2013:03:07:49 +0200] "GET /component/mailto/?tmpl=component&link=726895e5e7d17b7be67ff4e091e9066ade89a69f HTTP/1.1" 200 2687 "-" "Mozilla/5.0 (compatible; Ezooms/1.0; ezooms.bot@gmail.com)"
139.18.2.209 - - [01/Apr/2013:03:26:31 +0200] "GET /servicebereiche/infrastr-gebaeudemanagement/58-sitemap.html?tmpl=component&print=1&page= HTTP/1.1" 200 3367 "-" "findlinks/2.6 (+http://wortschatz.uni-leipzig.de/findlinks/)"
139.18.2.209 - - [01/Apr/2013:03:26:31 +0200] "GET /servicebereiche/infrastr-gebaeudemanagement/58-sitemap.html?tmpl=component&print=1&page= HTTP/1.1" 200 3367 "-" "findlinks/2.6 (+http://wortschatz.uni-leipzig.de/findlinks/)"
195.20.220.213 - - [01/Apr/2013:03:38:34 +0200] "GET /templates/gk_penguinmail/fonts/PT-Seans/PTS75F-webfont.eot HTTP/1.1" 304 - "-" "Mozilla/4.0 (compatible;)"
157.56.93.209 - - [01/Apr/2013:04:04:22 +0200] "GET /robots.txt HTTP/1.1" 200 304 "-" "Mozilla/5.0 (compatible; bingbot/2.0; +http://www.bing.com/bingbot.htm)"
157.56.93.209 - - [01/Apr/2013:04:06:34 +0200] "GET /unternehmen/impressum.html HTTP/1.1" 200 20319 "-" "Mozilla/5.0 (compatible; bingbot/2.0; +http://www.bing.com/bingbot.htm)"
208.115.113.87 - - [01/Apr/2013:04:52:21 +0200] "GET /robots.txt HTTP/1.1" 200 304 "-" "Mozilla/5.0 (compatible; Ezooms/1.0; ezooms.bot@gmail.com)"
208.115.111.71 - - [01/Apr/2013:04:56:33 +0200] "GET /component/mailto/?tmpl=component&link=d17b5b401508eeb6c62b2c738281455f83ca6bc8 HTTP/1.1" 200 2687 "-" "Mozilla/5.0 (compatible; Ezooms/1.0; ezooms.bot@gmail.com)"
66.249.76.137 - - [01/Apr/2013:05:26:47 +0200] "GET /news/61-wir-begruessen-sie-auf-den-seiten-von-straman-ihren-komplettdienstleister-rund-um-die-immobilie.html HTTP/1.1" 200 13861 "-" "Mozilla/5.0 (iPhone; U; CPU iPhone OS 4_1 like Mac OS X; en-us) AppleWebKit/532.9 (KHTML, like Gecko) Version/4.0.5 Mobile/8B117 Safari/6531.22.7 (compatible; Googlebot-Mobile/2.1; +http://www.google.com/bot.html)"
195.20.220.213 - - [01/Apr/2013:05:47:37 +0200] "GET /templates/gk_penguinmail/css/css3_style3.css HTTP/1.1" 304 - "-" "Mozilla/4.0 (compatible;)"
195.20.220.213 - - [01/Apr/2013:06:14:42 +0200] "GET /templates/gk_penguinmail/images/toolsFont.png HTTP/1.1" 304 - "-" "Mozilla/4.0 (compatible;)"
208.115.113.87 - - [01/Apr/2013:07:04:20 +0200] "GET /news.html HTTP/1.1" 200 21855 "-" "Mozilla/5.0 (compatible; Ezooms/1.0; ezooms.bot@gmail.com)"
208.115.113.87 - - [01/Apr/2013:07:04:23 +0200] "GET /servicebereiche/infrastr-gebaeudemanagement/58.html HTTP/1.1" 200 16980 "-" "Mozilla/5.0 (compatible; Ezooms/1.0; ezooms.bot@gmail.com)"
208.115.113.87 - - [01/Apr/2013:07:04:25 +0200] "GET /servicebereiche/strassenreinigung.html HTTP/1.1" 200 18658 "-" "Mozilla/5.0 (compatible; Ezooms/1.0; ezooms.bot@gmail.com)"
173.199.114.163 - - [01/Apr/2013:07:48:56 +0200] "GET /downloadbereich.html HTTP/1.1" 200 15279 "-" "Mozilla/5.0 (compatible; AhrefsBot/4.0; +http://ahrefs.com/robot/)"
81.30.151.222 - - [01/Apr/2013:07:58:28 +0200] "GET /robots.txt HTTP/1.1" 200 304 "-" "Mozilla/5.0 (compatible; Spiderlytics/1.0; +spider@spiderlytics.com)"
81.30.151.222 - - [01/Apr/2013:07:58:28 +0200] "GET /unternehmen/impressum/58.html HTTP/1.1" 200 16882 "-" "Mozilla/5.0 (compatible; Spiderlytics/1.0; +spider@spiderlytics.com)"
66.249.76.137 - - [01/Apr/2013:08:13:44 +0200] "GET /component/content/frontpage.html HTTP/1.1" 200 7081 "-" "Mozilla/5.0 (iPhone; U; CPU iPhone OS 4_1 like Mac OS X; en-us) AppleWebKit/532.9 (KHTML, like Gecko) Version/4.0.5 Mobile/8B117 Safari/6531.22.7 (compatible; Googlebot-Mobile/2.1; +http://www.google.com/bot.html)"
65.55.215.107 - - [01/Apr/2013:08:44:17 +0200] "GET /robots.txt HTTP/1.1" 200 304 "-" "msnbot-media/1.1 (+http://search.msn.com/msnbot.htm)"
79.236.223.1 - - [01/Apr/2013:09:00:22 +0200] "GET /unternehmen/jobs.html HTTP/1.1" 200 20479 "http://www.google.de/url?sa=t&rct=j&q=40%20stunden%20woche%20bewerbung&source=web&cd=1&ved=0CDMQFjAA&url=http%3A%2F%2Fwww.straman.de%2Funternehmen%2Fjobs.html&ei=HjBZUe2bIISEtAabjYH4AQ&usg=AFQjCNHi7zJ6feNkvRQSZDyGADm0jy2WxA&bvm=bv.44442042,d.Yms" "Mozilla/5.0 (compatible; MSIE 9.0; TOB 6.12; Windows NT 6.1; WOW64; Trident/5.0)"
79.236.223.1 - - [01/Apr/2013:09:00:22 +0200] "GET /templates/system/css/system.css HTTP/1.1" 200 1385 "http://www.straman.de/unternehmen/jobs.html" "Mozilla/5.0 (compatible; MSIE 9.0; TOB 6.12; Windows NT 6.1; WOW64; Trident/5.0)"
79.236.223.1 - - [01/Apr/2013:09:00:22 +0200] "GET /templates/system/css/general.css HTTP/1.1" 200 2777 "http://www.straman.de/unternehmen/jobs.html" "Mozilla/5.0 (compatible; MSIE 9.0; TOB 6.12; Windows NT 6.1; WOW64; Trident/5.0)"
79.236.223.1 - - [01/Apr/2013:09:00:22 +0200] "GET /templates/gk_penguinmail/css/layout.css HTTP/1.1" 200 1684 "http://www.straman.de/unternehmen/jobs.html" "Mozilla/5.0 (compatible; MSIE 9.0; TOB 6.12; Windows NT 6.1; WOW64; Trident/5.0)"
79.236.223.1 - - [01/Apr/2013:09:00:22 +0200] "GET /templates/gk_penguinmail/css/template.css HTTP/1.1" 200 8935 "http://www.straman.de/unternehmen/jobs.html" "Mozilla/5.0 (compatible; MSIE 9.0; TOB 6.12; Windows NT 6.1; WOW64; Trident/5.0)"
79.236.223.1 - - [01/Apr/2013:09:00:22 +0200] "GET /templates/gk_penguinmail/css/addons.css HTTP/1.1" 200 2644 "http://www.straman.de/unternehmen/jobs.html" "Mozilla/5.0 (compatible; MSIE 9.0; TOB 6.12; Windows NT 6.1; WOW64; Trident/5.0)"
79.236.223.1 - - [01/Apr/2013:09:00:22 +0200] "GET /templates/gk_penguinmail/css/gk_stuff.css HTTP/1.1" 200 12799 "http://www.straman.de/unternehmen/jobs.html" "Mozilla/5.0 (compatible; MSIE 9.0; TOB 6.12; Windows NT 6.1; WOW64; Trident/5.0)"
79.236.223.1 - - [01/Apr/2013:09:00:22 +0200] "GET /templates/gk_penguinmail/css/joomla.css HTTP/1.1" 200 14242 "http://www.straman.de/unternehmen/jobs.html" "Mozilla/5.0 (compatible; MSIE 9.0; TOB 6.12; Windows NT 6.1; WOW64; Trident/5.0)"
79.236.223.1 - - [01/Apr/2013:09:00:22 +0200] "GET /templates/gk_penguinmail/css/typo.css HTTP/1.1" 200 15356 "http://www.straman.de/unternehmen/jobs.html" "Mozilla/5.0 (compatible; MSIE 9.0; TOB 6.12; Windows NT 6.1; WOW64; Trident/5.0)"
79.236.223.1 - - [01/Apr/2013:09:00:22 +0200] "GET /templates/gk_penguinmail/css/css3_style3.css HTTP/1.1" 200 2876 "http://www.straman.de/unternehmen/jobs.html" "Mozilla/5.0 (compatible; MSIE 9.0; TOB 6.12; Windows NT 6.1; WOW64; Trident/5.0)"
79.236.223.1 - - [01/Apr/2013:09:00:22 +0200] "GET /templates/gk_penguinmail/css/style3.css HTTP/1.1" 200 13892 "http://www.straman.de/unternehmen/jobs.html" "Mozilla/5.0 (compatible; MSIE 9.0; TOB 6.12; Windows NT 6.1; WOW64; Trident/5.0)"
79.236.223.1 - - [01/Apr/2013:09:00:22 +0200] "GET /templates/gk_penguinmail/css/override.css HTTP/1.1" 200 3594 "http://www.straman.de/unternehmen/jobs.html" "Mozilla/5.0 (compatible; MSIE 9.0; TOB 6.12; Windows NT 6.1; WOW64; Trident/5.0)"
79.236.223.1 - - [01/Apr/2013:09:00:22 +0200] "GET /templates/gk_penguinmail/js/domready_fix.js HTTP/1.1" 200 1340 "http://www.straman.de/unternehmen/jobs.html" "Mozilla/5.0 (compatible; MSIE 9.0; TOB 6.12; Windows NT 6.1; WOW64; Trident/5.0)"
79.236.223.1 - - [01/Apr/2013:09:00:22 +0200] "GET /media/system/js/mootools.js HTTP/1.1" 200 74434 "http://www.straman.de/unternehmen/jobs.html" "Mozilla/5.0 (compatible; MSIE 9.0; TOB 6.12; Windows NT 6.1; WOW64; Trident/5.0)"
79.236.223.1 - - [01/Apr/2013:09:00:22 +0200] "GET /media/system/js/caption.js HTTP/1.1" 200 1963 "http://www.straman.de/unternehmen/jobs.html" "Mozilla/5.0 (compatible; MSIE 9.0; TOB 6.12; Windows NT 6.1; WOW64; Trident/5.0)"
79.236.223.1 - - [01/Apr/2013:09:00:22 +0200] "GET /templates/gk_penguinmail/js/gk.script.js HTTP/1.1" 200 4585 "http://www.straman.de/unternehmen/jobs.html" "Mozilla/5.0 (compatible; MSIE 9.0; TOB 6.12; Windows NT 6.1; WOW64; Trident/5.0)"
79.236.223.1 - - [01/Apr/2013:09:00:22 +0200] "GET /templates/gk_penguinmail/css/menu/mega.css HTTP/1.1" 200 4575 "http://www.straman.de/unternehmen/jobs.html" "Mozilla/5.0 (compatible; MSIE 9.0; TOB 6.12; Windows NT 6.1; WOW64; Trident/5.0)"
79.236.223.1 - - [01/Apr/2013:09:00:22 +0200] "GET /templates/gk_penguinmail/js/menu/mega.js HTTP/1.1" 200 12974 "http://www.straman.de/unternehmen/jobs.html" "Mozilla/5.0 (compatible; MSIE 9.0; TOB 6.12; Windows NT 6.1; WOW64; Trident/5.0)"
79.236.223.1 - - [01/Apr/2013:09:00:22 +0200] "GET /templates/gk_penguinmail/fonts/PT-Seans/stylesheet.css HTTP/1.1" 200 2445 "http://www.straman.de/unternehmen/jobs.html" "Mozilla/5.0 (compatible; MSIE 9.0; TOB 6.12; Windows NT 6.1; WOW64; Trident/5.0)"
79.236.223.1 - - [01/Apr/2013:09:00:23 +0200] "GET /templates/gk_penguinmail/css/template_unterseiten.css HTTP/1.1" 200 112 "http://www.straman.de/unternehmen/jobs.html" "Mozilla/5.0 (compatible; MSIE 9.0; TOB 6.12; Windows NT 6.1; WOW64; Trident/5.0)"
79.236.223.1 - - [01/Apr/2013:09:00:23 +0200] "GET /images/header3.png HTTP/1.1" 200 29760 "http://www.straman.de/unternehmen/jobs.html" "Mozilla/5.0 (compatible; MSIE 9.0; TOB 6.12; Windows NT 6.1; WOW64; Trident/5.0)"
79.236.223.1 - - [01/Apr/2013:09:00:23 +0200] "GET /templates/gk_penguinmail/images/emailButton.png HTTP/1.1" 200 365 "http://www.straman.de/unternehmen/jobs.html" "Mozilla/5.0 (compatible; MSIE 9.0; TOB 6.12; Windows NT 6.1; WOW64; Trident/5.0)"
79.236.223.1 - - [01/Apr/2013:09:00:23 +0200] "GET /templates/gk_penguinmail/images/printButton.png HTTP/1.1" 200 442 "http://www.straman.de/unternehmen/jobs.html" "Mozilla/5.0 (compatible; MSIE 9.0; TOB 6.12; Windows NT 6.1; WOW64; Trident/5.0)"
79.236.223.1 - - [01/Apr/2013:09:00:23 +0200] "GET /templates/gk_penguinmail/images/style3/menu_sprite.png HTTP/1.1" 200 450 "http://www.straman.de/unternehmen/jobs.html" "Mozilla/5.0 (compatible; MSIE 9.0; TOB 6.12; Windows NT 6.1; WOW64; Trident/5.0)"
79.236.223.1 - - [01/Apr/2013:09:00:23 +0200] "GET /templates/gk_penguinmail/images/style3/glow.jpg HTTP/1.1" 200 18301 "http://www.straman.de/unternehmen/jobs.html" "Mozilla/5.0 (compatible; MSIE 9.0; TOB 6.12; Windows NT 6.1; WOW64; Trident/5.0)"
79.236.223.1 - - [01/Apr/2013:09:00:23 +0200] "GET /templates/gk_penguinmail/images/toolsFont.png HTTP/1.1" 200 467 "http://www.straman.de/unternehmen/jobs.html" "Mozilla/5.0 (compatible; MSIE 9.0; TOB 6.12; Windows NT 6.1; WOW64; Trident/5.0)"
79.236.223.1 - - [01/Apr/2013:09:00:23 +0200] "GET /templates/gk_penguinmail/images/logo.png HTTP/1.1" 200 6608 "http://www.straman.de/unternehmen/jobs.html" "Mozilla/5.0 (compatible; MSIE 9.0; TOB 6.12; Windows NT 6.1; WOW64; Trident/5.0)"
79.236.223.1 - - [01/Apr/2013:09:00:23 +0200] "GET /templates/gk_penguinmail/images/menu_sprite.png HTTP/1.1" 404 2467 "http://www.straman.de/unternehmen/jobs.html" "Mozilla/5.0 (compatible; MSIE 9.0; TOB 6.12; Windows NT 6.1; WOW64; Trident/5.0)"
79.236.223.1 - - [01/Apr/2013:09:00:23 +0200] "GET /templates/gk_penguinmail/favicon.ico HTTP/1.1" 200 5686 "-" "T-Online Browser"
81.30.151.222 - - [01/Apr/2013:09:14:06 +0200] "GET /component/mailto/?tmpl=component&link=2343f1e43209db7cdb1141eecc20370554e33032 HTTP/1.1" 200 2687 "-" "Mozilla/5.0 (compatible; Spiderlytics/1.0; +spider@spiderlytics.com)"
66.249.76.137 - - [01/Apr/2013:09:20:38 +0200] "GET /unternehmen/standorte.html HTTP/1.1" 200 10341 "-" "Mozilla/5.0 (iPhone; U; CPU iPhone OS 4_1 like Mac OS X; en-us) AppleWebKit/532.9 (KHTML, like Gecko) Version/4.0.5 Mobile/8B117 Safari/6531.22.7 (compatible; Googlebot-Mobile/2.1; +http://www.google.com/bot.html)"
66.249.76.137 - - [01/Apr/2013:09:29:48 +0200] "GET /robots.txt HTTP/1.1" 200 304 "-" "Mozilla/5.0 (compatible; Googlebot/2.1; +http://www.google.com/bot.html)"
81.30.151.222 - - [01/Apr/2013:09:46:42 +0200] "GET /component/content/46.html HTTP/1.1" 500 2511 "-" "Mozilla/5.0 (compatible; Spiderlytics/1.0; +spider@spiderlytics.com)"
109.46.172.140 - - [01/Apr/2013:09:49:19 +0200] "GET /servicebereiche/winterdienst.html HTTP/1.1" 200 17049 "http://www.google.com/m?hl=de&gl=de&client=ms-android-hms-vf-de&source=android-launcher-widget&q=wann+endet+schneer%C3%A4umpflicht+gewerblich" "Mozilla/5.0 (Linux; U; Android 2.2; de-de; GT-P1000 Build/FROYO) AppleWebKit/533.1 (KHTML, like Gecko) Version/4.0 Mobile Safari/533.1"
109.46.172.140 - - [01/Apr/2013:09:49:19 +0200] "GET /media/system/js/caption.js HTTP/1.1" 200 1963 "http://www.straman.de/servicebereiche/winterdienst.html" "Mozilla/5.0 (Linux; U; Android 2.2; de-de; GT-P1000 Build/FROYO) AppleWebKit/533.1 (KHTML, like Gecko) Version/4.0 Mobile Safari/533.1"
109.46.172.140 - - [01/Apr/2013:09:49:19 +0200] "GET /templates/gk_penguinmail/css/handheld/handheld.css HTTP/1.1" 200 3827 "http://www.straman.de/servicebereiche/winterdienst.html" "Mozilla/5.0 (Linux; U; Android 2.2; de-de; GT-P1000 Build/FROYO) AppleWebKit/533.1 (KHTML, like Gecko) Version/4.0 Mobile Safari/533.1"
109.46.172.140 - - [01/Apr/2013:09:49:19 +0200] "GET /media/system/js/mootools.js HTTP/1.1" 200 74434 "http://www.straman.de/servicebereiche/winterdienst.html" "Mozilla/5.0 (Linux; U; Android 2.2; de-de; GT-P1000 Build/FROYO) AppleWebKit/533.1 (KHTML, like Gecko) Version/4.0 Mobile Safari/533.1"
109.46.172.140 - - [01/Apr/2013:09:49:21 +0200] "GET /templates/gk_penguinmail/images/emailButton.png HTTP/1.1" 200 365 "http://www.straman.de/servicebereiche/winterdienst.html" "Mozilla/5.0 (Linux; U; Android 2.2; de-de; GT-P1000 Build/FROYO) AppleWebKit/533.1 (KHTML, like Gecko) Version/4.0 Mobile Safari/533.1"
109.46.172.140 - - [01/Apr/2013:09:49:22 +0200] "GET /templates/gk_penguinmail/images/printButton.png HTTP/1.1" 200 442 "http://www.straman.de/servicebereiche/winterdienst.html" "Mozilla/5.0 (Linux; U; Android 2.2; de-de; GT-P1000 Build/FROYO) AppleWebKit/533.1 (KHTML, like Gecko) Version/4.0 Mobile Safari/533.1"
109.46.172.140 - - [01/Apr/2013:09:49:22 +0200] "GET /images/winterdienst_001.jpg HTTP/1.1" 200 107331 "http://www.straman.de/servicebereiche/winterdienst.html" "Mozilla/5.0 (Linux; U; Android 2.2; de-de; GT-P1000 Build/FROYO) AppleWebKit/533.1 (KHTML, like Gecko) Version/4.0 Mobile Safari/533.1"
109.46.172.140 - - [01/Apr/2013:09:49:22 +0200] "GET /images/winterdienst_002.jpg HTTP/1.1" 200 163909 "http://www.straman.de/servicebereiche/winterdienst.html" "Mozilla/5.0 (Linux; U; Android 2.2; de-de; GT-P1000 Build/FROYO) AppleWebKit/533.1 (KHTML, like Gecko) Version/4.0 Mobile Safari/533.1"
109.46.172.140 - - [01/Apr/2013:09:49:23 +0200] "GET /templates/gk_penguinmail/css/template_winterdienst.css HTTP/1.1" 200 109 "http://www.straman.de/servicebereiche/winterdienst.html" "Mozilla/5.0 (Linux; U; Android 2.2; de-de; GT-P1000 Build/FROYO) AppleWebKit/533.1 (KHTML, like Gecko) Version/4.0 Mobile Safari/533.1"
109.46.172.140 - - [01/Apr/2013:09:49:24 +0200] "GET /templates/gk_penguinmail/images/logo.png HTTP/1.1" 200 6608 "http://www.straman.de/servicebereiche/winterdienst.html" "Mozilla/5.0 (Linux; U; Android 2.2; de-de; GT-P1000 Build/FROYO) AppleWebKit/533.1 (KHTML, like Gecko) Version/4.0 Mobile Safari/533.1"
109.46.172.140 - - [01/Apr/2013:09:49:25 +0200] "GET /templates/gk_penguinmail/favicon.ico HTTP/1.1" 200 5686 "http://www.straman.de/servicebereiche/winterdienst.html" "Mozilla/5.0 (Linux; U; Android 2.2; de-de; GT-P1000 Build/FROYO) AppleWebKit/533.1 (KHTML, like Gecko) Version/4.0 Mobile Safari/533.1"
173.199.114.163 - - [01/Apr/2013:10:00:25 +0200] "GET /news/index.php HTTP/1.1" 200 21860 "-" "Mozilla/5.0 (compatible; AhrefsBot/4.0; +http://ahrefs.com/robot/)"
195.20.220.213 - - [01/Apr/2013:10:07:39 +0200] "GET /templates/gk_penguinmail/fonts/PT-Seans/PTN77F-webfont.eot HTTP/1.1" 304 - "-" "Mozilla/4.0 (compatible;)"
195.20.220.213 - - [01/Apr/2013:10:09:15 +0200] "GET /templates/gk_penguinmail/images/style3/glow.jpg HTTP/1.1" 304 - "-" "Mozilla/4.0 (compatible;)"
195.20.220.213 - - [01/Apr/2013:10:30:56 +0200] "GET /templates/gk_penguinmail/css/gk_stuff.css HTTP/1.1" 304 - "-" "Mozilla/4.0 (compatible;)"
195.20.220.213 - - [01/Apr/2013:10:35:07 +0200] "GET /templates/gk_penguinmail/images/style3/menu_sprite.png HTTP/1.1" 304 - "-" "Mozilla/4.0 (compatible;)"
157.56.93.187 - - [01/Apr/2013:12:16:09 +0200] "GET /robots.txt HTTP/1.1" 200 304 "-" "Mozilla/5.0 (compatible; bingbot/2.0; +http://www.bing.com/bingbot.htm)"
157.56.93.187 - - [01/Apr/2013:12:17:41 +0200] "GET / HTTP/1.1" 200 13419 "-" "Mozilla/5.0 (compatible; bingbot/2.0; +http://www.bing.com/bingbot.htm)"
199.30.16.48 - - [01/Apr/2013:12:34:39 +0200] "GET /robots.txt HTTP/1.1" 200 304 "-" "msnbot-media/1.1 (+http://search.msn.com/msnbot.htm)"
199.30.16.48 - - [01/Apr/2013:12:34:39 +0200] "GET /index.php?option=com_forme&func=captcha HTTP/1.1" 200 1254 "-" "msnbot-media/1.1 (+http://search.msn.com/msnbot.htm)"
91.21.134.50 - - [01/Apr/2013:13:14:07 +0200] "GET /templates/gk_penguinmail/css/gk_stuff.css HTTP/1.1" 200 12799 "http://www.straman.de/unternehmen/impressum.html" "Mozilla/4.0 (compatible; MSIE 8.0; Windows NT 5.1; Trident/4.0; (1und1/1.1.0.22); Mozilla/4.0 (compatible; MSIE 6.0; Windows NT 5.1; SV1) ; .NET CLR 2.0.50727; .NET CLR 3.0.04506.30; .NET CLR 3.0.4506.2152; .NET CLR 3.5.30729)"
91.21.134.50 - - [01/Apr/2013:13:14:07 +0200] "GET /templates/gk_penguinmail/css/joomla.css HTTP/1.1" 200 14242 "http://www.straman.de/unternehmen/impressum.html" "Mozilla/4.0 (compatible; MSIE 8.0; Windows NT 5.1; Trident/4.0; (1und1/1.1.0.22); Mozilla/4.0 (compatible; MSIE 6.0; Windows NT 5.1; SV1) ; .NET CLR 2.0.50727; .NET CLR 3.0.04506.30; .NET CLR 3.0.4506.2152; .NET CLR 3.5.30729)"
91.21.134.50 - - [01/Apr/2013:13:14:07 +0200] "GET /templates/gk_penguinmail/css/addons.css HTTP/1.1" 200 2644 "http://www.straman.de/unternehmen/impressum.html" "Mozilla/4.0 (compatible; MSIE 8.0; Windows NT 5.1; Trident/4.0; (1und1/1.1.0.22); Mozilla/4.0 (compatible; MSIE 6.0; Windows NT 5.1; SV1) ; .NET CLR 2.0.50727; .NET CLR 3.0.04506.30; .NET CLR 3.0.4506.2152; .NET CLR 3.5.30729)"
91.21.134.50 - - [01/Apr/2013:13:14:07 +0200] "GET /templates/gk_penguinmail/css/layout.css HTTP/1.1" 200 1684 "http://www.straman.de/unternehmen/impressum.html" "Mozilla/4.0 (compatible; MSIE 8.0; Windows NT 5.1; Trident/4.0; (1und1/1.1.0.22); Mozilla/4.0 (compatible; MSIE 6.0; Windows NT 5.1; SV1) ; .NET CLR 2.0.50727; .NET CLR 3.0.04506.30; .NET CLR 3.0.4506.2152; .NET CLR 3.5.30729)"
91.21.134.50 - - [01/Apr/2013:13:14:07 +0200] "GET /templates/system/css/system.css HTTP/1.1" 200 1385 "http://www.straman.de/unternehmen/impressum.html" "Mozilla/4.0 (compatible; MSIE 8.0; Windows NT 5.1; Trident/4.0; (1und1/1.1.0.22); Mozilla/4.0 (compatible; MSIE 6.0; Windows NT 5.1; SV1) ; .NET CLR 2.0.50727; .NET CLR 3.0.04506.30; .NET CLR 3.0.4506.2152; .NET CLR 3.5.30729)"
91.21.134.50 - - [01/Apr/2013:13:14:07 +0200] "GET /templates/system/css/general.css HTTP/1.1" 200 2777 "http://www.straman.de/unternehmen/impressum.html" "Mozilla/4.0 (compatible; MSIE 8.0; Windows NT 5.1; Trident/4.0; (1und1/1.1.0.22); Mozilla/4.0 (compatible; MSIE 6.0; Windows NT 5.1; SV1) ; .NET CLR 2.0.50727; .NET CLR 3.0.04506.30; .NET CLR 3.0.4506.2152; .NET CLR 3.5.30729)"
91.21.134.50 - - [01/Apr/2013:13:14:07 +0200] "GET /unternehmen/impressum.html HTTP/1.1" 200 20285 "http://www.google.de/url?sa=t&rct=j&q=besch%20karl-marx-str.%20lindenberg&source=web&cd=1&ved=0CDAQFjAA&url=http%3A%2F%2Fwww.straman.de%2Funternehmen%2Fimpressum.html&ei=kmtZUfCQG8vCtAaGgYHwCg&usg=AFQjCNEQ6WIfxQJaHcb8W97z5-S8mcbsPA&bvm=bv.44442042,d.Yms" "Mozilla/4.0 (compatible; MSIE 8.0; Windows NT 5.1; Trident/4.0; (1und1/1.1.0.22); Mozilla/4.0 (compatible; MSIE 6.0; Windows NT 5.1; SV1) ; .NET CLR 2.0.50727; .NET CLR 3.0.04506.30; .NET CLR 3.0.4506.2152; .NET CLR 3.5.30729)"
91.21.134.50 - - [01/Apr/2013:13:14:07 +0200] "GET /templates/gk_penguinmail/css/typo.css HTTP/1.1" 200 15356 "http://www.straman.de/unternehmen/impressum.html" "Mozilla/4.0 (compatible; MSIE 8.0; Windows NT 5.1; Trident/4.0; (1und1/1.1.0.22); Mozilla/4.0 (compatible; MSIE 6.0; Windows NT 5.1; SV1) ; .NET CLR 2.0.50727; .NET CLR 3.0.04506.30; .NET CLR 3.0.4506.2152; .NET CLR 3.5.30729)"
91.21.134.50 - - [01/Apr/2013:13:14:07 +0200] "GET /templates/gk_penguinmail/css/template.css HTTP/1.1" 200 8935 "http://www.straman.de/unternehmen/impressum.html" "Mozilla/4.0 (compatible; MSIE 8.0; Windows NT 5.1; Trident/4.0; (1und1/1.1.0.22); Mozilla/4.0 (compatible; MSIE 6.0; Windows NT 5.1; SV1) ; .NET CLR 2.0.50727; .NET CLR 3.0.04506.30; .NET CLR 3.0.4506.2152; .NET CLR 3.5.30729)"
91.21.134.50 - - [01/Apr/2013:13:14:07 +0200] "GET /templates/gk_penguinmail/css/style3.css HTTP/1.1" 200 13892 "http://www.straman.de/unternehmen/impressum.html" "Mozilla/4.0 (compatible; MSIE 8.0; Windows NT 5.1; Trident/4.0; (1und1/1.1.0.22); Mozilla/4.0 (compatible; MSIE 6.0; Windows NT 5.1; SV1) ; .NET CLR 2.0.50727; .NET CLR 3.0.04506.30; .NET CLR 3.0.4506.2152; .NET CLR 3.5.30729)"
91.21.134.50 - - [01/Apr/2013:13:14:07 +0200] "GET /templates/gk_penguinmail/css/override.css HTTP/1.1" 200 3594 "http://www.straman.de/unternehmen/impressum.html" "Mozilla/4.0 (compatible; MSIE 8.0; Windows NT 5.1; Trident/4.0; (1und1/1.1.0.22); Mozilla/4.0 (compatible; MSIE 6.0; Windows NT 5.1; SV1) ; .NET CLR 2.0.50727; .NET CLR 3.0.04506.30; .NET CLR 3.0.4506.2152; .NET CLR 3.5.30729)"
91.21.134.50 - - [01/Apr/2013:13:14:07 +0200] "GET /templates/gk_penguinmail/css/css3_style3.css HTTP/1.1" 200 2876 "http://www.straman.de/unternehmen/impressum.html" "Mozilla/4.0 (compatible; MSIE 8.0; Windows NT 5.1; Trident/4.0; (1und1/1.1.0.22); Mozilla/4.0 (compatible; MSIE 6.0; Windows NT 5.1; SV1) ; .NET CLR 2.0.50727; .NET CLR 3.0.04506.30; .NET CLR 3.0.4506.2152; .NET CLR 3.5.30729)"
91.21.134.50 - - [01/Apr/2013:13:14:07 +0200] "GET /templates/gk_penguinmail/js/domready_fix.js HTTP/1.1" 200 1340 "http://www.straman.de/unternehmen/impressum.html" "Mozilla/4.0 (compatible; MSIE 8.0; Windows NT 5.1; Trident/4.0; (1und1/1.1.0.22); Mozilla/4.0 (compatible; MSIE 6.0; Windows NT 5.1; SV1) ; .NET CLR 2.0.50727; .NET CLR 3.0.04506.30; .NET CLR 3.0.4506.2152; .NET CLR 3.5.30729)"
91.21.134.50 - - [01/Apr/2013:13:14:07 +0200] "GET /templates/gk_penguinmail/js/gk.script.js HTTP/1.1" 200 4585 "http://www.straman.de/unternehmen/impressum.html" "Mozilla/4.0 (compatible; MSIE 8.0; Windows NT 5.1; Trident/4.0; (1und1/1.1.0.22); Mozilla/4.0 (compatible; MSIE 6.0; Windows NT 5.1; SV1) ; .NET CLR 2.0.50727; .NET CLR 3.0.04506.30; .NET CLR 3.0.4506.2152; .NET CLR 3.5.30729)"
91.21.134.50 - - [01/Apr/2013:13:14:07 +0200] "GET /media/system/js/caption.js HTTP/1.1" 200 1963 "http://www.straman.de/unternehmen/impressum.html" "Mozilla/4.0 (compatible; MSIE 8.0; Windows NT 5.1; Trident/4.0; (1und1/1.1.0.22); Mozilla/4.0 (compatible; MSIE 6.0; Windows NT 5.1; SV1) ; .NET CLR 2.0.50727; .NET CLR 3.0.04506.30; .NET CLR 3.0.4506.2152; .NET CLR 3.5.30729)"
91.21.134.50 - - [01/Apr/2013:13:14:07 +0200] "GET /templates/gk_penguinmail/css/menu/mega.css HTTP/1.1" 200 4575 "http://www.straman.de/unternehmen/impressum.html" "Mozilla/4.0 (compatible; MSIE 8.0; Windows NT 5.1; Trident/4.0; (1und1/1.1.0.22); Mozilla/4.0 (compatible; MSIE 6.0; Windows NT 5.1; SV1) ; .NET CLR 2.0.50727; .NET CLR 3.0.04506.30; .NET CLR 3.0.4506.2152; .NET CLR 3.5.30729)"
91.21.134.50 - - [01/Apr/2013:13:14:07 +0200] "GET /templates/gk_penguinmail/css/ie8.css HTTP/1.1" 200 1153 "http://www.straman.de/unternehmen/impressum.html" "Mozilla/4.0 (compatible; MSIE 8.0; Windows NT 5.1; Trident/4.0; (1und1/1.1.0.22); Mozilla/4.0 (compatible; MSIE 6.0; Windows NT 5.1; SV1) ; .NET CLR 2.0.50727; .NET CLR 3.0.04506.30; .NET CLR 3.0.4506.2152; .NET CLR 3.5.30729)"
91.21.134.50 - - [01/Apr/2013:13:14:07 +0200] "GET /templates/gk_penguinmail/js/menu/mega.js HTTP/1.1" 200 12974 "http://www.straman.de/unternehmen/impressum.html" "Mozilla/4.0 (compatible; MSIE 8.0; Windows NT 5.1; Trident/4.0; (1und1/1.1.0.22); Mozilla/4.0 (compatible; MSIE 6.0; Windows NT 5.1; SV1) ; .NET CLR 2.0.50727; .NET CLR 3.0.04506.30; .NET CLR 3.0.4506.2152; .NET CLR 3.5.30729)"
91.21.134.50 - - [01/Apr/2013:13:14:07 +0200] "GET /templates/gk_penguinmail/fonts/PT-Seans/stylesheet.css HTTP/1.1" 200 2445 "http://www.straman.de/unternehmen/impressum.html" "Mozilla/4.0 (compatible; MSIE 8.0; Windows NT 5.1; Trident/4.0; (1und1/1.1.0.22); Mozilla/4.0 (compatible; MSIE 6.0; Windows NT 5.1; SV1) ; .NET CLR 2.0.50727; .NET CLR 3.0.04506.30; .NET CLR 3.0.4506.2152; .NET CLR 3.5.30729)"
91.21.134.50 - - [01/Apr/2013:13:14:07 +0200] "GET /templates/gk_penguinmail/css/template_unterseiten.css HTTP/1.1" 200 112 "http://www.straman.de/unternehmen/impressum.html" "Mozilla/4.0 (compatible; MSIE 8.0; Windows NT 5.1; Trident/4.0; (1und1/1.1.0.22); Mozilla/4.0 (compatible; MSIE 6.0; Windows NT 5.1; SV1) ; .NET CLR 2.0.50727; .NET CLR 3.0.04506.30; .NET CLR 3.0.4506.2152; .NET CLR 3.5.30729)"
91.21.134.50 - - [01/Apr/2013:13:14:07 +0200] "GET /media/system/js/mootools.js HTTP/1.1" 200 74434 "http://www.straman.de/unternehmen/impressum.html" "Mozilla/4.0 (compatible; MSIE 8.0; Windows NT 5.1; Trident/4.0; (1und1/1.1.0.22); Mozilla/4.0 (compatible; MSIE 6.0; Windows NT 5.1; SV1) ; .NET CLR 2.0.50727; .NET CLR 3.0.04506.30; .NET CLR 3.0.4506.2152; .NET CLR 3.5.30729)"
91.21.134.50 - - [01/Apr/2013:13:14:08 +0200] "GET /templates/gk_penguinmail/fonts/PT-Seans/PTS55F-webfont.eot HTTP/1.1" 200 26928 "http://www.straman.de/unternehmen/impressum.html" "Mozilla/4.0 (compatible; MSIE 8.0; Windows NT 5.1; Trident/4.0; (1und1/1.1.0.22); Mozilla/4.0 (compatible; MSIE 6.0; Windows NT 5.1; SV1) ; .NET CLR 2.0.50727; .NET CLR 3.0.04506.30; .NET CLR 3.0.4506.2152; .NET CLR 3.5.30729)"
91.21.134.50 - - [01/Apr/2013:13:14:08 +0200] "GET /templates/gk_penguinmail/fonts/PT-Seans/PTN77F-webfont.eot HTTP/1.1" 200 25028 "http://www.straman.de/unternehmen/impressum.html" "Mozilla/4.0 (compatible; MSIE 8.0; Windows NT 5.1; Trident/4.0; (1und1/1.1.0.22); Mozilla/4.0 (compatible; MSIE 6.0; Windows NT 5.1; SV1) ; .NET CLR 2.0.50727; .NET CLR 3.0.04506.30; .NET CLR 3.0.4506.2152; .NET CLR 3.5.30729)"
91.21.134.50 - - [01/Apr/2013:13:14:08 +0200] "GET /templates/gk_penguinmail/fonts/PT-Seans/PTS56F-webfont.eot HTTP/1.1" 200 30512 "http://www.straman.de/unternehmen/impressum.html" "Mozilla/4.0 (compatible; MSIE 8.0; Windows NT 5.1; Trident/4.0; (1und1/1.1.0.22); Mozilla/4.0 (compatible; MSIE 6.0; Windows NT 5.1; SV1) ; .NET CLR 2.0.50727; .NET CLR 3.0.04506.30; .NET CLR 3.0.4506.2152; .NET CLR 3.5.30729)"
91.21.134.50 - - [01/Apr/2013:13:14:08 +0200] "GET /templates/gk_penguinmail/images/style3/glow.jpg HTTP/1.1" 200 18301 "http://www.straman.de/unternehmen/impressum.html" "Mozilla/4.0 (compatible; MSIE 8.0; Windows NT 5.1; Trident/4.0; (1und1/1.1.0.22); Mozilla/4.0 (compatible; MSIE 6.0; Windows NT 5.1; SV1) ; .NET CLR 2.0.50727; .NET CLR 3.0.04506.30; .NET CLR 3.0.4506.2152; .NET CLR 3.5.30729)"
91.21.134.50 - - [01/Apr/2013:13:14:08 +0200] "GET /templates/gk_penguinmail/fonts/PT-Seans/PTC55F-webfont.eot HTTP/1.1" 200 27716 "http://www.straman.de/unternehmen/impressum.html" "Mozilla/4.0 (compatible; MSIE 8.0; Windows NT 5.1; Trident/4.0; (1und1/1.1.0.22); Mozilla/4.0 (compatible; MSIE 6.0; Windows NT 5.1; SV1) ; .NET CLR 2.0.50727; .NET CLR 3.0.04506.30; .NET CLR 3.0.4506.2152; .NET CLR 3.5.30729)"
91.21.134.50 - - [01/Apr/2013:13:14:08 +0200] "GET /templates/gk_penguinmail/fonts/PT-Seans/PTC75F-webfont.eot HTTP/1.1" 200 26512 "http://www.straman.de/unternehmen/impressum.html" "Mozilla/4.0 (compatible; MSIE 8.0; Windows NT 5.1; Trident/4.0; (1und1/1.1.0.22); Mozilla/4.0 (compatible; MSIE 6.0; Windows NT 5.1; SV1) ; .NET CLR 2.0.50727; .NET CLR 3.0.04506.30; .NET CLR 3.0.4506.2152; .NET CLR 3.5.30729)"
91.21.134.50 - - [01/Apr/2013:13:14:08 +0200] "GET /templates/gk_penguinmail/fonts/PT-Seans/PTN57F-webfont.eot HTTP/1.1" 200 25908 "http://www.straman.de/unternehmen/impressum.html" "Mozilla/4.0 (compatible; MSIE 8.0; Windows NT 5.1; Trident/4.0; (1und1/1.1.0.22); Mozilla/4.0 (compatible; MSIE 6.0; Windows NT 5.1; SV1) ; .NET CLR 2.0.50727; .NET CLR 3.0.04506.30; .NET CLR 3.0.4506.2152; .NET CLR 3.5.30729)"
91.21.134.50 - - [01/Apr/2013:13:14:08 +0200] "GET /templates/gk_penguinmail/fonts/PT-Seans/PTS76F-webfont.eot HTTP/1.1" 200 29352 "http://www.straman.de/unternehmen/impressum.html" "Mozilla/4.0 (compatible; MSIE 8.0; Windows NT 5.1; Trident/4.0; (1und1/1.1.0.22); Mozilla/4.0 (compatible; MSIE 6.0; Windows NT 5.1; SV1) ; .NET CLR 2.0.50727; .NET CLR 3.0.04506.30; .NET CLR 3.0.4506.2152; .NET CLR 3.5.30729)"
91.21.134.50 - - [01/Apr/2013:13:14:08 +0200] "GET /templates/gk_penguinmail/fonts/PT-Seans/PTS75F-webfont.eot HTTP/1.1" 200 25456 "http://www.straman.de/unternehmen/impressum.html" "Mozilla/4.0 (compatible; MSIE 8.0; Windows NT 5.1; Trident/4.0; (1und1/1.1.0.22); Mozilla/4.0 (compatible; MSIE 6.0; Windows NT 5.1; SV1) ; .NET CLR 2.0.50727; .NET CLR 3.0.04506.30; .NET CLR 3.0.4506.2152; .NET CLR 3.5.30729)"
91.21.134.50 - - [01/Apr/2013:13:14:08 +0200] "GET /templates/gk_penguinmail/images/style3/menu_sprite.png HTTP/1.1" 200 450 "http://www.straman.de/unternehmen/impressum.html" "Mozilla/4.0 (compatible; MSIE 8.0; Windows NT 5.1; Trident/4.0; (1und1/1.1.0.22); Mozilla/4.0 (compatible; MSIE 6.0; Windows NT 5.1; SV1) ; .NET CLR 2.0.50727; .NET CLR 3.0.04506.30; .NET CLR 3.0.4506.2152; .NET CLR 3.5.30729)"
91.21.134.50 - - [01/Apr/2013:13:14:08 +0200] "GET /templates/gk_penguinmail/images/emailButton.png HTTP/1.1" 200 365 "http://www.straman.de/unternehmen/impressum.html" "Mozilla/4.0 (compatible; MSIE 8.0; Windows NT 5.1; Trident/4.0; (1und1/1.1.0.22); Mozilla/4.0 (compatible; MSIE 6.0; Windows NT 5.1; SV1) ; .NET CLR 2.0.50727; .NET CLR 3.0.04506.30; .NET CLR 3.0.4506.2152; .NET CLR 3.5.30729)"
91.21.134.50 - - [01/Apr/2013:13:14:08 +0200] "GET /templates/gk_penguinmail/images/printButton.png HTTP/1.1" 200 442 "http://www.straman.de/unternehmen/impressum.html" "Mozilla/4.0 (compatible; MSIE 8.0; Windows NT 5.1; Trident/4.0; (1und1/1.1.0.22); Mozilla/4.0 (compatible; MSIE 6.0; Windows NT 5.1; SV1) ; .NET CLR 2.0.50727; .NET CLR 3.0.04506.30; .NET CLR 3.0.4506.2152; .NET CLR 3.5.30729)"
91.21.134.50 - - [01/Apr/2013:13:14:08 +0200] "GET /templates/gk_penguinmail/images/logo.png HTTP/1.1" 200 6608 "http://www.straman.de/unternehmen/impressum.html" "Mozilla/4.0 (compatible; MSIE 8.0; Windows NT 5.1; Trident/4.0; (1und1/1.1.0.22); Mozilla/4.0 (compatible; MSIE 6.0; Windows NT 5.1; SV1) ; .NET CLR 2.0.50727; .NET CLR 3.0.04506.30; .NET CLR 3.0.4506.2152; .NET CLR 3.5.30729)"
91.21.134.50 - - [01/Apr/2013:13:14:08 +0200] "GET /templates/gk_penguinmail/images/toolsFont.png HTTP/1.1" 200 467 "http://www.straman.de/unternehmen/impressum.html" "Mozilla/4.0 (compatible; MSIE 8.0; Windows NT 5.1; Trident/4.0; (1und1/1.1.0.22); Mozilla/4.0 (compatible; MSIE 6.0; Windows NT 5.1; SV1) ; .NET CLR 2.0.50727; .NET CLR 3.0.04506.30; .NET CLR 3.0.4506.2152; .NET CLR 3.5.30729)"
91.21.134.50 - - [01/Apr/2013:13:14:08 +0200] "GET /images/header3.png HTTP/1.1" 200 29760 "http://www.straman.de/unternehmen/impressum.html" "Mozilla/4.0 (compatible; MSIE 8.0; Windows NT 5.1; Trident/4.0; (1und1/1.1.0.22); Mozilla/4.0 (compatible; MSIE 6.0; Windows NT 5.1; SV1) ; .NET CLR 2.0.50727; .NET CLR 3.0.04506.30; .NET CLR 3.0.4506.2152; .NET CLR 3.5.30729)"
91.21.134.50 - - [01/Apr/2013:13:14:08 +0200] "GET /templates/gk_penguinmail/images/menu_sprite.png HTTP/1.1" 404 2467 "http://www.straman.de/unternehmen/impressum.html" "Mozilla/4.0 (compatible; MSIE 8.0; Windows NT 5.1; Trident/4.0; (1und1/1.1.0.22); Mozilla/4.0 (compatible; MSIE 6.0; Windows NT 5.1; SV1) ; .NET CLR 2.0.50727; .NET CLR 3.0.04506.30; .NET CLR 3.0.4506.2152; .NET CLR 3.5.30729)"
91.21.134.50 - - [01/Apr/2013:13:14:08 +0200] "GET /templates/gk_penguinmail/favicon.ico HTTP/1.1" 200 5686 "-" "Mozilla/4.0 (compatible; MSIE 8.0; Windows NT 5.1; Trident/4.0; (1und1/1.1.0.22); Mozilla/4.0 (compatible; MSIE 6.0; Windows NT 5.1; SV1) ; .NET CLR 2.0.50727; .NET CLR 3.0.04506.30; .NET CLR 3.0.4506.2152; .NET CLR 3.5.30729)"
91.21.134.50 - - [01/Apr/2013:13:14:41 +0200] "GET /undefined/ HTTP/1.1" 404 2467 "http://www.straman.de/unternehmen/impressum.html" "Mozilla/4.0 (compatible; MSIE 8.0; Windows NT 5.1; Trident/4.0; (1und1/1.1.0.22); Mozilla/4.0 (compatible; MSIE 6.0; Windows NT 5.1; SV1) ; .NET CLR 2.0.50727; .NET CLR 3.0.04506.30; .NET CLR 3.0.4506.2152; .NET CLR 3.5.30729)"
91.21.134.50 - - [01/Apr/2013:13:14:42 +0200] "GET /templates/gk_penguinmail/css/system/error.css HTTP/1.1" 200 2291 "http://www.straman.de/undefined/" "Mozilla/4.0 (compatible; MSIE 8.0; Windows NT 5.1; Trident/4.0; (1und1/1.1.0.22); Mozilla/4.0 (compatible; MSIE 6.0; Windows NT 5.1; SV1) ; .NET CLR 2.0.50727; .NET CLR 3.0.04506.30; .NET CLR 3.0.4506.2152; .NET CLR 3.5.30729)"
91.21.134.50 - - [01/Apr/2013:13:14:42 +0200] "GET /templates/gk_penguinmail/images/logo2.png HTTP/1.1" 200 3054 "http://www.straman.de/undefined/" "Mozilla/4.0 (compatible; MSIE 8.0; Windows NT 5.1; Trident/4.0; (1und1/1.1.0.22); Mozilla/4.0 (compatible; MSIE 6.0; Windows NT 5.1; SV1) ; .NET CLR 2.0.50727; .NET CLR 3.0.04506.30; .NET CLR 3.0.4506.2152; .NET CLR 3.5.30729)"
91.21.134.50 - - [01/Apr/2013:13:14:44 +0200] "GET /templates/gk_penguinmail/images/menu_sprite.png HTTP/1.1" 404 2467 "http://www.straman.de/unternehmen/impressum.html" "Mozilla/4.0 (compatible; MSIE 8.0; Windows NT 5.1; Trident/4.0; (1und1/1.1.0.22); Mozilla/4.0 (compatible; MSIE 6.0; Windows NT 5.1; SV1) ; .NET CLR 2.0.50727; .NET CLR 3.0.04506.30; .NET CLR 3.0.4506.2152; .NET CLR 3.5.30729)"
141.8.147.12 - - [01/Apr/2013:13:41:55 +0200] "GET /robots.txt HTTP/1.1" 200 304 "-" "Mozilla/5.0 (compatible; YandexBot/3.0; +http://yandex.com/bots)"
141.8.147.12 - - [01/Apr/2013:13:41:58 +0200] "GET /component/mailto/?tmpl=component&link=ee82906b3774dfb3a06775e2271bd65e13367f06 HTTP/1.1" 200 2687 "-" "Mozilla/5.0 (compatible; YandexBot/3.0; +http://yandex.com/bots)"
195.20.220.213 - - [01/Apr/2013:13:59:00 +0200] "GET /templates/gk_penguinmail/css/layout.css HTTP/1.1" 304 - "-" "Mozilla/4.0 (compatible;)"
199.30.20.6 - - [01/Apr/2013:14:14:50 +0200] "GET /robots.txt HTTP/1.1" 200 304 "-" "msnbot-media/1.1 (+http://search.msn.com/msnbot.htm)"
195.20.220.213 - - [01/Apr/2013:14:24:13 +0200] "GET /templates/gk_penguinmail/css/addons.css HTTP/1.1" 304 - "-" "Mozilla/4.0 (compatible;)"
208.115.111.71 - - [01/Apr/2013:15:16:43 +0200] "GET /robots.txt HTTP/1.1" 200 304 "-" "Mozilla/5.0 (compatible; Ezooms/1.0; ezooms.bot@gmail.com)"
94.220.169.104 - - [01/Apr/2013:16:06:36 +0200] "GET / HTTP/1.1" 200 13416 "http://www.google.de/search?source=ig&rlz=1G1ASUT_DEDE504&q=stramann&oq=stramann&gs_l=igoogle.1.0.0j0i10l3j0l3j0i10j0.3999.30557.0.35974.8.8.0.0.0.0.1235.2025.4j3j7-1.8.0...0.0...1ac.1.HVJysQA5PDI" "Mozilla/5.0 (Windows NT 6.1; WOW64) AppleWebKit/537.22 (KHTML, like Gecko) Chrome/25.0.1364.172 Safari/537.22"
94.220.169.104 - - [01/Apr/2013:16:06:36 +0200] "GET /templates/system/css/system.css HTTP/1.1" 200 1385 "http://www.straman.de/" "Mozilla/5.0 (Windows NT 6.1; WOW64) AppleWebKit/537.22 (KHTML, like Gecko) Chrome/25.0.1364.172 Safari/537.22"
94.220.169.104 - - [01/Apr/2013:16:06:36 +0200] "GET /templates/system/css/general.css HTTP/1.1" 200 2777 "http://www.straman.de/" "Mozilla/5.0 (Windows NT 6.1; WOW64) AppleWebKit/537.22 (KHTML, like Gecko) Chrome/25.0.1364.172 Safari/537.22"
94.220.169.104 - - [01/Apr/2013:16:06:36 +0200] "GET /templates/gk_penguinmail/css/addons.css HTTP/1.1" 200 2644 "http://www.straman.de/" "Mozilla/5.0 (Windows NT 6.1; WOW64) AppleWebKit/537.22 (KHTML, like Gecko) Chrome/25.0.1364.172 Safari/537.22"
94.220.169.104 - - [01/Apr/2013:16:06:36 +0200] "GET /templates/gk_penguinmail/css/layout.css HTTP/1.1" 200 1684 "http://www.straman.de/" "Mozilla/5.0 (Windows NT 6.1; WOW64) AppleWebKit/537.22 (KHTML, like Gecko) Chrome/25.0.1364.172 Safari/537.22"
94.220.169.104 - - [01/Apr/2013:16:06:36 +0200] "GET /templates/gk_penguinmail/css/joomla.css HTTP/1.1" 200 14242 "http://www.straman.de/" "Mozilla/5.0 (Windows NT 6.1; WOW64) AppleWebKit/537.22 (KHTML, like Gecko) Chrome/25.0.1364.172 Safari/537.22"
94.220.169.104 - - [01/Apr/2013:16:06:36 +0200] "GET /templates/gk_penguinmail/css/template.css HTTP/1.1" 200 8935 "http://www.straman.de/" "Mozilla/5.0 (Windows NT 6.1; WOW64) AppleWebKit/537.22 (KHTML, like Gecko) Chrome/25.0.1364.172 Safari/537.22"
94.220.169.104 - - [01/Apr/2013:16:06:36 +0200] "GET /templates/gk_penguinmail/css/gk_stuff.css HTTP/1.1" 200 12799 "http://www.straman.de/" "Mozilla/5.0 (Windows NT 6.1; WOW64) AppleWebKit/537.22 (KHTML, like Gecko) Chrome/25.0.1364.172 Safari/537.22"
94.220.169.104 - - [01/Apr/2013:16:06:36 +0200] "GET /templates/gk_penguinmail/css/typo.css HTTP/1.1" 200 15356 "http://www.straman.de/" "Mozilla/5.0 (Windows NT 6.1; WOW64) AppleWebKit/537.22 (KHTML, like Gecko) Chrome/25.0.1364.172 Safari/537.22"
94.220.169.104 - - [01/Apr/2013:16:06:36 +0200] "GET /templates/gk_penguinmail/css/css3_style3.css HTTP/1.1" 200 2876 "http://www.straman.de/" "Mozilla/5.0 (Windows NT 6.1; WOW64) AppleWebKit/537.22 (KHTML, like Gecko) Chrome/25.0.1364.172 Safari/537.22"
94.220.169.104 - - [01/Apr/2013:16:06:36 +0200] "GET /templates/gk_penguinmail/css/style3.css HTTP/1.1" 200 13892 "http://www.straman.de/" "Mozilla/5.0 (Windows NT 6.1; WOW64) AppleWebKit/537.22 (KHTML, like Gecko) Chrome/25.0.1364.172 Safari/537.22"
94.220.169.104 - - [01/Apr/2013:16:06:36 +0200] "GET /templates/gk_penguinmail/css/override.css HTTP/1.1" 200 3594 "http://www.straman.de/" "Mozilla/5.0 (Windows NT 6.1; WOW64) AppleWebKit/537.22 (KHTML, like Gecko) Chrome/25.0.1364.172 Safari/537.22"
94.220.169.104 - - [01/Apr/2013:16:06:36 +0200] "GET /templates/gk_penguinmail/js/domready_fix.js HTTP/1.1" 200 1340 "http://www.straman.de/" "Mozilla/5.0 (Windows NT 6.1; WOW64) AppleWebKit/537.22 (KHTML, like Gecko) Chrome/25.0.1364.172 Safari/537.22"
94.220.169.104 - - [01/Apr/2013:16:06:36 +0200] "GET /media/system/js/caption.js HTTP/1.1" 200 1963 "http://www.straman.de/" "Mozilla/5.0 (Windows NT 6.1; WOW64) AppleWebKit/537.22 (KHTML, like Gecko) Chrome/25.0.1364.172 Safari/537.22"
94.220.169.104 - - [01/Apr/2013:16:06:36 +0200] "GET /templates/gk_penguinmail/fonts/PT-Seans/stylesheet.css HTTP/1.1" 200 2445 "http://www.straman.de/" "Mozilla/5.0 (Windows NT 6.1; WOW64) AppleWebKit/537.22 (KHTML, like Gecko) Chrome/25.0.1364.172 Safari/537.22"
94.220.169.104 - - [01/Apr/2013:16:06:37 +0200] "GET /templates/gk_penguinmail/css/menu/mega.css HTTP/1.1" 200 4575 "http://www.straman.de/" "Mozilla/5.0 (Windows NT 6.1; WOW64) AppleWebKit/537.22 (KHTML, like Gecko) Chrome/25.0.1364.172 Safari/537.22"
94.220.169.104 - - [01/Apr/2013:16:06:37 +0200] "GET /templates/gk_penguinmail/js/gk.script.js HTTP/1.1" 200 4585 "http://www.straman.de/" "Mozilla/5.0 (Windows NT 6.1; WOW64) AppleWebKit/537.22 (KHTML, like Gecko) Chrome/25.0.1364.172 Safari/537.22"
94.220.169.104 - - [01/Apr/2013:16:06:37 +0200] "GET /templates/gk_penguinmail/js/menu/mega.js HTTP/1.1" 200 12974 "http://www.straman.de/" "Mozilla/5.0 (Windows NT 6.1; WOW64) AppleWebKit/537.22 (KHTML, like Gecko) Chrome/25.0.1364.172 Safari/537.22"
94.220.169.104 - - [01/Apr/2013:16:06:36 +0200] "GET /media/system/js/mootools.js HTTP/1.1" 200 74434 "http://www.straman.de/" "Mozilla/5.0 (Windows NT 6.1; WOW64) AppleWebKit/537.22 (KHTML, like Gecko) Chrome/25.0.1364.172 Safari/537.22"
94.220.169.104 - - [01/Apr/2013:16:06:37 +0200] "GET /templates/gk_penguinmail/images/style3/glow.jpg HTTP/1.1" 200 18301 "http://www.straman.de/" "Mozilla/5.0 (Windows NT 6.1; WOW64) AppleWebKit/537.22 (KHTML, like Gecko) Chrome/25.0.1364.172 Safari/537.22"
94.220.169.104 - - [01/Apr/2013:16:06:37 +0200] "GET /templates/gk_penguinmail/images/style3/menu_sprite.png HTTP/1.1" 200 450 "http://www.straman.de/" "Mozilla/5.0 (Windows NT 6.1; WOW64) AppleWebKit/537.22 (KHTML, like Gecko) Chrome/25.0.1364.172 Safari/537.22"
94.220.169.104 - - [01/Apr/2013:16:06:37 +0200] "GET /images/galabau_002.jpg HTTP/1.1" 200 42117 "http://www.straman.de/" "Mozilla/5.0 (Windows NT 6.1; WOW64) AppleWebKit/537.22 (KHTML, like Gecko) Chrome/25.0.1364.172 Safari/537.22"
94.220.169.104 - - [01/Apr/2013:16:06:37 +0200] "GET /templates/gk_penguinmail/images/menu_sprite.png HTTP/1.1" 404 2467 "http://www.straman.de/" "Mozilla/5.0 (Windows NT 6.1; WOW64) AppleWebKit/537.22 (KHTML, like Gecko) Chrome/25.0.1364.172 Safari/537.22"
94.220.169.104 - - [01/Apr/2013:16:06:37 +0200] "GET /images/gmm2.jpg HTTP/1.1" 200 47432 "http://www.straman.de/" "Mozilla/5.0 (Windows NT 6.1; WOW64) AppleWebKit/537.22 (KHTML, like Gecko) Chrome/25.0.1364.172 Safari/537.22"
94.220.169.104 - - [01/Apr/2013:16:06:37 +0200] "GET /templates/gk_penguinmail/images/logo.png HTTP/1.1" 200 6608 "http://www.straman.de/" "Mozilla/5.0 (Windows NT 6.1; WOW64) AppleWebKit/537.22 (KHTML, like Gecko) Chrome/25.0.1364.172 Safari/537.22"
94.220.169.104 - - [01/Apr/2013:16:06:37 +0200] "GET /images/winterdienst_005.jpg HTTP/1.1" 200 48793 "http://www.straman.de/" "Mozilla/5.0 (Windows NT 6.1; WOW64) AppleWebKit/537.22 (KHTML, like Gecko) Chrome/25.0.1364.172 Safari/537.22"
94.220.169.104 - - [01/Apr/2013:16:06:37 +0200] "GET /images/header_neu.png HTTP/1.1" 200 340608 "http://www.straman.de/" "Mozilla/5.0 (Windows NT 6.1; WOW64) AppleWebKit/537.22 (KHTML, like Gecko) Chrome/25.0.1364.172 Safari/537.22"
94.220.169.104 - - [01/Apr/2013:16:06:38 +0200] "GET /templates/gk_penguinmail/favicon.ico HTTP/1.1" 200 5686 "-" "Mozilla/5.0 (Windows NT 6.1; WOW64) AppleWebKit/537.22 (KHTML, like Gecko) Chrome/25.0.1364.172 Safari/537.22"
195.20.220.213 - - [01/Apr/2013:16:40:26 +0200] "GET /templates/system/css/system.css HTTP/1.1" 304 - "-" "Mozilla/4.0 (compatible;)"
93.219.128.118 - - [01/Apr/2013:17:16:22 +0200] "GET / HTTP/1.1" 200 13415 "-" "Mozilla/5.0 (Windows; U; Windows NT 6.0; de; rv:1.9.2.3) Gecko/20100401 Firefox/3.6.3 ( .NET CLR 3.5.30729)"
208.115.111.71 - - [01/Apr/2013:17:17:31 +0200] "GET /index.php?option=com_user&view=login HTTP/1.1" 200 17537 "-" "Mozilla/5.0 (compatible; Ezooms/1.0; ezooms.bot@gmail.com)"
188.106.188.245 - - [01/Apr/2013:17:58:23 +0200] "GET / HTTP/1.1" 200 13415 "http://www.besch-rent.de/seiten/start_new.cfm" "Mozilla/5.0 (Windows NT 5.1; rv:19.0) Gecko/20100101 Firefox/19.0"
188.106.188.245 - - [01/Apr/2013:17:58:24 +0200] "GET /templates/system/css/system.css HTTP/1.1" 200 1385 "http://www.straman.de/" "Mozilla/5.0 (Windows NT 5.1; rv:19.0) Gecko/20100101 Firefox/19.0"
188.106.188.245 - - [01/Apr/2013:17:58:24 +0200] "GET /templates/system/css/general.css HTTP/1.1" 200 2777 "http://www.straman.de/" "Mozilla/5.0 (Windows NT 5.1; rv:19.0) Gecko/20100101 Firefox/19.0"
188.106.188.245 - - [01/Apr/2013:17:58:24 +0200] "GET /templates/gk_penguinmail/css/addons.css HTTP/1.1" 200 2644 "http://www.straman.de/" "Mozilla/5.0 (Windows NT 5.1; rv:19.0) Gecko/20100101 Firefox/19.0"
188.106.188.245 - - [01/Apr/2013:17:58:24 +0200] "GET /templates/gk_penguinmail/css/layout.css HTTP/1.1" 200 1684 "http://www.straman.de/" "Mozilla/5.0 (Windows NT 5.1; rv:19.0) Gecko/20100101 Firefox/19.0"
188.106.188.245 - - [01/Apr/2013:17:58:24 +0200] "GET /templates/gk_penguinmail/css/template.css HTTP/1.1" 200 8935 "http://www.straman.de/" "Mozilla/5.0 (Windows NT 5.1; rv:19.0) Gecko/20100101 Firefox/19.0"
188.106.188.245 - - [01/Apr/2013:17:58:24 +0200] "GET /templates/gk_penguinmail/css/joomla.css HTTP/1.1" 200 14242 "http://www.straman.de/" "Mozilla/5.0 (Windows NT 5.1; rv:19.0) Gecko/20100101 Firefox/19.0"
188.106.188.245 - - [01/Apr/2013:17:58:24 +0200] "GET /templates/gk_penguinmail/css/gk_stuff.css HTTP/1.1" 200 12799 "http://www.straman.de/" "Mozilla/5.0 (Windows NT 5.1; rv:19.0) Gecko/20100101 Firefox/19.0"
188.106.188.245 - - [01/Apr/2013:17:58:24 +0200] "GET /templates/gk_penguinmail/css/typo.css HTTP/1.1" 200 15356 "http://www.straman.de/" "Mozilla/5.0 (Windows NT 5.1; rv:19.0) Gecko/20100101 Firefox/19.0"
188.106.188.245 - - [01/Apr/2013:17:58:24 +0200] "GET /templates/gk_penguinmail/css/css3_style3.css HTTP/1.1" 200 2876 "http://www.straman.de/" "Mozilla/5.0 (Windows NT 5.1; rv:19.0) Gecko/20100101 Firefox/19.0"
188.106.188.245 - - [01/Apr/2013:17:58:24 +0200] "GET /templates/gk_penguinmail/css/style3.css HTTP/1.1" 200 13892 "http://www.straman.de/" "Mozilla/5.0 (Windows NT 5.1; rv:19.0) Gecko/20100101 Firefox/19.0"
188.106.188.245 - - [01/Apr/2013:17:58:24 +0200] "GET /templates/gk_penguinmail/css/override.css HTTP/1.1" 200 3594 "http://www.straman.de/" "Mozilla/5.0 (Windows NT 5.1; rv:19.0) Gecko/20100101 Firefox/19.0"
188.106.188.245 - - [01/Apr/2013:17:58:24 +0200] "GET /media/system/js/mootools.js HTTP/1.1" 200 74434 "http://www.straman.de/" "Mozilla/5.0 (Windows NT 5.1; rv:19.0) Gecko/20100101 Firefox/19.0"
188.106.188.245 - - [01/Apr/2013:17:58:24 +0200] "GET /templates/gk_penguinmail/js/domready_fix.js HTTP/1.1" 200 1340 "http://www.straman.de/" "Mozilla/5.0 (Windows NT 5.1; rv:19.0) Gecko/20100101 Firefox/19.0"
188.106.188.245 - - [01/Apr/2013:17:58:24 +0200] "GET /media/system/js/caption.js HTTP/1.1" 200 1963 "http://www.straman.de/" "Mozilla/5.0 (Windows NT 5.1; rv:19.0) Gecko/20100101 Firefox/19.0"
188.106.188.245 - - [01/Apr/2013:17:58:24 +0200] "GET /templates/gk_penguinmail/js/gk.script.js HTTP/1.1" 200 4585 "http://www.straman.de/" "Mozilla/5.0 (Windows NT 5.1; rv:19.0) Gecko/20100101 Firefox/19.0"
188.106.188.245 - - [01/Apr/2013:17:58:24 +0200] "GET /templates/gk_penguinmail/css/menu/mega.css HTTP/1.1" 200 4575 "http://www.straman.de/" "Mozilla/5.0 (Windows NT 5.1; rv:19.0) Gecko/20100101 Firefox/19.0"
188.106.188.245 - - [01/Apr/2013:17:58:24 +0200] "GET /templates/gk_penguinmail/js/menu/mega.js HTTP/1.1" 200 12974 "http://www.straman.de/" "Mozilla/5.0 (Windows NT 5.1; rv:19.0) Gecko/20100101 Firefox/19.0"
188.106.188.245 - - [01/Apr/2013:17:58:24 +0200] "GET /templates/gk_penguinmail/fonts/PT-Seans/stylesheet.css HTTP/1.1" 200 2445 "http://www.straman.de/" "Mozilla/5.0 (Windows NT 5.1; rv:19.0) Gecko/20100101 Firefox/19.0"
188.106.188.245 - - [01/Apr/2013:17:58:24 +0200] "GET /images/gmm2.jpg HTTP/1.1" 200 47432 "http://www.straman.de/" "Mozilla/5.0 (Windows NT 5.1; rv:19.0) Gecko/20100101 Firefox/19.0"
188.106.188.245 - - [01/Apr/2013:17:58:24 +0200] "GET /templates/gk_penguinmail/favicon.ico HTTP/1.1" 200 5686 "-" "Mozilla/5.0 (Windows NT 5.1; rv:19.0) Gecko/20100101 Firefox/19.0"
188.106.188.245 - - [01/Apr/2013:17:58:24 +0200] "GET /images/galabau_002.jpg HTTP/1.1" 200 42117 "http://www.straman.de/" "Mozilla/5.0 (Windows NT 5.1; rv:19.0) Gecko/20100101 Firefox/19.0"
188.106.188.245 - - [01/Apr/2013:17:58:24 +0200] "GET /images/winterdienst_005.jpg HTTP/1.1" 200 48793 "http://www.straman.de/" "Mozilla/5.0 (Windows NT 5.1; rv:19.0) Gecko/20100101 Firefox/19.0"
188.106.188.245 - - [01/Apr/2013:17:58:24 +0200] "GET /templates/gk_penguinmail/images/style3/glow.jpg HTTP/1.1" 200 18301 "http://www.straman.de/templates/gk_penguinmail/css/style3.css" "Mozilla/5.0 (Windows NT 5.1; rv:19.0) Gecko/20100101 Firefox/19.0"
188.106.188.245 - - [01/Apr/2013:17:58:24 +0200] "GET /templates/gk_penguinmail/images/style3/menu_sprite.png HTTP/1.1" 200 450 "http://www.straman.de/templates/gk_penguinmail/css/override.css" "Mozilla/5.0 (Windows NT 5.1; rv:19.0) Gecko/20100101 Firefox/19.0"
