188.106.188.245 - - [01/Apr/2013:17:58:24 +0200] "GET /images/header_neu.png HTTP/1.1" 200 340608 "http://www.straman.de/" "Mozilla/5.0 (Windows NT 5.1; rv:19.0) Gecko/20100101 Firefox/19.0"
188.106.188.245 - - [01/Apr/2013:17:58:24 +0200] "GET /templates/gk_penguinmail/images/menu_sprite.png HTTP/1.1" 404 2467 "http://www.straman.de/templates/gk_penguinmail/css/override.css" "Mozilla/5.0 (Windows NT 5.1; rv:19.0) Gecko/20100101 Firefox/19.0"
188.106.188.245 - - [01/Apr/2013:17:58:34 +0200] "GET /servicebereiche/strassenreinigung.html HTTP/1.1" 200 18654 "http://www.straman.de/" "Mozilla/5.0 (Windows NT 5.1; rv:19.0) Gecko/20100101 Firefox/19.0"
188.106.188.245 - - [01/Apr/2013:17:58:34 +0200] "GET /templates/gk_penguinmail/css/template_unterseiten.css HTTP/1.1" 200 112 "http://www.straman.de/servicebereiche/strassenreinigung.html" "Mozilla/5.0 (Windows NT 5.1; rv:19.0) Gecko/20100101 Firefox/19.0"
188.106.188.245 - - [01/Apr/2013:17:58:34 +0200] "GET /templates/gk_penguinmail/images/emailButton.png HTTP/1.1" 200 365 "http://www.straman.de/servicebereiche/strassenreinigung.html" "Mozilla/5.0 (Windows NT 5.1; rv:19.0) Gecko/20100101 Firefox/19.0"
188.106.188.245 - - [01/Apr/2013:17:58:34 +0200] "GET /images/header_orange.png HTTP/1.1" 200 36919 "http://www.straman.de/servicebereiche/strassenreinigung.html" "Mozilla/5.0 (Windows NT 5.1; rv:19.0) Gecko/20100101 Firefox/19.0"
188.106.188.245 - - [01/Apr/2013:17:58:34 +0200] "GET /templates/gk_penguinmail/images/printButton.png HTTP/1.1" 200 442 "http://www.straman.de/servicebereiche/strassenreinigung.html" "Mozilla/5.0 (Windows NT 5.1; rv:19.0) Gecko/20100101 Firefox/19.0"
188.106.188.245 - - [01/Apr/2013:17:58:34 +0200] "GET /images/strarein_001.jpg HTTP/1.1" 200 180942 "http://www.straman.de/servicebereiche/strassenreinigung.html" "Mozilla/5.0 (Windows NT 5.1; rv:19.0) Gecko/20100101 Firefox/19.0"
188.106.188.245 - - [01/Apr/2013:17:58:35 +0200] "GET /templates/gk_penguinmail/images/toolsFont.png HTTP/1.1" 200 467 "http://www.straman.de/templates/gk_penguinmail/css/template.css" "Mozilla/5.0 (Windows NT 5.1; rv:19.0) Gecko/20100101 Firefox/19.0"
188.106.188.245 - - [01/Apr/2013:17:58:35 +0200] "GET /templates/gk_penguinmail/images/style3/typography/bullet_squ1_color.png HTTP/1.1" 200 149 "http://www.straman.de/templates/gk_penguinmail/css/style3.css" "Mozilla/5.0 (Windows NT 5.1; rv:19.0) Gecko/20100101 Firefox/19.0"
188.106.188.245 - - [01/Apr/2013:17:58:35 +0200] "GET /templates/gk_penguinmail/images/menu_sprite.png HTTP/1.1" 404 2467 "http://www.straman.de/templates/gk_penguinmail/css/override.css" "Mozilla/5.0 (Windows NT 5.1; rv:19.0) Gecko/20100101 Firefox/19.0"
188.106.188.245 - - [01/Apr/2013:17:58:34 +0200] "GET /images/strarein_002.jpg HTTP/1.1" 200 195679 "http://www.straman.de/servicebereiche/strassenreinigung.html" "Mozilla/5.0 (Windows NT 5.1; rv:19.0) Gecko/20100101 Firefox/19.0"
188.106.188.245 - - [01/Apr/2013:17:58:34 +0200] "GET /images/banner_besch_728x90.jpg HTTP/1.1" 200 634555 "http://www.straman.de/servicebereiche/strassenreinigung.html" "Mozilla/5.0 (Windows NT 5.1; rv:19.0) Gecko/20100101 Firefox/19.0"
188.106.188.245 - - [01/Apr/2013:17:59:44 +0200] "GET /downloadbereich.html HTTP/1.1" 200 15275 "http://www.straman.de/servicebereiche/strassenreinigung.html" "Mozilla/5.0 (Windows NT 5.1; rv:19.0) Gecko/20100101 Firefox/19.0"
188.106.188.245 - - [01/Apr/2013:17:59:44 +0200] "GET /templates/gk_penguinmail/css/template_download.css HTTP/1.1" 200 107 "http://www.straman.de/downloadbereich.html" "Mozilla/5.0 (Windows NT 5.1; rv:19.0) Gecko/20100101 Firefox/19.0"
188.106.188.245 - - [01/Apr/2013:17:59:44 +0200] "GET /images/M_images/pdf_button.png HTTP/1.1" 200 582 "http://www.straman.de/downloadbereich.html" "Mozilla/5.0 (Windows NT 5.1; rv:19.0) Gecko/20100101 Firefox/19.0"
188.106.188.245 - - [01/Apr/2013:17:59:44 +0200] "GET /templates/gk_penguinmail/images/red1.jpg HTTP/1.1" 200 34987 "http://www.straman.de/templates/gk_penguinmail/css/template_download.css" "Mozilla/5.0 (Windows NT 5.1; rv:19.0) Gecko/20100101 Firefox/19.0"
188.106.188.245 - - [01/Apr/2013:17:59:44 +0200] "GET /templates/gk_penguinmail/images/menu_sprite.png HTTP/1.1" 404 2467 "http://www.straman.de/templates/gk_penguinmail/css/override.css" "Mozilla/5.0 (Windows NT 5.1; rv:19.0) Gecko/20100101 Firefox/19.0"
188.106.188.245 - - [01/Apr/2013:17:59:53 +0200] "GET /images/strassenreinigungssatzung%20bernau%202010-12-16.pdf HTTP/1.1" 200 98089 "http://www.straman.de/downloadbereich.html" "Mozilla/5.0 (Windows NT 5.1; rv:19.0) Gecko/20100101 Firefox/19.0"
188.106.188.245 - - [01/Apr/2013:17:59:54 +0200] "GET /favicon.ico HTTP/1.1" 404 2467 "-" "Mozilla/5.0 (Windows NT 5.1; rv:19.0) Gecko/20100101 Firefox/19.0"
188.106.188.245 - - [01/Apr/2013:17:59:54 +0200] "GET /favicon.ico HTTP/1.1" 404 2467 "-" "Mozilla/5.0 (Windows NT 5.1; rv:19.0) Gecko/20100101 Firefox/19.0"
79.194.61.137 - - [01/Apr/2013:18:03:26 +0200] "GET / HTTP/1.1" 200 13415 "http://www.google.de/url?sa=t&rct=j&q=&esrc=s&source=web&cd=1&ved=0CDMQFjAA&url=http%3A%2F%2Fwww.straman.de%2F&ei=YK9ZUeSKDIqC4gSAroGICA&usg=AFQjCNEpeUQQKOp_93iUUo8XSnpqrpjMzA&bvm=bv.44442042,d.bGE" "Mozilla/5.0 (Windows NT 5.1; rv:19.0) Gecko/20100101 Firefox/19.0"
79.194.61.137 - - [01/Apr/2013:18:03:26 +0200] "GET /templates/system/css/system.css HTTP/1.1" 200 1385 "http://www.straman.de/" "Mozilla/5.0 (Windows NT 5.1; rv:19.0) Gecko/20100101 Firefox/19.0"
79.194.61.137 - - [01/Apr/2013:18:03:26 +0200] "GET /templates/system/css/general.css HTTP/1.1" 200 2777 "http://www.straman.de/" "Mozilla/5.0 (Windows NT 5.1; rv:19.0) Gecko/20100101 Firefox/19.0"
79.194.61.137 - - [01/Apr/2013:18:03:26 +0200] "GET /templates/gk_penguinmail/css/addons.css HTTP/1.1" 200 2644 "http://www.straman.de/" "Mozilla/5.0 (Windows NT 5.1; rv:19.0) Gecko/20100101 Firefox/19.0"
79.194.61.137 - - [01/Apr/2013:18:03:26 +0200] "GET /templates/gk_penguinmail/css/layout.css HTTP/1.1" 200 1684 "http://www.straman.de/" "Mozilla/5.0 (Windows NT 5.1; rv:19.0) Gecko/20100101 Firefox/19.0"
79.194.61.137 - - [01/Apr/2013:18:03:26 +0200] "GET /templates/gk_penguinmail/css/template.css HTTP/1.1" 200 8935 "http://www.straman.de/" "Mozilla/5.0 (Windows NT 5.1; rv:19.0) Gecko/20100101 Firefox/19.0"
79.194.61.137 - - [01/Apr/2013:18:03:26 +0200] "GET /templates/gk_penguinmail/css/joomla.css HTTP/1.1" 200 14242 "http://www.straman.de/" "Mozilla/5.0 (Windows NT 5.1; rv:19.0) Gecko/20100101 Firefox/19.0"
79.194.61.137 - - [01/Apr/2013:18:03:26 +0200] "GET /templates/gk_penguinmail/css/gk_stuff.css HTTP/1.1" 200 12799 "http://www.straman.de/" "Mozilla/5.0 (Windows NT 5.1; rv:19.0) Gecko/20100101 Firefox/19.0"
79.194.61.137 - - [01/Apr/2013:18:03:26 +0200] "GET /templates/gk_penguinmail/css/typo.css HTTP/1.1" 200 15356 "http://www.straman.de/" "Mozilla/5.0 (Windows NT 5.1; rv:19.0) Gecko/20100101 Firefox/19.0"
79.194.61.137 - - [01/Apr/2013:18:03:27 +0200] "GET /templates/gk_penguinmail/css/css3_style3.css HTTP/1.1" 200 2876 "http://www.straman.de/" "Mozilla/5.0 (Windows NT 5.1; rv:19.0) Gecko/20100101 Firefox/19.0"
79.194.61.137 - - [01/Apr/2013:18:03:27 +0200] "GET /templates/gk_penguinmail/css/style3.css HTTP/1.1" 200 13892 "http://www.straman.de/" "Mozilla/5.0 (Windows NT 5.1; rv:19.0) Gecko/20100101 Firefox/19.0"
79.194.61.137 - - [01/Apr/2013:18:03:27 +0200] "GET /templates/gk_penguinmail/css/override.css HTTP/1.1" 200 3594 "http://www.straman.de/" "Mozilla/5.0 (Windows NT 5.1; rv:19.0) Gecko/20100101 Firefox/19.0"
79.194.61.137 - - [01/Apr/2013:18:03:27 +0200] "GET /templates/gk_penguinmail/js/domready_fix.js HTTP/1.1" 200 1340 "http://www.straman.de/" "Mozilla/5.0 (Windows NT 5.1; rv:19.0) Gecko/20100101 Firefox/19.0"
79.194.61.137 - - [01/Apr/2013:18:03:27 +0200] "GET /media/system/js/caption.js HTTP/1.1" 200 1963 "http://www.straman.de/" "Mozilla/5.0 (Windows NT 5.1; rv:19.0) Gecko/20100101 Firefox/19.0"
79.194.61.137 - - [01/Apr/2013:18:03:27 +0200] "GET /templates/gk_penguinmail/js/gk.script.js HTTP/1.1" 200 4585 "http://www.straman.de/" "Mozilla/5.0 (Windows NT 5.1; rv:19.0) Gecko/20100101 Firefox/19.0"
79.194.61.137 - - [01/Apr/2013:18:03:27 +0200] "GET /templates/gk_penguinmail/css/menu/mega.css HTTP/1.1" 200 4575 "http://www.straman.de/" "Mozilla/5.0 (Windows NT 5.1; rv:19.0) Gecko/20100101 Firefox/19.0"
79.194.61.137 - - [01/Apr/2013:18:03:27 +0200] "GET /templates/gk_penguinmail/js/menu/mega.js HTTP/1.1" 200 12974 "http://www.straman.de/" "Mozilla/5.0 (Windows NT 5.1; rv:19.0) Gecko/20100101 Firefox/19.0"
79.194.61.137 - - [01/Apr/2013:18:03:27 +0200] "GET /templates/gk_penguinmail/fonts/PT-Seans/stylesheet.css HTTP/1.1" 200 2445 "http://www.straman.de/" "Mozilla/5.0 (Windows NT 5.1; rv:19.0) Gecko/20100101 Firefox/19.0"
79.194.61.137 - - [01/Apr/2013:18:03:27 +0200] "GET /templates/gk_penguinmail/favicon.ico HTTP/1.1" 200 5686 "-" "Mozilla/5.0 (Windows NT 5.1; rv:19.0) Gecko/20100101 Firefox/19.0"
79.194.61.137 - - [01/Apr/2013:18:03:27 +0200] "GET /images/galabau_002.jpg HTTP/1.1" 200 42117 "http://www.straman.de/" "Mozilla/5.0 (Windows NT 5.1; rv:19.0) Gecko/20100101 Firefox/19.0"
79.194.61.137 - - [01/Apr/2013:18:03:27 +0200] "GET /images/gmm2.jpg HTTP/1.1" 200 47432 "http://www.straman.de/" "Mozilla/5.0 (Windows NT 5.1; rv:19.0) Gecko/20100101 Firefox/19.0"
79.194.61.137 - - [01/Apr/2013:18:03:27 +0200] "GET /media/system/js/mootools.js HTTP/1.1" 200 74434 "http://www.straman.de/" "Mozilla/5.0 (Windows NT 5.1; rv:19.0) Gecko/20100101 Firefox/19.0"
79.194.61.137 - - [01/Apr/2013:18:03:27 +0200] "GET /images/winterdienst_005.jpg HTTP/1.1" 200 48793 "http://www.straman.de/" "Mozilla/5.0 (Windows NT 5.1; rv:19.0) Gecko/20100101 Firefox/19.0"
79.194.61.137 - - [01/Apr/2013:18:03:28 +0200] "GET /templates/gk_penguinmail/images/style3/glow.jpg HTTP/1.1" 200 18301 "http://www.straman.de/templates/gk_penguinmail/css/style3.css" "Mozilla/5.0 (Windows NT 5.1; rv:19.0) Gecko/20100101 Firefox/19.0"
79.194.61.137 - - [01/Apr/2013:18:03:28 +0200] "GET /templates/gk_penguinmail/images/style3/menu_sprite.png HTTP/1.1" 200 450 "http://www.straman.de/templates/gk_penguinmail/css/override.css" "Mozilla/5.0 (Windows NT 5.1; rv:19.0) Gecko/20100101 Firefox/19.0"
79.194.61.137 - - [01/Apr/2013:18:03:28 +0200] "GET /templates/gk_penguinmail/images/menu_sprite.png HTTP/1.1" 404 2467 "http://www.straman.de/templates/gk_penguinmail/css/override.css" "Mozilla/5.0 (Windows NT 5.1; rv:19.0) Gecko/20100101 Firefox/19.0"
79.194.61.137 - - [01/Apr/2013:18:03:27 +0200] "GET /images/header_neu.png HTTP/1.1" 200 340608 "http://www.straman.de/" "Mozilla/5.0 (Windows NT 5.1; rv:19.0) Gecko/20100101 Firefox/19.0"
79.194.61.137 - - [01/Apr/2013:18:03:41 +0200] "GET /kontakt.html HTTP/1.1" 200 16405 "http://www.straman.de/" "Mozilla/5.0 (Windows NT 5.1; rv:19.0) Gecko/20100101 Firefox/19.0"
79.194.61.137 - - [01/Apr/2013:18:03:41 +0200] "GET /templates/gk_penguinmail/css/template_unterseiten.css HTTP/1.1" 200 112 "http://www.straman.de/kontakt.html" "Mozilla/5.0 (Windows NT 5.1; rv:19.0) Gecko/20100101 Firefox/19.0"
79.194.61.137 - - [01/Apr/2013:18:03:41 +0200] "GET /images/header3.png HTTP/1.1" 200 29760 "http://www.straman.de/kontakt.html" "Mozilla/5.0 (Windows NT 5.1; rv:19.0) Gecko/20100101 Firefox/19.0"
79.194.61.137 - - [01/Apr/2013:18:03:41 +0200] "GET /templates/gk_penguinmail/images/toolsFont.png HTTP/1.1" 200 467 "http://www.straman.de/templates/gk_penguinmail/css/template.css" "Mozilla/5.0 (Windows NT 5.1; rv:19.0) Gecko/20100101 Firefox/19.0"
79.194.61.137 - - [01/Apr/2013:18:03:41 +0200] "GET /templates/gk_penguinmail/images/button.png HTTP/1.1" 200 87 "http://www.straman.de/templates/gk_penguinmail/css/joomla.css" "Mozilla/5.0 (Windows NT 5.1; rv:19.0) Gecko/20100101 Firefox/19.0"
79.194.61.137 - - [01/Apr/2013:18:03:41 +0200] "GET /templates/gk_penguinmail/images/menu_sprite.png HTTP/1.1" 404 2467 "http://www.straman.de/templates/gk_penguinmail/css/override.css" "Mozilla/5.0 (Windows NT 5.1; rv:19.0) Gecko/20100101 Firefox/19.0"
79.194.61.137 - - [01/Apr/2013:18:03:46 +0200] "GET /unternehmen/impressum.html HTTP/1.1" 200 20315 "http://www.straman.de/kontakt.html" "Mozilla/5.0 (Windows NT 5.1; rv:19.0) Gecko/20100101 Firefox/19.0"
79.194.61.137 - - [01/Apr/2013:18:03:47 +0200] "GET /templates/gk_penguinmail/images/emailButton.png HTTP/1.1" 200 365 "http://www.straman.de/unternehmen/impressum.html" "Mozilla/5.0 (Windows NT 5.1; rv:19.0) Gecko/20100101 Firefox/19.0"
79.194.61.137 - - [01/Apr/2013:18:03:47 +0200] "GET /templates/gk_penguinmail/images/printButton.png HTTP/1.1" 200 442 "http://www.straman.de/unternehmen/impressum.html" "Mozilla/5.0 (Windows NT 5.1; rv:19.0) Gecko/20100101 Firefox/19.0"
79.194.61.137 - - [01/Apr/2013:18:03:47 +0200] "GET /templates/gk_penguinmail/images/menu_sprite.png HTTP/1.1" 404 2467 "http://www.straman.de/templates/gk_penguinmail/css/override.css" "Mozilla/5.0 (Windows NT 5.1; rv:19.0) Gecko/20100101 Firefox/19.0"
79.194.61.137 - - [01/Apr/2013:18:03:59 +0200] "GET / HTTP/1.1" 200 13415 "http://www.straman.de/unternehmen/impressum.html" "Mozilla/5.0 (Windows NT 5.1; rv:19.0) Gecko/20100101 Firefox/19.0"
79.194.61.137 - - [01/Apr/2013:18:03:59 +0200] "GET /templates/gk_penguinmail/images/menu_sprite.png HTTP/1.1" 404 2467 "http://www.straman.de/templates/gk_penguinmail/css/override.css" "Mozilla/5.0 (Windows NT 5.1; rv:19.0) Gecko/20100101 Firefox/19.0"
93.219.128.118 - - [01/Apr/2013:18:39:45 +0200] "GET /servicebereiche/winterdienst.html HTTP/1.1" 200 27451 "-" "Mozilla/5.0 (Windows; U; Windows NT 6.0; de; rv:1.9.2.3) Gecko/20100401 Firefox/3.6.3 ( .NET CLR 3.5.30729)"
93.219.128.118 - - [01/Apr/2013:18:46:08 +0200] "GET /unternehmen/partner.html HTTP/1.1" 200 16526 "-" "Mozilla/5.0 (Windows; U; Windows NT 6.0; de; rv:1.9.2.3) Gecko/20100401 Firefox/3.6.3 ( .NET CLR 3.5.30729)"
130.83.167.153 - - [01/Apr/2013:18:47:20 +0200] "GET /servicebereiche/winterdienst/58.html HTTP/1.1" 200 18666 "-" "findlinks/2.6 (+http://wortschatz.uni-leipzig.de/findlinks/)"
130.83.167.153 - - [01/Apr/2013:18:47:20 +0200] "GET /servicebereiche/winterdienst/58.html HTTP/1.1" 200 18666 "-" "findlinks/2.6 (+http://wortschatz.uni-leipzig.de/findlinks/)"
93.219.128.118 - - [01/Apr/2013:18:55:25 +0200] "GET /unternehmen/impressum.html HTTP/1.1" 200 20315 "-" "Mozilla/5.0 (Windows; U; Windows NT 6.0; de; rv:1.9.2.3) Gecko/20100401 Firefox/3.6.3 ( .NET CLR 3.5.30729)"
93.219.128.118 - - [01/Apr/2013:19:05:42 +0200] "GET /servicebereiche/strassenreinigung.html HTTP/1.1" 200 18654 "-" "Mozilla/5.0 (Windows; U; Windows NT 6.0; de; rv:1.9.2.3) Gecko/20100401 Firefox/3.6.3 ( .NET CLR 3.5.30729)"
93.219.128.118 - - [01/Apr/2013:19:08:14 +0200] "GET /index.php?option=com_forme&fid=2&Itemid=65 HTTP/1.1" 200 18994 "-" "Mozilla/5.0 (Windows; U; Windows NT 6.0; de; rv:1.9.2.3) Gecko/20100401 Firefox/3.6.3 ( .NET CLR 3.5.30729)"
87.189.126.181 - - [01/Apr/2013:19:29:20 +0200] "GET /unternehmen/jobs.html HTTP/1.1" 200 20509 "-" "Mozilla/5.0 /Windows; U; Windows NT 6.1; de; rv:1.9.1.5) Gecko/20091102 Firefox/3.5.5"
178.33.122.74 - - [01/Apr/2013:19:32:49 +0200] "GET /unternehmen/impressum.html HTTP/1.1" 200 20315 "-" "Mozilla/5.0 (X11; Linux i686; rv:6.0) Gecko/20100101 Firefox/6.0"
93.219.128.118 - - [01/Apr/2013:20:08:13 +0200] "GET /kontakt.html HTTP/1.1" 200 16405 "-" "Mozilla/5.0 (Windows; U; Windows NT 6.0; de; rv:1.9.2.3) Gecko/20100401 Firefox/3.6.3 ( .NET CLR 3.5.30729)"
93.219.128.118 - - [01/Apr/2013:20:31:16 +0200] "GET /servicebereiche/infrastr-gebaeudemanagement.html HTTP/1.1" 200 16842 "-" "Mozilla/5.0 (Windows; U; Windows NT 6.0; de; rv:1.9.2.3) Gecko/20100401 Firefox/3.6.3 ( .NET CLR 3.5.30729)"
66.249.78.56 - - [01/Apr/2013:20:35:44 +0200] "GET /robots.txt HTTP/1.1" 200 304 "-" "Mozilla/5.0 (compatible; Googlebot/2.1; +http://www.google.com/bot.html)"
66.249.78.56 - - [01/Apr/2013:20:35:44 +0200] "GET / HTTP/1.1" 200 8915 "-" "Mozilla/5.0 (iPhone; U; CPU iPhone OS 4_1 like Mac OS X; en-us) AppleWebKit/532.9 (KHTML, like Gecko) Version/4.0.5 Mobile/8B117 Safari/6531.22.7 (compatible; Googlebot-Mobile/2.1; +http://www.google.com/bot.html)"
93.219.128.118 - - [01/Apr/2013:20:36:20 +0200] "GET /servicebereiche/gruenanlagenpflege.html HTTP/1.1" 200 23409 "-" "Mozilla/5.0 (Windows; U; Windows NT 6.0; de; rv:1.9.2.3) Gecko/20100401 Firefox/3.6.3 ( .NET CLR 3.5.30729)"
66.249.76.137 - - [01/Apr/2013:20:54:30 +0200] "GET /component/user/register.html HTTP/1.1" 200 7147 "-" "SAMSUNG-SGH-E250/1.0 Profile/MIDP-2.0 Configuration/CLDC-1.1 UP.Browser/6.2.3.3.c.1.101 (GUI) MMP/2.0 (compatible; Googlebot-Mobile/2.1; +http://www.google.com/bot.html)"
93.219.169.195 - - [01/Apr/2013:20:56:46 +0200] "GET /referenzen.html HTTP/1.1" 200 19567 "-" "Mozilla/5.0 (Windows; U; Windows NT 6.0; de; rv:1.9.2.3) Gecko/20100401 Firefox/3.6.3 ( .NET CLR 3.5.30729)"
180.76.5.48 - - [01/Apr/2013:21:18:07 +0200] "GET /robots.txt HTTP/1.1" 200 304 "-" "Mozilla/5.0 (Windows NT 5.1; rv:6.0.2) Gecko/20100101 Firefox/6.0.2"
157.56.92.172 - - [01/Apr/2013:21:19:25 +0200] "GET /robots.txt HTTP/1.1" 200 304 "-" "Mozilla/5.0 (compatible; bingbot/2.0; +http://www.bing.com/bingbot.htm)"
157.56.92.172 - - [01/Apr/2013:21:21:18 +0200] "GET /unternehmen/partner/58.html HTTP/1.1" 200 16896 "-" "Mozilla/5.0 (compatible; bingbot/2.0; +http://www.bing.com/bingbot.htm)"
93.219.169.195 - - [01/Apr/2013:21:26:34 +0200] "GET /index.php HTTP/1.1" 200 13433 "-" "Mozilla/5.0 (Windows; U; Windows NT 6.0; de; rv:1.9.2.3) Gecko/20100401 Firefox/3.6.3 ( .NET CLR 3.5.30729)"
93.219.169.195 - - [01/Apr/2013:21:35:44 +0200] "GET /downloadbereich.html HTTP/1.1" 200 15275 "-" "Mozilla/5.0 (Windows; U; Windows NT 6.0; de; rv:1.9.2.3) Gecko/20100401 Firefox/3.6.3 ( .NET CLR 3.5.30729)"
157.55.34.28 - - [01/Apr/2013:21:42:18 +0200] "GET /news.html HTTP/1.1" 200 21855 "-" "Mozilla/5.0 (compatible; bingbot/2.0; +http://www.bing.com/bingbot.htm)"
157.55.34.28 - - [01/Apr/2013:21:42:18 +0200] "GET /news/60-ihr-komplettdienstleister-rund-um-die-immobilie.html HTTP/1.1" 200 17441 "-" "Mozilla/5.0 (compatible; bingbot/2.0; +http://www.bing.com/bingbot.htm)"
157.56.93.187 - - [01/Apr/2013:21:42:18 +0200] "GET / HTTP/1.1" 200 13419 "-" "Mozilla/5.0 (compatible; bingbot/2.0; +http://www.bing.com/bingbot.htm)"
157.56.93.187 - - [01/Apr/2013:21:42:18 +0200] "GET /unternehmen/jobs.html HTTP/1.1" 200 20513 "-" "Mozilla/5.0 (compatible; bingbot/2.0; +http://www.bing.com/bingbot.htm)"
157.56.93.187 - - [01/Apr/2013:21:42:20 +0200] "GET /component/mailto/?tmpl=component&link=726895e5e7d17b7be67ff4e091e9066ade89a69f HTTP/1.1" 200 2687 "-" "Mozilla/5.0 (compatible; bingbot/2.0; +http://www.bing.com/bingbot.htm)"
157.56.93.187 - - [01/Apr/2013:21:42:20 +0200] "GET /news/62-alles-neu-macht-der-mai.html HTTP/1.1" 200 17177 "-" "Mozilla/5.0 (compatible; bingbot/2.0; +http://www.bing.com/bingbot.htm)"
157.56.93.187 - - [01/Apr/2013:21:42:21 +0200] "GET /unternehmen/impressum.html?tmpl=component&print=1&page= HTTP/1.1" 200 6796 "-" "Mozilla/5.0 (compatible; bingbot/2.0; +http://www.bing.com/bingbot.htm)"
157.56.93.37 - - [01/Apr/2013:21:42:22 +0200] "GET /servicebereiche/infrastr-gebaeudemanagement.html HTTP/1.1" 200 16846 "-" "Mozilla/5.0 (compatible; bingbot/2.0; +http://www.bing.com/bingbot.htm)"
157.56.93.37 - - [01/Apr/2013:21:42:22 +0200] "GET /referenzen.html HTTP/1.1" 200 19571 "-" "Mozilla/5.0 (compatible; bingbot/2.0; +http://www.bing.com/bingbot.htm)"
157.56.93.215 - - [01/Apr/2013:21:42:22 +0200] "GET /kontakt.html HTTP/1.1" 200 16409 "-" "Mozilla/5.0 (compatible; bingbot/2.0; +http://www.bing.com/bingbot.htm)"
157.56.93.215 - - [01/Apr/2013:21:42:22 +0200] "GET /unternehmen/standorte.html HTTP/1.1" 200 17353 "-" "Mozilla/5.0 (compatible; bingbot/2.0; +http://www.bing.com/bingbot.htm)"
157.56.93.37 - - [01/Apr/2013:21:42:26 +0200] "GET /news/61-wir-begruessen-sie-auf-den-seiten-von-straman-ihren-komplettdienstleister-rund-um-die-immobilie.html HTTP/1.1" 200 20842 "-" "Mozilla/5.0 (compatible; bingbot/2.0; +http://www.bing.com/bingbot.htm)"
157.56.93.37 - - [01/Apr/2013:21:42:26 +0200] "GET /unternehmen/impressum/58.html HTTP/1.1" 200 16882 "-" "Mozilla/5.0 (compatible; bingbot/2.0; +http://www.bing.com/bingbot.htm)"
157.55.34.28 - - [01/Apr/2013:21:42:26 +0200] "GET /servicebereiche/winterdienst.html?tmpl=component&print=1&page= HTTP/1.1" 200 12156 "-" "Mozilla/5.0 (compatible; bingbot/2.0; +http://www.bing.com/bingbot.htm)"
157.56.93.37 - - [01/Apr/2013:21:42:27 +0200] "GET /unternehmen/historie/58.html HTTP/1.1" 200 17257 "-" "Mozilla/5.0 (compatible; bingbot/2.0; +http://www.bing.com/bingbot.htm)"
157.55.34.28 - - [01/Apr/2013:21:42:27 +0200] "GET /servicebereiche/winterdienst/58.html HTTP/1.1" 200 18666 "-" "Mozilla/5.0 (compatible; bingbot/2.0; +http://www.bing.com/bingbot.htm)"
157.55.34.28 - - [01/Apr/2013:21:42:27 +0200] "GET /unternehmen/jobs/58.html HTTP/1.1" 200 16857 "-" "Mozilla/5.0 (compatible; bingbot/2.0; +http://www.bing.com/bingbot.htm)"
65.55.52.118 - - [01/Apr/2013:21:42:48 +0200] "GET /index.php?option=com_user&view=login HTTP/1.1" 200 17537 "-" "Mozilla/5.0 (compatible; bingbot/2.0; +http://www.bing.com/bingbot.htm)"
157.56.92.172 - - [01/Apr/2013:21:42:49 +0200] "GET /index.php HTTP/1.1" 200 13437 "-" "Mozilla/5.0 (compatible; bingbot/2.0; +http://www.bing.com/bingbot.htm)"
157.56.92.172 - - [01/Apr/2013:21:42:49 +0200] "GET /servicebereiche/gebaeudemanagement.html HTTP/1.1" 200 16633 "-" "Mozilla/5.0 (compatible; bingbot/2.0; +http://www.bing.com/bingbot.htm)"
157.56.92.172 - - [01/Apr/2013:21:42:50 +0200] "GET /unternehmen/partner/58.html HTTP/1.1" 200 16896 "-" "Mozilla/5.0 (compatible; bingbot/2.0; +http://www.bing.com/bingbot.htm)"
157.56.92.172 - - [01/Apr/2013:21:42:50 +0200] "GET /referenzen/58.html HTTP/1.1" 200 17041 "-" "Mozilla/5.0 (compatible; bingbot/2.0; +http://www.bing.com/bingbot.htm)"
157.55.35.105 - - [01/Apr/2013:21:43:19 +0200] "GET /unternehmen/standorte/58.html HTTP/1.1" 200 16882 "-" "Mozilla/5.0 (compatible; bingbot/2.0; +http://www.bing.com/bingbot.htm)"
157.56.93.209 - - [01/Apr/2013:21:43:19 +0200] "GET /downloadbereich.html HTTP/1.1" 200 15279 "-" "Mozilla/5.0 (compatible; bingbot/2.0; +http://www.bing.com/bingbot.htm)"
157.56.93.209 - - [01/Apr/2013:21:43:19 +0200] "GET /index.php?option=com_forme&fid=2&Itemid=65 HTTP/1.1" 200 18998 "-" "Mozilla/5.0 (compatible; bingbot/2.0; +http://www.bing.com/bingbot.htm)"
157.56.93.209 - - [01/Apr/2013:21:43:22 +0200] "GET /unternehmen/impressum.html HTTP/1.1" 200 20319 "-" "Mozilla/5.0 (compatible; bingbot/2.0; +http://www.bing.com/bingbot.htm)"
157.56.93.209 - - [01/Apr/2013:21:43:22 +0200] "GET /downloadbereich/58.html HTTP/1.1" 200 16672 "-" "Mozilla/5.0 (compatible; bingbot/2.0; +http://www.bing.com/bingbot.htm)"
157.56.93.209 - - [01/Apr/2013:21:43:23 +0200] "GET /servicebereiche/winterdienst/58-sitemap.html?tmpl=component&print=1&page= HTTP/1.1" 200 3361 "-" "Mozilla/5.0 (compatible; bingbot/2.0; +http://www.bing.com/bingbot.htm)"
93.219.169.195 - - [01/Apr/2013:21:59:49 +0200] "GET /index.php?option=com_user&view=login HTTP/1.1" 200 17533 "-" "Mozilla/5.0 (Windows; U; Windows NT 6.0; de; rv:1.9.2.3) Gecko/20100401 Firefox/3.6.3 ( .NET CLR 3.5.30729)"
93.219.169.195 - - [01/Apr/2013:22:08:22 +0200] "GET /unternehmen/standorte.html HTTP/1.1" 200 17349 "-" "Mozilla/5.0 (Windows; U; Windows NT 6.0; de; rv:1.9.2.3) Gecko/20100401 Firefox/3.6.3 ( .NET CLR 3.5.30729)"
93.219.169.195 - - [01/Apr/2013:22:43:26 +0200] "GET /unternehmen/historie.html HTTP/1.1" 200 15853 "-" "Mozilla/5.0 (Windows; U; Windows NT 6.0; de; rv:1.9.2.3) Gecko/20100401 Firefox/3.6.3 ( .NET CLR 3.5.30729)"
93.219.169.195 - - [01/Apr/2013:22:47:13 +0200] "GET /servicebereiche/gebaeudemanagement.html HTTP/1.1" 200 16629 "-" "Mozilla/5.0 (Windows; U; Windows NT 6.0; de; rv:1.9.2.3) Gecko/20100401 Firefox/3.6.3 ( .NET CLR 3.5.30729)"
93.219.169.195 - - [01/Apr/2013:22:50:58 +0200] "GET /component/content/article/58.html HTTP/1.1" 200 15469 "-" "Mozilla/5.0 (Windows; U; Windows NT 6.0; de; rv:1.9.2.3) Gecko/20100401 Firefox/3.6.3 ( .NET CLR 3.5.30729)"
93.219.169.195 - - [01/Apr/2013:23:02:46 +0200] "GET /news.html HTTP/1.1" 200 21851 "-" "Mozilla/5.0 (Windows; U; Windows NT 6.0; de; rv:1.9.2.3) Gecko/20100401 Firefox/3.6.3 ( .NET CLR 3.5.30729)"
93.219.169.195 - - [01/Apr/2013:23:05:34 +0200] "GET /unternehmen/jobs.html HTTP/1.1" 200 20509 "-" "Mozilla/5.0 (Windows; U; Windows NT 6.0; de; rv:1.9.2.3) Gecko/20100401 Firefox/3.6.3 ( .NET CLR 3.5.30729)"
130.83.167.153 - - [01/Apr/2013:23:27:30 +0200] "GET /unternehmen/partner.html HTTP/1.1" 200 16530 "-" "findlinks/2.6 (+http://wortschatz.uni-leipzig.de/findlinks/)"
130.83.167.153 - - [01/Apr/2013:23:27:30 +0200] "GET /unternehmen/partner.html HTTP/1.1" 200 16530 "-" "findlinks/2.6 (+http://wortschatz.uni-leipzig.de/findlinks/)"
66.249.76.137 - - [01/Apr/2013:23:38:54 +0200] "GET /component/user/login.html HTTP/1.1" 200 9751 "-" "DoCoMo/2.0 N905i(c100;TB;W24H16) (compatible; Googlebot-Mobile/2.1; +http://www.google.com/bot.html)"
93.219.169.195 - - [01/Apr/2013:23:49:08 +0200] "GET /unternehmen/partner/58.html HTTP/1.1" 200 16892 "-" "Mozilla/5.0 (Windows; U; Windows NT 6.0; de; rv:1.9.2.3) Gecko/20100401 Firefox/3.6.3 ( .NET CLR 3.5.30729)"
93.219.169.195 - - [01/Apr/2013:23:58:35 +0200] "GET /servicebereiche/gruenanlagenpflege/58.html HTTP/1.1" 200 17328 "-" "Mozilla/5.0 (Windows; U; Windows NT 6.0; de; rv:1.9.2.3) Gecko/20100401 Firefox/3.6.3 ( .NET CLR 3.5.30729)"
93.219.169.195 - - [02/Apr/2013:00:04:15 +0200] "GET /component/mailto/?tmpl=component&link=97f89dec8d3a90a06eaee75083ae45b303687cff HTTP/1.1" 200 2687 "-" "Mozilla/5.0 (Windows; U; Windows NT 6.0; de; rv:1.9.2.3) Gecko/20100401 Firefox/3.6.3 ( .NET CLR 3.5.30729)"
31.175.85.208 - - [02/Apr/2013:00:07:29 +0200] "GET / HTTP/1.1" 200 13415 "http://www.berlin-buch-gesundheitsregion.de/de/produzieren/produzieren.php" "Mozilla/5.0 (Windows NT 5.1; rv:19.0) Gecko/20100101 Firefox/19.0"
31.175.85.208 - - [02/Apr/2013:00:07:30 +0200] "GET /templates/system/css/system.css HTTP/1.1" 200 1385 "http://www.straman.de/" "Mozilla/5.0 (Windows NT 5.1; rv:19.0) Gecko/20100101 Firefox/19.0"
31.175.85.208 - - [02/Apr/2013:00:07:30 +0200] "GET /templates/system/css/general.css HTTP/1.1" 200 2777 "http://www.straman.de/" "Mozilla/5.0 (Windows NT 5.1; rv:19.0) Gecko/20100101 Firefox/19.0"
31.175.85.208 - - [02/Apr/2013:00:07:30 +0200] "GET /templates/gk_penguinmail/css/addons.css HTTP/1.1" 200 2644 "http://www.straman.de/" "Mozilla/5.0 (Windows NT 5.1; rv:19.0) Gecko/20100101 Firefox/19.0"
31.175.85.208 - - [02/Apr/2013:00:07:31 +0200] "GET /templates/gk_penguinmail/css/layout.css HTTP/1.1" 200 1684 "http://www.straman.de/" "Mozilla/5.0 (Windows NT 5.1; rv:19.0) Gecko/20100101 Firefox/19.0"
31.175.85.208 - - [02/Apr/2013:00:07:31 +0200] "GET /templates/gk_penguinmail/css/template.css HTTP/1.1" 200 8935 "http://www.straman.de/" "Mozilla/5.0 (Windows NT 5.1; rv:19.0) Gecko/20100101 Firefox/19.0"
31.175.85.208 - - [02/Apr/2013:00:07:31 +0200] "GET /templates/gk_penguinmail/css/joomla.css HTTP/1.1" 200 14242 "http://www.straman.de/" "Mozilla/5.0 (Windows NT 5.1; rv:19.0) Gecko/20100101 Firefox/19.0"
31.175.85.208 - - [02/Apr/2013:00:07:31 +0200] "GET /templates/gk_penguinmail/css/gk_stuff.css HTTP/1.1" 200 12799 "http://www.straman.de/" "Mozilla/5.0 (Windows NT 5.1; rv:19.0) Gecko/20100101 Firefox/19.0"
31.175.85.208 - - [02/Apr/2013:00:07:31 +0200] "GET /templates/gk_penguinmail/css/typo.css HTTP/1.1" 200 15356 "http://www.straman.de/" "Mozilla/5.0 (Windows NT 5.1; rv:19.0) Gecko/20100101 Firefox/19.0"
31.175.85.208 - - [02/Apr/2013:00:07:31 +0200] "GET /templates/gk_penguinmail/css/css3_style3.css HTTP/1.1" 200 2876 "http://www.straman.de/" "Mozilla/5.0 (Windows NT 5.1; rv:19.0) Gecko/20100101 Firefox/19.0"
31.175.85.208 - - [02/Apr/2013:00:07:31 +0200] "GET /templates/gk_penguinmail/css/style3.css HTTP/1.1" 200 13892 "http://www.straman.de/" "Mozilla/5.0 (Windows NT 5.1; rv:19.0) Gecko/20100101 Firefox/19.0"
31.175.85.208 - - [02/Apr/2013:00:07:32 +0200] "GET /templates/gk_penguinmail/css/override.css HTTP/1.1" 200 3594 "http://www.straman.de/" "Mozilla/5.0 (Windows NT 5.1; rv:19.0) Gecko/20100101 Firefox/19.0"
31.175.85.208 - - [02/Apr/2013:00:07:32 +0200] "GET /templates/gk_penguinmail/js/domready_fix.js HTTP/1.1" 200 1340 "http://www.straman.de/" "Mozilla/5.0 (Windows NT 5.1; rv:19.0) Gecko/20100101 Firefox/19.0"
31.175.85.208 - - [02/Apr/2013:00:07:32 +0200] "GET /media/system/js/caption.js HTTP/1.1" 200 1963 "http://www.straman.de/" "Mozilla/5.0 (Windows NT 5.1; rv:19.0) Gecko/20100101 Firefox/19.0"
31.175.85.208 - - [02/Apr/2013:00:07:32 +0200] "GET /templates/gk_penguinmail/js/gk.script.js HTTP/1.1" 200 4585 "http://www.straman.de/" "Mozilla/5.0 (Windows NT 5.1; rv:19.0) Gecko/20100101 Firefox/19.0"
31.175.85.208 - - [02/Apr/2013:00:07:33 +0200] "GET /templates/gk_penguinmail/css/menu/mega.css HTTP/1.1" 200 4575 "http://www.straman.de/" "Mozilla/5.0 (Windows NT 5.1; rv:19.0) Gecko/20100101 Firefox/19.0"
31.175.85.208 - - [02/Apr/2013:00:07:33 +0200] "GET /templates/gk_penguinmail/favicon.ico HTTP/1.1" 200 5686 "-" "Mozilla/5.0 (Windows NT 5.1; rv:19.0) Gecko/20100101 Firefox/19.0"
31.175.85.208 - - [02/Apr/2013:00:07:33 +0200] "GET /templates/gk_penguinmail/js/menu/mega.js HTTP/1.1" 200 12974 "http://www.straman.de/" "Mozilla/5.0 (Windows NT 5.1; rv:19.0) Gecko/20100101 Firefox/19.0"
31.175.85.208 - - [02/Apr/2013:00:07:33 +0200] "GET /templates/gk_penguinmail/fonts/PT-Seans/stylesheet.css HTTP/1.1" 200 2445 "http://www.straman.de/" "Mozilla/5.0 (Windows NT 5.1; rv:19.0) Gecko/20100101 Firefox/19.0"
31.175.85.208 - - [02/Apr/2013:00:07:33 +0200] "GET /images/gmm2.jpg HTTP/1.1" 200 47432 "http://www.straman.de/" "Mozilla/5.0 (Windows NT 5.1; rv:19.0) Gecko/20100101 Firefox/19.0"
31.175.85.208 - - [02/Apr/2013:00:07:32 +0200] "GET /media/system/js/mootools.js HTTP/1.1" 200 74434 "http://www.straman.de/" "Mozilla/5.0 (Windows NT 5.1; rv:19.0) Gecko/20100101 Firefox/19.0"
31.175.85.208 - - [02/Apr/2013:00:07:33 +0200] "GET /images/galabau_002.jpg HTTP/1.1" 200 42117 "http://www.straman.de/" "Mozilla/5.0 (Windows NT 5.1; rv:19.0) Gecko/20100101 Firefox/19.0"
31.175.85.208 - - [02/Apr/2013:00:07:34 +0200] "GET /images/winterdienst_005.jpg HTTP/1.1" 200 48793 "http://www.straman.de/" "Mozilla/5.0 (Windows NT 5.1; rv:19.0) Gecko/20100101 Firefox/19.0"
31.175.85.208 - - [02/Apr/2013:00:07:37 +0200] "GET /templates/gk_penguinmail/images/style3/menu_sprite.png HTTP/1.1" 200 450 "http://www.straman.de/templates/gk_penguinmail/css/override.css" "Mozilla/5.0 (Windows NT 5.1; rv:19.0) Gecko/20100101 Firefox/19.0"
31.175.85.208 - - [02/Apr/2013:00:07:37 +0200] "GET /templates/gk_penguinmail/images/style3/glow.jpg HTTP/1.1" 200 18301 "http://www.straman.de/templates/gk_penguinmail/css/style3.css" "Mozilla/5.0 (Windows NT 5.1; rv:19.0) Gecko/20100101 Firefox/19.0"
31.175.85.208 - - [02/Apr/2013:00:07:33 +0200] "GET /images/header_neu.png HTTP/1.1" 200 340608 "http://www.straman.de/" "Mozilla/5.0 (Windows NT 5.1; rv:19.0) Gecko/20100101 Firefox/19.0"
31.175.85.208 - - [02/Apr/2013:00:07:39 +0200] "GET /templates/gk_penguinmail/images/menu_sprite.png HTTP/1.1" 404 2467 "http://www.straman.de/templates/gk_penguinmail/css/override.css" "Mozilla/5.0 (Windows NT 5.1; rv:19.0) Gecko/20100101 Firefox/19.0"
31.175.85.208 - - [02/Apr/2013:00:10:14 +0200] "GET /unternehmen/jobs.html HTTP/1.1" 200 20509 "http://www.straman.de/" "Mozilla/5.0 (Windows NT 5.1; rv:19.0) Gecko/20100101 Firefox/19.0"
31.175.85.208 - - [02/Apr/2013:00:10:16 +0200] "GET /templates/gk_penguinmail/css/template_unterseiten.css HTTP/1.1" 200 112 "http://www.straman.de/unternehmen/jobs.html" "Mozilla/5.0 (Windows NT 5.1; rv:19.0) Gecko/20100101 Firefox/19.0"
31.175.85.208 - - [02/Apr/2013:00:10:16 +0200] "GET /images/header3.png HTTP/1.1" 200 29760 "http://www.straman.de/unternehmen/jobs.html" "Mozilla/5.0 (Windows NT 5.1; rv:19.0) Gecko/20100101 Firefox/19.0"
31.175.85.208 - - [02/Apr/2013:00:10:16 +0200] "GET /templates/gk_penguinmail/images/emailButton.png HTTP/1.1" 200 365 "http://www.straman.de/unternehmen/jobs.html" "Mozilla/5.0 (Windows NT 5.1; rv:19.0) Gecko/20100101 Firefox/19.0"
31.175.85.208 - - [02/Apr/2013:00:10:17 +0200] "GET /templates/gk_penguinmail/images/printButton.png HTTP/1.1" 200 442 "http://www.straman.de/unternehmen/jobs.html" "Mozilla/5.0 (Windows NT 5.1; rv:19.0) Gecko/20100101 Firefox/19.0"
31.175.85.208 - - [02/Apr/2013:00:10:17 +0200] "GET /templates/gk_penguinmail/images/toolsFont.png HTTP/1.1" 200 467 "http://www.straman.de/templates/gk_penguinmail/css/template.css" "Mozilla/5.0 (Windows NT 5.1; rv:19.0) Gecko/20100101 Firefox/19.0"
31.175.85.208 - - [02/Apr/2013:00:10:17 +0200] "GET /templates/gk_penguinmail/images/menu_sprite.png HTTP/1.1" 404 2467 "http://www.straman.de/templates/gk_penguinmail/css/override.css" "Mozilla/5.0 (Windows NT 5.1; rv:19.0) Gecko/20100101 Firefox/19.0"
93.219.169.195 - - [02/Apr/2013:00:45:17 +0200] "GET /downloadbereich/58.html HTTP/1.1" 200 16668 "-" "Mozilla/5.0 (Windows; U; Windows NT 6.0; de; rv:1.9.2.3) Gecko/20100401 Firefox/3.6.3 ( .NET CLR 3.5.30729)"
157.56.93.187 - - [02/Apr/2013:00:46:36 +0200] "GET /robots.txt HTTP/1.1" 200 304 "-" "Mozilla/5.0 (compatible; bingbot/2.0; +http://www.bing.com/bingbot.htm)"
93.219.169.195 - - [02/Apr/2013:00:47:23 +0200] "GET /servicebereiche/gebaeudemanagement/58.html HTTP/1.1" 200 16937 "-" "Mozilla/5.0 (Windows; U; Windows NT 6.0; de; rv:1.9.2.3) Gecko/20100401 Firefox/3.6.3 ( .NET CLR 3.5.30729)"
157.56.93.187 - - [02/Apr/2013:00:49:21 +0200] "GET / HTTP/1.1" 200 13419 "-" "Mozilla/5.0 (compatible; bingbot/2.0; +http://www.bing.com/bingbot.htm)"
93.219.169.195 - - [02/Apr/2013:00:52:59 +0200] "GET /component/forme/?fid=2 HTTP/1.1" 200 19001 "-" "Mozilla/5.0 (Windows; U; Windows NT 6.0; de; rv:1.9.2.3) Gecko/20100401 Firefox/3.6.3 ( .NET CLR 3.5.30729)"
93.219.169.195 - - [02/Apr/2013:00:54:09 +0200] "GET /servicebereiche/winterdienst/58.html HTTP/1.1" 200 18662 "-" "Mozilla/5.0 (Windows; U; Windows NT 6.0; de; rv:1.9.2.3) Gecko/20100401 Firefox/3.6.3 ( .NET CLR 3.5.30729)"
93.219.169.195 - - [02/Apr/2013:00:57:10 +0200] "GET /unternehmen/jobs/58.html HTTP/1.1" 200 16853 "-" "Mozilla/5.0 (Windows; U; Windows NT 6.0; de; rv:1.9.2.3) Gecko/20100401 Firefox/3.6.3 ( .NET CLR 3.5.30729)"
66.249.78.56 - - [02/Apr/2013:00:59:14 +0200] "GET /servicebereiche/strassenreinigung.html HTTP/1.1" 200 11259 "-" "Mozilla/5.0 (iPhone; U; CPU iPhone OS 4_1 like Mac OS X; en-us) AppleWebKit/532.9 (KHTML, like Gecko) Version/4.0.5 Mobile/8B117 Safari/6531.22.7 (compatible; Googlebot-Mobile/2.1; +http://www.google.com/bot.html)"
93.219.169.195 - - [02/Apr/2013:01:00:37 +0200] "GET /servicebereiche/strassenreinigung/58.html HTTP/1.1" 200 17313 "-" "Mozilla/5.0 (Windows; U; Windows NT 6.0; de; rv:1.9.2.3) Gecko/20100401 Firefox/3.6.3 ( .NET CLR 3.5.30729)"
93.219.169.195 - - [02/Apr/2013:01:05:13 +0200] "GET /unternehmen/standorte/58.html HTTP/1.1" 200 16878 "-" "Mozilla/5.0 (Windows; U; Windows NT 6.0; de; rv:1.9.2.3) Gecko/20100401 Firefox/3.6.3 ( .NET CLR 3.5.30729)"
141.8.147.12 - - [02/Apr/2013:01:11:18 +0200] "GET / HTTP/1.1" 200 13419 "-" "Mozilla/5.0 (compatible; YandexBot/3.0; +http://yandex.com/bots)"
93.219.169.195 - - [02/Apr/2013:01:17:45 +0200] "GET /unternehmen/impressum/58.html HTTP/1.1" 200 16878 "-" "Mozilla/5.0 (Windows; U; Windows NT 6.0; de; rv:1.9.2.3) Gecko/20100401 Firefox/3.6.3 ( .NET CLR 3.5.30729)"
93.219.169.195 - - [02/Apr/2013:01:28:06 +0200] "GET /kontakt.html?fid=1 HTTP/1.1" 200 16411 "-" "Mozilla/5.0 (Windows; U; Windows NT 6.0; de; rv:1.9.2.3) Gecko/20100401 Firefox/3.6.3 ( .NET CLR 3.5.30729)"
93.219.169.195 - - [02/Apr/2013:01:55:39 +0200] "GET /news/58.html HTTP/1.1" 200 16796 "-" "Mozilla/5.0 (Windows; U; Windows NT 6.0; de; rv:1.9.2.3) Gecko/20100401 Firefox/3.6.3 ( .NET CLR 3.5.30729)"
66.249.78.56 - - [02/Apr/2013:02:02:00 +0200] "GET /referenzen.html HTTP/1.1" 200 12204 "-" "Mozilla/5.0 (iPhone; U; CPU iPhone OS 4_1 like Mac OS X; en-us) AppleWebKit/532.9 (KHTML, like Gecko) Version/4.0.5 Mobile/8B117 Safari/6531.22.7 (compatible; Googlebot-Mobile/2.1; +http://www.google.com/bot.html)"
93.219.169.195 - - [02/Apr/2013:02:04:31 +0200] "GET /component/mailto/?tmpl=component&link=4d090a7d0dad0ed1b40abd9c35a75b7faac292cb HTTP/1.1" 200 2687 "-" "Mozilla/5.0 (Windows; U; Windows NT 6.0; de; rv:1.9.2.3) Gecko/20100401 Firefox/3.6.3 ( .NET CLR 3.5.30729)"
164.61.223.12 - - [02/Apr/2013:02:17:56 +0200] "GET /images/header_neu.png HTTP/1.1" 304 - "-" "Mozilla/4.0 (compatible;)"
93.219.169.195 - - [02/Apr/2013:02:39:47 +0200] "GET /referenzen/58.html HTTP/1.1" 200 17037 "-" "Mozilla/5.0 (Windows; U; Windows NT 6.0; de; rv:1.9.2.3) Gecko/20100401 Firefox/3.6.3 ( .NET CLR 3.5.30729)"
93.219.169.195 - - [02/Apr/2013:02:47:28 +0200] "GET /component/mailto/?tmpl=component&link=fcdbae1f04f84c0b90da1200899b1a5c8c97ead8 HTTP/1.1" 200 2687 "-" "Mozilla/5.0 (Windows; U; Windows NT 6.0; de; rv:1.9.2.3) Gecko/20100401 Firefox/3.6.3 ( .NET CLR 3.5.30729)"
93.219.169.195 - - [02/Apr/2013:03:00:31 +0200] "GET /servicebereiche/infrastr-gebaeudemanagement/58.html HTTP/1.1" 200 16976 "-" "Mozilla/5.0 (Windows; U; Windows NT 6.0; de; rv:1.9.2.3) Gecko/20100401 Firefox/3.6.3 ( .NET CLR 3.5.30729)"
46.4.38.19 - - [02/Apr/2013:03:17:08 +0200] "GET /servicebereiche/winterdienst.html HTTP/1.1" 200 726 "-" "Mozilla/4.0 (compatible; MSIE 6.0; Windows NT 5.1; SV1)"
130.83.167.153 - - [02/Apr/2013:03:17:16 +0200] "GET /servicebereiche/infrastr-gebaeudemanagement/58.html HTTP/1.1" 200 16980 "-" "findlinks/2.6 (+http://wortschatz.uni-leipzig.de/findlinks/)"
130.83.167.153 - - [02/Apr/2013:03:17:20 +0200] "GET /servicebereiche/infrastr-gebaeudemanagement/58.html HTTP/1.1" 200 16980 "-" "findlinks/2.6 (+http://wortschatz.uni-leipzig.de/findlinks/)"
157.56.93.205 - - [02/Apr/2013:04:23:20 +0200] "GET /robots.txt HTTP/1.1" 200 304 "-" "Mozilla/5.0 (compatible; bingbot/2.0; +http://www.bing.com/bingbot.htm)"
157.56.93.205 - - [02/Apr/2013:04:24:58 +0200] "GET /component/content/article/58.html HTTP/1.1" 200 15473 "-" "Mozilla/5.0 (compatible; bingbot/2.0; +http://www.bing.com/bingbot.htm)"
93.219.169.195 - - [02/Apr/2013:04:50:15 +0200] "GET /unternehmen/historie/58.html HTTP/1.1" 200 17253 "-" "Mozilla/5.0 (Windows; U; Windows NT 6.0; de; rv:1.9.2.3) Gecko/20100401 Firefox/3.6.3 ( .NET CLR 3.5.30729)"
66.249.78.56 - - [02/Apr/2013:05:08:20 +0200] "GET /?ui=desktop HTTP/1.1" 200 8938 "-" "Mozilla/5.0 (iPhone; U; CPU iPhone OS 4_1 like Mac OS X; en-us) AppleWebKit/532.9 (KHTML, like Gecko) Version/4.0.5 Mobile/8B117 Safari/6531.22.7 (compatible; Googlebot-Mobile/2.1; +http://www.google.com/bot.html)"
139.18.2.209 - - [02/Apr/2013:05:28:06 +0200] "GET /downloadbereich/58-sitemap.html?tmpl=component&print=1&page= HTTP/1.1" 200 3344 "-" "findlinks/2.6 (+http://wortschatz.uni-leipzig.de/findlinks/)"
139.18.2.209 - - [02/Apr/2013:05:28:07 +0200] "GET /downloadbereich/58-sitemap.html?tmpl=component&print=1&page= HTTP/1.1" 200 3344 "-" "findlinks/2.6 (+http://wortschatz.uni-leipzig.de/findlinks/)"
130.83.167.153 - - [02/Apr/2013:05:39:14 +0200] "GET /servicebereiche/gebaeudemanagement/58-sitemap.html?tmpl=component&print=1&page= HTTP/1.1" 200 3358 "-" "findlinks/2.6 (+http://wortschatz.uni-leipzig.de/findlinks/)"
130.83.167.153 - - [02/Apr/2013:05:39:14 +0200] "GET /servicebereiche/gebaeudemanagement/58-sitemap.html?tmpl=component&print=1&page= HTTP/1.1" 200 3358 "-" "findlinks/2.6 (+http://wortschatz.uni-leipzig.de/findlinks/)"
88.214.193.210 - - [02/Apr/2013:05:52:09 +0200] "GET / HTTP/1.0" 200 13415 "-" "Mozilla/5.0 (Windows; U; Windows NT 5.1; en-US; rv:1.7.10) Gecko/20050716 Firefox/1.0.6"
199.30.16.2 - - [02/Apr/2013:06:03:41 +0200] "GET /robots.txt HTTP/1.1" 200 304 "-" "msnbot-media/1.1 (+http://search.msn.com/msnbot.htm)"
199.30.20.16 - - [02/Apr/2013:06:16:30 +0200] "GET /robots.txt HTTP/1.1" 200 304 "-" "msnbot-media/1.1 (+http://search.msn.com/msnbot.htm)"
66.249.78.56 - - [02/Apr/2013:06:36:14 +0200] "GET /servicebereiche/infrastr-gebaeudemanagement.html HTTP/1.1" 200 9817 "-" "Mozilla/5.0 (iPhone; U; CPU iPhone OS 4_1 like Mac OS X; en-us) AppleWebKit/532.9 (KHTML, like Gecko) Version/4.0.5 Mobile/8B117 Safari/6531.22.7 (compatible; Googlebot-Mobile/2.1; +http://www.google.com/bot.html)"
157.55.34.28 - - [02/Apr/2013:07:23:01 +0200] "GET /robots.txt HTTP/1.1" 200 304 "-" "Mozilla/5.0 (compatible; bingbot/2.0; +http://www.bing.com/bingbot.htm)"
157.55.34.28 - - [02/Apr/2013:07:26:01 +0200] "GET /component/user/login.html HTTP/1.1" 200 17553 "-" "Mozilla/5.0 (compatible; bingbot/2.0; +http://www.bing.com/bingbot.htm)"
92.50.85.210 - - [02/Apr/2013:09:02:48 +0200] "GET /unternehmen/impressum.html HTTP/1.1" 200 20285 "http://www.google.de/url?sa=t&rct=j&q=stramann&source=web&cd=1&ved=0CDQQ0gIoATAA&url=http%3A%2F%2Fwww.straman.de%2Funternehmen%2Fimpressum.html&ei=hYJaUbXYJ4HC7Abrx4CYDQ&usg=AFQjCNEQ6WIfxQJaHcb8W97z5-S8mcbsPA&bvm=bv.44442042,d.ZGU" "Mozilla/4.0 (compatible; MSIE 8.0; Windows NT 5.1; Trident/4.0; .NET CLR 1.1.4322; .NET CLR 2.0.50727; .NET CLR 3.0.4506.2152; .NET CLR 3.5.30729)"
92.50.85.210 - - [02/Apr/2013:09:02:48 +0200] "GET /templates/system/css/system.css HTTP/1.1" 304 - "http://www.straman.de/unternehmen/impressum.html" "Mozilla/4.0 (compatible; MSIE 8.0; Windows NT 5.1; Trident/4.0; .NET CLR 1.1.4322; .NET CLR 2.0.50727; .NET CLR 3.0.4506.2152; .NET CLR 3.5.30729)"
92.50.85.210 - - [02/Apr/2013:09:02:49 +0200] "GET /templates/gk_penguinmail/css/addons.css HTTP/1.1" 304 - "http://www.straman.de/unternehmen/impressum.html" "Mozilla/4.0 (compatible; MSIE 8.0; Windows NT 5.1; Trident/4.0; .NET CLR 1.1.4322; .NET CLR 2.0.50727; .NET CLR 3.0.4506.2152; .NET CLR 3.5.30729)"
92.50.85.210 - - [02/Apr/2013:09:02:49 +0200] "GET /templates/gk_penguinmail/css/joomla.css HTTP/1.1" 304 - "http://www.straman.de/unternehmen/impressum.html" "Mozilla/4.0 (compatible; MSIE 8.0; Windows NT 5.1; Trident/4.0; .NET CLR 1.1.4322; .NET CLR 2.0.50727; .NET CLR 3.0.4506.2152; .NET CLR 3.5.30729)"
92.50.85.210 - - [02/Apr/2013:09:02:49 +0200] "GET /templates/gk_penguinmail/css/layout.css HTTP/1.1" 304 - "http://www.straman.de/unternehmen/impressum.html" "Mozilla/4.0 (compatible; MSIE 8.0; Windows NT 5.1; Trident/4.0; .NET CLR 1.1.4322; .NET CLR 2.0.50727; .NET CLR 3.0.4506.2152; .NET CLR 3.5.30729)"
92.50.85.210 - - [02/Apr/2013:09:02:49 +0200] "GET /templates/system/css/general.css HTTP/1.1" 304 - "http://www.straman.de/unternehmen/impressum.html" "Mozilla/4.0 (compatible; MSIE 8.0; Windows NT 5.1; Trident/4.0; .NET CLR 1.1.4322; .NET CLR 2.0.50727; .NET CLR 3.0.4506.2152; .NET CLR 3.5.30729)"
92.50.85.210 - - [02/Apr/2013:09:02:49 +0200] "GET /templates/gk_penguinmail/css/style3.css HTTP/1.1" 304 - "http://www.straman.de/unternehmen/impressum.html" "Mozilla/4.0 (compatible; MSIE 8.0; Windows NT 5.1; Trident/4.0; .NET CLR 1.1.4322; .NET CLR 2.0.50727; .NET CLR 3.0.4506.2152; .NET CLR 3.5.30729)"
92.50.85.210 - - [02/Apr/2013:09:02:49 +0200] "GET /templates/gk_penguinmail/css/gk_stuff.css HTTP/1.1" 304 - "http://www.straman.de/unternehmen/impressum.html" "Mozilla/4.0 (compatible; MSIE 8.0; Windows NT 5.1; Trident/4.0; .NET CLR 1.1.4322; .NET CLR 2.0.50727; .NET CLR 3.0.4506.2152; .NET CLR 3.5.30729)"
92.50.85.210 - - [02/Apr/2013:09:02:49 +0200] "GET /templates/gk_penguinmail/css/template.css HTTP/1.1" 304 - "http://www.straman.de/unternehmen/impressum.html" "Mozilla/4.0 (compatible; MSIE 8.0; Windows NT 5.1; Trident/4.0; .NET CLR 1.1.4322; .NET CLR 2.0.50727; .NET CLR 3.0.4506.2152; .NET CLR 3.5.30729)"
92.50.85.210 - - [02/Apr/2013:09:02:49 +0200] "GET /templates/gk_penguinmail/css/typo.css HTTP/1.1" 304 - "http://www.straman.de/unternehmen/impressum.html" "Mozilla/4.0 (compatible; MSIE 8.0; Windows NT 5.1; Trident/4.0; .NET CLR 1.1.4322; .NET CLR 2.0.50727; .NET CLR 3.0.4506.2152; .NET CLR 3.5.30729)"
92.50.85.210 - - [02/Apr/2013:09:02:49 +0200] "GET /templates/gk_penguinmail/css/override.css HTTP/1.1" 304 - "http://www.straman.de/unternehmen/impressum.html" "Mozilla/4.0 (compatible; MSIE 8.0; Windows NT 5.1; Trident/4.0; .NET CLR 1.1.4322; .NET CLR 2.0.50727; .NET CLR 3.0.4506.2152; .NET CLR 3.5.30729)"
92.50.85.210 - - [02/Apr/2013:09:02:49 +0200] "GET /templates/gk_penguinmail/css/css3_style3.css HTTP/1.1" 304 - "http://www.straman.de/unternehmen/impressum.html" "Mozilla/4.0 (compatible; MSIE 8.0; Windows NT 5.1; Trident/4.0; .NET CLR 1.1.4322; .NET CLR 2.0.50727; .NET CLR 3.0.4506.2152; .NET CLR 3.5.30729)"
92.50.85.210 - - [02/Apr/2013:09:02:49 +0200] "GET /media/system/js/mootools.js HTTP/1.1" 304 - "http://www.straman.de/unternehmen/impressum.html" "Mozilla/4.0 (compatible; MSIE 8.0; Windows NT 5.1; Trident/4.0; .NET CLR 1.1.4322; .NET CLR 2.0.50727; .NET CLR 3.0.4506.2152; .NET CLR 3.5.30729)"
92.50.85.210 - - [02/Apr/2013:09:02:49 +0200] "GET /templates/gk_penguinmail/js/domready_fix.js HTTP/1.1" 304 - "http://www.straman.de/unternehmen/impressum.html" "Mozilla/4.0 (compatible; MSIE 8.0; Windows NT 5.1; Trident/4.0; .NET CLR 1.1.4322; .NET CLR 2.0.50727; .NET CLR 3.0.4506.2152; .NET CLR 3.5.30729)"
92.50.85.210 - - [02/Apr/2013:09:02:49 +0200] "GET /media/system/js/caption.js HTTP/1.1" 304 - "http://www.straman.de/unternehmen/impressum.html" "Mozilla/4.0 (compatible; MSIE 8.0; Windows NT 5.1; Trident/4.0; .NET CLR 1.1.4322; .NET CLR 2.0.50727; .NET CLR 3.0.4506.2152; .NET CLR 3.5.30729)"
92.50.85.210 - - [02/Apr/2013:09:02:49 +0200] "GET /templates/gk_penguinmail/js/gk.script.js HTTP/1.1" 304 - "http://www.straman.de/unternehmen/impressum.html" "Mozilla/4.0 (compatible; MSIE 8.0; Windows NT 5.1; Trident/4.0; .NET CLR 1.1.4322; .NET CLR 2.0.50727; .NET CLR 3.0.4506.2152; .NET CLR 3.5.30729)"
92.50.85.210 - - [02/Apr/2013:09:02:49 +0200] "GET /templates/gk_penguinmail/css/ie8.css HTTP/1.1" 304 - "http://www.straman.de/unternehmen/impressum.html" "Mozilla/4.0 (compatible; MSIE 8.0; Windows NT 5.1; Trident/4.0; .NET CLR 1.1.4322; .NET CLR 2.0.50727; .NET CLR 3.0.4506.2152; .NET CLR 3.5.30729)"
92.50.85.210 - - [02/Apr/2013:09:02:49 +0200] "GET /templates/gk_penguinmail/css/menu/mega.css HTTP/1.1" 304 - "http://www.straman.de/unternehmen/impressum.html" "Mozilla/4.0 (compatible; MSIE 8.0; Windows NT 5.1; Trident/4.0; .NET CLR 1.1.4322; .NET CLR 2.0.50727; .NET CLR 3.0.4506.2152; .NET CLR 3.5.30729)"
92.50.85.210 - - [02/Apr/2013:09:02:49 +0200] "GET /templates/gk_penguinmail/js/menu/mega.js HTTP/1.1" 304 - "http://www.straman.de/unternehmen/impressum.html" "Mozilla/4.0 (compatible; MSIE 8.0; Windows NT 5.1; Trident/4.0; .NET CLR 1.1.4322; .NET CLR 2.0.50727; .NET CLR 3.0.4506.2152; .NET CLR 3.5.30729)"
92.50.85.210 - - [02/Apr/2013:09:02:49 +0200] "GET /templates/gk_penguinmail/css/template_unterseiten.css HTTP/1.1" 304 - "http://www.straman.de/unternehmen/impressum.html" "Mozilla/4.0 (compatible; MSIE 8.0; Windows NT 5.1; Trident/4.0; .NET CLR 1.1.4322; .NET CLR 2.0.50727; .NET CLR 3.0.4506.2152; .NET CLR 3.5.30729)"
92.50.85.210 - - [02/Apr/2013:09:02:49 +0200] "GET /templates/gk_penguinmail/fonts/PT-Seans/stylesheet.css HTTP/1.1" 304 - "http://www.straman.de/unternehmen/impressum.html" "Mozilla/4.0 (compatible; MSIE 8.0; Windows NT 5.1; Trident/4.0; .NET CLR 1.1.4322; .NET CLR 2.0.50727; .NET CLR 3.0.4506.2152; .NET CLR 3.5.30729)"
92.50.85.210 - - [02/Apr/2013:09:02:49 +0200] "GET /templates/gk_penguinmail/fonts/PT-Seans/PTC75F-webfont.eot HTTP/1.1" 304 - "http://www.straman.de/unternehmen/impressum.html" "Mozilla/4.0 (compatible; MSIE 8.0; Windows NT 5.1; Trident/4.0; .NET CLR 1.1.4322; .NET CLR 2.0.50727; .NET CLR 3.0.4506.2152; .NET CLR 3.5.30729)"
92.50.85.210 - - [02/Apr/2013:09:02:49 +0200] "GET /templates/gk_penguinmail/fonts/PT-Seans/PTN57F-webfont.eot HTTP/1.1" 304 - "http://www.straman.de/unternehmen/impressum.html" "Mozilla/4.0 (compatible; MSIE 8.0; Windows NT 5.1; Trident/4.0; .NET CLR 1.1.4322; .NET CLR 2.0.50727; .NET CLR 3.0.4506.2152; .NET CLR 3.5.30729)"
92.50.85.210 - - [02/Apr/2013:09:02:49 +0200] "GET /templates/gk_penguinmail/fonts/PT-Seans/PTC55F-webfont.eot HTTP/1.1" 304 - "http://www.straman.de/unternehmen/impressum.html" "Mozilla/4.0 (compatible; MSIE 8.0; Windows NT 5.1; Trident/4.0; .NET CLR 1.1.4322; .NET CLR 2.0.50727; .NET CLR 3.0.4506.2152; .NET CLR 3.5.30729)"
92.50.85.210 - - [02/Apr/2013:09:02:49 +0200] "GET /templates/gk_penguinmail/fonts/PT-Seans/PTS76F-webfont.eot HTTP/1.1" 304 - "http://www.straman.de/unternehmen/impressum.html" "Mozilla/4.0 (compatible; MSIE 8.0; Windows NT 5.1; Trident/4.0; .NET CLR 1.1.4322; .NET CLR 2.0.50727; .NET CLR 3.0.4506.2152; .NET CLR 3.5.30729)"
92.50.85.210 - - [02/Apr/2013:09:02:49 +0200] "GET /templates/gk_penguinmail/fonts/PT-Seans/PTS75F-webfont.eot HTTP/1.1" 304 - "http://www.straman.de/unternehmen/impressum.html" "Mozilla/4.0 (compatible; MSIE 8.0; Windows NT 5.1; Trident/4.0; .NET CLR 1.1.4322; .NET CLR 2.0.50727; .NET CLR 3.0.4506.2152; .NET CLR 3.5.30729)"
92.50.85.210 - - [02/Apr/2013:09:02:49 +0200] "GET /templates/gk_penguinmail/fonts/PT-Seans/PTS56F-webfont.eot HTTP/1.1" 304 - "http://www.straman.de/unternehmen/impressum.html" "Mozilla/4.0 (compatible; MSIE 8.0; Windows NT 5.1; Trident/4.0; .NET CLR 1.1.4322; .NET CLR 2.0.50727; .NET CLR 3.0.4506.2152; .NET CLR 3.5.30729)"
92.50.85.210 - - [02/Apr/2013:09:02:49 +0200] "GET /templates/gk_penguinmail/fonts/PT-Seans/PTS55F-webfont.eot HTTP/1.1" 304 - "http://www.straman.de/unternehmen/impressum.html" "Mozilla/4.0 (compatible; MSIE 8.0; Windows NT 5.1; Trident/4.0; .NET CLR 1.1.4322; .NET CLR 2.0.50727; .NET CLR 3.0.4506.2152; .NET CLR 3.5.30729)"
92.50.85.210 - - [02/Apr/2013:09:02:49 +0200] "GET /templates/gk_penguinmail/fonts/PT-Seans/PTN77F-webfont.eot HTTP/1.1" 304 - "http://www.straman.de/unternehmen/impressum.html" "Mozilla/4.0 (compatible; MSIE 8.0; Windows NT 5.1; Trident/4.0; .NET CLR 1.1.4322; .NET CLR 2.0.50727; .NET CLR 3.0.4506.2152; .NET CLR 3.5.30729)"
