89.247.16.168 - - [08/Jan/2009:11:02:55 +0100] "GET /calendar/calendar2.php HTTP/1.0" 200 6370 "http://www.awo-kv-bernau.de/?index=302000000" "Mozilla/4.0 (compatible; MSIE 7.0; Windows NT 5.1; .NET CLR 2.0.50727; .NET CLR 3.0.04506.30; .NET CLR 3.0.04506.648)"
87.187.160.72 - - [08/Jan/2009:11:03:01 +0100] "GET /?index=300000000 HTTP/1.1" 200 4702 "http://www.sozialedienste-awo.de/?index=503000000" "Mozilla/5.0 (Windows; U; Windows NT 6.0; de; rv:1.9.0.4) Gecko/2008102920 Firefox/3.0.4"
87.187.160.72 - - [08/Jan/2009:11:03:01 +0100] "GET /calendar/termine2.php HTTP/1.1" 200 1440 "http://www.sozialedienste-awo.de/?index=300000000" "Mozilla/5.0 (Windows; U; Windows NT 6.0; de; rv:1.9.0.4) Gecko/2008102920 Firefox/3.0.4"
87.187.160.72 - - [08/Jan/2009:11:03:01 +0100] "GET /calendar/calendar2.php HTTP/1.1" 200 6370 "http://www.sozialedienste-awo.de/?index=300000000" "Mozilla/5.0 (Windows; U; Windows NT 6.0; de; rv:1.9.0.4) Gecko/2008102920 Firefox/3.0.4"
89.247.16.168 - - [08/Jan/2009:11:03:03 +0100] "GET /calendar/calendar2.php HTTP/1.0" 200 6370 "http://www.awo-kv-bernau.de/?index=302040000" "Mozilla/4.0 (compatible; MSIE 7.0; Windows NT 5.1; .NET CLR 2.0.50727; .NET CLR 3.0.04506.30; .NET CLR 3.0.04506.648)"
89.247.16.168 - - [08/Jan/2009:11:03:03 +0100] "GET /calendar/termine2.php HTTP/1.0" 200 1440 "http://www.awo-kv-bernau.de/?index=302040000" "Mozilla/4.0 (compatible; MSIE 7.0; Windows NT 5.1; .NET CLR 2.0.50727; .NET CLR 3.0.04506.30; .NET CLR 3.0.04506.648)"
89.145.28.219 - - [08/Jan/2009:11:03:05 +0100] "GET /?index=200000000 HTTP/1.1" 200 6775 "http://www.sozialedienste-awo.de/?index=400000000" "Mozilla/4.0 (compatible; MSIE 6.0; Windows NT 5.1; SV1; .NET CLR 2.0.50727)"
89.145.28.219 - - [08/Jan/2009:11:03:05 +0100] "GET /img/uploads/vorstand.jpg HTTP/1.1" 200 46009 "http://www.sozialedienste-awo.de/?index=200000000" "Mozilla/4.0 (compatible; MSIE 6.0; Windows NT 5.1; SV1; .NET CLR 2.0.50727)"
89.145.28.219 - - [08/Jan/2009:11:03:05 +0100] "GET /calendar/calendar2.php HTTP/1.1" 200 6370 "http://www.sozialedienste-awo.de/?index=200000000" "Mozilla/4.0 (compatible; MSIE 6.0; Windows NT 5.1; SV1; .NET CLR 2.0.50727)"
89.145.28.219 - - [08/Jan/2009:11:03:05 +0100] "GET /calendar/termine2.php HTTP/1.1" 200 1440 "http://www.sozialedienste-awo.de/?index=200000000" "Mozilla/4.0 (compatible; MSIE 6.0; Windows NT 5.1; SV1; .NET CLR 2.0.50727)"
87.187.178.221 - - [08/Jan/2009:11:03:06 +0100] "GET /calendar/calendar2.php HTTP/1.1" 200 6370 "http://www.awo-kv-bernau.de/" "Mozilla/4.0 (compatible; MSIE 7.0; Windows NT 5.1)"
87.187.178.221 - - [08/Jan/2009:11:03:06 +0100] "GET /calendar/termine2.php HTTP/1.1" 200 1440 "http://www.awo-kv-bernau.de/" "Mozilla/4.0 (compatible; MSIE 7.0; Windows NT 5.1)"
87.187.178.221 - - [08/Jan/2009:11:03:06 +0100] "GET /img/links.png HTTP/1.1" 200 265 "http://www.sozialedienste-awo.de/calendar/calendar2.php" "Mozilla/4.0 (compatible; MSIE 7.0; Windows NT 5.1)"
87.187.178.221 - - [08/Jan/2009:11:03:06 +0100] "GET /img/rechts.png HTTP/1.1" 200 257 "http://www.sozialedienste-awo.de/calendar/calendar2.php" "Mozilla/4.0 (compatible; MSIE 7.0; Windows NT 5.1)"
89.247.16.168 - - [08/Jan/2009:11:03:10 +0100] "GET /calendar/termine2.php HTTP/1.0" 200 1440 "http://www.awo-kv-bernau.de/?index=205000000" "Mozilla/4.0 (compatible; MSIE 7.0; Windows NT 5.1; .NET CLR 2.0.50727; .NET CLR 3.0.04506.30; .NET CLR 3.0.04506.648)"
89.247.16.168 - - [08/Jan/2009:11:03:10 +0100] "GET /calendar/calendar2.php HTTP/1.0" 200 6370 "http://www.awo-kv-bernau.de/?index=205000000" "Mozilla/4.0 (compatible; MSIE 7.0; Windows NT 5.1; .NET CLR 2.0.50727; .NET CLR 3.0.04506.30; .NET CLR 3.0.04506.648)"
89.145.28.219 - - [08/Jan/2009:11:03:15 +0100] "GET /calendar/calendar2.php?m=1 HTTP/1.1" 200 5622 "http://www.sozialedienste-awo.de/calendar/calendar2.php" "Mozilla/4.0 (compatible; MSIE 6.0; Windows NT 5.1; SV1; .NET CLR 2.0.50727)"
89.145.28.219 - - [08/Jan/2009:11:03:17 +0100] "GET /calendar/calendar2.php?m=0 HTTP/1.1" 200 6370 "http://www.sozialedienste-awo.de/calendar/calendar2.php?m=1" "Mozilla/4.0 (compatible; MSIE 6.0; Windows NT 5.1; SV1; .NET CLR 2.0.50727)"
87.187.160.72 - - [08/Jan/2009:11:03:18 +0100] "GET /?index=200000000 HTTP/1.1" 200 6775 "http://www.sozialedienste-awo.de/?index=300000000" "Mozilla/5.0 (Windows; U; Windows NT 6.0; de; rv:1.9.0.4) Gecko/2008102920 Firefox/3.0.4"
87.187.160.72 - - [08/Jan/2009:11:03:19 +0100] "GET /calendar/termine2.php HTTP/1.1" 200 1440 "http://www.sozialedienste-awo.de/?index=200000000" "Mozilla/5.0 (Windows; U; Windows NT 6.0; de; rv:1.9.0.4) Gecko/2008102920 Firefox/3.0.4"
87.187.160.72 - - [08/Jan/2009:11:03:18 +0100] "GET /calendar/calendar2.php HTTP/1.1" 200 6370 "http://www.sozialedienste-awo.de/?index=200000000" "Mozilla/5.0 (Windows; U; Windows NT 6.0; de; rv:1.9.0.4) Gecko/2008102920 Firefox/3.0.4"
87.187.160.72 - - [08/Jan/2009:11:03:24 +0100] "GET /?index=504000000 HTTP/1.1" 200 3360 "http://www.sozialedienste-awo.de/?index=200000000" "Mozilla/5.0 (Windows; U; Windows NT 6.0; de; rv:1.9.0.4) Gecko/2008102920 Firefox/3.0.4"
87.187.160.72 - - [08/Jan/2009:11:03:24 +0100] "GET /calendar/calendar2.php HTTP/1.1" 200 6370 "http://www.sozialedienste-awo.de/?index=504000000" "Mozilla/5.0 (Windows; U; Windows NT 6.0; de; rv:1.9.0.4) Gecko/2008102920 Firefox/3.0.4"
87.187.160.72 - - [08/Jan/2009:11:03:24 +0100] "GET /calendar/termine2.php HTTP/1.1" 200 1440 "http://www.sozialedienste-awo.de/?index=504000000" "Mozilla/5.0 (Windows; U; Windows NT 6.0; de; rv:1.9.0.4) Gecko/2008102920 Firefox/3.0.4"
89.247.16.168 - - [08/Jan/2009:11:03:31 +0100] "GET /formulare/Stellenanzeige%20KV.pdf HTTP/1.0" 200 41480 "http://www.awo-kv-bernau.de/?index=205000000" "Mozilla/4.0 (compatible; MSIE 7.0; Windows NT 5.1; .NET CLR 2.0.50727; .NET CLR 3.0.04506.30; .NET CLR 3.0.04506.648)"
87.187.160.72 - - [08/Jan/2009:11:03:32 +0100] "GET /calendar/termine2.php?tag=21&monat=1&jahr=2009 HTTP/1.1" 200 1682 "http://www.sozialedienste-awo.de/calendar/calendar2.php" "Mozilla/5.0 (Windows; U; Windows NT 6.0; de; rv:1.9.0.4) Gecko/2008102920 Firefox/3.0.4"
87.187.160.72 - - [08/Jan/2009:11:03:41 +0100] "GET /?index=100000000 HTTP/1.1" 200 5318 "http://www.sozialedienste-awo.de/?index=504000000" "Mozilla/5.0 (Windows; U; Windows NT 6.0; de; rv:1.9.0.4) Gecko/2008102920 Firefox/3.0.4"
87.187.160.72 - - [08/Jan/2009:11:03:41 +0100] "GET /calendar/termine2.php HTTP/1.1" 200 1440 "http://www.sozialedienste-awo.de/?index=100000000" "Mozilla/5.0 (Windows; U; Windows NT 6.0; de; rv:1.9.0.4) Gecko/2008102920 Firefox/3.0.4"
87.187.160.72 - - [08/Jan/2009:11:03:41 +0100] "GET /calendar/calendar2.php HTTP/1.1" 200 6370 "http://www.sozialedienste-awo.de/?index=100000000" "Mozilla/5.0 (Windows; U; Windows NT 6.0; de; rv:1.9.0.4) Gecko/2008102920 Firefox/3.0.4"
89.247.16.168 - - [08/Jan/2009:11:03:51 +0100] "GET / HTTP/1.0" 200 5318 "http://www.awo-kv-bernau.de/?index=205000000" "Mozilla/4.0 (compatible; MSIE 7.0; Windows NT 5.1; .NET CLR 2.0.50727; .NET CLR 3.0.04506.30; .NET CLR 3.0.04506.648)"
89.247.16.168 - - [08/Jan/2009:11:03:51 +0100] "GET /css/styles.css HTTP/1.0" 200 4398 "http://www.sozialedienste-awo.de/" "Mozilla/4.0 (compatible; MSIE 7.0; Windows NT 5.1; .NET CLR 2.0.50727; .NET CLR 3.0.04506.30; .NET CLR 3.0.04506.648)"
89.247.16.168 - - [08/Jan/2009:11:03:52 +0100] "GET /img/trennlinie.png HTTP/1.0" 200 192 "http://www.sozialedienste-awo.de/" "Mozilla/4.0 (compatible; MSIE 7.0; Windows NT 5.1; .NET CLR 2.0.50727; .NET CLR 3.0.04506.30; .NET CLR 3.0.04506.648)"
89.247.16.168 - - [08/Jan/2009:11:03:52 +0100] "GET /img/top_bg.jpg HTTP/1.0" 200 559 "http://www.sozialedienste-awo.de/" "Mozilla/4.0 (compatible; MSIE 7.0; Windows NT 5.1; .NET CLR 2.0.50727; .NET CLR 3.0.04506.30; .NET CLR 3.0.04506.648)"
89.247.16.168 - - [08/Jan/2009:11:03:52 +0100] "GET /img/kv_button_1.png HTTP/1.0" 200 3344 "http://www.sozialedienste-awo.de/" "Mozilla/4.0 (compatible; MSIE 7.0; Windows NT 5.1; .NET CLR 2.0.50727; .NET CLR 3.0.04506.30; .NET CLR 3.0.04506.648)"
89.247.16.168 - - [08/Jan/2009:11:03:52 +0100] "GET /img/sd_button_1.png HTTP/1.0" 200 3654 "http://www.sozialedienste-awo.de/" "Mozilla/4.0 (compatible; MSIE 7.0; Windows NT 5.1; .NET CLR 2.0.50727; .NET CLR 3.0.04506.30; .NET CLR 3.0.04506.648)"
89.247.16.168 - - [08/Jan/2009:11:03:52 +0100] "GET /calendar/calendar2.php HTTP/1.0" 200 6370 "http://www.sozialedienste-awo.de/" "Mozilla/4.0 (compatible; MSIE 7.0; Windows NT 5.1; .NET CLR 2.0.50727; .NET CLR 3.0.04506.30; .NET CLR 3.0.04506.648)"
89.247.16.168 - - [08/Jan/2009:11:03:52 +0100] "GET /calendar/termine2.php HTTP/1.0" 200 1440 "http://www.sozialedienste-awo.de/" "Mozilla/4.0 (compatible; MSIE 7.0; Windows NT 5.1; .NET CLR 2.0.50727; .NET CLR 3.0.04506.30; .NET CLR 3.0.04506.648)"
89.247.16.168 - - [08/Jan/2009:11:03:53 +0100] "GET /img/top_bg_pic.jpg HTTP/1.0" 200 10139 "http://www.sozialedienste-awo.de/" "Mozilla/4.0 (compatible; MSIE 7.0; Windows NT 5.1; .NET CLR 2.0.50727; .NET CLR 3.0.04506.30; .NET CLR 3.0.04506.648)"
89.247.16.168 - - [08/Jan/2009:11:03:53 +0100] "GET /img/head_familie.png HTTP/1.0" 200 113136 "http://www.sozialedienste-awo.de/" "Mozilla/4.0 (compatible; MSIE 7.0; Windows NT 5.1; .NET CLR 2.0.50727; .NET CLR 3.0.04506.30; .NET CLR 3.0.04506.648)"
89.247.16.168 - - [08/Jan/2009:11:03:53 +0100] "GET /img/sd_title.png HTTP/1.0" 200 11137 "http://www.sozialedienste-awo.de/" "Mozilla/4.0 (compatible; MSIE 7.0; Windows NT 5.1; .NET CLR 2.0.50727; .NET CLR 3.0.04506.30; .NET CLR 3.0.04506.648)"
89.247.16.168 - - [08/Jan/2009:11:03:53 +0100] "GET /img/uploads/Hobbywerkstatt.JPG HTTP/1.0" 200 63731 "http://www.sozialedienste-awo.de/" "Mozilla/4.0 (compatible; MSIE 7.0; Windows NT 5.1; .NET CLR 2.0.50727; .NET CLR 3.0.04506.30; .NET CLR 3.0.04506.648)"
89.247.16.168 - - [08/Jan/2009:11:03:53 +0100] "GET /img/top_border.png HTTP/1.0" 200 149 "http://www.sozialedienste-awo.de/" "Mozilla/4.0 (compatible; MSIE 7.0; Windows NT 5.1; .NET CLR 2.0.50727; .NET CLR 3.0.04506.30; .NET CLR 3.0.04506.648)"
89.247.16.168 - - [08/Jan/2009:11:03:54 +0100] "GET /img/opened.png HTTP/1.0" 200 301 "http://www.sozialedienste-awo.de/" "Mozilla/4.0 (compatible; MSIE 7.0; Windows NT 5.1; .NET CLR 2.0.50727; .NET CLR 3.0.04506.30; .NET CLR 3.0.04506.648)"
89.247.16.168 - - [08/Jan/2009:11:03:54 +0100] "GET /img/closed.png HTTP/1.0" 200 306 "http://www.sozialedienste-awo.de/" "Mozilla/4.0 (compatible; MSIE 7.0; Windows NT 5.1; .NET CLR 2.0.50727; .NET CLR 3.0.04506.30; .NET CLR 3.0.04506.648)"
89.247.16.168 - - [08/Jan/2009:11:03:54 +0100] "GET /favicon.ico HTTP/1.0" 404 - "-" "Mozilla/4.0 (compatible; MSIE 7.0; Windows NT 5.1; .NET CLR 2.0.50727; .NET CLR 3.0.04506.30; .NET CLR 3.0.04506.648)"
89.247.16.168 - - [08/Jan/2009:11:04:23 +0100] "GET /?index=504000000 HTTP/1.0" 200 3360 "http://www.sozialedienste-awo.de/" "Mozilla/4.0 (compatible; MSIE 7.0; Windows NT 5.1; .NET CLR 2.0.50727; .NET CLR 3.0.04506.30; .NET CLR 3.0.04506.648)"
89.247.16.168 - - [08/Jan/2009:11:04:24 +0100] "GET /calendar/calendar2.php HTTP/1.0" 200 6370 "http://www.sozialedienste-awo.de/?index=504000000" "Mozilla/4.0 (compatible; MSIE 7.0; Windows NT 5.1; .NET CLR 2.0.50727; .NET CLR 3.0.04506.30; .NET CLR 3.0.04506.648)"
89.247.16.168 - - [08/Jan/2009:11:04:24 +0100] "GET /calendar/termine2.php HTTP/1.0" 200 1440 "http://www.sozialedienste-awo.de/?index=504000000" "Mozilla/4.0 (compatible; MSIE 7.0; Windows NT 5.1; .NET CLR 2.0.50727; .NET CLR 3.0.04506.30; .NET CLR 3.0.04506.648)"
89.247.16.168 - - [08/Jan/2009:11:04:29 +0100] "GET /?index=504010000 HTTP/1.0" 200 5280 "http://www.sozialedienste-awo.de/?index=504000000" "Mozilla/4.0 (compatible; MSIE 7.0; Windows NT 5.1; .NET CLR 2.0.50727; .NET CLR 3.0.04506.30; .NET CLR 3.0.04506.648)"
89.247.16.168 - - [08/Jan/2009:11:04:29 +0100] "GET /calendar/termine2.php HTTP/1.0" 200 1440 "http://www.sozialedienste-awo.de/?index=504010000" "Mozilla/4.0 (compatible; MSIE 7.0; Windows NT 5.1; .NET CLR 2.0.50727; .NET CLR 3.0.04506.30; .NET CLR 3.0.04506.648)"
89.247.16.168 - - [08/Jan/2009:11:04:29 +0100] "GET /calendar/calendar2.php HTTP/1.0" 200 6370 "http://www.sozialedienste-awo.de/?index=504010000" "Mozilla/4.0 (compatible; MSIE 7.0; Windows NT 5.1; .NET CLR 2.0.50727; .NET CLR 3.0.04506.30; .NET CLR 3.0.04506.648)"
89.247.16.168 - - [08/Jan/2009:11:04:37 +0100] "GET /?index=504030000 HTTP/1.0" 200 3294 "http://www.sozialedienste-awo.de/?index=504010000" "Mozilla/4.0 (compatible; MSIE 7.0; Windows NT 5.1; .NET CLR 2.0.50727; .NET CLR 3.0.04506.30; .NET CLR 3.0.04506.648)"
89.247.16.168 - - [08/Jan/2009:11:04:38 +0100] "GET /calendar/calendar2.php HTTP/1.0" 200 6370 "http://www.sozialedienste-awo.de/?index=504030000" "Mozilla/4.0 (compatible; MSIE 7.0; Windows NT 5.1; .NET CLR 2.0.50727; .NET CLR 3.0.04506.30; .NET CLR 3.0.04506.648)"
89.247.16.168 - - [08/Jan/2009:11:04:38 +0100] "GET /calendar/termine2.php HTTP/1.0" 200 1440 "http://www.sozialedienste-awo.de/?index=504030000" "Mozilla/4.0 (compatible; MSIE 7.0; Windows NT 5.1; .NET CLR 2.0.50727; .NET CLR 3.0.04506.30; .NET CLR 3.0.04506.648)"
89.247.16.168 - - [08/Jan/2009:11:04:42 +0100] "GET /?index=504030000 HTTP/1.0" 200 3294 "http://www.sozialedienste-awo.de/?index=504030000" "Mozilla/4.0 (compatible; MSIE 7.0; Windows NT 5.1; .NET CLR 2.0.50727; .NET CLR 3.0.04506.30; .NET CLR 3.0.04506.648)"
89.247.16.168 - - [08/Jan/2009:11:04:42 +0100] "GET /calendar/termine2.php HTTP/1.0" 200 1440 "http://www.sozialedienste-awo.de/?index=504030000" "Mozilla/4.0 (compatible; MSIE 7.0; Windows NT 5.1; .NET CLR 2.0.50727; .NET CLR 3.0.04506.30; .NET CLR 3.0.04506.648)"
89.247.16.168 - - [08/Jan/2009:11:04:42 +0100] "GET /calendar/calendar2.php HTTP/1.0" 200 6370 "http://www.sozialedienste-awo.de/?index=504030000" "Mozilla/4.0 (compatible; MSIE 7.0; Windows NT 5.1; .NET CLR 2.0.50727; .NET CLR 3.0.04506.30; .NET CLR 3.0.04506.648)"
89.247.16.168 - - [08/Jan/2009:11:04:47 +0100] "GET /?index=504020000 HTTP/1.0" 200 9565 "http://www.sozialedienste-awo.de/?index=504030000" "Mozilla/4.0 (compatible; MSIE 7.0; Windows NT 5.1; .NET CLR 2.0.50727; .NET CLR 3.0.04506.30; .NET CLR 3.0.04506.648)"
89.247.16.168 - - [08/Jan/2009:11:04:47 +0100] "GET /calendar/calendar2.php HTTP/1.0" 200 6370 "http://www.sozialedienste-awo.de/?index=504020000" "Mozilla/4.0 (compatible; MSIE 7.0; Windows NT 5.1; .NET CLR 2.0.50727; .NET CLR 3.0.04506.30; .NET CLR 3.0.04506.648)"
89.247.16.168 - - [08/Jan/2009:11:04:47 +0100] "GET /calendar/termine2.php HTTP/1.0" 200 1440 "http://www.sozialedienste-awo.de/?index=504020000" "Mozilla/4.0 (compatible; MSIE 7.0; Windows NT 5.1; .NET CLR 2.0.50727; .NET CLR 3.0.04506.30; .NET CLR 3.0.04506.648)"
89.247.16.168 - - [08/Jan/2009:11:05:00 +0100] "GET /?index=504040000 HTTP/1.0" 200 5227 "http://www.sozialedienste-awo.de/?index=504020000" "Mozilla/4.0 (compatible; MSIE 7.0; Windows NT 5.1; .NET CLR 2.0.50727; .NET CLR 3.0.04506.30; .NET CLR 3.0.04506.648)"
89.247.16.168 - - [08/Jan/2009:11:05:01 +0100] "GET /img/uploads/schulze.jpg HTTP/1.0" 200 44046 "http://www.sozialedienste-awo.de/?index=504040000" "Mozilla/4.0 (compatible; MSIE 7.0; Windows NT 5.1; .NET CLR 2.0.50727; .NET CLR 3.0.04506.30; .NET CLR 3.0.04506.648)"
89.247.16.168 - - [08/Jan/2009:11:05:01 +0100] "GET /calendar/termine2.php HTTP/1.0" 200 1440 "http://www.sozialedienste-awo.de/?index=504040000" "Mozilla/4.0 (compatible; MSIE 7.0; Windows NT 5.1; .NET CLR 2.0.50727; .NET CLR 3.0.04506.30; .NET CLR 3.0.04506.648)"
89.247.16.168 - - [08/Jan/2009:11:05:01 +0100] "GET /calendar/calendar2.php HTTP/1.0" 200 6370 "http://www.sozialedienste-awo.de/?index=504040000" "Mozilla/4.0 (compatible; MSIE 7.0; Windows NT 5.1; .NET CLR 2.0.50727; .NET CLR 3.0.04506.30; .NET CLR 3.0.04506.648)"
89.247.16.168 - - [08/Jan/2009:11:05:17 +0100] "GET /?index=502000000 HTTP/1.0" 200 5340 "http://www.sozialedienste-awo.de/?index=504040000" "Mozilla/4.0 (compatible; MSIE 7.0; Windows NT 5.1; .NET CLR 2.0.50727; .NET CLR 3.0.04506.30; .NET CLR 3.0.04506.648)"
89.247.16.168 - - [08/Jan/2009:11:05:17 +0100] "GET /calendar/termine2.php HTTP/1.0" 200 1440 "http://www.sozialedienste-awo.de/?index=502000000" "Mozilla/4.0 (compatible; MSIE 7.0; Windows NT 5.1; .NET CLR 2.0.50727; .NET CLR 3.0.04506.30; .NET CLR 3.0.04506.648)"
89.247.16.168 - - [08/Jan/2009:11:05:17 +0100] "GET /calendar/calendar2.php HTTP/1.0" 200 6370 "http://www.sozialedienste-awo.de/?index=502000000" "Mozilla/4.0 (compatible; MSIE 7.0; Windows NT 5.1; .NET CLR 2.0.50727; .NET CLR 3.0.04506.30; .NET CLR 3.0.04506.648)"
89.247.16.168 - - [08/Jan/2009:11:05:21 +0100] "GET /?index=502030000 HTTP/1.0" 200 3720 "http://www.sozialedienste-awo.de/?index=502000000" "Mozilla/4.0 (compatible; MSIE 7.0; Windows NT 5.1; .NET CLR 2.0.50727; .NET CLR 3.0.04506.30; .NET CLR 3.0.04506.648)"
89.247.16.168 - - [08/Jan/2009:11:05:21 +0100] "GET /img/uploads/ah1.jpg HTTP/1.0" 200 10219 "http://www.sozialedienste-awo.de/?index=502030000" "Mozilla/4.0 (compatible; MSIE 7.0; Windows NT 5.1; .NET CLR 2.0.50727; .NET CLR 3.0.04506.30; .NET CLR 3.0.04506.648)"
89.247.16.168 - - [08/Jan/2009:11:05:21 +0100] "GET /img/uploads/ah2.jpg HTTP/1.0" 200 13401 "http://www.sozialedienste-awo.de/?index=502030000" "Mozilla/4.0 (compatible; MSIE 7.0; Windows NT 5.1; .NET CLR 2.0.50727; .NET CLR 3.0.04506.30; .NET CLR 3.0.04506.648)"
89.247.16.168 - - [08/Jan/2009:11:05:21 +0100] "GET /img/uploads/ah3.jpg HTTP/1.0" 200 8936 "http://www.sozialedienste-awo.de/?index=502030000" "Mozilla/4.0 (compatible; MSIE 7.0; Windows NT 5.1; .NET CLR 2.0.50727; .NET CLR 3.0.04506.30; .NET CLR 3.0.04506.648)"
89.247.16.168 - - [08/Jan/2009:11:05:21 +0100] "GET /img/uploads/ah4.jpg HTTP/1.0" 200 10095 "http://www.sozialedienste-awo.de/?index=502030000" "Mozilla/4.0 (compatible; MSIE 7.0; Windows NT 5.1; .NET CLR 2.0.50727; .NET CLR 3.0.04506.30; .NET CLR 3.0.04506.648)"
89.247.16.168 - - [08/Jan/2009:11:05:21 +0100] "GET /calendar/calendar2.php HTTP/1.0" 200 6370 "http://www.sozialedienste-awo.de/?index=502030000" "Mozilla/4.0 (compatible; MSIE 7.0; Windows NT 5.1; .NET CLR 2.0.50727; .NET CLR 3.0.04506.30; .NET CLR 3.0.04506.648)"
89.247.16.168 - - [08/Jan/2009:11:05:21 +0100] "GET /img/uploads/ah5.jpg HTTP/1.0" 200 8301 "http://www.sozialedienste-awo.de/?index=502030000" "Mozilla/4.0 (compatible; MSIE 7.0; Windows NT 5.1; .NET CLR 2.0.50727; .NET CLR 3.0.04506.30; .NET CLR 3.0.04506.648)"
89.247.16.168 - - [08/Jan/2009:11:05:21 +0100] "GET /calendar/termine2.php HTTP/1.0" 200 1440 "http://www.sozialedienste-awo.de/?index=502030000" "Mozilla/4.0 (compatible; MSIE 7.0; Windows NT 5.1; .NET CLR 2.0.50727; .NET CLR 3.0.04506.30; .NET CLR 3.0.04506.648)"
89.247.16.168 - - [08/Jan/2009:11:05:26 +0100] "GET /img/uploads/ah_3.jpg HTTP/1.0" 200 113478 "http://www.sozialedienste-awo.de/?index=502030000" "Mozilla/4.0 (compatible; MSIE 7.0; Windows NT 5.1; .NET CLR 2.0.50727; .NET CLR 3.0.04506.30; .NET CLR 3.0.04506.648)"
87.187.160.72 - - [08/Jan/2009:11:06:12 +0100] "GET /?index=504000000 HTTP/1.1" 200 3360 "http://www.sozialedienste-awo.de/?index=100000000" "Mozilla/5.0 (Windows; U; Windows NT 6.0; de; rv:1.9.0.4) Gecko/2008102920 Firefox/3.0.4"
87.187.160.72 - - [08/Jan/2009:11:06:13 +0100] "GET /calendar/termine2.php HTTP/1.1" 200 1440 "http://www.sozialedienste-awo.de/?index=504000000" "Mozilla/5.0 (Windows; U; Windows NT 6.0; de; rv:1.9.0.4) Gecko/2008102920 Firefox/3.0.4"
87.187.160.72 - - [08/Jan/2009:11:06:13 +0100] "GET /calendar/calendar2.php HTTP/1.1" 200 6370 "http://www.sozialedienste-awo.de/?index=504000000" "Mozilla/5.0 (Windows; U; Windows NT 6.0; de; rv:1.9.0.4) Gecko/2008102920 Firefox/3.0.4"
87.187.160.72 - - [08/Jan/2009:11:06:16 +0100] "GET /?index=504010000 HTTP/1.1" 200 5280 "http://www.sozialedienste-awo.de/?index=504000000" "Mozilla/5.0 (Windows; U; Windows NT 6.0; de; rv:1.9.0.4) Gecko/2008102920 Firefox/3.0.4"
87.187.160.72 - - [08/Jan/2009:11:06:18 +0100] "GET /calendar/calendar2.php HTTP/1.1" 200 6370 "http://www.sozialedienste-awo.de/?index=504010000" "Mozilla/5.0 (Windows; U; Windows NT 6.0; de; rv:1.9.0.4) Gecko/2008102920 Firefox/3.0.4"
87.187.160.72 - - [08/Jan/2009:11:06:18 +0100] "GET /calendar/termine2.php HTTP/1.1" 200 1440 "http://www.sozialedienste-awo.de/?index=504010000" "Mozilla/5.0 (Windows; U; Windows NT 6.0; de; rv:1.9.0.4) Gecko/2008102920 Firefox/3.0.4"
62.181.136.200 - - [08/Jan/2009:11:06:22 +0100] "GET /index.php?id=21 HTTP/1.1" 200 5318 "http://www.google.de/search?hl=de&q=pohl+awo+16321&btnG=Google-Suche&meta=cr%3DcountryDE" "Mozilla/4.0 (compatible; MSIE 6.0 ; Windows NT 5.2; SV1; .NET CLR 1.1 4322; .NET CLR 2.0 50727 )"
62.181.136.200 - - [08/Jan/2009:11:06:22 +0100] "GET /css/styles.css HTTP/1.1" 200 4398 "http://www.sozialedienste-awo.de/index.php?id=21" "Mozilla/4.0 (compatible; MSIE 6.0 ; Windows NT 5.2; SV1; .NET CLR 1.1 4322; .NET CLR 2.0 50727 )"
62.181.136.200 - - [08/Jan/2009:11:06:22 +0100] "GET /img/kv_button_1.png HTTP/1.1" 200 3344 "http://www.sozialedienste-awo.de/index.php?id=21" "Mozilla/4.0 (compatible; MSIE 6.0 ; Windows NT 5.2; SV1; .NET CLR 1.1 4322; .NET CLR 2.0 50727 )"
62.181.136.200 - - [08/Jan/2009:11:06:22 +0100] "GET /img/trennlinie.png HTTP/1.1" 200 192 "http://www.sozialedienste-awo.de/index.php?id=21" "Mozilla/4.0 (compatible; MSIE 6.0 ; Windows NT 5.2; SV1; .NET CLR 1.1 4322; .NET CLR 2.0 50727 )"
62.181.136.200 - - [08/Jan/2009:11:06:22 +0100] "GET /img/sd_button_1.png HTTP/1.1" 200 3654 "http://www.sozialedienste-awo.de/index.php?id=21" "Mozilla/4.0 (compatible; MSIE 6.0 ; Windows NT 5.2; SV1; .NET CLR 1.1 4322; .NET CLR 2.0 50727 )"
62.181.136.200 - - [08/Jan/2009:11:06:22 +0100] "GET /img/top_bg.jpg HTTP/1.1" 200 559 "http://www.sozialedienste-awo.de/index.php?id=21" "Mozilla/4.0 (compatible; MSIE 6.0 ; Windows NT 5.2; SV1; .NET CLR 1.1 4322; .NET CLR 2.0 50727 )"
62.181.136.200 - - [08/Jan/2009:11:06:22 +0100] "GET /img/uploads/Hobbywerkstatt.JPG HTTP/1.1" 200 63731 "http://www.sozialedienste-awo.de/index.php?id=21" "Mozilla/4.0 (compatible; MSIE 6.0 ; Windows NT 5.2; SV1; .NET CLR 1.1 4322; .NET CLR 2.0 50727 )"
62.181.136.200 - - [08/Jan/2009:11:06:22 +0100] "GET /calendar/termine2.php HTTP/1.1" 200 1440 "http://www.sozialedienste-awo.de/index.php?id=21" "Mozilla/4.0 (compatible; MSIE 6.0 ; Windows NT 5.2; SV1; .NET CLR 1.1 4322; .NET CLR 2.0 50727 )"
62.181.136.200 - - [08/Jan/2009:11:06:22 +0100] "GET /calendar/calendar2.php HTTP/1.1" 200 6370 "http://www.sozialedienste-awo.de/index.php?id=21" "Mozilla/4.0 (compatible; MSIE 6.0 ; Windows NT 5.2; SV1; .NET CLR 1.1 4322; .NET CLR 2.0 50727 )"
62.181.136.200 - - [08/Jan/2009:11:06:22 +0100] "GET /img/head_familie.png HTTP/1.1" 200 113136 "http://www.sozialedienste-awo.de/index.php?id=21" "Mozilla/4.0 (compatible; MSIE 6.0 ; Windows NT 5.2; SV1; .NET CLR 1.1 4322; .NET CLR 2.0 50727 )"
62.181.136.200 - - [08/Jan/2009:11:06:23 +0100] "GET /img/top_border.png HTTP/1.1" 200 149 "http://www.sozialedienste-awo.de/index.php?id=21" "Mozilla/4.0 (compatible; MSIE 6.0 ; Windows NT 5.2; SV1; .NET CLR 1.1 4322; .NET CLR 2.0 50727 )"
62.181.136.200 - - [08/Jan/2009:11:06:23 +0100] "GET /img/sd_title.png HTTP/1.1" 200 11137 "http://www.sozialedienste-awo.de/index.php?id=21" "Mozilla/4.0 (compatible; MSIE 6.0 ; Windows NT 5.2; SV1; .NET CLR 1.1 4322; .NET CLR 2.0 50727 )"
62.181.136.200 - - [08/Jan/2009:11:06:23 +0100] "GET /img/top_bg_pic.jpg HTTP/1.1" 200 10139 "http://www.sozialedienste-awo.de/index.php?id=21" "Mozilla/4.0 (compatible; MSIE 6.0 ; Windows NT 5.2; SV1; .NET CLR 1.1 4322; .NET CLR 2.0 50727 )"
62.181.136.200 - - [08/Jan/2009:11:06:23 +0100] "GET /img/opened.png HTTP/1.1" 200 301 "http://www.sozialedienste-awo.de/index.php?id=21" "Mozilla/4.0 (compatible; MSIE 6.0 ; Windows NT 5.2; SV1; .NET CLR 1.1 4322; .NET CLR 2.0 50727 )"
62.181.136.200 - - [08/Jan/2009:11:06:23 +0100] "GET /img/closed.png HTTP/1.1" 200 306 "http://www.sozialedienste-awo.de/index.php?id=21" "Mozilla/4.0 (compatible; MSIE 6.0 ; Windows NT 5.2; SV1; .NET CLR 1.1 4322; .NET CLR 2.0 50727 )"
62.181.136.200 - - [08/Jan/2009:11:06:23 +0100] "GET /img/links.png HTTP/1.1" 200 265 "http://www.sozialedienste-awo.de/calendar/calendar2.php" "Mozilla/4.0 (compatible; MSIE 6.0 ; Windows NT 5.2; SV1; .NET CLR 1.1 4322; .NET CLR 2.0 50727 )"
62.181.136.200 - - [08/Jan/2009:11:06:23 +0100] "GET /img/rechts.png HTTP/1.1" 200 257 "http://www.sozialedienste-awo.de/calendar/calendar2.php" "Mozilla/4.0 (compatible; MSIE 6.0 ; Windows NT 5.2; SV1; .NET CLR 1.1 4322; .NET CLR 2.0 50727 )"
87.187.160.72 - - [08/Jan/2009:11:06:28 +0100] "GET /?index=504020000 HTTP/1.1" 200 9565 "http://www.sozialedienste-awo.de/?index=504010000" "Mozilla/5.0 (Windows; U; Windows NT 6.0; de; rv:1.9.0.4) Gecko/2008102920 Firefox/3.0.4"
87.187.160.72 - - [08/Jan/2009:11:06:28 +0100] "GET /calendar/termine2.php HTTP/1.1" 200 1440 "http://www.sozialedienste-awo.de/?index=504020000" "Mozilla/5.0 (Windows; U; Windows NT 6.0; de; rv:1.9.0.4) Gecko/2008102920 Firefox/3.0.4"
87.187.160.72 - - [08/Jan/2009:11:06:28 +0100] "GET /calendar/calendar2.php HTTP/1.1" 200 6370 "http://www.sozialedienste-awo.de/?index=504020000" "Mozilla/5.0 (Windows; U; Windows NT 6.0; de; rv:1.9.0.4) Gecko/2008102920 Firefox/3.0.4"
87.187.160.72 - - [08/Jan/2009:11:06:52 +0100] "GET /?index=504030000 HTTP/1.1" 200 3294 "http://www.sozialedienste-awo.de/?index=504020000" "Mozilla/5.0 (Windows; U; Windows NT 6.0; de; rv:1.9.0.4) Gecko/2008102920 Firefox/3.0.4"
87.187.160.72 - - [08/Jan/2009:11:06:53 +0100] "GET /calendar/calendar2.php HTTP/1.1" 200 6370 "http://www.sozialedienste-awo.de/?index=504030000" "Mozilla/5.0 (Windows; U; Windows NT 6.0; de; rv:1.9.0.4) Gecko/2008102920 Firefox/3.0.4"
87.187.160.72 - - [08/Jan/2009:11:06:53 +0100] "GET /calendar/termine2.php HTTP/1.1" 200 1440 "http://www.sozialedienste-awo.de/?index=504030000" "Mozilla/5.0 (Windows; U; Windows NT 6.0; de; rv:1.9.0.4) Gecko/2008102920 Firefox/3.0.4"
87.187.160.72 - - [08/Jan/2009:11:06:56 +0100] "GET /?index=504040000 HTTP/1.1" 200 5227 "http://www.sozialedienste-awo.de/?index=504030000" "Mozilla/5.0 (Windows; U; Windows NT 6.0; de; rv:1.9.0.4) Gecko/2008102920 Firefox/3.0.4"
87.187.160.72 - - [08/Jan/2009:11:06:56 +0100] "GET /calendar/calendar2.php HTTP/1.1" 200 6370 "http://www.sozialedienste-awo.de/?index=504040000" "Mozilla/5.0 (Windows; U; Windows NT 6.0; de; rv:1.9.0.4) Gecko/2008102920 Firefox/3.0.4"
87.187.160.72 - - [08/Jan/2009:11:06:56 +0100] "GET /calendar/termine2.php HTTP/1.1" 200 1440 "http://www.sozialedienste-awo.de/?index=504040000" "Mozilla/5.0 (Windows; U; Windows NT 6.0; de; rv:1.9.0.4) Gecko/2008102920 Firefox/3.0.4"
62.181.136.200 - - [08/Jan/2009:11:07:14 +0100] "GET /index.php?id=21 HTTP/1.1" 200 5318 "http://www.google.de/search?hl=de&q=pohl+awo+16321&btnG=Google-Suche&meta=cr%3DcountryDE" "Mozilla/4.0 (compatible; MSIE 6.0 ; Windows NT 5.2; SV1; .NET CLR 1.1 4322; .NET CLR 2.0 50727 )"
62.181.136.200 - - [08/Jan/2009:11:07:15 +0100] "GET /calendar/calendar2.php HTTP/1.1" 200 6370 "http://www.sozialedienste-awo.de/index.php?id=21" "Mozilla/4.0 (compatible; MSIE 6.0 ; Windows NT 5.2; SV1; .NET CLR 1.1 4322; .NET CLR 2.0 50727 )"
62.181.136.200 - - [08/Jan/2009:11:07:15 +0100] "GET /calendar/termine2.php HTTP/1.1" 200 1440 "http://www.sozialedienste-awo.de/index.php?id=21" "Mozilla/4.0 (compatible; MSIE 6.0 ; Windows NT 5.2; SV1; .NET CLR 1.1 4322; .NET CLR 2.0 50727 )"
62.181.136.200 - - [08/Jan/2009:11:08:24 +0100] "GET / HTTP/1.1" 200 5318 "http://www.google.de/search?hl=de&q=awo+16321&btnG=Suche&meta=cr%3DcountryDE" "Mozilla/4.0 (compatible; MSIE 6.0 ; Windows NT 5.2; SV1; .NET CLR 1.1 4322; .NET CLR 2.0 50727 )"
62.181.136.200 - - [08/Jan/2009:11:08:24 +0100] "GET /calendar/termine2.php HTTP/1.1" 200 1440 "http://www.sozialedienste-awo.de/" "Mozilla/4.0 (compatible; MSIE 6.0 ; Windows NT 5.2; SV1; .NET CLR 1.1 4322; .NET CLR 2.0 50727 )"
62.181.136.200 - - [08/Jan/2009:11:08:24 +0100] "GET /calendar/calendar2.php HTTP/1.1" 200 6370 "http://www.sozialedienste-awo.de/" "Mozilla/4.0 (compatible; MSIE 6.0 ; Windows NT 5.2; SV1; .NET CLR 1.1 4322; .NET CLR 2.0 50727 )"
62.181.136.200 - - [08/Jan/2009:11:08:29 +0100] "GET /?index=100000000 HTTP/1.1" 200 5318 "http://www.sozialedienste-awo.de/" "Mozilla/4.0 (compatible; MSIE 6.0 ; Windows NT 5.2; SV1; .NET CLR 1.1 4322; .NET CLR 2.0 50727 )"
62.181.136.200 - - [08/Jan/2009:11:08:29 +0100] "GET /calendar/termine2.php HTTP/1.1" 200 1440 "http://www.sozialedienste-awo.de/?index=100000000" "Mozilla/4.0 (compatible; MSIE 6.0 ; Windows NT 5.2; SV1; .NET CLR 1.1 4322; .NET CLR 2.0 50727 )"
62.181.136.200 - - [08/Jan/2009:11:08:29 +0100] "GET /calendar/calendar2.php HTTP/1.1" 200 6370 "http://www.sozialedienste-awo.de/?index=100000000" "Mozilla/4.0 (compatible; MSIE 6.0 ; Windows NT 5.2; SV1; .NET CLR 1.1 4322; .NET CLR 2.0 50727 )"
62.181.136.200 - - [08/Jan/2009:11:08:33 +0100] "GET /?index=200000000 HTTP/1.1" 200 6775 "http://www.sozialedienste-awo.de/?index=100000000" "Mozilla/4.0 (compatible; MSIE 6.0 ; Windows NT 5.2; SV1; .NET CLR 1.1 4322; .NET CLR 2.0 50727 )"
62.181.136.200 - - [08/Jan/2009:11:08:33 +0100] "GET /calendar/calendar2.php HTTP/1.1" 200 6370 "http://www.sozialedienste-awo.de/?index=200000000" "Mozilla/4.0 (compatible; MSIE 6.0 ; Windows NT 5.2; SV1; .NET CLR 1.1 4322; .NET CLR 2.0 50727 )"
62.181.136.200 - - [08/Jan/2009:11:08:33 +0100] "GET /img/uploads/vorstand.jpg HTTP/1.1" 200 46009 "http://www.sozialedienste-awo.de/?index=200000000" "Mozilla/4.0 (compatible; MSIE 6.0 ; Windows NT 5.2; SV1; .NET CLR 1.1 4322; .NET CLR 2.0 50727 )"
62.181.136.200 - - [08/Jan/2009:11:08:33 +0100] "GET /calendar/termine2.php HTTP/1.1" 200 1440 "http://www.sozialedienste-awo.de/?index=200000000" "Mozilla/4.0 (compatible; MSIE 6.0 ; Windows NT 5.2; SV1; .NET CLR 1.1 4322; .NET CLR 2.0 50727 )"
62.181.136.200 - - [08/Jan/2009:11:08:48 +0100] "GET /?index=300000000 HTTP/1.1" 200 4702 "http://www.sozialedienste-awo.de/?index=200000000" "Mozilla/4.0 (compatible; MSIE 6.0 ; Windows NT 5.2; SV1; .NET CLR 1.1 4322; .NET CLR 2.0 50727 )"
62.181.136.200 - - [08/Jan/2009:11:08:48 +0100] "GET /calendar/calendar2.php HTTP/1.1" 200 6370 "http://www.sozialedienste-awo.de/?index=300000000" "Mozilla/4.0 (compatible; MSIE 6.0 ; Windows NT 5.2; SV1; .NET CLR 1.1 4322; .NET CLR 2.0 50727 )"
62.181.136.200 - - [08/Jan/2009:11:08:48 +0100] "GET /calendar/termine2.php HTTP/1.1" 200 1440 "http://www.sozialedienste-awo.de/?index=300000000" "Mozilla/4.0 (compatible; MSIE 6.0 ; Windows NT 5.2; SV1; .NET CLR 1.1 4322; .NET CLR 2.0 50727 )"
62.181.136.200 - - [08/Jan/2009:11:09:01 +0100] "GET / HTTP/1.1" 200 5318 "http://www.google.de/search?hl=de&q=awo+16321&btnG=Suche&meta=cr%3DcountryDE" "Mozilla/4.0 (compatible; MSIE 6.0 ; Windows NT 5.2; SV1; .NET CLR 1.1 4322; .NET CLR 2.0 50727 )"
62.181.136.200 - - [08/Jan/2009:11:09:02 +0100] "GET /calendar/calendar2.php HTTP/1.1" 200 6370 "http://www.sozialedienste-awo.de/" "Mozilla/4.0 (compatible; MSIE 6.0 ; Windows NT 5.2; SV1; .NET CLR 1.1 4322; .NET CLR 2.0 50727 )"
62.181.136.200 - - [08/Jan/2009:11:09:02 +0100] "GET /calendar/termine2.php HTTP/1.1" 200 1440 "http://www.sozialedienste-awo.de/" "Mozilla/4.0 (compatible; MSIE 6.0 ; Windows NT 5.2; SV1; .NET CLR 1.1 4322; .NET CLR 2.0 50727 )"
89.247.16.168 - - [08/Jan/2009:11:10:17 +0100] "GET /img/uploads/ah_5.jpg HTTP/1.0" 200 101693 "http://www.sozialedienste-awo.de/?index=502030000" "Mozilla/4.0 (compatible; MSIE 7.0; Windows NT 5.1; .NET CLR 2.0.50727; .NET CLR 3.0.04506.30; .NET CLR 3.0.04506.648)"
89.247.16.168 - - [08/Jan/2009:11:10:27 +0100] "GET /?index=502020000 HTTP/1.0" 200 4318 "http://www.sozialedienste-awo.de/?index=502030000" "Mozilla/4.0 (compatible; MSIE 7.0; Windows NT 5.1; .NET CLR 2.0.50727; .NET CLR 3.0.04506.30; .NET CLR 3.0.04506.648)"
89.247.16.168 - - [08/Jan/2009:11:10:28 +0100] "GET /calendar/termine2.php HTTP/1.0" 200 1440 "http://www.sozialedienste-awo.de/?index=502020000" "Mozilla/4.0 (compatible; MSIE 7.0; Windows NT 5.1; .NET CLR 2.0.50727; .NET CLR 3.0.04506.30; .NET CLR 3.0.04506.648)"
89.247.16.168 - - [08/Jan/2009:11:10:28 +0100] "GET /calendar/calendar2.php HTTP/1.0" 200 6370 "http://www.sozialedienste-awo.de/?index=502020000" "Mozilla/4.0 (compatible; MSIE 7.0; Windows NT 5.1; .NET CLR 2.0.50727; .NET CLR 3.0.04506.30; .NET CLR 3.0.04506.648)"
87.187.160.72 - - [08/Jan/2009:11:10:34 +0100] "GET /?index=504040000 HTTP/1.1" 200 5227 "http://www.sozialedienste-awo.de/?index=504040000" "Mozilla/5.0 (Windows; U; Windows NT 6.0; de; rv:1.9.0.4) Gecko/2008102920 Firefox/3.0.4"
89.247.16.168 - - [08/Jan/2009:11:10:34 +0100] "GET /?index=400000000 HTTP/1.0" 200 3799 "http://www.sozialedienste-awo.de/?index=502020000" "Mozilla/4.0 (compatible; MSIE 7.0; Windows NT 5.1; .NET CLR 2.0.50727; .NET CLR 3.0.04506.30; .NET CLR 3.0.04506.648)"
87.187.160.72 - - [08/Jan/2009:11:10:34 +0100] "GET /calendar/calendar2.php HTTP/1.1" 200 6370 "http://www.sozialedienste-awo.de/?index=504040000" "Mozilla/5.0 (Windows; U; Windows NT 6.0; de; rv:1.9.0.4) Gecko/2008102920 Firefox/3.0.4"
89.247.16.168 - - [08/Jan/2009:11:10:34 +0100] "GET /calendar/calendar2.php HTTP/1.0" 200 6370 "http://www.sozialedienste-awo.de/?index=400000000" "Mozilla/4.0 (compatible; MSIE 7.0; Windows NT 5.1; .NET CLR 2.0.50727; .NET CLR 3.0.04506.30; .NET CLR 3.0.04506.648)"
89.247.16.168 - - [08/Jan/2009:11:10:34 +0100] "GET /calendar/termine2.php HTTP/1.0" 200 1440 "http://www.sozialedienste-awo.de/?index=400000000" "Mozilla/4.0 (compatible; MSIE 7.0; Windows NT 5.1; .NET CLR 2.0.50727; .NET CLR 3.0.04506.30; .NET CLR 3.0.04506.648)"
87.187.160.72 - - [08/Jan/2009:11:10:34 +0100] "GET /calendar/termine2.php HTTP/1.1" 200 1440 "http://www.sozialedienste-awo.de/?index=504040000" "Mozilla/5.0 (Windows; U; Windows NT 6.0; de; rv:1.9.0.4) Gecko/2008102920 Firefox/3.0.4"
87.187.160.72 - - [08/Jan/2009:11:10:35 +0100] "GET /?index=504030000 HTTP/1.1" 200 3294 "http://www.sozialedienste-awo.de/?index=504040000" "Mozilla/5.0 (Windows; U; Windows NT 6.0; de; rv:1.9.0.4) Gecko/2008102920 Firefox/3.0.4"
87.187.160.72 - - [08/Jan/2009:11:10:36 +0100] "GET /calendar/calendar2.php HTTP/1.1" 200 6370 "http://www.sozialedienste-awo.de/?index=504030000" "Mozilla/5.0 (Windows; U; Windows NT 6.0; de; rv:1.9.0.4) Gecko/2008102920 Firefox/3.0.4"
87.187.160.72 - - [08/Jan/2009:11:10:36 +0100] "GET /calendar/termine2.php HTTP/1.1" 200 1440 "http://www.sozialedienste-awo.de/?index=504030000" "Mozilla/5.0 (Windows; U; Windows NT 6.0; de; rv:1.9.0.4) Gecko/2008102920 Firefox/3.0.4"
89.247.16.168 - - [08/Jan/2009:11:10:37 +0100] "GET /?index=502000000 HTTP/1.0" 200 5340 "http://www.sozialedienste-awo.de/?index=400000000" "Mozilla/4.0 (compatible; MSIE 7.0; Windows NT 5.1; .NET CLR 2.0.50727; .NET CLR 3.0.04506.30; .NET CLR 3.0.04506.648)"
89.247.16.168 - - [08/Jan/2009:11:10:37 +0100] "GET /calendar/calendar2.php HTTP/1.0" 200 6370 "http://www.sozialedienste-awo.de/?index=502000000" "Mozilla/4.0 (compatible; MSIE 7.0; Windows NT 5.1; .NET CLR 2.0.50727; .NET CLR 3.0.04506.30; .NET CLR 3.0.04506.648)"
89.247.16.168 - - [08/Jan/2009:11:10:37 +0100] "GET /calendar/termine2.php HTTP/1.0" 200 1440 "http://www.sozialedienste-awo.de/?index=502000000" "Mozilla/4.0 (compatible; MSIE 7.0; Windows NT 5.1; .NET CLR 2.0.50727; .NET CLR 3.0.04506.30; .NET CLR 3.0.04506.648)"
87.187.160.72 - - [08/Jan/2009:11:10:38 +0100] "GET /?index=504010000 HTTP/1.1" 200 5280 "http://www.sozialedienste-awo.de/?index=504030000" "Mozilla/5.0 (Windows; U; Windows NT 6.0; de; rv:1.9.0.4) Gecko/2008102920 Firefox/3.0.4"
87.187.160.72 - - [08/Jan/2009:11:10:38 +0100] "GET /calendar/termine2.php HTTP/1.1" 200 1440 "http://www.sozialedienste-awo.de/?index=504010000" "Mozilla/5.0 (Windows; U; Windows NT 6.0; de; rv:1.9.0.4) Gecko/2008102920 Firefox/3.0.4"
87.187.160.72 - - [08/Jan/2009:11:10:38 +0100] "GET /calendar/calendar2.php HTTP/1.1" 200 6370 "http://www.sozialedienste-awo.de/?index=504010000" "Mozilla/5.0 (Windows; U; Windows NT 6.0; de; rv:1.9.0.4) Gecko/2008102920 Firefox/3.0.4"
89.247.16.168 - - [08/Jan/2009:11:10:39 +0100] "GET /?index=502030000 HTTP/1.0" 200 3720 "http://www.sozialedienste-awo.de/?index=502000000" "Mozilla/4.0 (compatible; MSIE 7.0; Windows NT 5.1; .NET CLR 2.0.50727; .NET CLR 3.0.04506.30; .NET CLR 3.0.04506.648)"
89.247.16.168 - - [08/Jan/2009:11:10:39 +0100] "GET /calendar/calendar2.php HTTP/1.0" 200 6370 "http://www.sozialedienste-awo.de/?index=502030000" "Mozilla/4.0 (compatible; MSIE 7.0; Windows NT 5.1; .NET CLR 2.0.50727; .NET CLR 3.0.04506.30; .NET CLR 3.0.04506.648)"
87.187.160.72 - - [08/Jan/2009:11:10:40 +0100] "GET /?index=504020000 HTTP/1.1" 200 9565 "http://www.sozialedienste-awo.de/?index=504010000" "Mozilla/5.0 (Windows; U; Windows NT 6.0; de; rv:1.9.0.4) Gecko/2008102920 Firefox/3.0.4"
89.247.16.168 - - [08/Jan/2009:11:10:39 +0100] "GET /calendar/termine2.php HTTP/1.0" 200 1440 "http://www.sozialedienste-awo.de/?index=502030000" "Mozilla/4.0 (compatible; MSIE 7.0; Windows NT 5.1; .NET CLR 2.0.50727; .NET CLR 3.0.04506.30; .NET CLR 3.0.04506.648)"
87.187.160.72 - - [08/Jan/2009:11:10:40 +0100] "GET /calendar/termine2.php HTTP/1.1" 200 1440 "http://www.sozialedienste-awo.de/?index=504020000" "Mozilla/5.0 (Windows; U; Windows NT 6.0; de; rv:1.9.0.4) Gecko/2008102920 Firefox/3.0.4"
87.187.160.72 - - [08/Jan/2009:11:10:40 +0100] "GET /calendar/calendar2.php HTTP/1.1" 200 6370 "http://www.sozialedienste-awo.de/?index=504020000" "Mozilla/5.0 (Windows; U; Windows NT 6.0; de; rv:1.9.0.4) Gecko/2008102920 Firefox/3.0.4"
89.247.16.168 - - [08/Jan/2009:11:10:42 +0100] "GET /img/uploads/ah_2.jpg HTTP/1.0" 200 188469 "http://www.sozialedienste-awo.de/?index=502030000" "Mozilla/4.0 (compatible; MSIE 7.0; Windows NT 5.1; .NET CLR 2.0.50727; .NET CLR 3.0.04506.30; .NET CLR 3.0.04506.648)"
89.247.16.168 - - [08/Jan/2009:11:10:52 +0100] "GET /?index=300000000 HTTP/1.0" 200 4702 "http://www.sozialedienste-awo.de/?index=502030000" "Mozilla/4.0 (compatible; MSIE 7.0; Windows NT 5.1; .NET CLR 2.0.50727; .NET CLR 3.0.04506.30; .NET CLR 3.0.04506.648)"
89.247.16.168 - - [08/Jan/2009:11:10:52 +0100] "GET /calendar/calendar2.php HTTP/1.0" 200 6370 "http://www.sozialedienste-awo.de/?index=300000000" "Mozilla/4.0 (compatible; MSIE 7.0; Windows NT 5.1; .NET CLR 2.0.50727; .NET CLR 3.0.04506.30; .NET CLR 3.0.04506.648)"
89.247.16.168 - - [08/Jan/2009:11:10:52 +0100] "GET /calendar/termine2.php HTTP/1.0" 200 1440 "http://www.sozialedienste-awo.de/?index=300000000" "Mozilla/4.0 (compatible; MSIE 7.0; Windows NT 5.1; .NET CLR 2.0.50727; .NET CLR 3.0.04506.30; .NET CLR 3.0.04506.648)"
89.247.16.168 - - [08/Jan/2009:11:11:16 +0100] "GET /?index=504000000 HTTP/1.0" 200 3360 "http://www.sozialedienste-awo.de/?index=300000000" "Mozilla/4.0 (compatible; MSIE 7.0; Windows NT 5.1; .NET CLR 2.0.50727; .NET CLR 3.0.04506.30; .NET CLR 3.0.04506.648)"
89.247.16.168 - - [08/Jan/2009:11:11:16 +0100] "GET /calendar/calendar2.php HTTP/1.0" 200 6370 "http://www.sozialedienste-awo.de/?index=504000000" "Mozilla/4.0 (compatible; MSIE 7.0; Windows NT 5.1; .NET CLR 2.0.50727; .NET CLR 3.0.04506.30; .NET CLR 3.0.04506.648)"
89.247.16.168 - - [08/Jan/2009:11:11:19 +0100] "GET /calendar/termine2.php HTTP/1.0" 200 1440 "http://www.sozialedienste-awo.de/?index=504000000" "Mozilla/4.0 (compatible; MSIE 7.0; Windows NT 5.1; .NET CLR 2.0.50727; .NET CLR 3.0.04506.30; .NET CLR 3.0.04506.648)"
87.187.160.72 - - [08/Jan/2009:11:13:16 +0100] "GET /?index=400000000 HTTP/1.1" 200 3799 "http://www.sozialedienste-awo.de/?index=504020000" "Mozilla/5.0 (Windows; U; Windows NT 6.0; de; rv:1.9.0.4) Gecko/2008102920 Firefox/3.0.4"
87.187.160.72 - - [08/Jan/2009:11:13:18 +0100] "GET /calendar/calendar2.php HTTP/1.1" 200 6370 "http://www.sozialedienste-awo.de/?index=400000000" "Mozilla/5.0 (Windows; U; Windows NT 6.0; de; rv:1.9.0.4) Gecko/2008102920 Firefox/3.0.4"
87.187.160.72 - - [08/Jan/2009:11:13:18 +0100] "GET /calendar/termine2.php HTTP/1.1" 200 1440 "http://www.sozialedienste-awo.de/?index=400000000" "Mozilla/5.0 (Windows; U; Windows NT 6.0; de; rv:1.9.0.4) Gecko/2008102920 Firefox/3.0.4"
87.187.160.72 - - [08/Jan/2009:11:13:21 +0100] "GET /formulare/Stellenanzeige%20KV.pdf HTTP/1.1" 200 41480 "http://www.sozialedienste-awo.de/?index=400000000" "Mozilla/5.0 (Windows; U; Windows NT 6.0; de; rv:1.9.0.4) Gecko/2008102920 Firefox/3.0.4"
87.187.160.72 - - [08/Jan/2009:11:13:23 +0100] "GET /formulare/Stellenanzeige%20KV.pdf HTTP/1.1" 206 25315 "-" "Mozilla/5.0 (Windows; U; Windows NT 6.0; de; rv:1.9.0.4) Gecko/2008102920 Firefox/3.0.4"
87.187.160.72 - - [08/Jan/2009:11:15:09 +0100] "GET /?index=300000000 HTTP/1.1" 200 4702 "http://www.sozialedienste-awo.de/?index=400000000" "Mozilla/5.0 (Windows; U; Windows NT 6.0; de; rv:1.9.0.4) Gecko/2008102920 Firefox/3.0.4"
87.187.160.72 - - [08/Jan/2009:11:15:09 +0100] "GET /calendar/calendar2.php HTTP/1.1" 200 6370 "http://www.sozialedienste-awo.de/?index=300000000" "Mozilla/5.0 (Windows; U; Windows NT 6.0; de; rv:1.9.0.4) Gecko/2008102920 Firefox/3.0.4"
87.187.160.72 - - [08/Jan/2009:11:15:10 +0100] "GET /calendar/termine2.php HTTP/1.1" 200 1440 "http://www.sozialedienste-awo.de/?index=300000000" "Mozilla/5.0 (Windows; U; Windows NT 6.0; de; rv:1.9.0.4) Gecko/2008102920 Firefox/3.0.4"
79.193.238.53 - - [08/Jan/2009:11:15:31 +0100] "GET /index.php?id=33 HTTP/1.1" 200 5318 "http://www.google.de/search?hl=de&q=Begenungsst%C3%A4tte+der+AWO+Bernau&btnG=Suche&meta=" "Mozilla/4.0 (compatible; MSIE 7.0; Windows NT 5.1; .NET CLR 1.1.4322)"
79.193.238.53 - - [08/Jan/2009:11:15:31 +0100] "GET /css/styles.css HTTP/1.1" 200 4398 "http://www.sozialedienste-awo.de/index.php?id=33" "Mozilla/4.0 (compatible; MSIE 7.0; Windows NT 5.1; .NET CLR 1.1.4322)"
79.193.238.53 - - [08/Jan/2009:11:15:32 +0100] "GET /img/trennlinie.png HTTP/1.1" 200 192 "http://www.sozialedienste-awo.de/index.php?id=33" "Mozilla/4.0 (compatible; MSIE 7.0; Windows NT 5.1; .NET CLR 1.1.4322)"
79.193.238.53 - - [08/Jan/2009:11:15:32 +0100] "GET /img/top_bg.jpg HTTP/1.1" 200 559 "http://www.sozialedienste-awo.de/index.php?id=33" "Mozilla/4.0 (compatible; MSIE 7.0; Windows NT 5.1; .NET CLR 1.1.4322)"
79.193.238.53 - - [08/Jan/2009:11:15:32 +0100] "GET /calendar/calendar2.php HTTP/1.1" 200 6370 "http://www.sozialedienste-awo.de/index.php?id=33" "Mozilla/4.0 (compatible; MSIE 7.0; Windows NT 5.1; .NET CLR 1.1.4322)"
79.193.238.53 - - [08/Jan/2009:11:15:32 +0100] "GET /calendar/termine2.php HTTP/1.1" 200 1440 "http://www.sozialedienste-awo.de/index.php?id=33" "Mozilla/4.0 (compatible; MSIE 7.0; Windows NT 5.1; .NET CLR 1.1.4322)"
79.193.238.53 - - [08/Jan/2009:11:15:32 +0100] "GET /img/kv_button_1.png HTTP/1.1" 200 3344 "http://www.sozialedienste-awo.de/index.php?id=33" "Mozilla/4.0 (compatible; MSIE 7.0; Windows NT 5.1; .NET CLR 1.1.4322)"
79.193.238.53 - - [08/Jan/2009:11:15:32 +0100] "GET /img/sd_button_1.png HTTP/1.1" 200 3654 "http://www.sozialedienste-awo.de/index.php?id=33" "Mozilla/4.0 (compatible; MSIE 7.0; Windows NT 5.1; .NET CLR 1.1.4322)"
79.193.238.53 - - [08/Jan/2009:11:15:32 +0100] "GET /img/top_bg_pic.jpg HTTP/1.1" 200 10139 "http://www.sozialedienste-awo.de/index.php?id=33" "Mozilla/4.0 (compatible; MSIE 7.0; Windows NT 5.1; .NET CLR 1.1.4322)"
79.193.238.53 - - [08/Jan/2009:11:15:32 +0100] "GET /img/sd_title.png HTTP/1.1" 200 11137 "http://www.sozialedienste-awo.de/index.php?id=33" "Mozilla/4.0 (compatible; MSIE 7.0; Windows NT 5.1; .NET CLR 1.1.4322)"
79.193.238.53 - - [08/Jan/2009:11:15:33 +0100] "GET /img/uploads/Hobbywerkstatt.JPG HTTP/1.1" 200 63731 "http://www.sozialedienste-awo.de/index.php?id=33" "Mozilla/4.0 (compatible; MSIE 7.0; Windows NT 5.1; .NET CLR 1.1.4322)"
79.193.238.53 - - [08/Jan/2009:11:15:33 +0100] "GET /img/head_familie.png HTTP/1.1" 200 113136 "http://www.sozialedienste-awo.de/index.php?id=33" "Mozilla/4.0 (compatible; MSIE 7.0; Windows NT 5.1; .NET CLR 1.1.4322)"
79.193.238.53 - - [08/Jan/2009:11:15:33 +0100] "GET /img/top_border.png HTTP/1.1" 200 149 "http://www.sozialedienste-awo.de/index.php?id=33" "Mozilla/4.0 (compatible; MSIE 7.0; Windows NT 5.1; .NET CLR 1.1.4322)"
79.193.238.53 - - [08/Jan/2009:11:15:33 +0100] "GET /img/opened.png HTTP/1.1" 200 301 "http://www.sozialedienste-awo.de/index.php?id=33" "Mozilla/4.0 (compatible; MSIE 7.0; Windows NT 5.1; .NET CLR 1.1.4322)"
79.193.238.53 - - [08/Jan/2009:11:15:33 +0100] "GET /img/closed.png HTTP/1.1" 200 306 "http://www.sozialedienste-awo.de/index.php?id=33" "Mozilla/4.0 (compatible; MSIE 7.0; Windows NT 5.1; .NET CLR 1.1.4322)"
79.193.238.53 - - [08/Jan/2009:11:15:34 +0100] "GET /img/links.png HTTP/1.1" 200 265 "http://www.sozialedienste-awo.de/calendar/calendar2.php" "Mozilla/4.0 (compatible; MSIE 7.0; Windows NT 5.1; .NET CLR 1.1.4322)"
79.193.238.53 - - [08/Jan/2009:11:15:34 +0100] "GET /img/rechts.png HTTP/1.1" 200 257 "http://www.sozialedienste-awo.de/calendar/calendar2.php" "Mozilla/4.0 (compatible; MSIE 7.0; Windows NT 5.1; .NET CLR 1.1.4322)"
79.193.238.53 - - [08/Jan/2009:11:15:35 +0100] "GET /favicon.ico HTTP/1.1" 404 - "-" "Mozilla/4.0 (compatible; MSIE 7.0; Windows NT 5.1; .NET CLR 1.1.4322)"
79.193.238.53 - - [08/Jan/2009:11:17:10 +0100] "GET /calendar/termine2.php?tag=21&monat=1&jahr=2009 HTTP/1.1" 200 1682 "-" "Mozilla/4.0 (compatible; MSIE 7.0; Windows NT 5.1; .NET CLR 1.1.4322)"
79.193.238.53 - - [08/Jan/2009:11:17:19 +0100] "GET /index.php?index=200000000 HTTP/1.1" 200 6775 "http://www.sozialedienste-awo.de/index.php?id=33" "Mozilla/4.0 (compatible; MSIE 7.0; Windows NT 5.1; .NET CLR 1.1.4322)"
79.193.238.53 - - [08/Jan/2009:11:17:19 +0100] "GET /css/styles.css HTTP/1.1" 304 - "http://www.sozialedienste-awo.de/index.php?index=200000000" "Mozilla/4.0 (compatible; MSIE 7.0; Windows NT 5.1; .NET CLR 1.1.4322)"
79.193.238.53 - - [08/Jan/2009:11:17:20 +0100] "GET /img/trennlinie.png HTTP/1.1" 304 - "http://www.sozialedienste-awo.de/index.php?index=200000000" "Mozilla/4.0 (compatible; MSIE 7.0; Windows NT 5.1; .NET CLR 1.1.4322)"
79.193.238.53 - - [08/Jan/2009:11:17:20 +0100] "GET /img/top_bg.jpg HTTP/1.1" 304 - "http://www.sozialedienste-awo.de/index.php?index=200000000" "Mozilla/4.0 (compatible; MSIE 7.0; Windows NT 5.1; .NET CLR 1.1.4322)"
79.193.238.53 - - [08/Jan/2009:11:17:20 +0100] "GET /calendar/calendar2.php HTTP/1.1" 200 6370 "http://www.sozialedienste-awo.de/index.php?index=200000000" "Mozilla/4.0 (compatible; MSIE 7.0; Windows NT 5.1; .NET CLR 1.1.4322)"
79.193.238.53 - - [08/Jan/2009:11:17:20 +0100] "GET /calendar/termine2.php HTTP/1.1" 200 1440 "http://www.sozialedienste-awo.de/index.php?index=200000000" "Mozilla/4.0 (compatible; MSIE 7.0; Windows NT 5.1; .NET CLR 1.1.4322)"
79.193.238.53 - - [08/Jan/2009:11:17:20 +0100] "GET /img/top_bg_pic.jpg HTTP/1.1" 304 - "http://www.sozialedienste-awo.de/index.php?index=200000000" "Mozilla/4.0 (compatible; MSIE 7.0; Windows NT 5.1; .NET CLR 1.1.4322)"
79.193.238.53 - - [08/Jan/2009:11:17:20 +0100] "GET /img/kv_button_1.png HTTP/1.1" 304 - "http://www.sozialedienste-awo.de/index.php?index=200000000" "Mozilla/4.0 (compatible; MSIE 7.0; Windows NT 5.1; .NET CLR 1.1.4322)"
79.193.238.53 - - [08/Jan/2009:11:17:20 +0100] "GET /img/head_familie.png HTTP/1.1" 304 - "http://www.sozialedienste-awo.de/index.php?index=200000000" "Mozilla/4.0 (compatible; MSIE 7.0; Windows NT 5.1; .NET CLR 1.1.4322)"
79.193.238.53 - - [08/Jan/2009:11:17:20 +0100] "GET /img/sd_button_1.png HTTP/1.1" 304 - "http://www.sozialedienste-awo.de/index.php?index=200000000" "Mozilla/4.0 (compatible; MSIE 7.0; Windows NT 5.1; .NET CLR 1.1.4322)"
79.193.238.53 - - [08/Jan/2009:11:17:20 +0100] "GET /img/sd_title.png HTTP/1.1" 304 - "http://www.sozialedienste-awo.de/index.php?index=200000000" "Mozilla/4.0 (compatible; MSIE 7.0; Windows NT 5.1; .NET CLR 1.1.4322)"
79.193.238.53 - - [08/Jan/2009:11:17:20 +0100] "GET /img/top_border.png HTTP/1.1" 304 - "http://www.sozialedienste-awo.de/index.php?index=200000000" "Mozilla/4.0 (compatible; MSIE 7.0; Windows NT 5.1; .NET CLR 1.1.4322)"
79.193.238.53 - - [08/Jan/2009:11:17:20 +0100] "GET /img/links.png HTTP/1.1" 304 - "http://www.sozialedienste-awo.de/calendar/calendar2.php" "Mozilla/4.0 (compatible; MSIE 7.0; Windows NT 5.1; .NET CLR 1.1.4322)"
79.193.238.53 - - [08/Jan/2009:11:17:20 +0100] "GET /img/rechts.png HTTP/1.1" 304 - "http://www.sozialedienste-awo.de/calendar/calendar2.php" "Mozilla/4.0 (compatible; MSIE 7.0; Windows NT 5.1; .NET CLR 1.1.4322)"
79.193.238.53 - - [08/Jan/2009:11:17:20 +0100] "GET /img/uploads/vorstand.jpg HTTP/1.1" 200 46009 "http://www.sozialedienste-awo.de/index.php?index=200000000" "Mozilla/4.0 (compatible; MSIE 7.0; Windows NT 5.1; .NET CLR 1.1.4322)"
87.185.175.10 - - [08/Jan/2009:11:18:57 +0100] "GET /calendar/termine2.php HTTP/1.1" 200 1440 "http://www.awo-kv-bernau.de/" "Mozilla/4.0 (compatible; MSIE 7.0; Windows NT 5.1)"
87.185.175.10 - - [08/Jan/2009:11:18:57 +0100] "GET /calendar/calendar2.php HTTP/1.1" 200 6370 "http://www.awo-kv-bernau.de/" "Mozilla/4.0 (compatible; MSIE 7.0; Windows NT 5.1)"
87.185.175.10 - - [08/Jan/2009:11:18:58 +0100] "GET /img/links.png HTTP/1.1" 200 265 "http://www.sozialedienste-awo.de/calendar/calendar2.php" "Mozilla/4.0 (compatible; MSIE 7.0; Windows NT 5.1)"
87.185.175.10 - - [08/Jan/2009:11:18:58 +0100] "GET /img/rechts.png HTTP/1.1" 200 257 "http://www.sozialedienste-awo.de/calendar/calendar2.php" "Mozilla/4.0 (compatible; MSIE 7.0; Windows NT 5.1)"
84.186.46.51 - - [08/Jan/2009:11:20:45 +0100] "GET /formulare/Stellenanzeige%20KV.pdf HTTP/1.1" 200 41480 "http://www.google.de/search?hl=de&q=AWO+Kreisverband+Bernau&btnG=Suche&meta=" "Mozilla/5.0 (Windows; U; Windows NT 5.1; de; rv:1.9.0.4) Gecko/2008102920 Firefox/3.0.4"
84.186.46.51 - - [08/Jan/2009:11:20:54 +0100] "GET /favicon.ico HTTP/1.1" 404 - "-" "Mozilla/5.0 (Windows; U; Windows NT 5.1; de; rv:1.9.0.4) Gecko/2008102920 Firefox/3.0.4"
84.186.46.51 - - [08/Jan/2009:11:20:57 +0100] "GET /favicon.ico HTTP/1.1" 404 - "-" "Mozilla/5.0 (Windows; U; Windows NT 5.1; de; rv:1.9.0.4) Gecko/2008102920 Firefox/3.0.4"
