194.76.232.148 - - [05/Jan/2009:10:10:04 +0100] "GET /img/uploads/vorstand.jpg HTTP/1.0" 200 46009 "http://www.awo-kv-bernau.de/?index=201000000" "Mozilla/4.0 (compatible; MSIE 6.0; Windows NT 5.1; SV1; .NET CLR 1.1.4322; .NET CLR 2.0.50727; InfoPath.1)"
194.76.232.148 - - [05/Jan/2009:10:17:29 +0100] "GET / HTTP/1.0" 200 5088 "http://www.google.de/search?hl=de&q=AWO+Kreisverband+Bernau+e.V.&meta=" "Mozilla/4.0 (compatible; MSIE 6.0; Windows NT 5.1; SV1; .NET CLR 1.1.4322; .NET CLR 2.0.50727; InfoPath.1)"
194.76.232.148 - - [05/Jan/2009:10:17:29 +0100] "GET /css/styles.css HTTP/1.0" 200 4398 "http://www.sozialedienste-awo.de/" "Mozilla/4.0 (compatible; MSIE 6.0; Windows NT 5.1; SV1; .NET CLR 1.1.4322; .NET CLR 2.0.50727; InfoPath.1)"
194.76.232.148 - - [05/Jan/2009:10:17:29 +0100] "GET /img/trennlinie.png HTTP/1.0" 200 192 "http://www.sozialedienste-awo.de/" "Mozilla/4.0 (compatible; MSIE 6.0; Windows NT 5.1; SV1; .NET CLR 1.1.4322; .NET CLR 2.0.50727; InfoPath.1)"
194.76.232.148 - - [05/Jan/2009:10:17:29 +0100] "GET /img/kv_button_1.png HTTP/1.0" 200 3344 "http://www.sozialedienste-awo.de/" "Mozilla/4.0 (compatible; MSIE 6.0; Windows NT 5.1; SV1; .NET CLR 1.1.4322; .NET CLR 2.0.50727; InfoPath.1)"
194.76.232.148 - - [05/Jan/2009:10:17:29 +0100] "GET /img/sd_button_1.png HTTP/1.0" 200 3654 "http://www.sozialedienste-awo.de/" "Mozilla/4.0 (compatible; MSIE 6.0; Windows NT 5.1; SV1; .NET CLR 1.1.4322; .NET CLR 2.0.50727; InfoPath.1)"
194.76.232.148 - - [05/Jan/2009:10:17:29 +0100] "GET /img/top_bg.jpg HTTP/1.0" 200 559 "http://www.sozialedienste-awo.de/" "Mozilla/4.0 (compatible; MSIE 6.0; Windows NT 5.1; SV1; .NET CLR 1.1.4322; .NET CLR 2.0.50727; InfoPath.1)"
194.76.232.148 - - [05/Jan/2009:10:17:29 +0100] "GET /img/sd_title.png HTTP/1.0" 200 11137 "http://www.sozialedienste-awo.de/" "Mozilla/4.0 (compatible; MSIE 6.0; Windows NT 5.1; SV1; .NET CLR 1.1.4322; .NET CLR 2.0.50727; InfoPath.1)"
194.76.232.148 - - [05/Jan/2009:10:17:29 +0100] "GET /img/top_bg_pic.jpg HTTP/1.0" 200 10139 "http://www.sozialedienste-awo.de/" "Mozilla/4.0 (compatible; MSIE 6.0; Windows NT 5.1; SV1; .NET CLR 1.1.4322; .NET CLR 2.0.50727; InfoPath.1)"
194.76.232.148 - - [05/Jan/2009:10:17:29 +0100] "GET /img/uploads/Hobbywerkstatt.JPG HTTP/1.0" 200 63731 "http://www.sozialedienste-awo.de/" "Mozilla/4.0 (compatible; MSIE 6.0; Windows NT 5.1; SV1; .NET CLR 1.1.4322; .NET CLR 2.0.50727; InfoPath.1)"
194.76.232.148 - - [05/Jan/2009:10:17:29 +0100] "GET /img/top_border.png HTTP/1.0" 200 149 "http://www.sozialedienste-awo.de/" "Mozilla/4.0 (compatible; MSIE 6.0; Windows NT 5.1; SV1; .NET CLR 1.1.4322; .NET CLR 2.0.50727; InfoPath.1)"
194.76.232.148 - - [05/Jan/2009:10:17:29 +0100] "GET /img/head_familie.png HTTP/1.0" 200 113136 "http://www.sozialedienste-awo.de/" "Mozilla/4.0 (compatible; MSIE 6.0; Windows NT 5.1; SV1; .NET CLR 1.1.4322; .NET CLR 2.0.50727; InfoPath.1)"
194.76.232.148 - - [05/Jan/2009:10:17:29 +0100] "GET /img/opened.png HTTP/1.0" 200 301 "http://www.sozialedienste-awo.de/" "Mozilla/4.0 (compatible; MSIE 6.0; Windows NT 5.1; SV1; .NET CLR 1.1.4322; .NET CLR 2.0.50727; InfoPath.1)"
194.76.232.148 - - [05/Jan/2009:10:17:29 +0100] "GET /img/closed.png HTTP/1.0" 200 306 "http://www.sozialedienste-awo.de/" "Mozilla/4.0 (compatible; MSIE 6.0; Windows NT 5.1; SV1; .NET CLR 1.1.4322; .NET CLR 2.0.50727; InfoPath.1)"
194.76.232.148 - - [05/Jan/2009:10:17:38 +0100] "GET /?index=200000000 HTTP/1.0" 200 6545 "http://www.sozialedienste-awo.de/" "Mozilla/4.0 (compatible; MSIE 6.0; Windows NT 5.1; SV1; .NET CLR 1.1.4322; .NET CLR 2.0.50727; InfoPath.1)"
194.76.232.148 - - [05/Jan/2009:10:17:38 +0100] "GET /img/uploads/vorstand.jpg HTTP/1.0" 304 - "http://www.sozialedienste-awo.de/?index=200000000" "Mozilla/4.0 (compatible; MSIE 6.0; Windows NT 5.1; SV1; .NET CLR 1.1.4322; .NET CLR 2.0.50727; InfoPath.1)"
194.76.232.148 - - [05/Jan/2009:10:17:47 +0100] "GET /?index=100000000 HTTP/1.0" 200 5088 "http://www.sozialedienste-awo.de/?index=200000000" "Mozilla/4.0 (compatible; MSIE 6.0; Windows NT 5.1; SV1; .NET CLR 1.1.4322; .NET CLR 2.0.50727; InfoPath.1)"
194.76.232.148 - - [05/Jan/2009:10:18:17 +0100] "GET /index.php?id=17 HTTP/1.0" 200 5088 "http://www.google.de/search?hl=de&q=AWO+Kreisverband+Bernau+e.V.&meta=" "Mozilla/4.0 (compatible; MSIE 6.0; Windows NT 5.1; SV1; .NET CLR 1.1.4322; .NET CLR 2.0.50727; InfoPath.1)"
195.93.60.72 - - [05/Jan/2009:10:21:06 +0100] "GET /index.php?id=6 HTTP/1.1" 200 5088 "http://suche.aolsvc.de/aol/search?q=AWO+Bernau&langRestrict=2" "Mozilla/4.0 (compatible; MSIE 7.0; AOL 9.0; Windows NT 5.1; T-Online Internatinal AG; .NET CLR 1.1.4322; .NET CLR 2.0.50727)"
195.93.60.65 - - [05/Jan/2009:10:21:22 +0100] "GET /index.php?index=400000000 HTTP/1.1" 200 3569 "http://www.sozialedienste-awo.de/index.php?id=6" "Mozilla/4.0 (compatible; MSIE 7.0; AOL 9.0; Windows NT 5.1; T-Online Internatinal AG; .NET CLR 1.1.4322; .NET CLR 2.0.50727)"
87.185.233.131 - - [05/Jan/2009:10:42:55 +0100] "GET / HTTP/1.1" 200 5088 "http://suche.t-online.de/fast-cgi/tsc?mandant=toi&device=html&portallanguage=de&userlanguage=de&dia=adr&context=internet-tab&tpc=internet&ptl=std&classification=internet-tab_internet_std&start=0&num=10&type=all&lang=any&more=none&q=www.awo-bernau.de" "Mozilla/4.0 (compatible; MSIE 7.0; TOB 6.05; Windows NT 5.1; .NET CLR 1.1.4322; .NET CLR 2.0.50727)"
87.185.233.131 - - [05/Jan/2009:10:42:56 +0100] "GET /css/styles.css HTTP/1.1" 200 4398 "http://www.sozialedienste-awo.de/" "Mozilla/4.0 (compatible; MSIE 7.0; TOB 6.05; Windows NT 5.1; .NET CLR 1.1.4322; .NET CLR 2.0.50727)"
87.185.233.131 - - [05/Jan/2009:10:42:56 +0100] "GET /img/trennlinie.png HTTP/1.1" 200 192 "http://www.sozialedienste-awo.de/" "Mozilla/4.0 (compatible; MSIE 7.0; TOB 6.05; Windows NT 5.1; .NET CLR 1.1.4322; .NET CLR 2.0.50727)"
87.185.233.131 - - [05/Jan/2009:10:42:56 +0100] "GET /img/kv_button_1.png HTTP/1.1" 200 3344 "http://www.sozialedienste-awo.de/" "Mozilla/4.0 (compatible; MSIE 7.0; TOB 6.05; Windows NT 5.1; .NET CLR 1.1.4322; .NET CLR 2.0.50727)"
87.185.233.131 - - [05/Jan/2009:10:42:56 +0100] "GET /img/top_bg.jpg HTTP/1.1" 200 559 "http://www.sozialedienste-awo.de/" "Mozilla/4.0 (compatible; MSIE 7.0; TOB 6.05; Windows NT 5.1; .NET CLR 1.1.4322; .NET CLR 2.0.50727)"
87.185.233.131 - - [05/Jan/2009:10:42:56 +0100] "GET /img/sd_title.png HTTP/1.1" 200 11137 "http://www.sozialedienste-awo.de/" "Mozilla/4.0 (compatible; MSIE 7.0; TOB 6.05; Windows NT 5.1; .NET CLR 1.1.4322; .NET CLR 2.0.50727)"
87.185.233.131 - - [05/Jan/2009:10:42:56 +0100] "GET /img/sd_button_1.png HTTP/1.1" 200 3654 "http://www.sozialedienste-awo.de/" "Mozilla/4.0 (compatible; MSIE 7.0; TOB 6.05; Windows NT 5.1; .NET CLR 1.1.4322; .NET CLR 2.0.50727)"
87.185.233.131 - - [05/Jan/2009:10:42:56 +0100] "GET /img/top_bg_pic.jpg HTTP/1.1" 200 10139 "http://www.sozialedienste-awo.de/" "Mozilla/4.0 (compatible; MSIE 7.0; TOB 6.05; Windows NT 5.1; .NET CLR 1.1.4322; .NET CLR 2.0.50727)"
87.185.233.131 - - [05/Jan/2009:10:42:56 +0100] "GET /img/head_familie.png HTTP/1.1" 200 113136 "http://www.sozialedienste-awo.de/" "Mozilla/4.0 (compatible; MSIE 7.0; TOB 6.05; Windows NT 5.1; .NET CLR 1.1.4322; .NET CLR 2.0.50727)"
87.185.233.131 - - [05/Jan/2009:10:42:56 +0100] "GET /img/uploads/Hobbywerkstatt.JPG HTTP/1.1" 200 63731 "http://www.sozialedienste-awo.de/" "Mozilla/4.0 (compatible; MSIE 7.0; TOB 6.05; Windows NT 5.1; .NET CLR 1.1.4322; .NET CLR 2.0.50727)"
87.185.233.131 - - [05/Jan/2009:10:42:57 +0100] "GET /img/top_border.png HTTP/1.1" 200 149 "http://www.sozialedienste-awo.de/" "Mozilla/4.0 (compatible; MSIE 7.0; TOB 6.05; Windows NT 5.1; .NET CLR 1.1.4322; .NET CLR 2.0.50727)"
87.185.233.131 - - [05/Jan/2009:10:42:57 +0100] "GET /img/opened.png HTTP/1.1" 200 301 "http://www.sozialedienste-awo.de/" "Mozilla/4.0 (compatible; MSIE 7.0; TOB 6.05; Windows NT 5.1; .NET CLR 1.1.4322; .NET CLR 2.0.50727)"
87.185.233.131 - - [05/Jan/2009:10:42:57 +0100] "GET /img/closed.png HTTP/1.1" 200 306 "http://www.sozialedienste-awo.de/" "Mozilla/4.0 (compatible; MSIE 7.0; TOB 6.05; Windows NT 5.1; .NET CLR 1.1.4322; .NET CLR 2.0.50727)"
87.185.233.131 - - [05/Jan/2009:10:42:58 +0100] "GET /favicon.ico HTTP/1.1" 404 - "-" "T-Online Browser"
87.185.233.131 - - [05/Jan/2009:10:43:01 +0100] "GET /?index=400000000 HTTP/1.1" 200 3569 "http://www.sozialedienste-awo.de/" "Mozilla/4.0 (compatible; MSIE 7.0; TOB 6.05; Windows NT 5.1; .NET CLR 1.1.4322; .NET CLR 2.0.50727)"
87.185.233.131 - - [05/Jan/2009:10:43:02 +0100] "GET /favicon.ico HTTP/1.1" 404 - "-" "T-Online Browser"
87.185.233.131 - - [05/Jan/2009:10:43:11 +0100] "GET /formulare/Stellenanzeige%20KV.pdf HTTP/1.1" 200 41480 "http://www.sozialedienste-awo.de/?index=400000000" "Mozilla/4.0 (compatible; MSIE 7.0; TOB 6.05; Windows NT 5.1; .NET CLR 1.1.4322; .NET CLR 2.0.50727)"
87.185.233.131 - - [05/Jan/2009:10:43:23 +0100] "GET /favicon.ico HTTP/1.1" 404 - "-" "T-Online Browser"
87.185.233.131 - - [05/Jan/2009:10:43:47 +0100] "GET / HTTP/1.1" 200 5088 "http://suche.t-online.de/fast-cgi/tsc?mandant=toi&device=html&portallanguage=de&userlanguage=de&dia=adr&context=internet-tab&tpc=internet&ptl=std&classification=internet-tab_internet_std&start=0&num=10&type=all&lang=any&more=none&q=www.awo-bernau.de" "Mozilla/4.0 (compatible; MSIE 7.0; TOB 6.05; Windows NT 5.1; .NET CLR 1.1.4322; .NET CLR 2.0.50727)"
87.185.233.131 - - [05/Jan/2009:10:43:47 +0100] "GET /css/styles.css HTTP/1.1" 304 - "http://www.sozialedienste-awo.de/" "Mozilla/4.0 (compatible; MSIE 7.0; TOB 6.05; Windows NT 5.1; .NET CLR 1.1.4322; .NET CLR 2.0.50727)"
87.185.233.131 - - [05/Jan/2009:10:43:47 +0100] "GET /img/trennlinie.png HTTP/1.1" 304 - "http://www.sozialedienste-awo.de/" "Mozilla/4.0 (compatible; MSIE 7.0; TOB 6.05; Windows NT 5.1; .NET CLR 1.1.4322; .NET CLR 2.0.50727)"
87.185.233.131 - - [05/Jan/2009:10:43:47 +0100] "GET /img/kv_button_1.png HTTP/1.1" 304 - "http://www.sozialedienste-awo.de/" "Mozilla/4.0 (compatible; MSIE 7.0; TOB 6.05; Windows NT 5.1; .NET CLR 1.1.4322; .NET CLR 2.0.50727)"
87.185.233.131 - - [05/Jan/2009:10:43:47 +0100] "GET /img/top_bg.jpg HTTP/1.1" 304 - "http://www.sozialedienste-awo.de/" "Mozilla/4.0 (compatible; MSIE 7.0; TOB 6.05; Windows NT 5.1; .NET CLR 1.1.4322; .NET CLR 2.0.50727)"
87.185.233.131 - - [05/Jan/2009:10:43:47 +0100] "GET /img/sd_button_1.png HTTP/1.1" 304 - "http://www.sozialedienste-awo.de/" "Mozilla/4.0 (compatible; MSIE 7.0; TOB 6.05; Windows NT 5.1; .NET CLR 1.1.4322; .NET CLR 2.0.50727)"
87.185.233.131 - - [05/Jan/2009:10:43:48 +0100] "GET /img/top_bg_pic.jpg HTTP/1.1" 304 - "http://www.sozialedienste-awo.de/" "Mozilla/4.0 (compatible; MSIE 7.0; TOB 6.05; Windows NT 5.1; .NET CLR 1.1.4322; .NET CLR 2.0.50727)"
87.185.233.131 - - [05/Jan/2009:10:43:48 +0100] "GET /img/sd_title.png HTTP/1.1" 304 - "http://www.sozialedienste-awo.de/" "Mozilla/4.0 (compatible; MSIE 7.0; TOB 6.05; Windows NT 5.1; .NET CLR 1.1.4322; .NET CLR 2.0.50727)"
87.185.233.131 - - [05/Jan/2009:10:43:48 +0100] "GET /img/head_familie.png HTTP/1.1" 304 - "http://www.sozialedienste-awo.de/" "Mozilla/4.0 (compatible; MSIE 7.0; TOB 6.05; Windows NT 5.1; .NET CLR 1.1.4322; .NET CLR 2.0.50727)"
87.185.233.131 - - [05/Jan/2009:10:43:48 +0100] "GET /img/uploads/Hobbywerkstatt.JPG HTTP/1.1" 304 - "http://www.sozialedienste-awo.de/" "Mozilla/4.0 (compatible; MSIE 7.0; TOB 6.05; Windows NT 5.1; .NET CLR 1.1.4322; .NET CLR 2.0.50727)"
87.185.233.131 - - [05/Jan/2009:10:43:48 +0100] "GET /img/top_border.png HTTP/1.1" 304 - "http://www.sozialedienste-awo.de/" "Mozilla/4.0 (compatible; MSIE 7.0; TOB 6.05; Windows NT 5.1; .NET CLR 1.1.4322; .NET CLR 2.0.50727)"
87.185.233.131 - - [05/Jan/2009:10:43:48 +0100] "GET /img/opened.png HTTP/1.1" 304 - "http://www.sozialedienste-awo.de/" "Mozilla/4.0 (compatible; MSIE 7.0; TOB 6.05; Windows NT 5.1; .NET CLR 1.1.4322; .NET CLR 2.0.50727)"
87.185.233.131 - - [05/Jan/2009:10:43:48 +0100] "GET /img/closed.png HTTP/1.1" 304 - "http://www.sozialedienste-awo.de/" "Mozilla/4.0 (compatible; MSIE 7.0; TOB 6.05; Windows NT 5.1; .NET CLR 1.1.4322; .NET CLR 2.0.50727)"
87.185.233.131 - - [05/Jan/2009:10:43:48 +0100] "GET /favicon.ico HTTP/1.1" 404 - "-" "T-Online Browser"
87.185.233.131 - - [05/Jan/2009:10:43:57 +0100] "GET /?index=504000000 HTTP/1.1" 200 3130 "http://www.sozialedienste-awo.de/" "Mozilla/4.0 (compatible; MSIE 7.0; TOB 6.05; Windows NT 5.1; .NET CLR 1.1.4322; .NET CLR 2.0.50727)"
87.185.233.131 - - [05/Jan/2009:10:43:57 +0100] "GET /favicon.ico HTTP/1.1" 404 - "-" "T-Online Browser"
87.185.233.131 - - [05/Jan/2009:10:44:08 +0100] "GET /?index=100000000 HTTP/1.1" 200 5088 "http://www.sozialedienste-awo.de/?index=504000000" "Mozilla/4.0 (compatible; MSIE 7.0; TOB 6.05; Windows NT 5.1; .NET CLR 1.1.4322; .NET CLR 2.0.50727)"
87.185.233.131 - - [05/Jan/2009:10:44:09 +0100] "GET /favicon.ico HTTP/1.1" 404 - "-" "T-Online Browser"
87.185.233.131 - - [05/Jan/2009:10:44:14 +0100] "GET /?index=503000000 HTTP/1.1" 200 4062 "http://www.sozialedienste-awo.de/?index=100000000" "Mozilla/4.0 (compatible; MSIE 7.0; TOB 6.05; Windows NT 5.1; .NET CLR 1.1.4322; .NET CLR 2.0.50727)"
87.185.233.131 - - [05/Jan/2009:10:44:14 +0100] "GET /img/uploads/wohn.jpg HTTP/1.1" 200 62666 "http://www.sozialedienste-awo.de/?index=503000000" "Mozilla/4.0 (compatible; MSIE 7.0; TOB 6.05; Windows NT 5.1; .NET CLR 1.1.4322; .NET CLR 2.0.50727)"
87.185.233.131 - - [05/Jan/2009:10:44:14 +0100] "GET /favicon.ico HTTP/1.1" 404 - "-" "T-Online Browser"
87.185.233.131 - - [05/Jan/2009:10:44:56 +0100] "GET /?index=503030000 HTTP/1.1" 200 3052 "http://www.sozialedienste-awo.de/?index=503000000" "Mozilla/4.0 (compatible; MSIE 7.0; TOB 6.05; Windows NT 5.1; .NET CLR 1.1.4322; .NET CLR 2.0.50727)"
87.185.233.131 - - [05/Jan/2009:10:44:56 +0100] "GET /favicon.ico HTTP/1.1" 404 - "-" "T-Online Browser"
87.185.233.131 - - [05/Jan/2009:10:45:01 +0100] "GET /?index=503000000 HTTP/1.1" 200 4062 "http://www.sozialedienste-awo.de/?index=503030000" "Mozilla/4.0 (compatible; MSIE 7.0; TOB 6.05; Windows NT 5.1; .NET CLR 1.1.4322; .NET CLR 2.0.50727)"
87.185.233.131 - - [05/Jan/2009:10:45:02 +0100] "GET /favicon.ico HTTP/1.1" 404 - "-" "T-Online Browser"
87.185.233.131 - - [05/Jan/2009:10:46:53 +0100] "GET /?index=503040000 HTTP/1.1" 200 7418 "http://www.sozialedienste-awo.de/?index=503000000" "Mozilla/4.0 (compatible; MSIE 7.0; TOB 6.05; Windows NT 5.1; .NET CLR 1.1.4322; .NET CLR 2.0.50727)"
87.185.233.131 - - [05/Jan/2009:10:46:54 +0100] "GET /img/uploads/fiedler.jpg HTTP/1.1" 200 18462 "http://www.sozialedienste-awo.de/?index=503040000" "Mozilla/4.0 (compatible; MSIE 7.0; TOB 6.05; Windows NT 5.1; .NET CLR 1.1.4322; .NET CLR 2.0.50727)"
87.185.233.131 - - [05/Jan/2009:10:46:54 +0100] "GET /favicon.ico HTTP/1.1" 404 - "-" "T-Online Browser"
87.185.233.131 - - [05/Jan/2009:10:47:13 +0100] "GET /css/styles.css HTTP/1.1" 304 - "-" "Mozilla/4.0 (compatible; MSIE 7.0; Windows NT 5.1; .NET CLR 1.1.4322; .NET CLR 2.0.50727)"
87.162.44.65 - - [05/Jan/2009:10:48:15 +0100] "GET / HTTP/1.1" 200 5088 "http://www.google.de/search?hl=de&q=Awo+bernau&btnG=Google-Suche&meta=" "Mozilla/4.0 (compatible; MSIE 6.0; Windows NT 5.1; SV1)"
87.162.44.65 - - [05/Jan/2009:10:48:16 +0100] "GET /css/styles.css HTTP/1.1" 200 4398 "http://www.sozialedienste-awo.de/" "Mozilla/4.0 (compatible; MSIE 6.0; Windows NT 5.1; SV1)"
87.162.44.65 - - [05/Jan/2009:10:48:16 +0100] "GET /img/trennlinie.png HTTP/1.1" 200 192 "http://www.sozialedienste-awo.de/" "Mozilla/4.0 (compatible; MSIE 6.0; Windows NT 5.1; SV1)"
87.162.44.65 - - [05/Jan/2009:10:48:16 +0100] "GET /img/sd_button_1.png HTTP/1.1" 200 3654 "http://www.sozialedienste-awo.de/" "Mozilla/4.0 (compatible; MSIE 6.0; Windows NT 5.1; SV1)"
87.162.44.65 - - [05/Jan/2009:10:48:16 +0100] "GET /img/kv_button_1.png HTTP/1.1" 200 3344 "http://www.sozialedienste-awo.de/" "Mozilla/4.0 (compatible; MSIE 6.0; Windows NT 5.1; SV1)"
87.162.44.65 - - [05/Jan/2009:10:48:16 +0100] "GET /img/sd_title.png HTTP/1.1" 200 11137 "http://www.sozialedienste-awo.de/" "Mozilla/4.0 (compatible; MSIE 6.0; Windows NT 5.1; SV1)"
87.162.44.65 - - [05/Jan/2009:10:48:16 +0100] "GET /img/top_bg.jpg HTTP/1.1" 200 559 "http://www.sozialedienste-awo.de/" "Mozilla/4.0 (compatible; MSIE 6.0; Windows NT 5.1; SV1)"
87.162.44.65 - - [05/Jan/2009:10:48:16 +0100] "GET /img/top_bg_pic.jpg HTTP/1.1" 200 10139 "http://www.sozialedienste-awo.de/" "Mozilla/4.0 (compatible; MSIE 6.0; Windows NT 5.1; SV1)"
87.162.44.65 - - [05/Jan/2009:10:48:16 +0100] "GET /img/uploads/Hobbywerkstatt.JPG HTTP/1.1" 200 63731 "http://www.sozialedienste-awo.de/" "Mozilla/4.0 (compatible; MSIE 6.0; Windows NT 5.1; SV1)"
87.162.44.65 - - [05/Jan/2009:10:48:17 +0100] "GET /img/top_border.png HTTP/1.1" 200 149 "http://www.sozialedienste-awo.de/" "Mozilla/4.0 (compatible; MSIE 6.0; Windows NT 5.1; SV1)"
87.162.44.65 - - [05/Jan/2009:10:48:16 +0100] "GET /img/head_familie.png HTTP/1.1" 200 113136 "http://www.sozialedienste-awo.de/" "Mozilla/4.0 (compatible; MSIE 6.0; Windows NT 5.1; SV1)"
87.162.44.65 - - [05/Jan/2009:10:48:17 +0100] "GET /img/opened.png HTTP/1.1" 200 301 "http://www.sozialedienste-awo.de/" "Mozilla/4.0 (compatible; MSIE 6.0; Windows NT 5.1; SV1)"
87.162.44.65 - - [05/Jan/2009:10:48:18 +0100] "GET /img/closed.png HTTP/1.1" 200 306 "http://www.sozialedienste-awo.de/" "Mozilla/4.0 (compatible; MSIE 6.0; Windows NT 5.1; SV1)"
87.187.178.230 - - [05/Jan/2009:10:48:28 +0100] "GET / HTTP/1.1" 200 5088 "-" "Mozilla/4.0 (compatible; MSIE 7.0; Windows NT 5.1; .NET CLR 2.0.50727)"
87.187.178.230 - - [05/Jan/2009:10:48:28 +0100] "GET /css/styles.css HTTP/1.1" 304 - "http://www.sozialedienste-awo.de/" "Mozilla/4.0 (compatible; MSIE 7.0; Windows NT 5.1; .NET CLR 2.0.50727)"
87.187.178.230 - - [05/Jan/2009:10:48:29 +0100] "GET /img/trennlinie.png HTTP/1.1" 304 - "http://www.sozialedienste-awo.de/" "Mozilla/4.0 (compatible; MSIE 7.0; Windows NT 5.1; .NET CLR 2.0.50727)"
87.187.178.230 - - [05/Jan/2009:10:48:29 +0100] "GET /img/top_bg.jpg HTTP/1.1" 304 - "http://www.sozialedienste-awo.de/" "Mozilla/4.0 (compatible; MSIE 7.0; Windows NT 5.1; .NET CLR 2.0.50727)"
87.187.178.230 - - [05/Jan/2009:10:48:29 +0100] "GET /img/kv_button_1.png HTTP/1.1" 304 - "http://www.sozialedienste-awo.de/" "Mozilla/4.0 (compatible; MSIE 7.0; Windows NT 5.1; .NET CLR 2.0.50727)"
87.187.178.230 - - [05/Jan/2009:10:48:29 +0100] "GET /img/sd_button_1.png HTTP/1.1" 304 - "http://www.sozialedienste-awo.de/" "Mozilla/4.0 (compatible; MSIE 7.0; Windows NT 5.1; .NET CLR 2.0.50727)"
87.187.178.230 - - [05/Jan/2009:10:48:29 +0100] "GET /img/top_bg_pic.jpg HTTP/1.1" 304 - "http://www.sozialedienste-awo.de/" "Mozilla/4.0 (compatible; MSIE 7.0; Windows NT 5.1; .NET CLR 2.0.50727)"
87.187.178.230 - - [05/Jan/2009:10:48:29 +0100] "GET /img/sd_title.png HTTP/1.1" 304 - "http://www.sozialedienste-awo.de/" "Mozilla/4.0 (compatible; MSIE 7.0; Windows NT 5.1; .NET CLR 2.0.50727)"
87.187.178.230 - - [05/Jan/2009:10:48:29 +0100] "GET /img/uploads/Hobbywerkstatt.JPG HTTP/1.1" 304 - "http://www.sozialedienste-awo.de/" "Mozilla/4.0 (compatible; MSIE 7.0; Windows NT 5.1; .NET CLR 2.0.50727)"
87.187.178.230 - - [05/Jan/2009:10:48:29 +0100] "GET /img/head_familie.png HTTP/1.1" 304 - "http://www.sozialedienste-awo.de/" "Mozilla/4.0 (compatible; MSIE 7.0; Windows NT 5.1; .NET CLR 2.0.50727)"
87.187.178.230 - - [05/Jan/2009:10:48:29 +0100] "GET /img/top_border.png HTTP/1.1" 304 - "http://www.sozialedienste-awo.de/" "Mozilla/4.0 (compatible; MSIE 7.0; Windows NT 5.1; .NET CLR 2.0.50727)"
87.187.178.230 - - [05/Jan/2009:10:48:29 +0100] "GET /img/opened.png HTTP/1.1" 304 - "http://www.sozialedienste-awo.de/" "Mozilla/4.0 (compatible; MSIE 7.0; Windows NT 5.1; .NET CLR 2.0.50727)"
87.187.178.230 - - [05/Jan/2009:10:48:29 +0100] "GET /img/closed.png HTTP/1.1" 304 - "http://www.sozialedienste-awo.de/" "Mozilla/4.0 (compatible; MSIE 7.0; Windows NT 5.1; .NET CLR 2.0.50727)"
87.162.44.65 - - [05/Jan/2009:10:49:01 +0100] "GET /?index=503000000 HTTP/1.1" 200 4062 "http://www.sozialedienste-awo.de/" "Mozilla/4.0 (compatible; MSIE 6.0; Windows NT 5.1; SV1)"
87.162.44.65 - - [05/Jan/2009:10:49:01 +0100] "GET /img/uploads/wohn.jpg HTTP/1.1" 200 62666 "http://www.sozialedienste-awo.de/?index=503000000" "Mozilla/4.0 (compatible; MSIE 6.0; Windows NT 5.1; SV1)"
91.0.40.169 - - [05/Jan/2009:10:49:52 +0100] "GET / HTTP/1.1" 200 5088 "-" "Mozilla/4.0 (compatible; MSIE 6.0; Windows NT 5.0)"
91.0.40.169 - - [05/Jan/2009:10:49:53 +0100] "GET /css/styles.css HTTP/1.1" 200 4398 "http://www.sozialedienste-awo.de/" "Mozilla/4.0 (compatible; MSIE 6.0; Windows NT 5.0)"
91.0.40.169 - - [05/Jan/2009:10:49:53 +0100] "GET /img/trennlinie.png HTTP/1.1" 200 192 "http://www.sozialedienste-awo.de/" "Mozilla/4.0 (compatible; MSIE 6.0; Windows NT 5.0)"
91.0.40.169 - - [05/Jan/2009:10:49:53 +0100] "GET /img/kv_button_1.png HTTP/1.1" 200 3344 "http://www.sozialedienste-awo.de/" "Mozilla/4.0 (compatible; MSIE 6.0; Windows NT 5.0)"
91.0.40.169 - - [05/Jan/2009:10:49:53 +0100] "GET /img/sd_button_1.png HTTP/1.1" 200 3654 "http://www.sozialedienste-awo.de/" "Mozilla/4.0 (compatible; MSIE 6.0; Windows NT 5.0)"
91.0.40.169 - - [05/Jan/2009:10:49:53 +0100] "GET /img/sd_title.png HTTP/1.1" 200 11137 "http://www.sozialedienste-awo.de/" "Mozilla/4.0 (compatible; MSIE 6.0; Windows NT 5.0)"
91.0.40.169 - - [05/Jan/2009:10:49:53 +0100] "GET /img/top_bg.jpg HTTP/1.1" 200 559 "http://www.sozialedienste-awo.de/" "Mozilla/4.0 (compatible; MSIE 6.0; Windows NT 5.0)"
91.0.40.169 - - [05/Jan/2009:10:49:53 +0100] "GET /img/top_bg_pic.jpg HTTP/1.1" 200 10139 "http://www.sozialedienste-awo.de/" "Mozilla/4.0 (compatible; MSIE 6.0; Windows NT 5.0)"
91.0.40.169 - - [05/Jan/2009:10:49:53 +0100] "GET /img/uploads/Hobbywerkstatt.JPG HTTP/1.1" 200 63731 "http://www.sozialedienste-awo.de/" "Mozilla/4.0 (compatible; MSIE 6.0; Windows NT 5.0)"
91.0.40.169 - - [05/Jan/2009:10:49:54 +0100] "GET /img/top_border.png HTTP/1.1" 200 149 "http://www.sozialedienste-awo.de/" "Mozilla/4.0 (compatible; MSIE 6.0; Windows NT 5.0)"
91.0.40.169 - - [05/Jan/2009:10:49:54 +0100] "GET /img/opened.png HTTP/1.1" 200 301 "http://www.sozialedienste-awo.de/" "Mozilla/4.0 (compatible; MSIE 6.0; Windows NT 5.0)"
91.0.40.169 - - [05/Jan/2009:10:49:54 +0100] "GET /img/closed.png HTTP/1.1" 200 306 "http://www.sozialedienste-awo.de/" "Mozilla/4.0 (compatible; MSIE 6.0; Windows NT 5.0)"
91.0.40.169 - - [05/Jan/2009:10:49:53 +0100] "GET /img/head_familie.png HTTP/1.1" 200 113136 "http://www.sozialedienste-awo.de/" "Mozilla/4.0 (compatible; MSIE 6.0; Windows NT 5.0)"
87.162.44.65 - - [05/Jan/2009:10:50:26 +0100] "GET /?index=400000000 HTTP/1.1" 200 3569 "http://www.sozialedienste-awo.de/?index=503000000" "Mozilla/4.0 (compatible; MSIE 6.0; Windows NT 5.1; SV1)"
87.162.44.65 - - [05/Jan/2009:10:50:31 +0100] "GET /?index=503000000 HTTP/1.1" 200 4062 "http://www.sozialedienste-awo.de/?index=400000000" "Mozilla/4.0 (compatible; MSIE 6.0; Windows NT 5.1; SV1)"
87.162.44.65 - - [05/Jan/2009:10:50:32 +0100] "GET /?index=503000000 HTTP/1.1" 200 4062 "http://www.sozialedienste-awo.de/?index=503000000" "Mozilla/4.0 (compatible; MSIE 6.0; Windows NT 5.1; SV1)"
87.162.44.65 - - [05/Jan/2009:10:50:39 +0100] "GET /?index=503030000 HTTP/1.1" 200 3052 "http://www.sozialedienste-awo.de/?index=503000000" "Mozilla/4.0 (compatible; MSIE 6.0; Windows NT 5.1; SV1)"
87.187.178.230 - - [05/Jan/2009:10:50:44 +0100] "GET /formulare/Stellenanzeige%20KV.pdf HTTP/1.1" 200 41480 "http://www.awo-kv-bernau.de/?index=205000000" "Mozilla/4.0 (compatible; MSIE 7.0; Windows NT 5.1; GTB5)"
87.162.44.65 - - [05/Jan/2009:10:50:55 +0100] "GET /?index=504000000 HTTP/1.1" 200 3130 "http://www.sozialedienste-awo.de/?index=503030000" "Mozilla/4.0 (compatible; MSIE 6.0; Windows NT 5.1; SV1)"
87.162.44.65 - - [05/Jan/2009:10:51:01 +0100] "GET /?index=503000000 HTTP/1.1" 200 4062 "http://www.sozialedienste-awo.de/?index=504000000" "Mozilla/4.0 (compatible; MSIE 6.0; Windows NT 5.1; SV1)"
87.162.44.65 - - [05/Jan/2009:10:51:33 +0100] "GET /?index=503010000 HTTP/1.1" 200 5660 "http://www.sozialedienste-awo.de/?index=503000000" "Mozilla/4.0 (compatible; MSIE 6.0; Windows NT 5.1; SV1)"
87.187.178.230 - - [05/Jan/2009:10:51:35 +0100] "GET / HTTP/1.1" 200 5088 "http://www.awo-kv-bernau.de/?index=500000000" "Mozilla/4.0 (compatible; MSIE 7.0; Windows NT 5.1; GTB5)"
87.187.178.230 - - [05/Jan/2009:10:51:36 +0100] "GET /css/styles.css HTTP/1.1" 200 4398 "http://www.sozialedienste-awo.de/" "Mozilla/4.0 (compatible; MSIE 7.0; Windows NT 5.1; GTB5)"
87.187.178.230 - - [05/Jan/2009:10:51:36 +0100] "GET /img/trennlinie.png HTTP/1.1" 200 192 "http://www.sozialedienste-awo.de/" "Mozilla/4.0 (compatible; MSIE 7.0; Windows NT 5.1; GTB5)"
87.187.178.230 - - [05/Jan/2009:10:51:36 +0100] "GET /img/top_bg_pic.jpg HTTP/1.1" 200 10139 "http://www.sozialedienste-awo.de/" "Mozilla/4.0 (compatible; MSIE 7.0; Windows NT 5.1; GTB5)"
87.187.178.230 - - [05/Jan/2009:10:51:36 +0100] "GET /img/top_bg.jpg HTTP/1.1" 200 559 "http://www.sozialedienste-awo.de/" "Mozilla/4.0 (compatible; MSIE 7.0; Windows NT 5.1; GTB5)"
87.187.178.230 - - [05/Jan/2009:10:51:36 +0100] "GET /img/top_border.png HTTP/1.1" 200 149 "http://www.sozialedienste-awo.de/" "Mozilla/4.0 (compatible; MSIE 7.0; Windows NT 5.1; GTB5)"
87.187.178.230 - - [05/Jan/2009:10:51:36 +0100] "GET /img/kv_button_1.png HTTP/1.1" 200 3344 "http://www.sozialedienste-awo.de/" "Mozilla/4.0 (compatible; MSIE 7.0; Windows NT 5.1; GTB5)"
87.187.178.230 - - [05/Jan/2009:10:51:36 +0100] "GET /img/sd_button_1.png HTTP/1.1" 200 3654 "http://www.sozialedienste-awo.de/" "Mozilla/4.0 (compatible; MSIE 7.0; Windows NT 5.1; GTB5)"
87.187.178.230 - - [05/Jan/2009:10:51:36 +0100] "GET /img/sd_title.png HTTP/1.1" 200 11137 "http://www.sozialedienste-awo.de/" "Mozilla/4.0 (compatible; MSIE 7.0; Windows NT 5.1; GTB5)"
87.187.178.230 - - [05/Jan/2009:10:51:36 +0100] "GET /img/head_familie.png HTTP/1.1" 200 113136 "http://www.sozialedienste-awo.de/" "Mozilla/4.0 (compatible; MSIE 7.0; Windows NT 5.1; GTB5)"
87.187.178.230 - - [05/Jan/2009:10:51:36 +0100] "GET /img/uploads/Hobbywerkstatt.JPG HTTP/1.1" 200 63731 "http://www.sozialedienste-awo.de/" "Mozilla/4.0 (compatible; MSIE 7.0; Windows NT 5.1; GTB5)"
87.187.178.230 - - [05/Jan/2009:10:51:37 +0100] "GET /img/opened.png HTTP/1.1" 200 301 "http://www.sozialedienste-awo.de/" "Mozilla/4.0 (compatible; MSIE 7.0; Windows NT 5.1; GTB5)"
87.187.178.230 - - [05/Jan/2009:10:51:37 +0100] "GET /img/closed.png HTTP/1.1" 200 306 "http://www.sozialedienste-awo.de/" "Mozilla/4.0 (compatible; MSIE 7.0; Windows NT 5.1; GTB5)"
87.187.178.230 - - [05/Jan/2009:10:51:37 +0100] "GET /favicon.ico HTTP/1.1" 404 - "-" "Mozilla/4.0 (compatible; MSIE 7.0; Windows NT 5.1; GTB5)"
91.0.40.169 - - [05/Jan/2009:10:51:38 +0100] "GET /?index=400000000 HTTP/1.1" 200 3569 "http://www.sozialedienste-awo.de/" "Mozilla/4.0 (compatible; MSIE 6.0; Windows NT 5.0)"
91.0.40.169 - - [05/Jan/2009:10:51:51 +0100] "GET /formulare/Stellenanzeige%20KV.pdf HTTP/1.1" 200 41480 "http://www.sozialedienste-awo.de/?index=400000000" "Mozilla/4.0 (compatible; MSIE 6.0; Windows NT 5.0)"
91.0.40.169 - - [05/Jan/2009:10:51:51 +0100] "GET /formulare/Stellenanzeige%20KV.pdf HTTP/1.1" 206 37664 "-" "Mozilla/4.0 (compatible; MSIE 6.0; Windows NT 5.0)"
87.187.178.230 - - [05/Jan/2009:10:51:55 +0100] "GET /?index=501000000 HTTP/1.1" 200 14608 "http://www.sozialedienste-awo.de/" "Mozilla/4.0 (compatible; MSIE 7.0; Windows NT 5.1; GTB5)"
87.187.178.230 - - [05/Jan/2009:10:51:55 +0100] "GET /img/uploads/auto.jpg HTTP/1.1" 200 38814 "http://www.sozialedienste-awo.de/?index=501000000" "Mozilla/4.0 (compatible; MSIE 7.0; Windows NT 5.1; GTB5)"
87.187.178.230 - - [05/Jan/2009:10:51:55 +0100] "GET /img/uploads/pflegedienst2.jpg HTTP/1.1" 200 19209 "http://www.sozialedienste-awo.de/?index=501000000" "Mozilla/4.0 (compatible; MSIE 7.0; Windows NT 5.1; GTB5)"
87.187.178.230 - - [05/Jan/2009:10:51:55 +0100] "GET /img/uploads/pflegedienst1.jpg HTTP/1.1" 200 16922 "http://www.sozialedienste-awo.de/?index=501000000" "Mozilla/4.0 (compatible; MSIE 7.0; Windows NT 5.1; GTB5)"
87.187.178.230 - - [05/Jan/2009:10:52:06 +0100] "GET /?index=502000000 HTTP/1.1" 200 5110 "http://www.sozialedienste-awo.de/?index=501000000" "Mozilla/4.0 (compatible; MSIE 7.0; Windows NT 5.1; GTB5)"
87.187.178.230 - - [05/Jan/2009:10:52:09 +0100] "GET /?index=502010000 HTTP/1.1" 200 10614 "http://www.sozialedienste-awo.de/?index=502000000" "Mozilla/4.0 (compatible; MSIE 7.0; Windows NT 5.1; GTB5)"
87.187.178.230 - - [05/Jan/2009:10:52:15 +0100] "GET /?index=502020000 HTTP/1.1" 200 4507 "http://www.sozialedienste-awo.de/?index=502010000" "Mozilla/4.0 (compatible; MSIE 7.0; Windows NT 5.1; GTB5)"
87.187.178.230 - - [05/Jan/2009:10:52:18 +0100] "GET /?index=502030000 HTTP/1.1" 200 3490 "http://www.sozialedienste-awo.de/?index=502020000" "Mozilla/4.0 (compatible; MSIE 7.0; Windows NT 5.1; GTB5)"
87.187.178.230 - - [05/Jan/2009:10:52:18 +0100] "GET /img/uploads/ah1.jpg HTTP/1.1" 200 10219 "http://www.sozialedienste-awo.de/?index=502030000" "Mozilla/4.0 (compatible; MSIE 7.0; Windows NT 5.1; GTB5)"
87.187.178.230 - - [05/Jan/2009:10:52:18 +0100] "GET /img/uploads/ah2.jpg HTTP/1.1" 200 13401 "http://www.sozialedienste-awo.de/?index=502030000" "Mozilla/4.0 (compatible; MSIE 7.0; Windows NT 5.1; GTB5)"
87.187.178.230 - - [05/Jan/2009:10:52:18 +0100] "GET /img/uploads/ah3.jpg HTTP/1.1" 200 8936 "http://www.sozialedienste-awo.de/?index=502030000" "Mozilla/4.0 (compatible; MSIE 7.0; Windows NT 5.1; GTB5)"
87.187.178.230 - - [05/Jan/2009:10:52:18 +0100] "GET /img/uploads/ah4.jpg HTTP/1.1" 200 10095 "http://www.sozialedienste-awo.de/?index=502030000" "Mozilla/4.0 (compatible; MSIE 7.0; Windows NT 5.1; GTB5)"
87.187.178.230 - - [05/Jan/2009:10:52:18 +0100] "GET /img/uploads/ah5.jpg HTTP/1.1" 200 8301 "http://www.sozialedienste-awo.de/?index=502030000" "Mozilla/4.0 (compatible; MSIE 7.0; Windows NT 5.1; GTB5)"
87.185.233.131 - - [05/Jan/2009:10:52:21 +0100] "GET /?index=400000000 HTTP/1.1" 200 3569 "http://www.sozialedienste-awo.de/?index=503040000" "Mozilla/4.0 (compatible; MSIE 7.0; TOB 6.05; Windows NT 5.1; .NET CLR 1.1.4322; .NET CLR 2.0.50727)"
87.185.233.131 - - [05/Jan/2009:10:52:21 +0100] "GET /favicon.ico HTTP/1.1" 404 - "-" "T-Online Browser"
87.187.178.230 - - [05/Jan/2009:10:52:25 +0100] "GET /?index=502040000 HTTP/1.1" 200 6109 "http://www.sozialedienste-awo.de/?index=502030000" "Mozilla/4.0 (compatible; MSIE 7.0; Windows NT 5.1; GTB5)"
87.187.178.230 - - [05/Jan/2009:10:52:25 +0100] "GET /img/uploads/petersrichter.jpg HTTP/1.1" 200 36301 "http://www.sozialedienste-awo.de/?index=502040000" "Mozilla/4.0 (compatible; MSIE 7.0; Windows NT 5.1; GTB5)"
87.187.178.230 - - [05/Jan/2009:10:52:32 +0100] "GET / HTTP/1.1" 200 5088 "-" "Mozilla/5.0 (Windows; U; Windows NT 6.0; de; rv:1.9.0.5) Gecko/2008120122 Firefox/3.0.5"
87.187.178.230 - - [05/Jan/2009:10:52:33 +0100] "GET /css/styles.css HTTP/1.1" 200 4398 "http://www.sozialedienste-awo.de/" "Mozilla/5.0 (Windows; U; Windows NT 6.0; de; rv:1.9.0.5) Gecko/2008120122 Firefox/3.0.5"
87.187.178.230 - - [05/Jan/2009:10:52:33 +0100] "GET /img/trennlinie.png HTTP/1.1" 200 192 "http://www.sozialedienste-awo.de/" "Mozilla/5.0 (Windows; U; Windows NT 6.0; de; rv:1.9.0.5) Gecko/2008120122 Firefox/3.0.5"
87.187.178.230 - - [05/Jan/2009:10:52:33 +0100] "GET /img/top_bg_pic.jpg HTTP/1.1" 200 10139 "http://www.sozialedienste-awo.de/css/styles.css" "Mozilla/5.0 (Windows; U; Windows NT 6.0; de; rv:1.9.0.5) Gecko/2008120122 Firefox/3.0.5"
87.187.178.230 - - [05/Jan/2009:10:52:33 +0100] "GET /img/sd_button_1.png HTTP/1.1" 200 3654 "http://www.sozialedienste-awo.de/" "Mozilla/5.0 (Windows; U; Windows NT 6.0; de; rv:1.9.0.5) Gecko/2008120122 Firefox/3.0.5"
87.187.178.230 - - [05/Jan/2009:10:52:33 +0100] "GET /img/kv_button_1.png HTTP/1.1" 200 3344 "http://www.sozialedienste-awo.de/" "Mozilla/5.0 (Windows; U; Windows NT 6.0; de; rv:1.9.0.5) Gecko/2008120122 Firefox/3.0.5"
87.187.178.230 - - [05/Jan/2009:10:52:33 +0100] "GET /img/sd_title.png HTTP/1.1" 200 11137 "http://www.sozialedienste-awo.de/" "Mozilla/5.0 (Windows; U; Windows NT 6.0; de; rv:1.9.0.5) Gecko/2008120122 Firefox/3.0.5"
87.187.178.230 - - [05/Jan/2009:10:52:33 +0100] "GET /img/top_bg.jpg HTTP/1.1" 200 559 "http://www.sozialedienste-awo.de/css/styles.css" "Mozilla/5.0 (Windows; U; Windows NT 6.0; de; rv:1.9.0.5) Gecko/2008120122 Firefox/3.0.5"
87.187.178.230 - - [05/Jan/2009:10:52:33 +0100] "GET /img/top_border.png HTTP/1.1" 200 149 "http://www.sozialedienste-awo.de/css/styles.css" "Mozilla/5.0 (Windows; U; Windows NT 6.0; de; rv:1.9.0.5) Gecko/2008120122 Firefox/3.0.5"
87.187.178.230 - - [05/Jan/2009:10:52:33 +0100] "GET /img/opened.png HTTP/1.1" 200 301 "http://www.sozialedienste-awo.de/" "Mozilla/5.0 (Windows; U; Windows NT 6.0; de; rv:1.9.0.5) Gecko/2008120122 Firefox/3.0.5"
87.187.178.230 - - [05/Jan/2009:10:52:33 +0100] "GET /img/closed.png HTTP/1.1" 200 306 "http://www.sozialedienste-awo.de/" "Mozilla/5.0 (Windows; U; Windows NT 6.0; de; rv:1.9.0.5) Gecko/2008120122 Firefox/3.0.5"
87.187.178.230 - - [05/Jan/2009:10:52:33 +0100] "GET /img/head_familie.png HTTP/1.1" 200 113136 "http://www.sozialedienste-awo.de/css/styles.css" "Mozilla/5.0 (Windows; U; Windows NT 6.0; de; rv:1.9.0.5) Gecko/2008120122 Firefox/3.0.5"
87.187.178.230 - - [05/Jan/2009:10:52:34 +0100] "GET /img/uploads/Hobbywerkstatt.JPG HTTP/1.1" 200 63731 "http://www.sozialedienste-awo.de/" "Mozilla/5.0 (Windows; U; Windows NT 6.0; de; rv:1.9.0.5) Gecko/2008120122 Firefox/3.0.5"
87.187.178.230 - - [05/Jan/2009:10:52:35 +0100] "GET /favicon.ico HTTP/1.1" 404 - "-" "Mozilla/5.0 (Windows; U; Windows NT 6.0; de; rv:1.9.0.5) Gecko/2008120122 Firefox/3.0.5"
87.187.178.230 - - [05/Jan/2009:10:52:34 +0100] "GET /?index=503000000 HTTP/1.1" 200 4062 "http://www.sozialedienste-awo.de/?index=502040000" "Mozilla/4.0 (compatible; MSIE 7.0; Windows NT 5.1; GTB5)"
87.187.178.230 - - [05/Jan/2009:10:52:35 +0100] "GET /img/uploads/wohn.jpg HTTP/1.1" 200 62666 "http://www.sozialedienste-awo.de/?index=503000000" "Mozilla/4.0 (compatible; MSIE 7.0; Windows NT 5.1; GTB5)"
87.185.233.131 - - [05/Jan/2009:10:52:36 +0100] "GET /?index=503000000 HTTP/1.1" 200 4062 "http://www.sozialedienste-awo.de/?index=400000000" "Mozilla/4.0 (compatible; MSIE 7.0; TOB 6.05; Windows NT 5.1; .NET CLR 1.1.4322; .NET CLR 2.0.50727)"
87.185.233.131 - - [05/Jan/2009:10:52:37 +0100] "GET /favicon.ico HTTP/1.1" 404 - "-" "T-Online Browser"
87.187.178.230 - - [05/Jan/2009:10:52:38 +0100] "GET /favicon.ico HTTP/1.1" 404 - "-" "Mozilla/5.0 (Windows; U; Windows NT 6.0; de; rv:1.9.0.5) Gecko/2008120122 Firefox/3.0.5"
91.0.40.169 - - [05/Jan/2009:10:52:40 +0100] "GET /index.php?index=2147483647 HTTP/1.1" 200 12425 "http://www.sozialedienste-awo.de/?index=400000000" "Mozilla/4.0 (compatible; MSIE 6.0; Windows NT 5.0)"
87.187.178.230 - - [05/Jan/2009:10:52:44 +0100] "GET /?index=503010000 HTTP/1.1" 200 5660 "http://www.sozialedienste-awo.de/?index=503000000" "Mozilla/4.0 (compatible; MSIE 7.0; Windows NT 5.1; GTB5)"
87.187.178.230 - - [05/Jan/2009:10:52:47 +0100] "GET /?index=503020000 HTTP/1.1" 200 11147 "http://www.sozialedienste-awo.de/?index=503010000" "Mozilla/4.0 (compatible; MSIE 7.0; Windows NT 5.1; GTB5)"
87.187.178.230 - - [05/Jan/2009:10:52:50 +0100] "GET /?index=503030000 HTTP/1.1" 200 3052 "http://www.sozialedienste-awo.de/?index=503020000" "Mozilla/4.0 (compatible; MSIE 7.0; Windows NT 5.1; GTB5)"
87.185.233.131 - - [05/Jan/2009:10:52:51 +0100] "GET /?index=504000000 HTTP/1.1" 200 3130 "http://www.sozialedienste-awo.de/?index=503000000" "Mozilla/4.0 (compatible; MSIE 7.0; TOB 6.05; Windows NT 5.1; .NET CLR 1.1.4322; .NET CLR 2.0.50727)"
87.185.233.131 - - [05/Jan/2009:10:52:51 +0100] "GET /favicon.ico HTTP/1.1" 404 - "-" "T-Online Browser"
87.187.178.230 - - [05/Jan/2009:10:52:52 +0100] "GET /?index=503040000 HTTP/1.1" 200 7418 "http://www.sozialedienste-awo.de/?index=503030000" "Mozilla/4.0 (compatible; MSIE 7.0; Windows NT 5.1; GTB5)"
87.187.178.230 - - [05/Jan/2009:10:52:53 +0100] "GET /img/uploads/fiedler.jpg HTTP/1.1" 200 18462 "http://www.sozialedienste-awo.de/?index=503040000" "Mozilla/4.0 (compatible; MSIE 7.0; Windows NT 5.1; GTB5)"
87.187.178.230 - - [05/Jan/2009:10:52:58 +0100] "GET /?index=504000000 HTTP/1.1" 200 3130 "http://www.sozialedienste-awo.de/?index=503040000" "Mozilla/4.0 (compatible; MSIE 7.0; Windows NT 5.1; GTB5)"
87.185.233.131 - - [05/Jan/2009:10:53:00 +0100] "GET /index.php?index=2147483647 HTTP/1.1" 200 12425 "http://www.sozialedienste-awo.de/?index=504000000" "Mozilla/4.0 (compatible; MSIE 7.0; TOB 6.05; Windows NT 5.1; .NET CLR 1.1.4322; .NET CLR 2.0.50727)"
87.185.233.131 - - [05/Jan/2009:10:53:00 +0100] "GET /favicon.ico HTTP/1.1" 404 - "-" "T-Online Browser"
87.187.178.230 - - [05/Jan/2009:10:53:02 +0100] "GET /?index=504010000 HTTP/1.1" 200 5050 "http://www.sozialedienste-awo.de/?index=504000000" "Mozilla/4.0 (compatible; MSIE 7.0; Windows NT 5.1; GTB5)"
87.187.178.230 - - [05/Jan/2009:10:53:06 +0100] "GET /?index=504020000 HTTP/1.1" 200 9335 "http://www.sozialedienste-awo.de/?index=504010000" "Mozilla/4.0 (compatible; MSIE 7.0; Windows NT 5.1; GTB5)"
87.185.233.131 - - [05/Jan/2009:10:53:09 +0100] "GET /index.php?index=100000000 HTTP/1.1" 200 5088 "http://www.sozialedienste-awo.de/index.php?index=2147483647" "Mozilla/4.0 (compatible; MSIE 7.0; TOB 6.05; Windows NT 5.1; .NET CLR 1.1.4322; .NET CLR 2.0.50727)"
87.185.233.131 - - [05/Jan/2009:10:53:10 +0100] "GET /favicon.ico HTTP/1.1" 404 - "-" "T-Online Browser"
87.187.178.230 - - [05/Jan/2009:10:53:14 +0100] "GET /?index=504020000 HTTP/1.1" 200 9335 "http://www.sozialedienste-awo.de/?index=504020000" "Mozilla/4.0 (compatible; MSIE 7.0; Windows NT 5.1; GTB5)"
87.187.178.230 - - [05/Jan/2009:10:53:16 +0100] "GET /?index=504030000 HTTP/1.1" 200 3064 "http://www.sozialedienste-awo.de/?index=504020000" "Mozilla/4.0 (compatible; MSIE 7.0; Windows NT 5.1; GTB5)"
87.187.178.230 - - [05/Jan/2009:10:53:17 +0100] "GET /?index=504040000 HTTP/1.1" 200 4997 "http://www.sozialedienste-awo.de/?index=504030000" "Mozilla/4.0 (compatible; MSIE 7.0; Windows NT 5.1; GTB5)"
87.187.178.230 - - [05/Jan/2009:10:53:18 +0100] "GET /img/uploads/schulze.jpg HTTP/1.1" 200 44046 "http://www.sozialedienste-awo.de/?index=504040000" "Mozilla/4.0 (compatible; MSIE 7.0; Windows NT 5.1; GTB5)"
87.185.233.131 - - [05/Jan/2009:10:53:29 +0100] "GET / HTTP/1.1" 200 5088 "http://www.awo-kv-bernau.de/" "Mozilla/4.0 (compatible; MSIE 7.0; TOB 6.05; Windows NT 5.1; .NET CLR 1.1.4322; .NET CLR 2.0.50727)"
87.185.233.131 - - [05/Jan/2009:10:53:30 +0100] "GET /favicon.ico HTTP/1.1" 404 - "-" "T-Online Browser"
87.187.178.230 - - [05/Jan/2009:10:53:30 +0100] "GET /?index=100000000 HTTP/1.1" 200 5088 "http://www.sozialedienste-awo.de/?index=504040000" "Mozilla/4.0 (compatible; MSIE 7.0; Windows NT 5.1; GTB5)"
87.187.178.230 - - [05/Jan/2009:10:53:32 +0100] "GET /?index=200000000 HTTP/1.1" 200 6545 "http://www.sozialedienste-awo.de/?index=100000000" "Mozilla/4.0 (compatible; MSIE 7.0; Windows NT 5.1; GTB5)"
87.187.178.230 - - [05/Jan/2009:10:53:33 +0100] "GET /img/uploads/vorstand.jpg HTTP/1.1" 200 46009 "http://www.sozialedienste-awo.de/?index=200000000" "Mozilla/4.0 (compatible; MSIE 7.0; Windows NT 5.1; GTB5)"
87.185.233.131 - - [05/Jan/2009:10:53:38 +0100] "GET /index.php?index=2147483647 HTTP/1.1" 200 12425 "http://www.sozialedienste-awo.de/" "Mozilla/4.0 (compatible; MSIE 7.0; TOB 6.05; Windows NT 5.1; .NET CLR 1.1.4322; .NET CLR 2.0.50727)"
87.185.233.131 - - [05/Jan/2009:10:53:38 +0100] "GET /favicon.ico HTTP/1.1" 404 - "-" "T-Online Browser"
87.185.233.131 - - [05/Jan/2009:10:53:51 +0100] "GET /index.php?index=503000000 HTTP/1.1" 200 4062 "http://www.sozialedienste-awo.de/index.php?index=2147483647" "Mozilla/4.0 (compatible; MSIE 7.0; TOB 6.05; Windows NT 5.1; .NET CLR 1.1.4322; .NET CLR 2.0.50727)"
87.185.233.131 - - [05/Jan/2009:10:53:51 +0100] "GET /favicon.ico HTTP/1.1" 404 - "-" "T-Online Browser"
87.187.178.230 - - [05/Jan/2009:10:53:52 +0100] "GET /?index=300000000 HTTP/1.1" 200 4508 "http://www.sozialedienste-awo.de/?index=200000000" "Mozilla/4.0 (compatible; MSIE 7.0; Windows NT 5.1; GTB5)"
87.187.178.230 - - [05/Jan/2009:10:53:52 +0100] "GET /img/uploads/vorstand.jpg HTTP/1.1" 200 46009 "http://www.awo-kv-bernau.de/index.php?index=201000000" "Mozilla/5.0 (Windows; U; Windows NT 6.0; de; rv:1.9.0.5) Gecko/2008120122 Firefox/3.0.5"
87.185.233.131 - - [05/Jan/2009:10:54:05 +0100] "GET /index.php?index=503010000 HTTP/1.1" 200 5660 "http://www.sozialedienste-awo.de/index.php?index=503000000" "Mozilla/4.0 (compatible; MSIE 7.0; TOB 6.05; Windows NT 5.1; .NET CLR 1.1.4322; .NET CLR 2.0.50727)"
87.185.233.131 - - [05/Jan/2009:10:54:06 +0100] "GET /favicon.ico HTTP/1.1" 404 - "-" "T-Online Browser"
87.187.178.230 - - [05/Jan/2009:10:54:07 +0100] "GET /?index=400000000 HTTP/1.1" 200 3569 "http://www.sozialedienste-awo.de/?index=300000000" "Mozilla/4.0 (compatible; MSIE 7.0; Windows NT 5.1; GTB5)"
87.187.178.230 - - [05/Jan/2009:10:54:09 +0100] "GET / HTTP/1.1" 200 5088 "http://www.awo-kv-bernau.de/index.php?index=201000000" "Mozilla/5.0 (Windows; U; Windows NT 6.0; de; rv:1.9.0.5) Gecko/2008120122 Firefox/3.0.5"
87.185.233.131 - - [05/Jan/2009:10:54:14 +0100] "GET /index.php?index=503020000 HTTP/1.1" 200 11147 "http://www.sozialedienste-awo.de/index.php?index=503010000" "Mozilla/4.0 (compatible; MSIE 7.0; TOB 6.05; Windows NT 5.1; .NET CLR 1.1.4322; .NET CLR 2.0.50727)"
87.185.233.131 - - [05/Jan/2009:10:54:15 +0100] "GET /favicon.ico HTTP/1.1" 404 - "-" "T-Online Browser"
87.187.178.230 - - [05/Jan/2009:10:54:20 +0100] "GET /?index=501000000 HTTP/1.1" 200 14608 "http://www.sozialedienste-awo.de/" "Mozilla/5.0 (Windows; U; Windows NT 6.0; de; rv:1.9.0.5) Gecko/2008120122 Firefox/3.0.5"
87.187.178.230 - - [05/Jan/2009:10:54:21 +0100] "GET /img/uploads/auto.jpg HTTP/1.1" 200 38814 "http://www.sozialedienste-awo.de/?index=501000000" "Mozilla/5.0 (Windows; U; Windows NT 6.0; de; rv:1.9.0.5) Gecko/2008120122 Firefox/3.0.5"
87.187.178.230 - - [05/Jan/2009:10:54:21 +0100] "GET /img/uploads/pflegedienst1.jpg HTTP/1.1" 200 16922 "http://www.sozialedienste-awo.de/?index=501000000" "Mozilla/5.0 (Windows; U; Windows NT 6.0; de; rv:1.9.0.5) Gecko/2008120122 Firefox/3.0.5"
87.187.178.230 - - [05/Jan/2009:10:54:21 +0100] "GET /img/uploads/pflegedienst2.jpg HTTP/1.1" 200 19209 "http://www.sozialedienste-awo.de/?index=501000000" "Mozilla/5.0 (Windows; U; Windows NT 6.0; de; rv:1.9.0.5) Gecko/2008120122 Firefox/3.0.5"
217.7.56.20 - - [05/Jan/2009:10:54:28 +0100] "GET / HTTP/1.0" 200 5088 "http://www.google.de/search?hl=de&q=awo+bernau&meta=" "Mozilla/4.0 (compatible; MSIE 6.0; Windows NT 5.1; SV1; .NET CLR 2.0.50727)"
217.7.56.20 - - [05/Jan/2009:10:54:28 +0100] "GET /css/styles.css HTTP/1.0" 200 4398 "http://www.sozialedienste-awo.de/" "Mozilla/4.0 (compatible; MSIE 6.0; Windows NT 5.1; SV1; .NET CLR 2.0.50727)"
217.7.56.20 - - [05/Jan/2009:10:54:28 +0100] "GET /img/trennlinie.png HTTP/1.0" 200 192 "http://www.sozialedienste-awo.de/" "Mozilla/4.0 (compatible; MSIE 6.0; Windows NT 5.1; SV1; .NET CLR 2.0.50727)"
217.7.56.20 - - [05/Jan/2009:10:54:28 +0100] "GET /img/sd_button_1.png HTTP/1.0" 200 3654 "http://www.sozialedienste-awo.de/" "Mozilla/4.0 (compatible; MSIE 6.0; Windows NT 5.1; SV1; .NET CLR 2.0.50727)"
217.7.56.20 - - [05/Jan/2009:10:54:28 +0100] "GET /img/kv_button_1.png HTTP/1.0" 200 3344 "http://www.sozialedienste-awo.de/" "Mozilla/4.0 (compatible; MSIE 6.0; Windows NT 5.1; SV1; .NET CLR 2.0.50727)"
217.7.56.20 - - [05/Jan/2009:10:54:28 +0100] "GET /img/top_bg.jpg HTTP/1.0" 200 559 "http://www.sozialedienste-awo.de/" "Mozilla/4.0 (compatible; MSIE 6.0; Windows NT 5.1; SV1; .NET CLR 2.0.50727)"
217.7.56.20 - - [05/Jan/2009:10:54:28 +0100] "GET /img/sd_title.png HTTP/1.0" 200 11137 "http://www.sozialedienste-awo.de/" "Mozilla/4.0 (compatible; MSIE 6.0; Windows NT 5.1; SV1; .NET CLR 2.0.50727)"
217.7.56.20 - - [05/Jan/2009:10:54:28 +0100] "GET /img/top_bg_pic.jpg HTTP/1.0" 200 10139 "http://www.sozialedienste-awo.de/" "Mozilla/4.0 (compatible; MSIE 6.0; Windows NT 5.1; SV1; .NET CLR 2.0.50727)"
217.7.56.20 - - [05/Jan/2009:10:54:28 +0100] "GET /img/top_border.png HTTP/1.0" 200 149 "http://www.sozialedienste-awo.de/" "Mozilla/4.0 (compatible; MSIE 6.0; Windows NT 5.1; SV1; .NET CLR 2.0.50727)"
217.7.56.20 - - [05/Jan/2009:10:54:28 +0100] "GET /img/uploads/Hobbywerkstatt.JPG HTTP/1.0" 200 63731 "http://www.sozialedienste-awo.de/" "Mozilla/4.0 (compatible; MSIE 6.0; Windows NT 5.1; SV1; .NET CLR 2.0.50727)"
217.7.56.20 - - [05/Jan/2009:10:54:28 +0100] "GET /img/opened.png HTTP/1.0" 200 301 "http://www.sozialedienste-awo.de/" "Mozilla/4.0 (compatible; MSIE 6.0; Windows NT 5.1; SV1; .NET CLR 2.0.50727)"
217.7.56.20 - - [05/Jan/2009:10:54:28 +0100] "GET /img/closed.png HTTP/1.0" 200 306 "http://www.sozialedienste-awo.de/" "Mozilla/4.0 (compatible; MSIE 6.0; Windows NT 5.1; SV1; .NET CLR 2.0.50727)"
217.7.56.20 - - [05/Jan/2009:10:54:28 +0100] "GET /img/head_familie.png HTTP/1.0" 200 113136 "http://www.sozialedienste-awo.de/" "Mozilla/4.0 (compatible; MSIE 6.0; Windows NT 5.1; SV1; .NET CLR 2.0.50727)"
87.187.178.230 - - [05/Jan/2009:10:54:34 +0100] "GET /?index=503000000 HTTP/1.1" 200 4062 "http://www.sozialedienste-awo.de/?index=501000000" "Mozilla/5.0 (Windows; U; Windows NT 6.0; de; rv:1.9.0.5) Gecko/2008120122 Firefox/3.0.5"
87.187.178.230 - - [05/Jan/2009:10:54:34 +0100] "GET /img/uploads/wohn.jpg HTTP/1.1" 200 62666 "http://www.sozialedienste-awo.de/?index=503000000" "Mozilla/5.0 (Windows; U; Windows NT 6.0; de; rv:1.9.0.5) Gecko/2008120122 Firefox/3.0.5"
87.185.233.131 - - [05/Jan/2009:10:54:35 +0100] "GET /index.php?index=503030000 HTTP/1.1" 200 3052 "http://www.sozialedienste-awo.de/index.php?index=503020000" "Mozilla/4.0 (compatible; MSIE 7.0; TOB 6.05; Windows NT 5.1; .NET CLR 1.1.4322; .NET CLR 2.0.50727)"
87.185.233.131 - - [05/Jan/2009:10:54:35 +0100] "GET /favicon.ico HTTP/1.1" 404 - "-" "T-Online Browser"
87.185.233.131 - - [05/Jan/2009:10:54:38 +0100] "GET /index.php?index=503040000 HTTP/1.1" 200 7418 "http://www.sozialedienste-awo.de/index.php?index=503030000" "Mozilla/4.0 (compatible; MSIE 7.0; TOB 6.05; Windows NT 5.1; .NET CLR 1.1.4322; .NET CLR 2.0.50727)"
87.185.233.131 - - [05/Jan/2009:10:54:39 +0100] "GET /favicon.ico HTTP/1.1" 404 - "-" "T-Online Browser"
87.187.178.230 - - [05/Jan/2009:10:54:41 +0100] "GET /?index=503030000 HTTP/1.1" 200 3052 "http://www.sozialedienste-awo.de/?index=503000000" "Mozilla/5.0 (Windows; U; Windows NT 6.0; de; rv:1.9.0.5) Gecko/2008120122 Firefox/3.0.5"
87.187.178.230 - - [05/Jan/2009:10:54:56 +0100] "GET /formulare/Beitrittsformular%20AWO%20Bernau.pdf HTTP/1.1" 200 14062 "http://www.awo-kv-bernau.de/?index=203000000" "Mozilla/4.0 (compatible; MSIE 7.0; Windows NT 5.1; GTB5)"
91.0.40.169 - - [05/Jan/2009:10:55:38 +0100] "GET /?index=100000000 HTTP/1.1" 200 5088 "http://www.sozialedienste-awo.de/?index=400000000" "Mozilla/4.0 (compatible; MSIE 6.0; Windows NT 5.0)"
91.0.40.169 - - [05/Jan/2009:10:56:12 +0100] "GET /?index=200000000 HTTP/1.1" 200 6545 "http://www.sozialedienste-awo.de/?index=100000000" "Mozilla/4.0 (compatible; MSIE 6.0; Windows NT 5.0)"
91.0.40.169 - - [05/Jan/2009:10:56:12 +0100] "GET /img/uploads/vorstand.jpg HTTP/1.1" 200 46009 "http://www.sozialedienste-awo.de/?index=200000000" "Mozilla/4.0 (compatible; MSIE 6.0; Windows NT 5.0)"
91.0.40.169 - - [05/Jan/2009:10:57:58 +0100] "GET /?index=300000000 HTTP/1.1" 200 4508 "http://www.sozialedienste-awo.de/?index=100000000" "Mozilla/4.0 (compatible; MSIE 6.0; Windows NT 5.0)"
91.0.40.169 - - [05/Jan/2009:10:58:05 +0100] "GET /?index=400000000 HTTP/1.1" 200 3569 "http://www.sozialedienste-awo.de/?index=300000000" "Mozilla/4.0 (compatible; MSIE 6.0; Windows NT 5.0)"
87.187.178.230 - - [05/Jan/2009:11:02:40 +0100] "GET / HTTP/1.1" 200 5088 "-" "Mozilla/4.0 (compatible; MSIE 7.0; Windows NT 5.1)"
87.187.178.230 - - [05/Jan/2009:11:02:40 +0100] "GET /css/styles.css HTTP/1.1" 200 4398 "http://www.sozialedienste-awo.de/" "Mozilla/4.0 (compatible; MSIE 7.0; Windows NT 5.1)"
87.187.178.230 - - [05/Jan/2009:11:02:44 +0100] "GET /img/trennlinie.png HTTP/1.1" 200 192 "http://www.sozialedienste-awo.de/" "Mozilla/4.0 (compatible; MSIE 7.0; Windows NT 5.1)"
87.187.178.230 - - [05/Jan/2009:11:02:44 +0100] "GET /img/kv_button_1.png HTTP/1.1" 200 3344 "http://www.sozialedienste-awo.de/" "Mozilla/4.0 (compatible; MSIE 7.0; Windows NT 5.1)"
87.187.178.230 - - [05/Jan/2009:11:02:44 +0100] "GET /img/sd_button_1.png HTTP/1.1" 200 3654 "http://www.sozialedienste-awo.de/" "Mozilla/4.0 (compatible; MSIE 7.0; Windows NT 5.1)"
87.187.178.230 - - [05/Jan/2009:11:02:44 +0100] "GET /img/sd_title.png HTTP/1.1" 200 11137 "http://www.sozialedienste-awo.de/" "Mozilla/4.0 (compatible; MSIE 7.0; Windows NT 5.1)"
87.187.178.230 - - [05/Jan/2009:11:02:44 +0100] "GET /img/uploads/Hobbywerkstatt.JPG HTTP/1.1" 200 63731 "http://www.sozialedienste-awo.de/" "Mozilla/4.0 (compatible; MSIE 7.0; Windows NT 5.1)"
87.187.178.230 - - [05/Jan/2009:11:02:45 +0100] "GET /img/top_bg.jpg HTTP/1.1" 200 559 "http://www.sozialedienste-awo.de/" "Mozilla/4.0 (compatible; MSIE 7.0; Windows NT 5.1)"
87.187.178.230 - - [05/Jan/2009:11:02:45 +0100] "GET /img/top_bg_pic.jpg HTTP/1.1" 200 10139 "http://www.sozialedienste-awo.de/" "Mozilla/4.0 (compatible; MSIE 7.0; Windows NT 5.1)"
87.187.178.230 - - [05/Jan/2009:11:02:45 +0100] "GET /img/top_border.png HTTP/1.1" 200 149 "http://www.sozialedienste-awo.de/" "Mozilla/4.0 (compatible; MSIE 7.0; Windows NT 5.1)"
87.187.178.230 - - [05/Jan/2009:11:02:45 +0100] "GET /img/opened.png HTTP/1.1" 200 301 "http://www.sozialedienste-awo.de/" "Mozilla/4.0 (compatible; MSIE 7.0; Windows NT 5.1)"
87.187.178.230 - - [05/Jan/2009:11:02:45 +0100] "GET /img/closed.png HTTP/1.1" 200 306 "http://www.sozialedienste-awo.de/" "Mozilla/4.0 (compatible; MSIE 7.0; Windows NT 5.1)"
