141.8.147.12 - - [15/Sep/2013:15:36:25 +0200] "GET /robots.txt HTTP/1.1" 301 392 "-" "Mozilla/5.0 (compatible; YandexBot/3.0; +http://yandex.com/bots)"
113.161.75.116 - - [15/Sep/2013:17:36:44 +0200] "GET / HTTP/1.1" 301 365 "-" "Java/1.6.0_18"
113.161.75.116 - - [15/Sep/2013:17:36:49 +0200] "GET /WebResource.axd?d=Bv1-mjeyja02JJ6n2wFQ43vgZO8UaX85QiobgQo7CCZG-fnqlRFt6lLkR6htUda4792Vc2iS18Exe7hUAGV65k4aHrI1&t=635022714918232500 HTTP/1.1" 301 504 "-" "Java/1.6.0_18"
113.161.75.116 - - [15/Sep/2013:17:36:51 +0200] "GET /home.aspx HTTP/1.1" 301 374 "-" "Java/1.6.0_18"
113.161.75.116 - - [15/Sep/2013:17:36:52 +0200] "GET /_layouts/blank.js?rev=QGOYAJlouiWgFRlhHVlMKA%3D%3D HTTP/1.1" 301 415 "-" "Java/1.6.0_18"
113.161.75.116 - - [15/Sep/2013:17:36:53 +0200] "GET /buildingtechnologies/de HTTP/1.1" 301 388 "-" "Java/1.6.0_18"
113.161.75.116 - - [15/Sep/2013:17:36:55 +0200] "GET //w3.siemens.com/ote/ote_config.js HTTP/1.1" 301 397 "-" "Java/1.6.0_18"
113.161.75.116 - - [15/Sep/2013:17:36:56 +0200] "GET /buildingtechnologies/de/de/Pages/home.aspx HTTP/1.1" 301 407 "-" "Java/1.6.0_18"
113.161.75.116 - - [15/Sep/2013:17:36:57 +0200] "GET /_layouts/Querplex/Siemens/WCMS3/scripts/jquery.jcarousel.js?rev=29967635136983423621768 HTTP/1.1" 301 452 "-" "Java/1.6.0_18"
113.161.75.116 - - [15/Sep/2013:17:36:58 +0200] "GET /_layouts/Querplex/Siemens/WCMS3/scripts/scripts.pack.js?rev=19816635136983424089780 HTTP/1.1" 301 448 "-" "Java/1.6.0_18"
113.161.75.116 - - [15/Sep/2013:17:37:00 +0200] "GET /_layouts/Querplex/Siemens/WCMS3/scripts/social-media-accordion.js?rev=15324635136983424401788 HTTP/1.1" 301 458 "-" "Java/1.6.0_18"
113.161.75.116 - - [15/Sep/2013:17:37:04 +0200] "GET /_layouts/Querplex/Siemens/WCMS3/scripts/swfobject-2.2.js HTTP/1.1" 301 421 "-" "Java/1.6.0_18"
113.161.75.116 - - [15/Sep/2013:17:37:05 +0200] "GET /_layouts/Querplex/Siemens/WCMS3/scripts/w2glayer.pack.js?rev=54117635136983424713796 HTTP/1.1" 301 449 "-" "Java/1.6.0_18"
113.161.75.116 - - [15/Sep/2013:17:37:07 +0200] "GET /buildingtechnologies/de/de/brandschutz/Seiten/brandschutz.aspx HTTP/1.1" 301 427 "-" "Java/1.6.0_18"
113.161.75.116 - - [15/Sep/2013:17:37:08 +0200] "GET /buildingtechnologies/de/de/energieeffizienz/Seiten/energieeffizienz.aspx HTTP/1.1" 301 437 "-" "Java/1.6.0_18"
113.161.75.116 - - [15/Sep/2013:17:37:09 +0200] "GET /buildingtechnologies/de/de/extranet/Seiten/extranet.aspx HTTP/1.1" 301 421 "-" "Java/1.6.0_18"
113.161.75.116 - - [15/Sep/2013:17:37:11 +0200] "GET /buildingtechnologies/de/de/gebaeudeautomation-hlk/Seiten/gebaeudeautomation.aspx HTTP/1.1" 301 445 "-" "Java/1.6.0_18"
113.161.75.116 - - [15/Sep/2013:17:37:12 +0200] "GET /buildingtechnologies/de/de/kundenzeitschriften/Pages/kundenzeitschriften.aspx HTTP/1.1" 301 442 "-" "Java/1.6.0_18"
113.161.75.116 - - [15/Sep/2013:17:37:13 +0200] "GET /buildingtechnologies/de/de/marktspezifische-loesungen/Seiten/marktspezifische-loesungen.aspx HTTP/1.1" 301 457 "-" "Java/1.6.0_18"
113.161.75.116 - - [15/Sep/2013:17:37:15 +0200] "GET /buildingtechnologies/de/de/messen-events/Seiten/messen-events.aspx HTTP/1.1" 301 431 "-" "Java/1.6.0_18"
113.161.75.116 - - [15/Sep/2013:17:37:16 +0200] "GET /buildingtechnologies/de/de/news/Seiten/news.aspx HTTP/1.1" 301 413 "-" "Java/1.6.0_18"
113.161.75.116 - - [15/Sep/2013:17:37:18 +0200] "GET /buildingtechnologies/de/de/partners/Seiten/partners.aspx HTTP/1.1" 301 421 "-" "Java/1.6.0_18"
113.161.75.116 - - [15/Sep/2013:17:37:19 +0200] "GET /buildingtechnologies/de/de/presse/Seiten/presse.aspx HTTP/1.1" 301 417 "-" "Java/1.6.0_18"
113.161.75.116 - - [15/Sep/2013:17:37:20 +0200] "GET /buildingtechnologies/de/de/referenzen/Seiten/referenzen.aspx HTTP/1.1" 301 425 "-" "Java/1.6.0_18"
113.161.75.116 - - [15/Sep/2013:17:37:22 +0200] "GET /buildingtechnologies/de/de/sicherheit/Seiten/sicherheitstechnik.aspx HTTP/1.1" 301 433 "-" "Java/1.6.0_18"
113.161.75.116 - - [15/Sep/2013:17:37:23 +0200] "GET /buildingtechnologies/de/de/support/Seiten/kostenlose-apps.aspx HTTP/1.1" 301 427 "-" "Java/1.6.0_18"
113.161.75.116 - - [15/Sep/2013:17:37:24 +0200] "GET /buildingtechnologies/de/de/support/Seiten/support.aspx HTTP/1.1" 301 419 "-" "Java/1.6.0_18"
113.161.75.116 - - [15/Sep/2013:17:37:26 +0200] "GET /buildingtechnologies/de/de/total-building-solutions/Seiten/total-building-solutions.aspx HTTP/1.1" 301 453 "-" "Java/1.6.0_18"
113.161.75.116 - - [15/Sep/2013:17:37:27 +0200] "GET /buildingtechnologies/de/de/ueber-uns/Seiten/ueber-uns.aspx HTTP/1.1" 301 423 "-" "Java/1.6.0_18"
113.161.75.116 - - [15/Sep/2013:17:37:28 +0200] "GET /wcms3/custom/OSSPAD3/ote/regions/ote.js HTTP/1.1" 301 404 "-" "Java/1.6.0_18"
113.161.75.116 - - [15/Sep/2013:17:37:30 +0200] "GET /_layouts/Querplex/Siemens/WCMS3/scripts/libs/jquery-1.4.4.min.js HTTP/1.1" 301 429 "-" "Java/1.6.0_18"
141.8.147.12 - - [15/Sep/2013:23:21:04 +0200] "GET / HTTP/1.1" 301 382 "-" "Mozilla/5.0 (compatible; YandexBot/3.0; +http://yandex.com/bots)"
141.8.147.12 - - [16/Sep/2013:03:46:54 +0200] "GET /robots.txt HTTP/1.1" 301 392 "-" "Mozilla/5.0 (compatible; YandexBot/3.0; +http://yandex.com/bots)"
66.249.78.81 - - [16/Sep/2013:05:55:31 +0200] "GET /robots.txt HTTP/1.1" 301 386 "-" "Mozilla/5.0 (compatible; Googlebot/2.1; +http://www.google.com/bot.html)"
66.249.78.81 - - [16/Sep/2013:05:55:32 +0200] "GET / HTTP/1.1" 301 376 "-" "Mozilla/5.0 (iPhone; U; CPU iPhone OS 4_1 like Mac OS X; en-us) AppleWebKit/532.9 (KHTML, like Gecko) Version/4.0.5 Mobile/8B117 Safari/6531.22.7 (compatible; Googlebot-Mobile/2.1; +http://www.google.com/bot.html)"
66.249.78.88 - - [16/Sep/2013:06:04:08 +0200] "GET /robots.txt HTTP/1.1" 301 394 "-" "Mozilla/5.0 (compatible; Googlebot/2.1; +http://www.google.com/bot.html)"
66.249.78.88 - - [16/Sep/2013:06:04:09 +0200] "GET / HTTP/1.1" 301 384 "-" "Mozilla/5.0 (iPhone; U; CPU iPhone OS 4_1 like Mac OS X; en-us) AppleWebKit/532.9 (KHTML, like Gecko) Version/4.0.5 Mobile/8B117 Safari/6531.22.7 (compatible; Googlebot-Mobile/2.1; +http://www.google.com/bot.html)"
141.8.147.12 - - [16/Sep/2013:07:56:57 +0200] "GET /robots.txt HTTP/1.1" 301 375 "-" "Mozilla/5.0 (compatible; YandexBot/3.0; +http://yandex.com/bots)"
93.145.220.107 - - [16/Sep/2013:10:07:59 +0200] "GET / HTTP/1.1" 301 376 "-" "Java/1.4.1_04"
93.145.220.107 - - [16/Sep/2013:10:08:01 +0200] "GET /WebResource.axd?d=Bv1-mjeyja02JJ6n2wFQ43vgZO8UaX85QiobgQo7CCZG-fnqlRFt6lLkR6htUda4792Vc2iS18Exe7hUAGV65k4aHrI1&t=635022714918232500 HTTP/1.1" 301 515 "-" "Java/1.4.1_04"
93.145.220.107 - - [16/Sep/2013:10:08:01 +0200] "GET /home.aspx HTTP/1.1" 301 385 "-" "Java/1.4.1_04"
93.145.220.107 - - [16/Sep/2013:10:08:01 +0200] "GET /_layouts/blank.js?rev=QGOYAJlouiWgFRlhHVlMKA%3D%3D HTTP/1.1" 301 426 "-" "Java/1.4.1_04"
93.145.220.107 - - [16/Sep/2013:10:08:02 +0200] "GET /buildingtechnologies/de HTTP/1.1" 301 399 "-" "Java/1.4.1_04"
93.145.220.107 - - [16/Sep/2013:10:08:02 +0200] "GET //w3.siemens.com/ote/ote_config.js HTTP/1.1" 301 408 "-" "Java/1.4.1_04"
93.145.220.107 - - [16/Sep/2013:10:08:03 +0200] "GET /buildingtechnologies/de/de/Pages/home.aspx HTTP/1.1" 301 418 "-" "Java/1.4.1_04"
93.145.220.107 - - [16/Sep/2013:10:08:03 +0200] "GET /_layouts/Querplex/Siemens/WCMS3/scripts/jquery.jcarousel.js?rev=29967635136983423621768 HTTP/1.1" 301 463 "-" "Java/1.4.1_04"
93.145.220.107 - - [16/Sep/2013:10:08:03 +0200] "GET /_layouts/Querplex/Siemens/WCMS3/scripts/scripts.pack.js?rev=19816635136983424089780 HTTP/1.1" 301 459 "-" "Java/1.4.1_04"
93.145.220.107 - - [16/Sep/2013:10:08:04 +0200] "GET /_layouts/Querplex/Siemens/WCMS3/scripts/social-media-accordion.js?rev=15324635136983424401788 HTTP/1.1" 301 469 "-" "Java/1.4.1_04"
93.145.220.107 - - [16/Sep/2013:10:08:04 +0200] "GET /_layouts/Querplex/Siemens/WCMS3/scripts/swfobject-2.2.js HTTP/1.1" 301 432 "-" "Java/1.4.1_04"
93.145.220.107 - - [16/Sep/2013:10:08:04 +0200] "GET /_layouts/Querplex/Siemens/WCMS3/scripts/w2glayer.pack.js?rev=54117635136983424713796 HTTP/1.1" 301 460 "-" "Java/1.4.1_04"
93.145.220.107 - - [16/Sep/2013:10:08:04 +0200] "GET /buildingtechnologies/de/de/brandschutz/Seiten/brandschutz.aspx HTTP/1.1" 301 438 "-" "Java/1.4.1_04"
93.145.220.107 - - [16/Sep/2013:10:08:05 +0200] "GET /buildingtechnologies/de/de/energieeffizienz/Seiten/energieeffizienz.aspx HTTP/1.1" 301 448 "-" "Java/1.4.1_04"
93.145.220.107 - - [16/Sep/2013:10:08:05 +0200] "GET /buildingtechnologies/de/de/extranet/Seiten/extranet.aspx HTTP/1.1" 301 432 "-" "Java/1.4.1_04"
93.145.220.107 - - [16/Sep/2013:10:08:06 +0200] "GET /buildingtechnologies/de/de/gebaeudeautomation-hlk/Seiten/gebaeudeautomation.aspx HTTP/1.1" 301 456 "-" "Java/1.4.1_04"
93.145.220.107 - - [16/Sep/2013:10:08:06 +0200] "GET /buildingtechnologies/de/de/kundenzeitschriften/Pages/kundenzeitschriften.aspx HTTP/1.1" 301 453 "-" "Java/1.4.1_04"
93.145.220.107 - - [16/Sep/2013:10:08:06 +0200] "GET /buildingtechnologies/de/de/marktspezifische-loesungen/Seiten/marktspezifische-loesungen.aspx HTTP/1.1" 301 468 "-" "Java/1.4.1_04"
93.145.220.107 - - [16/Sep/2013:10:08:07 +0200] "GET /buildingtechnologies/de/de/messen-events/Seiten/messen-events.aspx HTTP/1.1" 301 442 "-" "Java/1.4.1_04"
93.145.220.107 - - [16/Sep/2013:10:08:07 +0200] "GET /buildingtechnologies/de/de/news/Seiten/news.aspx HTTP/1.1" 301 424 "-" "Java/1.4.1_04"
93.145.220.107 - - [16/Sep/2013:10:08:07 +0200] "GET /buildingtechnologies/de/de/partners/Seiten/partners.aspx HTTP/1.1" 301 432 "-" "Java/1.4.1_04"
93.145.220.107 - - [16/Sep/2013:10:08:08 +0200] "GET /buildingtechnologies/de/de/presse/Seiten/presse.aspx HTTP/1.1" 301 428 "-" "Java/1.4.1_04"
93.145.220.107 - - [16/Sep/2013:10:08:08 +0200] "GET /buildingtechnologies/de/de/referenzen/Seiten/referenzen.aspx HTTP/1.1" 301 436 "-" "Java/1.4.1_04"
93.145.220.107 - - [16/Sep/2013:10:08:08 +0200] "GET /buildingtechnologies/de/de/sicherheit/Seiten/sicherheitstechnik.aspx HTTP/1.1" 301 444 "-" "Java/1.4.1_04"
93.145.220.107 - - [16/Sep/2013:10:08:09 +0200] "GET /buildingtechnologies/de/de/support/Seiten/kostenlose-apps.aspx HTTP/1.1" 301 438 "-" "Java/1.4.1_04"
93.145.220.107 - - [16/Sep/2013:10:08:09 +0200] "GET /buildingtechnologies/de/de/support/Seiten/support.aspx HTTP/1.1" 301 430 "-" "Java/1.4.1_04"
93.145.220.107 - - [16/Sep/2013:10:08:09 +0200] "GET /buildingtechnologies/de/de/total-building-solutions/Seiten/total-building-solutions.aspx HTTP/1.1" 301 464 "-" "Java/1.4.1_04"
93.145.220.107 - - [16/Sep/2013:10:08:10 +0200] "GET /buildingtechnologies/de/de/ueber-uns/Seiten/ueber-uns.aspx HTTP/1.1" 301 434 "-" "Java/1.4.1_04"
93.145.220.107 - - [16/Sep/2013:10:08:10 +0200] "GET /wcms3/custom/OSSPAD3/ote/regions/ote.js HTTP/1.1" 301 415 "-" "Java/1.4.1_04"
93.145.220.107 - - [16/Sep/2013:10:08:10 +0200] "GET /_layouts/Querplex/Siemens/WCMS3/scripts/libs/jquery-1.4.4.min.js HTTP/1.1" 301 440 "-" "Java/1.4.1_04"
141.8.147.12 - - [16/Sep/2013:11:56:29 +0200] "GET /robots.txt HTTP/1.1" 301 384 "-" "Mozilla/5.0 (compatible; YandexBot/3.0; +http://yandex.com/bots)"
141.8.147.12 - - [16/Sep/2013:12:32:28 +0200] "GET / HTTP/1.1" 301 365 "-" "Mozilla/5.0 (compatible; YandexBot/3.0; +http://yandex.com/bots)"
157.55.35.78 - - [16/Sep/2013:17:15:23 +0200] "GET /robots.txt HTTP/1.1" 301 392 "-" "Mozilla/5.0 (compatible; bingbot/2.0; +http://www.bing.com/bingbot.htm)"
157.55.35.78 - - [16/Sep/2013:17:21:09 +0200] "GET /news/index.php?action=shownews HTTP/1.1" 301 412 "-" "Mozilla/5.0 (compatible; bingbot/2.0; +http://www.bing.com/bingbot.htm)"
141.8.147.12 - - [16/Sep/2013:19:00:18 +0200] "GET /robots.txt HTTP/1.1" 301 394 "-" "Mozilla/5.0 (compatible; YandexBot/3.0; +http://yandex.com/bots)"
208.115.111.73 - - [16/Sep/2013:19:14:05 +0200] "GET /robots.txt HTTP/1.1" 301 375 "-" "Mozilla/5.0 (compatible; Ezooms/1.0; ezooms.bot@gmail.com)"
101.226.168.239 - - [16/Sep/2013:19:40:43 +0200] "GET /robots.txt HTTP/1.1" 301 386 "http://www.algorex-partner.de/robots.txt" "Mozilla/4.0 (compatible; MSIE 8.0; Windows NT 6.1; Trident/4.0; SLCC2; .NET CLR 2.0.50727; .NET CLR 3.5.30729; .NET CLR 3.0.30729; Media Center PC 6.0; MDDR; .NET4.0C; .NET4.0E; .NET CLR 1.1.4322; Tablet PC 2.0); 360Spider"
141.8.147.12 - - [16/Sep/2013:20:13:05 +0200] "GET / HTTP/1.1" 301 374 "-" "Mozilla/5.0 (compatible; YandexBot/3.0; +http://yandex.com/bots)"
208.115.111.73 - - [16/Sep/2013:20:29:12 +0200] "GET /security/forw_sibt_security/index.html HTTP/1.1" 301 403 "-" "Mozilla/5.0 (compatible; Ezooms/1.0; ezooms.bot@gmail.com)"
157.56.93.84 - - [16/Sep/2013:20:45:31 +0200] "GET /robots.txt HTTP/1.1" 301 394 "-" "Mozilla/5.0 (compatible; bingbot/2.0; +http://www.bing.com/bingbot.htm)"
157.56.93.84 - - [16/Sep/2013:20:46:05 +0200] "GET / HTTP/1.1" 301 384 "-" "Mozilla/5.0 (compatible; bingbot/2.0; +http://www.bing.com/bingbot.htm)"
141.8.147.12 - - [16/Sep/2013:22:15:16 +0200] "GET /robots.txt HTTP/1.1" 301 386 "-" "Mozilla/5.0 (compatible; YandexBot/3.0; +http://yandex.com/bots)"
141.8.147.12 - - [16/Sep/2013:22:49:51 +0200] "GET / HTTP/1.1" 301 384 "-" "Mozilla/5.0 (compatible; YandexBot/3.0; +http://yandex.com/bots)"
141.8.147.12 - - [17/Sep/2013:03:56:23 +0200] "GET /robots.txt HTTP/1.1" 301 377 "-" "Mozilla/5.0 (compatible; YandexBot/3.0; +http://yandex.com/bots)"
178.77.126.55 - - [17/Sep/2013:04:35:06 +0200] "GET /robots.txt HTTP/1.1" 301 375 "-" "Mozilla/5.0 (compatible; CareerBot/1.1; +http://www.career-x.de/bot.html)"
178.77.126.55 - - [17/Sep/2013:04:35:06 +0200] "GET / HTTP/1.1" 301 365 "-" "Mozilla/5.0 (compatible; CareerBot/1.1; +http://www.career-x.de/bot.html)"
178.77.126.55 - - [17/Sep/2013:05:26:35 +0200] "GET /robots.txt HTTP/1.1" 301 386 "-" "Mozilla/5.0 (compatible; CareerBot/1.1; +http://www.career-x.de/bot.html)"
178.77.126.55 - - [17/Sep/2013:05:26:35 +0200] "GET / HTTP/1.1" 301 376 "-" "Mozilla/5.0 (compatible; CareerBot/1.1; +http://www.career-x.de/bot.html)"
141.8.147.12 - - [17/Sep/2013:06:22:39 +0200] "GET / HTTP/1.1" 301 376 "-" "Mozilla/5.0 (compatible; YandexBot/3.0; +http://yandex.com/bots)"
81.144.138.34 - - [17/Sep/2013:06:34:55 +0200] "GET /robots.txt HTTP/1.1" 301 375 "-" "Wotbox/2.01 (+http://www.wotbox.com/bot/)"
81.144.138.34 - - [17/Sep/2013:06:35:06 +0200] "GET / HTTP/1.1" 301 365 "-" "Wotbox/2.01 (+http://www.wotbox.com/bot/)"
141.8.147.12 - - [17/Sep/2013:08:25:32 +0200] "GET / HTTP/1.1" 301 367 "-" "Mozilla/5.0 (compatible; YandexBot/3.0; +http://yandex.com/bots)"
141.8.147.12 - - [17/Sep/2013:10:32:57 +0200] "GET /robots.txt HTTP/1.1" 301 392 "-" "Mozilla/5.0 (compatible; YandexBot/3.0; +http://yandex.com/bots)"
141.8.147.12 - - [17/Sep/2013:10:56:08 +0200] "GET / HTTP/1.1" 301 382 "-" "Mozilla/5.0 (compatible; YandexBot/3.0; +http://yandex.com/bots)"
217.91.52.253 - - [17/Sep/2013:11:01:53 +0200] "GET / HTTP/1.1" 301 365 "-" "Mozilla/5.0 (X11; Ubuntu; Linux i686; rv:23.0) Gecko/20100101 Firefox/23.0"
101.226.168.223 - - [17/Sep/2013:12:41:36 +0200] "GET /robots.txt HTTP/1.1" 301 386 "http://www.algorex-partner.de/robots.txt" "Mozilla/4.0 (compatible; MSIE 8.0; Windows NT 6.1; Trident/4.0; SLCC2; .NET CLR 2.0.50727; .NET CLR 3.5.30729; .NET CLR 3.0.30729; Media Center PC 6.0; MDDR; .NET4.0C; .NET4.0E; .NET CLR 1.1.4322; Tablet PC 2.0); 360Spider"
81.169.211.231 - - [17/Sep/2013:13:54:35 +0200] "GET / HTTP/1.1" 301 376 "-" "Mozilla/5.0 (Windows NT 6.1; de;rv:12.0) Gecko/20120403211507 Firefox/12.0"
125.209.208.13 - - [17/Sep/2013:14:10:51 +0200] "GET /robots.txt HTTP/1.1" 301 375 "-" "Yeti/1.0 (NHN Corp.; http://help.naver.com/robots/)"
125.209.208.3 - - [17/Sep/2013:14:10:53 +0200] "GET / HTTP/1.1" 301 365 "-" "Yeti/1.0 (NHN Corp.; http://help.naver.com/robots/)"
141.8.147.12 - - [17/Sep/2013:14:32:26 +0200] "GET /robots.txt HTTP/1.1" 301 375 "-" "Mozilla/5.0 (compatible; YandexBot/3.0; +http://yandex.com/bots)"
141.8.147.12 - - [17/Sep/2013:16:43:55 +0200] "GET /robots.txt HTTP/1.1" 301 377 "-" "Mozilla/5.0 (compatible; YandexBot/3.0; +http://yandex.com/bots)"
83.233.207.74 - - [17/Sep/2013:17:42:48 +0200] "GET / HTTP/1.1" 301 365 "-" "Mozilla/4.0 (CMS Crawler: http://www.cmscrawler.com)"
141.8.147.12 - - [17/Sep/2013:18:34:20 +0200] "GET / HTTP/1.1" 301 365 "-" "Mozilla/5.0 (compatible; YandexBot/3.0; +http://yandex.com/bots)"
5.10.83.86 - - [17/Sep/2013:20:06:19 +0200] "GET /text/11020402_0000.htm HTTP/1.1" 301 387 "-" "Mozilla/5.0 (compatible; AhrefsBot/5.0; +http://ahrefs.com/robot/)"
141.8.147.12 - - [17/Sep/2013:22:35:32 +0200] "GET /robots.txt HTTP/1.1" 301 392 "-" "Mozilla/5.0 (compatible; YandexBot/3.0; +http://yandex.com/bots)"
66.249.78.88 - - [17/Sep/2013:22:59:20 +0200] "GET /robots.txt HTTP/1.1" 301 394 "-" "Mozilla/5.0 (compatible; Googlebot/2.1; +http://www.google.com/bot.html)"
66.249.78.88 - - [17/Sep/2013:22:59:21 +0200] "GET / HTTP/1.1" 301 384 "-" "Mozilla/5.0 (compatible; Googlebot/2.1; +http://www.google.com/bot.html)"
66.249.78.45 - - [17/Sep/2013:23:03:53 +0200] "GET /robots.txt HTTP/1.1" 301 389 "-" "Mozilla/5.0 (compatible; Googlebot/2.1; +http://www.google.com/bot.html)"
66.249.78.45 - - [17/Sep/2013:23:03:53 +0200] "GET / HTTP/1.1" 301 379 "-" "Mozilla/5.0 (compatible; Googlebot/2.1; +http://www.google.com/bot.html)"
66.249.78.85 - - [17/Sep/2013:23:06:11 +0200] "GET /robots.txt HTTP/1.1" 301 392 "-" "Mozilla/5.0 (compatible; Googlebot/2.1; +http://www.google.com/bot.html)"
66.249.78.85 - - [17/Sep/2013:23:06:11 +0200] "GET / HTTP/1.1" 301 382 "-" "Mozilla/5.0 (compatible; Googlebot/2.1; +http://www.google.com/bot.html)"
66.249.78.240 - - [17/Sep/2013:23:10:51 +0200] "GET /robots.txt HTTP/1.1" 301 377 "-" "Mozilla/5.0 (compatible; Googlebot/2.1; +http://www.google.com/bot.html)"
66.249.78.240 - - [17/Sep/2013:23:10:51 +0200] "GET / HTTP/1.1" 301 367 "-" "Mozilla/5.0 (compatible; Googlebot/2.1; +http://www.google.com/bot.html)"
66.249.78.81 - - [17/Sep/2013:23:15:37 +0200] "GET /robots.txt HTTP/1.1" 301 386 "-" "Mozilla/5.0 (compatible; Googlebot/2.1; +http://www.google.com/bot.html)"
66.249.78.81 - - [17/Sep/2013:23:15:37 +0200] "GET / HTTP/1.1" 301 376 "-" "Mozilla/5.0 (compatible; Googlebot/2.1; +http://www.google.com/bot.html)"
5.10.83.78 - - [18/Sep/2013:02:13:59 +0200] "GET / HTTP/1.1" 301 376 "-" "Mozilla/5.0 (compatible; AhrefsBot/5.0; +http://ahrefs.com/robot/)"
180.153.236.124 - - [18/Sep/2013:02:41:14 +0200] "GET / HTTP/1.1" 301 365 "http://www.sibt.de/" "Mozilla/5.0 (Windows; U; Windows NT 5.1; zh-CN; rv:1.8.0.11) Firefox/1.5.0.11; 360Spider"
208.115.111.73 - - [18/Sep/2013:03:22:32 +0200] "GET /robots.txt HTTP/1.1" 301 375 "-" "Mozilla/5.0 (compatible; Ezooms/1.0; ezooms.bot@gmail.com)"
208.115.111.73 - - [18/Sep/2013:03:46:16 +0200] "GET /text/11030600_0000.htm HTTP/1.1" 301 387 "-" "Mozilla/5.0 (compatible; Ezooms/1.0; ezooms.bot@gmail.com)"
141.8.147.12 - - [18/Sep/2013:04:23:36 +0200] "GET /robots.txt HTTP/1.1" 301 377 "-" "Mozilla/5.0 (compatible; YandexBot/3.0; +http://yandex.com/bots)"
188.165.195.156 - - [18/Sep/2013:07:05:03 +0200] "HEAD / HTTP/1.1" 301 - "-" "Mozilla/4.0 (compatible; MSIE 5.01; Windows NT 5.0)"
141.8.147.12 - - [18/Sep/2013:08:49:13 +0200] "GET / HTTP/1.1" 301 367 "-" "Mozilla/5.0 (compatible; YandexBot/3.0; +http://yandex.com/bots)"
66.249.66.76 - - [18/Sep/2013:09:13:01 +0200] "GET /robots.txt HTTP/1.1" 301 375 "-" "Mozilla/5.0 (compatible; Googlebot/2.1; +http://www.google.com/bot.html)"
66.249.78.65 - - [18/Sep/2013:09:13:02 +0200] "GET / HTTP/1.1" 301 365 "-" "SAMSUNG-SGH-E250/1.0 Profile/MIDP-2.0 Configuration/CLDC-1.1 UP.Browser/6.2.3.3.c.1.101 (GUI) MMP/2.0 (compatible; Googlebot-Mobile/2.1; +http://www.google.com/bot.html)"
66.249.78.240 - - [18/Sep/2013:09:52:56 +0200] "GET / HTTP/1.1" 301 367 "-" "SAMSUNG-SGH-E250/1.0 Profile/MIDP-2.0 Configuration/CLDC-1.1 UP.Browser/6.2.3.3.c.1.101 (GUI) MMP/2.0 (compatible; Googlebot-Mobile/2.1; +http://www.google.com/bot.html)"
101.226.166.241 - - [18/Sep/2013:10:35:59 +0200] "GET /robots.txt HTTP/1.1" 301 386 "http://www.algorex-partner.de/robots.txt" "Mozilla/4.0 (compatible; MSIE 8.0; Windows NT 6.1; Trident/4.0; SLCC2; .NET CLR 2.0.50727; .NET CLR 3.5.30729; .NET CLR 3.0.30729; Media Center PC 6.0; MDDR; .NET4.0C; .NET4.0E; .NET CLR 1.1.4322; Tablet PC 2.0); 360Spider"
141.8.147.12 - - [18/Sep/2013:10:51:50 +0200] "GET /robots.txt HTTP/1.1" 301 392 "-" "Mozilla/5.0 (compatible; YandexBot/3.0; +http://yandex.com/bots)"
66.249.78.81 - - [18/Sep/2013:11:17:48 +0200] "GET /robots.txt HTTP/1.1" 301 386 "-" "Mozilla/5.0 (compatible; Googlebot/2.1; +http://www.google.com/bot.html)"
66.249.78.81 - - [18/Sep/2013:11:17:49 +0200] "GET / HTTP/1.1" 301 376 "-" "SAMSUNG-SGH-E250/1.0 Profile/MIDP-2.0 Configuration/CLDC-1.1 UP.Browser/6.2.3.3.c.1.101 (GUI) MMP/2.0 (compatible; Googlebot-Mobile/2.1; +http://www.google.com/bot.html)"
141.8.147.12 - - [18/Sep/2013:13:15:32 +0200] "GET / HTTP/1.1" 301 382 "-" "Mozilla/5.0 (compatible; YandexBot/3.0; +http://yandex.com/bots)"
72.38.227.99 - - [18/Sep/2013:15:03:23 +0200] "GET / HTTP/1.1" 301 376 "-" "Java/1.7.0_40"
141.8.147.12 - - [18/Sep/2013:23:16:15 +0200] "GET /robots.txt HTTP/1.1" 301 392 "-" "Mozilla/5.0 (compatible; YandexBot/3.0; +http://yandex.com/bots)"
83.233.207.74 - - [18/Sep/2013:23:33:18 +0200] "GET / HTTP/1.1" 301 376 "-" "Mozilla/4.0 (CMS Crawler: http://www.cmscrawler.com)"
185.2.101.99 - - [19/Sep/2013:03:04:08 +0200] "GET / HTTP/1.1" 301 376 "-" "Mozilla/5.0 (X11; U; Linux i686; en-US; rv:1.9.0.1) Gecko/2008071615 Fedora/3.0.1-1.fc9 Firefox/3.0.1"
185.2.101.99 - - [19/Sep/2013:03:04:09 +0200] "GET / HTTP/1.1" 301 376 "-" "Mozilla/5.0 (X11; U; Linux i686; en-US; rv:1.9.0.1) Gecko/2008071615 Fedora/3.0.1-1.fc9 Firefox/3.0.1"
185.2.101.99 - - [19/Sep/2013:03:04:09 +0200] "GET / HTTP/1.1" 301 376 "-" "Mozilla/5.0 (X11; U; Linux i686; en-US; rv:1.9.0.1) Gecko/2008071615 Fedora/3.0.1-1.fc9 Firefox/3.0.1"
185.2.101.108 - - [19/Sep/2013:03:04:55 +0200] "GET / HTTP/1.1" 301 376 "-" "Mozilla/5.0 (X11; U; Linux i686; en-US; rv:1.9.0.1) Gecko/2008071615 Fedora/3.0.1-1.fc9 Firefox/3.0.1"
185.2.101.108 - - [19/Sep/2013:03:04:55 +0200] "GET / HTTP/1.1" 301 376 "-" "Mozilla/5.0 (X11; U; Linux i686; en-US; rv:1.9.0.1) Gecko/2008071615 Fedora/3.0.1-1.fc9 Firefox/3.0.1"
185.2.101.108 - - [19/Sep/2013:03:04:55 +0200] "GET / HTTP/1.1" 301 376 "-" "Mozilla/5.0 (X11; U; Linux i686; en-US; rv:1.9.0.1) Gecko/2008071615 Fedora/3.0.1-1.fc9 Firefox/3.0.1"
185.2.101.102 - - [19/Sep/2013:03:16:21 +0200] "GET / HTTP/1.1" 301 376 "-" "Mozilla/5.0 (X11; U; Linux i686; en-US; rv:1.9.0.1) Gecko/2008071615 Fedora/3.0.1-1.fc9 Firefox/3.0.1"
185.2.101.102 - - [19/Sep/2013:03:16:21 +0200] "GET / HTTP/1.1" 301 376 "-" "Mozilla/5.0 (X11; U; Linux i686; en-US; rv:1.9.0.1) Gecko/2008071615 Fedora/3.0.1-1.fc9 Firefox/3.0.1"
185.2.101.102 - - [19/Sep/2013:03:16:22 +0200] "GET / HTTP/1.1" 301 376 "-" "Mozilla/5.0 (X11; U; Linux i686; en-US; rv:1.9.0.1) Gecko/2008071615 Fedora/3.0.1-1.fc9 Firefox/3.0.1"
185.2.101.105 - - [19/Sep/2013:03:23:49 +0200] "GET / HTTP/1.1" 301 376 "-" "Mozilla/5.0 (X11; U; Linux i686; en-US; rv:1.9.0.1) Gecko/2008071615 Fedora/3.0.1-1.fc9 Firefox/3.0.1"
185.2.101.105 - - [19/Sep/2013:03:23:50 +0200] "GET / HTTP/1.1" 301 376 "-" "Mozilla/5.0 (X11; U; Linux i686; en-US; rv:1.9.0.1) Gecko/2008071615 Fedora/3.0.1-1.fc9 Firefox/3.0.1"
185.2.101.105 - - [19/Sep/2013:03:23:50 +0200] "GET / HTTP/1.1" 301 376 "-" "Mozilla/5.0 (X11; U; Linux i686; en-US; rv:1.9.0.1) Gecko/2008071615 Fedora/3.0.1-1.fc9 Firefox/3.0.1"
185.2.101.110 - - [19/Sep/2013:03:29:40 +0200] "GET / HTTP/1.1" 301 376 "-" "Mozilla/5.0 (X11; U; Linux i686; en-US; rv:1.9.0.1) Gecko/2008071615 Fedora/3.0.1-1.fc9 Firefox/3.0.1"
185.2.101.110 - - [19/Sep/2013:03:29:41 +0200] "GET / HTTP/1.1" 301 376 "-" "Mozilla/5.0 (X11; U; Linux i686; en-US; rv:1.9.0.1) Gecko/2008071615 Fedora/3.0.1-1.fc9 Firefox/3.0.1"
185.2.101.110 - - [19/Sep/2013:03:29:41 +0200] "GET / HTTP/1.1" 301 376 "-" "Mozilla/5.0 (X11; U; Linux i686; en-US; rv:1.9.0.1) Gecko/2008071615 Fedora/3.0.1-1.fc9 Firefox/3.0.1"
93.104.209.11 - - [19/Sep/2013:03:37:33 +0200] "GET / HTTP/1.1" 301 376 "-" "Mozilla/5.0 (X11; U; Linux i686; en-US; rv:1.9.0.1) Gecko/2008071615 Fedora/3.0.1-1.fc9 Firefox/3.0.1"
93.104.209.11 - - [19/Sep/2013:03:37:33 +0200] "GET / HTTP/1.1" 301 376 "-" "Mozilla/5.0 (X11; U; Linux i686; en-US; rv:1.9.0.1) Gecko/2008071615 Fedora/3.0.1-1.fc9 Firefox/3.0.1"
93.104.209.11 - - [19/Sep/2013:03:37:34 +0200] "GET / HTTP/1.1" 301 376 "-" "Mozilla/5.0 (X11; U; Linux i686; en-US; rv:1.9.0.1) Gecko/2008071615 Fedora/3.0.1-1.fc9 Firefox/3.0.1"
185.2.101.107 - - [19/Sep/2013:05:49:10 +0200] "GET / HTTP/1.1" 301 376 "-" "Mozilla/5.0 (X11; U; Linux i686; en-US; rv:1.9.0.1) Gecko/2008071615 Fedora/3.0.1-1.fc9 Firefox/3.0.1"
185.2.101.107 - - [19/Sep/2013:05:49:11 +0200] "GET / HTTP/1.1" 301 376 "-" "Mozilla/5.0 (X11; U; Linux i686; en-US; rv:1.9.0.1) Gecko/2008071615 Fedora/3.0.1-1.fc9 Firefox/3.0.1"
185.2.101.107 - - [19/Sep/2013:05:49:11 +0200] "GET / HTTP/1.1" 301 376 "-" "Mozilla/5.0 (X11; U; Linux i686; en-US; rv:1.9.0.1) Gecko/2008071615 Fedora/3.0.1-1.fc9 Firefox/3.0.1"
185.2.101.104 - - [19/Sep/2013:06:02:55 +0200] "GET / HTTP/1.1" 301 376 "-" "Mozilla/5.0 (X11; U; Linux i686; en-US; rv:1.9.0.1) Gecko/2008071615 Fedora/3.0.1-1.fc9 Firefox/3.0.1"
185.2.101.104 - - [19/Sep/2013:06:02:55 +0200] "GET / HTTP/1.1" 301 376 "-" "Mozilla/5.0 (X11; U; Linux i686; en-US; rv:1.9.0.1) Gecko/2008071615 Fedora/3.0.1-1.fc9 Firefox/3.0.1"
185.2.101.104 - - [19/Sep/2013:06:02:56 +0200] "GET / HTTP/1.1" 301 376 "-" "Mozilla/5.0 (X11; U; Linux i686; en-US; rv:1.9.0.1) Gecko/2008071615 Fedora/3.0.1-1.fc9 Firefox/3.0.1"
64.246.165.210 - - [19/Sep/2013:07:35:53 +0200] "GET /robots.txt HTTP/1.0" 301 386 "-" "Mozilla/5.0 (Windows; U; Windows NT 5.1; en; rv:1.9.0.13) Gecko/2009073022 Firefox/3.5.2 (.NET CLR 3.5.30729) SurveyBot/2.3 (DomainTools)"
64.246.165.210 - - [19/Sep/2013:07:35:54 +0200] "GET / HTTP/1.1" 301 376 "http://whois.domaintools.com/algorex-partner.de" "Mozilla/5.0 (Windows; U; Windows NT 5.1; en; rv:1.9.0.13) Gecko/2009073022 Firefox/3.5.2 (.NET CLR 3.5.30729) SurveyBot/2.3 (DomainTools)"
141.8.147.12 - - [19/Sep/2013:08:09:33 +0200] "GET / HTTP/1.1" 301 382 "-" "Mozilla/5.0 (compatible; YandexBot/3.0; +http://yandex.com/bots)"
141.8.147.12 - - [19/Sep/2013:11:36:05 +0200] "GET /robots.txt HTTP/1.1" 301 392 "-" "Mozilla/5.0 (compatible; YandexBot/3.0; +http://yandex.com/bots)"
5.9.112.66 - - [19/Sep/2013:12:10:10 +0200] "GET /robots.txt HTTP/1.1" 301 392 "-" "Mozilla/5.0 (compatible; SISTRIX Crawler; http://crawler.sistrix.net/)"
5.9.112.66 - - [19/Sep/2013:12:10:10 +0200] "GET / HTTP/1.1" 301 382 "-" "Mozilla/5.0 (compatible; SISTRIX Crawler; http://crawler.sistrix.net/)"
84.38.65.176 - - [19/Sep/2013:12:53:35 +0200] "GET / HTTP/1.1" 301 382 "http://www.sumaja.de/" "Mozilla/4.0 (compatible; MSIE 7.0; Windows NT 6.0; GTB6; SLCC1; .NET CLR 2.0.50727; Media Center PC 5.0; eSobiSubscriber 2.0.4.16; .NET CLR 3.5.30729; .NET CLR 3.0.30729; .NET4.0C)"
83.133.125.202 - - [19/Sep/2013:12:53:35 +0200] "GET / HTTP/1.0" 301 382 "-" "-"
83.133.125.202 - - [19/Sep/2013:12:53:36 +0200] "GET / HTTP/1.0" 301 382 "-" "-"
77.75.77.36 - - [19/Sep/2013:14:34:16 +0200] "GET /robots.txt HTTP/1.1" 301 386 "-" "SeznamBot/3.0 (+http://fulltext.sblog.cz/)"
77.75.77.36 - - [19/Sep/2013:14:34:17 +0200] "GET / HTTP/1.1" 301 376 "-" "SeznamBot/3.0 (+http://fulltext.sblog.cz/)"
182.118.55.96 - - [19/Sep/2013:15:10:49 +0200] "GET / HTTP/1.1" 301 365 "http://www.sibt.de/" "Mozilla/5.0 (Windows; U; Windows NT 5.1; zh-CN; rv:1.8.0.11) Firefox/1.5.0.11 360Spider;"
66.249.78.188 - - [19/Sep/2013:18:36:12 +0200] "GET /robots.txt HTTP/1.1" 301 384 "-" "Mozilla/5.0 (compatible; Googlebot/2.1; +http://www.google.com/bot.html)"
66.249.78.188 - - [19/Sep/2013:18:36:13 +0200] "GET / HTTP/1.1" 301 374 "-" "Mozilla/5.0 (compatible; Googlebot/2.1; +http://www.google.com/bot.html)"
144.76.42.76 - - [19/Sep/2013:22:11:25 +0200] "GET / HTTP/1.1" 301 376 "-" "Mozilla/5.0 (Macintosh; Intel Mac OS X 10_8_2) AppleWebKit/537.17 (KHTML, like Gecko) Chrome/24.0.1312.52 Safari/537.17"
141.8.147.12 - - [19/Sep/2013:23:37:10 +0200] "GET /robots.txt HTTP/1.1" 301 392 "-" "Mozilla/5.0 (compatible; YandexBot/3.0; +http://yandex.com/bots)"
217.230.164.198 - - [20/Sep/2013:00:43:55 +0200] "GET / HTTP/1.1" 301 365 "http://www.bigfinder.de/online-11.html" "T-Online Browser"
208.88.226.73 - - [20/Sep/2013:01:02:03 +0200] "HEAD / HTTP/1.1" 301 - "-" "Mozilla/5.0 (Windows NT 6.1; WOW64; rv:7.0.1) Gecko/20100101 Firefox/7.0.1"
157.55.32.86 - - [20/Sep/2013:02:23:32 +0200] "GET /robots.txt HTTP/1.1" 301 392 "-" "Mozilla/5.0 (compatible; bingbot/2.0; +http://www.bing.com/bingbot.htm)"
157.55.32.86 - - [20/Sep/2013:02:24:28 +0200] "GET /news/article/1011778061.php HTTP/1.1" 301 409 "-" "Mozilla/5.0 (compatible; bingbot/2.0; +http://www.bing.com/bingbot.htm)"
141.8.147.12 - - [20/Sep/2013:03:20:27 +0200] "GET /robots.txt HTTP/1.1" 301 394 "-" "Mozilla/5.0 (compatible; YandexBot/3.0; +http://yandex.com/bots)"
141.8.147.12 - - [20/Sep/2013:04:33:33 +0200] "GET / HTTP/1.1" 301 384 "-" "Mozilla/5.0 (compatible; YandexBot/3.0; +http://yandex.com/bots)"
144.76.95.232 - - [20/Sep/2013:05:24:26 +0200] "GET /robots.txt HTTP/1.0" 301 394 "-" "Mozilla/5.0 (compatible; MJ12bot/v1.4.4; http://www.majestic12.co.uk/bot.php?+)"
144.76.95.232 - - [20/Sep/2013:05:24:32 +0200] "GET / HTTP/1.0" 301 384 "-" "Mozilla/5.0 (compatible; MJ12bot/v1.4.4; http://www.majestic12.co.uk/bot.php?+)"
141.8.147.12 - - [20/Sep/2013:12:52:36 +0200] "GET /robots.txt HTTP/1.1" 301 386 "-" "Mozilla/5.0 (compatible; YandexBot/3.0; +http://yandex.com/bots)"
141.8.147.12 - - [20/Sep/2013:13:16:34 +0200] "GET /robots.txt HTTP/1.1" 301 384 "-" "Mozilla/5.0 (compatible; YandexBot/3.0; +http://yandex.com/bots)"
141.8.147.12 - - [20/Sep/2013:17:21:25 +0200] "GET / HTTP/1.1" 301 374 "-" "Mozilla/5.0 (compatible; YandexBot/3.0; +http://yandex.com/bots)"
69.58.178.59 - - [20/Sep/2013:18:56:43 +0200] "GET /robots.txt HTTP/1.1" 301 375 "-" "Mozilla/5.0 (X11; Ubuntu; Linux i686; rv:14.0; ips-agent) Gecko/20100101 Firefox/14.0.1"
69.58.178.59 - - [20/Sep/2013:18:56:45 +0200] "GET / HTTP/1.1" 301 365 "-" "Mozilla/5.0 (X11; Ubuntu; Linux i686; rv:14.0; ips-agent) Gecko/20100101 Firefox/14.0.1"
141.8.147.12 - - [20/Sep/2013:18:58:59 +0200] "GET / HTTP/1.1" 301 376 "-" "Mozilla/5.0 (compatible; YandexBot/3.0; +http://yandex.com/bots)"
178.77.126.55 - - [20/Sep/2013:19:29:38 +0200] "GET /robots.txt HTTP/1.1" 301 375 "-" "Mozilla/5.0 (compatible; CareerBot/1.1; +http://www.career-x.de/bot.html)"
178.77.126.55 - - [20/Sep/2013:19:29:38 +0200] "GET / HTTP/1.1" 301 365 "-" "Mozilla/5.0 (compatible; CareerBot/1.1; +http://www.career-x.de/bot.html)"
178.77.126.55 - - [20/Sep/2013:20:16:04 +0200] "GET /robots.txt HTTP/1.1" 301 386 "-" "Mozilla/5.0 (compatible; CareerBot/1.1; +http://www.career-x.de/bot.html)"
178.77.126.55 - - [20/Sep/2013:20:16:04 +0200] "GET / HTTP/1.1" 301 376 "-" "Mozilla/5.0 (compatible; CareerBot/1.1; +http://www.career-x.de/bot.html)"
208.115.113.88 - - [21/Sep/2013:01:16:57 +0200] "GET /robots.txt HTTP/1.1" 301 386 "-" "Mozilla/5.0 (compatible; Ezooms/1.0; ezooms.bot@gmail.com)"
208.115.113.88 - - [21/Sep/2013:01:41:41 +0200] "GET / HTTP/1.1" 301 376 "-" "Mozilla/5.0 (compatible; Ezooms/1.0; ezooms.bot@gmail.com)"
5.10.83.63 - - [21/Sep/2013:03:56:01 +0200] "GET /text/11020402_0000.htm HTTP/1.1" 301 387 "-" "Mozilla/5.0 (compatible; AhrefsBot/5.0; +http://ahrefs.com/robot/)"
157.55.34.177 - - [21/Sep/2013:08:49:40 +0200] "GET /robots.txt HTTP/1.1" 301 375 "-" "Mozilla/5.0 (compatible; bingbot/2.0; +http://www.bing.com/bingbot.htm)"
157.55.34.177 - - [21/Sep/2013:08:50:48 +0200] "GET /security/forw_sibt_security/index.html HTTP/1.1" 301 403 "-" "Mozilla/5.0 (compatible; bingbot/2.0; +http://www.bing.com/bingbot.htm)"
178.33.178.12 - - [21/Sep/2013:09:50:01 +0200] "GET / HTTP/1.1" 301 376 "-" "Mozilla/5.0 (X11; U; Linux i686; en-US; rv:1.8.0.7) Gecko/20060928 (Debian|Debian-1.8.0.7-1) Epiphany/2.14"
141.8.147.12 - - [21/Sep/2013:13:10:56 +0200] "GET /robots.txt HTTP/1.1" 301 386 "-" "Mozilla/5.0 (compatible; YandexBot/3.0; +http://yandex.com/bots)"
141.8.147.12 - - [21/Sep/2013:20:34:16 +0200] "GET / HTTP/1.1" 301 376 "-" "Mozilla/5.0 (compatible; YandexBot/3.0; +http://yandex.com/bots)"
144.76.42.76 - - [21/Sep/2013:22:59:15 +0200] "GET /robots.txt HTTP/1.1" 301 392 "-" "Java/1.7.0_25"
84.38.65.176 - - [22/Sep/2013:01:36:50 +0200] "GET / HTTP/1.0" 301 365 "http://www.backlink-webkatalog.de/" "Mozilla/4.0 (compatible; MSIE 7.0; Windows NT 6.0; GTB6; SLCC1; .NET CLR 2.0.50727; Media Center PC 5.0; eSobiSubscriber 2.0.4.16; .NET CLR 3.5.30729; .NET CLR 3.0.30729; .NET4.0C)"
144.76.42.76 - - [22/Sep/2013:02:55:49 +0200] "GET /robots.txt HTTP/1.1" 301 377 "-" "Java/1.7.0_25"
141.8.147.12 - - [22/Sep/2013:03:14:46 +0200] "GET /robots.txt HTTP/1.1" 301 375 "-" "Mozilla/5.0 (compatible; YandexBot/3.0; +http://yandex.com/bots)"
141.8.147.12 - - [22/Sep/2013:06:03:14 +0200] "GET /robots.txt HTTP/1.1" 301 392 "-" "Mozilla/5.0 (compatible; YandexBot/3.0; +http://yandex.com/bots)"
180.76.5.23 - - [22/Sep/2013:07:14:34 +0200] "GET /robots.txt HTTP/1.1" 301 375 "-" "Mozilla/5.0 (Windows NT 5.1; rv:6.0.2) Gecko/20100101 Firefox/6.0.2"
162.210.196.98 - - [22/Sep/2013:07:48:06 +0200] "GET /robots.txt HTTP/1.0" 301 386 "-" "Mozilla/5.0 (compatible; MJ12bot/v1.4.4; http://www.majestic12.co.uk/bot.php?+)"
162.210.196.98 - - [22/Sep/2013:07:48:09 +0200] "GET / HTTP/1.0" 301 376 "-" "Mozilla/5.0 (compatible; MJ12bot/v1.4.4; http://www.majestic12.co.uk/bot.php?+)"
141.8.147.12 - - [22/Sep/2013:08:00:35 +0200] "GET / HTTP/1.1" 301 382 "-" "Mozilla/5.0 (compatible; YandexBot/3.0; +http://yandex.com/bots)"
141.8.147.12 - - [22/Sep/2013:08:16:22 +0200] "GET /robots.txt HTTP/1.1" 301 384 "-" "Mozilla/5.0 (compatible; YandexBot/3.0; +http://yandex.com/bots)"
141.8.147.12 - - [22/Sep/2013:08:16:45 +0200] "GET / HTTP/1.1" 301 365 "-" "Mozilla/5.0 (compatible; YandexBot/3.0; +http://yandex.com/bots)"
141.8.147.12 - - [22/Sep/2013:08:48:31 +0200] "GET / HTTP/1.1" 301 374 "-" "Mozilla/5.0 (compatible; YandexBot/3.0; +http://yandex.com/bots)"
157.55.34.177 - - [22/Sep/2013:12:05:04 +0200] "GET /robots.txt HTTP/1.1" 301 375 "-" "Mozilla/5.0 (compatible; bingbot/2.0; +http://www.bing.com/bingbot.htm)"
157.55.34.177 - - [22/Sep/2013:12:08:22 +0200] "GET /fire/forw_sibt_fire/index.html HTTP/1.1" 301 395 "-" "Mozilla/5.0 (compatible; bingbot/2.0; +http://www.bing.com/bingbot.htm)"
192.99.9.164 - - [22/Sep/2013:12:53:39 +0200] "GET / HTTP/1.1" 301 382 "-" "Mozilla/5.0 (Macintosh; Intel Mac OS X 10_8_4) AppleWebKit/537.36 (KHTML, like Gecko) Chrome/27.0.1453.110 Safari/537.36"
85.25.137.24 - - [22/Sep/2013:13:10:19 +0200] "GET /robots.txt HTTP/1.1" 301 375 "http://sibt.de.macinroy.com/sibt.de" "MacInroy Privacy Auditors. See sibt.de's privacy violation report: http://sibt.de.macinroy.com/sibt.de"
85.25.137.24 - - [22/Sep/2013:13:10:21 +0200] "GET / HTTP/1.1" 301 365 "http://sibt.de.macinroy.com/sibt.de" "MacInroy Privacy Auditors. See sibt.de's privacy violation report: http://sibt.de.macinroy.com/sibt.de"
157.55.34.177 - - [22/Sep/2013:14:56:27 +0200] "GET /robots.txt HTTP/1.1" 301 375 "-" "Mozilla/5.0 (compatible; bingbot/2.0; +http://www.bing.com/bingbot.htm)"
157.55.34.177 - - [22/Sep/2013:14:57:11 +0200] "GET /security/ HTTP/1.1" 301 374 "-" "Mozilla/5.0 (compatible; bingbot/2.0; +http://www.bing.com/bingbot.htm)"
47.68.149.245 - - [22/Sep/2013:16:36:25 +0200] "GET / HTTP/1.1" 301 365 "http://regis.inecos.de/st-os/de/profile/UNT-5950" "Mozilla/5.0 (Windows NT 6.1; WOW64; rv:23.0) Gecko/20100101 Firefox/23.0"
141.8.147.12 - - [22/Sep/2013:17:54:16 +0200] "GET /robots.txt HTTP/1.1" 301 377 "-" "Mozilla/5.0 (compatible; YandexBot/3.0; +http://yandex.com/bots)"
141.8.147.12 - - [22/Sep/2013:19:16:08 +0200] "GET /robots.txt HTTP/1.1" 301 386 "-" "Mozilla/5.0 (compatible; YandexBot/3.0; +http://yandex.com/bots)"
176.57.141.193 - - [22/Sep/2013:20:33:53 +0200] "GET /news/article/995445192.php HTTP/1.1" 301 408 "-" "Mozilla/5.0 (X11; Linux i686; rv:6.0) Gecko/20100101 Firefox/6.0"
192.99.9.164 - - [22/Sep/2013:21:11:54 +0200] "GET / HTTP/1.1" 301 384 "-" "Mozilla/5.0 (Macintosh; Intel Mac OS X 10_8_4) AppleWebKit/537.36 (KHTML, like Gecko) Chrome/27.0.1453.110 Safari/537.36"
141.8.147.12 - - [22/Sep/2013:21:55:15 +0200] "GET / HTTP/1.1" 301 367 "-" "Mozilla/5.0 (compatible; YandexBot/3.0; +http://yandex.com/bots)"
141.8.147.12 - - [22/Sep/2013:22:53:34 +0200] "GET / HTTP/1.1" 301 376 "-" "Mozilla/5.0 (compatible; YandexBot/3.0; +http://yandex.com/bots)"
178.33.178.12 - - [22/Sep/2013:23:23:36 +0200] "GET / HTTP/1.1" 301 365 "-" "Mozilla/5.0 (Windows NT 6.1; rv:6.0) Gecko/20110814 Firefox/6.0"
207.241.226.238 - - [22/Sep/2013:23:41:27 +0200] "GET /robots.txt HTTP/1.1" 301 375 "-" "ia_archiver(OS-Wayback)"
157.55.32.62 - - [23/Sep/2013:02:48:23 +0200] "GET /robots.txt HTTP/1.1" 301 375 "-" "Mozilla/5.0 (compatible; bingbot/2.0; +http://www.bing.com/bingbot.htm)"
157.55.32.62 - - [23/Sep/2013:02:48:46 +0200] "GET / HTTP/1.1" 301 365 "-" "Mozilla/5.0 (compatible; bingbot/2.0; +http://www.bing.com/bingbot.htm)"
192.99.9.164 - - [23/Sep/2013:05:47:37 +0200] "GET / HTTP/1.1" 301 365 "-" "Mozilla/5.0 (Macintosh; Intel Mac OS X 10_8_4) AppleWebKit/537.36 (KHTML, like Gecko) Chrome/27.0.1453.110 Safari/537.36"
141.8.147.12 - - [23/Sep/2013:05:59:59 +0200] "GET /robots.txt HTTP/1.1" 301 377 "-" "Mozilla/5.0 (compatible; YandexBot/3.0; +http://yandex.com/bots)"
157.55.35.98 - - [23/Sep/2013:08:04:41 +0200] "GET /robots.txt HTTP/1.1" 301 375 "-" "Mozilla/5.0 (compatible; bingbot/2.0; +http://www.bing.com/bingbot.htm)"
157.55.35.98 - - [23/Sep/2013:08:11:19 +0200] "GET /text/11020402_0000.htm HTTP/1.1" 301 387 "-" "Mozilla/5.0 (compatible; bingbot/2.0; +http://www.bing.com/bingbot.htm)"
84.38.65.176 - - [23/Sep/2013:08:54:04 +0200] "GET / HTTP/1.1" 301 365 "http://www.sumaja.de/" "T-Online Browser"
83.133.125.202 - - [23/Sep/2013:08:54:04 +0200] "GET / HTTP/1.0" 301 365 "-" "-"
83.133.125.202 - - [23/Sep/2013:08:54:05 +0200] "GET / HTTP/1.0" 301 365 "-" "-"
208.115.113.89 - - [23/Sep/2013:09:25:39 +0200] "GET /robots.txt HTTP/1.1" 301 375 "-" "Mozilla/5.0 (compatible; Ezooms/1.0; ezooms.bot@gmail.com)"
141.8.147.12 - - [23/Sep/2013:10:53:44 +0200] "GET /robots.txt HTTP/1.1" 301 394 "-" "Mozilla/5.0 (compatible; YandexBot/3.0; +http://yandex.com/bots)"
208.115.113.89 - - [23/Sep/2013:11:27:49 +0200] "GET /fire/ HTTP/1.1" 301 370 "-" "Mozilla/5.0 (compatible; Ezooms/1.0; ezooms.bot@gmail.com)"
78.157.82.176 - - [23/Sep/2013:14:26:07 +0200] "GET / HTTP/1.1" 301 365 "http://www.bielefeldundbuss.de/refwww0.html" "Mozilla/4.0 (compatible; MSIE 8.0; Windows NT 5.1; Trident/4.0; MRSPUTNIK 2, 4, 0, 463; GTB7.5; .NET CLR 2.0.50727; .NET CLR 3.0.4506.2152; .NET CLR 3.5.30729; InfoPath.1; BRI/2; .NET4.0C; .NET4.0E)"
178.77.126.55 - - [23/Sep/2013:14:57:26 +0200] "GET /robots.txt HTTP/1.1" 301 375 "-" "Mozilla/5.0 (compatible; CareerBot/1.1; +http://www.career-x.de/bot.html)"
178.77.126.55 - - [23/Sep/2013:14:57:26 +0200] "GET / HTTP/1.1" 301 365 "-" "Mozilla/5.0 (compatible; CareerBot/1.1; +http://www.career-x.de/bot.html)"
178.77.126.55 - - [23/Sep/2013:15:48:40 +0200] "GET /robots.txt HTTP/1.1" 301 386 "-" "Mozilla/5.0 (compatible; CareerBot/1.1; +http://www.career-x.de/bot.html)"
178.77.126.55 - - [23/Sep/2013:15:48:41 +0200] "GET / HTTP/1.1" 301 376 "-" "Mozilla/5.0 (compatible; CareerBot/1.1; +http://www.career-x.de/bot.html)"
141.8.147.12 - - [23/Sep/2013:16:38:28 +0200] "GET / HTTP/1.1" 301 384 "-" "Mozilla/5.0 (compatible; YandexBot/3.0; +http://yandex.com/bots)"
81.169.211.231 - - [23/Sep/2013:18:09:33 +0200] "GET / HTTP/1.1" 301 374 "-" "Mozilla/5.0 (Windows NT 6.1; de;rv:12.0) Gecko/20120403211507 Firefox/12.0"
81.169.211.231 - - [23/Sep/2013:18:16:56 +0200] "GET / HTTP/1.1" 301 367 "-" "Mozilla/5.0 (Windows NT 6.1; de;rv:12.0) Gecko/20120403211507 Firefox/12.0"
81.169.211.231 - - [23/Sep/2013:18:48:52 +0200] "GET / HTTP/1.1" 301 384 "-" "Mozilla/5.0 (Windows NT 6.1; de;rv:12.0) Gecko/20120403211507 Firefox/12.0"
81.169.211.231 - - [23/Sep/2013:18:49:30 +0200] "GET / HTTP/1.1" 301 379 "-" "Mozilla/5.0 (Windows NT 6.1; de;rv:12.0) Gecko/20120403211507 Firefox/12.0"
81.169.211.231 - - [23/Sep/2013:18:49:37 +0200] "GET / HTTP/1.1" 301 382 "-" "Mozilla/5.0 (Windows NT 6.1; de;rv:12.0) Gecko/20120403211507 Firefox/12.0"
81.169.211.231 - - [23/Sep/2013:19:03:59 +0200] "GET / HTTP/1.1" 301 365 "-" "Mozilla/5.0 (Windows NT 6.1; de;rv:12.0) Gecko/20120403211507 Firefox/12.0"
157.55.33.15 - - [24/Sep/2013:04:18:43 +0200] "GET /robots.txt HTTP/1.1" 301 384 "-" "Mozilla/5.0 (compatible; bingbot/2.0; +http://www.bing.com/bingbot.htm)"
157.55.33.15 - - [24/Sep/2013:04:22:52 +0200] "GET / HTTP/1.1" 301 374 "-" "Mozilla/5.0 (compatible; bingbot/2.0; +http://www.bing.com/bingbot.htm)"
208.88.226.73 - - [24/Sep/2013:05:39:46 +0200] "HEAD / HTTP/1.1" 301 - "-" "Mozilla/5.0 (Windows NT 6.1; WOW64; rv:7.0.1) Gecko/20100101 Firefox/7.0.1"
208.43.225.84 - - [24/Sep/2013:07:32:57 +0200] "GET /robots.txt HTTP/1.1" 301 386 "-" "Mozilla/5.0 (compatible; SiteExplorer/1.0b; +http://siteexplorer.info/)"
208.43.225.84 - - [24/Sep/2013:07:33:02 +0200] "GET / HTTP/1.1" 301 376 "-" "Mozilla/5.0 (compatible; SiteExplorer/1.0b; +http://siteexplorer.info/)"
208.115.113.89 - - [24/Sep/2013:09:25:01 +0200] "GET /robots.txt HTTP/1.1" 301 375 "-" "Mozilla/5.0 (compatible; Ezooms/1.0; ezooms.bot@gmail.com)"
208.115.113.89 - - [24/Sep/2013:09:48:15 +0200] "GET /text/11020402_0000.htm HTTP/1.1" 301 387 "-" "Mozilla/5.0 (compatible; Ezooms/1.0; ezooms.bot@gmail.com)"
141.8.147.12 - - [24/Sep/2013:12:21:18 +0200] "GET /robots.txt HTTP/1.1" 301 392 "-" "Mozilla/5.0 (compatible; YandexBot/3.0; +http://yandex.com/bots)"
208.43.225.85 - - [24/Sep/2013:12:36:53 +0200] "GET /robots.txt HTTP/1.1" 301 375 "-" "Mozilla/5.0 (compatible; SiteExplorer/1.0b; +http://siteexplorer.info/)"
208.43.225.85 - - [24/Sep/2013:12:36:58 +0200] "GET / HTTP/1.1" 301 365 "-" "Mozilla/5.0 (compatible; SiteExplorer/1.0b; +http://siteexplorer.info/)"
5.10.83.40 - - [24/Sep/2013:13:22:25 +0200] "GET /fire HTTP/1.1" 301 369 "-" "Mozilla/5.0 (compatible; AhrefsBot/5.0; +http://ahrefs.com/robot/)"
78.46.106.112 - - [24/Sep/2013:15:01:12 +0200] "GET / HTTP/1.1" 301 382 "-" "Mozilla/5.0 (compatible; SISTRIX Crawler; http://crawler.sistrix.net/)"
78.46.106.112 - - [24/Sep/2013:15:01:14 +0200] "GET /robots.txt HTTP/1.1" 301 392 "-" "Mozilla/5.0 (compatible; SISTRIX Crawler; http://crawler.sistrix.net/)"
78.46.106.112 - - [24/Sep/2013:15:01:14 +0200] "GET / HTTP/1.1" 301 382 "-" "Mozilla/5.0 (compatible; SISTRIX Crawler; http://crawler.sistrix.net/)"
83.133.125.202 - - [24/Sep/2013:18:06:49 +0200] "GET / HTTP/1.1" 301 382 "http://www.sumaja.de/?such_wert=siemens" "T-Online Browser (Windows NT 6.1; de)"
141.8.147.12 - - [24/Sep/2013:19:32:47 +0200] "GET / HTTP/1.1" 301 382 "-" "Mozilla/5.0 (compatible; YandexBot/3.0; +http://yandex.com/bots)"
5.10.83.40 - - [24/Sep/2013:21:19:18 +0200] "GET /text/11030600_0000.htm HTTP/1.1" 301 387 "-" "Mozilla/5.0 (compatible; AhrefsBot/5.0; +http://ahrefs.com/robot/)"
64.246.165.190 - - [24/Sep/2013:21:21:28 +0200] "GET /robots.txt HTTP/1.0" 301 384 "-" "Mozilla/5.0 (Windows; U; Windows NT 5.1; en; rv:1.9.0.13) Gecko/2009073022 Firefox/3.5.2 (.NET CLR 3.5.30729) SurveyBot/2.3 (DomainTools)"
64.246.165.190 - - [24/Sep/2013:21:21:28 +0200] "GET / HTTP/1.1" 301 374 "http://whois.domaintools.com/sgtbayernnord.de" "Mozilla/5.0 (Windows; U; Windows NT 5.1; en; rv:1.9.0.13) Gecko/2009073022 Firefox/3.5.2 (.NET CLR 3.5.30729) SurveyBot/2.3 (DomainTools)"
78.46.71.247 - - [24/Sep/2013:21:56:06 +0200] "GET / HTTP/1.1" 301 365 "-" "Mozilla/5.0 (Windows; U; Windows NT 5.1; de; rv:1.8.1.3) Gecko/20070309 Firefox/2.0.0.3"
78.46.71.247 - - [24/Sep/2013:21:56:06 +0200] "GET /robots.txt HTTP/1.1" 301 375 "-" "libwww-perl/6.03"
78.46.71.247 - - [24/Sep/2013:21:56:06 +0200] "GET / HTTP/1.1" 301 365 "-" "Mozilla/5.0 (Windows; U; Windows NT 5.1; de; rv:1.8.1.3) Gecko/20070309 Firefox/2.0.0.3"
64.246.165.50 - - [24/Sep/2013:22:43:36 +0200] "GET /robots.txt HTTP/1.0" 301 377 "-" "Mozilla/5.0 (Windows; U; Windows NT 5.1; en; rv:1.9.0.13) Gecko/2009073022 Firefox/3.5.2 (.NET CLR 3.5.30729) SurveyBot/2.3 (DomainTools)"
64.246.165.50 - - [24/Sep/2013:22:43:36 +0200] "GET / HTTP/1.1" 301 367 "http://whois.domaintools.com/sgtost.de" "Mozilla/5.0 (Windows; U; Windows NT 5.1; en; rv:1.9.0.13) Gecko/2009073022 Firefox/3.5.2 (.NET CLR 3.5.30729) SurveyBot/2.3 (DomainTools)"
64.246.161.30 - - [24/Sep/2013:23:32:10 +0200] "GET /robots.txt HTTP/1.0" 301 389 "-" "Mozilla/5.0 (Windows; U; Windows NT 5.1; en; rv:1.9.0.13) Gecko/2009073022 Firefox/3.5.2 (.NET CLR 3.5.30729) SurveyBot/2.3 (DomainTools)"
64.246.161.30 - - [24/Sep/2013:23:32:10 +0200] "GET / HTTP/1.1" 301 379 "http://whois.domaintools.com/sicherungs-service.de" "Mozilla/5.0 (Windows; U; Windows NT 5.1; en; rv:1.9.0.13) Gecko/2009073022 Firefox/3.5.2 (.NET CLR 3.5.30729) SurveyBot/2.3 (DomainTools)"
64.246.165.170 - - [25/Sep/2013:00:22:15 +0200] "GET /robots.txt HTTP/1.0" 301 375 "-" "Mozilla/5.0 (Windows; U; Windows NT 5.1; en; rv:1.9.0.13) Gecko/2009073022 Firefox/3.5.2 (.NET CLR 3.5.30729) SurveyBot/2.3 (DomainTools)"
64.246.165.170 - - [25/Sep/2013:00:22:15 +0200] "GET / HTTP/1.1" 301 365 "http://whois.domaintools.com/sibt.de" "Mozilla/5.0 (Windows; U; Windows NT 5.1; en; rv:1.9.0.13) Gecko/2009073022 Firefox/3.5.2 (.NET CLR 3.5.30729) SurveyBot/2.3 (DomainTools)"
64.246.165.200 - - [25/Sep/2013:00:27:03 +0200] "GET /robots.txt HTTP/1.0" 301 392 "-" "Mozilla/5.0 (Windows; U; Windows NT 5.1; en; rv:1.9.0.13) Gecko/2009073022 Firefox/3.5.2 (.NET CLR 3.5.30729) SurveyBot/2.3 (DomainTools)"
64.246.165.200 - - [25/Sep/2013:00:27:03 +0200] "GET / HTTP/1.1" 301 382 "http://whois.domaintools.com/siemens-medientechnik.de" "Mozilla/5.0 (Windows; U; Windows NT 5.1; en; rv:1.9.0.13) Gecko/2009073022 Firefox/3.5.2 (.NET CLR 3.5.30729) SurveyBot/2.3 (DomainTools)"
125.209.208.6 - - [25/Sep/2013:01:16:54 +0200] "GET /robots.txt HTTP/1.1" 301 375 "-" "Yeti/1.0 (NHN Corp.; http://help.naver.com/robots/)"
125.209.208.14 - - [25/Sep/2013:01:16:56 +0200] "GET / HTTP/1.1" 301 365 "-" "Yeti/1.0 (NHN Corp.; http://help.naver.com/robots/)"
216.145.5.42 - - [25/Sep/2013:02:29:30 +0200] "GET /robots.txt HTTP/1.0" 301 394 "-" "Mozilla/5.0 (Windows; U; Windows NT 5.1; en; rv:1.9.0.13) Gecko/2009073022 Firefox/3.5.2 (.NET CLR 3.5.30729) SurveyBot/2.3 (DomainTools)"
216.145.5.42 - - [25/Sep/2013:02:29:31 +0200] "GET / HTTP/1.1" 301 384 "http://whois.domaintools.com/siemens-gebaeudetechnik.de" "Mozilla/5.0 (Windows; U; Windows NT 5.1; en; rv:1.9.0.13) Gecko/2009073022 Firefox/3.5.2 (.NET CLR 3.5.30729) SurveyBot/2.3 (DomainTools)"
217.230.139.162 - - [25/Sep/2013:04:16:30 +0200] "GET / HTTP/1.1" 301 365 "http://www.bigfinder.de/online-11.html" "Mozilla/5.0 (Windows; U; Windows NT 6.0; en-US) AppleWebKit/533.4 (KHTML, like Gecko) Chrome/5.0.375.126 Safari/533.4"
65.255.60.162 - - [25/Sep/2013:04:41:06 +0200] "GET / HTTP/1.1" 301 365 "-" "Java/1.7.0_21"
65.255.60.162 - - [25/Sep/2013:04:41:11 +0200] "GET /home.aspx HTTP/1.1" 301 374 "-" "Java/1.7.0_21"
65.255.60.162 - - [25/Sep/2013:04:41:14 +0200] "GET /_layouts/blank.js?rev=QGOYAJlouiWgFRlhHVlMKA%3D%3D HTTP/1.1" 301 415 "-" "Java/1.7.0_21"
65.255.60.162 - - [25/Sep/2013:04:41:15 +0200] "GET /buildingtechnologies/de HTTP/1.1" 301 388 "-" "Java/1.7.0_21"
65.255.60.162 - - [25/Sep/2013:04:41:16 +0200] "GET //w3.siemens.com/ote/ote_config.js HTTP/1.1" 301 397 "-" "Java/1.7.0_21"
65.255.60.162 - - [25/Sep/2013:04:41:16 +0200] "GET /buildingtechnologies/de/de/Pages/home.aspx HTTP/1.1" 301 407 "-" "Java/1.7.0_21"
65.255.60.162 - - [25/Sep/2013:04:41:17 +0200] "GET /_layouts/Querplex/Siemens/WCMS3/scripts/jquery.jcarousel.js?rev=29967635136983423621768 HTTP/1.1" 301 452 "-" "Java/1.7.0_21"
65.255.60.162 - - [25/Sep/2013:04:41:17 +0200] "GET /_layouts/Querplex/Siemens/WCMS3/scripts/scripts.pack.js?rev=19816635136983424089780 HTTP/1.1" 301 448 "-" "Java/1.7.0_21"
65.255.60.162 - - [25/Sep/2013:04:41:18 +0200] "GET /_layouts/Querplex/Siemens/WCMS3/scripts/social-media-accordion.js?rev=15324635136983424401788 HTTP/1.1" 301 458 "-" "Java/1.7.0_21"
65.255.60.162 - - [25/Sep/2013:04:41:19 +0200] "GET /_layouts/Querplex/Siemens/WCMS3/scripts/swfobject-2.2.js HTTP/1.1" 301 421 "-" "Java/1.7.0_21"
65.255.60.162 - - [25/Sep/2013:04:41:19 +0200] "GET /_layouts/Querplex/Siemens/WCMS3/scripts/w2glayer.pack.js?rev=54117635136983424713796 HTTP/1.1" 301 449 "-" "Java/1.7.0_21"
65.255.60.162 - - [25/Sep/2013:04:41:20 +0200] "GET /buildingtechnologies/de/de/brandschutz/Seiten/brandschutz.aspx HTTP/1.1" 301 427 "-" "Java/1.7.0_21"
65.255.60.162 - - [25/Sep/2013:04:41:20 +0200] "GET /buildingtechnologies/de/de/energieeffizienz/Seiten/energieeffizienz.aspx HTTP/1.1" 301 437 "-" "Java/1.7.0_21"
65.255.60.162 - - [25/Sep/2013:04:41:21 +0200] "GET /buildingtechnologies/de/de/extranet/Seiten/extranet.aspx HTTP/1.1" 301 421 "-" "Java/1.7.0_21"
65.255.60.162 - - [25/Sep/2013:04:41:22 +0200] "GET /buildingtechnologies/de/de/gebaeudeautomation-hlk/Seiten/gebaeudeautomation.aspx HTTP/1.1" 301 445 "-" "Java/1.7.0_21"
65.255.60.162 - - [25/Sep/2013:04:41:22 +0200] "GET /buildingtechnologies/de/de/kundenzeitschriften/Pages/kundenzeitschriften.aspx HTTP/1.1" 301 442 "-" "Java/1.7.0_21"
65.255.60.162 - - [25/Sep/2013:04:41:23 +0200] "GET /buildingtechnologies/de/de/marktspezifische-loesungen/Seiten/marktspezifische-loesungen.aspx HTTP/1.1" 301 457 "-" "Java/1.7.0_21"
65.255.60.162 - - [25/Sep/2013:04:41:23 +0200] "GET /buildingtechnologies/de/de/messen-events/Seiten/messen-events.aspx HTTP/1.1" 301 431 "-" "Java/1.7.0_21"
65.255.60.162 - - [25/Sep/2013:04:41:24 +0200] "GET /buildingtechnologies/de/de/news/Seiten/news.aspx HTTP/1.1" 301 413 "-" "Java/1.7.0_21"
65.255.60.162 - - [25/Sep/2013:04:41:25 +0200] "GET /buildingtechnologies/de/de/partners/Seiten/partners.aspx HTTP/1.1" 301 421 "-" "Java/1.7.0_21"
