64.246.161.30 - - [01/Sep/2013:00:07:28 +0200] "GET /robots.txt HTTP/1.0" 301 384 "-" "Mozilla/5.0 (Windows; U; Windows NT 5.1; en; rv:1.9.0.13) Gecko/2009073022 Firefox/3.5.2 (.NET CLR 3.5.30729) SurveyBot/2.3 (DomainTools)"
64.246.161.30 - - [01/Sep/2013:00:07:28 +0200] "GET / HTTP/1.1" 301 374 "http://whois.domaintools.com/sgtbayernnord.de" "Mozilla/5.0 (Windows; U; Windows NT 5.1; en; rv:1.9.0.13) Gecko/2009073022 Firefox/3.5.2 (.NET CLR 3.5.30729) SurveyBot/2.3 (DomainTools)"
108.59.8.80 - - [01/Sep/2013:00:55:22 +0200] "GET /robots.txt HTTP/1.0" 301 375 "-" "Mozilla/5.0 (compatible; MJ12bot/v1.4.3; http://www.majestic12.co.uk/bot.php?+)"
108.59.8.80 - - [01/Sep/2013:00:55:25 +0200] "GET / HTTP/1.0" 301 365 "-" "Mozilla/5.0 (compatible; MJ12bot/v1.4.3; http://www.majestic12.co.uk/bot.php?+)"
64.246.165.210 - - [01/Sep/2013:01:19:53 +0200] "GET /robots.txt HTTP/1.0" 301 375 "-" "Mozilla/5.0 (Windows; U; Windows NT 5.1; en; rv:1.9.0.13) Gecko/2009073022 Firefox/3.5.2 (.NET CLR 3.5.30729) SurveyBot/2.3 (DomainTools)"
64.246.165.210 - - [01/Sep/2013:01:19:54 +0200] "GET / HTTP/1.1" 301 365 "http://whois.domaintools.com/sibt.de" "Mozilla/5.0 (Windows; U; Windows NT 5.1; en; rv:1.9.0.13) Gecko/2009073022 Firefox/3.5.2 (.NET CLR 3.5.30729) SurveyBot/2.3 (DomainTools)"
64.246.165.200 - - [01/Sep/2013:01:32:31 +0200] "GET /robots.txt HTTP/1.0" 301 394 "-" "Mozilla/5.0 (Windows; U; Windows NT 5.1; en; rv:1.9.0.13) Gecko/2009073022 Firefox/3.5.2 (.NET CLR 3.5.30729) SurveyBot/2.3 (DomainTools)"
64.246.165.200 - - [01/Sep/2013:01:32:32 +0200] "GET / HTTP/1.1" 301 384 "http://whois.domaintools.com/siemens-gebaeudetechnik.de" "Mozilla/5.0 (Windows; U; Windows NT 5.1; en; rv:1.9.0.13) Gecko/2009073022 Firefox/3.5.2 (.NET CLR 3.5.30729) SurveyBot/2.3 (DomainTools)"
64.246.187.42 - - [01/Sep/2013:01:42:45 +0200] "GET /robots.txt HTTP/1.0" 301 392 "-" "Mozilla/5.0 (Windows; U; Windows NT 5.1; en; rv:1.9.0.13) Gecko/2009073022 Firefox/3.5.2 (.NET CLR 3.5.30729) SurveyBot/2.3 (DomainTools)"
64.246.187.42 - - [01/Sep/2013:01:42:46 +0200] "GET / HTTP/1.1" 301 382 "http://whois.domaintools.com/siemens-medientechnik.de" "Mozilla/5.0 (Windows; U; Windows NT 5.1; en; rv:1.9.0.13) Gecko/2009073022 Firefox/3.5.2 (.NET CLR 3.5.30729) SurveyBot/2.3 (DomainTools)"
144.76.92.234 - - [01/Sep/2013:02:48:20 +0200] "GET /robots.txt HTTP/1.0" 301 375 "-" "Mozilla/5.0 (compatible; MJ12bot/v1.4.4; http://www.majestic12.co.uk/bot.php?+)"
144.76.92.234 - - [01/Sep/2013:02:48:38 +0200] "GET /text/11030600_0000.htm HTTP/1.0" 301 387 "-" "Mozilla/5.0 (compatible; MJ12bot/v1.4.4; http://www.majestic12.co.uk/bot.php?+)"
66.249.78.88 - - [01/Sep/2013:03:32:12 +0200] "GET /robots.txt HTTP/1.1" 301 394 "-" "Mozilla/5.0 (compatible; Googlebot/2.1; +http://www.google.com/bot.html)"
66.249.78.88 - - [01/Sep/2013:03:32:12 +0200] "GET / HTTP/1.1" 301 384 "-" "Mozilla/5.0 (compatible; Googlebot/2.1; +http://www.google.com/bot.html)"
216.145.11.94 - - [01/Sep/2013:03:43:14 +0200] "GET /robots.txt HTTP/1.0" 301 377 "-" "Mozilla/5.0 (Windows; U; Windows NT 5.1; en; rv:1.9.0.13) Gecko/2009073022 Firefox/3.5.2 (.NET CLR 3.5.30729) SurveyBot/2.3 (DomainTools)"
216.145.11.94 - - [01/Sep/2013:03:43:14 +0200] "GET / HTTP/1.1" 301 367 "http://whois.domaintools.com/sgtost.de" "Mozilla/5.0 (Windows; U; Windows NT 5.1; en; rv:1.9.0.13) Gecko/2009073022 Firefox/3.5.2 (.NET CLR 3.5.30729) SurveyBot/2.3 (DomainTools)"
81.169.188.167 - - [01/Sep/2013:03:56:51 +0200] "GET / HTTP/1.1" 301 376 "-" "Mozilla/5.0 (compatible; MSIE 9.0; Windows NT 6.1; de) Opera 11.51"
216.145.11.94 - - [01/Sep/2013:05:43:29 +0200] "GET /robots.txt HTTP/1.0" 301 389 "-" "Mozilla/5.0 (Windows; U; Windows NT 5.1; en; rv:1.9.0.13) Gecko/2009073022 Firefox/3.5.2 (.NET CLR 3.5.30729) SurveyBot/2.3 (DomainTools)"
216.145.11.94 - - [01/Sep/2013:05:43:29 +0200] "GET / HTTP/1.1" 301 379 "http://whois.domaintools.com/sicherungs-service.de" "Mozilla/5.0 (Windows; U; Windows NT 5.1; en; rv:1.9.0.13) Gecko/2009073022 Firefox/3.5.2 (.NET CLR 3.5.30729) SurveyBot/2.3 (DomainTools)"
84.38.65.176 - - [01/Sep/2013:12:49:09 +0200] "GET / HTTP/1.0" 301 367 "http://www.domain-reputation.de/www.sgtost.de" "Mozilla/5.0 (Windows; U; Windows NT 5.1; de; rv:1.9.0.12) Gecko/2009070611 Firefox/3.0.12 GTB7.1 (.NET CLR 3.5.30729)"
208.115.111.73 - - [01/Sep/2013:15:00:25 +0200] "GET /robots.txt HTTP/1.1" 301 375 "-" "Mozilla/5.0 (compatible; Ezooms/1.0; ezooms.bot@gmail.com)"
5.10.83.44 - - [01/Sep/2013:16:25:35 +0200] "GET / HTTP/1.1" 301 376 "-" "Mozilla/5.0 (compatible; AhrefsBot/5.0; +http://ahrefs.com/robot/)"
208.115.111.73 - - [01/Sep/2013:16:28:26 +0200] "GET /security/forw_sibt_security/index.html HTTP/1.1" 301 403 "-" "Mozilla/5.0 (compatible; Ezooms/1.0; ezooms.bot@gmail.com)"
178.77.126.55 - - [01/Sep/2013:16:50:59 +0200] "GET /robots.txt HTTP/1.1" 301 375 "-" "Mozilla/5.0 (compatible; CareerBot/1.1; +http://www.career-x.de/bot.html)"
178.77.126.55 - - [01/Sep/2013:16:50:59 +0200] "GET / HTTP/1.1" 301 365 "-" "Mozilla/5.0 (compatible; CareerBot/1.1; +http://www.career-x.de/bot.html)"
178.77.126.55 - - [01/Sep/2013:17:40:13 +0200] "GET /robots.txt HTTP/1.1" 301 386 "-" "Mozilla/5.0 (compatible; CareerBot/1.1; +http://www.career-x.de/bot.html)"
178.77.126.55 - - [01/Sep/2013:17:40:13 +0200] "GET / HTTP/1.1" 301 376 "-" "Mozilla/5.0 (compatible; CareerBot/1.1; +http://www.career-x.de/bot.html)"
141.8.147.12 - - [01/Sep/2013:22:14:44 +0200] "GET /robots.txt HTTP/1.1" 301 394 "-" "Mozilla/5.0 (compatible; YandexBot/3.0; +http://yandex.com/bots)"
141.8.147.12 - - [02/Sep/2013:00:00:47 +0200] "GET / HTTP/1.1" 301 384 "-" "Mozilla/5.0 (compatible; YandexBot/3.0; +http://yandex.com/bots)"
141.8.147.12 - - [02/Sep/2013:02:55:49 +0200] "GET /robots.txt HTTP/1.1" 301 392 "-" "Mozilla/5.0 (compatible; YandexBot/3.0; +http://yandex.com/bots)"
66.249.66.76 - - [02/Sep/2013:05:51:28 +0200] "GET /robots.txt HTTP/1.1" 301 375 "-" "Mozilla/5.0 (compatible; Googlebot/2.1; +http://www.google.com/bot.html)"
66.249.78.65 - - [02/Sep/2013:05:51:29 +0200] "GET / HTTP/1.1" 301 365 "-" "Mozilla/5.0 (compatible; Googlebot/2.1; +http://www.google.com/bot.html)"
180.76.5.89 - - [02/Sep/2013:06:53:43 +0200] "GET /robots.txt HTTP/1.1" 301 375 "-" "Mozilla/5.0 (Windows NT 5.1; rv:6.0.2) Gecko/20100101 Firefox/6.0.2"
182.68.215.183 - - [02/Sep/2013:07:53:28 +0200] "GET / HTTP/1.1" 301 376 "-" "-"
182.68.215.183 - - [02/Sep/2013:07:53:31 +0200] "GET /buildingtechnologies/de/de/Pages/home.aspx HTTP/1.1" 301 418 "-" "-"
182.68.215.183 - - [02/Sep/2013:07:53:32 +0200] "GET / HTTP/1.1" 301 376 "-" "-"
192.114.71.13 - - [02/Sep/2013:08:14:22 +0200] "GET / HTTP/1.1" 301 365 "-" "Mozilla/5.0 (compatible; MSIE 9.0; Windows NT 6.1; WOW64; Trident/5.0) AppleWebKit/537.22 (KHTML, like Gecko) Chrome/25.0.1364.172 Safari/537.22"
141.8.147.12 - - [02/Sep/2013:09:18:50 +0200] "GET / HTTP/1.1" 301 382 "-" "Mozilla/5.0 (compatible; YandexBot/3.0; +http://yandex.com/bots)"
217.91.25.157 - - [02/Sep/2013:15:11:04 +0200] "GET / HTTP/1.1" 301 365 "http://regis.inecos.de/regis/de/profile/UNT-5950" "Mozilla/5.0 (Windows NT 6.0) AppleWebKit/537.36 (KHTML, like Gecko) Chrome/29.0.1547.62 Safari/537.36"
217.230.144.157 - - [02/Sep/2013:15:41:25 +0200] "GET / HTTP/1.1" 301 367 "http://www.bigfinder.de/online-11.html" "Mozilla/4.0 (compatible; MSIE 8.0; Windows NT 6.1; Trident/4.0; SLCC2; .NET CLR 2.0.50727; .NET CLR 3.5.30729; .NET CLR 3.0.30729; Media Center PC 6.0)"
66.249.78.65 - - [02/Sep/2013:16:53:28 +0200] "GET /text/11020402_0000.htm HTTP/1.1" 301 387 "-" "Mozilla/5.0 (compatible; Googlebot/2.1; +http://www.google.com/bot.html)"
192.114.71.13 - - [02/Sep/2013:17:27:44 +0200] "GET / HTTP/1.1" 301 365 "-" "Mozilla/5.0 (compatible; MSIE 9.0; Windows NT 6.1; WOW64; Trident/5.0) AppleWebKit/537.22 (KHTML, like Gecko) Chrome/25.0.1364.172 Safari/537.22"
81.169.188.167 - - [02/Sep/2013:18:29:02 +0200] "GET / HTTP/1.1" 301 376 "-" "Mozilla/5.0 (Windows NT 6.1; de;rv:12.0) Gecko/20120403211507 Firefox/12.0"
141.8.147.12 - - [02/Sep/2013:21:55:03 +0200] "GET /robots.txt HTTP/1.1" 301 377 "-" "Mozilla/5.0 (compatible; YandexBot/3.0; +http://yandex.com/bots)"
208.115.111.73 - - [02/Sep/2013:22:54:31 +0200] "GET /robots.txt HTTP/1.1" 301 375 "-" "Mozilla/5.0 (compatible; Ezooms/1.0; ezooms.bot@gmail.com)"
208.115.111.73 - - [03/Sep/2013:00:30:31 +0200] "GET /text/11030600_0000.htm HTTP/1.1" 301 387 "-" "Mozilla/5.0 (compatible; Ezooms/1.0; ezooms.bot@gmail.com)"
141.8.147.12 - - [03/Sep/2013:02:21:28 +0200] "GET / HTTP/1.1" 301 367 "-" "Mozilla/5.0 (compatible; YandexBot/3.0; +http://yandex.com/bots)"
95.96.177.20 - - [03/Sep/2013:03:05:55 +0200] "GET / HTTP/1.1" 301 376 "-" "Java/1.7.0_02"
95.96.177.20 - - [03/Sep/2013:03:05:57 +0200] "GET /WebResource.axd?d=Bv1-mjeyja02JJ6n2wFQ43vgZO8UaX85QiobgQo7CCZG-fnqlRFt6lLkR6htUda4792Vc2iS18Exe7hUAGV65k4aHrI1&t=635022714918232500 HTTP/1.1" 301 515 "-" "Java/1.7.0_02"
95.96.177.20 - - [03/Sep/2013:03:05:57 +0200] "GET /home.aspx HTTP/1.1" 301 385 "-" "Java/1.7.0_02"
95.96.177.20 - - [03/Sep/2013:03:05:57 +0200] "GET /_layouts/blank.js?rev=QGOYAJlouiWgFRlhHVlMKA%3D%3D HTTP/1.1" 301 426 "-" "Java/1.7.0_02"
95.96.177.20 - - [03/Sep/2013:03:05:57 +0200] "GET /buildingtechnologies/de HTTP/1.1" 301 399 "-" "Java/1.7.0_02"
95.96.177.20 - - [03/Sep/2013:03:05:57 +0200] "GET //w3.siemens.com/ote/ote_config.js HTTP/1.1" 301 408 "-" "Java/1.7.0_02"
95.96.177.20 - - [03/Sep/2013:03:05:57 +0200] "GET /buildingtechnologies/de/de/Pages/home.aspx HTTP/1.1" 301 418 "-" "Java/1.7.0_02"
95.96.177.20 - - [03/Sep/2013:03:05:57 +0200] "GET /_layouts/Querplex/Siemens/WCMS3/scripts/jquery.jcarousel.js?rev=29967635136983423621768 HTTP/1.1" 301 463 "-" "Java/1.7.0_02"
95.96.177.20 - - [03/Sep/2013:03:05:57 +0200] "GET /_layouts/Querplex/Siemens/WCMS3/scripts/scripts.pack.js?rev=19816635136983424089780 HTTP/1.1" 301 459 "-" "Java/1.7.0_02"
95.96.177.20 - - [03/Sep/2013:03:05:58 +0200] "GET /_layouts/Querplex/Siemens/WCMS3/scripts/social-media-accordion.js?rev=15324635136983424401788 HTTP/1.1" 301 469 "-" "Java/1.7.0_02"
95.96.177.20 - - [03/Sep/2013:03:05:58 +0200] "GET /_layouts/Querplex/Siemens/WCMS3/scripts/swfobject-2.2.js HTTP/1.1" 301 432 "-" "Java/1.7.0_02"
95.96.177.20 - - [03/Sep/2013:03:05:58 +0200] "GET /_layouts/Querplex/Siemens/WCMS3/scripts/w2glayer.pack.js?rev=54117635136983424713796 HTTP/1.1" 301 460 "-" "Java/1.7.0_02"
95.96.177.20 - - [03/Sep/2013:03:05:58 +0200] "GET /buildingtechnologies/de/de/brandschutz/Seiten/brandschutz.aspx HTTP/1.1" 301 438 "-" "Java/1.7.0_02"
95.96.177.20 - - [03/Sep/2013:03:05:58 +0200] "GET /buildingtechnologies/de/de/energieeffizienz/Seiten/energieeffizienz.aspx HTTP/1.1" 301 448 "-" "Java/1.7.0_02"
95.96.177.20 - - [03/Sep/2013:03:05:58 +0200] "GET /buildingtechnologies/de/de/extranet/Seiten/extranet.aspx HTTP/1.1" 301 432 "-" "Java/1.7.0_02"
95.96.177.20 - - [03/Sep/2013:03:05:58 +0200] "GET /buildingtechnologies/de/de/gebaeudeautomation-hlk/Seiten/gebaeudeautomation.aspx HTTP/1.1" 301 456 "-" "Java/1.7.0_02"
95.96.177.20 - - [03/Sep/2013:03:05:58 +0200] "GET /buildingtechnologies/de/de/kundenzeitschriften/Pages/kundenzeitschriften.aspx HTTP/1.1" 301 453 "-" "Java/1.7.0_02"
95.96.177.20 - - [03/Sep/2013:03:05:59 +0200] "GET /buildingtechnologies/de/de/marktspezifische-loesungen/Seiten/marktspezifische-loesungen.aspx HTTP/1.1" 301 468 "-" "Java/1.7.0_02"
95.96.177.20 - - [03/Sep/2013:03:05:59 +0200] "GET /buildingtechnologies/de/de/messen-events/Seiten/messen-events.aspx HTTP/1.1" 301 442 "-" "Java/1.7.0_02"
95.96.177.20 - - [03/Sep/2013:03:05:59 +0200] "GET /buildingtechnologies/de/de/news/Seiten/news.aspx HTTP/1.1" 301 424 "-" "Java/1.7.0_02"
95.96.177.20 - - [03/Sep/2013:03:05:59 +0200] "GET /buildingtechnologies/de/de/partners/Seiten/partners.aspx HTTP/1.1" 301 432 "-" "Java/1.7.0_02"
95.96.177.20 - - [03/Sep/2013:03:05:59 +0200] "GET /buildingtechnologies/de/de/presse/Seiten/presse.aspx HTTP/1.1" 301 428 "-" "Java/1.7.0_02"
95.96.177.20 - - [03/Sep/2013:03:05:59 +0200] "GET /buildingtechnologies/de/de/referenzen/Seiten/referenzen.aspx HTTP/1.1" 301 436 "-" "Java/1.7.0_02"
95.96.177.20 - - [03/Sep/2013:03:05:59 +0200] "GET /buildingtechnologies/de/de/sicherheit/Seiten/sicherheitstechnik.aspx HTTP/1.1" 301 444 "-" "Java/1.7.0_02"
95.96.177.20 - - [03/Sep/2013:03:05:59 +0200] "GET /buildingtechnologies/de/de/support/Seiten/kostenlose-apps.aspx HTTP/1.1" 301 438 "-" "Java/1.7.0_02"
95.96.177.20 - - [03/Sep/2013:03:06:00 +0200] "GET /buildingtechnologies/de/de/support/Seiten/support.aspx HTTP/1.1" 301 430 "-" "Java/1.7.0_02"
95.96.177.20 - - [03/Sep/2013:03:06:00 +0200] "GET /buildingtechnologies/de/de/total-building-solutions/Seiten/total-building-solutions.aspx HTTP/1.1" 301 464 "-" "Java/1.7.0_02"
95.96.177.20 - - [03/Sep/2013:03:06:00 +0200] "GET /buildingtechnologies/de/de/ueber-uns/Seiten/ueber-uns.aspx HTTP/1.1" 301 434 "-" "Java/1.7.0_02"
95.96.177.20 - - [03/Sep/2013:03:06:00 +0200] "GET /wcms3/custom/OSSPAD3/ote/regions/ote.js HTTP/1.1" 301 415 "-" "Java/1.7.0_02"
95.96.177.20 - - [03/Sep/2013:03:06:00 +0200] "GET /_layouts/Querplex/Siemens/WCMS3/scripts/libs/jquery-1.4.4.min.js HTTP/1.1" 301 440 "-" "Java/1.7.0_02"
5.10.83.74 - - [03/Sep/2013:03:45:59 +0200] "GET / HTTP/1.1" 301 365 "-" "Mozilla/5.0 (compatible; AhrefsBot/5.0; +http://ahrefs.com/robot/)"
151.33.220.20 - - [03/Sep/2013:05:17:36 +0200] "GET / HTTP/1.1" 301 376 "-" "Java/1.7.0_17"
151.33.220.20 - - [03/Sep/2013:05:17:38 +0200] "GET /_layouts/blank.js?rev=QGOYAJlouiWgFRlhHVlMKA%3D%3D HTTP/1.1" 301 426 "-" "Java/1.7.0_17"
151.33.220.20 - - [03/Sep/2013:05:17:38 +0200] "GET /BUILDINGTECHNOLOGIES/DE HTTP/1.1" 301 399 "-" "Java/1.7.0_17"
151.33.220.20 - - [03/Sep/2013:05:17:38 +0200] "GET //w3.siemens.com/ote/ote_config.js HTTP/1.1" 301 408 "-" "Java/1.7.0_17"
151.33.220.20 - - [03/Sep/2013:05:17:39 +0200] "GET /BUILDINGTECHNOLOGIES/DE/DE/Pages/home.aspx HTTP/1.1" 301 418 "-" "Java/1.7.0_17"
151.33.220.20 - - [03/Sep/2013:05:17:39 +0200] "GET /_layouts/Querplex/Siemens/WCMS3/scripts/jquery.jcarousel.js?rev=29967635136983423621768 HTTP/1.1" 301 463 "-" "Java/1.7.0_17"
151.33.220.20 - - [03/Sep/2013:05:17:39 +0200] "GET /_layouts/Querplex/Siemens/WCMS3/scripts/scripts.pack.js?rev=19816635136983424089780 HTTP/1.1" 301 459 "-" "Java/1.7.0_17"
151.33.220.20 - - [03/Sep/2013:05:17:40 +0200] "GET /_layouts/Querplex/Siemens/WCMS3/scripts/social-media-accordion.js?rev=15324635136983424401788 HTTP/1.1" 301 469 "-" "Java/1.7.0_17"
151.33.220.20 - - [03/Sep/2013:05:17:40 +0200] "GET /_layouts/Querplex/Siemens/WCMS3/scripts/swfobject-2.2.js HTTP/1.1" 301 432 "-" "Java/1.7.0_17"
151.33.220.20 - - [03/Sep/2013:05:17:40 +0200] "GET /_layouts/Querplex/Siemens/WCMS3/scripts/w2glayer.pack.js?rev=54117635136983424713796 HTTP/1.1" 301 460 "-" "Java/1.7.0_17"
151.33.220.20 - - [03/Sep/2013:05:17:40 +0200] "GET /buildingtechnologies/de/de/brandschutz/Seiten/brandschutz.aspx HTTP/1.1" 301 438 "-" "Java/1.7.0_17"
151.33.220.20 - - [03/Sep/2013:05:17:41 +0200] "GET /buildingtechnologies/de/de/energieeffizienz/Seiten/energieeffizienz.aspx HTTP/1.1" 301 448 "-" "Java/1.7.0_17"
151.33.220.20 - - [03/Sep/2013:05:17:44 +0200] "GET /buildingtechnologies/de/de/extranet/Seiten/extranet.aspx HTTP/1.1" 301 432 "-" "Java/1.7.0_17"
151.33.220.20 - - [03/Sep/2013:05:17:44 +0200] "GET /buildingtechnologies/de/de/gebaeudeautomation-hlk/Seiten/gebaeudeautomation.aspx HTTP/1.1" 301 456 "-" "Java/1.7.0_17"
151.33.220.20 - - [03/Sep/2013:05:17:45 +0200] "GET /buildingtechnologies/de/de/kundenzeitschriften/Pages/kundenzeitschriften.aspx HTTP/1.1" 301 453 "-" "Java/1.7.0_17"
151.33.220.20 - - [03/Sep/2013:05:17:45 +0200] "GET /buildingtechnologies/de/de/marktspezifische-loesungen/Seiten/marktspezifische-loesungen.aspx HTTP/1.1" 301 468 "-" "Java/1.7.0_17"
151.33.220.20 - - [03/Sep/2013:05:17:45 +0200] "GET /buildingtechnologies/de/de/messen-events/Seiten/messen-events.aspx HTTP/1.1" 301 442 "-" "Java/1.7.0_17"
151.33.220.20 - - [03/Sep/2013:05:17:45 +0200] "GET /buildingtechnologies/de/de/news/Seiten/news.aspx HTTP/1.1" 301 424 "-" "Java/1.7.0_17"
151.33.220.20 - - [03/Sep/2013:05:17:46 +0200] "GET /buildingtechnologies/de/de/partners/Seiten/partners.aspx HTTP/1.1" 301 432 "-" "Java/1.7.0_17"
151.33.220.20 - - [03/Sep/2013:05:17:46 +0200] "GET /buildingtechnologies/de/de/presse/Seiten/presse.aspx HTTP/1.1" 301 428 "-" "Java/1.7.0_17"
151.33.220.20 - - [03/Sep/2013:05:17:49 +0200] "GET /buildingtechnologies/de/de/referenzen/Seiten/referenzen.aspx HTTP/1.1" 301 436 "-" "Java/1.7.0_17"
151.33.220.20 - - [03/Sep/2013:05:17:53 +0200] "GET /buildingtechnologies/de/de/sicherheit/Seiten/sicherheitstechnik.aspx HTTP/1.1" 301 444 "-" "Java/1.7.0_17"
151.33.220.20 - - [03/Sep/2013:05:17:53 +0200] "GET /buildingtechnologies/de/de/support/Seiten/kostenlose-apps.aspx HTTP/1.1" 301 438 "-" "Java/1.7.0_17"
151.33.220.20 - - [03/Sep/2013:05:17:53 +0200] "GET /buildingtechnologies/de/de/support/Seiten/support.aspx HTTP/1.1" 301 430 "-" "Java/1.7.0_17"
151.33.220.20 - - [03/Sep/2013:05:17:53 +0200] "GET /buildingtechnologies/de/de/total-building-solutions/Seiten/total-building-solutions.aspx HTTP/1.1" 301 464 "-" "Java/1.7.0_17"
151.33.220.20 - - [03/Sep/2013:05:17:53 +0200] "GET /buildingtechnologies/de/de/ueber-uns/Seiten/ueber-uns.aspx HTTP/1.1" 301 434 "-" "Java/1.7.0_17"
151.33.220.20 - - [03/Sep/2013:05:17:54 +0200] "GET /wcms3/custom/OSSPAD3/ote/regions/ote.js HTTP/1.1" 301 415 "-" "Java/1.7.0_17"
151.33.220.20 - - [03/Sep/2013:05:17:54 +0200] "GET /_layouts/Querplex/Siemens/WCMS3/scripts/libs/jquery-1.4.4.min.js HTTP/1.1" 301 440 "-" "Java/1.7.0_17"
151.33.220.20 - - [03/Sep/2013:05:17:57 +0200] "GET /_layouts/Querplex/Siemens/WCMS3/scripts/libs/jquery-ui-1.8.13.custom.min.js HTTP/1.1" 301 451 "-" "Java/1.7.0_17"
151.33.220.20 - - [03/Sep/2013:05:17:57 +0200] "GET /_layouts/Querplex/Siemens/WCMS3/scripts/libs/jquery.colorbox-1.3.17.1.min.js HTTP/1.1" 301 452 "-" "Java/1.7.0_17"
50.31.96.15 - - [03/Sep/2013:06:07:54 +0200] "GET / HTTP/1.1" 301 374 "-" "Mozilla/5.0 (X11; U; Linux x86_64; en-US) AppleWebKit/534.3 (KHTML, like Gecko) Qt/4.7.4 Safari/534.3"
188.165.195.156 - - [03/Sep/2013:09:18:04 +0200] "HEAD / HTTP/1.1" 301 - "-" "Mozilla/4.0 (compatible; MSIE 5.01; Windows NT 5.0)"
141.8.147.12 - - [03/Sep/2013:10:14:07 +0200] "GET /robots.txt HTTP/1.1" 301 377 "-" "Mozilla/5.0 (compatible; YandexBot/3.0; +http://yandex.com/bots)"
85.25.71.120 - - [03/Sep/2013:14:03:57 +0200] "GET /robots.txt HTTP/1.1" 301 386 "-" "Mozilla/5.0 (X11; U; Linux i686; de; rv:1.9.0.1; compatible; iCjobs Stellenangebote Jobs; http://www.icjobs.de) Gecko/20100401 iCjobs/3.2.3"
85.25.71.120 - - [03/Sep/2013:14:03:58 +0200] "GET / HTTP/1.1" 301 376 "-" "Mozilla/5.0 (X11; U; Linux i686; de; rv:1.9.0.1; compatible; iCjobs Stellenangebote Jobs; http://www.icjobs.de) Gecko/20100401 iCjobs/3.2.3"
85.25.71.120 - - [03/Sep/2013:14:04:00 +0200] "GET / HTTP/1.1" 301 376 "-" "Mozilla/5.0 (X11; U; Linux i686; de; rv:1.9.0.1; compatible; iCjobs Stellenangebote Jobs; http://www.icjobs.de) Gecko/20100401 iCjobs/3.2.3"
5.10.83.74 - - [03/Sep/2013:14:40:12 +0200] "GET /text/11020402_0000.htm HTTP/1.1" 301 387 "-" "Mozilla/5.0 (compatible; AhrefsBot/5.0; +http://ahrefs.com/robot/)"
208.88.226.73 - - [03/Sep/2013:14:50:29 +0200] "HEAD / HTTP/1.1" 301 - "-" "Mozilla/5.0 (Windows NT 6.1; WOW64; rv:7.0.1) Gecko/20100101 Firefox/7.0.1"
141.8.147.12 - - [03/Sep/2013:18:21:05 +0200] "GET /robots.txt HTTP/1.1" 301 375 "-" "Mozilla/5.0 (compatible; YandexBot/3.0; +http://yandex.com/bots)"
95.239.158.89 - - [03/Sep/2013:19:41:16 +0200] "GET / HTTP/1.1" 301 376 "-" "Java/1.6.0_24"
95.239.158.89 - - [03/Sep/2013:19:41:30 +0200] "GET /WebResource.axd?d=Bv1-mjeyja02JJ6n2wFQ43vgZO8UaX85QiobgQo7CCZG-fnqlRFt6lLkR6htUda4792Vc2iS18Exe7hUAGV65k4aHrI1&t=635022714918232500 HTTP/1.1" 301 515 "-" "Java/1.6.0_24"
95.239.158.89 - - [03/Sep/2013:19:41:30 +0200] "GET /home.aspx HTTP/1.1" 301 385 "-" "Java/1.6.0_24"
95.239.158.89 - - [03/Sep/2013:19:41:30 +0200] "GET /_layouts/blank.js?rev=QGOYAJlouiWgFRlhHVlMKA%3D%3D HTTP/1.1" 301 426 "-" "Java/1.6.0_24"
95.239.158.89 - - [03/Sep/2013:19:41:31 +0200] "GET /buildingtechnologies/de HTTP/1.1" 301 399 "-" "Java/1.6.0_24"
95.239.158.89 - - [03/Sep/2013:19:41:31 +0200] "GET //w3.siemens.com/ote/ote_config.js HTTP/1.1" 301 408 "-" "Java/1.6.0_24"
95.239.158.89 - - [03/Sep/2013:19:41:31 +0200] "GET /buildingtechnologies/de/de/Pages/home.aspx HTTP/1.1" 301 418 "-" "Java/1.6.0_24"
95.239.158.89 - - [03/Sep/2013:19:41:32 +0200] "GET /_layouts/Querplex/Siemens/WCMS3/scripts/jquery.jcarousel.js?rev=29967635136983423621768 HTTP/1.1" 301 463 "-" "Java/1.6.0_24"
95.239.158.89 - - [03/Sep/2013:19:41:33 +0200] "GET /_layouts/Querplex/Siemens/WCMS3/scripts/scripts.pack.js?rev=19816635136983424089780 HTTP/1.1" 301 459 "-" "Java/1.6.0_24"
95.239.158.89 - - [03/Sep/2013:19:41:34 +0200] "GET /_layouts/Querplex/Siemens/WCMS3/scripts/social-media-accordion.js?rev=15324635136983424401788 HTTP/1.1" 301 469 "-" "Java/1.6.0_24"
95.239.158.89 - - [03/Sep/2013:19:41:34 +0200] "GET /_layouts/Querplex/Siemens/WCMS3/scripts/swfobject-2.2.js HTTP/1.1" 301 432 "-" "Java/1.6.0_24"
95.239.158.89 - - [03/Sep/2013:19:41:34 +0200] "GET /_layouts/Querplex/Siemens/WCMS3/scripts/w2glayer.pack.js?rev=54117635136983424713796 HTTP/1.1" 301 460 "-" "Java/1.6.0_24"
95.239.158.89 - - [03/Sep/2013:19:41:35 +0200] "GET /buildingtechnologies/de/de/brandschutz/Seiten/brandschutz.aspx HTTP/1.1" 301 438 "-" "Java/1.6.0_24"
95.239.158.89 - - [03/Sep/2013:19:41:35 +0200] "GET /buildingtechnologies/de/de/energieeffizienz/Seiten/energieeffizienz.aspx HTTP/1.1" 301 448 "-" "Java/1.6.0_24"
95.239.158.89 - - [03/Sep/2013:19:41:36 +0200] "GET /buildingtechnologies/de/de/extranet/Seiten/extranet.aspx HTTP/1.1" 301 432 "-" "Java/1.6.0_24"
95.239.158.89 - - [03/Sep/2013:19:41:36 +0200] "GET /buildingtechnologies/de/de/gebaeudeautomation-hlk/Seiten/gebaeudeautomation.aspx HTTP/1.1" 301 456 "-" "Java/1.6.0_24"
95.239.158.89 - - [03/Sep/2013:19:41:39 +0200] "GET /buildingtechnologies/de/de/kundenzeitschriften/Pages/kundenzeitschriften.aspx HTTP/1.1" 301 453 "-" "Java/1.6.0_24"
95.239.158.89 - - [03/Sep/2013:19:41:40 +0200] "GET /buildingtechnologies/de/de/marktspezifische-loesungen/Seiten/marktspezifische-loesungen.aspx HTTP/1.1" 301 468 "-" "Java/1.6.0_24"
95.239.158.89 - - [03/Sep/2013:19:41:40 +0200] "GET /buildingtechnologies/de/de/messen-events/Seiten/messen-events.aspx HTTP/1.1" 301 442 "-" "Java/1.6.0_24"
95.239.158.89 - - [03/Sep/2013:19:41:40 +0200] "GET /buildingtechnologies/de/de/news/Seiten/news.aspx HTTP/1.1" 301 424 "-" "Java/1.6.0_24"
95.239.158.89 - - [03/Sep/2013:19:41:44 +0200] "GET /buildingtechnologies/de/de/partners/Seiten/partners.aspx HTTP/1.1" 301 432 "-" "Java/1.6.0_24"
95.239.158.89 - - [03/Sep/2013:19:41:44 +0200] "GET /buildingtechnologies/de/de/presse/Seiten/presse.aspx HTTP/1.1" 301 428 "-" "Java/1.6.0_24"
95.239.158.89 - - [03/Sep/2013:19:41:50 +0200] "GET /buildingtechnologies/de/de/referenzen/Seiten/referenzen.aspx HTTP/1.1" 301 436 "-" "Java/1.6.0_24"
95.239.158.89 - - [03/Sep/2013:19:41:51 +0200] "GET /buildingtechnologies/de/de/sicherheit/Seiten/sicherheitstechnik.aspx HTTP/1.1" 301 444 "-" "Java/1.6.0_24"
95.239.158.89 - - [03/Sep/2013:19:41:54 +0200] "GET /buildingtechnologies/de/de/support/Seiten/kostenlose-apps.aspx HTTP/1.1" 301 438 "-" "Java/1.6.0_24"
95.239.158.89 - - [03/Sep/2013:19:41:55 +0200] "GET /buildingtechnologies/de/de/support/Seiten/support.aspx HTTP/1.1" 301 430 "-" "Java/1.6.0_24"
95.239.158.89 - - [03/Sep/2013:19:41:55 +0200] "GET /buildingtechnologies/de/de/total-building-solutions/Seiten/total-building-solutions.aspx HTTP/1.1" 301 464 "-" "Java/1.6.0_24"
95.239.158.89 - - [03/Sep/2013:19:41:55 +0200] "GET /buildingtechnologies/de/de/ueber-uns/Seiten/ueber-uns.aspx HTTP/1.1" 301 434 "-" "Java/1.6.0_24"
95.239.158.89 - - [03/Sep/2013:19:41:56 +0200] "GET /wcms3/custom/OSSPAD3/ote/regions/ote.js HTTP/1.1" 301 415 "-" "Java/1.6.0_24"
95.239.158.89 - - [03/Sep/2013:19:41:56 +0200] "GET /_layouts/Querplex/Siemens/WCMS3/scripts/libs/jquery-1.4.4.min.js HTTP/1.1" 301 440 "-" "Java/1.6.0_24"
217.86.196.40 - - [03/Sep/2013:21:57:07 +0200] "GET / HTTP/1.1" 301 365 "http://www.google.de/" "finbot"
217.86.196.40 - - [03/Sep/2013:21:57:08 +0200] "GET /robots.txt HTTP/1.1" 301 375 "http://www.google.de/" "finbot"
141.8.147.12 - - [03/Sep/2013:22:16:50 +0200] "GET / HTTP/1.1" 301 365 "-" "Mozilla/5.0 (compatible; YandexBot/3.0; +http://yandex.com/bots)"
141.8.147.12 - - [03/Sep/2013:22:30:21 +0200] "GET /robots.txt HTTP/1.1" 301 394 "-" "Mozilla/5.0 (compatible; YandexBot/3.0; +http://yandex.com/bots)"
141.8.147.12 - - [03/Sep/2013:22:54:01 +0200] "GET / HTTP/1.1" 301 384 "-" "Mozilla/5.0 (compatible; YandexBot/3.0; +http://yandex.com/bots)"
91.194.254.79 - - [03/Sep/2013:23:10:27 +0200] "GET / HTTP/1.1" 301 376 "http://www.algorex-partner.de/" "Mozilla/5.0 (Windows NT 5.1; rv:11.0) Gecko Firefox/11.0"
91.194.254.79 - - [03/Sep/2013:23:10:27 +0200] "GET /wp-login.php HTTP/1.1" 301 388 "http://www.algorex-partner.de/" "Mozilla/5.0 (Windows NT 5.1; rv:11.0) Gecko Firefox/11.0"
5.10.83.74 - - [04/Sep/2013:02:28:54 +0200] "GET /text/11030600_0000.htm HTTP/1.1" 301 387 "-" "Mozilla/5.0 (compatible; AhrefsBot/5.0; +http://ahrefs.com/robot/)"
180.153.236.23 - - [04/Sep/2013:02:44:33 +0200] "GET / HTTP/1.1" 301 365 "http://www.sibt.de/" "Mozilla/5.0 (Windows; U; Windows NT 5.1; zh-CN; rv:1.8.0.11) Firefox/1.5.0.11; 360Spider"
178.77.126.55 - - [04/Sep/2013:03:44:19 +0200] "GET /robots.txt HTTP/1.1" 301 375 "-" "Mozilla/5.0 (compatible; CareerBot/1.1; +http://www.career-x.de/bot.html)"
178.77.126.55 - - [04/Sep/2013:03:44:19 +0200] "GET / HTTP/1.1" 301 365 "-" "Mozilla/5.0 (compatible; CareerBot/1.1; +http://www.career-x.de/bot.html)"
68.47.129.55 - - [04/Sep/2013:04:29:06 +0200] "GET /robots.txt HTTP/1.1" 301 386 "-" "Mozilla/5.0 (compatible; CompSpyBot/1.0; +http://www.compspy.com/spider.html)"
68.47.129.55 - - [04/Sep/2013:04:29:07 +0200] "GET /robots.txt HTTP/1.1" 301 386 "-" "Mozilla/5.0 (compatible; CompSpyBot/1.0; +http://www.compspy.com/spider.html)"
178.77.126.55 - - [04/Sep/2013:04:35:39 +0200] "GET /robots.txt HTTP/1.1" 301 386 "-" "Mozilla/5.0 (compatible; CareerBot/1.1; +http://www.career-x.de/bot.html)"
178.77.126.55 - - [04/Sep/2013:04:35:39 +0200] "GET / HTTP/1.1" 301 376 "-" "Mozilla/5.0 (compatible; CareerBot/1.1; +http://www.career-x.de/bot.html)"
157.55.33.15 - - [04/Sep/2013:15:29:49 +0200] "GET /robots.txt HTTP/1.1" 301 375 "-" "Mozilla/5.0 (compatible; bingbot/2.0; +http://www.bing.com/bingbot.htm)"
157.55.33.15 - - [04/Sep/2013:15:30:16 +0200] "GET /security/forw_sibt_security/index.html HTTP/1.1" 301 403 "-" "Mozilla/5.0 (compatible; bingbot/2.0; +http://www.bing.com/bingbot.htm)"
66.249.78.65 - - [04/Sep/2013:18:21:23 +0200] "GET /robots.txt HTTP/1.1" 301 375 "-" "Mozilla/5.0 (compatible; Googlebot/2.1; +http://www.google.com/bot.html)"
66.249.78.65 - - [04/Sep/2013:18:21:23 +0200] "GET / HTTP/1.1" 301 365 "-" "Mozilla/5.0 (compatible; Googlebot/2.1; +http://www.google.com/bot.html)"
76.73.3.18 - - [04/Sep/2013:20:38:21 +0200] "GET / HTTP/1.1" 301 376 "-" "Mozilla/5.0 (compatible; CompSpyBot/1.0; +http://www.compspy.com/spider.html)"
141.8.147.12 - - [04/Sep/2013:22:53:29 +0200] "GET /robots.txt HTTP/1.1" 301 392 "-" "Mozilla/5.0 (compatible; YandexBot/3.0; +http://yandex.com/bots)"
141.8.147.12 - - [04/Sep/2013:22:55:40 +0200] "GET / HTTP/1.1" 301 382 "-" "Mozilla/5.0 (compatible; YandexBot/3.0; +http://yandex.com/bots)"
5.10.83.19 - - [05/Sep/2013:03:43:29 +0200] "GET / HTTP/1.1" 301 376 "-" "Mozilla/5.0 (compatible; AhrefsBot/5.0; +http://ahrefs.com/robot/)"
81.27.161.2 - - [05/Sep/2013:07:55:07 +0200] "GET / HTTP/1.1" 301 384 "http://www.it-business.de/Siemens-Gebaeudetechnik/kontakt/firma/238210" "Mozilla/4.0 (compatible; MSIE 8.0; Windows NT 5.1; Trident/4.0; .NET CLR 1.1.4322; .NET CLR 2.0.50727; .NET CLR 3.0.4506.2152; .NET CLR 3.5.30729; .NET4.0C; .NET4.0E)"
66.249.78.65 - - [05/Sep/2013:11:08:30 +0200] "GET /robots.txt HTTP/1.1" 301 375 "-" "Mozilla/5.0 (compatible; Googlebot/2.1; +http://www.google.com/bot.html)"
66.249.66.76 - - [05/Sep/2013:11:08:30 +0200] "GET / HTTP/1.1" 301 365 "-" "DoCoMo/2.0 N905i(c100;TB;W24H16) (compatible; Googlebot-Mobile/2.1; +http://www.google.com/bot.html)"
141.8.147.12 - - [05/Sep/2013:11:34:24 +0200] "GET /robots.txt HTTP/1.1" 301 394 "-" "Mozilla/5.0 (compatible; YandexBot/3.0; +http://yandex.com/bots)"
66.249.78.240 - - [05/Sep/2013:12:00:14 +0200] "GET /robots.txt HTTP/1.1" 301 377 "-" "Mozilla/5.0 (compatible; Googlebot/2.1; +http://www.google.com/bot.html)"
66.249.66.215 - - [05/Sep/2013:12:00:14 +0200] "GET / HTTP/1.1" 301 367 "-" "DoCoMo/2.0 N905i(c100;TB;W24H16) (compatible; Googlebot-Mobile/2.1; +http://www.google.com/bot.html)"
141.8.147.12 - - [05/Sep/2013:12:36:27 +0200] "GET /robots.txt HTTP/1.1" 301 377 "-" "Mozilla/5.0 (compatible; YandexBot/3.0; +http://yandex.com/bots)"
125.209.208.13 - - [05/Sep/2013:14:12:12 +0200] "GET /robots.txt HTTP/1.1" 301 375 "-" "Yeti/1.0 (NHN Corp.; http://help.naver.com/robots/)"
125.209.208.9 - - [05/Sep/2013:14:12:14 +0200] "GET / HTTP/1.1" 301 365 "-" "Yeti/1.0 (NHN Corp.; http://help.naver.com/robots/)"
66.249.74.136 - - [05/Sep/2013:14:55:25 +0200] "GET /robots.txt HTTP/1.1" 301 386 "-" "Mozilla/5.0 (compatible; Googlebot/2.1; +http://www.google.com/bot.html)"
66.249.74.136 - - [05/Sep/2013:14:55:26 +0200] "GET / HTTP/1.1" 301 376 "-" "DoCoMo/2.0 N905i(c100;TB;W24H16) (compatible; Googlebot-Mobile/2.1; +http://www.google.com/bot.html)"
188.165.195.156 - - [05/Sep/2013:14:57:46 +0200] "HEAD / HTTP/1.1" 301 - "-" "Mozilla/4.0 (compatible; MSIE 5.01; Windows NT 5.0)"
89.123.53.186 - - [05/Sep/2013:15:33:35 +0200] "GET / HTTP/1.1" 301 365 "-" "Java/1.6.0_04"
89.123.53.186 - - [05/Sep/2013:15:33:37 +0200] "GET /WebResource.axd?d=Bv1-mjeyja02JJ6n2wFQ43vgZO8UaX85QiobgQo7CCZG-fnqlRFt6lLkR6htUda4792Vc2iS18Exe7hUAGV65k4aHrI1&t=635022714918232500 HTTP/1.1" 301 504 "-" "Java/1.6.0_04"
89.123.53.186 - - [05/Sep/2013:15:33:37 +0200] "GET /home.aspx HTTP/1.1" 301 374 "-" "Java/1.6.0_04"
89.123.53.186 - - [05/Sep/2013:15:33:37 +0200] "GET /_layouts/blank.js?rev=QGOYAJlouiWgFRlhHVlMKA%3D%3D HTTP/1.1" 301 415 "-" "Java/1.6.0_04"
89.123.53.186 - - [05/Sep/2013:15:33:37 +0200] "GET /buildingtechnologies/de HTTP/1.1" 301 388 "-" "Java/1.6.0_04"
89.123.53.186 - - [05/Sep/2013:15:33:38 +0200] "GET //w3.siemens.com/ote/ote_config.js HTTP/1.1" 301 397 "-" "Java/1.6.0_04"
89.123.53.186 - - [05/Sep/2013:15:33:39 +0200] "GET /buildingtechnologies/de/de/Pages/home.aspx HTTP/1.1" 301 407 "-" "Java/1.6.0_04"
89.123.53.186 - - [05/Sep/2013:15:33:39 +0200] "GET /_layouts/Querplex/Siemens/WCMS3/scripts/jquery.jcarousel.js?rev=29967635136983423621768 HTTP/1.1" 301 452 "-" "Java/1.6.0_04"
89.123.53.186 - - [05/Sep/2013:15:33:39 +0200] "GET /_layouts/Querplex/Siemens/WCMS3/scripts/scripts.pack.js?rev=19816635136983424089780 HTTP/1.1" 301 448 "-" "Java/1.6.0_04"
89.123.53.186 - - [05/Sep/2013:15:33:40 +0200] "GET /_layouts/Querplex/Siemens/WCMS3/scripts/social-media-accordion.js?rev=15324635136983424401788 HTTP/1.1" 301 458 "-" "Java/1.6.0_04"
89.123.53.186 - - [05/Sep/2013:15:33:40 +0200] "GET /_layouts/Querplex/Siemens/WCMS3/scripts/swfobject-2.2.js HTTP/1.1" 301 421 "-" "Java/1.6.0_04"
89.123.53.186 - - [05/Sep/2013:15:33:40 +0200] "GET /_layouts/Querplex/Siemens/WCMS3/scripts/w2glayer.pack.js?rev=54117635136983424713796 HTTP/1.1" 301 449 "-" "Java/1.6.0_04"
89.123.53.186 - - [05/Sep/2013:15:33:40 +0200] "GET /buildingtechnologies/de/de/brandschutz/Seiten/brandschutz.aspx HTTP/1.1" 301 427 "-" "Java/1.6.0_04"
89.123.53.186 - - [05/Sep/2013:15:33:41 +0200] "GET /buildingtechnologies/de/de/energieeffizienz/Seiten/energieeffizienz.aspx HTTP/1.1" 301 437 "-" "Java/1.6.0_04"
89.123.53.186 - - [05/Sep/2013:15:33:41 +0200] "GET /buildingtechnologies/de/de/extranet/Seiten/extranet.aspx HTTP/1.1" 301 421 "-" "Java/1.6.0_04"
89.123.53.186 - - [05/Sep/2013:15:33:42 +0200] "GET /buildingtechnologies/de/de/gebaeudeautomation-hlk/Seiten/gebaeudeautomation.aspx HTTP/1.1" 301 445 "-" "Java/1.6.0_04"
89.123.53.186 - - [05/Sep/2013:15:33:42 +0200] "GET /buildingtechnologies/de/de/kundenzeitschriften/Pages/kundenzeitschriften.aspx HTTP/1.1" 301 442 "-" "Java/1.6.0_04"
89.123.53.186 - - [05/Sep/2013:15:33:43 +0200] "GET /buildingtechnologies/de/de/marktspezifische-loesungen/Seiten/marktspezifische-loesungen.aspx HTTP/1.1" 301 457 "-" "Java/1.6.0_04"
89.123.53.186 - - [05/Sep/2013:15:33:43 +0200] "GET /buildingtechnologies/de/de/messen-events/Seiten/messen-events.aspx HTTP/1.1" 301 431 "-" "Java/1.6.0_04"
89.123.53.186 - - [05/Sep/2013:15:33:43 +0200] "GET /buildingtechnologies/de/de/news/Seiten/news.aspx HTTP/1.1" 301 413 "-" "Java/1.6.0_04"
89.123.53.186 - - [05/Sep/2013:15:33:43 +0200] "GET /buildingtechnologies/de/de/partners/Seiten/partners.aspx HTTP/1.1" 301 421 "-" "Java/1.6.0_04"
89.123.53.186 - - [05/Sep/2013:15:33:44 +0200] "GET /buildingtechnologies/de/de/presse/Seiten/presse.aspx HTTP/1.1" 301 417 "-" "Java/1.6.0_04"
89.123.53.186 - - [05/Sep/2013:15:33:44 +0200] "GET /buildingtechnologies/de/de/referenzen/Seiten/referenzen.aspx HTTP/1.1" 301 425 "-" "Java/1.6.0_04"
89.123.53.186 - - [05/Sep/2013:15:33:44 +0200] "GET /buildingtechnologies/de/de/sicherheit/Seiten/sicherheitstechnik.aspx HTTP/1.1" 301 433 "-" "Java/1.6.0_04"
89.123.53.186 - - [05/Sep/2013:15:33:45 +0200] "GET /buildingtechnologies/de/de/support/Seiten/kostenlose-apps.aspx HTTP/1.1" 301 427 "-" "Java/1.6.0_04"
89.123.53.186 - - [05/Sep/2013:15:33:54 +0200] "GET /buildingtechnologies/de/de/support/Seiten/support.aspx HTTP/1.1" 301 419 "-" "Java/1.6.0_04"
89.123.53.186 - - [05/Sep/2013:15:33:55 +0200] "GET /buildingtechnologies/de/de/total-building-solutions/Seiten/total-building-solutions.aspx HTTP/1.1" 301 453 "-" "Java/1.6.0_04"
89.123.53.186 - - [05/Sep/2013:15:33:55 +0200] "GET /buildingtechnologies/de/de/ueber-uns/Seiten/ueber-uns.aspx HTTP/1.1" 301 423 "-" "Java/1.6.0_04"
89.123.53.186 - - [05/Sep/2013:15:33:55 +0200] "GET /wcms3/custom/OSSPAD3/ote/regions/ote.js HTTP/1.1" 301 404 "-" "Java/1.6.0_04"
89.123.53.186 - - [05/Sep/2013:15:33:56 +0200] "GET /_layouts/Querplex/Siemens/WCMS3/scripts/libs/jquery-1.4.4.min.js HTTP/1.1" 301 429 "-" "Java/1.6.0_04"
157.55.33.15 - - [05/Sep/2013:15:47:03 +0200] "GET /robots.txt HTTP/1.1" 301 375 "-" "Mozilla/5.0 (compatible; bingbot/2.0; +http://www.bing.com/bingbot.htm)"
157.55.33.15 - - [05/Sep/2013:15:47:45 +0200] "GET /fire/forw_sibt_fire/index.html HTTP/1.1" 301 395 "-" "Mozilla/5.0 (compatible; bingbot/2.0; +http://www.bing.com/bingbot.htm)"
83.171.172.158 - - [05/Sep/2013:16:07:20 +0200] "GET / HTTP/1.1" 301 384 "http://www.it-business.de/Siemens-Gebaeudetechnik/kontakt/firma/238210" "Mozilla/5.0 (Windows NT 6.1) AppleWebKit/537.36 (KHTML, like Gecko) Chrome/29.0.1547.62 Safari/537.36"
150.70.97.113 - - [05/Sep/2013:16:11:47 +0200] "GET / HTTP/1.1" 301 384 "-" "Mozilla/4.0 (compatible; MSIE 8.0; Windows NT 5.1; Trident/4.0)"
188.165.195.156 - - [05/Sep/2013:16:41:15 +0200] "HEAD / HTTP/1.1" 301 - "-" "Mozilla/4.0 (compatible; MSIE 5.01; Windows NT 5.0)"
195.233.250.7 - - [05/Sep/2013:17:11:33 +0200] "GET / HTTP/1.1" 301 384 "http://www.it-business.de/Siemens-Gebaeudetechnik/kontakt/firma/238210" "Mozilla/4.0 (compatible; MSIE 8.0; Windows NT 6.1; Trident/4.0; SLCC2; .NET CLR 2.0.50727; .NET CLR 3.5.30729; .NET CLR 3.0.30729; .NET4.0C; .NET4.0E; InfoPath.3; MS-RTC LM 8)"
83.171.172.158 - - [05/Sep/2013:17:25:07 +0200] "GET / HTTP/1.1" 301 384 "http://www.it-business.de/Siemens-Gebaeudetechnik/kontakt/firma/238210" "Mozilla/5.0 (Windows NT 5.1; rv:23.0) Gecko/20100101 Firefox/23.0"
150.70.64.216 - - [05/Sep/2013:17:29:11 +0200] "GET / HTTP/1.0" 301 384 "-" "Mozilla/4.0 (compatible; MSIE 6.0; Windows NT 5.1)"
141.8.147.12 - - [05/Sep/2013:17:46:55 +0200] "GET / HTTP/1.1" 301 384 "-" "Mozilla/5.0 (compatible; YandexBot/3.0; +http://yandex.com/bots)"
54.211.30.126 - - [05/Sep/2013:18:21:38 +0200] "HEAD / HTTP/1.1" 301 - "http://www.netcraft.com/survey/" "Mozilla/4.0 (compatible; Netcraft Web Server Survey)"
141.8.147.12 - - [05/Sep/2013:19:02:42 +0200] "GET /robots.txt HTTP/1.1" 301 384 "-" "Mozilla/5.0 (compatible; YandexBot/3.0; +http://yandex.com/bots)"
141.8.147.12 - - [05/Sep/2013:20:01:15 +0200] "GET / HTTP/1.1" 301 367 "-" "Mozilla/5.0 (compatible; YandexBot/3.0; +http://yandex.com/bots)"
157.55.33.15 - - [05/Sep/2013:20:31:34 +0200] "GET /robots.txt HTTP/1.1" 301 375 "-" "Mozilla/5.0 (compatible; bingbot/2.0; +http://www.bing.com/bingbot.htm)"
157.55.33.15 - - [05/Sep/2013:20:33:09 +0200] "GET /security/ HTTP/1.1" 301 374 "-" "Mozilla/5.0 (compatible; bingbot/2.0; +http://www.bing.com/bingbot.htm)"
141.8.147.12 - - [05/Sep/2013:21:24:31 +0200] "GET / HTTP/1.1" 301 374 "-" "Mozilla/5.0 (compatible; YandexBot/3.0; +http://yandex.com/bots)"
141.8.147.12 - - [06/Sep/2013:00:35:17 +0200] "GET /robots.txt HTTP/1.1" 301 377 "-" "Mozilla/5.0 (compatible; YandexBot/3.0; +http://yandex.com/bots)"
180.76.5.98 - - [06/Sep/2013:00:51:58 +0200] "GET / HTTP/1.1" 301 365 "-" "Mozilla/5.0 (compatible; Baiduspider/2.0; +http://www.baidu.com/search/spider.html)"
208.115.113.88 - - [06/Sep/2013:01:04:00 +0200] "GET /robots.txt HTTP/1.1" 301 386 "-" "Mozilla/5.0 (compatible; Ezooms/1.0; ezooms.bot@gmail.com)"
185.10.104.132 - - [06/Sep/2013:01:06:58 +0200] "GET / HTTP/1.1" 301 365 "-" "Mozilla/5.0 (compatible; Baiduspider/2.0; +http://www.baidu.com/search/spider.html)"
180.76.4.137 - - [06/Sep/2013:01:21:58 +0200] "GET / HTTP/1.1" 301 365 "-" "Mozilla/5.0 (compatible; Baiduspider/2.0; +http://www.baidu.com/search/spider.html)"
208.115.113.88 - - [06/Sep/2013:01:26:30 +0200] "GET / HTTP/1.1" 301 376 "-" "Mozilla/5.0 (compatible; Ezooms/1.0; ezooms.bot@gmail.com)"
83.233.207.74 - - [06/Sep/2013:03:23:47 +0200] "GET / HTTP/1.1" 301 365 "-" "Mozilla/4.0 (CMS Crawler: http://www.cmscrawler.com)"
212.227.66.11 - - [06/Sep/2013:04:39:08 +0200] "GET / HTTP/1.1" 301 382 "-" "python-requests/1.2.3 CPython/2.6.5 Linux/2.6.32-43-generic"
188.40.126.72 - - [06/Sep/2013:05:29:03 +0200] "GET / HTTP/1.1" 301 365 "-" "Mozilla/4.0 (compatible; MSIE 6.0; Windows NT 5.1; SV1; .NET CLR 1.1.4322)"
188.40.126.72 - - [06/Sep/2013:05:29:03 +0200] "GET /robots.txt HTTP/1.1" 301 375 "-" "libwww-perl/6.03"
188.40.126.72 - - [06/Sep/2013:05:29:03 +0200] "GET / HTTP/1.1" 301 365 "-" "Mozilla/4.0 (compatible; MSIE 6.0; Windows NT 5.1; SV1; .NET CLR 1.1.4322)"
141.8.147.12 - - [06/Sep/2013:06:55:48 +0200] "GET /robots.txt HTTP/1.1" 301 384 "-" "Mozilla/5.0 (compatible; YandexBot/3.0; +http://yandex.com/bots)"
157.55.35.51 - - [06/Sep/2013:08:51:58 +0200] "GET /robots.txt HTTP/1.1" 301 375 "-" "Mozilla/5.0 (compatible; bingbot/2.0; +http://www.bing.com/bingbot.htm)"
157.55.35.51 - - [06/Sep/2013:08:53:58 +0200] "GET / HTTP/1.1" 301 365 "-" "Mozilla/5.0 (compatible; bingbot/2.0; +http://www.bing.com/bingbot.htm)"
5.9.88.202 - - [06/Sep/2013:12:00:28 +0200] "GET / HTTP/1.0" 301 384 "-" "Wget/1.11.4"
5.9.88.202 - - [06/Sep/2013:12:00:29 +0200] "GET / HTTP/1.0" 301 382 "-" "Wget/1.11.4"
141.8.147.12 - - [06/Sep/2013:12:35:40 +0200] "GET /robots.txt HTTP/1.1" 301 377 "-" "Mozilla/5.0 (compatible; YandexBot/3.0; +http://yandex.com/bots)"
141.8.147.12 - - [06/Sep/2013:14:30:46 +0200] "GET /robots.txt HTTP/1.1" 301 386 "-" "Mozilla/5.0 (compatible; YandexBot/3.0; +http://yandex.com/bots)"
188.64.254.210 - - [06/Sep/2013:15:13:37 +0200] "GET / HTTP/1.1" 301 365 "-" "Mozilla/5.0 (compatible; MSIE 10.0; Windows NT 6.1; WOW64; Trident/6.0)"
199.58.86.206 - - [06/Sep/2013:15:15:25 +0200] "GET /robots.txt HTTP/1.0" 301 386 "-" "Mozilla/5.0 (compatible; MJ12bot/v1.4.4; http://www.majestic12.co.uk/bot.php?+)"
199.58.86.206 - - [06/Sep/2013:15:15:27 +0200] "GET / HTTP/1.0" 301 376 "-" "Mozilla/5.0 (compatible; MJ12bot/v1.4.4; http://www.majestic12.co.uk/bot.php?+)"
141.8.147.12 - - [06/Sep/2013:17:55:52 +0200] "GET /robots.txt HTTP/1.1" 301 394 "-" "Mozilla/5.0 (compatible; YandexBot/3.0; +http://yandex.com/bots)"
182.118.55.45 - - [06/Sep/2013:18:14:06 +0200] "GET / HTTP/1.1" 301 365 "http://www.sibt.de/" "Mozilla/5.0 (Windows; U; Windows NT 5.1; zh-CN; rv:1.8.0.11) Firefox/1.5.0.11 360Spider;"
66.249.78.88 - - [06/Sep/2013:18:21:32 +0200] "GET /robots.txt HTTP/1.1" 301 394 "-" "Mozilla/5.0 (compatible; Googlebot/2.1; +http://www.google.com/bot.html)"
66.249.74.155 - - [06/Sep/2013:18:21:33 +0200] "GET / HTTP/1.1" 301 384 "-" "Mozilla/5.0 (compatible; Googlebot/2.1; +http://www.google.com/bot.html)"
66.249.78.45 - - [06/Sep/2013:18:38:40 +0200] "GET /robots.txt HTTP/1.1" 301 389 "-" "Mozilla/5.0 (compatible; Googlebot/2.1; +http://www.google.com/bot.html)"
66.249.78.45 - - [06/Sep/2013:18:38:41 +0200] "GET / HTTP/1.1" 301 379 "-" "Mozilla/5.0 (compatible; Googlebot/2.1; +http://www.google.com/bot.html)"
66.249.78.85 - - [06/Sep/2013:18:55:49 +0200] "GET /robots.txt HTTP/1.1" 301 392 "-" "Mozilla/5.0 (compatible; Googlebot/2.1; +http://www.google.com/bot.html)"
66.249.78.85 - - [06/Sep/2013:18:55:50 +0200] "GET / HTTP/1.1" 301 382 "-" "Mozilla/5.0 (compatible; Googlebot/2.1; +http://www.google.com/bot.html)"
66.249.78.81 - - [06/Sep/2013:19:04:23 +0200] "GET /robots.txt HTTP/1.1" 301 386 "-" "Mozilla/5.0 (compatible; Googlebot/2.1; +http://www.google.com/bot.html)"
66.249.78.81 - - [06/Sep/2013:19:04:24 +0200] "GET / HTTP/1.1" 301 376 "-" "Mozilla/5.0 (compatible; Googlebot/2.1; +http://www.google.com/bot.html)"
23.22.61.247 - - [06/Sep/2013:19:06:41 +0200] "HEAD /robots.txt HTTP/1.1" 301 - "http://netcomber.com/sgtbayernnord.de?st=br2" "sgtbayernnord.de"
23.22.61.247 - - [06/Sep/2013:19:06:42 +0200] "GET /robots.txt HTTP/1.1" 301 384 "http://netcomber.com/sgtbayernnord.de?st=br2" "sgtbayernnord.de"
66.249.78.240 - - [06/Sep/2013:19:12:58 +0200] "GET /robots.txt HTTP/1.1" 301 377 "-" "Mozilla/5.0 (compatible; Googlebot/2.1; +http://www.google.com/bot.html)"
66.249.78.240 - - [06/Sep/2013:19:12:58 +0200] "GET / HTTP/1.1" 301 367 "-" "Mozilla/5.0 (compatible; Googlebot/2.1; +http://www.google.com/bot.html)"
141.8.147.12 - - [06/Sep/2013:20:03:59 +0200] "GET / HTTP/1.1" 301 384 "-" "Mozilla/5.0 (compatible; YandexBot/3.0; +http://yandex.com/bots)"
141.8.147.12 - - [06/Sep/2013:20:06:28 +0200] "GET / HTTP/1.1" 301 367 "-" "Mozilla/5.0 (compatible; YandexBot/3.0; +http://yandex.com/bots)"
81.169.188.167 - - [06/Sep/2013:20:56:02 +0200] "GET / HTTP/1.1" 301 376 "-" "Mozilla/5.0 (compatible; MSIE 9.0; Windows NT 6.1; de) Opera 11.51"
141.8.147.12 - - [06/Sep/2013:22:08:32 +0200] "GET / HTTP/1.1" 301 376 "-" "Mozilla/5.0 (compatible; YandexBot/3.0; +http://yandex.com/bots)"
188.138.109.147 - - [06/Sep/2013:22:46:30 +0200] "GET / HTTP/1.0" 301 376 "-" "Lynx/2.8.8dev.5 libwww-FM/2.14 SSL-MM/1.4.1 GNUTLS/2.8.6"
178.77.126.55 - - [07/Sep/2013:02:09:05 +0200] "GET /robots.txt HTTP/1.1" 301 375 "-" "Mozilla/5.0 (compatible; CareerBot/1.1; +http://www.career-x.de/bot.html)"
178.77.126.55 - - [07/Sep/2013:02:09:05 +0200] "GET / HTTP/1.1" 301 365 "-" "Mozilla/5.0 (compatible; CareerBot/1.1; +http://www.career-x.de/bot.html)"
178.77.126.55 - - [07/Sep/2013:02:58:36 +0200] "GET /robots.txt HTTP/1.1" 301 386 "-" "Mozilla/5.0 (compatible; CareerBot/1.1; +http://www.career-x.de/bot.html)"
178.77.126.55 - - [07/Sep/2013:02:58:36 +0200] "GET / HTTP/1.1" 301 376 "-" "Mozilla/5.0 (compatible; CareerBot/1.1; +http://www.career-x.de/bot.html)"
66.249.78.81 - - [07/Sep/2013:03:45:37 +0200] "GET /robots.txt HTTP/1.1" 301 386 "-" "Mozilla/5.0 (compatible; Googlebot/2.1; +http://www.google.com/bot.html)"
157.55.33.25 - - [07/Sep/2013:05:13:34 +0200] "GET /robots.txt HTTP/1.1" 301 384 "-" "Mozilla/5.0 (compatible; bingbot/2.0; +http://www.bing.com/bingbot.htm)"
157.55.33.25 - - [07/Sep/2013:05:15:34 +0200] "GET / HTTP/1.1" 301 374 "-" "Mozilla/5.0 (compatible; bingbot/2.0; +http://www.bing.com/bingbot.htm)"
206.253.226.18 - - [07/Sep/2013:06:14:47 +0200] "GET /robots.txt HTTP/1.1" 301 377 "-" "Mozilla/5.0 (compatible; oBot/2.3.1; +http://filterdb.iss.net/crawler/)"
206.253.226.18 - - [07/Sep/2013:06:14:47 +0200] "GET / HTTP/1.1" 301 367 "-" "Mozilla/5.0 (compatible; oBot/2.3.1; +http://filterdb.iss.net/crawler/)"
217.230.154.223 - - [07/Sep/2013:06:15:21 +0200] "GET / HTTP/1.1" 301 365 "http://www.bigfinder.de/online-11.html" "Mozilla/5.0 (Windows; U; Windows NT 5.1; de; rv:1.9.0.12) Gecko/2009070611 Firefox/3.0.12 GTB7.1 (.NET CLR 3.5.30729)"
64.246.165.10 - - [07/Sep/2013:07:40:34 +0200] "GET /robots.txt HTTP/1.0" 301 386 "-" "Mozilla/5.0 (Windows; U; Windows NT 5.1; en; rv:1.9.0.13) Gecko/2009073022 Firefox/3.5.2 (.NET CLR 3.5.30729) SurveyBot/2.3 (DomainTools)"
64.246.165.10 - - [07/Sep/2013:07:40:34 +0200] "GET / HTTP/1.1" 301 376 "http://whois.domaintools.com/algorex-partner.de" "Mozilla/5.0 (Windows; U; Windows NT 5.1; en; rv:1.9.0.13) Gecko/2009073022 Firefox/3.5.2 (.NET CLR 3.5.30729) SurveyBot/2.3 (DomainTools)"
5.10.83.56 - - [07/Sep/2013:11:12:06 +0200] "GET / HTTP/1.1" 301 384 "-" "Mozilla/5.0 (compatible; AhrefsBot/5.0; +http://ahrefs.com/robot/)"
217.230.154.223 - - [07/Sep/2013:11:17:09 +0200] "GET / HTTP/1.1" 301 365 "http://www.bigfinder.de/online-11.html" "Mozilla/5.0 (Windows; U; Windows NT 6.1; de; rv:1.9.2.8) Gecko/20100722 Firefox/3.6.8 GTB7.1"
217.230.154.223 - - [07/Sep/2013:11:41:53 +0200] "GET / HTTP/1.1" 301 382 "http://www.bigfinder.de/online-11.html" "T-Online Browser (Windows NT 6.1; de)"
85.25.71.40 - - [07/Sep/2013:13:51:51 +0200] "GET /robots.txt HTTP/1.1" 301 375 "-" "Mozilla/5.0 (X11; U; Linux i686; de; rv:1.9.0.1; compatible; iCjobs Stellenangebote Jobs; http://www.icjobs.de) Gecko/20100401 iCjobs/3.2.3"
85.25.71.40 - - [07/Sep/2013:13:51:52 +0200] "GET / HTTP/1.1" 301 365 "-" "Mozilla/5.0 (X11; U; Linux i686; de; rv:1.9.0.1; compatible; iCjobs Stellenangebote Jobs; http://www.icjobs.de) Gecko/20100401 iCjobs/3.2.3"
85.25.71.40 - - [07/Sep/2013:13:51:53 +0200] "GET / HTTP/1.1" 301 365 "-" "Mozilla/5.0 (X11; U; Linux i686; de; rv:1.9.0.1; compatible; iCjobs Stellenangebote Jobs; http://www.icjobs.de) Gecko/20100401 iCjobs/3.2.3"
180.76.6.232 - - [07/Sep/2013:16:22:23 +0200] "GET /robots.txt HTTP/1.1" 301 375 "-" "Mozilla/5.0 (Windows NT 5.1; rv:6.0.2) Gecko/20100101 Firefox/6.0.2"
50.31.96.7 - - [07/Sep/2013:17:07:36 +0200] "GET / HTTP/1.1" 301 382 "-" "Mozilla/5.0 (X11; U; Linux x86_64; en-US) AppleWebKit/534.3 (KHTML, like Gecko) Qt/4.7.4 Safari/534.3"
92.224.218.37 - - [07/Sep/2013:19:44:57 +0200] "GET / HTTP/1.1" 301 365 "-" "Mozilla/5.0 (compatible; MSIE 10.0; Windows NT 6.1; WOW64; Trident/6.0)"
5.10.83.22 - - [07/Sep/2013:22:19:58 +0200] "GET / HTTP/1.1" 301 365 "-" "Mozilla/5.0 (compatible; AhrefsBot/5.0; +http://ahrefs.com/robot/)"
157.56.92.151 - - [07/Sep/2013:23:33:06 +0200] "GET /robots.txt HTTP/1.1" 301 392 "-" "Mozilla/5.0 (compatible; bingbot/2.0; +http://www.bing.com/bingbot.htm)"
157.56.92.151 - - [07/Sep/2013:23:33:42 +0200] "GET /news/index.php?action=shownews&mode=archiv&news_month=200106 HTTP/1.1" 301 450 "-" "Mozilla/5.0 (compatible; bingbot/2.0; +http://www.bing.com/bingbot.htm)"
188.138.41.174 - - [08/Sep/2013:01:35:24 +0200] "GET /robots.txt HTTP/1.1" 301 389 "-" "Mozilla/5.0 (X11; U; Linux i686; de; rv:1.9.0.1; compatible; iCjobs Stellenangebote Jobs; http://www.icjobs.de) Gecko/20100401 iCjobs/3.2.3"
188.138.41.174 - - [08/Sep/2013:01:35:25 +0200] "GET / HTTP/1.1" 301 379 "-" "Mozilla/5.0 (X11; U; Linux i686; de; rv:1.9.0.1; compatible; iCjobs Stellenangebote Jobs; http://www.icjobs.de) Gecko/20100401 iCjobs/3.2.3"
188.138.41.174 - - [08/Sep/2013:01:35:26 +0200] "GET / HTTP/1.1" 301 379 "-" "Mozilla/5.0 (X11; U; Linux i686; de; rv:1.9.0.1; compatible; iCjobs Stellenangebote Jobs; http://www.icjobs.de) Gecko/20100401 iCjobs/3.2.3"
66.249.78.188 - - [08/Sep/2013:04:19:09 +0200] "GET /robots.txt HTTP/1.1" 301 384 "-" "Mozilla/5.0 (compatible; Googlebot/2.1; +http://www.google.com/bot.html)"
66.249.78.188 - - [08/Sep/2013:04:19:09 +0200] "GET / HTTP/1.1" 301 374 "-" "Mozilla/5.0 (compatible; Googlebot/2.1; +http://www.google.com/bot.html)"
141.8.147.12 - - [08/Sep/2013:08:18:08 +0200] "GET /robots.txt HTTP/1.1" 301 384 "-" "Mozilla/5.0 (compatible; YandexBot/3.0; +http://yandex.com/bots)"
5.10.83.56 - - [08/Sep/2013:08:51:56 +0200] "GET /robots.txt HTTP/1.1" 301 386 "-" "Mozilla/5.0 (compatible; AhrefsBot/5.0; +http://ahrefs.com/robot/)"
144.76.42.76 - - [08/Sep/2013:09:09:59 +0200] "GET / HTTP/1.1" 301 365 "-" "Mozilla/5.0 (Macintosh; Intel Mac OS X 10_8_2) AppleWebKit/537.17 (KHTML, like Gecko) Chrome/24.0.1312.52 Safari/537.17"
208.115.113.89 - - [08/Sep/2013:09:16:40 +0200] "GET /robots.txt HTTP/1.1" 301 375 "-" "Mozilla/5.0 (compatible; Ezooms/1.0; ezooms.bot@gmail.com)"
5.10.83.35 - - [08/Sep/2013:09:20:51 +0200] "GET /robots.txt HTTP/1.1" 301 375 "-" "Mozilla/5.0 (compatible; AhrefsBot/5.0; +http://ahrefs.com/robot/)"
5.10.83.35 - - [08/Sep/2013:09:25:34 +0200] "GET /robots.txt HTTP/1.1" 301 394 "-" "Mozilla/5.0 (compatible; AhrefsBot/5.0; +http://ahrefs.com/robot/)"
66.249.78.240 - - [08/Sep/2013:11:00:59 +0200] "GET /robots.txt HTTP/1.1" 301 377 "-" "Mozilla/5.0 (compatible; Googlebot/2.1; +http://www.google.com/bot.html)"
66.249.78.240 - - [08/Sep/2013:11:01:00 +0200] "GET / HTTP/1.1" 301 367 "-" "SAMSUNG-SGH-E250/1.0 Profile/MIDP-2.0 Configuration/CLDC-1.1 UP.Browser/6.2.3.3.c.1.101 (GUI) MMP/2.0 (compatible; Googlebot-Mobile/2.1; +http://www.google.com/bot.html)"
141.8.147.12 - - [08/Sep/2013:11:06:34 +0200] "GET / HTTP/1.1" 301 374 "-" "Mozilla/5.0 (compatible; YandexBot/3.0; +http://yandex.com/bots)"
208.115.113.89 - - [08/Sep/2013:11:20:26 +0200] "GET /fire/ HTTP/1.1" 301 370 "-" "Mozilla/5.0 (compatible; Ezooms/1.0; ezooms.bot@gmail.com)"
66.249.78.65 - - [08/Sep/2013:11:55:13 +0200] "GET /robots.txt HTTP/1.1" 301 375 "-" "Mozilla/5.0 (compatible; Googlebot/2.1; +http://www.google.com/bot.html)"
