66.249.78.65 - - [08/Sep/2013:11:55:13 +0200] "GET / HTTP/1.1" 301 365 "-" "SAMSUNG-SGH-E250/1.0 Profile/MIDP-2.0 Configuration/CLDC-1.1 UP.Browser/6.2.3.3.c.1.101 (GUI) MMP/2.0 (compatible; Googlebot-Mobile/2.1; +http://www.google.com/bot.html)"
66.249.78.81 - - [08/Sep/2013:12:50:33 +0200] "GET /robots.txt HTTP/1.1" 301 386 "-" "Mozilla/5.0 (compatible; Googlebot/2.1; +http://www.google.com/bot.html)"
66.249.78.81 - - [08/Sep/2013:12:50:33 +0200] "GET / HTTP/1.1" 301 376 "-" "SAMSUNG-SGH-E250/1.0 Profile/MIDP-2.0 Configuration/CLDC-1.1 UP.Browser/6.2.3.3.c.1.101 (GUI) MMP/2.0 (compatible; Googlebot-Mobile/2.1; +http://www.google.com/bot.html)"
194.138.39.53 - - [08/Sep/2013:18:19:25 +0200] "GET / HTTP/1.1" 301 382 "-" "Mozilla/4.0 (compatible; MSIE 8.0; Windows NT 6.1; WOW64; Trident/4.0; SLCC2; .NET CLR 2.0.50727; .NET CLR 3.5.30729; .NET CLR 3.0.30729; Media Center PC 6.0; .NET4.0C; .NET4.0E; InfoPath.2; MS-RTC LM 8)"
208.88.226.73 - - [08/Sep/2013:20:35:41 +0200] "HEAD / HTTP/1.1" 301 - "-" "Mozilla/5.0 (Windows NT 6.1; WOW64; rv:7.0.1) Gecko/20100101 Firefox/7.0.1"
5.10.83.41 - - [08/Sep/2013:21:33:00 +0200] "GET /fire HTTP/1.1" 301 369 "-" "Mozilla/5.0 (compatible; AhrefsBot/5.0; +http://ahrefs.com/robot/)"
83.233.207.74 - - [08/Sep/2013:23:53:24 +0200] "GET / HTTP/1.1" 301 376 "-" "Mozilla/4.0 (CMS Crawler: http://www.cmscrawler.com)"
81.169.188.167 - - [08/Sep/2013:23:55:16 +0200] "GET / HTTP/1.1" 301 374 "-" "Mozilla/5.0 (compatible; MSIE 9.0; Windows NT 6.1; de) Opera 11.51"
81.169.188.167 - - [09/Sep/2013:00:01:24 +0200] "GET / HTTP/1.1" 301 367 "-" "Mozilla/5.0 (compatible; MSIE 9.0; Windows NT 6.1; de) Opera 11.51"
202.46.54.54 - - [09/Sep/2013:00:08:38 +0200] "GET / HTTP/1.1" 301 365 "-" "Mozilla/4.0 (compatible; MSIE 8.0; Windows NT 6.1)"
81.169.188.167 - - [09/Sep/2013:00:17:14 +0200] "GET / HTTP/1.1" 301 384 "-" "Mozilla/5.0 (compatible; MSIE 9.0; Windows NT 6.1; de) Opera 11.51"
81.169.188.167 - - [09/Sep/2013:00:17:20 +0200] "GET / HTTP/1.1" 301 379 "-" "Mozilla/5.0 (compatible; MSIE 9.0; Windows NT 6.1; de) Opera 11.51"
81.169.188.167 - - [09/Sep/2013:00:17:21 +0200] "GET / HTTP/1.1" 301 382 "-" "Mozilla/5.0 (compatible; MSIE 9.0; Windows NT 6.1; de) Opera 11.51"
81.169.188.167 - - [09/Sep/2013:00:24:23 +0200] "GET / HTTP/1.1" 301 365 "-" "Mozilla/5.0 (compatible; MSIE 9.0; Windows NT 6.1; de) Opera 11.51"
141.8.147.12 - - [09/Sep/2013:00:54:12 +0200] "GET /robots.txt HTTP/1.1" 301 392 "-" "Mozilla/5.0 (compatible; YandexBot/3.0; +http://yandex.com/bots)"
5.10.83.78 - - [09/Sep/2013:01:52:20 +0200] "GET /text/11030600_0000.htm HTTP/1.1" 301 387 "-" "Mozilla/5.0 (compatible; AhrefsBot/5.0; +http://ahrefs.com/robot/)"
5.10.83.13 - - [09/Sep/2013:01:58:32 +0200] "GET /text/11020402_0000.htm HTTP/1.1" 301 387 "-" "Mozilla/5.0 (compatible; AhrefsBot/5.0; +http://ahrefs.com/robot/)"
69.171.224.117 - - [09/Sep/2013:02:28:40 +0200] "GET / HTTP/1.1" 301 376 "-" "facebookexternalhit/1.1 (+http://www.facebook.com/externalhit_uatext.php)"
141.8.147.12 - - [09/Sep/2013:07:25:39 +0200] "GET / HTTP/1.1" 301 382 "-" "Mozilla/5.0 (compatible; YandexBot/3.0; +http://yandex.com/bots)"
208.115.113.89 - - [09/Sep/2013:09:17:28 +0200] "GET /robots.txt HTTP/1.1" 301 375 "-" "Mozilla/5.0 (compatible; Ezooms/1.0; ezooms.bot@gmail.com)"
208.115.113.89 - - [09/Sep/2013:09:43:52 +0200] "GET /text/11020402_0000.htm HTTP/1.1" 301 387 "-" "Mozilla/5.0 (compatible; Ezooms/1.0; ezooms.bot@gmail.com)"
141.8.147.12 - - [09/Sep/2013:12:55:37 +0200] "GET /robots.txt HTTP/1.1" 301 392 "-" "Mozilla/5.0 (compatible; YandexBot/3.0; +http://yandex.com/bots)"
141.8.147.12 - - [09/Sep/2013:12:57:12 +0200] "GET / HTTP/1.1" 301 382 "-" "Mozilla/5.0 (compatible; YandexBot/3.0; +http://yandex.com/bots)"
141.8.147.12 - - [09/Sep/2013:13:13:14 +0200] "GET /robots.txt HTTP/1.1" 301 394 "-" "Mozilla/5.0 (compatible; YandexBot/3.0; +http://yandex.com/bots)"
141.8.147.12 - - [09/Sep/2013:13:25:06 +0200] "GET / HTTP/1.1" 301 384 "-" "Mozilla/5.0 (compatible; YandexBot/3.0; +http://yandex.com/bots)"
54.211.221.210 - - [09/Sep/2013:13:34:35 +0200] "GET / HTTP/1.0" 301 374 "-" "Mozilla/5.0 (compatible; NetcraftSurveyAgent/1.0; +info@netcraft.com)"
54.211.77.91 - - [09/Sep/2013:13:58:52 +0200] "GET / HTTP/1.0" 301 376 "-" "Mozilla/5.0 (compatible; NetcraftSurveyAgent/1.0; +info@netcraft.com)"
202.46.62.15 - - [09/Sep/2013:15:02:46 +0200] "GET / HTTP/1.1" 301 365 "-" "Mozilla/4.0 (compatible; MSIE 8.0; Windows NT 6.1)"
54.211.138.84 - - [09/Sep/2013:15:08:44 +0200] "GET / HTTP/1.0" 301 365 "-" "Mozilla/5.0 (compatible; NetcraftSurveyAgent/1.0; +info@netcraft.com)"
54.211.234.92 - - [09/Sep/2013:16:01:22 +0200] "GET / HTTP/1.0" 301 367 "-" "Mozilla/5.0 (compatible; NetcraftSurveyAgent/1.0; +info@netcraft.com)"
54.211.74.203 - - [09/Sep/2013:16:20:05 +0200] "GET / HTTP/1.0" 301 382 "-" "Mozilla/5.0 (compatible; NetcraftSurveyAgent/1.0; +info@netcraft.com)"
157.56.92.147 - - [09/Sep/2013:17:14:31 +0200] "GET /robots.txt HTTP/1.1" 301 375 "-" "Mozilla/5.0 (compatible; bingbot/2.0; +http://www.bing.com/bingbot.htm)"
157.56.92.147 - - [09/Sep/2013:17:15:33 +0200] "GET /text/11030600_0000.htm HTTP/1.1" 301 387 "-" "Mozilla/5.0 (compatible; bingbot/2.0; +http://www.bing.com/bingbot.htm)"
54.211.6.32 - - [09/Sep/2013:17:37:59 +0200] "GET / HTTP/1.0" 301 379 "-" "Mozilla/5.0 (compatible; NetcraftSurveyAgent/1.0; +info@netcraft.com)"
141.8.147.12 - - [09/Sep/2013:18:52:27 +0200] "GET /robots.txt HTTP/1.1" 301 377 "-" "Mozilla/5.0 (compatible; YandexBot/3.0; +http://yandex.com/bots)"
87.64.67.84 - - [09/Sep/2013:19:34:58 +0200] "GET / HTTP/1.1" 301 376 "-" "Java/1.4.1_04"
87.64.67.84 - - [09/Sep/2013:19:35:01 +0200] "GET /_layouts/blank.js?rev=QGOYAJlouiWgFRlhHVlMKA%3D%3D HTTP/1.1" 301 426 "-" "Java/1.4.1_04"
87.64.67.84 - - [09/Sep/2013:19:35:01 +0200] "GET /buildingtechnologies/de HTTP/1.1" 301 399 "-" "Java/1.4.1_04"
87.64.67.84 - - [09/Sep/2013:19:35:02 +0200] "GET //w3.siemens.com/ote/ote_config.js HTTP/1.1" 301 408 "-" "Java/1.4.1_04"
87.64.67.84 - - [09/Sep/2013:19:35:02 +0200] "GET /buildingtechnologies/de/de/Pages/home.aspx HTTP/1.1" 301 418 "-" "Java/1.4.1_04"
87.64.67.84 - - [09/Sep/2013:19:35:03 +0200] "GET /_layouts/Querplex/Siemens/WCMS3/scripts/jquery.jcarousel.js?rev=29967635136983423621768 HTTP/1.1" 301 463 "-" "Java/1.4.1_04"
87.64.67.84 - - [09/Sep/2013:19:35:03 +0200] "GET /_layouts/Querplex/Siemens/WCMS3/scripts/scripts.pack.js?rev=19816635136983424089780 HTTP/1.1" 301 459 "-" "Java/1.4.1_04"
87.64.67.84 - - [09/Sep/2013:19:35:03 +0200] "GET /_layouts/Querplex/Siemens/WCMS3/scripts/social-media-accordion.js?rev=15324635136983424401788 HTTP/1.1" 301 469 "-" "Java/1.4.1_04"
87.64.67.84 - - [09/Sep/2013:19:35:03 +0200] "GET /_layouts/Querplex/Siemens/WCMS3/scripts/swfobject-2.2.js HTTP/1.1" 301 432 "-" "Java/1.4.1_04"
87.64.67.84 - - [09/Sep/2013:19:35:04 +0200] "GET /_layouts/Querplex/Siemens/WCMS3/scripts/w2glayer.pack.js?rev=54117635136983424713796 HTTP/1.1" 301 460 "-" "Java/1.4.1_04"
87.64.67.84 - - [09/Sep/2013:19:35:04 +0200] "GET /buildingtechnologies/de/de/brandschutz/Seiten/brandschutz.aspx HTTP/1.1" 301 438 "-" "Java/1.4.1_04"
87.64.67.84 - - [09/Sep/2013:19:35:04 +0200] "GET /buildingtechnologies/de/de/energieeffizienz/Seiten/energieeffizienz.aspx HTTP/1.1" 301 448 "-" "Java/1.4.1_04"
87.64.67.84 - - [09/Sep/2013:19:35:05 +0200] "GET /buildingtechnologies/de/de/extranet/Seiten/extranet.aspx HTTP/1.1" 301 432 "-" "Java/1.4.1_04"
87.64.67.84 - - [09/Sep/2013:19:35:06 +0200] "GET /buildingtechnologies/de/de/gebaeudeautomation-hlk/Seiten/gebaeudeautomation.aspx HTTP/1.1" 301 456 "-" "Java/1.4.1_04"
87.64.67.84 - - [09/Sep/2013:19:35:06 +0200] "GET /buildingtechnologies/de/de/kundenzeitschriften/Pages/kundenzeitschriften.aspx HTTP/1.1" 301 453 "-" "Java/1.4.1_04"
87.64.67.84 - - [09/Sep/2013:19:35:06 +0200] "GET /buildingtechnologies/de/de/marktspezifische-loesungen/Seiten/marktspezifische-loesungen.aspx HTTP/1.1" 301 468 "-" "Java/1.4.1_04"
87.64.67.84 - - [09/Sep/2013:19:35:07 +0200] "GET /buildingtechnologies/de/de/messen-events/Seiten/messen-events.aspx HTTP/1.1" 301 442 "-" "Java/1.4.1_04"
87.64.67.84 - - [09/Sep/2013:19:35:07 +0200] "GET /buildingtechnologies/de/de/news/Seiten/news.aspx HTTP/1.1" 301 424 "-" "Java/1.4.1_04"
87.64.67.84 - - [09/Sep/2013:19:35:08 +0200] "GET /buildingtechnologies/de/de/partners/Seiten/partners.aspx HTTP/1.1" 301 432 "-" "Java/1.4.1_04"
87.64.67.84 - - [09/Sep/2013:19:35:08 +0200] "GET /buildingtechnologies/de/de/presse/Seiten/presse.aspx HTTP/1.1" 301 428 "-" "Java/1.4.1_04"
87.64.67.84 - - [09/Sep/2013:19:35:08 +0200] "GET /buildingtechnologies/de/de/referenzen/Seiten/referenzen.aspx HTTP/1.1" 301 436 "-" "Java/1.4.1_04"
87.64.67.84 - - [09/Sep/2013:19:35:09 +0200] "GET /buildingtechnologies/de/de/sicherheit/Seiten/sicherheitstechnik.aspx HTTP/1.1" 301 444 "-" "Java/1.4.1_04"
87.64.67.84 - - [09/Sep/2013:19:35:09 +0200] "GET /buildingtechnologies/de/de/support/Seiten/kostenlose-apps.aspx HTTP/1.1" 301 438 "-" "Java/1.4.1_04"
87.64.67.84 - - [09/Sep/2013:19:35:10 +0200] "GET /buildingtechnologies/de/de/support/Seiten/support.aspx HTTP/1.1" 301 430 "-" "Java/1.4.1_04"
87.64.67.84 - - [09/Sep/2013:19:35:10 +0200] "GET /buildingtechnologies/de/de/total-building-solutions/Seiten/total-building-solutions.aspx HTTP/1.1" 301 464 "-" "Java/1.4.1_04"
87.64.67.84 - - [09/Sep/2013:19:35:11 +0200] "GET /buildingtechnologies/de/de/ueber-uns/Seiten/ueber-uns.aspx HTTP/1.1" 301 434 "-" "Java/1.4.1_04"
87.64.67.84 - - [09/Sep/2013:19:35:12 +0200] "GET /wcms3/custom/OSSPAD3/ote/regions/ote.js HTTP/1.1" 301 415 "-" "Java/1.4.1_04"
87.64.67.84 - - [09/Sep/2013:19:35:12 +0200] "GET /_layouts/Querplex/Siemens/WCMS3/scripts/libs/jquery-1.4.4.min.js HTTP/1.1" 301 440 "-" "Java/1.4.1_04"
87.64.67.84 - - [09/Sep/2013:19:35:12 +0200] "GET /_layouts/Querplex/Siemens/WCMS3/scripts/libs/jquery-ui-1.8.13.custom.min.js HTTP/1.1" 301 451 "-" "Java/1.4.1_04"
87.64.67.84 - - [09/Sep/2013:19:35:13 +0200] "GET /_layouts/Querplex/Siemens/WCMS3/scripts/libs/jquery.colorbox-1.3.17.1.min.js HTTP/1.1" 301 452 "-" "Java/1.4.1_04"
144.76.109.245 - - [09/Sep/2013:20:26:10 +0200] "GET / HTTP/1.0" 301 376 "-" "Mozilla/5.0"
119.63.193.131 - - [09/Sep/2013:20:40:37 +0200] "GET / HTTP/1.0" 301 365 "-" "Mozilla/5.0 (compatible; Baiduspider/2.0; +http://www.baidu.com/search/spider.html)"
157.55.32.76 - - [09/Sep/2013:20:43:51 +0200] "GET /robots.txt HTTP/1.1" 301 375 "-" "Mozilla/5.0 (compatible; bingbot/2.0; +http://www.bing.com/bingbot.htm)"
157.55.32.76 - - [09/Sep/2013:20:45:15 +0200] "GET /fire/ HTTP/1.1" 301 370 "-" "Mozilla/5.0 (compatible; bingbot/2.0; +http://www.bing.com/bingbot.htm)"
141.8.147.12 - - [09/Sep/2013:21:12:53 +0200] "GET /robots.txt HTTP/1.1" 301 386 "-" "Mozilla/5.0 (compatible; YandexBot/3.0; +http://yandex.com/bots)"
141.8.147.12 - - [09/Sep/2013:21:13:36 +0200] "GET / HTTP/1.1" 301 376 "-" "Mozilla/5.0 (compatible; YandexBot/3.0; +http://yandex.com/bots)"
178.77.126.55 - - [09/Sep/2013:23:49:03 +0200] "GET /robots.txt HTTP/1.1" 301 375 "-" "Mozilla/5.0 (compatible; CareerBot/1.1; +http://www.career-x.de/bot.html)"
178.77.126.55 - - [09/Sep/2013:23:49:03 +0200] "GET / HTTP/1.1" 301 365 "-" "Mozilla/5.0 (compatible; CareerBot/1.1; +http://www.career-x.de/bot.html)"
141.8.147.12 - - [10/Sep/2013:00:13:37 +0200] "GET /robots.txt HTTP/1.1" 301 375 "-" "Mozilla/5.0 (compatible; YandexBot/3.0; +http://yandex.com/bots)"
178.77.126.55 - - [10/Sep/2013:00:54:18 +0200] "GET /robots.txt HTTP/1.1" 301 386 "-" "Mozilla/5.0 (compatible; CareerBot/1.1; +http://www.career-x.de/bot.html)"
178.77.126.55 - - [10/Sep/2013:00:54:18 +0200] "GET / HTTP/1.1" 301 376 "-" "Mozilla/5.0 (compatible; CareerBot/1.1; +http://www.career-x.de/bot.html)"
141.8.147.12 - - [10/Sep/2013:00:57:24 +0200] "GET / HTTP/1.1" 301 367 "-" "Mozilla/5.0 (compatible; YandexBot/3.0; +http://yandex.com/bots)"
5.10.83.26 - - [10/Sep/2013:02:34:37 +0200] "GET /fire HTTP/1.1" 301 369 "-" "Mozilla/5.0 (compatible; AhrefsBot/5.0; +http://ahrefs.com/robot/)"
5.10.83.19 - - [10/Sep/2013:02:36:30 +0200] "GET / HTTP/1.1" 301 365 "-" "Mozilla/5.0 (compatible; AhrefsBot/5.0; +http://ahrefs.com/robot/)"
5.10.83.97 - - [10/Sep/2013:06:08:36 +0200] "GET /text/11020402_0000.htm HTTP/1.1" 301 387 "-" "Mozilla/5.0 (compatible; AhrefsBot/5.0; +http://ahrefs.com/robot/)"
141.8.147.12 - - [10/Sep/2013:06:50:04 +0200] "GET / HTTP/1.1" 301 365 "-" "Mozilla/5.0 (compatible; YandexBot/3.0; +http://yandex.com/bots)"
5.9.88.202 - - [10/Sep/2013:07:29:12 +0200] "GET / HTTP/1.0" 301 376 "-" "Mozilla/5.0"
144.76.42.76 - - [10/Sep/2013:08:25:15 +0200] "GET / HTTP/1.1" 301 376 "-" "Mozilla/5.0 (Macintosh; Intel Mac OS X 10_8_2) AppleWebKit/537.17 (KHTML, like Gecko) Chrome/24.0.1312.52 Safari/537.17"
157.55.34.25 - - [10/Sep/2013:09:26:49 +0200] "GET /robots.txt HTTP/1.1" 301 392 "-" "Mozilla/5.0 (compatible; bingbot/2.0; +http://www.bing.com/bingbot.htm)"
157.55.34.25 - - [10/Sep/2013:09:27:32 +0200] "GET /webinfo/info.html HTTP/1.1" 301 399 "-" "Mozilla/5.0 (compatible; bingbot/2.0; +http://www.bing.com/bingbot.htm)"
192.99.9.164 - - [10/Sep/2013:10:51:42 +0200] "GET / HTTP/1.1" 301 365 "-" "Mozilla/5.0 (Macintosh; Intel Mac OS X 10_8_4) AppleWebKit/537.36 (KHTML, like Gecko) Chrome/27.0.1453.110 Safari/537.36"
192.99.9.164 - - [10/Sep/2013:11:20:47 +0200] "GET / HTTP/1.1" 301 384 "-" "Mozilla/5.0 (Macintosh; Intel Mac OS X 10_8_4) AppleWebKit/537.36 (KHTML, like Gecko) Chrome/27.0.1453.110 Safari/537.36"
192.99.9.164 - - [10/Sep/2013:11:21:33 +0200] "GET / HTTP/1.1" 301 382 "-" "Mozilla/5.0 (Macintosh; Intel Mac OS X 10_8_4) AppleWebKit/537.36 (KHTML, like Gecko) Chrome/27.0.1453.110 Safari/537.36"
208.43.225.85 - - [10/Sep/2013:12:14:04 +0200] "GET /robots.txt HTTP/1.1" 301 386 "-" "Mozilla/5.0 (compatible; SiteExplorer/1.0b; +http://siteexplorer.info/)"
208.43.225.85 - - [10/Sep/2013:12:14:09 +0200] "GET / HTTP/1.1" 301 376 "-" "Mozilla/5.0 (compatible; SiteExplorer/1.0b; +http://siteexplorer.info/)"
141.8.147.12 - - [10/Sep/2013:13:04:35 +0200] "GET /robots.txt HTTP/1.1" 301 377 "-" "Mozilla/5.0 (compatible; YandexBot/3.0; +http://yandex.com/bots)"
74.223.208.106 - - [10/Sep/2013:14:42:32 +0200] "GET / HTTP/1.0" 301 376 "-" "Java/1.7.0_13"
74.223.208.106 - - [10/Sep/2013:14:42:37 +0200] "GET /WebResource.axd?d=Bv1-mjeyja02JJ6n2wFQ43vgZO8UaX85QiobgQo7CCZG-fnqlRFt6lLkR6htUda4792Vc2iS18Exe7hUAGV65k4aHrI1&t=635022714918232500 HTTP/1.0" 301 515 "-" "Java/1.7.0_13"
74.223.208.106 - - [10/Sep/2013:14:42:38 +0200] "GET /home.aspx HTTP/1.0" 301 385 "-" "Java/1.7.0_13"
74.223.208.106 - - [10/Sep/2013:14:42:39 +0200] "GET /_layouts/blank.js?rev=QGOYAJlouiWgFRlhHVlMKA%3D%3D HTTP/1.0" 301 426 "-" "Java/1.7.0_13"
74.223.208.106 - - [10/Sep/2013:14:42:39 +0200] "GET /buildingtechnologies/de HTTP/1.0" 301 399 "-" "Java/1.7.0_13"
74.223.208.106 - - [10/Sep/2013:14:42:40 +0200] "GET //w3.siemens.com/ote/ote_config.js HTTP/1.0" 301 408 "-" "Java/1.7.0_13"
74.223.208.106 - - [10/Sep/2013:14:42:44 +0200] "GET /buildingtechnologies/de/de/Pages/home.aspx HTTP/1.0" 301 418 "-" "Java/1.7.0_13"
74.223.208.106 - - [10/Sep/2013:14:42:44 +0200] "GET /_layouts/Querplex/Siemens/WCMS3/scripts/jquery.jcarousel.js?rev=29967635136983423621768 HTTP/1.0" 301 463 "-" "Java/1.7.0_13"
74.223.208.106 - - [10/Sep/2013:14:42:45 +0200] "GET /_layouts/Querplex/Siemens/WCMS3/scripts/scripts.pack.js?rev=19816635136983424089780 HTTP/1.0" 301 459 "-" "Java/1.7.0_13"
74.223.208.106 - - [10/Sep/2013:14:42:46 +0200] "GET /_layouts/Querplex/Siemens/WCMS3/scripts/social-media-accordion.js?rev=15324635136983424401788 HTTP/1.0" 301 469 "-" "Java/1.7.0_13"
74.223.208.106 - - [10/Sep/2013:14:42:46 +0200] "GET /_layouts/Querplex/Siemens/WCMS3/scripts/swfobject-2.2.js HTTP/1.0" 301 432 "-" "Java/1.7.0_13"
74.223.208.106 - - [10/Sep/2013:14:42:47 +0200] "GET /_layouts/Querplex/Siemens/WCMS3/scripts/w2glayer.pack.js?rev=54117635136983424713796 HTTP/1.0" 301 460 "-" "Java/1.7.0_13"
74.223.208.106 - - [10/Sep/2013:14:42:48 +0200] "GET /buildingtechnologies/de/de/brandschutz/Seiten/brandschutz.aspx HTTP/1.0" 301 438 "-" "Java/1.7.0_13"
74.223.208.106 - - [10/Sep/2013:14:42:48 +0200] "GET /buildingtechnologies/de/de/energieeffizienz/Seiten/energieeffizienz.aspx HTTP/1.0" 301 448 "-" "Java/1.7.0_13"
74.223.208.106 - - [10/Sep/2013:14:42:49 +0200] "GET /buildingtechnologies/de/de/extranet/Seiten/extranet.aspx HTTP/1.0" 301 432 "-" "Java/1.7.0_13"
74.223.208.106 - - [10/Sep/2013:14:42:53 +0200] "GET /buildingtechnologies/de/de/gebaeudeautomation-hlk/Seiten/gebaeudeautomation.aspx HTTP/1.0" 301 456 "-" "Java/1.7.0_13"
74.223.208.106 - - [10/Sep/2013:14:42:56 +0200] "GET /buildingtechnologies/de/de/kundenzeitschriften/Pages/kundenzeitschriften.aspx HTTP/1.0" 301 453 "-" "Java/1.7.0_13"
74.223.208.106 - - [10/Sep/2013:14:42:57 +0200] "GET /buildingtechnologies/de/de/marktspezifische-loesungen/Seiten/marktspezifische-loesungen.aspx HTTP/1.0" 301 468 "-" "Java/1.7.0_13"
74.223.208.106 - - [10/Sep/2013:14:43:01 +0200] "GET /buildingtechnologies/de/de/messen-events/Seiten/messen-events.aspx HTTP/1.0" 301 442 "-" "Java/1.7.0_13"
74.223.208.106 - - [10/Sep/2013:14:43:01 +0200] "GET /buildingtechnologies/de/de/news/Seiten/news.aspx HTTP/1.0" 301 424 "-" "Java/1.7.0_13"
74.223.208.106 - - [10/Sep/2013:14:43:02 +0200] "GET /buildingtechnologies/de/de/partners/Seiten/partners.aspx HTTP/1.0" 301 432 "-" "Java/1.7.0_13"
74.223.208.106 - - [10/Sep/2013:14:43:03 +0200] "GET /buildingtechnologies/de/de/presse/Seiten/presse.aspx HTTP/1.0" 301 428 "-" "Java/1.7.0_13"
74.223.208.106 - - [10/Sep/2013:14:43:03 +0200] "GET /buildingtechnologies/de/de/referenzen/Seiten/referenzen.aspx HTTP/1.0" 301 436 "-" "Java/1.7.0_13"
74.223.208.106 - - [10/Sep/2013:14:43:04 +0200] "GET /buildingtechnologies/de/de/sicherheit/Seiten/sicherheitstechnik.aspx HTTP/1.0" 301 444 "-" "Java/1.7.0_13"
74.223.208.106 - - [10/Sep/2013:14:43:05 +0200] "GET /buildingtechnologies/de/de/support/Seiten/kostenlose-apps.aspx HTTP/1.0" 301 438 "-" "Java/1.7.0_13"
74.223.208.106 - - [10/Sep/2013:14:43:05 +0200] "GET /buildingtechnologies/de/de/support/Seiten/support.aspx HTTP/1.0" 301 430 "-" "Java/1.7.0_13"
74.223.208.106 - - [10/Sep/2013:14:43:06 +0200] "GET /buildingtechnologies/de/de/total-building-solutions/Seiten/total-building-solutions.aspx HTTP/1.0" 301 464 "-" "Java/1.7.0_13"
74.223.208.106 - - [10/Sep/2013:14:43:07 +0200] "GET /buildingtechnologies/de/de/ueber-uns/Seiten/ueber-uns.aspx HTTP/1.0" 301 434 "-" "Java/1.7.0_13"
74.223.208.106 - - [10/Sep/2013:14:43:07 +0200] "GET /wcms3/custom/OSSPAD3/ote/regions/ote.js HTTP/1.0" 301 415 "-" "Java/1.7.0_13"
74.223.208.106 - - [10/Sep/2013:14:43:08 +0200] "GET /_layouts/Querplex/Siemens/WCMS3/scripts/libs/jquery-1.4.4.min.js HTTP/1.0" 301 440 "-" "Java/1.7.0_13"
38.100.21.65 - - [10/Sep/2013:15:29:59 +0200] "GET / HTTP/1.1" 301 365 "-" "Mozilla/4.0 (compatible; MSIE 7.0; Windows NT 5.2)"
208.43.225.85 - - [10/Sep/2013:17:04:09 +0200] "GET /robots.txt HTTP/1.1" 301 375 "-" "Mozilla/5.0 (compatible; SiteExplorer/1.0b; +http://siteexplorer.info/)"
208.43.225.85 - - [10/Sep/2013:17:04:14 +0200] "GET / HTTP/1.1" 301 365 "-" "Mozilla/5.0 (compatible; SiteExplorer/1.0b; +http://siteexplorer.info/)"
208.115.111.73 - - [10/Sep/2013:19:12:18 +0200] "GET /robots.txt HTTP/1.1" 301 375 "-" "Mozilla/5.0 (compatible; Ezooms/1.0; ezooms.bot@gmail.com)"
208.115.111.73 - - [10/Sep/2013:19:38:39 +0200] "GET / HTTP/1.1" 301 365 "-" "Mozilla/5.0 (compatible; Ezooms/1.0; ezooms.bot@gmail.com)"
66.249.78.65 - - [10/Sep/2013:23:06:55 +0200] "GET /robots.txt HTTP/1.1" 301 375 "-" "Mozilla/5.0 (compatible; Googlebot/2.1; +http://www.google.com/bot.html)"
66.249.78.65 - - [10/Sep/2013:23:06:56 +0200] "GET / HTTP/1.1" 301 365 "-" "Mozilla/5.0 (compatible; Googlebot/2.1; +http://www.google.com/bot.html)"
176.9.148.194 - - [11/Sep/2013:02:13:46 +0200] "GET /robots.txt HTTP/1.1" 301 377 "-" "Mozilla/5.0 (compatible; SISTRIX Crawler; http://crawler.sistrix.net/)"
176.9.148.194 - - [11/Sep/2013:02:13:46 +0200] "GET / HTTP/1.1" 301 367 "-" "Mozilla/5.0 (compatible; SISTRIX Crawler; http://crawler.sistrix.net/)"
210.186.99.172 - - [11/Sep/2013:02:43:31 +0200] "GET / HTTP/1.1" 301 376 "-" "Java/1.4.1_04"
210.186.99.172 - - [11/Sep/2013:02:43:37 +0200] "GET /WebResource.axd?d=Bv1-mjeyja02JJ6n2wFQ43vgZO8UaX85QiobgQo7CCZG-fnqlRFt6lLkR6htUda4792Vc2iS18Exe7hUAGV65k4aHrI1&t=635022714918232500 HTTP/1.1" 301 515 "-" "Java/1.4.1_04"
210.186.99.172 - - [11/Sep/2013:02:43:39 +0200] "GET /home.aspx HTTP/1.1" 301 385 "-" "Java/1.4.1_04"
210.186.99.172 - - [11/Sep/2013:02:43:40 +0200] "GET /_layouts/blank.js?rev=QGOYAJlouiWgFRlhHVlMKA%3D%3D HTTP/1.1" 301 426 "-" "Java/1.4.1_04"
210.186.99.172 - - [11/Sep/2013:02:43:41 +0200] "GET /buildingtechnologies/de HTTP/1.1" 301 399 "-" "Java/1.4.1_04"
210.186.99.172 - - [11/Sep/2013:02:43:42 +0200] "GET //w3.siemens.com/ote/ote_config.js HTTP/1.1" 301 408 "-" "Java/1.4.1_04"
210.186.99.172 - - [11/Sep/2013:02:43:43 +0200] "GET /buildingtechnologies/de/de/Pages/home.aspx HTTP/1.1" 301 418 "-" "Java/1.4.1_04"
210.186.99.172 - - [11/Sep/2013:02:43:44 +0200] "GET /_layouts/Querplex/Siemens/WCMS3/scripts/jquery.jcarousel.js?rev=29967635136983423621768 HTTP/1.1" 301 463 "-" "Java/1.4.1_04"
210.186.99.172 - - [11/Sep/2013:02:43:45 +0200] "GET /_layouts/Querplex/Siemens/WCMS3/scripts/scripts.pack.js?rev=19816635136983424089780 HTTP/1.1" 301 459 "-" "Java/1.4.1_04"
210.186.99.172 - - [11/Sep/2013:02:43:47 +0200] "GET /_layouts/Querplex/Siemens/WCMS3/scripts/social-media-accordion.js?rev=15324635136983424401788 HTTP/1.1" 301 469 "-" "Java/1.4.1_04"
210.186.99.172 - - [11/Sep/2013:02:43:48 +0200] "GET /_layouts/Querplex/Siemens/WCMS3/scripts/swfobject-2.2.js HTTP/1.1" 301 432 "-" "Java/1.4.1_04"
210.186.99.172 - - [11/Sep/2013:02:43:49 +0200] "GET /_layouts/Querplex/Siemens/WCMS3/scripts/w2glayer.pack.js?rev=54117635136983424713796 HTTP/1.1" 301 460 "-" "Java/1.4.1_04"
210.186.99.172 - - [11/Sep/2013:02:43:50 +0200] "GET /buildingtechnologies/de/de/brandschutz/Seiten/brandschutz.aspx HTTP/1.1" 301 438 "-" "Java/1.4.1_04"
210.186.99.172 - - [11/Sep/2013:02:43:51 +0200] "GET /buildingtechnologies/de/de/energieeffizienz/Seiten/energieeffizienz.aspx HTTP/1.1" 301 448 "-" "Java/1.4.1_04"
210.186.99.172 - - [11/Sep/2013:02:43:52 +0200] "GET /buildingtechnologies/de/de/extranet/Seiten/extranet.aspx HTTP/1.1" 301 432 "-" "Java/1.4.1_04"
210.186.99.172 - - [11/Sep/2013:02:43:54 +0200] "GET /buildingtechnologies/de/de/gebaeudeautomation-hlk/Seiten/gebaeudeautomation.aspx HTTP/1.1" 301 456 "-" "Java/1.4.1_04"
210.186.99.172 - - [11/Sep/2013:02:43:55 +0200] "GET /buildingtechnologies/de/de/kundenzeitschriften/Pages/kundenzeitschriften.aspx HTTP/1.1" 301 453 "-" "Java/1.4.1_04"
210.186.99.172 - - [11/Sep/2013:02:43:56 +0200] "GET /buildingtechnologies/de/de/marktspezifische-loesungen/Seiten/marktspezifische-loesungen.aspx HTTP/1.1" 301 468 "-" "Java/1.4.1_04"
210.186.99.172 - - [11/Sep/2013:02:43:57 +0200] "GET /buildingtechnologies/de/de/messen-events/Seiten/messen-events.aspx HTTP/1.1" 301 442 "-" "Java/1.4.1_04"
210.186.99.172 - - [11/Sep/2013:02:43:58 +0200] "GET /buildingtechnologies/de/de/news/Seiten/news.aspx HTTP/1.1" 301 424 "-" "Java/1.4.1_04"
210.186.99.172 - - [11/Sep/2013:02:43:59 +0200] "GET /buildingtechnologies/de/de/partners/Seiten/partners.aspx HTTP/1.1" 301 432 "-" "Java/1.4.1_04"
210.186.99.172 - - [11/Sep/2013:02:44:00 +0200] "GET /buildingtechnologies/de/de/presse/Seiten/presse.aspx HTTP/1.1" 301 428 "-" "Java/1.4.1_04"
210.186.99.172 - - [11/Sep/2013:02:44:02 +0200] "GET /buildingtechnologies/de/de/referenzen/Seiten/referenzen.aspx HTTP/1.1" 301 436 "-" "Java/1.4.1_04"
210.186.99.172 - - [11/Sep/2013:02:44:03 +0200] "GET /buildingtechnologies/de/de/sicherheit/Seiten/sicherheitstechnik.aspx HTTP/1.1" 301 444 "-" "Java/1.4.1_04"
210.186.99.172 - - [11/Sep/2013:02:44:04 +0200] "GET /buildingtechnologies/de/de/support/Seiten/kostenlose-apps.aspx HTTP/1.1" 301 438 "-" "Java/1.4.1_04"
210.186.99.172 - - [11/Sep/2013:02:44:05 +0200] "GET /buildingtechnologies/de/de/support/Seiten/support.aspx HTTP/1.1" 301 430 "-" "Java/1.4.1_04"
210.186.99.172 - - [11/Sep/2013:02:44:06 +0200] "GET /buildingtechnologies/de/de/total-building-solutions/Seiten/total-building-solutions.aspx HTTP/1.1" 301 464 "-" "Java/1.4.1_04"
210.186.99.172 - - [11/Sep/2013:02:44:07 +0200] "GET /buildingtechnologies/de/de/ueber-uns/Seiten/ueber-uns.aspx HTTP/1.1" 301 434 "-" "Java/1.4.1_04"
210.186.99.172 - - [11/Sep/2013:02:44:08 +0200] "GET /wcms3/custom/OSSPAD3/ote/regions/ote.js HTTP/1.1" 301 415 "-" "Java/1.4.1_04"
210.186.99.172 - - [11/Sep/2013:02:44:09 +0200] "GET /_layouts/Querplex/Siemens/WCMS3/scripts/libs/jquery-1.4.4.min.js HTTP/1.1" 301 440 "-" "Java/1.4.1_04"
5.10.83.41 - - [11/Sep/2013:04:31:24 +0200] "GET /text/11030600_0000.htm HTTP/1.1" 301 387 "-" "Mozilla/5.0 (compatible; AhrefsBot/5.0; +http://ahrefs.com/robot/)"
141.8.147.12 - - [11/Sep/2013:07:35:21 +0200] "GET /robots.txt HTTP/1.1" 301 394 "-" "Mozilla/5.0 (compatible; YandexBot/3.0; +http://yandex.com/bots)"
5.10.83.18 - - [11/Sep/2013:08:02:22 +0200] "GET / HTTP/1.1" 301 384 "-" "Mozilla/5.0 (compatible; AhrefsBot/5.0; +http://ahrefs.com/robot/)"
195.37.205.30 - - [11/Sep/2013:10:04:47 +0200] "GET / HTTP/1.1" 301 365 "http://niederspannung.de/links/456.htm" "Mozilla/5.0 (compatible; MSIE 9.0; Windows NT 6.1; Trident/5.0)"
141.8.147.12 - - [11/Sep/2013:13:30:30 +0200] "GET / HTTP/1.1" 301 384 "-" "Mozilla/5.0 (compatible; YandexBot/3.0; +http://yandex.com/bots)"
157.56.93.187 - - [11/Sep/2013:19:05:54 +0200] "GET /robots.txt HTTP/1.1" 301 386 "-" "Mozilla/5.0 (compatible; bingbot/2.0; +http://www.bing.com/bingbot.htm)"
157.56.93.187 - - [11/Sep/2013:19:07:57 +0200] "GET / HTTP/1.1" 301 376 "-" "Mozilla/5.0 (compatible; bingbot/2.0; +http://www.bing.com/bingbot.htm)"
66.36.230.78 - - [12/Sep/2013:00:44:20 +0200] "GET /robots.txt HTTP/1.1" 301 386 "-" "Mozilla/4.0 (compatible; MSIE 5.01; Windows NT)"
66.36.230.78 - - [12/Sep/2013:00:44:27 +0200] "GET / HTTP/1.1" 301 376 "-" "Mozilla/4.0 (compatible; MSIE 5.01; Windows NT)"
5.10.83.103 - - [12/Sep/2013:02:47:02 +0200] "GET /text/11030600_0000.htm HTTP/1.1" 301 387 "-" "Mozilla/5.0 (compatible; AhrefsBot/5.0; +http://ahrefs.com/robot/)"
180.76.5.182 - - [12/Sep/2013:06:49:02 +0200] "GET /robots.txt HTTP/1.1" 301 375 "-" "Mozilla/5.0 (Windows NT 5.1; rv:6.0.2) Gecko/20100101 Firefox/6.0.2"
64.71.202.71 - - [12/Sep/2013:11:09:26 +0200] "GET / HTTP/1.1" 301 384 "-" "Mozilla/5.0 (Windows NT 6.1; rv:17.0) Gecko/20100101 Firefox/17.0"
64.71.196.71 - - [12/Sep/2013:11:11:00 +0200] "GET / HTTP/1.1" 301 382 "-" "Mozilla/5.0 (Windows NT 6.1; rv:17.0) Gecko/20100101 Firefox/17.0"
5.10.83.50 - - [12/Sep/2013:11:51:40 +0200] "GET /fire HTTP/1.1" 301 369 "-" "Mozilla/5.0 (compatible; AhrefsBot/5.0; +http://ahrefs.com/robot/)"
157.55.35.50 - - [12/Sep/2013:13:52:13 +0200] "GET /robots.txt HTTP/1.1" 301 392 "-" "Mozilla/5.0 (compatible; bingbot/2.0; +http://www.bing.com/bingbot.htm)"
157.55.35.50 - - [12/Sep/2013:13:53:39 +0200] "GET /news/index.php?action=shownews&mode=archiv&showtopic= HTTP/1.1" 301 443 "-" "Mozilla/5.0 (compatible; bingbot/2.0; +http://www.bing.com/bingbot.htm)"
144.76.42.76 - - [12/Sep/2013:14:20:09 +0200] "GET / HTTP/1.1" 301 382 "-" "Mozilla/5.0 (Macintosh; Intel Mac OS X 10_8_2) AppleWebKit/537.17 (KHTML, like Gecko) Chrome/24.0.1312.52 Safari/537.17"
144.76.42.76 - - [12/Sep/2013:14:20:10 +0200] "GET / HTTP/1.1" 301 382 "-" "Mozilla/5.0 (Macintosh; Intel Mac OS X 10_8_2) AppleWebKit/537.17 (KHTML, like Gecko) Chrome/24.0.1312.52 Safari/537.17"
144.76.42.76 - - [12/Sep/2013:15:44:03 +0200] "GET /robots.txt HTTP/1.1" 301 386 "-" "Java/1.7.0_25"
208.115.111.73 - - [12/Sep/2013:19:11:07 +0200] "GET /robots.txt HTTP/1.1" 301 375 "-" "Mozilla/5.0 (compatible; Ezooms/1.0; ezooms.bot@gmail.com)"
141.8.147.12 - - [12/Sep/2013:20:55:39 +0200] "GET /robots.txt HTTP/1.1" 301 377 "-" "Mozilla/5.0 (compatible; YandexBot/3.0; +http://yandex.com/bots)"
141.8.147.12 - - [12/Sep/2013:20:55:39 +0200] "GET /robots.txt HTTP/1.1" 301 392 "-" "Mozilla/5.0 (compatible; YandexBot/3.0; +http://yandex.com/bots)"
208.115.111.73 - - [12/Sep/2013:21:02:08 +0200] "GET /security/ HTTP/1.1" 301 374 "-" "Mozilla/5.0 (compatible; Ezooms/1.0; ezooms.bot@gmail.com)"
216.145.14.142 - - [12/Sep/2013:21:52:05 +0200] "GET /robots.txt HTTP/1.0" 301 377 "-" "Mozilla/5.0 (Windows; U; Windows NT 5.1; en; rv:1.9.0.13) Gecko/2009073022 Firefox/3.5.2 (.NET CLR 3.5.30729) SurveyBot/2.3 (DomainTools)"
216.145.14.142 - - [12/Sep/2013:21:52:05 +0200] "GET / HTTP/1.1" 301 367 "http://whois.domaintools.com/sgtost.de" "Mozilla/5.0 (Windows; U; Windows NT 5.1; en; rv:1.9.0.13) Gecko/2009073022 Firefox/3.5.2 (.NET CLR 3.5.30729) SurveyBot/2.3 (DomainTools)"
64.246.165.50 - - [12/Sep/2013:21:56:23 +0200] "GET /robots.txt HTTP/1.0" 301 375 "-" "Mozilla/5.0 (Windows; U; Windows NT 5.1; en; rv:1.9.0.13) Gecko/2009073022 Firefox/3.5.2 (.NET CLR 3.5.30729) SurveyBot/2.3 (DomainTools)"
64.246.165.50 - - [12/Sep/2013:21:56:23 +0200] "GET / HTTP/1.1" 301 365 "http://whois.domaintools.com/sibt.de" "Mozilla/5.0 (Windows; U; Windows NT 5.1; en; rv:1.9.0.13) Gecko/2009073022 Firefox/3.5.2 (.NET CLR 3.5.30729) SurveyBot/2.3 (DomainTools)"
216.145.5.42 - - [12/Sep/2013:22:33:58 +0200] "GET /robots.txt HTTP/1.0" 301 389 "-" "Mozilla/5.0 (Windows; U; Windows NT 5.1; en; rv:1.9.0.13) Gecko/2009073022 Firefox/3.5.2 (.NET CLR 3.5.30729) SurveyBot/2.3 (DomainTools)"
216.145.5.42 - - [12/Sep/2013:22:33:58 +0200] "GET / HTTP/1.1" 301 379 "http://whois.domaintools.com/sicherungs-service.de" "Mozilla/5.0 (Windows; U; Windows NT 5.1; en; rv:1.9.0.13) Gecko/2009073022 Firefox/3.5.2 (.NET CLR 3.5.30729) SurveyBot/2.3 (DomainTools)"
64.246.165.200 - - [12/Sep/2013:22:47:08 +0200] "GET /robots.txt HTTP/1.0" 301 384 "-" "Mozilla/5.0 (Windows; U; Windows NT 5.1; en; rv:1.9.0.13) Gecko/2009073022 Firefox/3.5.2 (.NET CLR 3.5.30729) SurveyBot/2.3 (DomainTools)"
64.246.165.200 - - [12/Sep/2013:22:47:09 +0200] "GET / HTTP/1.1" 301 374 "http://whois.domaintools.com/sgtbayernnord.de" "Mozilla/5.0 (Windows; U; Windows NT 5.1; en; rv:1.9.0.13) Gecko/2009073022 Firefox/3.5.2 (.NET CLR 3.5.30729) SurveyBot/2.3 (DomainTools)"
141.8.147.12 - - [12/Sep/2013:23:18:52 +0200] "GET / HTTP/1.1" 301 367 "-" "Mozilla/5.0 (compatible; YandexBot/3.0; +http://yandex.com/bots)"
64.246.165.200 - - [13/Sep/2013:00:20:55 +0200] "GET /robots.txt HTTP/1.0" 301 392 "-" "Mozilla/5.0 (Windows; U; Windows NT 5.1; en; rv:1.9.0.13) Gecko/2009073022 Firefox/3.5.2 (.NET CLR 3.5.30729) SurveyBot/2.3 (DomainTools)"
64.246.165.200 - - [13/Sep/2013:00:20:55 +0200] "GET / HTTP/1.1" 301 382 "http://whois.domaintools.com/siemens-medientechnik.de" "Mozilla/5.0 (Windows; U; Windows NT 5.1; en; rv:1.9.0.13) Gecko/2009073022 Firefox/3.5.2 (.NET CLR 3.5.30729) SurveyBot/2.3 (DomainTools)"
141.8.147.12 - - [13/Sep/2013:00:50:32 +0200] "GET / HTTP/1.1" 301 382 "-" "Mozilla/5.0 (compatible; YandexBot/3.0; +http://yandex.com/bots)"
144.76.42.76 - - [13/Sep/2013:01:15:23 +0200] "GET / HTTP/1.1" 301 367 "-" "Mozilla/5.0 (Macintosh; Intel Mac OS X 10_8_2) AppleWebKit/537.17 (KHTML, like Gecko) Chrome/24.0.1312.52 Safari/537.17"
144.76.42.76 - - [13/Sep/2013:01:15:23 +0200] "GET / HTTP/1.1" 301 367 "-" "Mozilla/5.0 (Macintosh; Intel Mac OS X 10_8_2) AppleWebKit/537.17 (KHTML, like Gecko) Chrome/24.0.1312.52 Safari/537.17"
157.55.34.178 - - [13/Sep/2013:01:56:41 +0200] "GET /robots.txt HTTP/1.1" 301 392 "-" "Mozilla/5.0 (compatible; bingbot/2.0; +http://www.bing.com/bingbot.htm)"
157.55.34.178 - - [13/Sep/2013:01:57:29 +0200] "GET /news/article/995445192.php HTTP/1.1" 301 408 "-" "Mozilla/5.0 (compatible; bingbot/2.0; +http://www.bing.com/bingbot.htm)"
216.145.11.94 - - [13/Sep/2013:02:08:27 +0200] "GET /robots.txt HTTP/1.0" 301 394 "-" "Mozilla/5.0 (Windows; U; Windows NT 5.1; en; rv:1.9.0.13) Gecko/2009073022 Firefox/3.5.2 (.NET CLR 3.5.30729) SurveyBot/2.3 (DomainTools)"
216.145.11.94 - - [13/Sep/2013:02:08:27 +0200] "GET / HTTP/1.1" 301 384 "http://whois.domaintools.com/siemens-gebaeudetechnik.de" "Mozilla/5.0 (Windows; U; Windows NT 5.1; en; rv:1.9.0.13) Gecko/2009073022 Firefox/3.5.2 (.NET CLR 3.5.30729) SurveyBot/2.3 (DomainTools)"
157.56.92.151 - - [13/Sep/2013:09:00:36 +0200] "GET /robots.txt HTTP/1.1" 301 386 "-" "Mozilla/5.0 (compatible; bingbot/2.0; +http://www.bing.com/bingbot.htm)"
157.56.92.151 - - [13/Sep/2013:09:03:15 +0200] "GET / HTTP/1.1" 301 376 "-" "Mozilla/5.0 (compatible; bingbot/2.0; +http://www.bing.com/bingbot.htm)"
208.115.113.89 - - [13/Sep/2013:09:12:40 +0200] "GET /robots.txt HTTP/1.1" 301 375 "-" "Mozilla/5.0 (compatible; Ezooms/1.0; ezooms.bot@gmail.com)"
69.197.129.42 - - [13/Sep/2013:09:45:35 +0200] "GET /robots.txt HTTP/1.0" 301 377 "-" "Mozilla/5.0 (compatible; MJ12bot/v1.4.4; http://www.majestic12.co.uk/bot.php?+)"
69.197.129.42 - - [13/Sep/2013:09:45:39 +0200] "GET / HTTP/1.0" 301 367 "-" "Mozilla/5.0 (compatible; MJ12bot/v1.4.4; http://www.majestic12.co.uk/bot.php?+)"
50.31.96.14 - - [13/Sep/2013:09:52:54 +0200] "GET / HTTP/1.1" 301 367 "-" "Mozilla/5.0 (X11; U; Linux x86_64; en-US) AppleWebKit/534.3 (KHTML, like Gecko) Qt/4.7.4 Safari/534.3"
141.8.147.12 - - [13/Sep/2013:10:52:13 +0200] "GET /robots.txt HTTP/1.1" 301 384 "-" "Mozilla/5.0 (compatible; YandexBot/3.0; +http://yandex.com/bots)"
157.55.32.113 - - [13/Sep/2013:11:03:23 +0200] "GET /robots.txt HTTP/1.1" 301 377 "-" "Mozilla/5.0 (compatible; bingbot/2.0; +http://www.bing.com/bingbot.htm)"
157.55.32.113 - - [13/Sep/2013:11:05:24 +0200] "GET / HTTP/1.1" 301 367 "-" "Mozilla/5.0 (compatible; bingbot/2.0; +http://www.bing.com/bingbot.htm)"
208.115.111.73 - - [13/Sep/2013:11:15:13 +0200] "GET /robots.txt HTTP/1.1" 301 375 "-" "Mozilla/5.0 (compatible; Ezooms/1.0; ezooms.bot@gmail.com)"
208.115.113.89 - - [13/Sep/2013:11:16:10 +0200] "GET /fire/forw_sibt_fire/index.html HTTP/1.1" 301 395 "-" "Mozilla/5.0 (compatible; Ezooms/1.0; ezooms.bot@gmail.com)"
208.115.111.73 - - [13/Sep/2013:11:42:01 +0200] "GET /fire HTTP/1.1" 301 369 "-" "Mozilla/5.0 (compatible; Ezooms/1.0; ezooms.bot@gmail.com)"
141.8.147.12 - - [13/Sep/2013:12:30:51 +0200] "GET / HTTP/1.1" 301 374 "-" "Mozilla/5.0 (compatible; YandexBot/3.0; +http://yandex.com/bots)"
84.138.68.234 - - [13/Sep/2013:12:46:46 +0200] "GET /text/11020402_0000.htm HTTP/1.1" 301 387 "http://www.ronsc.de/misc/studienarbeit/node12.html" "Mozilla/5.0 (iPad; CPU OS 6_1_3 like Mac OS X) AppleWebKit/536.26 (KHTML, like Gecko) CriOS/29.0.1547.11 Mobile/10B329 Safari/8536.25"
141.8.147.12 - - [13/Sep/2013:14:33:47 +0200] "GET /robots.txt HTTP/1.1" 301 377 "-" "Mozilla/5.0 (compatible; YandexBot/3.0; +http://yandex.com/bots)"
217.225.164.218 - - [13/Sep/2013:15:00:55 +0200] "GET / HTTP/1.1" 301 367 "http://www.bigfinder.de/online-11.html" "Mozilla/4.0 (compatible; MSIE 8.0; Windows NT 5.1; Trident/4.0; FBSMTWB; ATC/1.0; .NET CLR 1.1.4322; ATC/1.0; .NET CLR 2.0.50727; .NET CLR 3.0.4506.2152; .NET CLR 3.5.30729)"
157.56.93.148 - - [13/Sep/2013:17:14:59 +0200] "GET /robots.txt HTTP/1.1" 301 392 "-" "Mozilla/5.0 (compatible; bingbot/2.0; +http://www.bing.com/bingbot.htm)"
157.56.93.148 - - [13/Sep/2013:17:17:32 +0200] "GET /news/index.php?action=shownews&mode=archiv HTTP/1.1" 301 428 "-" "Mozilla/5.0 (compatible; bingbot/2.0; +http://www.bing.com/bingbot.htm)"
141.8.147.12 - - [13/Sep/2013:20:33:19 +0200] "GET / HTTP/1.1" 301 367 "-" "Mozilla/5.0 (compatible; YandexBot/3.0; +http://yandex.com/bots)"
69.58.178.59 - - [14/Sep/2013:00:52:43 +0200] "GET /robots.txt HTTP/1.1" 301 386 "-" "Mozilla/5.0 (X11; Ubuntu; Linux i686; rv:14.0; ips-agent) Gecko/20100101 Firefox/14.0.1"
69.58.178.59 - - [14/Sep/2013:00:52:44 +0200] "GET / HTTP/1.1" 301 376 "-" "Mozilla/5.0 (X11; Ubuntu; Linux i686; rv:14.0; ips-agent) Gecko/20100101 Firefox/14.0.1"
157.56.93.148 - - [14/Sep/2013:02:48:29 +0200] "GET /robots.txt HTTP/1.1" 301 392 "-" "Mozilla/5.0 (compatible; bingbot/2.0; +http://www.bing.com/bingbot.htm)"
157.56.93.148 - - [14/Sep/2013:02:51:52 +0200] "GET /news/index.php?action=shownews&showtopic= HTTP/1.1" 301 427 "-" "Mozilla/5.0 (compatible; bingbot/2.0; +http://www.bing.com/bingbot.htm)"
202.25.192.30 - - [14/Sep/2013:04:10:41 +0200] "GET //index.php/includes/xml/bitfield_vbseo.xml HTTP/1.1" 301 406 "-" "Mozilla/4.0 (compatible; MSIE 6.0; Windows 98)"
202.25.192.30 - - [14/Sep/2013:04:10:42 +0200] "GET //forum//includes/xml/bitfield_vbseo.xml HTTP/1.1" 301 403 "-" "Mozilla/4.0 (compatible; MSIE 6.0; Windows 98)"
202.25.192.30 - - [14/Sep/2013:04:10:42 +0200] "GET //forums//includes/xml/bitfield_vbseo.xml HTTP/1.1" 301 404 "-" "Mozilla/4.0 (compatible; MSIE 6.0; Windows 98)"
202.25.192.30 - - [14/Sep/2013:04:10:43 +0200] "GET //vb//includes/xml/bitfield_vbseo.xml HTTP/1.1" 301 400 "-" "Mozilla/4.0 (compatible; MSIE 6.0; Windows 98)"
202.25.192.30 - - [14/Sep/2013:04:10:43 +0200] "GET //vBulletin//includes/xml/bitfield_vbseo.xml HTTP/1.1" 301 407 "-" "Mozilla/4.0 (compatible; MSIE 6.0; Windows 98)"
202.25.192.30 - - [14/Sep/2013:04:10:44 +0200] "GET //vbulletin//includes/xml/bitfield_vbseo.xml HTTP/1.1" 301 407 "-" "Mozilla/4.0 (compatible; MSIE 6.0; Windows 98)"
202.25.192.30 - - [14/Sep/2013:04:10:45 +0200] "GET //boards//includes/xml/bitfield_vbseo.xml HTTP/1.1" 301 404 "-" "Mozilla/4.0 (compatible; MSIE 6.0; Windows 98)"
202.25.192.30 - - [14/Sep/2013:04:10:45 +0200] "GET //vbforum//includes/xml/bitfield_vbseo.xml HTTP/1.1" 301 405 "-" "Mozilla/4.0 (compatible; MSIE 6.0; Windows 98)"
202.25.192.30 - - [14/Sep/2013:04:20:22 +0200] "GET //index.php/includes/xml/bitfield_vbseo.xml HTTP/1.1" 301 420 "-" "Mozilla/4.0 (compatible; MSIE 6.0; Windows 98)"
202.25.192.30 - - [14/Sep/2013:04:20:23 +0200] "GET //forum//includes/xml/bitfield_vbseo.xml HTTP/1.1" 301 417 "-" "Mozilla/4.0 (compatible; MSIE 6.0; Windows 98)"
202.25.192.30 - - [14/Sep/2013:04:20:23 +0200] "GET //forums//includes/xml/bitfield_vbseo.xml HTTP/1.1" 301 418 "-" "Mozilla/4.0 (compatible; MSIE 6.0; Windows 98)"
202.25.192.30 - - [14/Sep/2013:04:20:24 +0200] "GET //vb//includes/xml/bitfield_vbseo.xml HTTP/1.1" 301 414 "-" "Mozilla/4.0 (compatible; MSIE 6.0; Windows 98)"
202.25.192.30 - - [14/Sep/2013:04:20:24 +0200] "GET //vBulletin//includes/xml/bitfield_vbseo.xml HTTP/1.1" 301 421 "-" "Mozilla/4.0 (compatible; MSIE 6.0; Windows 98)"
202.25.192.30 - - [14/Sep/2013:04:20:25 +0200] "GET //vbulletin//includes/xml/bitfield_vbseo.xml HTTP/1.1" 301 421 "-" "Mozilla/4.0 (compatible; MSIE 6.0; Windows 98)"
202.25.192.30 - - [14/Sep/2013:04:20:25 +0200] "GET //boards//includes/xml/bitfield_vbseo.xml HTTP/1.1" 301 418 "-" "Mozilla/4.0 (compatible; MSIE 6.0; Windows 98)"
202.25.192.30 - - [14/Sep/2013:04:20:26 +0200] "GET //vbforum//includes/xml/bitfield_vbseo.xml HTTP/1.1" 301 419 "-" "Mozilla/4.0 (compatible; MSIE 6.0; Windows 98)"
202.25.192.30 - - [14/Sep/2013:04:40:12 +0200] "GET //index.php/includes/xml/bitfield_vbseo.xml HTTP/1.1" 301 425 "-" "Mozilla/4.0 (compatible; MSIE 6.0; Windows 98)"
202.25.192.30 - - [14/Sep/2013:04:40:13 +0200] "GET //forum//includes/xml/bitfield_vbseo.xml HTTP/1.1" 301 422 "-" "Mozilla/4.0 (compatible; MSIE 6.0; Windows 98)"
202.25.192.30 - - [14/Sep/2013:04:40:14 +0200] "GET //forums//includes/xml/bitfield_vbseo.xml HTTP/1.1" 301 423 "-" "Mozilla/4.0 (compatible; MSIE 6.0; Windows 98)"
202.25.192.30 - - [14/Sep/2013:04:40:14 +0200] "GET //vb//includes/xml/bitfield_vbseo.xml HTTP/1.1" 301 419 "-" "Mozilla/4.0 (compatible; MSIE 6.0; Windows 98)"
202.25.192.30 - - [14/Sep/2013:04:40:15 +0200] "GET //vBulletin//includes/xml/bitfield_vbseo.xml HTTP/1.1" 301 426 "-" "Mozilla/4.0 (compatible; MSIE 6.0; Windows 98)"
202.25.192.30 - - [14/Sep/2013:04:40:15 +0200] "GET //vbulletin//includes/xml/bitfield_vbseo.xml HTTP/1.1" 301 426 "-" "Mozilla/4.0 (compatible; MSIE 6.0; Windows 98)"
202.25.192.30 - - [14/Sep/2013:04:40:16 +0200] "GET //boards//includes/xml/bitfield_vbseo.xml HTTP/1.1" 301 423 "-" "Mozilla/4.0 (compatible; MSIE 6.0; Windows 98)"
202.25.192.30 - - [14/Sep/2013:04:40:17 +0200] "GET //vbforum//includes/xml/bitfield_vbseo.xml HTTP/1.1" 301 424 "-" "Mozilla/4.0 (compatible; MSIE 6.0; Windows 98)"
202.25.192.30 - - [14/Sep/2013:04:40:28 +0200] "GET //index.php/includes/xml/bitfield_vbseo.xml HTTP/1.1" 301 423 "-" "Mozilla/4.0 (compatible; MSIE 6.0; Windows 98)"
202.25.192.30 - - [14/Sep/2013:04:40:28 +0200] "GET //forum//includes/xml/bitfield_vbseo.xml HTTP/1.1" 301 420 "-" "Mozilla/4.0 (compatible; MSIE 6.0; Windows 98)"
202.25.192.30 - - [14/Sep/2013:04:40:29 +0200] "GET //forums//includes/xml/bitfield_vbseo.xml HTTP/1.1" 301 421 "-" "Mozilla/4.0 (compatible; MSIE 6.0; Windows 98)"
202.25.192.30 - - [14/Sep/2013:04:40:29 +0200] "GET //vb//includes/xml/bitfield_vbseo.xml HTTP/1.1" 301 417 "-" "Mozilla/4.0 (compatible; MSIE 6.0; Windows 98)"
202.25.192.30 - - [14/Sep/2013:04:40:30 +0200] "GET //vBulletin//includes/xml/bitfield_vbseo.xml HTTP/1.1" 301 424 "-" "Mozilla/4.0 (compatible; MSIE 6.0; Windows 98)"
202.25.192.30 - - [14/Sep/2013:04:40:30 +0200] "GET //vbulletin//includes/xml/bitfield_vbseo.xml HTTP/1.1" 301 424 "-" "Mozilla/4.0 (compatible; MSIE 6.0; Windows 98)"
202.25.192.30 - - [14/Sep/2013:04:40:31 +0200] "GET //boards//includes/xml/bitfield_vbseo.xml HTTP/1.1" 301 421 "-" "Mozilla/4.0 (compatible; MSIE 6.0; Windows 98)"
202.25.192.30 - - [14/Sep/2013:04:40:32 +0200] "GET //vbforum//includes/xml/bitfield_vbseo.xml HTTP/1.1" 301 422 "-" "Mozilla/4.0 (compatible; MSIE 6.0; Windows 98)"
217.225.183.164 - - [14/Sep/2013:05:24:18 +0200] "GET / HTTP/1.1" 301 365 "http://www.bigfinder.de/online-11.html" "Mozilla/4.0 (compatible; MSIE 8.0; Windows NT 6.1; Trident/4.0; SLCC2; .NET CLR 2.0.50727; .NET CLR 3.5.30729; .NET CLR 3.0.30729; Media Center PC 6.0)"
178.77.126.55 - - [14/Sep/2013:06:44:10 +0200] "GET /robots.txt HTTP/1.1" 301 375 "-" "Mozilla/5.0 (compatible; CareerBot/1.1; +http://www.career-x.de/bot.html)"
178.77.126.55 - - [14/Sep/2013:06:44:10 +0200] "GET / HTTP/1.1" 301 365 "-" "Mozilla/5.0 (compatible; CareerBot/1.1; +http://www.career-x.de/bot.html)"
85.176.113.55 - - [14/Sep/2013:12:19:23 +0200] "HEAD /robots.txt HTTP/1.1" 301 - "-" "Toplistbot"
85.176.113.55 - - [14/Sep/2013:12:19:23 +0200] "GET / HTTP/1.1" 301 365 "-" "Toplistbot"
178.77.126.55 - - [14/Sep/2013:12:48:10 +0200] "GET /robots.txt HTTP/1.1" 301 386 "-" "Mozilla/5.0 (compatible; CareerBot/1.1; +http://www.career-x.de/bot.html)"
178.77.126.55 - - [14/Sep/2013:12:48:10 +0200] "GET / HTTP/1.1" 301 376 "-" "Mozilla/5.0 (compatible; CareerBot/1.1; +http://www.career-x.de/bot.html)"
85.176.113.55 - - [14/Sep/2013:18:34:18 +0200] "HEAD /robots.txt HTTP/1.1" 301 - "-" "Toplistbot"
85.176.113.55 - - [14/Sep/2013:18:34:18 +0200] "GET / HTTP/1.1" 301 376 "-" "Toplistbot"
141.8.147.12 - - [14/Sep/2013:19:17:41 +0200] "GET /robots.txt HTTP/1.1" 301 375 "-" "Mozilla/5.0 (compatible; YandexBot/3.0; +http://yandex.com/bots)"
208.88.226.73 - - [14/Sep/2013:23:44:33 +0200] "HEAD / HTTP/1.1" 301 - "-" "Mozilla/5.0 (Windows NT 6.1; WOW64; rv:7.0.1) Gecko/20100101 Firefox/7.0.1"
84.38.65.176 - - [15/Sep/2013:00:12:16 +0200] "GET / HTTP/1.0" 301 382 "http://www.backlink-webkatalog.de/" "Mozilla/5.0 (Windows; U; Windows NT 5.1; de; rv:1.9.0.12) Gecko/2009070611 Firefox/3.0.12 GTB7.1 (.NET CLR 3.5.30729)"
141.8.147.12 - - [15/Sep/2013:00:33:42 +0200] "GET /robots.txt HTTP/1.1" 301 394 "-" "Mozilla/5.0 (compatible; YandexBot/3.0; +http://yandex.com/bots)"
141.8.147.12 - - [15/Sep/2013:00:57:06 +0200] "GET / HTTP/1.1" 301 384 "-" "Mozilla/5.0 (compatible; YandexBot/3.0; +http://yandex.com/bots)"
141.8.147.12 - - [15/Sep/2013:01:04:56 +0200] "GET / HTTP/1.1" 301 365 "-" "Mozilla/5.0 (compatible; YandexBot/3.0; +http://yandex.com/bots)"
5.10.83.30 - - [15/Sep/2013:09:17:05 +0200] "GET / HTTP/1.1" 301 376 "-" "Mozilla/5.0 (compatible; AhrefsBot/5.0; +http://ahrefs.com/robot/)"
66.249.78.65 - - [15/Sep/2013:09:44:23 +0200] "GET /robots.txt HTTP/1.1" 301 375 "-" "Mozilla/5.0 (compatible; Googlebot/2.1; +http://www.google.com/bot.html)"
66.249.75.76 - - [15/Sep/2013:09:44:24 +0200] "GET / HTTP/1.1" 301 365 "-" "DoCoMo/2.0 N905i(c100;TB;W24H16) (compatible; Googlebot-Mobile/2.1; +http://www.google.com/bot.html)"
66.249.78.65 - - [15/Sep/2013:10:19:17 +0200] "GET / HTTP/1.1" 301 365 "-" "Mozilla/5.0 (compatible; Googlebot/2.1; +http://www.google.com/bot.html)"
66.249.78.240 - - [15/Sep/2013:10:38:02 +0200] "GET /robots.txt HTTP/1.1" 301 377 "-" "Mozilla/5.0 (compatible; Googlebot/2.1; +http://www.google.com/bot.html)"
66.249.75.215 - - [15/Sep/2013:10:38:02 +0200] "GET / HTTP/1.1" 301 367 "-" "DoCoMo/2.0 N905i(c100;TB;W24H16) (compatible; Googlebot-Mobile/2.1; +http://www.google.com/bot.html)"
88.76.252.253 - - [15/Sep/2013:10:42:44 +0200] "GET / HTTP/1.1" 301 365 "-" "Java/1.6.0_06"
88.76.252.253 - - [15/Sep/2013:10:42:45 +0200] "GET /home.aspx HTTP/1.1" 301 374 "-" "Java/1.6.0_06"
88.76.252.253 - - [15/Sep/2013:10:42:45 +0200] "GET /_layouts/blank.js?rev=QGOYAJlouiWgFRlhHVlMKA%3D%3D HTTP/1.1" 301 415 "-" "Java/1.6.0_06"
88.76.252.253 - - [15/Sep/2013:10:42:45 +0200] "GET /buildingtechnologies/de HTTP/1.1" 301 388 "-" "Java/1.6.0_06"
88.76.252.253 - - [15/Sep/2013:10:42:45 +0200] "GET //w3.siemens.com/ote/ote_config.js HTTP/1.1" 301 397 "-" "Java/1.6.0_06"
88.76.252.253 - - [15/Sep/2013:10:42:45 +0200] "GET /buildingtechnologies/de/de/Pages/home.aspx HTTP/1.1" 301 407 "-" "Java/1.6.0_06"
88.76.252.253 - - [15/Sep/2013:10:42:46 +0200] "GET /_layouts/Querplex/Siemens/WCMS3/scripts/jquery.jcarousel.js?rev=29967635136983423621768 HTTP/1.1" 301 452 "-" "Java/1.6.0_06"
88.76.252.253 - - [15/Sep/2013:10:42:46 +0200] "GET /_layouts/Querplex/Siemens/WCMS3/scripts/scripts.pack.js?rev=19816635136983424089780 HTTP/1.1" 301 448 "-" "Java/1.6.0_06"
88.76.252.253 - - [15/Sep/2013:10:42:46 +0200] "GET /_layouts/Querplex/Siemens/WCMS3/scripts/social-media-accordion.js?rev=15324635136983424401788 HTTP/1.1" 301 458 "-" "Java/1.6.0_06"
88.76.252.253 - - [15/Sep/2013:10:42:46 +0200] "GET /_layouts/Querplex/Siemens/WCMS3/scripts/swfobject-2.2.js HTTP/1.1" 301 421 "-" "Java/1.6.0_06"
88.76.252.253 - - [15/Sep/2013:10:42:46 +0200] "GET /_layouts/Querplex/Siemens/WCMS3/scripts/w2glayer.pack.js?rev=54117635136983424713796 HTTP/1.1" 301 449 "-" "Java/1.6.0_06"
88.76.252.253 - - [15/Sep/2013:10:42:46 +0200] "GET /buildingtechnologies/de/de/brandschutz/Seiten/brandschutz.aspx HTTP/1.1" 301 427 "-" "Java/1.6.0_06"
88.76.252.253 - - [15/Sep/2013:10:42:46 +0200] "GET /buildingtechnologies/de/de/energieeffizienz/Seiten/energieeffizienz.aspx HTTP/1.1" 301 437 "-" "Java/1.6.0_06"
88.76.252.253 - - [15/Sep/2013:10:42:46 +0200] "GET /buildingtechnologies/de/de/extranet/Seiten/extranet.aspx HTTP/1.1" 301 421 "-" "Java/1.6.0_06"
88.76.252.253 - - [15/Sep/2013:10:42:47 +0200] "GET /buildingtechnologies/de/de/gebaeudeautomation-hlk/Seiten/gebaeudeautomation.aspx HTTP/1.1" 301 445 "-" "Java/1.6.0_06"
88.76.252.253 - - [15/Sep/2013:10:42:47 +0200] "GET /buildingtechnologies/de/de/kundenzeitschriften/Pages/kundenzeitschriften.aspx HTTP/1.1" 301 442 "-" "Java/1.6.0_06"
88.76.252.253 - - [15/Sep/2013:10:42:47 +0200] "GET /buildingtechnologies/de/de/marktspezifische-loesungen/Seiten/marktspezifische-loesungen.aspx HTTP/1.1" 301 457 "-" "Java/1.6.0_06"
88.76.252.253 - - [15/Sep/2013:10:42:47 +0200] "GET /buildingtechnologies/de/de/messen-events/Seiten/messen-events.aspx HTTP/1.1" 301 431 "-" "Java/1.6.0_06"
88.76.252.253 - - [15/Sep/2013:10:42:47 +0200] "GET /buildingtechnologies/de/de/news/Seiten/news.aspx HTTP/1.1" 301 413 "-" "Java/1.6.0_06"
88.76.252.253 - - [15/Sep/2013:10:42:47 +0200] "GET /buildingtechnologies/de/de/partners/Seiten/partners.aspx HTTP/1.1" 301 421 "-" "Java/1.6.0_06"
88.76.252.253 - - [15/Sep/2013:10:42:47 +0200] "GET /buildingtechnologies/de/de/presse/Seiten/presse.aspx HTTP/1.1" 301 417 "-" "Java/1.6.0_06"
88.76.252.253 - - [15/Sep/2013:10:42:47 +0200] "GET /buildingtechnologies/de/de/referenzen/Seiten/referenzen.aspx HTTP/1.1" 301 425 "-" "Java/1.6.0_06"
88.76.252.253 - - [15/Sep/2013:10:42:48 +0200] "GET /buildingtechnologies/de/de/sicherheit/Seiten/sicherheitstechnik.aspx HTTP/1.1" 301 433 "-" "Java/1.6.0_06"
88.76.252.253 - - [15/Sep/2013:10:42:48 +0200] "GET /buildingtechnologies/de/de/support/Seiten/kostenlose-apps.aspx HTTP/1.1" 301 427 "-" "Java/1.6.0_06"
88.76.252.253 - - [15/Sep/2013:10:42:48 +0200] "GET /buildingtechnologies/de/de/support/Seiten/support.aspx HTTP/1.1" 301 419 "-" "Java/1.6.0_06"
88.76.252.253 - - [15/Sep/2013:10:42:48 +0200] "GET /buildingtechnologies/de/de/total-building-solutions/Seiten/total-building-solutions.aspx HTTP/1.1" 301 453 "-" "Java/1.6.0_06"
88.76.252.253 - - [15/Sep/2013:10:42:48 +0200] "GET /buildingtechnologies/de/de/ueber-uns/Seiten/ueber-uns.aspx HTTP/1.1" 301 423 "-" "Java/1.6.0_06"
88.76.252.253 - - [15/Sep/2013:10:42:48 +0200] "GET /wcms3/custom/OSSPAD3/ote/regions/ote.js HTTP/1.1" 301 404 "-" "Java/1.6.0_06"
88.76.252.253 - - [15/Sep/2013:10:42:48 +0200] "GET /_layouts/Querplex/Siemens/WCMS3/scripts/libs/jquery-1.4.4.min.js HTTP/1.1" 301 429 "-" "Java/1.6.0_06"
88.76.252.253 - - [15/Sep/2013:10:42:48 +0200] "GET /_layouts/Querplex/Siemens/WCMS3/scripts/libs/jquery-ui-1.8.13.custom.min.js HTTP/1.1" 301 440 "-" "Java/1.6.0_06"
85.176.111.4 - - [15/Sep/2013:12:16:24 +0200] "HEAD /robots.txt HTTP/1.1" 301 - "-" "Toplistbot"
85.176.111.4 - - [15/Sep/2013:12:16:24 +0200] "GET / HTTP/1.1" 301 365 "-" "Toplistbot"
66.249.78.81 - - [15/Sep/2013:12:30:06 +0200] "GET /robots.txt HTTP/1.1" 301 386 "-" "Mozilla/5.0 (compatible; Googlebot/2.1; +http://www.google.com/bot.html)"
66.249.75.178 - - [15/Sep/2013:12:30:06 +0200] "GET / HTTP/1.1" 301 376 "-" "DoCoMo/2.0 N905i(c100;TB;W24H16) (compatible; Googlebot-Mobile/2.1; +http://www.google.com/bot.html)"
85.176.111.4 - - [15/Sep/2013:12:32:13 +0200] "HEAD /robots.txt HTTP/1.1" 301 - "-" "Toplistbot"
85.176.111.4 - - [15/Sep/2013:12:32:13 +0200] "GET / HTTP/1.1" 301 376 "-" "Toplistbot"
