213.83.37.145 - - [02/Feb/2020:09:00:26 +0100] "HEAD / HTTP/1.1" 200 - "-" "Mozilla/5.0 (Windows NT 6.1; rv:39.0) Gecko/20180101 Firefox/39.0"
213.83.37.145 - - [02/Feb/2020:09:00:26 +0100] "HEAD / HTTP/1.1" 200 - "-" "Mozilla/5.0 (Windows NT 6.1; rv:39.0) Gecko/20180101 Firefox/39.0"
213.83.37.145 - - [02/Feb/2020:09:00:26 +0100] "HEAD / HTTP/1.1" 200 - "-" "Mozilla/5.0 (Windows NT 6.1; rv:39.0) Gecko/20180101 Firefox/39.0"
213.83.37.145 - - [02/Feb/2020:09:00:26 +0100] "HEAD / HTTP/1.1" 200 - "-" "Mozilla/5.0 (Windows NT 6.1; rv:39.0) Gecko/20180101 Firefox/39.0"
66.249.79.56 - - [03/Feb/2020:13:47:25 +0100] "GET /robots.txt HTTP/1.1" 404 1256 "-" "Mozilla/5.0 (compatible; Googlebot/2.1; +http://www.google.com/bot.html)"
66.249.79.59 - - [03/Feb/2020:13:47:26 +0100] "GET / HTTP/1.1" 200 326 "-" "Mozilla/5.0 (Linux; Android 6.0.1; Nexus 5X Build/MMB29P) AppleWebKit/537.36 (KHTML, like Gecko) Chrome/41.0.2272.96 Mobile Safari/537.36 (compatible; Googlebot/2.1; +http://www.google.com/bot.html)"
194.173.174.106 - - [04/Feb/2020:22:40:50 +0100] "HEAD / HTTP/1.1" 200 - "-" "Mozilla/5.0 (Windows NT 6.3; WOW64) AppleWebKit/537.36 (KHTML, like Gecko) Chrome/43.0.2357.134 Safari/537.36"
54.225.5.202 - - [04/Feb/2020:22:47:32 +0100] "GET / HTTP/1.1" 200 326 "-" "Mozilla/5.0 (Windows NT 6.1; Win64; x64) AppleWebKit/537.36 (KHTML, like Gecko) Chrome/72.0.3626.109 Safari/537.36"
17.58.59.7 - - [05/Feb/2020:00:14:23 +0100] "GET / HTTP/1.1" 200 326 "-" "Mozilla/5.0 (Macintosh; Intel Mac OS X 10.12; rv:52.0) Gecko/20100101 Firefox/52.0"
66.249.64.189 - - [05/Feb/2020:15:46:32 +0100] "GET /robots.txt HTTP/1.1" 404 1256 "-" "Mozilla/5.0 (compatible; Googlebot/2.1; +http://www.google.com/bot.html)"
66.249.64.187 - - [05/Feb/2020:15:46:32 +0100] "GET / HTTP/1.1" 200 326 "-" "Mozilla/5.0 (compatible; Googlebot/2.1; +http://www.google.com/bot.html)"
194.173.174.106 - - [05/Feb/2020:18:41:40 +0100] "HEAD / HTTP/1.1" 200 - "-" "Mozilla/5.0 (Windows NT 6.3; WOW64) AppleWebKit/537.36 (KHTML, like Gecko) Chrome/43.0.2357.134 Safari/537.36"
194.173.174.106 - - [05/Feb/2020:18:41:46 +0100] "HEAD / HTTP/1.1" 200 - "-" "Mozilla/5.0 (Windows NT 6.3; WOW64) AppleWebKit/537.36 (KHTML, like Gecko) Chrome/43.0.2357.134 Safari/537.36"
34.221.247.129 - - [05/Feb/2020:18:43:21 +0100] "GET / HTTP/1.1" 200 326 "-" "Mozilla/5.0 (Windows NT 6.1; Win64; x64) AppleWebKit/537.36 (KHTML, like Gecko) Chrome/72.0.3626.109 Safari/537.36"
158.69.117.141 - - [05/Feb/2020:19:07:23 +0100] "GET / HTTP/1.1" 200 326 "-" "Mozilla/5.0 (compatible; Dataprovider.com)"
158.69.117.141 - - [05/Feb/2020:19:07:24 +0100] "GET /robots.txt HTTP/1.1" 404 1256 "-" "Mozilla/5.0 (compatible; Dataprovider.com)"
158.69.117.141 - - [05/Feb/2020:19:07:24 +0100] "GET /sitemap.xml HTTP/1.1" 404 1256 "-" "Mozilla/5.0 (compatible; Dataprovider.com)"
158.69.117.141 - - [05/Feb/2020:19:07:25 +0100] "GET / HTTP/1.1" 200 326 "-" "Mozilla/5.0 (compatible; Dataprovider.com)"
158.69.117.141 - - [05/Feb/2020:19:07:26 +0100] "GET /ads.txt HTTP/1.1" 404 1256 "-" "Mozilla/5.0 (compatible; Dataprovider.com)"
158.69.117.141 - - [05/Feb/2020:19:07:26 +0100] "GET / HTTP/1.1" 200 326 "-" "Mozilla/5.0 (Linux; Android 5.1.1; SM-G925F Build/LMY47X) AppleWebKit/537.36 (KHTML, like Gecko) Chrome/45.0.2454.94 Mobile Safari/537.36"
51.77.246.76 - - [05/Feb/2020:19:17:30 +0100] "GET / HTTP/1.1" 200 326 "-" "Mozilla/5.0 (compatible; Dataprovider.com)"
17.58.96.177 - - [06/Feb/2020:01:33:25 +0100] "GET /robots.txt HTTP/1.1" 404 1256 "-" "Mozilla/5.0 (Macintosh; Intel Mac OS X 10_10_1) AppleWebKit/600.2.5 (KHTML, like Gecko) Version/8.0.2 Safari/600.2.5 (Applebot/0.1; +http://www.apple.com/go/applebot)"
17.58.96.45 - - [06/Feb/2020:01:33:25 +0100] "GET / HTTP/1.1" 200 326 "-" "Mozilla/5.0 (Macintosh; Intel Mac OS X 10_10_1) AppleWebKit/600.2.5 (KHTML, like Gecko) Version/8.0.2 Safari/600.2.5 (Applebot/0.1; +http://www.apple.com/go/applebot)"
207.46.13.142 - - [07/Feb/2020:09:49:32 +0100] "GET /robots.txt HTTP/1.1" 404 1256 "-" "Mozilla/5.0 (compatible; bingbot/2.0; +http://www.bing.com/bingbot.htm)"
207.46.13.208 - - [07/Feb/2020:09:51:19 +0100] "GET / HTTP/1.1" 304 - "-" "Mozilla/5.0 (compatible; bingbot/2.0; +http://www.bing.com/bingbot.htm)"
144.217.66.151 - - [07/Feb/2020:11:19:59 +0100] "GET / HTTP/1.1" 200 326 "-" "Mozilla/5.0 (compatible; Dataprovider.com)"
144.217.66.151 - - [07/Feb/2020:11:20:01 +0100] "GET /robots.txt HTTP/1.1" 404 1256 "-" "Mozilla/5.0 (compatible; Dataprovider.com)"
144.217.66.151 - - [07/Feb/2020:11:20:01 +0100] "GET /sitemap.xml HTTP/1.1" 404 1256 "-" "Mozilla/5.0 (compatible; Dataprovider.com)"
144.217.66.151 - - [07/Feb/2020:11:20:01 +0100] "GET / HTTP/1.1" 200 326 "-" "Mozilla/5.0 (compatible; Dataprovider.com)"
144.217.66.151 - - [07/Feb/2020:11:20:02 +0100] "GET /ads.txt HTTP/1.1" 404 1256 "-" "Mozilla/5.0 (compatible; Dataprovider.com)"
144.217.66.151 - - [07/Feb/2020:11:20:02 +0100] "GET / HTTP/1.1" 200 326 "-" "Mozilla/5.0 (Linux; Android 5.1.1; SM-G925F Build/LMY47X) AppleWebKit/537.36 (KHTML, like Gecko) Chrome/45.0.2454.94 Mobile Safari/537.36"
74.76.73.71 - - [07/Feb/2020:18:40:50 +0100] "GET / HTTP/1.1" 200 326 "-" "Mozilla/5.0 (Windows NT 10.0; Win64; x64; rv:73.0) Gecko/20100101 Firefox/73.0"
74.76.73.71 - - [07/Feb/2020:18:40:50 +0100] "GET /favicon.ico HTTP/1.1" 404 1256 "-" "Mozilla/5.0 (Windows NT 10.0; Win64; x64; rv:73.0) Gecko/20100101 Firefox/73.0"
51.77.129.168 - - [07/Feb/2020:21:59:25 +0100] "GET / HTTP/1.1" 200 326 "-" "Mozilla/5.0 (compatible; Dataprovider.com)"
159.65.24.22 - - [08/Feb/2020:09:11:13 +0100] "GET / HTTP/1.1" 200 326 "-" "Mozilla/5.0 (Windows NT 6.0) AppleWebKit/537.36 (KHTML, like Gecko) Chrome/34.0.1847.116 Safari/537.36"
161.69.99.11 - - [08/Feb/2020:21:54:07 +0100] "GET / HTTP/1.1" 200 326 "-" "Mozilla/5.0 (Windows NT 6.1; WOW64; rv:29.0) Gecko/20120101 Firefox/29.0"
213.83.37.145 - - [09/Feb/2020:08:34:06 +0100] "HEAD / HTTP/1.1" 200 - "-" "Mozilla/5.0 (Windows NT 6.1; rv:39.0) Gecko/20180101 Firefox/39.0"
213.83.37.145 - - [09/Feb/2020:08:34:06 +0100] "HEAD / HTTP/1.1" 200 - "-" "Mozilla/5.0 (Windows NT 6.1; rv:39.0) Gecko/20180101 Firefox/39.0"
213.83.37.145 - - [09/Feb/2020:08:34:06 +0100] "HEAD / HTTP/1.1" 200 - "-" "Mozilla/5.0 (Windows NT 6.1; rv:39.0) Gecko/20180101 Firefox/39.0"
213.83.37.145 - - [09/Feb/2020:08:34:06 +0100] "HEAD / HTTP/1.1" 200 - "-" "Mozilla/5.0 (Windows NT 6.1; rv:39.0) Gecko/20180101 Firefox/39.0"
207.200.8.182 - - [10/Feb/2020:09:47:40 +0100] "GET / HTTP/1.1" 200 326 "-" "LightspeedSystemsCrawler Mozilla/5.0 (Windows; U; MSIE 9.0; Windows NT 9.0; en-US)"
194.173.174.106 - - [12/Feb/2020:05:59:38 +0100] "HEAD / HTTP/1.1" 200 - "-" "Mozilla/5.0 (Windows NT 6.3; WOW64) AppleWebKit/537.36 (KHTML, like Gecko) Chrome/43.0.2357.134 Safari/537.36"
3.86.28.244 - - [12/Feb/2020:06:01:23 +0100] "GET / HTTP/1.1" 200 326 "-" "Mozilla/5.0 (Windows NT 6.1; Win64; x64) AppleWebKit/537.36 (KHTML, like Gecko) Chrome/72.0.3626.109 Safari/537.36"
66.249.65.248 - - [12/Feb/2020:16:26:06 +0100] "GET /robots.txt HTTP/1.1" 404 1256 "-" "Mozilla/5.0 (compatible; Googlebot/2.1; +http://www.google.com/bot.html)"
66.249.65.252 - - [12/Feb/2020:16:26:06 +0100] "GET / HTTP/1.1" 200 326 "-" "Mozilla/5.0 (Linux; Android 6.0.1; Nexus 5X Build/MMB29P) AppleWebKit/537.36 (KHTML, like Gecko) Chrome/41.0.2272.96 Mobile Safari/537.36 (compatible; Googlebot/2.1; +http://www.google.com/bot.html)"
141.8.189.150 - - [12/Feb/2020:16:28:42 +0100] "GET /robots.txt HTTP/1.1" 404 1256 "-" "Mozilla/5.0 (compatible; YandexBot/3.0; +http://yandex.com/bots)"
141.8.189.150 - - [12/Feb/2020:16:28:46 +0100] "GET / HTTP/1.1" 200 326 "-" "Mozilla/5.0 (compatible; YandexBot/3.0; +http://yandex.com/bots)"
194.173.174.106 - - [12/Feb/2020:22:36:57 +0100] "HEAD / HTTP/1.1" 200 - "-" "Mozilla/5.0 (Windows NT 6.3; WOW64) AppleWebKit/537.36 (KHTML, like Gecko) Chrome/43.0.2357.134 Safari/537.36"
54.164.201.72 - - [12/Feb/2020:22:38:41 +0100] "GET / HTTP/1.1" 200 326 "-" "Mozilla/5.0 (Windows NT 6.1; Win64; x64) AppleWebKit/537.36 (KHTML, like Gecko) Chrome/72.0.3626.109 Safari/537.36"
66.249.65.248 - - [13/Feb/2020:01:52:23 +0100] "GET / HTTP/1.1" 200 326 "-" "Mozilla/5.0 (Linux; Android 6.0.1; Nexus 5X Build/MMB29P) AppleWebKit/537.36 (KHTML, like Gecko) Chrome/41.0.2272.96 Mobile Safari/537.36 (compatible; Googlebot/2.1; +http://www.google.com/bot.html)"
66.249.64.187 - - [13/Feb/2020:11:06:49 +0100] "GET /robots.txt HTTP/1.1" 404 1256 "-" "Mozilla/5.0 (compatible; Googlebot/2.1; +http://www.google.com/bot.html)"
66.249.64.185 - - [13/Feb/2020:11:06:49 +0100] "GET / HTTP/1.1" 200 326 "-" "Mozilla/5.0 (Linux; Android 6.0.1; Nexus 5X Build/MMB29P) AppleWebKit/537.36 (KHTML, like Gecko) Chrome/41.0.2272.96 Mobile Safari/537.36 (compatible; Googlebot/2.1; +http://www.google.com/bot.html)"
192.168.10.13 - - [13/Feb/2020:13:08:04 +0100] "GET / HTTP/1.1" 200 326 "-" "Mozilla/5.0 (Windows NT 6.1; Win64; x64) AppleWebKit/537.36 (KHTML, like Gecko) Chrome/80.0.3987.100 Safari/537.36"
192.168.10.13 - - [13/Feb/2020:13:08:04 +0100] "GET /favicon.ico HTTP/1.1" 404 1256 "http://www.ruehling.com/" "Mozilla/5.0 (Windows NT 6.1; Win64; x64) AppleWebKit/537.36 (KHTML, like Gecko) Chrome/80.0.3987.100 Safari/537.36"
192.168.10.13 - - [13/Feb/2020:13:08:11 +0100] "GET /opel HTTP/1.1" 301 347 "-" "Mozilla/5.0 (Windows NT 6.1; Win64; x64) AppleWebKit/537.36 (KHTML, like Gecko) Chrome/80.0.3987.100 Safari/537.36"
192.168.10.13 - - [13/Feb/2020:13:08:11 +0100] "GET /opel/ HTTP/1.1" 200 621 "-" "Mozilla/5.0 (Windows NT 6.1; Win64; x64) AppleWebKit/537.36 (KHTML, like Gecko) Chrome/80.0.3987.100 Safari/537.36"
192.168.10.13 - - [13/Feb/2020:13:08:11 +0100] "GET /opel/HTML/indexneu.htm HTTP/1.1" 200 9102 "http://www.ruehling.com/opel/" "Mozilla/5.0 (Windows NT 6.1; Win64; x64) AppleWebKit/537.36 (KHTML, like Gecko) Chrome/80.0.3987.100 Safari/537.36"
192.168.10.13 - - [13/Feb/2020:13:08:11 +0100] "GET /opel/HTML/MENU1.HTM HTTP/1.1" 200 969 "http://www.ruehling.com/opel/" "Mozilla/5.0 (Windows NT 6.1; Win64; x64) AppleWebKit/537.36 (KHTML, like Gecko) Chrome/80.0.3987.100 Safari/537.36"
192.168.10.13 - - [13/Feb/2020:13:08:11 +0100] "GET /opel/HTML/MENU2.HTM HTTP/1.1" 200 755 "http://www.ruehling.com/opel/" "Mozilla/5.0 (Windows NT 6.1; Win64; x64) AppleWebKit/537.36 (KHTML, like Gecko) Chrome/80.0.3987.100 Safari/537.36"
192.168.10.13 - - [13/Feb/2020:13:08:11 +0100] "GET /opel/HTML/MENU3.HTM HTTP/1.1" 200 333 "http://www.ruehling.com/opel/" "Mozilla/5.0 (Windows NT 6.1; Win64; x64) AppleWebKit/537.36 (KHTML, like Gecko) Chrome/80.0.3987.100 Safari/537.36"
192.168.10.13 - - [13/Feb/2020:13:08:12 +0100] "GET /opel/HTML/INDEX1.JS HTTP/1.1" 200 42502 "http://www.ruehling.com/opel/HTML/indexneu.htm" "Mozilla/5.0 (Windows NT 6.1; Win64; x64) AppleWebKit/537.36 (KHTML, like Gecko) Chrome/80.0.3987.100 Safari/537.36"
192.168.10.13 - - [13/Feb/2020:13:08:12 +0100] "GET /opel/PREVIEW/3.jpg HTTP/1.1" 200 85864 "http://www.ruehling.com/opel/HTML/indexneu.htm" "Mozilla/5.0 (Windows NT 6.1; Win64; x64) AppleWebKit/537.36 (KHTML, like Gecko) Chrome/80.0.3987.100 Safari/537.36"
192.168.10.13 - - [13/Feb/2020:13:08:12 +0100] "GET /opel/PREVIEW/1.jpg HTTP/1.1" 200 83494 "http://www.ruehling.com/opel/HTML/indexneu.htm" "Mozilla/5.0 (Windows NT 6.1; Win64; x64) AppleWebKit/537.36 (KHTML, like Gecko) Chrome/80.0.3987.100 Safari/537.36"
192.168.10.13 - - [13/Feb/2020:13:08:12 +0100] "GET /opel/PREVIEW/5.jpg HTTP/1.1" 200 76822 "http://www.ruehling.com/opel/HTML/indexneu.htm" "Mozilla/5.0 (Windows NT 6.1; Win64; x64) AppleWebKit/537.36 (KHTML, like Gecko) Chrome/80.0.3987.100 Safari/537.36"
192.168.10.13 - - [13/Feb/2020:13:08:12 +0100] "GET /opel/PREVIEW/8.jpg HTTP/1.1" 200 35837 "http://www.ruehling.com/opel/HTML/indexneu.htm" "Mozilla/5.0 (Windows NT 6.1; Win64; x64) AppleWebKit/537.36 (KHTML, like Gecko) Chrome/80.0.3987.100 Safari/537.36"
192.168.10.13 - - [13/Feb/2020:13:08:12 +0100] "GET /opel/PREVIEW/6.jpg HTTP/1.1" 200 78318 "http://www.ruehling.com/opel/HTML/indexneu.htm" "Mozilla/5.0 (Windows NT 6.1; Win64; x64) AppleWebKit/537.36 (KHTML, like Gecko) Chrome/80.0.3987.100 Safari/537.36"
192.168.10.13 - - [13/Feb/2020:13:08:12 +0100] "GET /opel/PREVIEW/7.jpg HTTP/1.1" 200 76081 "http://www.ruehling.com/opel/HTML/indexneu.htm" "Mozilla/5.0 (Windows NT 6.1; Win64; x64) AppleWebKit/537.36 (KHTML, like Gecko) Chrome/80.0.3987.100 Safari/537.36"
192.168.10.13 - - [13/Feb/2020:13:08:12 +0100] "GET /opel/PREVIEW/11.jpg HTTP/1.1" 200 110385 "http://www.ruehling.com/opel/HTML/indexneu.htm" "Mozilla/5.0 (Windows NT 6.1; Win64; x64) AppleWebKit/537.36 (KHTML, like Gecko) Chrome/80.0.3987.100 Safari/537.36"
192.168.10.13 - - [13/Feb/2020:13:08:12 +0100] "GET /opel/PREVIEW/12.jpg HTTP/1.1" 200 80948 "http://www.ruehling.com/opel/HTML/indexneu.htm" "Mozilla/5.0 (Windows NT 6.1; Win64; x64) AppleWebKit/537.36 (KHTML, like Gecko) Chrome/80.0.3987.100 Safari/537.36"
192.168.10.13 - - [13/Feb/2020:13:08:12 +0100] "GET /opel/PREVIEW/13.jpg HTTP/1.1" 200 85057 "http://www.ruehling.com/opel/HTML/indexneu.htm" "Mozilla/5.0 (Windows NT 6.1; Win64; x64) AppleWebKit/537.36 (KHTML, like Gecko) Chrome/80.0.3987.100 Safari/537.36"
192.168.10.13 - - [13/Feb/2020:13:08:12 +0100] "GET /opel/PREVIEW/9.jpg HTTP/1.1" 200 89249 "http://www.ruehling.com/opel/HTML/indexneu.htm" "Mozilla/5.0 (Windows NT 6.1; Win64; x64) AppleWebKit/537.36 (KHTML, like Gecko) Chrome/80.0.3987.100 Safari/537.36"
192.168.10.13 - - [13/Feb/2020:13:08:12 +0100] "GET /opel/PREVIEW/10.jpg HTTP/1.1" 200 92073 "http://www.ruehling.com/opel/HTML/indexneu.htm" "Mozilla/5.0 (Windows NT 6.1; Win64; x64) AppleWebKit/537.36 (KHTML, like Gecko) Chrome/80.0.3987.100 Safari/537.36"
192.168.10.13 - - [13/Feb/2020:13:08:12 +0100] "GET /opel/PREVIEW/39.jpg HTTP/1.1" 200 79572 "http://www.ruehling.com/opel/HTML/indexneu.htm" "Mozilla/5.0 (Windows NT 6.1; Win64; x64) AppleWebKit/537.36 (KHTML, like Gecko) Chrome/80.0.3987.100 Safari/537.36"
192.168.10.13 - - [13/Feb/2020:13:08:12 +0100] "GET /opel/PREVIEW/26.jpg HTTP/1.1" 200 89072 "http://www.ruehling.com/opel/HTML/indexneu.htm" "Mozilla/5.0 (Windows NT 6.1; Win64; x64) AppleWebKit/537.36 (KHTML, like Gecko) Chrome/80.0.3987.100 Safari/537.36"
192.168.10.13 - - [13/Feb/2020:13:08:12 +0100] "GET /opel/PREVIEW/27.jpg HTTP/1.1" 200 92740 "http://www.ruehling.com/opel/HTML/indexneu.htm" "Mozilla/5.0 (Windows NT 6.1; Win64; x64) AppleWebKit/537.36 (KHTML, like Gecko) Chrome/80.0.3987.100 Safari/537.36"
192.168.10.13 - - [13/Feb/2020:13:08:12 +0100] "GET /opel/PREVIEW/41.jpg HTTP/1.1" 200 83515 "http://www.ruehling.com/opel/HTML/indexneu.htm" "Mozilla/5.0 (Windows NT 6.1; Win64; x64) AppleWebKit/537.36 (KHTML, like Gecko) Chrome/80.0.3987.100 Safari/537.36"
192.168.10.13 - - [13/Feb/2020:13:08:12 +0100] "GET /opel/PREVIEW/28.jpg HTTP/1.1" 200 78580 "http://www.ruehling.com/opel/HTML/indexneu.htm" "Mozilla/5.0 (Windows NT 6.1; Win64; x64) AppleWebKit/537.36 (KHTML, like Gecko) Chrome/80.0.3987.100 Safari/537.36"
192.168.10.13 - - [13/Feb/2020:13:08:12 +0100] "GET /opel/PREVIEW/17.jpg HTTP/1.1" 200 75974 "http://www.ruehling.com/opel/HTML/indexneu.htm" "Mozilla/5.0 (Windows NT 6.1; Win64; x64) AppleWebKit/537.36 (KHTML, like Gecko) Chrome/80.0.3987.100 Safari/537.36"
192.168.10.13 - - [13/Feb/2020:13:08:12 +0100] "GET /opel/PREVIEW/25.jpg HTTP/1.1" 200 93467 "http://www.ruehling.com/opel/HTML/indexneu.htm" "Mozilla/5.0 (Windows NT 6.1; Win64; x64) AppleWebKit/537.36 (KHTML, like Gecko) Chrome/80.0.3987.100 Safari/537.36"
192.168.10.13 - - [13/Feb/2020:13:08:12 +0100] "GET /opel/PREVIEW/15.jpg HTTP/1.1" 200 104935 "http://www.ruehling.com/opel/HTML/indexneu.htm" "Mozilla/5.0 (Windows NT 6.1; Win64; x64) AppleWebKit/537.36 (KHTML, like Gecko) Chrome/80.0.3987.100 Safari/537.36"
192.168.10.13 - - [13/Feb/2020:13:08:12 +0100] "GET /opel/PREVIEW/14.jpg HTTP/1.1" 200 89221 "http://www.ruehling.com/opel/HTML/indexneu.htm" "Mozilla/5.0 (Windows NT 6.1; Win64; x64) AppleWebKit/537.36 (KHTML, like Gecko) Chrome/80.0.3987.100 Safari/537.36"
192.168.10.13 - - [13/Feb/2020:13:08:12 +0100] "GET /opel/PREVIEW/38.jpg HTTP/1.1" 200 84996 "http://www.ruehling.com/opel/HTML/indexneu.htm" "Mozilla/5.0 (Windows NT 6.1; Win64; x64) AppleWebKit/537.36 (KHTML, like Gecko) Chrome/80.0.3987.100 Safari/537.36"
192.168.10.13 - - [13/Feb/2020:13:08:12 +0100] "GET /opel/PREVIEW/18.jpg HTTP/1.1" 200 98633 "http://www.ruehling.com/opel/HTML/indexneu.htm" "Mozilla/5.0 (Windows NT 6.1; Win64; x64) AppleWebKit/537.36 (KHTML, like Gecko) Chrome/80.0.3987.100 Safari/537.36"
192.168.10.13 - - [13/Feb/2020:13:08:12 +0100] "GET /opel/PREVIEW/34.jpg HTTP/1.1" 200 94092 "http://www.ruehling.com/opel/HTML/indexneu.htm" "Mozilla/5.0 (Windows NT 6.1; Win64; x64) AppleWebKit/537.36 (KHTML, like Gecko) Chrome/80.0.3987.100 Safari/537.36"
192.168.10.13 - - [13/Feb/2020:13:08:12 +0100] "GET /opel/PREVIEW/29.jpg HTTP/1.1" 200 111301 "http://www.ruehling.com/opel/HTML/indexneu.htm" "Mozilla/5.0 (Windows NT 6.1; Win64; x64) AppleWebKit/537.36 (KHTML, like Gecko) Chrome/80.0.3987.100 Safari/537.36"
192.168.10.13 - - [13/Feb/2020:13:08:12 +0100] "GET /opel/PREVIEW/31.jpg HTTP/1.1" 200 100826 "http://www.ruehling.com/opel/HTML/indexneu.htm" "Mozilla/5.0 (Windows NT 6.1; Win64; x64) AppleWebKit/537.36 (KHTML, like Gecko) Chrome/80.0.3987.100 Safari/537.36"
192.168.10.13 - - [13/Feb/2020:13:08:12 +0100] "GET /opel/PREVIEW/19.jpg HTTP/1.1" 200 80461 "http://www.ruehling.com/opel/HTML/indexneu.htm" "Mozilla/5.0 (Windows NT 6.1; Win64; x64) AppleWebKit/537.36 (KHTML, like Gecko) Chrome/80.0.3987.100 Safari/537.36"
192.168.10.13 - - [13/Feb/2020:13:08:12 +0100] "GET /opel/PREVIEW/23.jpg HTTP/1.1" 200 76384 "http://www.ruehling.com/opel/HTML/indexneu.htm" "Mozilla/5.0 (Windows NT 6.1; Win64; x64) AppleWebKit/537.36 (KHTML, like Gecko) Chrome/80.0.3987.100 Safari/537.36"
192.168.10.13 - - [13/Feb/2020:13:08:12 +0100] "GET /opel/PREVIEW/22.jpg HTTP/1.1" 200 88539 "http://www.ruehling.com/opel/HTML/indexneu.htm" "Mozilla/5.0 (Windows NT 6.1; Win64; x64) AppleWebKit/537.36 (KHTML, like Gecko) Chrome/80.0.3987.100 Safari/537.36"
192.168.10.13 - - [13/Feb/2020:13:08:12 +0100] "GET /opel/PREVIEW/40.jpg HTTP/1.1" 200 65308 "http://www.ruehling.com/opel/HTML/indexneu.htm" "Mozilla/5.0 (Windows NT 6.1; Win64; x64) AppleWebKit/537.36 (KHTML, like Gecko) Chrome/80.0.3987.100 Safari/537.36"
192.168.10.13 - - [13/Feb/2020:13:08:12 +0100] "GET /opel/PREVIEW/42.jpg HTTP/1.1" 200 87767 "http://www.ruehling.com/opel/HTML/indexneu.htm" "Mozilla/5.0 (Windows NT 6.1; Win64; x64) AppleWebKit/537.36 (KHTML, like Gecko) Chrome/80.0.3987.100 Safari/537.36"
192.168.10.13 - - [13/Feb/2020:13:08:12 +0100] "GET /opel/PREVIEW/21.jpg HTTP/1.1" 200 69254 "http://www.ruehling.com/opel/HTML/indexneu.htm" "Mozilla/5.0 (Windows NT 6.1; Win64; x64) AppleWebKit/537.36 (KHTML, like Gecko) Chrome/80.0.3987.100 Safari/537.36"
192.168.10.13 - - [13/Feb/2020:13:08:12 +0100] "GET /opel/PREVIEW/32.jpg HTTP/1.1" 200 105983 "http://www.ruehling.com/opel/HTML/indexneu.htm" "Mozilla/5.0 (Windows NT 6.1; Win64; x64) AppleWebKit/537.36 (KHTML, like Gecko) Chrome/80.0.3987.100 Safari/537.36"
192.168.10.13 - - [13/Feb/2020:13:08:12 +0100] "GET /opel/PREVIEW/20.jpg HTTP/1.1" 200 85652 "http://www.ruehling.com/opel/HTML/indexneu.htm" "Mozilla/5.0 (Windows NT 6.1; Win64; x64) AppleWebKit/537.36 (KHTML, like Gecko) Chrome/80.0.3987.100 Safari/537.36"
192.168.10.13 - - [13/Feb/2020:13:08:12 +0100] "GET /opel/PREVIEW/30.jpg HTTP/1.1" 200 75673 "http://www.ruehling.com/opel/HTML/indexneu.htm" "Mozilla/5.0 (Windows NT 6.1; Win64; x64) AppleWebKit/537.36 (KHTML, like Gecko) Chrome/80.0.3987.100 Safari/537.36"
192.168.10.13 - - [13/Feb/2020:13:08:12 +0100] "GET /opel/PREVIEW/37.jpg HTTP/1.1" 200 74669 "http://www.ruehling.com/opel/HTML/indexneu.htm" "Mozilla/5.0 (Windows NT 6.1; Win64; x64) AppleWebKit/537.36 (KHTML, like Gecko) Chrome/80.0.3987.100 Safari/537.36"
192.168.10.13 - - [13/Feb/2020:13:08:12 +0100] "GET /opel/PREVIEW/16.jpg HTTP/1.1" 200 102706 "http://www.ruehling.com/opel/HTML/indexneu.htm" "Mozilla/5.0 (Windows NT 6.1; Win64; x64) AppleWebKit/537.36 (KHTML, like Gecko) Chrome/80.0.3987.100 Safari/537.36"
192.168.10.13 - - [13/Feb/2020:13:08:12 +0100] "GET /opel/PREVIEW/33.jpg HTTP/1.1" 200 109692 "http://www.ruehling.com/opel/HTML/indexneu.htm" "Mozilla/5.0 (Windows NT 6.1; Win64; x64) AppleWebKit/537.36 (KHTML, like Gecko) Chrome/80.0.3987.100 Safari/537.36"
192.168.10.13 - - [13/Feb/2020:13:08:25 +0100] "GET /opel/HTML/ICON/BACKBTN.GIF HTTP/1.1" 200 1100 "http://www.ruehling.com/opel/HTML/indexneu.htm" "Mozilla/5.0 (Windows NT 6.1; Win64; x64) AppleWebKit/537.36 (KHTML, like Gecko) Chrome/80.0.3987.100 Safari/537.36"
192.168.10.13 - - [13/Feb/2020:13:08:25 +0100] "GET /opel/HTML/ICON/GOTOP.GIF HTTP/1.1" 200 1489 "http://www.ruehling.com/opel/HTML/indexneu.htm" "Mozilla/5.0 (Windows NT 6.1; Win64; x64) AppleWebKit/537.36 (KHTML, like Gecko) Chrome/80.0.3987.100 Safari/537.36"
192.168.10.13 - - [13/Feb/2020:13:08:25 +0100] "GET /opel/HTML/ICON/NEXTBTN.GIF HTTP/1.1" 200 1098 "http://www.ruehling.com/opel/HTML/indexneu.htm" "Mozilla/5.0 (Windows NT 6.1; Win64; x64) AppleWebKit/537.36 (KHTML, like Gecko) Chrome/80.0.3987.100 Safari/537.36"
192.168.10.13 - - [13/Feb/2020:13:08:25 +0100] "GET /opel/42.jpg HTTP/1.1" 200 664263 "http://www.ruehling.com/opel/HTML/indexneu.htm" "Mozilla/5.0 (Windows NT 6.1; Win64; x64) AppleWebKit/537.36 (KHTML, like Gecko) Chrome/80.0.3987.100 Safari/537.36"
192.168.10.13 - - [13/Feb/2020:13:08:27 +0100] "GET /opel/HTML/DISP.HTM HTTP/1.1" 200 3457 "http://www.ruehling.com/opel/HTML/indexneu.htm" "Mozilla/5.0 (Windows NT 6.1; Win64; x64) AppleWebKit/537.36 (KHTML, like Gecko) Chrome/80.0.3987.100 Safari/537.36"
192.168.10.13 - - [13/Feb/2020:13:13:30 +0100] "GET /opel/6.jpg HTTP/1.1" 200 511392 "http://www.ruehling.com/opel/HTML/indexneu.htm" "Mozilla/5.0 (Windows NT 6.1; Win64; x64) AppleWebKit/537.36 (KHTML, like Gecko) Chrome/80.0.3987.100 Safari/537.36"
194.173.174.106 - - [13/Feb/2020:14:28:08 +0100] "HEAD / HTTP/1.1" 200 - "-" "Mozilla/5.0 (Windows NT 6.3; WOW64) AppleWebKit/537.36 (KHTML, like Gecko) Chrome/43.0.2357.134 Safari/537.36"
3.86.28.244 - - [13/Feb/2020:14:32:26 +0100] "GET / HTTP/1.1" 200 326 "-" "Mozilla/5.0 (Windows NT 6.1; Win64; x64) AppleWebKit/537.36 (KHTML, like Gecko) Chrome/72.0.3626.109 Safari/537.36"
66.249.64.189 - - [13/Feb/2020:21:38:47 +0100] "GET / HTTP/1.1" 200 326 "-" "Mozilla/5.0 (Linux; Android 6.0.1; Nexus 5X Build/MMB29P) AppleWebKit/537.36 (KHTML, like Gecko) Chrome/41.0.2272.96 Mobile Safari/537.36 (compatible; Googlebot/2.1; +http://www.google.com/bot.html)"
69.58.178.28 - - [14/Feb/2020:14:43:31 +0100] "GET /robots.txt HTTP/1.1" 404 1256 "-" "Mozilla/5.0 (compatible; ips-agent)"
69.58.178.28 - - [14/Feb/2020:14:43:32 +0100] "GET / HTTP/1.1" 200 326 "-" "Mozilla/5.0 (compatible; ips-agent)"
161.69.99.11 - - [15/Feb/2020:21:14:46 +0100] "GET / HTTP/1.1" 200 326 "-" "Mozilla/5.0 (Windows NT 6.1; WOW64; rv:29.0) Gecko/20120101 Firefox/29.0"
88.99.161.50 - - [16/Feb/2020:07:22:56 +0100] "GET / HTTP/1.1" 200 326 "-" "Mozilla/5.0 (Windows NT 10.0; Win64; x64) AppleWebKit/537.36 (KHTML, like Gecko) Chrome/70.0.3538.102 Safari/537.36"
213.83.37.145 - - [16/Feb/2020:08:34:42 +0100] "HEAD / HTTP/1.1" 200 - "-" "Mozilla/5.0 (Windows NT 6.1; rv:39.0) Gecko/20180101 Firefox/39.0"
213.83.37.145 - - [16/Feb/2020:08:34:42 +0100] "HEAD / HTTP/1.1" 200 - "-" "Mozilla/5.0 (Windows NT 6.1; rv:39.0) Gecko/20180101 Firefox/39.0"
213.83.37.145 - - [16/Feb/2020:08:34:42 +0100] "HEAD / HTTP/1.1" 200 - "-" "Mozilla/5.0 (Windows NT 6.1; rv:39.0) Gecko/20180101 Firefox/39.0"
213.83.37.145 - - [16/Feb/2020:08:34:42 +0100] "HEAD / HTTP/1.1" 200 - "-" "Mozilla/5.0 (Windows NT 6.1; rv:39.0) Gecko/20180101 Firefox/39.0"
17.58.96.177 - - [16/Feb/2020:13:32:30 +0100] "GET /robots.txt HTTP/1.1" 404 1256 "-" "Mozilla/5.0 (Macintosh; Intel Mac OS X 10_10_1) AppleWebKit/600.2.5 (KHTML, like Gecko) Version/8.0.2 Safari/600.2.5 (Applebot/0.1; +http://www.apple.com/go/applebot)"
17.58.96.45 - - [16/Feb/2020:13:32:30 +0100] "GET / HTTP/1.1" 200 326 "-" "Mozilla/5.0 (Macintosh; Intel Mac OS X 10_10_1) AppleWebKit/600.2.5 (KHTML, like Gecko) Version/8.0.2 Safari/600.2.5 (Applebot/0.1; +http://www.apple.com/go/applebot)"
64.246.165.200 - - [16/Feb/2020:13:59:47 +0100] "GET /robots.txt HTTP/1.0" 404 1256 "-" "Mozilla/5.0 (Macintosh; Intel Mac OS X 10.10; rv:59.0) Gecko/20100101 Firefox/59.0"
64.246.165.200 - - [16/Feb/2020:13:59:47 +0100] "GET / HTTP/1.1" 200 326 "-" "Mozilla/5.0 (Macintosh; Intel Mac OS X 10.10; rv:59.0) Gecko/20100101 Firefox/59.0"
194.173.174.106 - - [18/Feb/2020:08:18:10 +0100] "HEAD / HTTP/1.1" 200 - "-" "Mozilla/5.0 (Windows NT 6.3; WOW64) AppleWebKit/537.36 (KHTML, like Gecko) Chrome/43.0.2357.134 Safari/537.36"
54.164.201.72 - - [18/Feb/2020:08:21:56 +0100] "GET / HTTP/1.1" 200 326 "-" "Mozilla/5.0 (Windows NT 6.1; Win64; x64) AppleWebKit/537.36 (KHTML, like Gecko) Chrome/72.0.3626.109 Safari/537.36"
194.173.174.106 - - [18/Feb/2020:20:29:34 +0100] "HEAD / HTTP/1.1" 200 - "-" "Mozilla/5.0 (Windows NT 6.3; WOW64) AppleWebKit/537.36 (KHTML, like Gecko) Chrome/43.0.2357.134 Safari/537.36"
54.225.5.202 - - [18/Feb/2020:20:31:06 +0100] "GET / HTTP/1.1" 200 326 "-" "Mozilla/5.0 (Windows NT 6.1; Win64; x64) AppleWebKit/537.36 (KHTML, like Gecko) Chrome/72.0.3626.109 Safari/537.36"
66.249.64.185 - - [18/Feb/2020:22:27:10 +0100] "GET /robots.txt HTTP/1.1" 404 1256 "-" "Mozilla/5.0 (compatible; Googlebot/2.1; +http://www.google.com/bot.html)"
66.249.64.187 - - [18/Feb/2020:22:27:10 +0100] "GET / HTTP/1.1" 200 326 "-" "Mozilla/5.0 (Linux; Android 6.0.1; Nexus 5X Build/MMB29P) AppleWebKit/537.36 (KHTML, like Gecko) Chrome/41.0.2272.96 Mobile Safari/537.36 (compatible; Googlebot/2.1; +http://www.google.com/bot.html)"
66.249.64.187 - - [19/Feb/2020:07:55:19 +0100] "GET / HTTP/1.1" 200 326 "-" "Mozilla/5.0 (Linux; Android 6.0.1; Nexus 5X Build/MMB29P) AppleWebKit/537.36 (KHTML, like Gecko) Chrome/41.0.2272.96 Mobile Safari/537.36 (compatible; Googlebot/2.1; +http://www.google.com/bot.html)"
194.173.174.106 - - [19/Feb/2020:08:49:22 +0100] "HEAD / HTTP/1.1" 200 - "-" "Mozilla/5.0 (Windows NT 6.3; WOW64) AppleWebKit/537.36 (KHTML, like Gecko) Chrome/43.0.2357.134 Safari/537.36"
34.219.56.239 - - [19/Feb/2020:08:51:05 +0100] "GET / HTTP/1.1" 200 326 "-" "Mozilla/5.0 (Windows NT 6.1; Win64; x64) AppleWebKit/537.36 (KHTML, like Gecko) Chrome/72.0.3626.109 Safari/537.36"
54.196.14.72 - - [19/Feb/2020:12:01:56 +0100] "GET / HTTP/1.1" 200 326 "-" "Mozilla/5.0 (X11; Linux x86_64) AppleWebKit/537.36 (KHTML, like Gecko) Chrome/58.0.3029.110 Safari/537.36"
209.90.225.218 - - [20/Feb/2020:07:08:39 +0100] "GET /server/php/ HTTP/1.1" 404 1256 "http://www.ruehling.com/server/php/" "Mozilla/5.0 (Windows NT 6.1; WOW64) AppleWebKit/537.36 (KHTML, like Gecko) Chrome/42.0.2311.152 Safari/537.36"
18.236.209.203 - - [20/Feb/2020:17:36:35 +0100] "GET / HTTP/1.1" 200 326 "-" "python-requests/2.21.0"
106.75.22.46 - - [20/Feb/2020:21:14:28 +0100] "GET / HTTP/1.1" 200 326 "-" "Mozilla/5.0 (compatible; MSIE 9.0; Windows NT 6.1; WOW64; Trident/5.0)"
106.75.22.46 - - [20/Feb/2020:21:14:30 +0100] "GET / HTTP/1.1" 200 326 "-" "Mozilla/5.0 (compatible; MSIE 9.0; Windows NT 6.1; WOW64; Trident/5.0)"
106.75.22.46 - - [20/Feb/2020:21:14:31 +0100] "GET / HTTP/1.1" 200 326 "-" "Mozilla/5.0 (compatible; MSIE 9.0; Windows NT 6.1; WOW64; Trident/5.0)"
106.75.22.46 - - [20/Feb/2020:21:14:31 +0100] "HEAD / HTTP/1.1" 200 - "-" "Mozilla/5.0 (compatible; MSIE 9.0; Windows NT 6.1; WOW64; Trident/5.0)"
106.75.22.46 - - [20/Feb/2020:21:14:32 +0100] "GET / HTTP/1.1" 200 326 "-" "Mozilla/5.0 (compatible; MSIE 9.0; Windows NT 6.1; WOW64; Trident/5.0)"
106.75.22.46 - - [20/Feb/2020:21:14:32 +0100] "GET / HTTP/1.1" 200 326 "-" "Java/1.8.0_222"
82.207.175.52 - - [22/Feb/2020:11:16:49 +0100] "GET / HTTP/1.1" 200 326 "-" "Mozilla/5.0 (Windows NT 6.1; Win64; x64; rv:25.0) Gecko/20100101 Firefox/25.0"
157.55.39.23 - - [22/Feb/2020:11:16:58 +0100] "GET /robots.txt HTTP/1.1" 404 1256 "-" "Mozilla/5.0 (compatible; bingbot/2.0; +http://www.bing.com/bingbot.htm)"
157.55.39.56 - - [22/Feb/2020:11:18:07 +0100] "GET / HTTP/1.1" 304 - "-" "Mozilla/5.0 (compatible; bingbot/2.0; +http://www.bing.com/bingbot.htm)"
64.111.104.197 - - [22/Feb/2020:14:44:42 +0100] "GET /wp-login.php HTTP/1.1" 404 1256 "-" "Mozilla/5.0 (X11; Ubuntu; Linux x86_64; rv:62.0) Gecko/20100101 Firefox/62.0"
161.69.99.11 - - [22/Feb/2020:21:02:55 +0100] "GET / HTTP/1.1" 200 326 "-" "Mozilla/5.0 (Windows NT 6.1; WOW64; rv:29.0) Gecko/20120101 Firefox/29.0"
66.249.64.185 - - [22/Feb/2020:23:22:02 +0100] "GET /robots.txt HTTP/1.1" 404 1256 "-" "Mozilla/5.0 (compatible; Googlebot/2.1; +http://www.google.com/bot.html)"
66.249.64.189 - - [22/Feb/2020:23:22:02 +0100] "GET / HTTP/1.1" 200 326 "-" "Mozilla/5.0 (Linux; Android 6.0.1; Nexus 5X Build/MMB29P) AppleWebKit/537.36 (KHTML, like Gecko) Chrome/41.0.2272.96 Mobile Safari/537.36 (compatible; Googlebot/2.1; +http://www.google.com/bot.html)"
213.83.37.145 - - [23/Feb/2020:08:34:03 +0100] "HEAD / HTTP/1.1" 200 - "-" "Mozilla/5.0 (Windows NT 6.1; rv:39.0) Gecko/20180101 Firefox/39.0"
213.83.37.145 - - [23/Feb/2020:08:34:03 +0100] "HEAD / HTTP/1.1" 200 - "-" "Mozilla/5.0 (Windows NT 6.1; rv:39.0) Gecko/20180101 Firefox/39.0"
213.83.37.145 - - [23/Feb/2020:08:34:03 +0100] "HEAD / HTTP/1.1" 200 - "-" "Mozilla/5.0 (Windows NT 6.1; rv:39.0) Gecko/20180101 Firefox/39.0"
213.83.37.145 - - [23/Feb/2020:08:34:03 +0100] "HEAD / HTTP/1.1" 200 - "-" "Mozilla/5.0 (Windows NT 6.1; rv:39.0) Gecko/20180101 Firefox/39.0"
82.207.175.52 - - [23/Feb/2020:13:05:08 +0100] "GET / HTTP/1.1" 200 326 "-" "Mozilla/5.0 (Windows NT 6.1; Win64; x64; rv:25.0) Gecko/20100101 Firefox/25.0"
17.58.96.177 - - [24/Feb/2020:10:54:07 +0100] "GET /robots.txt HTTP/1.1" 404 1256 "-" "Mozilla/5.0 (Macintosh; Intel Mac OS X 10_10_1) AppleWebKit/600.2.5 (KHTML, like Gecko) Version/8.0.2 Safari/600.2.5 (Applebot/0.1; +http://www.apple.com/go/applebot)"
17.58.96.45 - - [24/Feb/2020:10:54:07 +0100] "GET / HTTP/1.1" 200 326 "-" "Mozilla/5.0 (Macintosh; Intel Mac OS X 10_10_1) AppleWebKit/600.2.5 (KHTML, like Gecko) Version/8.0.2 Safari/600.2.5 (Applebot/0.1; +http://www.apple.com/go/applebot)"
194.173.174.106 - - [24/Feb/2020:11:08:46 +0100] "HEAD / HTTP/1.1" 200 - "-" "Mozilla/5.0 (Windows NT 6.3; WOW64) AppleWebKit/537.36 (KHTML, like Gecko) Chrome/43.0.2357.134 Safari/537.36"
52.89.78.251 - - [24/Feb/2020:11:10:48 +0100] "GET / HTTP/1.1" 200 326 "-" "Mozilla/5.0 (Windows NT 6.1; Win64; x64) AppleWebKit/537.36 (KHTML, like Gecko) Chrome/72.0.3626.109 Safari/537.36"
137.117.178.120 - - [24/Feb/2020:18:32:54 +0100] "POST /xmlrpc.php HTTP/1.1" 404 1256 "-" "Mozilla/5.0 (Macintosh; U; Intel Mac OS X 10.6; fr; rv:1.9.2.8) Gecko/20100722 Firefox/3.6.8"
137.117.178.120 - - [24/Feb/2020:18:32:54 +0100] "POST /blog/xmlrpc.php HTTP/1.1" 404 1256 "-" "Mozilla/5.0 (Macintosh; U; Intel Mac OS X 10.6; fr; rv:1.9.2.8) Gecko/20100722 Firefox/3.6.8"
194.173.174.106 - - [24/Feb/2020:21:35:04 +0100] "HEAD / HTTP/1.1" 200 - "-" "Mozilla/5.0 (Windows NT 6.3; WOW64) AppleWebKit/537.36 (KHTML, like Gecko) Chrome/43.0.2357.134 Safari/537.36"
18.212.42.148 - - [24/Feb/2020:21:37:07 +0100] "GET / HTTP/1.1" 200 326 "-" "Mozilla/5.0 (Windows NT 6.1; Win64; x64) AppleWebKit/537.36 (KHTML, like Gecko) Chrome/72.0.3626.109 Safari/537.36"
141.8.189.150 - - [25/Feb/2020:00:52:46 +0100] "GET /robots.txt HTTP/1.1" 404 1256 "-" "Mozilla/5.0 (compatible; YandexBot/3.0; +http://yandex.com/bots)"
141.8.189.150 - - [25/Feb/2020:00:52:50 +0100] "GET / HTTP/1.1" 200 326 "-" "Mozilla/5.0 (compatible; YandexBot/3.0; +http://yandex.com/bots)"
66.249.64.187 - - [25/Feb/2020:07:05:53 +0100] "GET /robots.txt HTTP/1.1" 404 1256 "-" "Mozilla/5.0 (compatible; Googlebot/2.1; +http://www.google.com/bot.html)"
66.249.64.185 - - [25/Feb/2020:07:05:54 +0100] "GET / HTTP/1.1" 200 326 "-" "Mozilla/5.0 (Linux; Android 6.0.1; Nexus 5X Build/MMB29P) AppleWebKit/537.36 (KHTML, like Gecko) Chrome/41.0.2272.96 Mobile Safari/537.36 (compatible; Googlebot/2.1; +http://www.google.com/bot.html)"
194.173.174.106 - - [25/Feb/2020:18:31:17 +0100] "HEAD / HTTP/1.1" 200 - "-" "Mozilla/5.0 (Windows NT 6.3; WOW64) AppleWebKit/537.36 (KHTML, like Gecko) Chrome/43.0.2357.134 Safari/537.36"
18.212.42.148 - - [25/Feb/2020:18:33:04 +0100] "GET / HTTP/1.1" 200 326 "-" "Mozilla/5.0 (Windows NT 6.1; Win64; x64) AppleWebKit/537.36 (KHTML, like Gecko) Chrome/72.0.3626.109 Safari/537.36"
66.249.64.189 - - [25/Feb/2020:20:49:57 +0100] "GET /robots.txt HTTP/1.1" 404 1256 "-" "Mozilla/5.0 (compatible; Googlebot/2.1; +http://www.google.com/bot.html)"
66.249.64.187 - - [25/Feb/2020:20:49:58 +0100] "GET / HTTP/1.1" 200 326 "-" "Mozilla/5.0 (Linux; Android 6.0.1; Nexus 5X Build/MMB29P) AppleWebKit/537.36 (KHTML, like Gecko) Chrome/41.0.2272.96 Mobile Safari/537.36 (compatible; Googlebot/2.1; +http://www.google.com/bot.html)"
66.249.64.187 - - [26/Feb/2020:06:03:11 +0100] "GET / HTTP/1.1" 200 326 "-" "Mozilla/5.0 (Linux; Android 6.0.1; Nexus 5X Build/MMB29P) AppleWebKit/537.36 (KHTML, like Gecko) Chrome/41.0.2272.96 Mobile Safari/537.36 (compatible; Googlebot/2.1; +http://www.google.com/bot.html)"
180.163.220.5 - - [26/Feb/2020:11:22:34 +0100] "GET / HTTP/1.1" 200 326 "-" "Mozilla/5.0 (Linux; U; Android 8.1.0; zh-CN; EML-AL00 Build/HUAWEIEML-AL00) AppleWebKit/537.36 (KHTML, like Gecko) Version/4.0 Chrome/57.0.2987.108 baidu.sogo.uc.UCBrowser/11.9.4.974 UWS/2.13.1.48 Mobile Safari/537.36 AliApp(DingTalk/4.5.11) com.alibaba.android.rimet/10487439 Channel/227200 language/zh-CN"
180.163.220.5 - - [26/Feb/2020:11:22:35 +0100] "GET / HTTP/1.1" 200 326 "http://baidu.com/" "Mozilla/5.0 (Linux; U; Android 8.1.0; zh-CN; EML-AL00 Build/HUAWEIEML-AL00) AppleWebKit/537.36 (KHTML, like Gecko) Version/4.0 Chrome/57.0.2987.108 baidu.sogo.uc.UCBrowser/11.9.4.974 UWS/2.13.1.48 Mobile Safari/537.36 AliApp(DingTalk/4.5.11) com.alibaba.android.rimet/10487439 Channel/227200 language/zh-CN"
66.249.64.187 - - [26/Feb/2020:16:06:19 +0100] "GET /robots.txt HTTP/1.1" 404 1256 "-" "Mozilla/5.0 (compatible; Googlebot/2.1; +http://www.google.com/bot.html)"
66.249.64.185 - - [26/Feb/2020:16:06:20 +0100] "GET / HTTP/1.1" 200 326 "-" "Mozilla/5.0 (Linux; Android 6.0.1; Nexus 5X Build/MMB29P) AppleWebKit/537.36 (KHTML, like Gecko) Chrome/41.0.2272.96 Mobile Safari/537.36 (compatible; Googlebot/2.1; +http://www.google.com/bot.html)"
66.249.65.252 - - [27/Feb/2020:06:16:10 +0100] "GET /robots.txt HTTP/1.1" 404 1256 "-" "Mozilla/5.0 (compatible; Googlebot/2.1; +http://www.google.com/bot.html)"
66.249.65.252 - - [27/Feb/2020:06:16:10 +0100] "GET / HTTP/1.1" 200 326 "-" "Mozilla/5.0 (Linux; Android 6.0.1; Nexus 5X Build/MMB29P) AppleWebKit/537.36 (KHTML, like Gecko) Chrome/41.0.2272.96 Mobile Safari/537.36 (compatible; Googlebot/2.1; +http://www.google.com/bot.html)"
209.90.225.218 - - [27/Feb/2020:17:10:21 +0100] "GET /wp-content/plugins/photo-gallery/filemanager/UploadHandler.php HTTP/1.1" 404 1256 "http://www.ruehling.com/wp-content/plugins/photo-gallery/filemanager/UploadHandler.php" "Mozilla/5.0 (Windows NT 6.1; WOW64) AppleWebKit/537.36 (KHTML, like Gecko) Chrome/42.0.2311.152 Safari/537.36"
66.249.64.189 - - [28/Feb/2020:01:07:03 +0100] "GET /robots.txt HTTP/1.1" 404 1256 "-" "Mozilla/5.0 (compatible; Googlebot/2.1; +http://www.google.com/bot.html)"
66.249.64.189 - - [28/Feb/2020:01:07:03 +0100] "GET / HTTP/1.1" 200 326 "-" "Mozilla/5.0 (Linux; Android 6.0.1; Nexus 5X Build/MMB29P) AppleWebKit/537.36 (KHTML, like Gecko) Chrome/41.0.2272.96 Mobile Safari/537.36 (compatible; Googlebot/2.1; +http://www.google.com/bot.html)"
88.99.161.50 - - [29/Feb/2020:22:56:11 +0100] "GET / HTTP/1.1" 200 326 "-" "Mozilla/5.0 (Windows NT 10.0; Win64; x64) AppleWebKit/537.36 (KHTML, like Gecko) Chrome/70.0.3538.102 Safari/537.36"