123.125.71.20 - - [01/Oct/2011:03:34:30 +0200] "GET / HTTP/1.1" 200 326 "-" "Mozilla/5.0 (compatible; Baiduspider/2.0; +http://www.baidu.com/search/spider.html)"
220.181.108.89 - - [01/Oct/2011:03:35:00 +0200] "GET / HTTP/1.1" 200 326 "-" "Mozilla/5.0 (compatible; Baiduspider/2.0; +http://www.baidu.com/search/spider.html)"
220.181.108.81 - - [01/Oct/2011:06:32:28 +0200] "GET / HTTP/1.1" 200 326 "-" "Mozilla/5.0 (compatible; Baiduspider/2.0; +http://www.baidu.com/search/spider.html)"
123.125.71.31 - - [01/Oct/2011:06:32:38 +0200] "GET / HTTP/1.1" 200 326 "-" "Mozilla/5.0 (compatible; Baiduspider/2.0; +http://www.baidu.com/search/spider.html)"
66.249.72.198 - - [01/Oct/2011:09:31:32 +0200] "GET /robots.txt HTTP/1.1" 404 1256 "-" "Mozilla/5.0 (compatible; Googlebot/2.1; +http://www.google.com/bot.html)"
66.249.72.198 - - [01/Oct/2011:09:31:33 +0200] "GET / HTTP/1.1" 304 - "-" "Mozilla/5.0 (compatible; Googlebot/2.1; +http://www.google.com/bot.html)"
123.125.71.29 - - [01/Oct/2011:15:33:23 +0200] "GET / HTTP/1.1" 200 326 "-" "Mozilla/5.0 (compatible; Baiduspider/2.0; +http://www.baidu.com/search/spider.html)"
220.181.108.81 - - [01/Oct/2011:15:33:33 +0200] "GET / HTTP/1.1" 200 326 "-" "Mozilla/5.0 (compatible; Baiduspider/2.0; +http://www.baidu.com/search/spider.html)"
123.125.71.24 - - [01/Oct/2011:16:32:44 +0200] "GET / HTTP/1.1" 200 326 "-" "Mozilla/5.0 (compatible; Baiduspider/2.0; +http://www.baidu.com/search/spider.html)"
220.181.108.88 - - [01/Oct/2011:16:32:46 +0200] "GET / HTTP/1.1" 200 326 "-" "Mozilla/5.0 (compatible; Baiduspider/2.0; +http://www.baidu.com/search/spider.html)"
220.181.108.75 - - [01/Oct/2011:17:31:25 +0200] "GET / HTTP/1.1" 200 326 "-" "Mozilla/5.0 (compatible; Baiduspider/2.0; +http://www.baidu.com/search/spider.html)"
123.125.71.29 - - [01/Oct/2011:17:32:59 +0200] "GET / HTTP/1.1" 200 326 "-" "Mozilla/5.0 (compatible; Baiduspider/2.0; +http://www.baidu.com/search/spider.html)"
220.181.108.89 - - [02/Oct/2011:01:32:24 +0200] "GET / HTTP/1.1" 200 326 "-" "Mozilla/5.0 (compatible; Baiduspider/2.0; +http://www.baidu.com/search/spider.html)"
123.125.71.20 - - [02/Oct/2011:01:34:38 +0200] "GET / HTTP/1.1" 200 326 "-" "Mozilla/5.0 (compatible; Baiduspider/2.0; +http://www.baidu.com/search/spider.html)"
220.181.108.84 - - [02/Oct/2011:03:33:26 +0200] "GET / HTTP/1.1" 200 326 "-" "Mozilla/5.0 (compatible; Baiduspider/2.0; +http://www.baidu.com/search/spider.html)"
123.125.71.33 - - [02/Oct/2011:03:34:53 +0200] "GET / HTTP/1.1" 200 326 "-" "Mozilla/5.0 (compatible; Baiduspider/2.0; +http://www.baidu.com/search/spider.html)"
123.125.71.16 - - [02/Oct/2011:07:31:53 +0200] "GET / HTTP/1.1" 200 326 "-" "Mozilla/5.0 (compatible; Baiduspider/2.0; +http://www.baidu.com/search/spider.html)"
220.181.108.89 - - [02/Oct/2011:07:32:17 +0200] "GET / HTTP/1.1" 200 326 "-" "Mozilla/5.0 (compatible; Baiduspider/2.0; +http://www.baidu.com/search/spider.html)"
220.181.108.160 - - [02/Oct/2011:07:57:47 +0200] "GET /robots.txt HTTP/1.1" 404 1256 "-" "Baiduspider+(+http://www.baidu.com/search/spider.htm)"
220.181.108.87 - - [02/Oct/2011:14:33:58 +0200] "GET / HTTP/1.1" 200 326 "-" "Mozilla/5.0 (compatible; Baiduspider/2.0; +http://www.baidu.com/search/spider.html)"
123.125.71.22 - - [02/Oct/2011:14:46:48 +0200] "GET / HTTP/1.1" 200 326 "-" "Mozilla/5.0 (compatible; Baiduspider/2.0; +http://www.baidu.com/search/spider.html)"
123.125.71.94 - - [02/Oct/2011:15:54:52 +0200] "GET / HTTP/1.1" 200 326 "-" "Mozilla/5.0 (compatible; Baiduspider/2.0; +http://www.baidu.com/search/spider.html)"
123.125.71.30 - - [02/Oct/2011:18:46:16 +0200] "GET / HTTP/1.1" 200 326 "-" "Mozilla/5.0 (compatible; Baiduspider/2.0; +http://www.baidu.com/search/spider.html)"
220.181.108.80 - - [02/Oct/2011:18:47:00 +0200] "GET / HTTP/1.1" 200 326 "-" "Mozilla/5.0 (compatible; Baiduspider/2.0; +http://www.baidu.com/search/spider.html)"
220.181.108.86 - - [02/Oct/2011:23:34:42 +0200] "GET / HTTP/1.1" 200 326 "-" "Mozilla/5.0 (compatible; Baiduspider/2.0; +http://www.baidu.com/search/spider.html)"
123.125.71.30 - - [02/Oct/2011:23:36:16 +0200] "GET / HTTP/1.1" 200 326 "-" "Mozilla/5.0 (compatible; Baiduspider/2.0; +http://www.baidu.com/search/spider.html)"
123.125.71.21 - - [03/Oct/2011:03:35:42 +0200] "GET / HTTP/1.1" 200 326 "-" "Mozilla/5.0 (compatible; Baiduspider/2.0; +http://www.baidu.com/search/spider.html)"
220.181.108.96 - - [03/Oct/2011:03:36:09 +0200] "GET / HTTP/1.1" 200 326 "-" "Mozilla/5.0 (compatible; Baiduspider/2.0; +http://www.baidu.com/search/spider.html)"
220.181.108.157 - - [03/Oct/2011:09:53:28 +0200] "GET /robots.txt HTTP/1.1" 404 1256 "-" "Baiduspider+(+http://www.baidu.com/search/spider.htm)"
82.165.37.69 - - [03/Oct/2011:10:08:59 +0200] "GET / HTTP/1.0" 200 326 "http://hotel-restaurant-club.blogspot.com//" "Mozilla/5.0 (compatible; IPTCBOT;"
123.125.71.27 - - [03/Oct/2011:10:35:08 +0200] "GET / HTTP/1.1" 200 326 "-" "Mozilla/5.0 (compatible; Baiduspider/2.0; +http://www.baidu.com/search/spider.html)"
220.181.108.93 - - [03/Oct/2011:10:35:44 +0200] "GET / HTTP/1.1" 200 326 "-" "Mozilla/5.0 (compatible; Baiduspider/2.0; +http://www.baidu.com/search/spider.html)"
123.125.71.23 - - [03/Oct/2011:13:33:33 +0200] "GET / HTTP/1.1" 200 326 "-" "Mozilla/5.0 (compatible; Baiduspider/2.0; +http://www.baidu.com/search/spider.html)"
220.181.108.88 - - [03/Oct/2011:13:34:06 +0200] "GET / HTTP/1.1" 200 326 "-" "Mozilla/5.0 (compatible; Baiduspider/2.0; +http://www.baidu.com/search/spider.html)"
123.125.71.15 - - [03/Oct/2011:19:35:55 +0200] "GET / HTTP/1.1" 200 326 "-" "Mozilla/5.0 (compatible; Baiduspider/2.0; +http://www.baidu.com/search/spider.html)"
220.181.108.81 - - [03/Oct/2011:19:36:26 +0200] "GET / HTTP/1.1" 200 326 "-" "Mozilla/5.0 (compatible; Baiduspider/2.0; +http://www.baidu.com/search/spider.html)"
82.165.37.69 - - [03/Oct/2011:22:31:30 +0200] "POST / HTTP/1.0" 200 326 "http://valerie-bistro.de/robot.html/" "Mozilla/5.0 (compatible; robot.html;"
220.181.108.78 - - [03/Oct/2011:23:35:08 +0200] "GET / HTTP/1.1" 200 326 "-" "Mozilla/5.0 (compatible; Baiduspider/2.0; +http://www.baidu.com/search/spider.html)"
123.125.71.33 - - [04/Oct/2011:01:33:20 +0200] "GET / HTTP/1.1" 200 326 "-" "Mozilla/5.0 (compatible; Baiduspider/2.0; +http://www.baidu.com/search/spider.html)"
220.181.108.97 - - [04/Oct/2011:01:33:51 +0200] "GET / HTTP/1.1" 200 326 "-" "Mozilla/5.0 (compatible; Baiduspider/2.0; +http://www.baidu.com/search/spider.html)"
123.125.71.31 - - [04/Oct/2011:03:34:07 +0200] "GET / HTTP/1.1" 200 326 "-" "Mozilla/5.0 (compatible; Baiduspider/2.0; +http://www.baidu.com/search/spider.html)"
220.181.108.88 - - [04/Oct/2011:03:34:38 +0200] "GET / HTTP/1.1" 200 326 "-" "Mozilla/5.0 (compatible; Baiduspider/2.0; +http://www.baidu.com/search/spider.html)"
123.125.71.29 - - [04/Oct/2011:07:32:53 +0200] "GET / HTTP/1.1" 200 326 "-" "Mozilla/5.0 (compatible; Baiduspider/2.0; +http://www.baidu.com/search/spider.html)"
220.181.108.94 - - [04/Oct/2011:07:33:23 +0200] "GET / HTTP/1.1" 200 326 "-" "Mozilla/5.0 (compatible; Baiduspider/2.0; +http://www.baidu.com/search/spider.html)"
123.125.71.99 - - [04/Oct/2011:08:42:25 +0200] "GET / HTTP/1.1" 200 326 "-" "Mozilla/5.0 (compatible; Baiduspider/2.0; +http://www.baidu.com/search/spider.html)"
123.125.71.16 - - [04/Oct/2011:14:34:00 +0200] "GET / HTTP/1.1" 200 326 "-" "Mozilla/5.0 (compatible; Baiduspider/2.0; +http://www.baidu.com/search/spider.html)"
220.181.108.77 - - [04/Oct/2011:14:34:38 +0200] "GET / HTTP/1.1" 200 326 "-" "Mozilla/5.0 (compatible; Baiduspider/2.0; +http://www.baidu.com/search/spider.html)"
95.108.151.244 - - [04/Oct/2011:14:53:01 +0200] "GET /robots.txt HTTP/1.1" 404 1256 "-" "Mozilla/5.0 (compatible; YandexBot/3.0; +http://yandex.com/bots)"
95.108.151.244 - - [04/Oct/2011:14:53:02 +0200] "GET / HTTP/1.1" 200 326 "-" "Mozilla/5.0 (compatible; YandexBot/3.0; +http://yandex.com/bots)"
95.108.151.244 - - [04/Oct/2011:14:53:03 +0200] "GET / HTTP/1.1" 200 326 "-" "Mozilla/5.0 (compatible; YandexBot/3.0; +http://yandex.com/bots)"
220.181.108.151 - - [04/Oct/2011:18:27:37 +0200] "GET /robots.txt HTTP/1.1" 404 1256 "-" "Baiduspider+(+http://www.baidu.com/search/spider.htm)"
123.125.71.25 - - [05/Oct/2011:03:36:06 +0200] "GET / HTTP/1.1" 200 326 "-" "Mozilla/5.0 (compatible; Baiduspider/2.0; +http://www.baidu.com/search/spider.html)"
220.181.108.85 - - [05/Oct/2011:03:36:19 +0200] "GET / HTTP/1.1" 200 326 "-" "Mozilla/5.0 (compatible; Baiduspider/2.0; +http://www.baidu.com/search/spider.html)"
123.125.71.19 - - [05/Oct/2011:06:32:52 +0200] "GET / HTTP/1.1" 200 326 "-" "Mozilla/5.0 (compatible; Baiduspider/2.0; +http://www.baidu.com/search/spider.html)"
220.181.108.85 - - [05/Oct/2011:06:33:26 +0200] "GET / HTTP/1.1" 200 326 "-" "Mozilla/5.0 (compatible; Baiduspider/2.0; +http://www.baidu.com/search/spider.html)"
123.125.71.30 - - [05/Oct/2011:11:37:21 +0200] "GET / HTTP/1.1" 200 326 "-" "Mozilla/5.0 (compatible; Baiduspider/2.0; +http://www.baidu.com/search/spider.html)"
220.181.108.81 - - [05/Oct/2011:11:37:22 +0200] "GET / HTTP/1.1" 200 326 "-" "Mozilla/5.0 (compatible; Baiduspider/2.0; +http://www.baidu.com/search/spider.html)"
123.125.71.73 - - [05/Oct/2011:15:14:24 +0200] "GET / HTTP/1.1" 200 326 "-" "Mozilla/5.0 (compatible; Baiduspider/2.0; +http://www.baidu.com/search/spider.html)"
123.125.71.24 - - [05/Oct/2011:18:46:15 +0200] "GET / HTTP/1.1" 200 326 "-" "Mozilla/5.0 (compatible; Baiduspider/2.0; +http://www.baidu.com/search/spider.html)"
220.181.108.77 - - [05/Oct/2011:18:46:59 +0200] "GET / HTTP/1.1" 200 326 "-" "Mozilla/5.0 (compatible; Baiduspider/2.0; +http://www.baidu.com/search/spider.html)"
123.125.67.213 - - [06/Oct/2011:01:39:01 +0200] "GET / HTTP/1.1" 200 326 "-" "Mozilla/5.0 (Windows NT 5.1; rv:6.0.2) Gecko/20100101 Firefox/6.0.2"
220.181.108.93 - - [06/Oct/2011:06:32:21 +0200] "GET / HTTP/1.1" 200 326 "-" "Mozilla/5.0 (compatible; Baiduspider/2.0; +http://www.baidu.com/search/spider.html)"
123.125.71.14 - - [06/Oct/2011:06:42:18 +0200] "GET / HTTP/1.1" 200 326 "-" "Mozilla/5.0 (compatible; Baiduspider/2.0; +http://www.baidu.com/search/spider.html)"
82.165.37.69 - - [06/Oct/2011:09:21:38 +0200] "GET / HTTP/1.0" 200 326 "http://logistique.li/?iptc/" "Mozilla/5.0 (compatible; IPTCBOT;"
123.125.71.27 - - [06/Oct/2011:15:32:51 +0200] "GET / HTTP/1.1" 200 326 "-" "Mozilla/5.0 (compatible; Baiduspider/2.0; +http://www.baidu.com/search/spider.html)"
220.181.108.77 - - [06/Oct/2011:15:33:27 +0200] "GET / HTTP/1.1" 200 326 "-" "Mozilla/5.0 (compatible; Baiduspider/2.0; +http://www.baidu.com/search/spider.html)"
220.181.108.142 - - [06/Oct/2011:19:04:25 +0200] "GET /robots.txt HTTP/1.1" 404 1256 "-" "Baiduspider+(+http://www.baidu.com/search/spider.htm)"
123.125.71.20 - - [06/Oct/2011:22:34:13 +0200] "GET / HTTP/1.1" 200 326 "-" "Mozilla/5.0 (compatible; Baiduspider/2.0; +http://www.baidu.com/search/spider.html)"
220.181.108.77 - - [06/Oct/2011:22:34:53 +0200] "GET / HTTP/1.1" 200 326 "-" "Mozilla/5.0 (compatible; Baiduspider/2.0; +http://www.baidu.com/search/spider.html)"
123.125.71.14 - - [07/Oct/2011:06:34:09 +0200] "GET / HTTP/1.1" 200 326 "-" "Mozilla/5.0 (compatible; Baiduspider/2.0; +http://www.baidu.com/search/spider.html)"
220.181.108.81 - - [07/Oct/2011:06:34:41 +0200] "GET / HTTP/1.1" 200 326 "-" "Mozilla/5.0 (compatible; Baiduspider/2.0; +http://www.baidu.com/search/spider.html)"
123.125.71.31 - - [07/Oct/2011:07:31:32 +0200] "GET / HTTP/1.1" 200 326 "-" "Mozilla/5.0 (compatible; Baiduspider/2.0; +http://www.baidu.com/search/spider.html)"
220.181.108.95 - - [07/Oct/2011:07:31:59 +0200] "GET / HTTP/1.1" 200 326 "-" "Mozilla/5.0 (compatible; Baiduspider/2.0; +http://www.baidu.com/search/spider.html)"
220.181.108.85 - - [07/Oct/2011:10:33:32 +0200] "GET / HTTP/1.1" 200 326 "-" "Mozilla/5.0 (compatible; Baiduspider/2.0; +http://www.baidu.com/search/spider.html)"
123.125.71.27 - - [07/Oct/2011:10:34:26 +0200] "GET / HTTP/1.1" 200 326 "-" "Mozilla/5.0 (compatible; Baiduspider/2.0; +http://www.baidu.com/search/spider.html)"
220.181.108.162 - - [07/Oct/2011:10:34:30 +0200] "GET /robots.txt HTTP/1.1" 404 1256 "-" "Baiduspider+(+http://www.baidu.com/search/spider.htm)"
123.125.71.26 - - [07/Oct/2011:16:17:41 +0200] "GET / HTTP/1.1" 200 326 "-" "Mozilla/5.0 (compatible; Baiduspider/2.0; +http://www.baidu.com/search/spider.html)"
123.125.71.23 - - [07/Oct/2011:16:32:30 +0200] "GET / HTTP/1.1" 200 326 "-" "Mozilla/5.0 (compatible; Baiduspider/2.0; +http://www.baidu.com/search/spider.html)"
220.181.108.96 - - [07/Oct/2011:16:33:03 +0200] "GET / HTTP/1.1" 200 326 "-" "Mozilla/5.0 (compatible; Baiduspider/2.0; +http://www.baidu.com/search/spider.html)"
123.125.71.33 - - [07/Oct/2011:17:33:24 +0200] "GET / HTTP/1.1" 200 326 "-" "Mozilla/5.0 (compatible; Baiduspider/2.0; +http://www.baidu.com/search/spider.html)"
220.181.108.93 - - [07/Oct/2011:17:33:56 +0200] "GET / HTTP/1.1" 200 326 "-" "Mozilla/5.0 (compatible; Baiduspider/2.0; +http://www.baidu.com/search/spider.html)"
123.125.71.19 - - [07/Oct/2011:23:37:51 +0200] "GET / HTTP/1.1" 200 326 "-" "Mozilla/5.0 (compatible; Baiduspider/2.0; +http://www.baidu.com/search/spider.html)"
220.181.108.91 - - [07/Oct/2011:23:38:36 +0200] "GET / HTTP/1.1" 200 326 "-" "Mozilla/5.0 (compatible; Baiduspider/2.0; +http://www.baidu.com/search/spider.html)"
123.125.71.28 - - [08/Oct/2011:03:32:27 +0200] "GET / HTTP/1.1" 200 326 "-" "Mozilla/5.0 (compatible; Baiduspider/2.0; +http://www.baidu.com/search/spider.html)"
220.181.108.82 - - [08/Oct/2011:03:32:58 +0200] "GET / HTTP/1.1" 200 326 "-" "Mozilla/5.0 (compatible; Baiduspider/2.0; +http://www.baidu.com/search/spider.html)"
123.125.71.28 - - [08/Oct/2011:06:29:00 +0200] "GET / HTTP/1.1" 200 326 "-" "Mozilla/5.0 (compatible; Baiduspider/2.0; +http://www.baidu.com/search/spider.html)"
220.181.108.95 - - [08/Oct/2011:06:29:25 +0200] "GET / HTTP/1.1" 200 326 "-" "Mozilla/5.0 (compatible; Baiduspider/2.0; +http://www.baidu.com/search/spider.html)"
64.246.165.210 - - [08/Oct/2011:14:52:37 +0200] "GET /robots.txt HTTP/1.0" 404 1256 "-" "Mozilla/5.0 (Windows; U; Windows NT 5.1; en; rv:1.9.0.13) Gecko/2009073022 Firefox/3.5.2 (.NET CLR 3.5.30729) SurveyBot/2.3 (DomainTools)"
64.246.165.210 - - [08/Oct/2011:14:52:38 +0200] "GET / HTTP/1.1" 200 326 "http://whois.domaintools.com/ruehling.com" "Mozilla/5.0 (Windows; U; Windows NT 5.1; en; rv:1.9.0.13) Gecko/2009073022 Firefox/3.5.2 (.NET CLR 3.5.30729) SurveyBot/2.3 (DomainTools)"
123.125.71.33 - - [08/Oct/2011:15:32:37 +0200] "GET / HTTP/1.1" 200 326 "-" "Mozilla/5.0 (compatible; Baiduspider/2.0; +http://www.baidu.com/search/spider.html)"
220.181.108.81 - - [08/Oct/2011:15:33:11 +0200] "GET / HTTP/1.1" 200 326 "-" "Mozilla/5.0 (compatible; Baiduspider/2.0; +http://www.baidu.com/search/spider.html)"
123.125.71.29 - - [08/Oct/2011:18:45:39 +0200] "GET / HTTP/1.1" 200 326 "-" "Mozilla/5.0 (compatible; Baiduspider/2.0; +http://www.baidu.com/search/spider.html)"
220.181.108.89 - - [08/Oct/2011:18:46:27 +0200] "GET / HTTP/1.1" 200 326 "-" "Mozilla/5.0 (compatible; Baiduspider/2.0; +http://www.baidu.com/search/spider.html)"
123.125.71.27 - - [08/Oct/2011:23:32:34 +0200] "GET / HTTP/1.1" 200 326 "-" "Mozilla/5.0 (compatible; Baiduspider/2.0; +http://www.baidu.com/search/spider.html)"
220.181.108.88 - - [08/Oct/2011:23:33:08 +0200] "GET / HTTP/1.1" 200 326 "-" "Mozilla/5.0 (compatible; Baiduspider/2.0; +http://www.baidu.com/search/spider.html)"
123.125.71.26 - - [09/Oct/2011:02:31:37 +0200] "GET / HTTP/1.1" 200 326 "-" "Mozilla/5.0 (compatible; Baiduspider/2.0; +http://www.baidu.com/search/spider.html)"
220.181.108.92 - - [09/Oct/2011:02:32:10 +0200] "GET / HTTP/1.1" 200 326 "-" "Mozilla/5.0 (compatible; Baiduspider/2.0; +http://www.baidu.com/search/spider.html)"
220.181.108.155 - - [09/Oct/2011:05:49:11 +0200] "GET /robots.txt HTTP/1.1" 404 1256 "-" "Baiduspider+(+http://www.baidu.com/search/spider.htm)"
123.125.71.103 - - [09/Oct/2011:08:17:45 +0200] "GET / HTTP/1.1" 200 326 "-" "Mozilla/5.0 (compatible; Baiduspider/2.0; +http://www.baidu.com/search/spider.html)"
123.125.71.28 - - [09/Oct/2011:15:31:59 +0200] "GET / HTTP/1.1" 200 326 "-" "Mozilla/5.0 (compatible; Baiduspider/2.0; +http://www.baidu.com/search/spider.html)"
220.181.108.85 - - [09/Oct/2011:15:32:34 +0200] "GET / HTTP/1.1" 200 326 "-" "Mozilla/5.0 (compatible; Baiduspider/2.0; +http://www.baidu.com/search/spider.html)"
123.125.71.31 - - [09/Oct/2011:22:32:30 +0200] "GET / HTTP/1.1" 200 326 "-" "Mozilla/5.0 (compatible; Baiduspider/2.0; +http://www.baidu.com/search/spider.html)"
220.181.108.92 - - [09/Oct/2011:22:33:07 +0200] "GET / HTTP/1.1" 200 326 "-" "Mozilla/5.0 (compatible; Baiduspider/2.0; +http://www.baidu.com/search/spider.html)"
123.125.71.22 - - [09/Oct/2011:23:32:21 +0200] "GET / HTTP/1.1" 200 326 "-" "Mozilla/5.0 (compatible; Baiduspider/2.0; +http://www.baidu.com/search/spider.html)"
220.181.108.96 - - [09/Oct/2011:23:32:56 +0200] "GET / HTTP/1.1" 200 326 "-" "Mozilla/5.0 (compatible; Baiduspider/2.0; +http://www.baidu.com/search/spider.html)"
123.125.71.24 - - [10/Oct/2011:02:31:13 +0200] "GET / HTTP/1.1" 200 326 "-" "Mozilla/5.0 (compatible; Baiduspider/2.0; +http://www.baidu.com/search/spider.html)"
220.181.108.95 - - [10/Oct/2011:02:31:45 +0200] "GET / HTTP/1.1" 200 326 "-" "Mozilla/5.0 (compatible; Baiduspider/2.0; +http://www.baidu.com/search/spider.html)"
123.125.71.26 - - [10/Oct/2011:03:32:00 +0200] "GET / HTTP/1.1" 200 326 "-" "Mozilla/5.0 (compatible; Baiduspider/2.0; +http://www.baidu.com/search/spider.html)"
220.181.108.95 - - [10/Oct/2011:03:32:31 +0200] "GET / HTTP/1.1" 200 326 "-" "Mozilla/5.0 (compatible; Baiduspider/2.0; +http://www.baidu.com/search/spider.html)"
82.165.37.69 - - [10/Oct/2011:06:32:46 +0200] "POST / HTTP/1.0" 200 326 "http://valerie-bistro.de/robot.html/" "Mozilla/5.0 (compatible; robot.html;"
67.195.113.217 - - [10/Oct/2011:13:17:11 +0200] "GET /robots.txt HTTP/1.0" 404 1256 "-" "Mozilla/5.0 (compatible; Yahoo! Slurp; http://help.yahoo.com/help/us/ysearch/slurp)"
67.195.113.217 - - [10/Oct/2011:13:17:12 +0200] "GET / HTTP/1.0" 200 326 "-" "Mozilla/5.0 (compatible; Yahoo! Slurp; http://help.yahoo.com/help/us/ysearch/slurp)"
123.125.71.77 - - [10/Oct/2011:13:45:01 +0200] "GET / HTTP/1.1" 200 326 "-" "Mozilla/5.0 (compatible; Baiduspider/2.0; +http://www.baidu.com/search/spider.html)"
220.181.108.160 - - [10/Oct/2011:19:37:01 +0200] "GET /robots.txt HTTP/1.1" 404 1256 "-" "Baiduspider+(+http://www.baidu.com/search/spider.htm)"
62.158.65.63 - - [10/Oct/2011:19:47:17 +0200] "GET / HTTP/1.1" 200 326 "-" "Mozilla/5.0 (compatible; de)"
62.158.65.63 - - [10/Oct/2011:19:47:18 +0200] "GET /favicon.ico HTTP/1.1" 404 1256 "-" "Mozilla/5.0 (compatible; de)"
62.158.65.63 - - [10/Oct/2011:19:47:18 +0200] "GET / HTTP/1.1" 200 326 "-" "Mozilla/5.0 (compatible; de)"
123.125.71.23 - - [10/Oct/2011:23:32:48 +0200] "GET / HTTP/1.1" 200 326 "-" "Mozilla/5.0 (compatible; Baiduspider/2.0; +http://www.baidu.com/search/spider.html)"
220.181.108.90 - - [10/Oct/2011:23:33:23 +0200] "GET / HTTP/1.1" 200 326 "-" "Mozilla/5.0 (compatible; Baiduspider/2.0; +http://www.baidu.com/search/spider.html)"
123.125.71.19 - - [11/Oct/2011:02:32:39 +0200] "GET / HTTP/1.1" 200 326 "-" "Mozilla/5.0 (compatible; Baiduspider/2.0; +http://www.baidu.com/search/spider.html)"
220.181.108.80 - - [11/Oct/2011:02:33:10 +0200] "GET / HTTP/1.1" 200 326 "-" "Mozilla/5.0 (compatible; Baiduspider/2.0; +http://www.baidu.com/search/spider.html)"
66.249.72.163 - - [11/Oct/2011:05:22:08 +0200] "GET /robots.txt HTTP/1.1" 404 1256 "-" "Mozilla/5.0 (compatible; Googlebot/2.1; +http://www.google.com/bot.html)"
66.249.72.163 - - [11/Oct/2011:05:22:08 +0200] "GET / HTTP/1.1" 304 - "-" "Mozilla/5.0 (compatible; Googlebot/2.1; +http://www.google.com/bot.html)"
123.125.71.32 - - [11/Oct/2011:07:37:48 +0200] "GET / HTTP/1.1" 200 326 "-" "Mozilla/5.0 (compatible; Baiduspider/2.0; +http://www.baidu.com/search/spider.html)"
220.181.108.80 - - [11/Oct/2011:07:38:30 +0200] "GET / HTTP/1.1" 200 326 "-" "Mozilla/5.0 (compatible; Baiduspider/2.0; +http://www.baidu.com/search/spider.html)"
123.125.71.18 - - [11/Oct/2011:18:47:16 +0200] "GET / HTTP/1.1" 200 326 "-" "Mozilla/5.0 (compatible; Baiduspider/2.0; +http://www.baidu.com/search/spider.html)"
220.181.108.92 - - [11/Oct/2011:18:48:02 +0200] "GET / HTTP/1.1" 200 326 "-" "Mozilla/5.0 (compatible; Baiduspider/2.0; +http://www.baidu.com/search/spider.html)"
123.125.71.25 - - [11/Oct/2011:19:31:34 +0200] "GET / HTTP/1.1" 200 326 "-" "Mozilla/5.0 (compatible; Baiduspider/2.0; +http://www.baidu.com/search/spider.html)"
220.181.108.95 - - [11/Oct/2011:19:32:00 +0200] "GET / HTTP/1.1" 200 326 "-" "Mozilla/5.0 (compatible; Baiduspider/2.0; +http://www.baidu.com/search/spider.html)"
123.125.71.22 - - [11/Oct/2011:22:33:20 +0200] "GET / HTTP/1.1" 200 326 "-" "Mozilla/5.0 (compatible; Baiduspider/2.0; +http://www.baidu.com/search/spider.html)"
220.181.108.89 - - [11/Oct/2011:22:33:55 +0200] "GET / HTTP/1.1" 200 326 "-" "Mozilla/5.0 (compatible; Baiduspider/2.0; +http://www.baidu.com/search/spider.html)"
123.125.71.30 - - [11/Oct/2011:23:34:13 +0200] "GET / HTTP/1.1" 200 326 "-" "Mozilla/5.0 (compatible; Baiduspider/2.0; +http://www.baidu.com/search/spider.html)"
220.181.108.89 - - [11/Oct/2011:23:34:47 +0200] "GET / HTTP/1.1" 200 326 "-" "Mozilla/5.0 (compatible; Baiduspider/2.0; +http://www.baidu.com/search/spider.html)"
82.165.37.69 - - [12/Oct/2011:07:03:26 +0200] "GET / HTTP/1.0" 200 326 "http://valerie-bistro.de/robot.html?=Ruehling" "Mozilla/5.0 (compatible; IPTCBOT;"
123.125.71.24 - - [12/Oct/2011:07:32:31 +0200] "GET / HTTP/1.1" 200 326 "-" "Mozilla/5.0 (compatible; Baiduspider/2.0; +http://www.baidu.com/search/spider.html)"
220.181.108.97 - - [12/Oct/2011:07:33:02 +0200] "GET / HTTP/1.1" 200 326 "-" "Mozilla/5.0 (compatible; Baiduspider/2.0; +http://www.baidu.com/search/spider.html)"
123.125.71.102 - - [12/Oct/2011:09:42:55 +0200] "GET / HTTP/1.1" 200 326 "-" "Mozilla/5.0 (compatible; Baiduspider/2.0; +http://www.baidu.com/search/spider.html)"
220.181.108.147 - - [12/Oct/2011:09:58:01 +0200] "GET /robots.txt HTTP/1.1" 404 1256 "-" "Baiduspider+(+http://www.baidu.com/search/spider.htm)"
123.125.71.22 - - [12/Oct/2011:10:34:37 +0200] "GET / HTTP/1.1" 200 326 "-" "Mozilla/5.0 (compatible; Baiduspider/2.0; +http://www.baidu.com/search/spider.html)"
220.181.108.75 - - [12/Oct/2011:10:34:51 +0200] "GET / HTTP/1.1" 200 326 "-" "Mozilla/5.0 (compatible; Baiduspider/2.0; +http://www.baidu.com/search/spider.html)"
220.181.108.93 - - [12/Oct/2011:15:33:40 +0200] "GET / HTTP/1.1" 200 326 "-" "Mozilla/5.0 (compatible; Baiduspider/2.0; +http://www.baidu.com/search/spider.html)"
123.125.71.33 - - [12/Oct/2011:15:34:48 +0200] "GET / HTTP/1.1" 200 326 "-" "Mozilla/5.0 (compatible; Baiduspider/2.0; +http://www.baidu.com/search/spider.html)"
174.129.93.72 - - [12/Oct/2011:18:56:13 +0200] "GET / HTTP/1.0" 200 326 "http://www.teissl.info" "Mozilla/4.0 (compatible; MSIE 7.0; Windows NT 6.0; Trident/4.0)"
123.125.71.28 - - [12/Oct/2011:19:35:44 +0200] "GET / HTTP/1.1" 200 326 "-" "Mozilla/5.0 (compatible; Baiduspider/2.0; +http://www.baidu.com/search/spider.html)"
220.181.108.81 - - [12/Oct/2011:19:35:57 +0200] "GET / HTTP/1.1" 200 326 "-" "Mozilla/5.0 (compatible; Baiduspider/2.0; +http://www.baidu.com/search/spider.html)"
82.165.37.69 - - [12/Oct/2011:19:59:06 +0200] "GET / HTTP/1.0" 200 326 "http://valerie-bistro.de/robot.html?=Ruehling" "Mozilla/5.0 (compatible; IPTCBOT;"
123.125.71.14 - - [13/Oct/2011:04:31:31 +0200] "GET / HTTP/1.1" 200 326 "-" "Mozilla/5.0 (compatible; Baiduspider/2.0; +http://www.baidu.com/search/spider.html)"
220.181.108.76 - - [13/Oct/2011:04:32:00 +0200] "GET / HTTP/1.1" 200 326 "-" "Mozilla/5.0 (compatible; Baiduspider/2.0; +http://www.baidu.com/search/spider.html)"
220.181.108.96 - - [13/Oct/2011:07:32:07 +0200] "GET / HTTP/1.1" 200 326 "-" "Mozilla/5.0 (compatible; Baiduspider/2.0; +http://www.baidu.com/search/spider.html)"
123.125.71.13 - - [13/Oct/2011:07:34:06 +0200] "GET / HTTP/1.1" 200 326 "-" "Mozilla/5.0 (compatible; Baiduspider/2.0; +http://www.baidu.com/search/spider.html)"
220.181.108.158 - - [13/Oct/2011:07:43:22 +0200] "GET /robots.txt HTTP/1.1" 404 1256 "-" "Baiduspider+(+http://www.baidu.com/search/spider.htm)"
87.171.24.239 - - [13/Oct/2011:09:33:50 +0200] "GET / HTTP/1.1" 200 326 "-" "Mozilla/5.0 (Windows NT 6.1; WOW64; rv:7.0.1) Gecko/20100101 Firefox/7.0.1"
87.171.24.239 - - [13/Oct/2011:09:33:50 +0200] "GET /favicon.ico HTTP/1.1" 404 1256 "-" "Mozilla/5.0 (Windows NT 6.1; WOW64; rv:7.0.1) Gecko/20100101 Firefox/7.0.1"
87.171.24.239 - - [13/Oct/2011:09:33:50 +0200] "GET /favicon.ico HTTP/1.1" 404 1256 "-" "Mozilla/5.0 (Windows NT 6.1; WOW64; rv:7.0.1) Gecko/20100101 Firefox/7.0.1"
87.171.24.239 - - [13/Oct/2011:09:33:51 +0200] "GET /favicon.ico HTTP/1.1" 404 1256 "-" "Mozilla/5.0 (Windows NT 6.1; WOW64; rv:7.0.1) Gecko/20100101 Firefox/7.0.1"
80.67.0.130 - - [13/Oct/2011:12:10:38 +0200] "GET /robots.txt HTTP/1.0" 404 1256 "http://www.domaincrawler.com/ruehling.com" "DomainCrawler/2.0 (info@domaincrawler.com; http://www.domaincrawler.com/ruehling.com"
80.67.0.130 - - [13/Oct/2011:12:11:13 +0200] "GET / HTTP/1.0" 206 326 "http://www.domaincrawler.com/ruehling.com" "DomainCrawler/2.0 (info@domaincrawler.com; http://www.domaincrawler.com/ruehling.com"
123.125.71.13 - - [13/Oct/2011:15:32:39 +0200] "GET / HTTP/1.1" 200 326 "-" "Mozilla/5.0 (compatible; Baiduspider/2.0; +http://www.baidu.com/search/spider.html)"
220.181.108.97 - - [13/Oct/2011:15:33:14 +0200] "GET / HTTP/1.1" 200 326 "-" "Mozilla/5.0 (compatible; Baiduspider/2.0; +http://www.baidu.com/search/spider.html)"
123.125.71.24 - - [13/Oct/2011:19:32:55 +0200] "GET / HTTP/1.1" 200 326 "-" "Mozilla/5.0 (compatible; Baiduspider/2.0; +http://www.baidu.com/search/spider.html)"
220.181.108.90 - - [13/Oct/2011:19:33:25 +0200] "GET / HTTP/1.1" 200 326 "-" "Mozilla/5.0 (compatible; Baiduspider/2.0; +http://www.baidu.com/search/spider.html)"
220.181.108.156 - - [13/Oct/2011:21:56:29 +0200] "GET /robots.txt HTTP/1.1" 404 1256 "-" "Baiduspider+(+http://www.baidu.com/search/spider.htm)"
123.125.71.20 - - [13/Oct/2011:23:33:45 +0200] "GET / HTTP/1.1" 200 326 "-" "Mozilla/5.0 (compatible; Baiduspider/2.0; +http://www.baidu.com/search/spider.html)"
220.181.108.85 - - [13/Oct/2011:23:34:19 +0200] "GET / HTTP/1.1" 200 326 "-" "Mozilla/5.0 (compatible; Baiduspider/2.0; +http://www.baidu.com/search/spider.html)"
123.125.71.26 - - [14/Oct/2011:06:31:57 +0200] "GET / HTTP/1.1" 200 326 "-" "Mozilla/5.0 (compatible; Baiduspider/2.0; +http://www.baidu.com/search/spider.html)"
220.181.108.88 - - [14/Oct/2011:06:32:32 +0200] "GET / HTTP/1.1" 200 326 "-" "Mozilla/5.0 (compatible; Baiduspider/2.0; +http://www.baidu.com/search/spider.html)"
123.125.71.110 - - [14/Oct/2011:07:19:56 +0200] "GET / HTTP/1.1" 200 326 "-" "Mozilla/5.0 (compatible; Baiduspider/2.0; +http://www.baidu.com/search/spider.html)"
123.125.71.33 - - [14/Oct/2011:07:31:56 +0200] "GET / HTTP/1.1" 200 326 "-" "Mozilla/5.0 (compatible; Baiduspider/2.0; +http://www.baidu.com/search/spider.html)"
220.181.108.92 - - [14/Oct/2011:07:32:27 +0200] "GET / HTTP/1.1" 200 326 "-" "Mozilla/5.0 (compatible; Baiduspider/2.0; +http://www.baidu.com/search/spider.html)"
123.125.71.35 - - [14/Oct/2011:22:34:26 +0200] "GET / HTTP/1.1" 200 326 "-" "Mozilla/5.0 (compatible; Baiduspider/2.0; +http://www.baidu.com/search/spider.html)"
220.181.108.95 - - [14/Oct/2011:22:35:03 +0200] "GET / HTTP/1.1" 200 326 "-" "Mozilla/5.0 (compatible; Baiduspider/2.0; +http://www.baidu.com/search/spider.html)"
220.181.51.110 - - [15/Oct/2011:02:24:05 +0200] "GET / HTTP/1.1" 200 326 "-" "Mozilla/5.0 (Windows NT 5.1; rv:6.0.2) Gecko/20100101 Firefox/6.0.2"
220.181.108.92 - - [15/Oct/2011:07:33:26 +0200] "GET / HTTP/1.1" 200 326 "-" "Mozilla/5.0 (compatible; Baiduspider/2.0; +http://www.baidu.com/search/spider.html)"
123.125.71.12 - - [15/Oct/2011:08:27:42 +0200] "GET / HTTP/1.1" 200 326 "-" "Mozilla/5.0 (compatible; Baiduspider/2.0; +http://www.baidu.com/search/spider.html)"
77.7.108.220 - - [15/Oct/2011:22:05:20 +0200] "GET / HTTP/1.1" 200 326 "-" "Mozilla/4.0 (compatible; MSIE 8.0; Windows NT 5.1; Trident/4.0; GTB7.1; .NET CLR 1.1.4322; InfoPath.2; .NET CLR 2.0.50727; .NET CLR 3.0.4506.2152; .NET CLR 3.5.30729)"
77.7.108.220 - - [15/Oct/2011:22:05:20 +0200] "GET /favicon.ico HTTP/1.1" 404 1256 "-" "Mozilla/4.0 (compatible; MSIE 8.0; Windows NT 5.1; Trident/4.0; GTB7.1; .NET CLR 1.1.4322; InfoPath.2; .NET CLR 2.0.50727; .NET CLR 3.0.4506.2152; .NET CLR 3.5.30729)"
82.165.37.69 - - [16/Oct/2011:08:31:44 +0200] "GET / HTTP/1.0" 200 326 "http://valerie-bistro.de/robot.html?=Ruehling.com" "Mozilla/5.0 (compatible; IPTCBOT;"
69.58.178.57 - - [16/Oct/2011:09:10:47 +0200] "GET /robots.txt HTTP/1.1" 404 1256 "-" "Mozilla/5.0 (X11; U; Linux i686; en-US; rv:1.9.2.22; ips-agent) Gecko/20110905 Ubuntu/10.04 (lucid) Firefox/6.0.2"
69.58.178.57 - - [16/Oct/2011:09:10:49 +0200] "GET / HTTP/1.1" 200 326 "-" "Mozilla/5.0 (X11; U; Linux i686; en-US; rv:1.9.2.22; ips-agent) Gecko/20110905 Ubuntu/10.04 (lucid) Firefox/6.0.2"
69.58.178.57 - - [16/Oct/2011:09:10:50 +0200] "GET / HTTP/1.1" 200 326 "-" "BlackBerry9000/4.6.0.167 Profile/MIDP-2.0 Configuration/CLDC-1.1 VendorID/102 ips-agent"
220.181.108.96 - - [16/Oct/2011:09:34:05 +0200] "GET / HTTP/1.1" 200 326 "-" "Mozilla/5.0 (compatible; Baiduspider/2.0; +http://www.baidu.com/search/spider.html)"
123.125.71.31 - - [16/Oct/2011:09:35:09 +0200] "GET / HTTP/1.1" 200 326 "-" "Mozilla/5.0 (compatible; Baiduspider/2.0; +http://www.baidu.com/search/spider.html)"
123.125.71.100 - - [16/Oct/2011:10:32:50 +0200] "GET / HTTP/1.1" 200 326 "-" "Mozilla/5.0 (compatible; Baiduspider/2.0; +http://www.baidu.com/search/spider.html)"
220.181.108.82 - - [16/Oct/2011:14:29:57 +0200] "GET / HTTP/1.1" 200 326 "-" "Mozilla/5.0 (compatible; Baiduspider/2.0; +http://www.baidu.com/search/spider.html)"
123.125.71.29 - - [16/Oct/2011:14:34:32 +0200] "GET / HTTP/1.1" 200 326 "-" "Mozilla/5.0 (compatible; Baiduspider/2.0; +http://www.baidu.com/search/spider.html)"
123.125.71.27 - - [17/Oct/2011:13:30:32 +0200] "GET / HTTP/1.1" 200 326 "-" "Mozilla/5.0 (compatible; Baiduspider/2.0; +http://www.baidu.com/search/spider.html)"
220.181.108.76 - - [17/Oct/2011:13:30:58 +0200] "GET / HTTP/1.1" 200 326 "-" "Mozilla/5.0 (compatible; Baiduspider/2.0; +http://www.baidu.com/search/spider.html)"
220.181.108.100 - - [17/Oct/2011:20:56:26 +0200] "GET /robots.txt HTTP/1.1" 404 1256 "-" "Baiduspider+(+http://www.baidu.com/search/spider.htm)"
123.125.71.33 - - [18/Oct/2011:02:27:45 +0200] "GET / HTTP/1.1" 200 326 "-" "Mozilla/5.0 (compatible; Baiduspider/2.0; +http://www.baidu.com/search/spider.html)"
94.23.237.143 - - [18/Oct/2011:02:28:06 +0200] "GET /muieblackcat HTTP/1.1" 404 1256 "-" "-"
220.181.108.84 - - [18/Oct/2011:02:28:06 +0200] "GET / HTTP/1.1" 200 326 "-" "Mozilla/5.0 (compatible; Baiduspider/2.0; +http://www.baidu.com/search/spider.html)"
94.23.237.143 - - [18/Oct/2011:02:28:13 +0200] "GET //databaseadmin/scripts/setup.php HTTP/1.1" 404 1256 "-" "-"
94.23.237.143 - - [18/Oct/2011:02:28:19 +0200] "GET //myadmin/scripts/setup.php HTTP/1.1" 404 1256 "-" "-"
94.23.237.143 - - [18/Oct/2011:02:28:20 +0200] "GET //mysqladmin/scripts/setup.php HTTP/1.1" 404 1256 "-" "-"
94.23.237.143 - - [18/Oct/2011:02:28:20 +0200] "GET //mysqlmanager/scripts/setup.php HTTP/1.1" 404 1256 "-" "-"
94.23.237.143 - - [18/Oct/2011:02:28:20 +0200] "GET //mysql/scripts/setup.php HTTP/1.1" 404 1256 "-" "-"
94.23.237.143 - - [18/Oct/2011:02:28:20 +0200] "GET //phpadmin/scripts/setup.php HTTP/1.1" 404 1256 "-" "-"
94.23.237.143 - - [18/Oct/2011:02:28:21 +0200] "GET //phpmyadmin/scripts/setup.php HTTP/1.1" 404 1256 "-" "-"
94.23.237.143 - - [18/Oct/2011:02:28:21 +0200] "GET //phpMyAdmin/scripts/setup.php HTTP/1.1" 404 1256 "-" "-"
94.23.237.143 - - [18/Oct/2011:02:28:21 +0200] "GET //p/m/a/scripts/setup.php HTTP/1.1" 404 1256 "-" "-"
94.23.237.143 - - [18/Oct/2011:02:28:25 +0200] "GET //scripts/setup.php HTTP/1.1" 404 1256 "-" "-"
94.23.237.143 - - [18/Oct/2011:02:28:25 +0200] "GET //sqlweb/scripts/setup.php HTTP/1.1" 404 1256 "-" "-"
94.23.237.143 - - [18/Oct/2011:02:28:31 +0200] "GET //webdb/scripts/setup.php HTTP/1.1" 404 1256 "-" "-"
94.23.237.143 - - [18/Oct/2011:02:28:41 +0200] "GET //xampp/phpmyadmin/scripts/setup.php HTTP/1.1" 404 1256 "-" "-"
123.125.71.13 - - [18/Oct/2011:15:26:13 +0200] "GET / HTTP/1.1" 200 326 "-" "Mozilla/5.0 (compatible; Baiduspider/2.0; +http://www.baidu.com/search/spider.html)"
123.125.71.35 - - [18/Oct/2011:19:29:18 +0200] "GET / HTTP/1.1" 200 326 "-" "Mozilla/5.0 (compatible; Baiduspider/2.0; +http://www.baidu.com/search/spider.html)"
220.181.108.87 - - [18/Oct/2011:19:29:43 +0200] "GET / HTTP/1.1" 200 326 "-" "Mozilla/5.0 (compatible; Baiduspider/2.0; +http://www.baidu.com/search/spider.html)"
123.125.71.26 - - [18/Oct/2011:20:27:57 +0200] "GET / HTTP/1.1" 200 326 "-" "Mozilla/5.0 (compatible; Baiduspider/2.0; +http://www.baidu.com/search/spider.html)"
220.181.108.76 - - [18/Oct/2011:20:28:19 +0200] "GET / HTTP/1.1" 200 326 "-" "Mozilla/5.0 (compatible; Baiduspider/2.0; +http://www.baidu.com/search/spider.html)"
123.125.71.17 - - [19/Oct/2011:07:28:50 +0200] "GET / HTTP/1.1" 200 326 "-" "Mozilla/5.0 (compatible; Baiduspider/2.0; +http://www.baidu.com/search/spider.html)"
220.181.108.77 - - [19/Oct/2011:07:29:12 +0200] "GET / HTTP/1.1" 200 326 "-" "Mozilla/5.0 (compatible; Baiduspider/2.0; +http://www.baidu.com/search/spider.html)"
220.181.108.149 - - [19/Oct/2011:15:48:27 +0200] "GET /robots.txt HTTP/1.1" 404 1256 "-" "Baiduspider+(+http://www.baidu.com/search/spider.htm)"
123.125.71.16 - - [19/Oct/2011:19:31:45 +0200] "GET / HTTP/1.1" 200 326 "-" "Mozilla/5.0 (compatible; Baiduspider/2.0; +http://www.baidu.com/search/spider.html)"
220.181.108.88 - - [19/Oct/2011:19:32:10 +0200] "GET / HTTP/1.1" 200 326 "-" "Mozilla/5.0 (compatible; Baiduspider/2.0; +http://www.baidu.com/search/spider.html)"
123.125.71.20 - - [20/Oct/2011:01:29:23 +0200] "GET / HTTP/1.1" 200 326 "-" "Mozilla/5.0 (compatible; Baiduspider/2.0; +http://www.baidu.com/search/spider.html)"
220.181.108.85 - - [20/Oct/2011:01:29:47 +0200] "GET / HTTP/1.1" 200 326 "-" "Mozilla/5.0 (compatible; Baiduspider/2.0; +http://www.baidu.com/search/spider.html)"
123.125.71.19 - - [20/Oct/2011:02:29:30 +0200] "GET / HTTP/1.1" 200 326 "-" "Mozilla/5.0 (compatible; Baiduspider/2.0; +http://www.baidu.com/search/spider.html)"
220.181.108.76 - - [20/Oct/2011:02:29:54 +0200] "GET / HTTP/1.1" 200 326 "-" "Mozilla/5.0 (compatible; Baiduspider/2.0; +http://www.baidu.com/search/spider.html)"
220.181.108.159 - - [20/Oct/2011:02:51:23 +0200] "GET /robots.txt HTTP/1.1" 404 1256 "-" "Baiduspider+(+http://www.baidu.com/search/spider.htm)"
123.125.71.12 - - [20/Oct/2011:06:32:08 +0200] "GET / HTTP/1.1" 200 326 "-" "Mozilla/5.0 (compatible; Baiduspider/2.0; +http://www.baidu.com/search/spider.html)"
220.181.108.97 - - [20/Oct/2011:06:32:36 +0200] "GET / HTTP/1.1" 200 326 "-" "Mozilla/5.0 (compatible; Baiduspider/2.0; +http://www.baidu.com/search/spider.html)"
123.125.71.27 - - [20/Oct/2011:07:30:09 +0200] "GET / HTTP/1.1" 200 326 "-" "Mozilla/5.0 (compatible; Baiduspider/2.0; +http://www.baidu.com/search/spider.html)"
220.181.108.77 - - [20/Oct/2011:07:30:35 +0200] "GET / HTTP/1.1" 200 326 "-" "Mozilla/5.0 (compatible; Baiduspider/2.0; +http://www.baidu.com/search/spider.html)"
77.20.219.132 - - [20/Oct/2011:10:40:19 +0200] "GET / HTTP/1.0" 200 326 "http://www.google.de/url?sa=t&rct=j&q=R%25C3%25BChling&source=web&cd=195&ved=0CEYQFjAEOL4B&url=http%3A%2F%2Fwww.ruehling.com%2F&ei=SN6fTteIGOTb4QTij_zvBA&usg=AFQjCNGpCQvuwYAGa4bBGACi7WVW2jLu5A" "Mozilla/5.0 (Windows NT 6.1; WOW64; rv:7.0.1) Gecko/20100101 Firefox/7.0.1"
77.20.219.132 - - [20/Oct/2011:10:40:19 +0200] "GET /favicon.ico HTTP/1.0" 404 1256 "-" "Mozilla/5.0 (Windows NT 6.1; WOW64; rv:7.0.1) Gecko/20100101 Firefox/7.0.1"
150.70.75.35 - - [20/Oct/2011:10:49:53 +0200] "GET / HTTP/1.0" 200 326 "-" "Mozilla/4.0 (compatible; MSIE 6.0; Windows NT 5.1)"
123.125.71.103 - - [20/Oct/2011:15:17:59 +0200] "GET / HTTP/1.1" 200 326 "-" "Mozilla/5.0 (compatible; Baiduspider/2.0; +http://www.baidu.com/search/spider.html)"
123.125.71.16 - - [20/Oct/2011:19:29:44 +0200] "GET / HTTP/1.1" 200 326 "-" "Mozilla/5.0 (compatible; Baiduspider/2.0; +http://www.baidu.com/search/spider.html)"
220.181.108.83 - - [20/Oct/2011:19:30:09 +0200] "GET / HTTP/1.1" 200 326 "-" "Mozilla/5.0 (compatible; Baiduspider/2.0; +http://www.baidu.com/search/spider.html)"
64.246.165.200 - - [20/Oct/2011:23:03:33 +0200] "GET /robots.txt HTTP/1.0" 404 1256 "-" "Mozilla/5.0 (Windows; U; Windows NT 5.1; en; rv:1.9.0.13) Gecko/2009073022 Firefox/3.5.2 (.NET CLR 3.5.30729) SurveyBot/2.3 (DomainTools)"
64.246.165.200 - - [20/Oct/2011:23:03:34 +0200] "GET / HTTP/1.1" 200 326 "http://whois.domaintools.com/ruehling.com" "Mozilla/5.0 (Windows; U; Windows NT 5.1; en; rv:1.9.0.13) Gecko/2009073022 Firefox/3.5.2 (.NET CLR 3.5.30729) SurveyBot/2.3 (DomainTools)"
123.125.71.13 - - [21/Oct/2011:01:28:37 +0200] "GET / HTTP/1.1" 200 326 "-" "Mozilla/5.0 (compatible; Baiduspider/2.0; +http://www.baidu.com/search/spider.html)"
220.181.108.86 - - [21/Oct/2011:01:28:58 +0200] "GET / HTTP/1.1" 200 326 "-" "Mozilla/5.0 (compatible; Baiduspider/2.0; +http://www.baidu.com/search/spider.html)"
123.125.71.27 - - [21/Oct/2011:02:27:46 +0200] "GET / HTTP/1.1" 200 326 "-" "Mozilla/5.0 (compatible; Baiduspider/2.0; +http://www.baidu.com/search/spider.html)"
220.181.108.80 - - [21/Oct/2011:02:28:07 +0200] "GET / HTTP/1.1" 200 326 "-" "Mozilla/5.0 (compatible; Baiduspider/2.0; +http://www.baidu.com/search/spider.html)"
66.249.72.210 - - [21/Oct/2011:09:41:06 +0200] "GET /robots.txt HTTP/1.1" 404 1256 "-" "Mozilla/5.0 (compatible; Googlebot/2.1; +http://www.google.com/bot.html)"
66.249.72.210 - - [21/Oct/2011:09:41:07 +0200] "GET / HTTP/1.1" 304 - "-" "Mozilla/5.0 (compatible; Googlebot/2.1; +http://www.google.com/bot.html)"
123.125.71.15 - - [21/Oct/2011:13:30:31 +0200] "GET / HTTP/1.1" 200 326 "-" "Mozilla/5.0 (compatible; Baiduspider/2.0; +http://www.baidu.com/search/spider.html)"
220.181.108.90 - - [21/Oct/2011:13:30:57 +0200] "GET / HTTP/1.1" 200 326 "-" "Mozilla/5.0 (compatible; Baiduspider/2.0; +http://www.baidu.com/search/spider.html)"
123.125.71.17 - - [21/Oct/2011:14:30:07 +0200] "GET / HTTP/1.1" 200 326 "-" "Mozilla/5.0 (compatible; Baiduspider/2.0; +http://www.baidu.com/search/spider.html)"
220.181.108.80 - - [21/Oct/2011:14:30:34 +0200] "GET / HTTP/1.1" 200 326 "-" "Mozilla/5.0 (compatible; Baiduspider/2.0; +http://www.baidu.com/search/spider.html)"
80.254.76.248 - - [21/Oct/2011:23:45:43 +0200] "GET / HTTP/1.0" 200 326 "-" "AutoIt"
80.254.76.248 - - [21/Oct/2011:23:45:44 +0200] "GET / HTTP/1.0" 200 326 "-" "AutoIt"
80.254.76.248 - - [21/Oct/2011:23:45:50 +0200] "GET / HTTP/1.0" 200 326 "-" "AutoIt"
80.254.76.248 - - [21/Oct/2011:23:45:50 +0200] "GET / HTTP/1.0" 200 326 "-" "AutoIt"
80.254.76.248 - - [21/Oct/2011:23:45:51 +0200] "GET /impressum/index.html HTTP/1.0" 404 1256 "-" "AutoIt"
80.254.76.248 - - [21/Oct/2011:23:45:54 +0200] "GET /impressum/index.htm HTTP/1.0" 404 1256 "-" "AutoIt"
80.254.76.248 - - [21/Oct/2011:23:45:58 +0200] "GET /impressum/index.php HTTP/1.0" 404 1256 "-" "AutoIt"
80.254.76.248 - - [21/Oct/2011:23:46:01 +0200] "GET /kontakt/index.html HTTP/1.0" 404 1256 "-" "AutoIt"
80.254.76.248 - - [21/Oct/2011:23:46:04 +0200] "GET /contact/index.html HTTP/1.0" 404 1256 "-" "AutoIt"
80.254.76.248 - - [21/Oct/2011:23:46:08 +0200] "GET /kontakt/index.htm HTTP/1.0" 404 1256 "-" "AutoIt"
123.125.71.21 - - [22/Oct/2011:06:28:58 +0200] "GET / HTTP/1.1" 200 326 "-" "Mozilla/5.0 (compatible; Baiduspider/2.0; +http://www.baidu.com/search/spider.html)"
220.181.108.80 - - [22/Oct/2011:06:29:21 +0200] "GET / HTTP/1.1" 200 326 "-" "Mozilla/5.0 (compatible; Baiduspider/2.0; +http://www.baidu.com/search/spider.html)"
123.125.71.95 - - [22/Oct/2011:11:11:59 +0200] "GET / HTTP/1.1" 200 326 "-" "Mozilla/5.0 (compatible; Baiduspider/2.0; +http://www.baidu.com/search/spider.html)"
220.181.108.162 - - [22/Oct/2011:14:40:01 +0200] "GET /robots.txt HTTP/1.1" 404 1256 "-" "Baiduspider+(+http://www.baidu.com/search/spider.htm)"
93.94.245.67 - - [22/Oct/2011:16:05:16 +0200] "GET / HTTP/1.0" 200 326 "-" "AutoIt"
93.94.245.67 - - [22/Oct/2011:16:05:18 +0200] "GET / HTTP/1.0" 200 326 "-" "AutoIt"
93.94.245.67 - - [22/Oct/2011:16:05:23 +0200] "GET / HTTP/1.0" 200 326 "-" "AutoIt"
93.94.245.67 - - [22/Oct/2011:16:05:24 +0200] "GET / HTTP/1.0" 200 326 "-" "AutoIt"
93.94.245.67 - - [22/Oct/2011:16:05:26 +0200] "GET /impressum/index.html HTTP/1.0" 404 1256 "-" "AutoIt"
93.94.245.67 - - [22/Oct/2011:16:05:30 +0200] "GET /impressum/index.htm HTTP/1.0" 404 1256 "-" "AutoIt"
93.94.245.67 - - [22/Oct/2011:16:05:34 +0200] "GET /impressum/index.php HTTP/1.0" 404 1256 "-" "AutoIt"
93.94.245.67 - - [22/Oct/2011:16:05:38 +0200] "GET /kontakt/index.html HTTP/1.0" 404 1256 "-" "AutoIt"
93.94.245.67 - - [22/Oct/2011:16:05:42 +0200] "GET /contact/index.html HTTP/1.0" 404 1256 "-" "AutoIt"
93.94.245.67 - - [22/Oct/2011:16:05:45 +0200] "GET /kontakt/index.htm HTTP/1.0" 404 1256 "-" "AutoIt"
207.46.204.189 - - [22/Oct/2011:19:19:13 +0200] "GET /robots.txt HTTP/1.1" 404 1256 "-" "Mozilla/5.0 (compatible; bingbot/2.0; +http://www.bing.com/bingbot.htm)"
207.46.204.189 - - [22/Oct/2011:19:20:00 +0200] "GET / HTTP/1.1" 304 - "-" "Mozilla/5.0 (compatible; bingbot/2.0; +http://www.bing.com/bingbot.htm)"
123.125.71.25 - - [22/Oct/2011:19:28:48 +0200] "GET / HTTP/1.1" 200 326 "-" "Mozilla/5.0 (compatible; Baiduspider/2.0; +http://www.baidu.com/search/spider.html)"
220.181.108.93 - - [22/Oct/2011:19:28:54 +0200] "GET / HTTP/1.1" 200 326 "-" "Mozilla/5.0 (compatible; Baiduspider/2.0; +http://www.baidu.com/search/spider.html)"
67.195.113.217 - - [22/Oct/2011:22:18:14 +0200] "GET /robots.txt HTTP/1.0" 404 1256 "-" "Mozilla/5.0 (compatible; Yahoo! Slurp; http://help.yahoo.com/help/us/ysearch/slurp)"
67.195.113.217 - - [22/Oct/2011:22:18:15 +0200] "GET / HTTP/1.0" 200 326 "-" "Mozilla/5.0 (compatible; Yahoo! Slurp; http://help.yahoo.com/help/us/ysearch/slurp)"
123.125.71.27 - - [23/Oct/2011:02:27:38 +0200] "GET / HTTP/1.1" 200 326 "-" "Mozilla/5.0 (compatible; Baiduspider/2.0; +http://www.baidu.com/search/spider.html)"
220.181.108.94 - - [23/Oct/2011:02:28:00 +0200] "GET / HTTP/1.1" 200 326 "-" "Mozilla/5.0 (compatible; Baiduspider/2.0; +http://www.baidu.com/search/spider.html)"
123.125.71.20 - - [23/Oct/2011:08:28:58 +0200] "GET / HTTP/1.1" 200 326 "-" "Mozilla/5.0 (compatible; Baiduspider/2.0; +http://www.baidu.com/search/spider.html)"
220.181.108.86 - - [23/Oct/2011:08:29:21 +0200] "GET / HTTP/1.1" 200 326 "-" "Mozilla/5.0 (compatible; Baiduspider/2.0; +http://www.baidu.com/search/spider.html)"
123.125.71.27 - - [23/Oct/2011:14:30:17 +0200] "GET / HTTP/1.1" 200 326 "-" "Mozilla/5.0 (compatible; Baiduspider/2.0; +http://www.baidu.com/search/spider.html)"
220.181.108.95 - - [23/Oct/2011:14:30:42 +0200] "GET / HTTP/1.1" 200 326 "-" "Mozilla/5.0 (compatible; Baiduspider/2.0; +http://www.baidu.com/search/spider.html)"
107.22.14.51 - - [23/Oct/2011:15:01:27 +0200] "GET / HTTP/1.0" 200 326 "http://www.webmasters-paradise.com" "Mozilla/4.0 (compatible; MSIE 7.0; Windows NT 6.0; Trident/4.0)"
220.181.108.157 - - [23/Oct/2011:19:21:18 +0200] "GET /robots.txt HTTP/1.1" 404 1256 "-" "Baiduspider+(+http://www.baidu.com/search/spider.htm)"
123.125.71.14 - - [23/Oct/2011:19:29:31 +0200] "GET / HTTP/1.1" 200 326 "-" "Mozilla/5.0 (compatible; Baiduspider/2.0; +http://www.baidu.com/search/spider.html)"
220.181.108.91 - - [23/Oct/2011:19:29:52 +0200] "GET / HTTP/1.1" 200 326 "-" "Mozilla/5.0 (compatible; Baiduspider/2.0; +http://www.baidu.com/search/spider.html)"
123.125.71.19 - - [23/Oct/2011:20:29:30 +0200] "GET / HTTP/1.1" 200 326 "-" "Mozilla/5.0 (compatible; Baiduspider/2.0; +http://www.baidu.com/search/spider.html)"
220.181.108.80 - - [23/Oct/2011:20:29:53 +0200] "GET / HTTP/1.1" 200 326 "-" "Mozilla/5.0 (compatible; Baiduspider/2.0; +http://www.baidu.com/search/spider.html)"
74.52.245.146 - - [24/Oct/2011:07:41:38 +0200] "GET / HTTP/1.0" 200 326 "-" "Mozilla/5.0 (X11; U; Linux i686; en-US; rv:1.7.5) Gecko/20041107 Firefox/1.0"
123.125.71.73 - - [24/Oct/2011:07:49:40 +0200] "GET / HTTP/1.1" 200 326 "-" "Mozilla/5.0 (compatible; Baiduspider/2.0; +http://www.baidu.com/search/spider.html)"
220.181.108.87 - - [24/Oct/2011:08:30:04 +0200] "GET / HTTP/1.1" 200 326 "-" "Mozilla/5.0 (compatible; Baiduspider/2.0; +http://www.baidu.com/search/spider.html)"
123.125.71.32 - - [24/Oct/2011:08:32:56 +0200] "GET / HTTP/1.1" 200 326 "-" "Mozilla/5.0 (compatible; Baiduspider/2.0; +http://www.baidu.com/search/spider.html)"
123.125.71.32 - - [24/Oct/2011:13:30:08 +0200] "GET / HTTP/1.1" 200 326 "-" "Mozilla/5.0 (compatible; Baiduspider/2.0; +http://www.baidu.com/search/spider.html)"
220.181.108.83 - - [24/Oct/2011:13:30:33 +0200] "GET / HTTP/1.1" 200 326 "-" "Mozilla/5.0 (compatible; Baiduspider/2.0; +http://www.baidu.com/search/spider.html)"
220.181.108.143 - - [24/Oct/2011:23:36:36 +0200] "GET /robots.txt HTTP/1.1" 404 1256 "-" "Baiduspider+(+http://www.baidu.com/search/spider.htm)"
50.16.140.177 - - [24/Oct/2011:23:50:46 +0200] "GET / HTTP/1.0" 200 326 "http://www.designs-studio.com" "Mozilla/5.0 (compatible; MSIE 9.0; Windows NT 6.1; Trident/5.0)"
220.181.51.111 - - [25/Oct/2011:01:12:34 +0200] "GET / HTTP/1.1" 200 326 "-" "Mozilla/5.0 (Windows NT 5.1; rv:6.0.2) Gecko/20100101 Firefox/6.0.2"
205.178.190.237 - - [25/Oct/2011:01:26:33 +0200] "HEAD / HTTP/1.1" 200 - "-" "Mozilla/4.0 (compatible; MSIE 7.0; Windows NT 5.1; .NET CLR 1.1.4322; .NET CLR 2.0.50727)"
205.178.190.237 - - [25/Oct/2011:01:26:36 +0200] "GET / HTTP/1.1" 200 326 "-" "Mozilla/5.0 (Windows; U; Windows NT 5.1; en-US; rv:1.8.1.12) Gecko/20080201 Firefox/2.0.0.12"
205.178.190.237 - - [25/Oct/2011:01:35:53 +0200] "GET / HTTP/1.1" 200 326 "-" "Mozilla/4.0 (compatible; MSIE 7.0; Windows NT 5.1; .NET CLR 1.1.4322; .NET CLR 2.0.50727)"
205.178.190.237 - - [25/Oct/2011:01:35:54 +0200] "GET /robots.txt HTTP/1.1" 404 1256 "-" "Mozilla/4.0 (compatible; MSIE 6.0; Windows NT 5.2; SV1; .NET CLR 1.1.4322; .NET CLR 2.0.50727)"
123.125.71.23 - - [25/Oct/2011:02:28:36 +0200] "GET / HTTP/1.1" 200 326 "-" "Mozilla/5.0 (compatible; Baiduspider/2.0; +http://www.baidu.com/search/spider.html)"
220.181.108.86 - - [25/Oct/2011:02:28:57 +0200] "GET / HTTP/1.1" 200 326 "-" "Mozilla/5.0 (compatible; Baiduspider/2.0; +http://www.baidu.com/search/spider.html)"
220.181.108.112 - - [25/Oct/2011:02:44:21 +0200] "GET /robots.txt HTTP/1.1" 404 1256 "-" "Baiduspider+(+http://www.baidu.com/search/spider.htm)"
123.125.71.28 - - [25/Oct/2011:08:30:09 +0200] "GET / HTTP/1.1" 200 326 "-" "Mozilla/5.0 (compatible; Baiduspider/2.0; +http://www.baidu.com/search/spider.html)"
220.181.108.95 - - [25/Oct/2011:08:30:25 +0200] "GET / HTTP/1.1" 200 326 "-" "Mozilla/5.0 (compatible; Baiduspider/2.0; +http://www.baidu.com/search/spider.html)"
123.125.71.26 - - [25/Oct/2011:13:31:12 +0200] "GET / HTTP/1.1" 200 326 "-" "Mozilla/5.0 (compatible; Baiduspider/2.0; +http://www.baidu.com/search/spider.html)"
220.181.108.96 - - [25/Oct/2011:13:31:39 +0200] "GET / HTTP/1.1" 200 326 "-" "Mozilla/5.0 (compatible; Baiduspider/2.0; +http://www.baidu.com/search/spider.html)"
195.145.154.253 - - [25/Oct/2011:15:09:54 +0200] "GET / HTTP/1.1" 200 326 "http://www.google.de/url?sa=t&rct=j&q=www.rueling.comm&source=web&cd=2&ved=0CD0QFjAB&url=http%3A%2F%2Fwww.ruehling.com%2F&ei=CbWmTv61F8mA-waPkMyeDw&usg=AFQjCNGpCQvuwYAGa4bBGACi7WVW2jLu5A" "Mozilla/5.0 (compatible; MSIE 9.0; Windows NT 6.1; Trident/5.0)"
195.145.154.253 - - [25/Oct/2011:15:09:54 +0200] "GET /favicon.ico HTTP/1.1" 404 1256 "-" "Mozilla/5.0 (compatible; MSIE 9.0; Windows NT 6.1; Trident/5.0)"
195.145.154.253 - - [25/Oct/2011:15:10:33 +0200] "GET /favicon.ico HTTP/1.1" 404 1256 "-" "Mozilla/5.0 (compatible; MSIE 9.0; Windows NT 6.1; Trident/5.0)"
220.181.108.87 - - [26/Oct/2011:02:30:45 +0200] "GET / HTTP/1.1" 200 326 "-" "Mozilla/5.0 (compatible; Baiduspider/2.0; +http://www.baidu.com/search/spider.html)"
220.181.108.88 - - [26/Oct/2011:08:29:15 +0200] "GET / HTTP/1.1" 200 326 "-" "Mozilla/5.0 (compatible; Baiduspider/2.0; +http://www.baidu.com/search/spider.html)"
123.125.71.27 - - [26/Oct/2011:08:29:28 +0200] "GET / HTTP/1.1" 200 326 "-" "Mozilla/5.0 (compatible; Baiduspider/2.0; +http://www.baidu.com/search/spider.html)"
123.125.71.36 - - [26/Oct/2011:12:29:49 +0200] "GET / HTTP/1.1" 200 326 "-" "Mozilla/5.0 (compatible; Baiduspider/2.0; +http://www.baidu.com/search/spider.html)"
220.181.108.88 - - [26/Oct/2011:12:29:56 +0200] "GET / HTTP/1.1" 200 326 "-" "Mozilla/5.0 (compatible; Baiduspider/2.0; +http://www.baidu.com/search/spider.html)"
220.181.108.91 - - [26/Oct/2011:14:30:58 +0200] "GET / HTTP/1.1" 200 326 "-" "Mozilla/5.0 (compatible; Baiduspider/2.0; +http://www.baidu.com/search/spider.html)"
123.125.71.20 - - [26/Oct/2011:14:31:11 +0200] "GET / HTTP/1.1" 200 326 "-" "Mozilla/5.0 (compatible; Baiduspider/2.0; +http://www.baidu.com/search/spider.html)"
123.125.71.92 - - [26/Oct/2011:16:06:08 +0200] "GET / HTTP/1.1" 200 326 "-" "Mozilla/5.0 (compatible; Baiduspider/2.0; +http://www.baidu.com/search/spider.html)"
123.125.71.31 - - [26/Oct/2011:18:39:10 +0200] "GET / HTTP/1.1" 200 326 "-" "Mozilla/5.0 (compatible; Baiduspider/2.0; +http://www.baidu.com/search/spider.html)"
220.181.108.87 - - [26/Oct/2011:18:39:43 +0200] "GET / HTTP/1.1" 200 326 "-" "Mozilla/5.0 (compatible; Baiduspider/2.0; +http://www.baidu.com/search/spider.html)"
67.167.142.164 - - [26/Oct/2011:19:24:22 +0200] "GET / HTTP/1.1" 200 326 "-" "Mozilla/4.0 (compatible; MSIE 8.0; Windows NT 5.1; Trident/4.0; GTB7.1; .NET CLR 2.0.50727; .NET CLR 3.0.4506.2152; .NET CLR 3.5.30729; OfficeLiveConnector.1.3; OfficeLivePatch.0.0)"
