139.18.38.179 - - [25/Oct/2013:15:17:38 +0200] "GET /seiten/referenzen.htm HTTP/1.1" 200 40249 "" "webmeasurement-bot, http://rvs.informatik.uni-leipzig.de/bot.php"
139.18.38.179 - - [25/Oct/2013:15:17:48 +0200] "GET /seiten/service.htm HTTP/1.1" 200 9962 "" "webmeasurement-bot, http://rvs.informatik.uni-leipzig.de/bot.php"
139.18.38.179 - - [25/Oct/2013:15:18:05 +0200] "GET /seiten/kontakt.php HTTP/1.1" 200 12788 "" "webmeasurement-bot, http://rvs.informatik.uni-leipzig.de/bot.php"
139.18.38.179 - - [25/Oct/2013:15:18:25 +0200] "GET /seiten/impr.htm HTTP/1.1" 200 8696 "" "webmeasurement-bot, http://rvs.informatik.uni-leipzig.de/bot.php"
139.18.38.179 - - [25/Oct/2013:15:19:07 +0200] "GET /seiten/databund.html HTTP/1.1" 200 9125 "" "webmeasurement-bot, http://rvs.informatik.uni-leipzig.de/bot.php"
139.18.38.179 - - [25/Oct/2013:15:19:19 +0200] "GET /seiten/fsw.htm HTTP/1.1" 200 9961 "" "webmeasurement-bot, http://rvs.informatik.uni-leipzig.de/bot.php"
139.18.38.179 - - [25/Oct/2013:15:19:39 +0200] "GET /seiten/fahrlehrerwesen.htm HTTP/1.1" 200 7168 "" "webmeasurement-bot, http://rvs.informatik.uni-leipzig.de/bot.php"
139.18.38.179 - - [25/Oct/2013:15:20:23 +0200] "GET /seiten/kontroll.htm HTTP/1.1" 200 6599 "" "webmeasurement-bot, http://rvs.informatik.uni-leipzig.de/bot.php"
139.18.38.179 - - [25/Oct/2013:15:21:19 +0200] "GET /seiten/kraftverkehr.htm HTTP/1.1" 200 9210 "" "webmeasurement-bot, http://rvs.informatik.uni-leipzig.de/bot.php"
139.18.38.179 - - [25/Oct/2013:15:28:10 +0200] "GET /robots.txt HTTP/1.1" 404 1256 "" "webmeasurement-bot, http://rvs.informatik.uni-leipzig.de/bot.php"
139.18.38.179 - - [25/Oct/2013:15:28:14 +0200] "GET / HTTP/1.1" 200 7903 "" "webmeasurement-bot, http://rvs.informatik.uni-leipzig.de/bot.php"
139.18.38.179 - - [25/Oct/2013:15:28:28 +0200] "GET /seiten/produkte.htm HTTP/1.1" 200 9105 "" "webmeasurement-bot, http://rvs.informatik.uni-leipzig.de/bot.php"
139.18.38.179 - - [25/Oct/2013:15:28:41 +0200] "GET /seiten/partner.htm HTTP/1.1" 200 9458 "" "webmeasurement-bot, http://rvs.informatik.uni-leipzig.de/bot.php"
139.18.38.179 - - [25/Oct/2013:15:28:52 +0200] "GET /seiten/referenzen.htm HTTP/1.1" 200 40249 "" "webmeasurement-bot, http://rvs.informatik.uni-leipzig.de/bot.php"
139.18.38.179 - - [25/Oct/2013:15:29:06 +0200] "GET /seiten/service.htm HTTP/1.1" 200 9962 "" "webmeasurement-bot, http://rvs.informatik.uni-leipzig.de/bot.php"
139.18.38.179 - - [25/Oct/2013:15:29:21 +0200] "GET /seiten/kontakt.php HTTP/1.1" 200 12788 "" "webmeasurement-bot, http://rvs.informatik.uni-leipzig.de/bot.php"
139.18.38.179 - - [25/Oct/2013:15:29:38 +0200] "GET /seiten/impr.htm HTTP/1.1" 200 8696 "" "webmeasurement-bot, http://rvs.informatik.uni-leipzig.de/bot.php"
139.18.38.179 - - [25/Oct/2013:15:30:35 +0200] "GET /seiten/databund.html HTTP/1.1" 200 9125 "" "webmeasurement-bot, http://rvs.informatik.uni-leipzig.de/bot.php"
139.18.38.179 - - [25/Oct/2013:15:31:22 +0200] "GET /seiten/fsw.htm HTTP/1.1" 200 9961 "" "webmeasurement-bot, http://rvs.informatik.uni-leipzig.de/bot.php"
208.115.111.72 - - [25/Oct/2013:15:57:15 +0200] "GET /seiten/?S=D HTTP/1.1" 403 1222 "-" "Mozilla/5.0 (compatible; Ezooms/1.0; ezooms.bot@gmail.com)"
139.18.38.179 - - [25/Oct/2013:15:59:57 +0200] "GET /robots.txt HTTP/1.1" 404 1256 "" "webmeasurement-bot, http://rvs.informatik.uni-leipzig.de/bot.php"
139.18.38.179 - - [25/Oct/2013:16:00:03 +0200] "GET / HTTP/1.1" 200 7903 "" "webmeasurement-bot, http://rvs.informatik.uni-leipzig.de/bot.php"
139.18.38.179 - - [25/Oct/2013:16:00:12 +0200] "GET /seiten/produkte.htm HTTP/1.1" 200 9105 "" "webmeasurement-bot, http://rvs.informatik.uni-leipzig.de/bot.php"
139.18.38.179 - - [25/Oct/2013:16:00:20 +0200] "GET /seiten/partner.htm HTTP/1.1" 200 9458 "" "webmeasurement-bot, http://rvs.informatik.uni-leipzig.de/bot.php"
139.18.38.179 - - [25/Oct/2013:16:00:29 +0200] "GET /seiten/referenzen.htm HTTP/1.1" 200 40249 "" "webmeasurement-bot, http://rvs.informatik.uni-leipzig.de/bot.php"
139.18.38.179 - - [25/Oct/2013:16:00:38 +0200] "GET /seiten/service.htm HTTP/1.1" 200 9962 "" "webmeasurement-bot, http://rvs.informatik.uni-leipzig.de/bot.php"
139.18.38.179 - - [25/Oct/2013:16:00:51 +0200] "GET /seiten/kontakt.php HTTP/1.1" 200 12788 "" "webmeasurement-bot, http://rvs.informatik.uni-leipzig.de/bot.php"
139.18.38.179 - - [25/Oct/2013:16:01:01 +0200] "GET /seiten/impr.htm HTTP/1.1" 200 8696 "" "webmeasurement-bot, http://rvs.informatik.uni-leipzig.de/bot.php"
139.18.38.179 - - [25/Oct/2013:16:01:12 +0200] "GET /seiten/databund.html HTTP/1.1" 200 9125 "" "webmeasurement-bot, http://rvs.informatik.uni-leipzig.de/bot.php"
139.18.38.179 - - [25/Oct/2013:16:01:27 +0200] "GET /seiten/fsw.htm HTTP/1.1" 200 9961 "" "webmeasurement-bot, http://rvs.informatik.uni-leipzig.de/bot.php"
139.18.38.179 - - [25/Oct/2013:16:01:45 +0200] "GET /seiten/fahrlehrerwesen.htm HTTP/1.1" 200 7168 "" "webmeasurement-bot, http://rvs.informatik.uni-leipzig.de/bot.php"
139.18.38.179 - - [25/Oct/2013:16:02:00 +0200] "GET /seiten/kontroll.htm HTTP/1.1" 200 6599 "" "webmeasurement-bot, http://rvs.informatik.uni-leipzig.de/bot.php"
139.18.38.179 - - [25/Oct/2013:16:02:16 +0200] "GET /seiten/kraftverkehr.htm HTTP/1.1" 200 9210 "" "webmeasurement-bot, http://rvs.informatik.uni-leipzig.de/bot.php"
157.55.35.48 - - [25/Oct/2013:16:07:47 +0200] "GET /robots.txt HTTP/1.1" 404 1256 "-" "Mozilla/5.0 (compatible; bingbot/2.0; +http://www.bing.com/bingbot.htm)"
157.55.35.48 - - [25/Oct/2013:16:08:09 +0200] "GET /seiten/impr.htm HTTP/1.1" 200 8696 "-" "Mozilla/5.0 (compatible; bingbot/2.0; +http://www.bing.com/bingbot.htm)"
141.8.147.12 - - [25/Oct/2013:16:14:53 +0200] "GET / HTTP/1.1" 200 7903 "-" "Mozilla/5.0 (compatible; YandexBot/3.0; +http://yandex.com/bots)"
139.18.38.223 - - [25/Oct/2013:16:33:08 +0200] "GET /robots.txt HTTP/1.1" 404 1256 "" "webmeasurement-bot, http://rvs.informatik.uni-leipzig.de/bot.php"
139.18.38.223 - - [25/Oct/2013:16:33:15 +0200] "GET / HTTP/1.1" 200 7903 "" "webmeasurement-bot, http://rvs.informatik.uni-leipzig.de/bot.php"
139.18.38.223 - - [25/Oct/2013:16:33:22 +0200] "GET /seiten/databund.html HTTP/1.1" 200 9125 "" "webmeasurement-bot, http://rvs.informatik.uni-leipzig.de/bot.php"
139.18.38.223 - - [25/Oct/2013:16:33:32 +0200] "GET /seiten/produkte.htm HTTP/1.1" 200 9105 "" "webmeasurement-bot, http://rvs.informatik.uni-leipzig.de/bot.php"
139.18.38.223 - - [25/Oct/2013:16:33:41 +0200] "GET /seiten/partner.htm HTTP/1.1" 200 9458 "" "webmeasurement-bot, http://rvs.informatik.uni-leipzig.de/bot.php"
139.18.38.223 - - [25/Oct/2013:16:33:49 +0200] "GET /seiten/referenzen.htm HTTP/1.1" 200 40249 "" "webmeasurement-bot, http://rvs.informatik.uni-leipzig.de/bot.php"
139.18.38.223 - - [25/Oct/2013:16:33:56 +0200] "GET /seiten/service.htm HTTP/1.1" 200 9962 "" "webmeasurement-bot, http://rvs.informatik.uni-leipzig.de/bot.php"
139.18.38.223 - - [25/Oct/2013:16:34:08 +0200] "GET /seiten/kontakt.php HTTP/1.1" 200 12788 "" "webmeasurement-bot, http://rvs.informatik.uni-leipzig.de/bot.php"
139.18.38.223 - - [25/Oct/2013:16:34:16 +0200] "GET /seiten/impr.htm HTTP/1.1" 200 8696 "" "webmeasurement-bot, http://rvs.informatik.uni-leipzig.de/bot.php"
139.18.38.223 - - [25/Oct/2013:16:34:25 +0200] "GET /seiten/fsw.htm HTTP/1.1" 200 9961 "" "webmeasurement-bot, http://rvs.informatik.uni-leipzig.de/bot.php"
139.18.38.223 - - [25/Oct/2013:16:34:34 +0200] "GET /seiten/fahrlehrerwesen.htm HTTP/1.1" 200 7168 "" "webmeasurement-bot, http://rvs.informatik.uni-leipzig.de/bot.php"
139.18.38.223 - - [25/Oct/2013:16:34:40 +0200] "GET /seiten/kontroll.htm HTTP/1.1" 200 6599 "" "webmeasurement-bot, http://rvs.informatik.uni-leipzig.de/bot.php"
139.18.38.223 - - [25/Oct/2013:16:34:51 +0200] "GET /seiten/kraftverkehr.htm HTTP/1.1" 200 9210 "" "webmeasurement-bot, http://rvs.informatik.uni-leipzig.de/bot.php"
66.249.74.151 - - [25/Oct/2013:16:40:04 +0200] "GET /robots.txt HTTP/1.1" 404 1256 "-" "Mozilla/5.0 (compatible; Googlebot/2.1; +http://www.google.com/bot.html)"
66.249.74.151 - - [25/Oct/2013:16:40:04 +0200] "GET /seiten/fsw.htm HTTP/1.1" 200 9961 "-" "Mozilla/5.0 (compatible; Googlebot/2.1; +http://www.google.com/bot.html)"
157.55.35.48 - - [25/Oct/2013:17:07:30 +0200] "GET /robots.txt HTTP/1.1" 404 1256 "-" "Mozilla/5.0 (compatible; bingbot/2.0; +http://www.bing.com/bingbot.htm)"
157.55.35.48 - - [25/Oct/2013:17:09:34 +0200] "GET /seiten/impr.htm HTTP/1.1" 200 8696 "-" "Mozilla/5.0 (compatible; bingbot/2.0; +http://www.bing.com/bingbot.htm)"
66.249.74.151 - - [25/Oct/2013:17:21:07 +0200] "GET / HTTP/1.1" 200 7903 "-" "DoCoMo/2.0 N905i(c100;TB;W24H16) (compatible; Googlebot-Mobile/2.1; +http://www.google.com/bot.html)"
66.249.74.151 - - [25/Oct/2013:18:18:16 +0200] "GET /seiten/kraftverkehr.htm HTTP/1.1" 200 9210 "-" "Mozilla/5.0 (compatible; Googlebot/2.1; +http://www.google.com/bot.html)"
85.186.103.66 - - [25/Oct/2013:18:53:08 +0200] "GET / HTTP/1.1" 200 7903 "-" "-"
208.115.111.72 - - [25/Oct/2013:18:59:59 +0200] "GET /robots.txt HTTP/1.1" 404 1256 "-" "Mozilla/5.0 (compatible; Ezooms/1.0; ezooms.bot@gmail.com)"
66.249.74.151 - - [25/Oct/2013:19:07:50 +0200] "GET /seiten/impr.htm HTTP/1.1" 200 8696 "-" "Mozilla/5.0 (compatible; Googlebot/2.1; +http://www.google.com/bot.html)"
66.249.74.151 - - [25/Oct/2013:19:13:26 +0200] "GET /seiten/produkte.htm HTTP/1.1" 304 - "-" "Mozilla/5.0 (compatible; Googlebot/2.1; +http://www.google.com/bot.html)"
66.249.74.151 - - [25/Oct/2013:19:26:32 +0200] "GET /seiten/kontakt.php HTTP/1.1" 200 12788 "-" "Mozilla/5.0 (compatible; Googlebot/2.1; +http://www.google.com/bot.html)"
66.249.74.151 - - [25/Oct/2013:19:44:23 +0200] "GET /css/style.css HTTP/1.1" 200 3549 "-" "Mozilla/5.0 (compatible; Googlebot/2.1; +http://www.google.com/bot.html)"
141.8.147.12 - - [25/Oct/2013:20:19:30 +0200] "GET /robots.txt HTTP/1.1" 404 1256 "-" "Mozilla/5.0 (compatible; YandexBot/3.0; +http://yandex.com/bots)"
141.8.147.12 - - [25/Oct/2013:20:19:30 +0200] "GET /robots.txt HTTP/1.1" 404 1256 "-" "Mozilla/5.0 (compatible; YandexBot/3.0; +http://yandex.com/bots)"
141.8.147.12 - - [25/Oct/2013:20:19:31 +0200] "GET /robots.txt HTTP/1.1" 404 1256 "-" "Mozilla/5.0 (compatible; YandexBot/3.0; +http://yandex.com/bots)"
141.8.147.12 - - [25/Oct/2013:20:19:32 +0200] "GET /robots.txt HTTP/1.1" 404 1256 "-" "Mozilla/5.0 (compatible; YandexBot/3.0; +http://yandex.com/bots)"
141.8.147.12 - - [25/Oct/2013:20:19:33 +0200] "GET / HTTP/1.1" 200 7903 "-" "Mozilla/5.0 (compatible; YandexBot/3.0; +http://yandex.com/bots)"
141.8.147.12 - - [25/Oct/2013:20:19:33 +0200] "GET / HTTP/1.1" 200 7903 "-" "Mozilla/5.0 (compatible; YandexBot/3.0; +http://yandex.com/bots)"
141.8.147.12 - - [25/Oct/2013:20:19:34 +0200] "GET / HTTP/1.1" 200 7903 "-" "Mozilla/5.0 (compatible; YandexBot/3.0; +http://yandex.com/bots)"
141.8.147.12 - - [25/Oct/2013:20:19:35 +0200] "GET / HTTP/1.1" 200 7903 "-" "Mozilla/5.0 (compatible; YandexBot/3.0; +http://yandex.com/bots)"
141.8.147.12 - - [25/Oct/2013:20:19:36 +0200] "GET / HTTP/1.1" 200 7903 "-" "Mozilla/5.0 (compatible; YandexBot/3.0; +http://yandex.com/bots)"
141.8.147.12 - - [25/Oct/2013:20:19:36 +0200] "GET / HTTP/1.1" 200 7903 "-" "Mozilla/5.0 (compatible; YandexBot/3.0; +http://yandex.com/bots)"
87.122.43.32 - - [25/Oct/2013:20:21:41 +0200] "HEAD / HTTP/1.1" 200 - "-" "WWW-Mechanize/1.73"
87.122.43.32 - - [25/Oct/2013:20:21:41 +0200] "GET / HTTP/1.1" 200 7903 "-" "WWW-Mechanize/1.73"
66.249.74.151 - - [25/Oct/2013:20:22:39 +0200] "GET /seiten/referenzen.htm HTTP/1.1" 304 - "-" "Mozilla/5.0 (compatible; Googlebot/2.1; +http://www.google.com/bot.html)"
31.17.120.184 - - [25/Oct/2013:20:31:14 +0200] "GET /seiten/referenzen.htm HTTP/1.1" 200 40249 "http://www.prokommunal.com/seiten/partner.htm" "Mozilla/5.0 (Windows NT 6.2; WOW64) AppleWebKit/537.36 (KHTML, like Gecko) Chrome/30.0.1599.69 Safari/537.36 OPR/17.0.1241.45"
31.17.120.184 - - [25/Oct/2013:20:31:16 +0200] "GET /css/style.css HTTP/1.1" 200 3549 "http://www.prokommunal.com/seiten/referenzen.htm" "Mozilla/5.0 (Windows NT 6.2; WOW64) AppleWebKit/537.36 (KHTML, like Gecko) Chrome/30.0.1599.69 Safari/537.36 OPR/17.0.1241.45"
31.17.120.184 - - [25/Oct/2013:20:31:16 +0200] "GET /scripte/basics.js HTTP/1.1" 200 198 "http://www.prokommunal.com/seiten/referenzen.htm" "Mozilla/5.0 (Windows NT 6.2; WOW64) AppleWebKit/537.36 (KHTML, like Gecko) Chrome/30.0.1599.69 Safari/537.36 OPR/17.0.1241.45"
31.17.120.184 - - [25/Oct/2013:20:31:16 +0200] "GET /img/head01.jpg HTTP/1.1" 200 6350 "http://www.prokommunal.com/seiten/referenzen.htm" "Mozilla/5.0 (Windows NT 6.2; WOW64) AppleWebKit/537.36 (KHTML, like Gecko) Chrome/30.0.1599.69 Safari/537.36 OPR/17.0.1241.45"
31.17.120.184 - - [25/Oct/2013:20:31:17 +0200] "GET /img/head02.jpg HTTP/1.1" 200 4929 "http://www.prokommunal.com/seiten/referenzen.htm" "Mozilla/5.0 (Windows NT 6.2; WOW64) AppleWebKit/537.36 (KHTML, like Gecko) Chrome/30.0.1599.69 Safari/537.36 OPR/17.0.1241.45"
31.17.120.184 - - [25/Oct/2013:20:31:17 +0200] "GET /img/head03.jpg HTTP/1.1" 200 7610 "http://www.prokommunal.com/seiten/referenzen.htm" "Mozilla/5.0 (Windows NT 6.2; WOW64) AppleWebKit/537.36 (KHTML, like Gecko) Chrome/30.0.1599.69 Safari/537.36 OPR/17.0.1241.45"
31.17.120.184 - - [25/Oct/2013:20:31:18 +0200] "GET /img/top.gif HTTP/1.1" 200 96 "http://www.prokommunal.com/seiten/referenzen.htm" "Mozilla/5.0 (Windows NT 6.2; WOW64) AppleWebKit/537.36 (KHTML, like Gecko) Chrome/30.0.1599.69 Safari/537.36 OPR/17.0.1241.45"
31.17.120.184 - - [25/Oct/2013:20:31:19 +0200] "GET /img/men_01.jpg HTTP/1.1" 200 713 "http://www.prokommunal.com/seiten/referenzen.htm" "Mozilla/5.0 (Windows NT 6.2; WOW64) AppleWebKit/537.36 (KHTML, like Gecko) Chrome/30.0.1599.69 Safari/537.36 OPR/17.0.1241.45"
31.17.120.184 - - [25/Oct/2013:20:31:19 +0200] "GET /redesign/img/bg_gelb.jpg HTTP/1.1" 200 368 "http://www.prokommunal.com/seiten/referenzen.htm" "Mozilla/5.0 (Windows NT 6.2; WOW64) AppleWebKit/537.36 (KHTML, like Gecko) Chrome/30.0.1599.69 Safari/537.36 OPR/17.0.1241.45"
31.17.120.184 - - [25/Oct/2013:20:31:19 +0200] "GET /redesign/img/bg_foot.gif HTTP/1.1" 200 286 "http://www.prokommunal.com/seiten/referenzen.htm" "Mozilla/5.0 (Windows NT 6.2; WOW64) AppleWebKit/537.36 (KHTML, like Gecko) Chrome/30.0.1599.69 Safari/537.36 OPR/17.0.1241.45"
208.115.111.72 - - [25/Oct/2013:20:50:13 +0200] "GET /seiten/service.htm HTTP/1.1" 200 9962 "-" "Mozilla/5.0 (compatible; Ezooms/1.0; ezooms.bot@gmail.com)"
178.33.122.74 - - [25/Oct/2013:20:50:39 +0200] "GET /seiten/referenzen.htm HTTP/1.1" 200 40249 "-" "Mozilla/5.0 (X11; Linux i686; rv:6.0) Gecko/20100101 Firefox/6.0"
178.33.122.74 - - [25/Oct/2013:20:50:46 +0200] "GET /seiten/impr.htm HTTP/1.1" 200 8696 "-" "Mozilla/5.0 (X11; Linux i686; rv:6.0) Gecko/20100101 Firefox/6.0"
178.33.122.74 - - [25/Oct/2013:20:50:48 +0200] "GET /seiten/kontakt.php HTTP/1.1" 200 12788 "-" "Mozilla/5.0 (X11; Linux i686; rv:6.0) Gecko/20100101 Firefox/6.0"
208.115.113.87 - - [25/Oct/2013:21:01:18 +0200] "GET /robots.txt HTTP/1.1" 404 1256 "-" "Mozilla/5.0 (compatible; Ezooms/1.0; ezooms.bot@gmail.com)"
87.168.153.131 - - [25/Oct/2013:21:04:24 +0200] "GET /seiten/kraftverkehr.htm HTTP/1.1" 200 9210 "http://www.google.de/url?sa=t&rct=j&q=&esrc=s&frm=1&source=web&cd=1&ved=0CDAQFjAA&url=http%3A%2F%2Fwww.prokommunal.com%2Fseiten%2Fkraftverkehr.htm&ei=cMBqUpOzG8OBtAbNkoGQDA&usg=AFQjCNEk6UFuAyXGh3DU_JRI-dx1CGbYqQ&bvm=bv.55123115,d.Yms" "Mozilla/5.0 (compatible; MSIE 9.0; Windows NT 6.1; WOW64; Trident/5.0; MAM3)"
87.168.153.131 - - [25/Oct/2013:21:04:24 +0200] "GET /css/style.css HTTP/1.1" 200 3549 "http://www.prokommunal.com/seiten/kraftverkehr.htm" "Mozilla/5.0 (compatible; MSIE 9.0; Windows NT 6.1; WOW64; Trident/5.0; MAM3)"
87.168.153.131 - - [25/Oct/2013:21:04:24 +0200] "GET /css/style.css HTTP/1.1" 200 3549 "http://www.prokommunal.com/seiten/kraftverkehr.htm" "Mozilla/5.0 (compatible; MSIE 9.0; Windows NT 6.1; WOW64; Trident/5.0; MAM3)"
87.168.153.131 - - [25/Oct/2013:21:04:24 +0200] "GET /scripte/basics.js HTTP/1.1" 200 198 "http://www.prokommunal.com/seiten/kraftverkehr.htm" "Mozilla/5.0 (compatible; MSIE 9.0; Windows NT 6.1; WOW64; Trident/5.0; MAM3)"
87.168.153.131 - - [25/Oct/2013:21:04:24 +0200] "GET /img/head01.jpg HTTP/1.1" 200 6350 "http://www.prokommunal.com/seiten/kraftverkehr.htm" "Mozilla/5.0 (compatible; MSIE 9.0; Windows NT 6.1; WOW64; Trident/5.0; MAM3)"
87.168.153.131 - - [25/Oct/2013:21:04:24 +0200] "GET /img/head02.jpg HTTP/1.1" 200 4929 "http://www.prokommunal.com/seiten/kraftverkehr.htm" "Mozilla/5.0 (compatible; MSIE 9.0; Windows NT 6.1; WOW64; Trident/5.0; MAM3)"
87.168.153.131 - - [25/Oct/2013:21:04:24 +0200] "GET /img/head03.jpg HTTP/1.1" 200 7610 "http://www.prokommunal.com/seiten/kraftverkehr.htm" "Mozilla/5.0 (compatible; MSIE 9.0; Windows NT 6.1; WOW64; Trident/5.0; MAM3)"
87.168.153.131 - - [25/Oct/2013:21:04:24 +0200] "GET /img/1px_tr.gif HTTP/1.1" 200 43 "http://www.prokommunal.com/seiten/kraftverkehr.htm" "Mozilla/5.0 (compatible; MSIE 9.0; Windows NT 6.1; WOW64; Trident/5.0; MAM3)"
87.168.153.131 - - [25/Oct/2013:21:04:24 +0200] "GET /img/top.gif HTTP/1.1" 200 96 "http://www.prokommunal.com/seiten/kraftverkehr.htm" "Mozilla/5.0 (compatible; MSIE 9.0; Windows NT 6.1; WOW64; Trident/5.0; MAM3)"
87.168.153.131 - - [25/Oct/2013:21:04:25 +0200] "GET /redesign/img/bg_foot.gif HTTP/1.1" 200 286 "http://www.prokommunal.com/seiten/kraftverkehr.htm" "Mozilla/5.0 (compatible; MSIE 9.0; Windows NT 6.1; WOW64; Trident/5.0; MAM3)"
87.168.153.131 - - [25/Oct/2013:21:04:25 +0200] "GET /img/men_01.jpg HTTP/1.1" 200 713 "http://www.prokommunal.com/seiten/kraftverkehr.htm" "Mozilla/5.0 (compatible; MSIE 9.0; Windows NT 6.1; WOW64; Trident/5.0; MAM3)"
87.168.153.131 - - [25/Oct/2013:21:04:25 +0200] "GET /redesign/img/bg_gelb.jpg HTTP/1.1" 200 368 "http://www.prokommunal.com/seiten/kraftverkehr.htm" "Mozilla/5.0 (compatible; MSIE 9.0; Windows NT 6.1; WOW64; Trident/5.0; MAM3)"
87.168.153.131 - - [25/Oct/2013:21:04:25 +0200] "GET /favicon.ico HTTP/1.1" 200 894 "-" "Mozilla/5.0 (compatible; MSIE 9.0; Windows NT 6.1; WOW64; Trident/5.0; MAM3)"
66.249.74.198 - - [25/Oct/2013:21:27:38 +0200] "GET /seiten/partner.htm HTTP/1.1" 200 9458 "-" "Mozilla/5.0 (iPhone; CPU iPhone OS 6_0 like Mac OS X) AppleWebKit/536.26 (KHTML, like Gecko) Version/6.0 Mobile/10A5376e Safari/8536.25 (compatible; Googlebot-Mobile/2.1; +http://www.google.com/bot.html)"
66.249.74.151 - - [25/Oct/2013:21:29:59 +0200] "GET /seiten/partner.htm HTTP/1.1" 200 9458 "-" "Mozilla/5.0 (compatible; Googlebot/2.1; +http://www.google.com/bot.html)"
123.125.71.48 - - [25/Oct/2013:21:30:39 +0200] "GET / HTTP/1.1" 200 7903 "-" "Mozilla/5.0 (compatible; Baiduspider/2.0; +http://www.baidu.com/search/spider.html)"
220.181.108.118 - - [25/Oct/2013:21:30:39 +0200] "GET / HTTP/1.1" 200 7903 "-" "Mozilla/5.0 (compatible; Baiduspider/2.0; +http://www.baidu.com/search/spider.html)"
66.249.74.151 - - [25/Oct/2013:21:34:40 +0200] "GET /seiten/service.htm HTTP/1.1" 200 9962 "-" "Mozilla/5.0 (compatible; Googlebot/2.1; +http://www.google.com/bot.html)"
66.249.74.198 - - [25/Oct/2013:21:38:06 +0200] "GET /css/style.css HTTP/1.1" 200 3549 "-" "Mozilla/5.0 (compatible; Googlebot/2.1; +http://www.google.com/bot.html)"
66.249.74.151 - - [25/Oct/2013:21:53:22 +0200] "GET /seiten/kontroll.htm HTTP/1.1" 200 6599 "-" "Mozilla/5.0 (compatible; Googlebot/2.1; +http://www.google.com/bot.html)"
66.249.74.151 - - [25/Oct/2013:22:21:26 +0200] "GET /seiten/databund.html HTTP/1.1" 200 9125 "-" "Mozilla/5.0 (compatible; Googlebot/2.1; +http://www.google.com/bot.html)"
66.249.74.198 - - [25/Oct/2013:22:39:12 +0200] "GET / HTTP/1.1" 200 7903 "-" "Mozilla/5.0 (compatible; Googlebot/2.1; +http://www.google.com/bot.html)"
208.115.113.87 - - [25/Oct/2013:23:06:07 +0200] "GET /seiten/referenzen.htm HTTP/1.1" 200 40249 "-" "Mozilla/5.0 (compatible; Ezooms/1.0; ezooms.bot@gmail.com)"
178.77.126.55 - - [25/Oct/2013:23:07:49 +0200] "GET /robots.txt HTTP/1.1" 404 1256 "-" "Mozilla/5.0 (compatible; CareerBot/1.1; +http://www.career-x.de/bot.html)"
178.77.126.55 - - [25/Oct/2013:23:07:49 +0200] "GET / HTTP/1.1" 200 7903 "-" "Mozilla/5.0 (compatible; CareerBot/1.1; +http://www.career-x.de/bot.html)"
66.249.74.151 - - [25/Oct/2013:23:13:48 +0200] "GET /seiten/fahrlehrerwesen.htm HTTP/1.1" 200 7168 "-" "Mozilla/5.0 (compatible; Googlebot/2.1; +http://www.google.com/bot.html)"
157.55.32.52 - - [25/Oct/2013:23:17:45 +0200] "GET /robots.txt HTTP/1.1" 404 1256 "-" "Mozilla/5.0 (compatible; bingbot/2.0; +http://www.bing.com/bingbot.htm)"
157.55.32.52 - - [25/Oct/2013:23:18:54 +0200] "GET / HTTP/1.1" 200 7903 "-" "Mozilla/5.0 (compatible; bingbot/2.0; +http://www.bing.com/bingbot.htm)"
80.190.97.212 - - [26/Oct/2013:00:42:40 +0200] "GET / HTTP/1.1" 200 7903 "-" "Mozilla/5.0 (X11; U; FreeBSD i386; en-US; rv:1.9.1.12) Gecko/20100912 Firefox/3.5.12"
80.190.97.212 - - [26/Oct/2013:01:22:38 +0200] "GET / HTTP/1.1" 200 7903 "-" "Mozilla/5.0 (X11; U; FreeBSD i386; en-US; rv:1.9.1.12) Gecko/20100912 Firefox/3.5.12"
123.125.71.41 - - [26/Oct/2013:01:27:45 +0200] "GET / HTTP/1.1" 200 7903 "-" "Mozilla/5.0 (compatible; Baiduspider/2.0; +http://www.baidu.com/search/spider.html)"
220.181.108.118 - - [26/Oct/2013:01:27:45 +0200] "GET / HTTP/1.1" 200 7903 "-" "Mozilla/5.0 (compatible; Baiduspider/2.0; +http://www.baidu.com/search/spider.html)"
80.190.97.212 - - [26/Oct/2013:02:06:57 +0200] "GET / HTTP/1.1" 200 7903 "-" "Mozilla/5.0 (X11; U; FreeBSD i386; en-US; rv:1.9.1.12) Gecko/20100912 Firefox/3.5.12"
123.125.71.35 - - [26/Oct/2013:02:28:24 +0200] "GET / HTTP/1.1" 200 7903 "-" "Mozilla/5.0 (compatible; Baiduspider/2.0; +http://www.baidu.com/search/spider.html)"
220.181.108.110 - - [26/Oct/2013:02:28:24 +0200] "GET / HTTP/1.1" 200 7903 "-" "Mozilla/5.0 (compatible; Baiduspider/2.0; +http://www.baidu.com/search/spider.html)"
80.190.97.212 - - [26/Oct/2013:02:46:21 +0200] "GET / HTTP/1.1" 200 7903 "-" "Mozilla/5.0 (X11; U; FreeBSD i386; en-US; rv:1.9.1.12) Gecko/20100912 Firefox/3.5.12"
66.249.74.198 - - [26/Oct/2013:03:20:09 +0200] "GET /robots.txt HTTP/1.1" 404 1256 "-" "Mozilla/5.0 (compatible; Googlebot/2.1; +http://www.google.com/bot.html)"
36.248.83.114 - - [26/Oct/2013:04:16:14 +0200] "GET /seiten/databund.html HTTP/1.1" 200 9125 "-" "Mozilla/4.0 (compatible; MSIE 6.0; Windows NT 5.1; SV1;)"
36.248.83.114 - - [26/Oct/2013:04:16:15 +0200] "GET /seiten/join.php HTTP/1.1" 404 1256 "http://www.prokommunal.com/seiten/join.php" "Mozilla/5.0 (Windows NT 5.1; rv:16.0) Gecko/20100101 Firefox/16.0"
36.248.83.114 - - [26/Oct/2013:04:16:16 +0200] "GET /seiten/ HTTP/1.1" 403 1222 "-" "Mozilla/4.0 (compatible; MSIE 6.0; Windows NT 5.1; SV1;)"
36.248.83.114 - - [26/Oct/2013:04:16:19 +0200] "GET /signup HTTP/1.1" 404 1256 "-" "Mozilla/4.0 (compatible; MSIE 6.0; Windows NT 5.1; SV1;)"
36.248.83.114 - - [26/Oct/2013:04:16:20 +0200] "GET /seiten/ HTTP/1.1" 403 1222 "-" "Mozilla/4.0 (compatible; MSIE 6.0; Windows NT 5.1; SV1;)"
36.248.83.114 - - [26/Oct/2013:04:16:21 +0200] "GET /seiten/ HTTP/1.1" 403 1222 "http://www.prokommunal.com/seiten/" "Mozilla/5.0 (Windows NT 5.1; rv:22.0) Gecko/20100101 Firefox/22.0"
36.248.83.114 - - [26/Oct/2013:04:16:22 +0200] "GET / HTTP/1.1" 200 7903 "http://www.prokommunal.com/" "Mozilla/5.0 (Windows NT 5.1; rv:22.0) Gecko/20100101 Firefox/22.0"
36.248.83.114 - - [26/Oct/2013:04:16:23 +0200] "GET /seiten/ HTTP/1.1" 403 1222 "http://www.prokommunal.com/seiten/" "Mozilla/5.0 (Windows NT 5.1; rv:11.0) Gecko/20100101 Firefox/11.0"
36.248.83.114 - - [26/Oct/2013:04:16:23 +0200] "GET /seiten/ HTTP/1.1" 403 1222 "-" "Mozilla/5.0 (Windows NT 6.1; WOW64; rv:24.0) Gecko/20100101 Firefox/24.0"
36.248.83.114 - - [26/Oct/2013:04:16:24 +0200] "GET /seiten/?s=Register HTTP/1.1" 403 1222 "http://www.prokommunal.com/seiten/" "Mozilla/4.0 (compatible; MSIE 6.0; Windows NT 5.1; SV1;)"
36.248.83.114 - - [26/Oct/2013:04:16:25 +0200] "GET /seiten/ HTTP/1.1" 403 1222 "-" "Mozilla/4.0 (compatible; MSIE 6.0; Windows NT 5.1; SV1;)"
36.248.83.114 - - [26/Oct/2013:04:16:26 +0200] "GET /seiten/tiki-register.php HTTP/1.1" 404 1256 "http://www.prokommunal.com/seiten/" "Mozilla/4.0 (compatible; MSIE 6.0; Windows NT 5.1; SV1;)"
36.248.83.114 - - [26/Oct/2013:04:16:27 +0200] "GET /?page=login&cmd=register HTTP/1.1" 200 7903 "http://www.prokommunal.com/" "Mozilla/5.0 (Windows NT 5.1; rv:21.0) Gecko/20100101 Firefox/21.0"
36.248.83.114 - - [26/Oct/2013:04:16:28 +0200] "GET /seiten/sign_up.html HTTP/1.1" 404 1256 "http://www.prokommunal.com/seiten/" "Mozilla/5.0 (Windows NT 5.1; rv:11.0) Gecko/20100101 Firefox/11.0"
36.248.83.114 - - [26/Oct/2013:04:16:28 +0200] "GET / HTTP/1.1" 200 7903 "-" "Mozilla/4.0 (compatible; MSIE 6.0; Windows NT 5.1; SV1;)"
36.248.83.114 - - [26/Oct/2013:04:16:30 +0200] "GET /seiten/ HTTP/1.1" 403 1222 "-" "Mozilla/4.0 (compatible; MSIE 6.0; Windows NT 5.1; SV1;)"
36.248.83.114 - - [26/Oct/2013:04:16:30 +0200] "GET /seiten/Class/Post.asp HTTP/1.1" 404 1256 "http://www.prokommunal.com/seiten/" "Mozilla/4.0 (compatible; MSIE 6.0; Windows NT 5.1; SV1;)"
36.248.83.114 - - [26/Oct/2013:04:16:31 +0200] "GET /seiten/reg.asp HTTP/1.1" 404 1256 "-" "Mozilla/4.0 (compatible; MSIE 6.0; Windows NT 5.1; SV1;)"
36.248.83.114 - - [26/Oct/2013:04:16:32 +0200] "GET /seiten/login.php HTTP/1.1" 404 1256 "-" "Mozilla/4.0 (compatible; MSIE 6.0; Windows NT 5.1; SV1;)"
36.248.83.114 - - [26/Oct/2013:04:16:33 +0200] "GET /seiten/ HTTP/1.1" 403 1222 "-" "Mozilla/4.0 (compatible; MSIE 6.0; Windows NT 5.1; SV1;)"
36.248.83.114 - - [26/Oct/2013:04:16:34 +0200] "GET /seiten/member.php?mod=logging&action=login HTTP/1.1" 404 1256 "http://www.prokommunal.com/seiten/" "Mozilla/4.0 (compatible; MSIE 6.0; Windows NT 5.1; SV1;)"
36.248.83.114 - - [26/Oct/2013:04:16:34 +0200] "GET /seiten/member/ HTTP/1.1" 404 1256 "-" "Mozilla/4.0 (compatible; MSIE 6.0; Windows NT 5.1; SV1;)"
36.248.83.114 - - [26/Oct/2013:04:16:35 +0200] "GET /seiten/ HTTP/1.1" 403 1222 "-" "Mozilla/4.0 (compatible; MSIE 6.0; Windows NT 5.1; SV1;)"
36.248.83.114 - - [26/Oct/2013:04:16:39 +0200] "GET /seiten/index.php?app=home&mod=public&act=register HTTP/1.1" 404 1256 "http://www.prokommunal.com/seiten/" "Mozilla/4.0 (compatible; MSIE 6.0; Windows NT 5.1; SV1;)"
36.248.83.114 - - [26/Oct/2013:04:16:40 +0200] "GET /index.php?app=home&mod=public&act=register HTTP/1.1" 404 1256 "http://www.prokommunal.com/seiten/" "Mozilla/4.0 (compatible; MSIE 6.0; Windows NT 5.1; SV1;)"
36.248.83.114 - - [26/Oct/2013:04:16:40 +0200] "GET /seiten/modules.php?app=user_reg HTTP/1.1" 404 1256 "http://www.prokommunal.com/seiten/" "Mozilla/4.0 (compatible; MSIE 6.0; Windows NT 5.1; SV1;)"
36.248.83.114 - - [26/Oct/2013:04:16:41 +0200] "GET /seiten/ HTTP/1.1" 403 1222 "-" "Mozilla/4.0 (compatible; MSIE 6.0; Windows NT 5.1; SV1;)"
36.248.83.114 - - [26/Oct/2013:04:16:41 +0200] "GET /signup/ HTTP/1.1" 404 1256 "http://www.prokommunal.com/" "Mozilla/4.0 (compatible; MSIE 6.0; Windows NT 5.1; SV1;)"
36.248.83.114 - - [26/Oct/2013:04:16:42 +0200] "GET /tools/quicklogin.one HTTP/1.1" 404 1256 "http://www.prokommunal.com/" "Mozilla/4.0 (compatible; MSIE 6.0; Windows NT 5.1; SV1;)"
36.248.83.114 - - [26/Oct/2013:04:16:43 +0200] "GET /seiten/member/reg.php HTTP/1.1" 404 1256 "-" "Mozilla/4.0 (compatible; MSIE 6.0; Windows NT 5.1; SV1;)"
36.248.83.114 - - [26/Oct/2013:04:16:44 +0200] "GET /seiten/reg.asp HTTP/1.1" 404 1256 "-" "Mozilla/4.0 (compatible; MSIE 6.0; Windows NT 5.1; SV1;)"
36.248.83.114 - - [26/Oct/2013:04:16:44 +0200] "GET /seiten/ HTTP/1.1" 403 1222 "-" "Mozilla/4.0 (compatible; MSIE 6.0; Windows NT 5.1; SV1;)"
36.248.83.114 - - [26/Oct/2013:04:16:45 +0200] "GET /seiten/logging.php?action=login HTTP/1.1" 404 1256 "http://www.prokommunal.com/seiten/" "Mozilla/4.0 (compatible; MSIE 6.0; Windows NT 5.1; SV1;)"
36.248.83.114 - - [26/Oct/2013:04:16:46 +0200] "GET /seiten/index.php HTTP/1.1" 404 1256 "http://www.prokommunal.com/seiten/" "Mozilla/4.0 (compatible; MSIE 6.0; Windows NT 5.1; SV1;)"
36.248.83.114 - - [26/Oct/2013:04:16:46 +0200] "GET /seiten/register.php HTTP/1.1" 404 1256 "http://www.prokommunal.com/seiten/" "Mozilla/4.0 (compatible; MSIE 6.0; Windows NT 5.1; SV1;)"
36.248.83.114 - - [26/Oct/2013:04:16:47 +0200] "GET /seiten/login.php HTTP/1.1" 404 1256 "-" "Mozilla/4.0 (compatible; MSIE 6.0; Windows NT 5.1; SV1;)"
36.248.83.114 - - [26/Oct/2013:04:16:48 +0200] "GET /seiten/CreateUser.asp HTTP/1.1" 404 1256 "http://www.prokommunal.com/seiten/" "Mozilla/4.0 (compatible; MSIE 6.0; Windows NT 5.1; SV1;)"
36.248.83.114 - - [26/Oct/2013:04:16:48 +0200] "GET /seiten/login.php HTTP/1.1" 404 1256 "-" "Mozilla/4.0 (compatible; MSIE 6.0; Windows NT 5.1; SV1;)"
36.248.83.114 - - [26/Oct/2013:04:16:49 +0200] "GET /seiten/login.php?action=quit HTTP/1.1" 404 1256 "-" "Mozilla/4.0 (compatible; MSIE 6.0; Windows NT 5.1; SV1;)"
36.248.83.114 - - [26/Oct/2013:04:16:50 +0200] "GET /seiten/reg.asp HTTP/1.1" 404 1256 "-" "Mozilla/4.0 (compatible; MSIE 6.0; Windows NT 5.1; SV1;)"
36.248.83.114 - - [26/Oct/2013:04:16:51 +0200] "GET /seiten/?T=reg HTTP/1.1" 403 1222 "-" "Mozilla/4.0 (compatible; MSIE 6.0; Windows NT 5.1; SV1;)"
36.248.83.114 - - [26/Oct/2013:04:16:51 +0200] "GET /seiten/bokeindex.asp HTTP/1.1" 404 1256 "-" "Mozilla/4.0 (compatible; MSIE 6.0; Windows NT 5.1; SV1;)"
36.248.83.114 - - [26/Oct/2013:04:16:52 +0200] "GET /seiten/signup.php HTTP/1.1" 404 1256 "-" "Mozilla/4.0 (compatible; MSIE 6.0; Windows NT 5.1; SV1;)"
36.248.83.114 - - [26/Oct/2013:04:16:53 +0200] "GET /seiten/index.php?page=en_Signup HTTP/1.1" 404 1256 "-" "Mozilla/4.0 (compatible; MSIE 6.0; Windows NT 5.1; SV1;)"
36.248.83.114 - - [26/Oct/2013:04:16:53 +0200] "GET /seiten/index.php?do=/user/register/ HTTP/1.1" 404 1256 "http://www.prokommunal.com/seiten/" "Mozilla/4.0 (compatible; MSIE 6.0; Windows NT 5.1; SV1;)"
36.248.83.114 - - [26/Oct/2013:04:16:54 +0200] "GET /seiten/signup.php HTTP/1.1" 404 1256 "-" "Mozilla/4.0 (compatible; MSIE 6.0; Windows NT 5.1; SV1;)"
36.248.83.114 - - [26/Oct/2013:04:16:55 +0200] "GET /seiten/register.php HTTP/1.1" 404 1256 "-" "Mozilla/4.0 (compatible; MSIE 6.0; Windows NT 5.1; SV1;)"
36.248.83.114 - - [26/Oct/2013:04:16:56 +0200] "GET /seiten/ HTTP/1.1" 403 1222 "http://www.prokommunal.com/seiten/" "Mozilla/4.0 (compatible; MSIE 6.0; Windows NT 5.1; SV1;)"
36.248.83.114 - - [26/Oct/2013:04:16:59 +0200] "GET /seiten/ HTTP/1.1" 403 1222 "-" "Mozilla/4.0 (compatible; MSIE 6.0; Windows NT 5.1; SV1;)"
36.248.83.114 - - [26/Oct/2013:04:16:59 +0200] "GET /seiten/ HTTP/1.1" 403 1222 "-" "Mozilla/4.0 (compatible; MSIE 6.0; Windows NT 5.1; SV1;)"
36.248.83.114 - - [26/Oct/2013:04:17:00 +0200] "GET /seiten/ HTTP/1.1" 403 1222 "http://www.prokommunal.com/seiten/" "Mozilla/4.0 (compatible; MSIE 6.0; Windows NT 5.1; SV1;)"
36.248.83.114 - - [26/Oct/2013:04:17:01 +0200] "GET /seiten/index.php?option=com_registration&task=register HTTP/1.1" 404 1256 "http://www.prokommunal.com/seiten/index.php?option=com_registration&task=register" "Mozilla/4.0 (compatible; MSIE 6.0; Windows NT 5.1; SV1;)"
36.248.83.114 - - [26/Oct/2013:04:17:01 +0200] "GET /seiten/ HTTP/1.1" 403 1222 "-" "Mozilla/4.0 (compatible; MSIE 6.0; Windows NT 5.1; SV1;)"
36.248.83.114 - - [26/Oct/2013:04:17:02 +0200] "GET /seiten/registration_rules.asp?FID=0 HTTP/1.1" 404 1256 "http://www.prokommunal.com/seiten/registration_rules.asp?FID=0" "Mozilla/4.0 (compatible; MSIE 6.0; Windows NT 5.1; SV1;)"
36.248.83.114 - - [26/Oct/2013:04:17:03 +0200] "GET /seiten/register.php HTTP/1.1" 404 1256 "http://www.prokommunal.com/seiten/register.php" "Mozilla/4.0 (compatible; MSIE 6.0; Windows NT 5.1; SV1;)"
36.248.83.114 - - [26/Oct/2013:04:17:04 +0200] "GET /seiten/register.php HTTP/1.1" 404 1256 "http://www.prokommunal.com/seiten/" "Mozilla/4.0 (compatible; MSIE 6.0; Windows NT 5.1; SV1;)"
36.248.83.114 - - [26/Oct/2013:04:17:04 +0200] "GET /seiten/profile.php?mode=register&agreed=true&coppa=0 HTTP/1.1" 404 1256 "http://www.prokommunal.com/seiten/profile.php?mode=register" "Mozilla/4.0 (compatible; MSIE 6.0; Windows NT 5.1; SV1;)"
36.248.83.114 - - [26/Oct/2013:04:17:05 +0200] "GET /seiten/ucp.php?mode=register HTTP/1.1" 404 1256 "http://www.prokommunal.com/seiten/" "Mozilla/4.0 (compatible; MSIE 6.0; Windows NT 5.1; SV1;)"
36.248.83.114 - - [26/Oct/2013:04:17:06 +0200] "GET /seiten/ HTTP/1.1" 403 1222 "-" "Mozilla/5.0 (Windows NT 5.1; rv:23.0) Gecko/20100101 Firefox/23.0"
36.248.83.114 - - [26/Oct/2013:04:17:06 +0200] "GET /seiten/ HTTP/1.1" 403 1222 "-" "Mozilla/4.0 (compatible; MSIE 6.0; Windows NT 5.1; SV1;)"
36.248.83.114 - - [26/Oct/2013:04:17:07 +0200] "GET /seiten/signup.php HTTP/1.1" 404 1256 "http://www.prokommunal.com/seiten/" "Mozilla/4.0 (compatible; MSIE 6.0; Windows NT 5.1; SV1;)"
36.248.83.114 - - [26/Oct/2013:04:17:08 +0200] "GET /seiten/index.php?app=core&module=global§ion=register HTTP/1.1" 404 1256 "-" "Mozilla/4.0 (compatible; MSIE 6.0; Windows NT 5.1; SV1;)"
36.248.83.114 - - [26/Oct/2013:04:17:09 +0200] "GET /seiten/index.php?act=Reg&CODE=00 HTTP/1.1" 404 1256 "-" "Mozilla/4.0 (compatible; MSIE 6.0; Windows NT 5.1; SV1;)"
36.248.83.114 - - [26/Oct/2013:04:17:09 +0200] "GET /seiten/account/register.php HTTP/1.1" 404 1256 "http://www.prokommunal.com/seiten/" "Mozilla/4.0 (compatible; MSIE 6.0; Windows NT 5.1; SV1;)"
36.248.83.114 - - [26/Oct/2013:04:17:10 +0200] "GET /seiten/ HTTP/1.1" 403 1222 "-" "Mozilla/4.0 (compatible; MSIE 6.0; Windows NT 5.1; SV1;)"
36.248.83.114 - - [26/Oct/2013:04:17:11 +0200] "GET /seiten/ HTTP/1.1" 403 1222 "-" "Mozilla/4.0 (compatible; MSIE 6.0; Windows NT 5.1; SV1;)"
36.248.83.114 - - [26/Oct/2013:04:17:11 +0200] "GET /seiten/index.php?action=register HTTP/1.1" 404 1256 "http://www.prokommunal.com/seiten/" "Mozilla/4.0 (compatible; MSIE 6.0; Windows NT 5.1; SV1;)"
36.248.83.114 - - [26/Oct/2013:04:17:12 +0200] "GET /seiten/register.aspx HTTP/1.1" 404 1256 "http://www.prokommunal.com/seiten/" "Mozilla/4.0 (compatible; MSIE 6.0; Windows NT 5.1; SV1;)"
36.248.83.114 - - [26/Oct/2013:04:17:13 +0200] "GET /seiten/post.php HTTP/1.1" 404 1256 "-" "Mozilla/4.0 (compatible; MSIE 6.0; Windows NT 5.1; SV1;)"
36.248.83.114 - - [26/Oct/2013:04:17:14 +0200] "GET /seiten/ HTTP/1.1" 403 1222 "-" "Mozilla/4.0 (compatible; MSIE 6.0; Windows NT 5.1; SV1;)"
36.248.83.114 - - [26/Oct/2013:04:17:14 +0200] "GET /seiten/register.php?type=company HTTP/1.1" 404 1256 "-" "Mozilla/4.0 (compatible; MSIE 6.0; Windows NT 5.1; SV1;)"
36.248.83.114 - - [26/Oct/2013:04:17:15 +0200] "GET /seiten/member/register.php?type=company HTTP/1.1" 404 1256 "-" "Mozilla/4.0 (compatible; MSIE 6.0; Windows NT 5.1; SV1;)"
36.248.83.114 - - [26/Oct/2013:04:17:18 +0200] "GET /seiten/member.php/register.php?type=company HTTP/1.1" 404 1256 "-" "Mozilla/4.0 (compatible; MSIE 6.0; Windows NT 5.1; SV1;)"
36.248.83.114 - - [26/Oct/2013:04:17:19 +0200] "GET / HTTP/1.1" 200 7903 "-" "Mozilla/4.0 (compatible; MSIE 6.0; Windows NT 5.1; SV1;)"
36.248.83.114 - - [26/Oct/2013:04:17:20 +0200] "GET /register.php?type=company HTTP/1.1" 404 1256 "-" "Mozilla/4.0 (compatible; MSIE 6.0; Windows NT 5.1; SV1;)"
36.248.83.114 - - [26/Oct/2013:04:17:20 +0200] "GET /member/register.php?type=company HTTP/1.1" 404 1256 "-" "Mozilla/4.0 (compatible; MSIE 6.0; Windows NT 5.1; SV1;)"
36.248.83.114 - - [26/Oct/2013:04:17:21 +0200] "GET /member.php/register.php?type=company HTTP/1.1" 404 1256 "-" "Mozilla/4.0 (compatible; MSIE 6.0; Windows NT 5.1; SV1;)"
36.248.83.114 - - [26/Oct/2013:04:17:22 +0200] "GET /seiten/register.php HTTP/1.1" 404 1256 "-" "Mozilla/4.0 (compatible; MSIE 6.0; Windows NT 5.1; SV1;)"
36.248.83.114 - - [26/Oct/2013:04:17:23 +0200] "GET /seiten/reg.php HTTP/1.1" 404 1256 "-" "Mozilla/4.0 (compatible; MSIE 6.0; Windows NT 5.1; SV1;)"
36.248.83.114 - - [26/Oct/2013:04:17:23 +0200] "GET /seiten/login.php HTTP/1.1" 404 1256 "-" "Mozilla/4.0 (compatible; MSIE 6.0; Windows NT 5.1; SV1;)"
36.248.83.114 - - [26/Oct/2013:04:17:24 +0200] "GET /seiten/join.php HTTP/1.1" 404 1256 "http://www.prokommunal.com/seiten/" "Mozilla/4.0 (compatible; MSIE 6.0; Windows NT 5.1; SV1;)"
36.248.83.114 - - [26/Oct/2013:04:17:25 +0200] "GET /seiten/join_form.php HTTP/1.1" 404 1256 "http://www.prokommunal.com/seiten/" "Mozilla/4.0 (compatible; MSIE 6.0; Windows NT 5.1; SV1;)"
36.248.83.114 - - [26/Oct/2013:04:17:26 +0200] "GET /seiten/ HTTP/1.1" 403 1222 "-" "Mozilla/4.0 (compatible; MSIE 6.0; Windows NT 5.1; SV1;)"
36.248.83.114 - - [26/Oct/2013:04:17:26 +0200] "GET /seiten/signup HTTP/1.1" 404 1256 "http://www.prokommunal.com/seiten/" "Mozilla/4.0 (compatible; MSIE 6.0; Windows NT 5.1; SV1;)"
36.248.83.114 - - [26/Oct/2013:04:17:27 +0200] "GET /seiten/ HTTP/1.1" 403 1222 "-" "Mozilla/4.0 (compatible; MSIE 6.0; Windows NT 5.1; SV1;)"
36.248.83.114 - - [26/Oct/2013:04:17:28 +0200] "GET /seiten/ HTTP/1.1" 403 1222 "-" "Mozilla/4.0 (compatible; MSIE 6.0; Windows NT 5.1; SV1;)"
36.248.83.114 - - [26/Oct/2013:04:17:29 +0200] "GET /seiten/ HTTP/1.1" 403 1222 "-" "Mozilla/4.0 (compatible; MSIE 6.0; Windows NT 5.1; SV1;)"
36.248.83.114 - - [26/Oct/2013:04:17:29 +0200] "GET /seiten/signup HTTP/1.1" 404 1256 "http://www.prokommunal.com/seiten/" "Mozilla/4.0 (compatible; MSIE 6.0; Windows NT 5.1; SV1;)"
36.248.83.114 - - [26/Oct/2013:04:17:30 +0200] "GET /seiten/join.php HTTP/1.1" 404 1256 "-" "Mozilla/4.0 (compatible; MSIE 6.0; Windows NT 5.1; SV1;)"
36.248.83.114 - - [26/Oct/2013:04:17:31 +0200] "GET /seiten/index.php?p=member/signup HTTP/1.1" 404 1256 "http://www.prokommunal.com/seiten/" "Mozilla/4.0 (compatible; MSIE 6.0; Windows NT 5.1; SV1;)"
36.248.83.114 - - [26/Oct/2013:04:17:32 +0200] "GET /seiten/signup.php HTTP/1.1" 404 1256 "http://www.prokommunal.com/seiten/" "Mozilla/4.0 (compatible; MSIE 6.0; Windows NT 5.1; SV1;)"
36.248.83.114 - - [26/Oct/2013:04:17:32 +0200] "GET /member/register HTTP/1.1" 404 1256 "http://www.prokommunal.com/" "Mozilla/4.0 (compatible; MSIE 6.0; Windows NT 5.1; SV1;)"
36.248.83.114 - - [26/Oct/2013:04:17:33 +0200] "GET /index.php/forums/member/register HTTP/1.1" 404 1256 "http://www.prokommunal.com/" "Mozilla/4.0 (compatible; MSIE 6.0; Windows NT 5.1; SV1;)"
36.248.83.114 - - [26/Oct/2013:04:17:34 +0200] "GET /forum/member/register HTTP/1.1" 404 1256 "http://www.prokommunal.com/" "Mozilla/4.0 (compatible; MSIE 6.0; Windows NT 5.1; SV1;)"
36.248.83.114 - - [26/Oct/2013:04:17:34 +0200] "GET /seiten/signup.php HTTP/1.1" 404 1256 "http://www.prokommunal.com/seiten/" "Mozilla/4.0 (compatible; MSIE 6.0; Windows NT 5.1; SV1;)"
36.248.83.114 - - [26/Oct/2013:04:17:40 +0200] "GET /seiten/login.php?part=register HTTP/1.1" 404 1256 "http://www.prokommunal.com/seiten/" "Mozilla/4.0 (compatible; MSIE 6.0; Windows NT 5.1; SV1;)"
36.248.83.114 - - [26/Oct/2013:04:17:41 +0200] "GET /seiten/signup.php HTTP/1.1" 404 1256 "http://www.prokommunal.com/seiten/" "Mozilla/5.0 (Windows NT 6.1; WOW64; rv:24.0) Gecko/20100101 Firefox/24.0"
36.248.83.114 - - [26/Oct/2013:04:17:42 +0200] "GET /seiten/site/signup.php HTTP/1.1" 404 1256 "http://www.prokommunal.com/seiten/" "Mozilla/5.0 (Windows NT 6.1; WOW64; rv:24.0) Gecko/20100101 Firefox/24.0"
36.248.83.114 - - [26/Oct/2013:04:17:42 +0200] "GET /seiten/register.php HTTP/1.1" 404 1256 "http://www.prokommunal.com/seiten/" "Mozilla/4.0 (compatible; MSIE 6.0; Windows NT 5.1; SV1;)"
36.248.83.114 - - [26/Oct/2013:04:17:43 +0200] "GET /seiten/join.php HTTP/1.1" 404 1256 "http://www.prokommunal.com/seiten/" "Mozilla/4.0 (compatible; MSIE 6.0; Windows NT 5.1; SV1;)"
36.248.83.114 - - [26/Oct/2013:04:17:44 +0200] "GET /seiten/blogs/load/recent HTTP/1.1" 404 1256 "http://www.prokommunal.com/seiten/" "Mozilla/4.0 (compatible; MSIE 6.0; Windows NT 5.1; SV1;)"
36.248.83.114 - - [26/Oct/2013:04:17:45 +0200] "GET /seiten/ HTTP/1.1" 403 1222 "-" "Mozilla/4.0 (compatible; MSIE 6.0; Windows NT 5.1; SV1;)"
36.248.83.114 - - [26/Oct/2013:04:17:45 +0200] "GET /seiten/User/Register.aspx HTTP/1.1" 404 1256 "http://www.prokommunal.com/seiten/" "Mozilla/4.0 (compatible; MSIE 6.0; Windows NT 5.1; SV1;)"
36.248.83.114 - - [26/Oct/2013:04:17:46 +0200] "GET /seiten/member/join.php HTTP/1.1" 404 1256 "http://www.prokommunal.com/seiten/" "Mozilla/4.0 (compatible; MSIE 6.0; Windows NT 5.1; SV1;)"
36.248.83.114 - - [26/Oct/2013:04:17:47 +0200] "GET /seiten/index.php?page=blogs HTTP/1.1" 404 1256 "-" "Mozilla/4.0 (compatible; MSIE 6.0; Windows NT 5.1; SV1;)"
80.190.97.212 - - [26/Oct/2013:04:34:33 +0200] "GET / HTTP/1.1" 200 7903 "-" "Mozilla/5.0 (X11; U; FreeBSD i386; en-US; rv:1.9.1.12) Gecko/20100912 Firefox/3.5.12"
80.190.97.212 - - [26/Oct/2013:04:34:33 +0200] "GET / HTTP/1.1" 200 7903 "-" "Mozilla/5.0 (X11; U; FreeBSD i386; en-US; rv:1.9.1.12) Gecko/20100912 Firefox/3.5.12"
220.181.108.102 - - [26/Oct/2013:04:40:23 +0200] "GET / HTTP/1.1" 200 7903 "-" "Mozilla/5.0 (compatible; Baiduspider/2.0; +http://www.baidu.com/search/spider.html)"
123.125.71.45 - - [26/Oct/2013:04:40:25 +0200] "GET / HTTP/1.1" 200 7903 "-" "Mozilla/5.0 (compatible; Baiduspider/2.0; +http://www.baidu.com/search/spider.html)"
66.249.74.198 - - [26/Oct/2013:04:44:00 +0200] "GET /seiten/fahrlehrerwesen.htm HTTP/1.1" 304 - "-" "SAMSUNG-SGH-E250/1.0 Profile/MIDP-2.0 Configuration/CLDC-1.1 UP.Browser/6.2.3.3.c.1.101 (GUI) MMP/2.0 (compatible; Googlebot-Mobile/2.1; +http://www.google.com/bot.html)"
178.77.126.55 - - [26/Oct/2013:05:11:59 +0200] "GET /robots.txt HTTP/1.1" 404 1256 "-" "Mozilla/5.0 (compatible; CareerBot/1.1; +http://www.career-x.de/bot.html)"
178.77.126.55 - - [26/Oct/2013:05:11:59 +0200] "GET / HTTP/1.1" 200 7903 "-" "Mozilla/5.0 (compatible; CareerBot/1.1; +http://www.career-x.de/bot.html)"
178.255.215.65 - - [26/Oct/2013:05:54:22 +0200] "GET / HTTP/1.1" 304 - "-" "Mozilla/5.0 (compatible; Exabot/3.0; +http://www.exabot.com/go/robot)"
78.158.11.226 - - [26/Oct/2013:06:22:14 +0200] "GET / HTTP/1.1" 200 7903 "http://sameid.net/domain/www.prokommunal.com/" "Lynx/2.8.5rel.1 libwww-FM/2.15FC SSL-MM/1.4.1c OpenSSL/0.9.7e-dev"
78.158.11.226 - - [26/Oct/2013:06:22:14 +0200] "GET / HTTP/1.1" 200 7903 "http://www.google.com/url?sa=t&rct=j&q=www.prokommunal.com&source=web&cd=5&ved=0CF0QFjAE&url=http:%2F%2Fwww.prokommunal.com%2F&cad=rja" "Lynx/2.8.5rel.1 libwww-FM/2.15FC SSL-MM/1.4.1c OpenSSL/0.9.7e-dev"
78.158.11.226 - - [26/Oct/2013:06:22:14 +0200] "GET /./seiten/kontakt.php HTTP/1.1" 200 12788 "http://www.prokommunal.com/" "Lynx/2.8.5rel.1 libwww-FM/2.15FC SSL-MM/1.4.1c OpenSSL/0.9.7e-dev"
78.158.11.226 - - [26/Oct/2013:06:22:14 +0200] "GET /./seiten/kontakt.php HTTP/1.1" 200 12788 "-" "Lynx/2.8.5rel.1 libwww-FM/2.15FC SSL-MM/1.4.1c OpenSSL/0.9.7e-dev"
208.115.111.72 - - [26/Oct/2013:07:11:19 +0200] "GET /robots.txt HTTP/1.1" 404 1256 "-" "Mozilla/5.0 (compatible; Ezooms/1.0; ezooms.bot@gmail.com)"
157.55.33.123 - - [26/Oct/2013:08:34:17 +0200] "GET /robots.txt HTTP/1.1" 404 1256 "-" "Mozilla/5.0 (compatible; bingbot/2.0; +http://www.bing.com/bingbot.htm)"
157.55.33.123 - - [26/Oct/2013:08:42:40 +0200] "GET /seiten/referenzen.htm HTTP/1.1" 200 40249 "-" "Mozilla/5.0 (compatible; bingbot/2.0; +http://www.bing.com/bingbot.htm)"
101.226.167.251 - - [26/Oct/2013:08:59:55 +0200] "GET /robots.txt HTTP/1.1" 404 1256 "http://www.prokommunal.com/robots.txt" "Mozilla/4.0 (compatible; MSIE 8.0; Windows NT 6.1; Trident/4.0; SLCC2; .NET CLR 2.0.50727; .NET CLR 3.5.30729; .NET CLR 3.0.30729; Media Center PC 6.0; MDDR; .NET4.0C; .NET4.0E; .NET CLR 1.1.4322; Tablet PC 2.0); 360Spider"
208.115.111.72 - - [26/Oct/2013:09:04:23 +0200] "GET /seiten/produkte.htm HTTP/1.1" 200 9105 "-" "Mozilla/5.0 (compatible; Ezooms/1.0; ezooms.bot@gmail.com)"
66.249.74.198 - - [26/Oct/2013:10:12:54 +0200] "GET / HTTP/1.1" 200 7903 "-" "Mozilla/5.0 (iPhone; CPU iPhone OS 6_0 like Mac OS X) AppleWebKit/536.26 (KHTML, like Gecko) Version/6.0 Mobile/10A5376e Safari/8536.25 (compatible; Googlebot-Mobile/2.1; +http://www.google.com/bot.html)"
157.55.35.76 - - [26/Oct/2013:10:23:54 +0200] "GET /robots.txt HTTP/1.1" 404 1256 "-" "Mozilla/5.0 (compatible; bingbot/2.0; +http://www.bing.com/bingbot.htm)"
157.55.35.76 - - [26/Oct/2013:10:27:33 +0200] "GET / HTTP/1.1" 200 7903 "-" "Mozilla/5.0 (compatible; bingbot/2.0; +http://www.bing.com/bingbot.htm)"
188.165.195.156 - - [26/Oct/2013:10:39:29 +0200] "HEAD / HTTP/1.1" 200 - "-" "Mozilla/4.0 (compatible; MSIE 5.01; Windows NT 5.0)"
162.213.210.58 - - [26/Oct/2013:11:00:04 +0200] "GET / HTTP/1.1" 200 7903 "-" "Java/1.7.0_25"
208.115.111.72 - - [26/Oct/2013:11:10:28 +0200] "GET /robots.txt HTTP/1.1" 404 1256 "-" "Mozilla/5.0 (compatible; Ezooms/1.0; ezooms.bot@gmail.com)"
188.138.109.147 - - [26/Oct/2013:11:53:29 +0200] "HEAD / HTTP/1.1" 200 - "-" "curl/7.21.0 (x86_64-pc-linux-gnu) libcurl/7.21.0 OpenSSL/0.9.8o zlib/1.2.3.4 libidn/1.15 libssh2/1.2.6"
208.115.113.88 - - [26/Oct/2013:13:01:32 +0200] "GET /robots.txt HTTP/1.1" 404 1256 "-" "Mozilla/5.0 (compatible; Ezooms/1.0; ezooms.bot@gmail.com)"
208.115.111.72 - - [26/Oct/2013:13:02:06 +0200] "GET /seiten/kontakt.php HTTP/1.1" 200 12788 "-" "Mozilla/5.0 (compatible; Ezooms/1.0; ezooms.bot@gmail.com)"
83.243.48.3 - - [26/Oct/2013:13:25:14 +0200] "GET /gast-fsw/fsw_v51.zip HTTP/1.1" 200 21664003 "-" "Mozilla/4.0 (compatible; MSIE 8.0; Windows NT 5.1; Trident/4.0; GTB7.5; .NET CLR 1.1.4322; .NET CLR 2.0.50727; .NET CLR 3.0.04506.30; .NET CLR 3.0.04506.648; .NET CLR 3.0.4506.2152; .NET CLR 3.5.30729; .NET4.0C; .NET4.0E; InfoPath.3)"
123.125.71.85 - - [26/Oct/2013:13:29:35 +0200] "GET /robots.txt HTTP/1.1" 404 1256 "-" "Mozilla/5.0 (compatible; Baiduspider/2.0; +http://www.baidu.com/search/spider.html)"
208.115.113.88 - - [26/Oct/2013:13:58:48 +0200] "GET /seiten/kraftverkehr.htm HTTP/1.1" 200 9210 "-" "Mozilla/5.0 (compatible; Ezooms/1.0; ezooms.bot@gmail.com)"
66.249.78.242 - - [26/Oct/2013:15:36:31 +0200] "GET /robots.txt HTTP/1.1" 404 1256 "-" "Mozilla/5.0 (compatible; Googlebot/2.1; +http://www.google.com/bot.html)"
66.249.78.242 - - [26/Oct/2013:15:36:31 +0200] "GET /seiten/term13.pdf HTTP/1.1" 304 - "-" "Mozilla/5.0 (iPhone; CPU iPhone OS 6_0 like Mac OS X) AppleWebKit/536.26 (KHTML, like Gecko) Version/6.0 Mobile/10A5376e Safari/8536.25 (compatible; Googlebot-Mobile/2.1; +http://www.google.com/bot.html)"
157.55.35.48 - - [26/Oct/2013:15:59:00 +0200] "GET /robots.txt HTTP/1.1" 404 1256 "-" "Mozilla/5.0 (compatible; bingbot/2.0; +http://www.bing.com/bingbot.htm)"
157.55.35.48 - - [26/Oct/2013:16:00:10 +0200] "GET /seiten/impr.htm HTTP/1.1" 304 - "-" "Mozilla/5.0 (compatible; bingbot/2.0; +http://www.bing.com/bingbot.htm)"
83.233.207.74 - - [26/Oct/2013:16:31:03 +0200] "GET / HTTP/1.1" 200 7903 "-" "Mozilla/4.0 (CMS Crawler: http://www.cmscrawler.com)"
119.63.196.41 - - [26/Oct/2013:18:23:04 +0200] "GET / HTTP/1.1" 200 7903 "-" "Mozilla/5.0 (compatible; Baiduspider/2.0; +http://www.baidu.com/search/spider.html)"
66.249.66.211 - - [26/Oct/2013:20:03:19 +0200] "GET / HTTP/1.1" 200 7903 "-" "DoCoMo/2.0 N905i(c100;TB;W24H16) (compatible; Googlebot-Mobile/2.1; +http://www.google.com/bot.html)"
82.94.179.38 - - [26/Oct/2013:20:12:01 +0200] "GET /robots.txt HTTP/1.0" 404 1256 "-" "Mozilla/4.0 (compatible; Vagabondo/4.0/EU; http://webagent.wise-guys.nl/)"
82.94.179.38 - - [26/Oct/2013:20:12:01 +0200] "GET / HTTP/1.1" 200 7903 "http://www.prokommunal.com" "Mozilla/4.0 (compatible; Vagabondo/4.0/EU; http://www.wise-guys.nl/)"
46.105.114.127 - - [26/Oct/2013:20:31:03 +0200] "GET /seiten/referenzen.htm HTTP/1.1" 200 40249 "-" "Mozilla/5.0 (X11; Linux i686; rv:6.0) Gecko/20100101 Firefox/6.0"
193.111.141.44 - - [26/Oct/2013:21:28:03 +0200] "GET /seiten/referenzen.htm HTTP/1.1" 200 40249 "-" "Mozilla/5.0 (X11; Linux i686; rv:6.0) Gecko/20100101 Firefox/6.0"
157.55.33.15 - - [26/Oct/2013:22:18:57 +0200] "GET /robots.txt HTTP/1.1" 404 1256 "-" "Mozilla/5.0 (compatible; bingbot/2.0; +http://www.bing.com/bingbot.htm)"
157.55.33.15 - - [26/Oct/2013:22:20:29 +0200] "GET / HTTP/1.1" 200 7903 "-" "Mozilla/5.0 (compatible; bingbot/2.0; +http://www.bing.com/bingbot.htm)"
66.249.78.242 - - [26/Oct/2013:22:36:10 +0200] "GET /seiten/produkte.htm HTTP/1.1" 200 9105 "-" "Mozilla/5.0 (iPhone; CPU iPhone OS 6_0 like Mac OS X) AppleWebKit/536.26 (KHTML, like Gecko) Version/6.0 Mobile/10A5376e Safari/8536.25 (compatible; Googlebot-Mobile/2.1; +http://www.google.com/bot.html)"
66.249.78.242 - - [26/Oct/2013:22:46:38 +0200] "GET /css/style.css HTTP/1.1" 200 3549 "-" "Mozilla/5.0 (compatible; Googlebot/2.1; +http://www.google.com/bot.html)"
80.190.97.212 - - [27/Oct/2013:00:43:33 +0200] "GET / HTTP/1.1" 200 7903 "-" "Mozilla/5.0 (X11; U; FreeBSD i386; en-US; rv:1.9.1.12) Gecko/20100912 Firefox/3.5.12"
157.55.33.15 - - [27/Oct/2013:00:44:11 +0200] "GET /robots.txt HTTP/1.1" 404 1256 "-" "Mozilla/5.0 (compatible; bingbot/2.0; +http://www.bing.com/bingbot.htm)"
157.55.33.15 - - [27/Oct/2013:00:46:12 +0200] "GET / HTTP/1.1" 200 7903 "-" "Mozilla/5.0 (compatible; bingbot/2.0; +http://www.bing.com/bingbot.htm)"
157.55.32.61 - - [27/Oct/2013:01:11:12 +0200] "GET /seiten/kontroll.htm HTTP/1.1" 200 6599 "-" "Mozilla/5.0 (compatible; bingbot/2.0; +http://www.bing.com/bingbot.htm)"
80.190.97.212 - - [27/Oct/2013:01:25:54 +0200] "GET / HTTP/1.1" 200 7903 "-" "Mozilla/5.0 (X11; U; FreeBSD i386; en-US; rv:1.9.1.12) Gecko/20100912 Firefox/3.5.12"
66.249.66.211 - - [27/Oct/2013:01:28:17 +0200] "GET /seiten/fahrlehrerwesen.htm HTTP/1.1" 304 - "-" "DoCoMo/2.0 N905i(c100;TB;W24H16) (compatible; Googlebot-Mobile/2.1; +http://www.google.com/bot.html)"
157.55.35.40 - - [27/Oct/2013:01:35:07 +0200] "GET /seiten/kontroll.htm HTTP/1.1" 200 6599 "-" "Mozilla/5.0 (compatible; bingbot/2.0; +http://www.bing.com/bingbot.htm)"
157.55.35.40 - - [27/Oct/2013:01:55:00 +0200] "GET /seiten/kontroll.htm HTTP/1.1" 200 6599 "-" "Mozilla/5.0 (compatible; bingbot/2.0; +http://www.bing.com/bingbot.htm)"
80.190.97.212 - - [27/Oct/2013:02:09:21 +0200] "GET / HTTP/1.1" 200 7903 "-" "Mozilla/5.0 (X11; U; FreeBSD i386; en-US; rv:1.9.1.12) Gecko/20100912 Firefox/3.5.12"
157.56.229.185 - - [27/Oct/2013:02:12:59 +0200] "GET /css/style.css HTTP/1.1" 200 3549 "-" "Mozilla/5.0 (compatible; bingbot/2.0; +http://www.bing.com/bingbot.htm)"
