80.144.231.186 - - [08/Oct/2013:12:06:59 +0200] "GET /redesign/img/bg_foot.gif HTTP/1.1" 200 286 "http://www.prokommunal.com/css/style.css" "Mozilla/5.0 (Windows NT 6.1; WOW64; rv:24.0) Gecko/20100101 Firefox/24.0"
5.10.83.33 - - [08/Oct/2013:12:37:14 +0200] "GET /seiten/referenzen.htm HTTP/1.1" 200 40249 "-" "Mozilla/5.0 (compatible; AhrefsBot/5.0; +http://ahrefs.com/robot/)"
213.139.155.194 - - [08/Oct/2013:12:39:52 +0200] "GET / HTTP/1.0" 200 7903 "http://www.google.de/url?sa=t&rct=j&q=&esrc=s&source=web&cd=1&ved=0CDAQFjAA&url=http%3A%2F%2Fwww.prokommunal.com%2F&ei=8OBTUoGMO4GdtAa5ooAo&usg=AFQjCNF5ZvO5ecR3rprSCB3llFRGksZz8A&bvm=bv.53760139,d.Yms" "Mozilla/5.0 (Windows NT 5.1; rv:24.0) Gecko/20100101 Firefox/24.0"
213.139.155.194 - - [08/Oct/2013:12:39:52 +0200] "GET /css/style.css HTTP/1.0" 200 3549 "http://www.prokommunal.com/" "Mozilla/5.0 (Windows NT 5.1; rv:24.0) Gecko/20100101 Firefox/24.0"
213.139.155.194 - - [08/Oct/2013:12:39:52 +0200] "GET /favicon.ico HTTP/1.0" 200 894 "-" "Mozilla/5.0 (Windows NT 5.1; rv:24.0) Gecko/20100101 Firefox/24.0"
213.139.155.194 - - [08/Oct/2013:12:39:52 +0200] "GET /scripte/basics.js HTTP/1.0" 200 198 "http://www.prokommunal.com/" "Mozilla/5.0 (Windows NT 5.1; rv:24.0) Gecko/20100101 Firefox/24.0"
213.139.155.194 - - [08/Oct/2013:12:39:52 +0200] "GET /img/head01.jpg HTTP/1.0" 200 6350 "http://www.prokommunal.com/" "Mozilla/5.0 (Windows NT 5.1; rv:24.0) Gecko/20100101 Firefox/24.0"
213.139.155.194 - - [08/Oct/2013:12:39:52 +0200] "GET /img/head02.jpg HTTP/1.0" 200 4929 "http://www.prokommunal.com/" "Mozilla/5.0 (Windows NT 5.1; rv:24.0) Gecko/20100101 Firefox/24.0"
213.139.155.194 - - [08/Oct/2013:12:39:52 +0200] "GET /img/head03.jpg HTTP/1.0" 200 7610 "http://www.prokommunal.com/" "Mozilla/5.0 (Windows NT 5.1; rv:24.0) Gecko/20100101 Firefox/24.0"
213.139.155.194 - - [08/Oct/2013:12:39:53 +0200] "GET /redesign/img/bg_gelb.jpg HTTP/1.0" 200 368 "http://www.prokommunal.com/css/style.css" "Mozilla/5.0 (Windows NT 5.1; rv:24.0) Gecko/20100101 Firefox/24.0"
213.139.155.194 - - [08/Oct/2013:12:39:53 +0200] "GET /redesign/img/bg_foot.gif HTTP/1.0" 200 286 "http://www.prokommunal.com/css/style.css" "Mozilla/5.0 (Windows NT 5.1; rv:24.0) Gecko/20100101 Firefox/24.0"
213.139.155.194 - - [08/Oct/2013:12:40:07 +0200] "GET /seiten/service.htm HTTP/1.0" 200 9963 "http://www.prokommunal.com/" "Mozilla/5.0 (Windows NT 5.1; rv:24.0) Gecko/20100101 Firefox/24.0"
213.139.155.194 - - [08/Oct/2013:12:40:07 +0200] "GET /img/top.gif HTTP/1.0" 200 96 "http://www.prokommunal.com/seiten/service.htm" "Mozilla/5.0 (Windows NT 5.1; rv:24.0) Gecko/20100101 Firefox/24.0"
213.139.155.194 - - [08/Oct/2013:12:40:07 +0200] "GET /img/men_01.jpg HTTP/1.0" 200 713 "http://www.prokommunal.com/seiten/service.htm" "Mozilla/5.0 (Windows NT 5.1; rv:24.0) Gecko/20100101 Firefox/24.0"
213.139.155.194 - - [08/Oct/2013:12:40:07 +0200] "GET /redesign/img/term.jpg HTTP/1.0" 200 498 "http://www.prokommunal.com/css/style.css" "Mozilla/5.0 (Windows NT 5.1; rv:24.0) Gecko/20100101 Firefox/24.0"
213.139.155.194 - - [08/Oct/2013:12:40:16 +0200] "GET /seiten/produkte.htm HTTP/1.0" 200 9105 "http://www.prokommunal.com/seiten/service.htm" "Mozilla/5.0 (Windows NT 5.1; rv:24.0) Gecko/20100101 Firefox/24.0"
213.139.155.194 - - [08/Oct/2013:12:40:17 +0200] "GET /img/1px_tr.gif HTTP/1.0" 200 43 "http://www.prokommunal.com/seiten/produkte.htm" "Mozilla/5.0 (Windows NT 5.1; rv:24.0) Gecko/20100101 Firefox/24.0"
213.139.155.194 - - [08/Oct/2013:12:40:19 +0200] "GET /seiten/kraftverkehr.htm HTTP/1.0" 200 9210 "http://www.prokommunal.com/seiten/produkte.htm" "Mozilla/5.0 (Windows NT 5.1; rv:24.0) Gecko/20100101 Firefox/24.0"
85.22.148.10 - - [08/Oct/2013:13:08:28 +0200] "GET / HTTP/1.1" 200 7903 "-" "Mozilla/5.0 (Windows NT 5.1; rv:19.0) Gecko/20100101 Firefox/19.0"
85.22.148.10 - - [08/Oct/2013:13:08:28 +0200] "GET /css/style.css HTTP/1.1" 200 3549 "http://www.prokommunal.com/" "Mozilla/5.0 (Windows NT 5.1; rv:19.0) Gecko/20100101 Firefox/19.0"
85.22.148.10 - - [08/Oct/2013:13:08:28 +0200] "GET /scripte/basics.js HTTP/1.1" 200 198 "http://www.prokommunal.com/" "Mozilla/5.0 (Windows NT 5.1; rv:19.0) Gecko/20100101 Firefox/19.0"
85.22.148.10 - - [08/Oct/2013:13:08:28 +0200] "GET /img/head01.jpg HTTP/1.1" 200 6350 "http://www.prokommunal.com/" "Mozilla/5.0 (Windows NT 5.1; rv:19.0) Gecko/20100101 Firefox/19.0"
85.22.148.10 - - [08/Oct/2013:13:08:28 +0200] "GET /img/head02.jpg HTTP/1.1" 200 4929 "http://www.prokommunal.com/" "Mozilla/5.0 (Windows NT 5.1; rv:19.0) Gecko/20100101 Firefox/19.0"
85.22.148.10 - - [08/Oct/2013:13:08:28 +0200] "GET /img/head03.jpg HTTP/1.1" 200 7610 "http://www.prokommunal.com/" "Mozilla/5.0 (Windows NT 5.1; rv:19.0) Gecko/20100101 Firefox/19.0"
85.22.148.10 - - [08/Oct/2013:13:08:28 +0200] "GET /redesign/img/bg_gelb.jpg HTTP/1.1" 200 368 "http://www.prokommunal.com/css/style.css" "Mozilla/5.0 (Windows NT 5.1; rv:19.0) Gecko/20100101 Firefox/19.0"
85.22.148.10 - - [08/Oct/2013:13:08:28 +0200] "GET /redesign/img/bg_foot.gif HTTP/1.1" 200 286 "http://www.prokommunal.com/css/style.css" "Mozilla/5.0 (Windows NT 5.1; rv:19.0) Gecko/20100101 Firefox/19.0"
85.22.148.10 - - [08/Oct/2013:13:08:28 +0200] "GET /favicon.ico HTTP/1.1" 200 894 "-" "Mozilla/5.0 (Windows NT 5.1; rv:19.0) Gecko/20100101 Firefox/19.0"
85.22.148.10 - - [08/Oct/2013:13:08:34 +0200] "GET /seiten/produkte.htm HTTP/1.1" 200 9105 "http://www.prokommunal.com/" "Mozilla/5.0 (Windows NT 5.1; rv:19.0) Gecko/20100101 Firefox/19.0"
85.22.148.10 - - [08/Oct/2013:13:08:34 +0200] "GET /img/1px_tr.gif HTTP/1.1" 200 43 "http://www.prokommunal.com/seiten/produkte.htm" "Mozilla/5.0 (Windows NT 5.1; rv:19.0) Gecko/20100101 Firefox/19.0"
85.22.148.10 - - [08/Oct/2013:13:08:34 +0200] "GET /img/top.gif HTTP/1.1" 200 96 "http://www.prokommunal.com/seiten/produkte.htm" "Mozilla/5.0 (Windows NT 5.1; rv:19.0) Gecko/20100101 Firefox/19.0"
85.22.148.10 - - [08/Oct/2013:13:08:34 +0200] "GET /img/men_01.jpg HTTP/1.1" 200 713 "http://www.prokommunal.com/seiten/produkte.htm" "Mozilla/5.0 (Windows NT 5.1; rv:19.0) Gecko/20100101 Firefox/19.0"
85.22.148.10 - - [08/Oct/2013:13:08:37 +0200] "GET /seiten/fsw.htm HTTP/1.1" 200 9961 "http://www.prokommunal.com/seiten/produkte.htm" "Mozilla/5.0 (Windows NT 5.1; rv:19.0) Gecko/20100101 Firefox/19.0"
85.22.148.10 - - [08/Oct/2013:13:08:37 +0200] "GET /img/fsw.jpg HTTP/1.1" 200 10878 "http://www.prokommunal.com/seiten/fsw.htm" "Mozilla/5.0 (Windows NT 5.1; rv:19.0) Gecko/20100101 Firefox/19.0"
46.105.114.127 - - [08/Oct/2013:13:08:44 +0200] "GET / HTTP/1.1" 200 7903 "-" "Mozilla/5.0 (X11; Linux i686; rv:6.0) Gecko/20100101 Firefox/6.0"
81.7.13.161 - - [08/Oct/2013:13:08:51 +0200] "GET /./seiten/kontakt.php HTTP/1.1" 200 12788 "-" "Mozilla/5.0 (X11; Linux i686; rv:6.0) Gecko/20100101 Firefox/6.0"
176.57.143.60 - - [08/Oct/2013:13:08:51 +0200] "GET /./seiten/impr.htm HTTP/1.1" 200 8696 "-" "Mozilla/5.0 (X11; Linux i686; rv:6.0) Gecko/20100101 Firefox/6.0"
81.7.13.161 - - [08/Oct/2013:13:08:56 +0200] "GET /./seiten/service.htm HTTP/1.1" 200 9963 "-" "Mozilla/5.0 (X11; Linux i686; rv:6.0) Gecko/20100101 Firefox/6.0"
46.105.114.127 - - [08/Oct/2013:13:08:56 +0200] "GET /./seiten/produkte.htm HTTP/1.1" 200 9105 "-" "Mozilla/5.0 (X11; Linux i686; rv:6.0) Gecko/20100101 Firefox/6.0"
176.57.141.193 - - [08/Oct/2013:13:08:56 +0200] "GET /./seiten/referenzen.htm HTTP/1.1" 200 40249 "-" "Mozilla/5.0 (X11; Linux i686; rv:6.0) Gecko/20100101 Firefox/6.0"
176.57.141.254 - - [08/Oct/2013:13:08:56 +0200] "GET /./seiten/partner.htm HTTP/1.1" 200 9458 "-" "Mozilla/5.0 (X11; Linux i686; rv:6.0) Gecko/20100101 Firefox/6.0"
176.57.142.28 - - [08/Oct/2013:13:08:56 +0200] "GET /./seiten/databund.html HTTP/1.1" 200 9125 "-" "Mozilla/5.0 (X11; Linux i686; rv:6.0) Gecko/20100101 Firefox/6.0"
176.57.142.28 - - [08/Oct/2013:13:08:56 +0200] "GET / HTTP/1.1" 200 7903 "-" "Mozilla/5.0 (X11; Linux i686; rv:6.0) Gecko/20100101 Firefox/6.0"
46.105.114.127 - - [08/Oct/2013:13:09:00 +0200] "GET /seiten/impr.htm HTTP/1.1" 200 8696 "-" "Mozilla/5.0 (X11; Linux i686; rv:6.0) Gecko/20100101 Firefox/6.0"
193.111.141.54 - - [08/Oct/2013:13:09:00 +0200] "GET /seiten/kontakt.php HTTP/1.1" 200 12788 "-" "Mozilla/5.0 (X11; Linux i686; rv:6.0) Gecko/20100101 Firefox/6.0"
176.57.141.254 - - [08/Oct/2013:13:09:01 +0200] "GET /seiten/produkte.htm HTTP/1.1" 200 9105 "-" "Mozilla/5.0 (X11; Linux i686; rv:6.0) Gecko/20100101 Firefox/6.0"
81.7.13.161 - - [08/Oct/2013:13:09:01 +0200] "GET /seiten/partner.htm HTTP/1.1" 200 9458 "-" "Mozilla/5.0 (X11; Linux i686; rv:6.0) Gecko/20100101 Firefox/6.0"
176.57.143.60 - - [08/Oct/2013:13:09:03 +0200] "GET /seiten/referenzen.htm HTTP/1.1" 200 40249 "-" "Mozilla/5.0 (X11; Linux i686; rv:6.0) Gecko/20100101 Firefox/6.0"
81.7.13.161 - - [08/Oct/2013:13:09:08 +0200] "GET /seiten/impr.htm HTTP/1.1" 200 8696 "-" "Mozilla/5.0 (X11; Linux i686; rv:6.0) Gecko/20100101 Firefox/6.0"
176.57.143.60 - - [08/Oct/2013:13:09:08 +0200] "GET /seiten/kontakt.php HTTP/1.1" 200 12788 "-" "Mozilla/5.0 (X11; Linux i686; rv:6.0) Gecko/20100101 Firefox/6.0"
208.115.111.71 - - [08/Oct/2013:13:14:52 +0200] "GET /seiten/?M=D HTTP/1.1" 403 1222 "-" "Mozilla/5.0 (compatible; Ezooms/1.0; ezooms.bot@gmail.com)"
194.25.90.65 - - [08/Oct/2013:13:38:13 +0200] "GET / HTTP/1.1" 200 7903 "http://www.databund.de/index.php?option=com_content&view=article&id=12&Itemid=111" "Mozilla/5.0 (Windows NT 6.1; WOW64; rv:17.0) Gecko/20100101 Firefox/17.0"
199.19.249.196 - - [08/Oct/2013:13:38:13 +0200] "GET / HTTP/1.1" 200 7903 "-" "Mozilla/4.0 (compatible; MSIE 7.0; Windows NT 5.1; InfoPath.1; .NET CLR 2.0.50727; .NET CLR 1.1.4322; MS-RTC LM 8; .NET CLR 3.0.4506.2152; .NET CLR 3.5.30729)"
194.25.90.65 - - [08/Oct/2013:13:38:13 +0200] "GET /img/head02.jpg HTTP/1.1" 200 4929 "-" "Mozilla/4.0 (compatible;)"
194.25.90.65 - - [08/Oct/2013:13:38:13 +0200] "GET /favicon.ico HTTP/1.1" 200 894 "-" "Mozilla/4.0 (compatible;)"
194.25.90.65 - - [08/Oct/2013:13:38:13 +0200] "GET /scripte/basics.js HTTP/1.1" 200 198 "-" "Mozilla/4.0 (compatible;)"
194.25.90.65 - - [08/Oct/2013:13:38:13 +0200] "GET /css/style.css HTTP/1.1" 200 3549 "-" "Mozilla/4.0 (compatible;)"
194.25.90.65 - - [08/Oct/2013:13:38:13 +0200] "GET /img/head01.jpg HTTP/1.1" 200 6350 "-" "Mozilla/4.0 (compatible;)"
194.25.90.65 - - [08/Oct/2013:13:38:13 +0200] "GET /img/head03.jpg HTTP/1.1" 200 7610 "-" "Mozilla/4.0 (compatible;)"
194.25.90.65 - - [08/Oct/2013:13:38:13 +0200] "GET /redesign/img/bg_gelb.jpg HTTP/1.1" 200 368 "http://www.prokommunal.com/css/style.css" "Mozilla/5.0 (Windows NT 6.1; WOW64; rv:17.0) Gecko/20100101 Firefox/17.0"
194.25.90.65 - - [08/Oct/2013:13:38:13 +0200] "GET /redesign/img/bg_foot.gif HTTP/1.1" 200 286 "http://www.prokommunal.com/css/style.css" "Mozilla/5.0 (Windows NT 6.1; WOW64; rv:17.0) Gecko/20100101 Firefox/17.0"
194.25.90.65 - - [08/Oct/2013:13:39:11 +0200] "GET /seiten/partner.htm HTTP/1.1" 200 9458 "http://www.prokommunal.com/" "Mozilla/5.0 (Windows NT 6.1; WOW64; rv:17.0) Gecko/20100101 Firefox/17.0"
199.19.249.196 - - [08/Oct/2013:13:39:12 +0200] "GET /seiten/partner.htm HTTP/1.1" 200 9458 "-" "Mozilla/4.0 (compatible; MSIE 7.0; Windows NT 5.1; InfoPath.1; .NET CLR 2.0.50727; .NET CLR 1.1.4322; MS-RTC LM 8; .NET CLR 3.0.4506.2152; .NET CLR 3.5.30729)"
194.25.90.65 - - [08/Oct/2013:13:39:12 +0200] "GET /img/top.gif HTTP/1.1" 200 96 "-" "Mozilla/4.0 (compatible;)"
194.25.90.65 - - [08/Oct/2013:13:39:12 +0200] "GET /img/komfa1_s.jpg HTTP/1.1" 404 1256 "-" "Mozilla/4.0 (compatible;)"
194.25.90.65 - - [08/Oct/2013:13:39:12 +0200] "GET /img/databund.jpg HTTP/1.1" 404 1256 "-" "Mozilla/4.0 (compatible;)"
194.25.90.65 - - [08/Oct/2013:13:39:12 +0200] "GET /img/hk.jpg HTTP/1.1" 200 4852 "-" "Mozilla/4.0 (compatible;)"
194.25.90.65 - - [08/Oct/2013:13:39:12 +0200] "GET /img/hh.jpg HTTP/1.1" 200 5817 "-" "Mozilla/4.0 (compatible;)"
194.25.90.65 - - [08/Oct/2013:13:39:12 +0200] "GET /img/hsh.jpg HTTP/1.1" 200 5007 "-" "Mozilla/4.0 (compatible;)"
194.25.90.65 - - [08/Oct/2013:13:39:12 +0200] "GET /img/gz.jpg HTTP/1.1" 200 7757 "-" "Mozilla/4.0 (compatible;)"
194.25.90.65 - - [08/Oct/2013:13:39:12 +0200] "GET /img/komfa1_s.jpg HTTP/1.1" 404 1256 "http://www.prokommunal.com/seiten/partner.htm" "Mozilla/5.0 (Windows NT 6.1; WOW64; rv:17.0) Gecko/20100101 Firefox/17.0"
194.25.90.65 - - [08/Oct/2013:13:39:12 +0200] "GET /img/databund.jpg HTTP/1.1" 404 1256 "http://www.prokommunal.com/seiten/partner.htm" "Mozilla/5.0 (Windows NT 6.1; WOW64; rv:17.0) Gecko/20100101 Firefox/17.0"
194.25.90.65 - - [08/Oct/2013:13:39:12 +0200] "GET /img/men_01.jpg HTTP/1.1" 200 713 "http://www.prokommunal.com/seiten/partner.htm" "Mozilla/5.0 (Windows NT 6.1; WOW64; rv:17.0) Gecko/20100101 Firefox/17.0"
194.25.90.65 - - [08/Oct/2013:13:39:16 +0200] "GET /seiten/referenzen.htm HTTP/1.1" 200 40249 "http://www.prokommunal.com/seiten/partner.htm" "Mozilla/5.0 (Windows NT 6.1; WOW64; rv:17.0) Gecko/20100101 Firefox/17.0"
199.19.249.196 - - [08/Oct/2013:13:39:16 +0200] "GET /seiten/referenzen.htm HTTP/1.1" 200 40249 "-" "Mozilla/4.0 (compatible; MSIE 7.0; Windows NT 5.1; InfoPath.1; .NET CLR 2.0.50727; .NET CLR 1.1.4322; MS-RTC LM 8; .NET CLR 3.0.4506.2152; .NET CLR 3.5.30729)"
194.25.90.65 - - [08/Oct/2013:13:39:36 +0200] "GET /seiten/service.htm HTTP/1.1" 200 9963 "http://www.prokommunal.com/seiten/referenzen.htm" "Mozilla/5.0 (Windows NT 6.1; WOW64; rv:17.0) Gecko/20100101 Firefox/17.0"
199.19.249.196 - - [08/Oct/2013:13:39:36 +0200] "GET /seiten/service.htm HTTP/1.1" 200 9963 "-" "Mozilla/4.0 (compatible; MSIE 7.0; Windows NT 5.1; InfoPath.1; .NET CLR 2.0.50727; .NET CLR 1.1.4322; MS-RTC LM 8; .NET CLR 3.0.4506.2152; .NET CLR 3.5.30729)"
194.25.90.65 - - [08/Oct/2013:13:39:37 +0200] "GET /redesign/img/term.jpg HTTP/1.1" 200 498 "http://www.prokommunal.com/css/style.css" "Mozilla/5.0 (Windows NT 6.1; WOW64; rv:17.0) Gecko/20100101 Firefox/17.0"
194.25.90.65 - - [08/Oct/2013:13:39:47 +0200] "GET /seiten/produkte.htm HTTP/1.1" 200 9105 "http://www.prokommunal.com/seiten/service.htm" "Mozilla/5.0 (Windows NT 6.1; WOW64; rv:17.0) Gecko/20100101 Firefox/17.0"
199.19.249.196 - - [08/Oct/2013:13:39:47 +0200] "GET /seiten/produkte.htm HTTP/1.1" 200 9105 "-" "Mozilla/4.0 (compatible; MSIE 7.0; Windows NT 5.1; InfoPath.1; .NET CLR 2.0.50727; .NET CLR 1.1.4322; MS-RTC LM 8; .NET CLR 3.0.4506.2152; .NET CLR 3.5.30729)"
194.25.90.65 - - [08/Oct/2013:13:39:47 +0200] "GET /img/1px_tr.gif HTTP/1.1" 200 43 "-" "Mozilla/4.0 (compatible;)"
194.25.90.65 - - [08/Oct/2013:13:39:54 +0200] "GET /seiten/kontakt.php HTTP/1.1" 200 12788 "http://www.prokommunal.com/seiten/produkte.htm" "Mozilla/5.0 (Windows NT 6.1; WOW64; rv:17.0) Gecko/20100101 Firefox/17.0"
199.19.249.196 - - [08/Oct/2013:13:39:54 +0200] "GET /seiten/kontakt.php HTTP/1.1" 200 12788 "-" "Mozilla/4.0 (compatible; MSIE 7.0; Windows NT 5.1; InfoPath.1; .NET CLR 2.0.50727; .NET CLR 1.1.4322; MS-RTC LM 8; .NET CLR 3.0.4506.2152; .NET CLR 3.5.30729)"
210.97.192.200 - - [08/Oct/2013:14:03:56 +0200] "GET /seiten/partner.htm HTTP/1.0" 200 9458 "-" "Mozilla/5.0 (Windows NT 6.1; WOW64) AppleWebKit/535.1 (KHTML, like Gecko) Chrome/13.0.782.215 Safari/535.1"
5.255.253.79 - - [08/Oct/2013:14:11:35 +0200] "GET /robots.txt HTTP/1.1" 404 1256 "-" "Mozilla/5.0 (compatible; YandexImages/3.0; +http://yandex.com/bots)"
5.255.253.79 - - [08/Oct/2013:14:48:58 +0200] "GET /img/hh.jpg HTTP/1.1" 304 - "-" "Mozilla/5.0 (compatible; YandexImages/3.0; +http://yandex.com/bots)"
5.255.253.79 - - [08/Oct/2013:15:22:36 +0200] "GET /img/head02.jpg HTTP/1.1" 200 4929 "-" "Mozilla/5.0 (compatible; YandexImages/3.0; +http://yandex.com/bots)"
5.255.253.79 - - [08/Oct/2013:15:59:56 +0200] "GET /img/hsh.jpg HTTP/1.1" 304 - "-" "Mozilla/5.0 (compatible; YandexImages/3.0; +http://yandex.com/bots)"
66.249.78.242 - - [08/Oct/2013:16:42:28 +0200] "GET /robots.txt HTTP/1.1" 404 1256 "-" "Mozilla/5.0 (compatible; Googlebot/2.1; +http://www.google.com/bot.html)"
66.249.75.211 - - [08/Oct/2013:16:42:28 +0200] "GET /seiten/kontakt.php HTTP/1.1" 200 12788 "-" "SAMSUNG-SGH-E250/1.0 Profile/MIDP-2.0 Configuration/CLDC-1.1 UP.Browser/6.2.3.3.c.1.101 (GUI) MMP/2.0 (compatible; Googlebot-Mobile/2.1; +http://www.google.com/bot.html)"
5.255.253.79 - - [08/Oct/2013:16:45:24 +0200] "GET /img/hk.jpg HTTP/1.1" 304 - "-" "Mozilla/5.0 (compatible; YandexImages/3.0; +http://yandex.com/bots)"
66.249.78.242 - - [08/Oct/2013:16:57:53 +0200] "GET / HTTP/1.1" 200 7903 "-" "Mozilla/5.0 (iPhone; U; CPU iPhone OS 4_1 like Mac OS X; en-us) AppleWebKit/532.9 (KHTML, like Gecko) Version/4.0.5 Mobile/8B117 Safari/6531.22.7 (compatible; Googlebot-Mobile/2.1; +http://www.google.com/bot.html)"
66.249.78.242 - - [08/Oct/2013:17:05:48 +0200] "GET /css/style.css HTTP/1.1" 200 3549 "-" "Mozilla/5.0 (compatible; Googlebot/2.1; +http://www.google.com/bot.html)"
5.10.83.33 - - [08/Oct/2013:17:16:52 +0200] "GET /seiten/kontakt.php HTTP/1.1" 200 12788 "-" "Mozilla/5.0 (compatible; AhrefsBot/5.0; +http://ahrefs.com/robot/)"
193.111.141.44 - - [08/Oct/2013:17:28:17 +0200] "GET / HTTP/1.1" 200 7903 "-" "Mozilla/5.0 (X11; Linux i686; rv:6.0) Gecko/20100101 Firefox/6.0"
193.111.141.54 - - [08/Oct/2013:17:28:24 +0200] "GET /./seiten/impr.htm HTTP/1.1" 200 8696 "-" "Mozilla/5.0 (X11; Linux i686; rv:6.0) Gecko/20100101 Firefox/6.0"
176.57.141.193 - - [08/Oct/2013:17:28:24 +0200] "GET /./seiten/kontakt.php HTTP/1.1" 200 12788 "-" "Mozilla/5.0 (X11; Linux i686; rv:6.0) Gecko/20100101 Firefox/6.0"
193.111.141.44 - - [08/Oct/2013:17:28:32 +0200] "GET / HTTP/1.1" 200 7903 "-" "Mozilla/5.0 (X11; Linux i686; rv:6.0) Gecko/20100101 Firefox/6.0"
193.111.141.54 - - [08/Oct/2013:17:28:32 +0200] "GET /./seiten/service.htm HTTP/1.1" 200 9963 "-" "Mozilla/5.0 (X11; Linux i686; rv:6.0) Gecko/20100101 Firefox/6.0"
46.105.114.127 - - [08/Oct/2013:17:28:32 +0200] "GET /./seiten/partner.htm HTTP/1.1" 200 9458 "-" "Mozilla/5.0 (X11; Linux i686; rv:6.0) Gecko/20100101 Firefox/6.0"
178.33.122.74 - - [08/Oct/2013:17:28:32 +0200] "GET /./seiten/produkte.htm HTTP/1.1" 200 9105 "-" "Mozilla/5.0 (X11; Linux i686; rv:6.0) Gecko/20100101 Firefox/6.0"
176.57.141.193 - - [08/Oct/2013:17:28:33 +0200] "GET /./seiten/referenzen.htm HTTP/1.1" 200 40249 "-" "Mozilla/5.0 (X11; Linux i686; rv:6.0) Gecko/20100101 Firefox/6.0"
193.111.141.54 - - [08/Oct/2013:17:28:37 +0200] "GET /./seiten/databund.html HTTP/1.1" 200 9125 "-" "Mozilla/5.0 (X11; Linux i686; rv:6.0) Gecko/20100101 Firefox/6.0"
193.111.141.54 - - [08/Oct/2013:17:28:52 +0200] "GET /seiten/impr.htm HTTP/1.1" 200 8696 "-" "Mozilla/5.0 (X11; Linux i686; rv:6.0) Gecko/20100101 Firefox/6.0"
176.57.141.254 - - [08/Oct/2013:17:28:52 +0200] "GET /seiten/kontakt.php HTTP/1.1" 200 12788 "-" "Mozilla/5.0 (X11; Linux i686; rv:6.0) Gecko/20100101 Firefox/6.0"
46.105.114.127 - - [08/Oct/2013:17:29:00 +0200] "GET /seiten/produkte.htm HTTP/1.1" 200 9105 "-" "Mozilla/5.0 (X11; Linux i686; rv:6.0) Gecko/20100101 Firefox/6.0"
176.57.142.28 - - [08/Oct/2013:17:29:00 +0200] "GET /seiten/partner.htm HTTP/1.1" 200 9458 "-" "Mozilla/5.0 (X11; Linux i686; rv:6.0) Gecko/20100101 Firefox/6.0"
176.57.141.193 - - [08/Oct/2013:17:29:05 +0200] "GET /seiten/referenzen.htm HTTP/1.1" 200 40249 "-" "Mozilla/5.0 (X11; Linux i686; rv:6.0) Gecko/20100101 Firefox/6.0"
176.57.143.60 - - [08/Oct/2013:17:29:14 +0200] "GET /seiten/impr.htm HTTP/1.1" 200 8696 "-" "Mozilla/5.0 (X11; Linux i686; rv:6.0) Gecko/20100101 Firefox/6.0"
193.9.13.136 - - [08/Oct/2013:17:31:49 +0200] "GET / HTTP/1.1" 200 7903 "http://www.google.co.uk/url?sa=t&rct=j&q=&esrc=s&source=web&cd=1&ved=0CCsQFjAA&url=http%3A%2F%2Fwww.prokommunal.com%2F&ei=WCVUUrSYKMejkgXJvYGgBQ&usg=AFQjCNF5ZvO5ecR3rprSCB3llFRGksZz8A&sig2=RETlKkcVnVx0MC65WKD8gQ&bvm=bv.53537100,d.dGI" "Mozilla/5.0 (Windows NT 6.1; WOW64; rv:17.0) Gecko/20100101 Firefox/17.0"
193.9.13.136 - - [08/Oct/2013:17:31:49 +0200] "GET /css/style.css HTTP/1.1" 200 3549 "http://www.prokommunal.com/" "Mozilla/5.0 (Windows NT 6.1; WOW64; rv:17.0) Gecko/20100101 Firefox/17.0"
193.9.13.136 - - [08/Oct/2013:17:31:49 +0200] "GET /img/head01.jpg HTTP/1.1" 200 6350 "http://www.prokommunal.com/" "Mozilla/5.0 (Windows NT 6.1; WOW64; rv:17.0) Gecko/20100101 Firefox/17.0"
193.9.13.136 - - [08/Oct/2013:17:31:49 +0200] "GET /img/head02.jpg HTTP/1.1" 200 4929 "http://www.prokommunal.com/" "Mozilla/5.0 (Windows NT 6.1; WOW64; rv:17.0) Gecko/20100101 Firefox/17.0"
193.9.13.136 - - [08/Oct/2013:17:31:49 +0200] "GET /img/head03.jpg HTTP/1.1" 200 7610 "http://www.prokommunal.com/" "Mozilla/5.0 (Windows NT 6.1; WOW64; rv:17.0) Gecko/20100101 Firefox/17.0"
193.9.13.136 - - [08/Oct/2013:17:31:49 +0200] "GET /scripte/basics.js HTTP/1.1" 200 198 "http://www.prokommunal.com/" "Mozilla/5.0 (Windows NT 6.1; WOW64; rv:17.0) Gecko/20100101 Firefox/17.0"
193.9.13.136 - - [08/Oct/2013:17:31:49 +0200] "GET /favicon.ico HTTP/1.1" 200 894 "-" "Mozilla/5.0 (Windows NT 6.1; WOW64; rv:17.0) Gecko/20100101 Firefox/17.0"
193.9.13.136 - - [08/Oct/2013:17:31:50 +0200] "GET /redesign/img/bg_gelb.jpg HTTP/1.1" 200 368 "http://www.prokommunal.com/css/style.css" "Mozilla/5.0 (Windows NT 6.1; WOW64; rv:17.0) Gecko/20100101 Firefox/17.0"
193.9.13.136 - - [08/Oct/2013:17:31:50 +0200] "GET /redesign/img/bg_foot.gif HTTP/1.1" 200 286 "http://www.prokommunal.com/css/style.css" "Mozilla/5.0 (Windows NT 6.1; WOW64; rv:17.0) Gecko/20100101 Firefox/17.0"
193.9.13.136 - - [08/Oct/2013:17:31:54 +0200] "GET /seiten/impr.htm HTTP/1.1" 200 8696 "http://www.prokommunal.com/" "Mozilla/5.0 (Windows NT 6.1; WOW64; rv:17.0) Gecko/20100101 Firefox/17.0"
193.9.13.136 - - [08/Oct/2013:17:31:54 +0200] "GET /img/men_01.jpg HTTP/1.1" 200 713 "http://www.prokommunal.com/seiten/impr.htm" "Mozilla/5.0 (Windows NT 6.1; WOW64; rv:17.0) Gecko/20100101 Firefox/17.0"
193.9.13.136 - - [08/Oct/2013:17:31:55 +0200] "GET /img/top.gif HTTP/1.1" 200 96 "http://www.prokommunal.com/seiten/impr.htm" "Mozilla/5.0 (Windows NT 6.1; WOW64; rv:17.0) Gecko/20100101 Firefox/17.0"
5.255.253.79 - - [08/Oct/2013:17:41:38 +0200] "GET /img/gz.jpg HTTP/1.1" 304 - "-" "Mozilla/5.0 (compatible; YandexImages/3.0; +http://yandex.com/bots)"
81.7.13.161 - - [08/Oct/2013:17:52:51 +0200] "GET / HTTP/1.1" 200 7903 "-" "Mozilla/5.0 (X11; Linux i686; rv:6.0) Gecko/20100101 Firefox/6.0"
176.57.141.254 - - [08/Oct/2013:17:52:55 +0200] "GET /./seiten/kontakt.php HTTP/1.1" 200 12788 "-" "Mozilla/5.0 (X11; Linux i686; rv:6.0) Gecko/20100101 Firefox/6.0"
81.7.13.161 - - [08/Oct/2013:17:53:00 +0200] "GET /./seiten/impr.htm HTTP/1.1" 200 8696 "-" "Mozilla/5.0 (X11; Linux i686; rv:6.0) Gecko/20100101 Firefox/6.0"
176.57.143.60 - - [08/Oct/2013:17:53:01 +0200] "GET / HTTP/1.1" 200 7903 "-" "Mozilla/5.0 (X11; Linux i686; rv:6.0) Gecko/20100101 Firefox/6.0"
176.57.141.193 - - [08/Oct/2013:17:53:01 +0200] "GET /./seiten/service.htm HTTP/1.1" 200 9963 "-" "Mozilla/5.0 (X11; Linux i686; rv:6.0) Gecko/20100101 Firefox/6.0"
193.111.141.54 - - [08/Oct/2013:17:53:01 +0200] "GET /./seiten/databund.html HTTP/1.1" 200 9125 "-" "Mozilla/5.0 (X11; Linux i686; rv:6.0) Gecko/20100101 Firefox/6.0"
193.111.141.44 - - [08/Oct/2013:17:53:01 +0200] "GET /./seiten/produkte.htm HTTP/1.1" 200 9105 "-" "Mozilla/5.0 (X11; Linux i686; rv:6.0) Gecko/20100101 Firefox/6.0"
46.105.114.127 - - [08/Oct/2013:17:53:01 +0200] "GET /./seiten/referenzen.htm HTTP/1.1" 200 40249 "-" "Mozilla/5.0 (X11; Linux i686; rv:6.0) Gecko/20100101 Firefox/6.0"
178.33.122.74 - - [08/Oct/2013:17:53:01 +0200] "GET /./seiten/partner.htm HTTP/1.1" 200 9458 "-" "Mozilla/5.0 (X11; Linux i686; rv:6.0) Gecko/20100101 Firefox/6.0"
176.57.142.28 - - [08/Oct/2013:17:53:15 +0200] "GET /seiten/impr.htm HTTP/1.1" 200 8696 "-" "Mozilla/5.0 (X11; Linux i686; rv:6.0) Gecko/20100101 Firefox/6.0"
193.111.141.54 - - [08/Oct/2013:17:53:15 +0200] "GET /seiten/kontakt.php HTTP/1.1" 200 12788 "-" "Mozilla/5.0 (X11; Linux i686; rv:6.0) Gecko/20100101 Firefox/6.0"
176.57.141.254 - - [08/Oct/2013:17:53:17 +0200] "GET /seiten/produkte.htm HTTP/1.1" 200 9105 "-" "Mozilla/5.0 (X11; Linux i686; rv:6.0) Gecko/20100101 Firefox/6.0"
81.7.13.161 - - [08/Oct/2013:17:53:17 +0200] "GET /seiten/partner.htm HTTP/1.1" 200 9458 "-" "Mozilla/5.0 (X11; Linux i686; rv:6.0) Gecko/20100101 Firefox/6.0"
46.105.114.127 - - [08/Oct/2013:17:53:35 +0200] "GET /seiten/referenzen.htm HTTP/1.1" 200 40249 "-" "Mozilla/5.0 (X11; Linux i686; rv:6.0) Gecko/20100101 Firefox/6.0"
176.57.143.60 - - [08/Oct/2013:17:53:41 +0200] "GET /seiten/impr.htm HTTP/1.1" 200 8696 "-" "Mozilla/5.0 (X11; Linux i686; rv:6.0) Gecko/20100101 Firefox/6.0"
193.111.141.44 - - [08/Oct/2013:17:53:41 +0200] "GET /seiten/kontakt.php HTTP/1.1" 200 12788 "-" "Mozilla/5.0 (X11; Linux i686; rv:6.0) Gecko/20100101 Firefox/6.0"
157.55.36.38 - - [08/Oct/2013:18:08:44 +0200] "GET /robots.txt HTTP/1.1" 404 1256 "-" "Mozilla/5.0 (compatible; bingbot/2.0; +http://www.bing.com/bingbot.htm)"
157.55.36.38 - - [08/Oct/2013:18:09:11 +0200] "GET / HTTP/1.1" 200 7903 "-" "Mozilla/5.0 (compatible; bingbot/2.0; +http://www.bing.com/bingbot.htm)"
66.249.78.242 - - [08/Oct/2013:18:16:49 +0200] "GET /seiten/partner.htm HTTP/1.1" 304 - "-" "Mozilla/5.0 (iPhone; U; CPU iPhone OS 4_1 like Mac OS X; en-us) AppleWebKit/532.9 (KHTML, like Gecko) Version/4.0.5 Mobile/8B117 Safari/6531.22.7 (compatible; Googlebot-Mobile/2.1; +http://www.google.com/bot.html)"
157.55.36.38 - - [08/Oct/2013:18:19:34 +0200] "GET / HTTP/1.1" 200 7903 "-" "Mozilla/5.0 (compatible; bingbot/2.0; +http://www.bing.com/bingbot.htm)"
119.63.196.41 - - [08/Oct/2013:18:21:14 +0200] "GET / HTTP/1.1" 200 7903 "-" "Mozilla/5.0 (compatible; Baiduspider/2.0; +http://www.baidu.com/search/spider.html)"
80.241.219.80 - - [08/Oct/2013:18:32:01 +0200] "GET / HTTP/1.1" 200 7903 "-" "Mozilla/5.0 (X11; U; Linux i686; en-US; rv:1.9.0.1) Gecko/2008071615 Fedora/3.0.1-1.fc9 Firefox/3.0.1"
80.241.219.80 - - [08/Oct/2013:18:32:01 +0200] "GET / HTTP/1.1" 200 7903 "-" "Mozilla/5.0 (X11; U; Linux i686; en-US; rv:1.9.0.1) Gecko/2008071615 Fedora/3.0.1-1.fc9 Firefox/3.0.1"
80.241.219.80 - - [08/Oct/2013:18:32:01 +0200] "GET / HTTP/1.1" 200 7903 "-" "Mozilla/5.0 (X11; U; Linux i686; en-US; rv:1.9.0.1) Gecko/2008071615 Fedora/3.0.1-1.fc9 Firefox/3.0.1"
80.241.219.80 - - [08/Oct/2013:18:32:01 +0200] "GET /seiten/produkte.htm HTTP/1.1" 200 9105 "-" "Mozilla/5.0 (X11; U; Linux i686; en-US; rv:1.9.0.1) Gecko/2008071615 Fedora/3.0.1-1.fc9 Firefox/3.0.1"
80.241.219.80 - - [08/Oct/2013:18:32:03 +0200] "GET /seiten/partner.htm HTTP/1.1" 200 9458 "-" "Mozilla/5.0 (X11; U; Linux i686; en-US; rv:1.9.0.1) Gecko/2008071615 Fedora/3.0.1-1.fc9 Firefox/3.0.1"
80.241.219.80 - - [08/Oct/2013:18:32:04 +0200] "GET /seiten/referenzen.htm HTTP/1.1" 200 40249 "-" "Mozilla/5.0 (X11; U; Linux i686; en-US; rv:1.9.0.1) Gecko/2008071615 Fedora/3.0.1-1.fc9 Firefox/3.0.1"
80.241.219.80 - - [08/Oct/2013:18:32:05 +0200] "GET /seiten/service.htm HTTP/1.1" 200 9963 "-" "Mozilla/5.0 (X11; U; Linux i686; en-US; rv:1.9.0.1) Gecko/2008071615 Fedora/3.0.1-1.fc9 Firefox/3.0.1"
157.55.36.36 - - [08/Oct/2013:18:32:06 +0200] "GET /robots.txt HTTP/1.1" 404 1256 "-" "Mozilla/5.0 (compatible; bingbot/2.0; +http://www.bing.com/bingbot.htm)"
80.241.219.80 - - [08/Oct/2013:18:32:06 +0200] "GET /seiten/kontakt.php HTTP/1.1" 200 12788 "-" "Mozilla/5.0 (X11; U; Linux i686; en-US; rv:1.9.0.1) Gecko/2008071615 Fedora/3.0.1-1.fc9 Firefox/3.0.1"
80.241.219.80 - - [08/Oct/2013:18:32:07 +0200] "GET /seiten/impr.htm HTTP/1.1" 200 8696 "-" "Mozilla/5.0 (X11; U; Linux i686; en-US; rv:1.9.0.1) Gecko/2008071615 Fedora/3.0.1-1.fc9 Firefox/3.0.1"
80.241.219.80 - - [08/Oct/2013:18:32:08 +0200] "GET /seiten/databund.html HTTP/1.1" 200 9125 "-" "Mozilla/5.0 (X11; U; Linux i686; en-US; rv:1.9.0.1) Gecko/2008071615 Fedora/3.0.1-1.fc9 Firefox/3.0.1"
80.241.219.80 - - [08/Oct/2013:18:32:09 +0200] "GET /seiten/impr.htm HTTP/1.1" 200 8696 "-" "Mozilla/5.0 (X11; U; Linux i686; en-US; rv:1.9.0.1) Gecko/2008071615 Fedora/3.0.1-1.fc9 Firefox/3.0.1"
157.55.36.36 - - [08/Oct/2013:18:32:53 +0200] "GET /seiten/fsw.htm HTTP/1.1" 304 - "-" "Mozilla/5.0 (compatible; bingbot/2.0; +http://www.bing.com/bingbot.htm)"
220.181.108.108 - - [08/Oct/2013:18:35:19 +0200] "GET / HTTP/1.1" 200 7903 "-" "Mozilla/5.0 (compatible; Baiduspider/2.0; +http://www.baidu.com/search/spider.html)"
123.125.71.54 - - [08/Oct/2013:18:35:19 +0200] "GET / HTTP/1.1" 200 7903 "-" "Mozilla/5.0 (compatible; Baiduspider/2.0; +http://www.baidu.com/search/spider.html)"
157.56.93.49 - - [08/Oct/2013:18:46:22 +0200] "GET /seiten/fahrlehrerwesen.htm HTTP/1.1" 304 - "-" "Mozilla/5.0 (compatible; bingbot/2.0; +http://www.bing.com/bingbot.htm)"
54.205.231.47 - - [08/Oct/2013:19:03:42 +0200] "GET / HTTP/1.1" 200 7903 "-" "Java/1.7.0_25"
5.10.83.103 - - [08/Oct/2013:19:11:14 +0200] "GET /seiten/kontakt.php HTTP/1.1" 200 12788 "-" "Mozilla/5.0 (compatible; AhrefsBot/5.0; +http://ahrefs.com/robot/)"
5.255.253.79 - - [08/Oct/2013:19:11:20 +0200] "GET /img/head01.jpg HTTP/1.1" 200 6350 "-" "Mozilla/5.0 (compatible; YandexImages/3.0; +http://yandex.com/bots)"
84.38.65.176 - - [08/Oct/2013:19:19:35 +0200] "GET / HTTP/1.0" 200 7903 "http://www.backlink-webkatalog.de/" "Mozilla/4.0 (compatible; MSIE 8.0; Windows NT 6.0; Trident/4.0; GTB0.0; SLCC1; .NET CLR 2.0.50727; Media Center PC 5.0; .NET CLR 3.5.30729; .NET CLR 3.0.30729; .NET4.0C)"
123.125.71.23 - - [08/Oct/2013:20:31:41 +0200] "GET / HTTP/1.1" 200 7903 "-" "Mozilla/5.0 (compatible; Baiduspider/2.0; +http://www.baidu.com/search/spider.html)"
220.181.108.122 - - [08/Oct/2013:20:31:41 +0200] "GET / HTTP/1.1" 200 7903 "-" "Mozilla/5.0 (compatible; Baiduspider/2.0; +http://www.baidu.com/search/spider.html)"
5.255.253.79 - - [08/Oct/2013:20:48:18 +0200] "GET /img/fsw.jpg HTTP/1.1" 304 - "-" "Mozilla/5.0 (compatible; YandexImages/3.0; +http://yandex.com/bots)"
178.126.228.113 - - [08/Oct/2013:20:50:21 +0200] "GET /robots.txt HTTP/1.1" 404 1256 "-" "Mozilla/5.0 (compatible; 008/0.83; http://www.80legs.com/webcrawler.html;) Gecko/2008032620"
178.126.228.113 - - [08/Oct/2013:20:50:21 +0200] "GET / HTTP/1.1" 200 7903 "-" "Mozilla/5.0 (compatible; 008/0.85; http://www.80legs.com/webcrawler.html) Gecko/2008032620"
178.126.228.113 - - [08/Oct/2013:20:50:23 +0200] "GET / HTTP/1.1" 200 7903 "-" "Mozilla/5.0 (compatible; 008/0.85; http://www.80legs.com/webcrawler.html) Gecko/2008032620"
157.55.36.38 - - [08/Oct/2013:20:50:34 +0200] "GET /robots.txt HTTP/1.1" 404 1256 "-" "Mozilla/5.0 (compatible; bingbot/2.0; +http://www.bing.com/bingbot.htm)"
157.55.36.38 - - [08/Oct/2013:20:51:14 +0200] "GET / HTTP/1.1" 200 7903 "-" "Mozilla/5.0 (compatible; bingbot/2.0; +http://www.bing.com/bingbot.htm)"
61.135.189.69 - - [08/Oct/2013:20:56:08 +0200] "GET / HTTP/1.1" 304 - "-" "Sogou web spider/4.0(+http://www.sogou.com/docs/help/webmasters.htm#07)"
61.135.189.69 - - [08/Oct/2013:20:56:08 +0200] "GET /robots.txt HTTP/1.1" 404 1256 "-" "Sogou web spider/4.0(+http://www.sogou.com/docs/help/webmasters.htm#07)"
64.125.222.50 - - [08/Oct/2013:21:17:27 +0200] "GET /robots.txt HTTP/1.1" 404 1256 "-" "Mozilla/5.0 (compatible; 008/0.83; http://www.80legs.com/webcrawler.html;) Gecko/2008032620"
64.125.222.16 - - [08/Oct/2013:21:23:33 +0200] "GET /robots.txt HTTP/1.1" 404 1256 "-" "Mozilla/5.0 (compatible; 008/0.83; http://www.80legs.com/webcrawler.html;) Gecko/2008032620"
92.112.17.159 - - [08/Oct/2013:21:24:14 +0200] "GET /robots.txt HTTP/1.1" 404 1256 "-" "Mozilla/5.0 (compatible; 008/0.83; http://www.80legs.com/webcrawler.html;) Gecko/2008032620"
92.112.17.159 - - [08/Oct/2013:21:24:14 +0200] "GET /seiten/kontakt.php HTTP/1.1" 200 12788 "-" "Mozilla/5.0 (compatible; 008/0.85; http://www.80legs.com/webcrawler.html) Gecko/2008032620"
92.112.17.159 - - [08/Oct/2013:21:24:19 +0200] "GET /seiten/service.htm HTTP/1.1" 200 9963 "-" "Mozilla/5.0 (compatible; 008/0.85; http://www.80legs.com/webcrawler.html) Gecko/2008032620"
46.39.229.168 - - [08/Oct/2013:21:25:38 +0200] "GET /robots.txt HTTP/1.1" 404 1256 "-" "Mozilla/5.0 (compatible; 008/0.83; http://www.80legs.com/webcrawler.html;) Gecko/2008032620"
46.39.229.168 - - [08/Oct/2013:21:25:39 +0200] "GET /seiten/databund.html HTTP/1.1" 200 9125 "-" "Mozilla/5.0 (compatible; 008/0.85; http://www.80legs.com/webcrawler.html) Gecko/2008032620"
46.39.229.168 - - [08/Oct/2013:21:25:41 +0200] "GET /seiten/produkte.htm HTTP/1.1" 200 9105 "-" "Mozilla/5.0 (compatible; 008/0.85; http://www.80legs.com/webcrawler.html) Gecko/2008032620"
89.222.164.27 - - [08/Oct/2013:21:31:50 +0200] "GET /seiten/impr.htm HTTP/1.1" 200 8696 "-" "Mozilla/5.0 (compatible; 008/0.85; http://www.80legs.com/webcrawler.html) Gecko/2008032620"
79.126.46.106 - - [08/Oct/2013:21:35:48 +0200] "GET /seiten/impr.htm HTTP/1.1" 200 8696 "-" "Mozilla/5.0 (compatible; 008/0.85; http://www.80legs.com/webcrawler.html) Gecko/2008032620"
109.191.78.23 - - [08/Oct/2013:21:36:39 +0200] "GET /seiten/partner.htm HTTP/1.1" 200 9458 "-" "Mozilla/5.0 (compatible; 008/0.85; http://www.80legs.com/webcrawler.html) Gecko/2008032620"
78.111.176.131 - - [08/Oct/2013:21:41:36 +0200] "GET /seiten/referenzen.htm HTTP/1.1" 200 40249 "-" "Mozilla/5.0 (compatible; 008/0.85; http://www.80legs.com/webcrawler.html) Gecko/2008032620"
5.228.231.232 - - [08/Oct/2013:22:10:41 +0200] "GET /seiten/fahrlehrerwesen.htm HTTP/1.1" 200 7168 "-" "Mozilla/5.0 (compatible; 008/0.85; http://www.80legs.com/webcrawler.html) Gecko/2008032620"
94.255.32.38 - - [08/Oct/2013:22:17:31 +0200] "GET /seiten/fsw.htm HTTP/1.1" 200 9961 "-" "Mozilla/5.0 (compatible; 008/0.85; http://www.80legs.com/webcrawler.html) Gecko/2008032620"
93.80.253.200 - - [08/Oct/2013:22:22:15 +0200] "GET /seiten/kontroll.htm HTTP/1.1" 200 6599 "-" "Mozilla/5.0 (compatible; 008/0.85; http://www.80legs.com/webcrawler.html) Gecko/2008032620"
83.237.109.93 - - [08/Oct/2013:22:28:23 +0200] "GET /seiten/kontroll.htm HTTP/1.1" 200 6599 "-" "Mozilla/5.0 (compatible; 008/0.85; http://www.80legs.com/webcrawler.html) Gecko/2008032620"
78.25.121.232 - - [08/Oct/2013:22:29:15 +0200] "GET /seiten/kraftverkehr.htm HTTP/1.1" 200 9210 "-" "Mozilla/5.0 (compatible; 008/0.85; http://www.80legs.com/webcrawler.html) Gecko/2008032620"
178.255.215.80 - - [08/Oct/2013:22:31:23 +0200] "GET /robots.txt HTTP/1.1" 404 1256 "-" "Mozilla/5.0 (compatible; Exabot/3.0 (BiggerBetter); +http://www.exabot.com/go/robot)"
178.255.215.80 - - [08/Oct/2013:22:31:23 +0200] "GET /seiten/kontroll.htm HTTP/1.1" 304 - "-" "Mozilla/5.0 (compatible; Exabot/3.0 (BiggerBetter); +http://www.exabot.com/go/robot)"
208.115.111.72 - - [08/Oct/2013:23:04:35 +0200] "GET /robots.txt HTTP/1.1" 404 1256 "-" "Mozilla/5.0 (compatible; Ezooms/1.0; ezooms.bot@gmail.com)"
193.111.141.54 - - [08/Oct/2013:23:42:17 +0200] "GET / HTTP/1.1" 200 7903 "-" "Mozilla/5.0 (X11; Linux i686; rv:6.0) Gecko/20100101 Firefox/6.0"
193.111.141.54 - - [08/Oct/2013:23:42:23 +0200] "GET /./seiten/impr.htm HTTP/1.1" 200 8696 "-" "Mozilla/5.0 (X11; Linux i686; rv:6.0) Gecko/20100101 Firefox/6.0"
176.57.141.193 - - [08/Oct/2013:23:42:23 +0200] "GET /./seiten/kontakt.php HTTP/1.1" 200 12788 "-" "Mozilla/5.0 (X11; Linux i686; rv:6.0) Gecko/20100101 Firefox/6.0"
176.57.141.254 - - [08/Oct/2013:23:42:30 +0200] "GET /./seiten/partner.htm HTTP/1.1" 200 9458 "-" "Mozilla/5.0 (X11; Linux i686; rv:6.0) Gecko/20100101 Firefox/6.0"
176.57.143.60 - - [08/Oct/2013:23:42:30 +0200] "GET /./seiten/databund.html HTTP/1.1" 200 9125 "-" "Mozilla/5.0 (X11; Linux i686; rv:6.0) Gecko/20100101 Firefox/6.0"
193.111.141.44 - - [08/Oct/2013:23:42:30 +0200] "GET /./seiten/produkte.htm HTTP/1.1" 200 9105 "-" "Mozilla/5.0 (X11; Linux i686; rv:6.0) Gecko/20100101 Firefox/6.0"
81.7.13.161 - - [08/Oct/2013:23:42:30 +0200] "GET /./seiten/service.htm HTTP/1.1" 200 9963 "-" "Mozilla/5.0 (X11; Linux i686; rv:6.0) Gecko/20100101 Firefox/6.0"
46.105.114.127 - - [08/Oct/2013:23:42:30 +0200] "GET / HTTP/1.1" 200 7903 "-" "Mozilla/5.0 (X11; Linux i686; rv:6.0) Gecko/20100101 Firefox/6.0"
176.57.142.28 - - [08/Oct/2013:23:42:30 +0200] "GET /./seiten/referenzen.htm HTTP/1.1" 200 40249 "-" "Mozilla/5.0 (X11; Linux i686; rv:6.0) Gecko/20100101 Firefox/6.0"
176.57.141.193 - - [08/Oct/2013:23:42:39 +0200] "GET /seiten/impr.htm HTTP/1.1" 200 8696 "-" "Mozilla/5.0 (X11; Linux i686; rv:6.0) Gecko/20100101 Firefox/6.0"
46.105.114.127 - - [08/Oct/2013:23:42:39 +0200] "GET /seiten/kontakt.php HTTP/1.1" 200 12788 "-" "Mozilla/5.0 (X11; Linux i686; rv:6.0) Gecko/20100101 Firefox/6.0"
176.57.141.254 - - [08/Oct/2013:23:42:41 +0200] "GET /seiten/partner.htm HTTP/1.1" 200 9458 "-" "Mozilla/5.0 (X11; Linux i686; rv:6.0) Gecko/20100101 Firefox/6.0"
193.111.141.54 - - [08/Oct/2013:23:42:41 +0200] "GET /seiten/produkte.htm HTTP/1.1" 200 9105 "-" "Mozilla/5.0 (X11; Linux i686; rv:6.0) Gecko/20100101 Firefox/6.0"
176.57.141.193 - - [08/Oct/2013:23:42:51 +0200] "GET /seiten/referenzen.htm HTTP/1.1" 200 40249 "-" "Mozilla/5.0 (X11; Linux i686; rv:6.0) Gecko/20100101 Firefox/6.0"
176.57.143.60 - - [08/Oct/2013:23:42:58 +0200] "GET /seiten/impr.htm HTTP/1.1" 200 8696 "-" "Mozilla/5.0 (X11; Linux i686; rv:6.0) Gecko/20100101 Firefox/6.0"
193.111.141.44 - - [08/Oct/2013:23:42:58 +0200] "GET /seiten/kontakt.php HTTP/1.1" 200 12788 "-" "Mozilla/5.0 (X11; Linux i686; rv:6.0) Gecko/20100101 Firefox/6.0"
176.57.141.254 - - [08/Oct/2013:23:58:55 +0200] "GET / HTTP/1.1" 200 7903 "-" "Mozilla/5.0 (X11; Linux i686; rv:6.0) Gecko/20100101 Firefox/6.0"
176.57.141.193 - - [08/Oct/2013:23:58:59 +0200] "GET /./seiten/impr.htm HTTP/1.1" 200 8696 "-" "Mozilla/5.0 (X11; Linux i686; rv:6.0) Gecko/20100101 Firefox/6.0"
46.105.114.127 - - [08/Oct/2013:23:58:59 +0200] "GET /./seiten/kontakt.php HTTP/1.1" 200 12788 "-" "Mozilla/5.0 (X11; Linux i686; rv:6.0) Gecko/20100101 Firefox/6.0"
176.57.141.193 - - [08/Oct/2013:23:59:03 +0200] "GET /./seiten/produkte.htm HTTP/1.1" 200 9105 "-" "Mozilla/5.0 (X11; Linux i686; rv:6.0) Gecko/20100101 Firefox/6.0"
176.57.143.60 - - [08/Oct/2013:23:59:03 +0200] "GET /./seiten/databund.html HTTP/1.1" 200 9125 "-" "Mozilla/5.0 (X11; Linux i686; rv:6.0) Gecko/20100101 Firefox/6.0"
176.57.142.28 - - [08/Oct/2013:23:59:03 +0200] "GET /./seiten/service.htm HTTP/1.1" 200 9963 "-" "Mozilla/5.0 (X11; Linux i686; rv:6.0) Gecko/20100101 Firefox/6.0"
193.111.141.54 - - [08/Oct/2013:23:59:03 +0200] "GET /./seiten/partner.htm HTTP/1.1" 200 9458 "-" "Mozilla/5.0 (X11; Linux i686; rv:6.0) Gecko/20100101 Firefox/6.0"
46.105.114.127 - - [08/Oct/2013:23:59:03 +0200] "GET / HTTP/1.1" 200 7903 "-" "Mozilla/5.0 (X11; Linux i686; rv:6.0) Gecko/20100101 Firefox/6.0"
176.57.141.254 - - [08/Oct/2013:23:59:03 +0200] "GET /./seiten/referenzen.htm HTTP/1.1" 200 40249 "-" "Mozilla/5.0 (X11; Linux i686; rv:6.0) Gecko/20100101 Firefox/6.0"
176.57.143.60 - - [08/Oct/2013:23:59:16 +0200] "GET /seiten/impr.htm HTTP/1.1" 200 8696 "-" "Mozilla/5.0 (X11; Linux i686; rv:6.0) Gecko/20100101 Firefox/6.0"
193.111.141.44 - - [08/Oct/2013:23:59:16 +0200] "GET /seiten/kontakt.php HTTP/1.1" 200 12788 "-" "Mozilla/5.0 (X11; Linux i686; rv:6.0) Gecko/20100101 Firefox/6.0"
176.57.142.28 - - [08/Oct/2013:23:59:22 +0200] "GET /seiten/partner.htm HTTP/1.1" 200 9458 "-" "Mozilla/5.0 (X11; Linux i686; rv:6.0) Gecko/20100101 Firefox/6.0"
176.57.141.254 - - [08/Oct/2013:23:59:22 +0200] "GET /seiten/produkte.htm HTTP/1.1" 200 9105 "-" "Mozilla/5.0 (X11; Linux i686; rv:6.0) Gecko/20100101 Firefox/6.0"
46.105.114.127 - - [08/Oct/2013:23:59:30 +0200] "GET /seiten/referenzen.htm HTTP/1.1" 200 40249 "-" "Mozilla/5.0 (X11; Linux i686; rv:6.0) Gecko/20100101 Firefox/6.0"
176.57.143.60 - - [08/Oct/2013:23:59:37 +0200] "GET /seiten/impr.htm HTTP/1.1" 200 8696 "-" "Mozilla/5.0 (X11; Linux i686; rv:6.0) Gecko/20100101 Firefox/6.0"
193.111.141.44 - - [08/Oct/2013:23:59:37 +0200] "GET /seiten/kontakt.php HTTP/1.1" 200 12788 "-" "Mozilla/5.0 (X11; Linux i686; rv:6.0) Gecko/20100101 Firefox/6.0"
80.190.97.212 - - [09/Oct/2013:00:42:16 +0200] "GET / HTTP/1.1" 200 7903 "-" "Mozilla/5.0 (X11; U; FreeBSD i386; en-US; rv:1.9.1.12) Gecko/20100912 Firefox/3.5.12"
208.115.111.72 - - [09/Oct/2013:00:42:28 +0200] "GET /seiten/impr.htm HTTP/1.1" 200 8696 "-" "Mozilla/5.0 (compatible; Ezooms/1.0; ezooms.bot@gmail.com)"
64.125.222.50 - - [09/Oct/2013:01:09:31 +0200] "GET /robots.txt HTTP/1.1" 404 1256 "-" "Mozilla/5.0 (compatible; 008/0.83; http://www.80legs.com/webcrawler.html;) Gecko/2008032620"
80.190.97.212 - - [09/Oct/2013:01:24:02 +0200] "GET / HTTP/1.1" 200 7903 "-" "Mozilla/5.0 (X11; U; FreeBSD i386; en-US; rv:1.9.1.12) Gecko/20100912 Firefox/3.5.12"
157.56.92.149 - - [09/Oct/2013:01:26:27 +0200] "GET /robots.txt HTTP/1.1" 404 1256 "-" "Mozilla/5.0 (compatible; bingbot/2.0; +http://www.bing.com/bingbot.htm)"
157.56.92.149 - - [09/Oct/2013:01:30:51 +0200] "GET /seiten/kraftverkehr.htm HTTP/1.1" 304 - "-" "Mozilla/5.0 (compatible; bingbot/2.0; +http://www.bing.com/bingbot.htm)"
83.174.249.3 - - [09/Oct/2013:01:53:17 +0200] "GET / HTTP/1.1" 200 7903 "-" "Mozilla/5.0 (compatible; 008/0.85; http://www.80legs.com/webcrawler.html) Gecko/2008032620"
83.174.249.3 - - [09/Oct/2013:01:53:19 +0200] "GET / HTTP/1.1" 200 7903 "-" "Mozilla/5.0 (compatible; 008/0.85; http://www.80legs.com/webcrawler.html) Gecko/2008032620"
37.57.27.118 - - [09/Oct/2013:02:06:12 +0200] "GET /robots.txt HTTP/1.1" 404 1256 "-" "Mozilla/5.0 (compatible; 008/0.83; http://www.80legs.com/webcrawler.html;) Gecko/2008032620"
37.57.27.118 - - [09/Oct/2013:02:06:12 +0200] "GET / HTTP/1.1" 200 7903 "-" "Mozilla/5.0 (compatible; 008/0.85; http://www.80legs.com/webcrawler.html) Gecko/2008032620"
37.57.27.118 - - [09/Oct/2013:02:06:14 +0200] "GET / HTTP/1.1" 200 7903 "-" "Mozilla/5.0 (compatible; 008/0.85; http://www.80legs.com/webcrawler.html) Gecko/2008032620"
80.190.97.212 - - [09/Oct/2013:02:09:43 +0200] "GET / HTTP/1.1" 200 7903 "-" "Mozilla/5.0 (X11; U; FreeBSD i386; en-US; rv:1.9.1.12) Gecko/20100912 Firefox/3.5.12"
189.112.200.252 - - [09/Oct/2013:02:10:33 +0200] "GET / HTTP/1.1" 200 7903 "-" "Mozilla/5.0 (compatible; 008/0.85; http://www.80legs.com/webcrawler.html) Gecko/2008032620"
176.57.141.193 - - [09/Oct/2013:02:27:07 +0200] "GET / HTTP/1.1" 200 7903 "-" "Mozilla/5.0 (X11; Linux i686; rv:6.0) Gecko/20100101 Firefox/6.0"
193.111.141.44 - - [09/Oct/2013:02:27:14 +0200] "GET /./seiten/impr.htm HTTP/1.1" 200 8696 "-" "Mozilla/5.0 (X11; Linux i686; rv:6.0) Gecko/20100101 Firefox/6.0"
176.57.143.60 - - [09/Oct/2013:02:27:14 +0200] "GET /./seiten/kontakt.php HTTP/1.1" 200 12788 "-" "Mozilla/5.0 (X11; Linux i686; rv:6.0) Gecko/20100101 Firefox/6.0"
176.57.142.28 - - [09/Oct/2013:02:27:17 +0200] "GET /./seiten/partner.htm HTTP/1.1" 200 9458 "-" "Mozilla/5.0 (X11; Linux i686; rv:6.0) Gecko/20100101 Firefox/6.0"
176.57.141.254 - - [09/Oct/2013:02:27:17 +0200] "GET /./seiten/produkte.htm HTTP/1.1" 200 9105 "-" "Mozilla/5.0 (X11; Linux i686; rv:6.0) Gecko/20100101 Firefox/6.0"
193.111.141.54 - - [09/Oct/2013:02:27:17 +0200] "GET / HTTP/1.1" 200 7903 "-" "Mozilla/5.0 (X11; Linux i686; rv:6.0) Gecko/20100101 Firefox/6.0"
193.111.141.44 - - [09/Oct/2013:02:27:17 +0200] "GET /./seiten/service.htm HTTP/1.1" 200 9963 "-" "Mozilla/5.0 (X11; Linux i686; rv:6.0) Gecko/20100101 Firefox/6.0"
176.57.143.60 - - [09/Oct/2013:02:27:17 +0200] "GET /./seiten/referenzen.htm HTTP/1.1" 200 40249 "-" "Mozilla/5.0 (X11; Linux i686; rv:6.0) Gecko/20100101 Firefox/6.0"
178.33.122.74 - - [09/Oct/2013:02:27:18 +0200] "GET /./seiten/databund.html HTTP/1.1" 200 9125 "-" "Mozilla/5.0 (X11; Linux i686; rv:6.0) Gecko/20100101 Firefox/6.0"
176.57.143.60 - - [09/Oct/2013:02:27:32 +0200] "GET /seiten/impr.htm HTTP/1.1" 200 8696 "-" "Mozilla/5.0 (X11; Linux i686; rv:6.0) Gecko/20100101 Firefox/6.0"
81.7.13.161 - - [09/Oct/2013:02:27:32 +0200] "GET /seiten/kontakt.php HTTP/1.1" 200 12788 "-" "Mozilla/5.0 (X11; Linux i686; rv:6.0) Gecko/20100101 Firefox/6.0"
176.57.141.254 - - [09/Oct/2013:02:27:39 +0200] "GET /seiten/partner.htm HTTP/1.1" 200 9458 "-" "Mozilla/5.0 (X11; Linux i686; rv:6.0) Gecko/20100101 Firefox/6.0"
193.111.141.54 - - [09/Oct/2013:02:27:39 +0200] "GET /seiten/produkte.htm HTTP/1.1" 200 9105 "-" "Mozilla/5.0 (X11; Linux i686; rv:6.0) Gecko/20100101 Firefox/6.0"
46.105.114.127 - - [09/Oct/2013:02:27:56 +0200] "GET /seiten/referenzen.htm HTTP/1.1" 200 40249 "-" "Mozilla/5.0 (X11; Linux i686; rv:6.0) Gecko/20100101 Firefox/6.0"
193.111.141.54 - - [09/Oct/2013:02:28:04 +0200] "GET /seiten/impr.htm HTTP/1.1" 200 8696 "-" "Mozilla/5.0 (X11; Linux i686; rv:6.0) Gecko/20100101 Firefox/6.0"
176.57.141.193 - - [09/Oct/2013:02:28:04 +0200] "GET /seiten/kontakt.php HTTP/1.1" 200 12788 "-" "Mozilla/5.0 (X11; Linux i686; rv:6.0) Gecko/20100101 Firefox/6.0"
217.118.81.27 - - [09/Oct/2013:02:31:16 +0200] "GET / HTTP/1.1" 200 7903 "-" "Mozilla/5.0 (compatible; 008/0.85; http://www.80legs.com/webcrawler.html) Gecko/2008032620"
5.255.253.79 - - [09/Oct/2013:02:43:39 +0200] "GET /img/head03.jpg HTTP/1.1" 200 7610 "-" "Mozilla/5.0 (compatible; YandexImages/3.0; +http://yandex.com/bots)"
80.190.97.212 - - [09/Oct/2013:02:47:04 +0200] "GET / HTTP/1.1" 200 7903 "-" "Mozilla/5.0 (X11; U; FreeBSD i386; en-US; rv:1.9.1.12) Gecko/20100912 Firefox/3.5.12"
208.115.111.72 - - [09/Oct/2013:02:55:47 +0200] "GET /robots.txt HTTP/1.1" 404 1256 "-" "Mozilla/5.0 (compatible; Ezooms/1.0; ezooms.bot@gmail.com)"
66.249.78.141 - - [09/Oct/2013:03:17:09 +0200] "GET /robots.txt HTTP/1.1" 404 1256 "-" "Mozilla/5.0 (compatible; Googlebot/2.1; +http://www.google.com/bot.html)"
66.249.78.141 - - [09/Oct/2013:03:17:09 +0200] "GET /seiten/produkte.htm HTTP/1.1" 200 9105 "-" "Mozilla/5.0 (compatible; Googlebot/2.1; +http://www.google.com/bot.html)"
5.10.83.26 - - [09/Oct/2013:03:24:03 +0200] "GET /seiten/databund.html HTTP/1.1" 200 9125 "-" "Mozilla/5.0 (compatible; AhrefsBot/5.0; +http://ahrefs.com/robot/)"
64.125.222.16 - - [09/Oct/2013:03:26:58 +0200] "GET /robots.txt HTTP/1.1" 404 1256 "-" "Mozilla/5.0 (compatible; 008/0.83; http://www.80legs.com/webcrawler.html;) Gecko/2008032620"
66.249.78.141 - - [09/Oct/2013:03:28:06 +0200] "GET /css/style.css HTTP/1.1" 200 3549 "-" "Mozilla/5.0 (compatible; Googlebot/2.1; +http://www.google.com/bot.html)"
5.10.83.13 - - [09/Oct/2013:03:45:37 +0200] "GET /seiten/impr.htm HTTP/1.1" 200 8696 "-" "Mozilla/5.0 (compatible; AhrefsBot/5.0; +http://ahrefs.com/robot/)"
157.55.32.52 - - [09/Oct/2013:03:48:44 +0200] "GET /robots.txt HTTP/1.1" 404 1256 "-" "Mozilla/5.0 (compatible; bingbot/2.0; +http://www.bing.com/bingbot.htm)"
208.115.111.72 - - [09/Oct/2013:03:48:57 +0200] "GET /seiten/ HTTP/1.1" 403 1222 "-" "Mozilla/5.0 (compatible; Ezooms/1.0; ezooms.bot@gmail.com)"
157.55.32.52 - - [09/Oct/2013:03:49:59 +0200] "GET / HTTP/1.1" 200 7903 "-" "Mozilla/5.0 (compatible; bingbot/2.0; +http://www.bing.com/bingbot.htm)"
195.189.16.124 - - [09/Oct/2013:04:06:39 +0200] "GET /seiten/referenzen.htm HTTP/1.1" 200 40249 "-" "Mozilla/5.0 (compatible; 008/0.85; http://www.80legs.com/webcrawler.html) Gecko/2008032620"
195.189.16.124 - - [09/Oct/2013:04:06:42 +0200] "GET /seiten/service.htm HTTP/1.1" 200 9963 "-" "Mozilla/5.0 (compatible; 008/0.85; http://www.80legs.com/webcrawler.html) Gecko/2008032620"
93.157.237.9 - - [09/Oct/2013:04:07:54 +0200] "GET /seiten/kontakt.php HTTP/1.1" 200 12788 "-" "Mozilla/5.0 (compatible; 008/0.85; http://www.80legs.com/webcrawler.html) Gecko/2008032620"
93.157.237.9 - - [09/Oct/2013:04:07:56 +0200] "GET /seiten/partner.htm HTTP/1.1" 200 9458 "-" "Mozilla/5.0 (compatible; 008/0.85; http://www.80legs.com/webcrawler.html) Gecko/2008032620"
109.226.194.31 - - [09/Oct/2013:04:20:56 +0200] "GET /seiten/databund.html HTTP/1.1" 200 9125 "-" "Mozilla/5.0 (compatible; 008/0.85; http://www.80legs.com/webcrawler.html) Gecko/2008032620"
64.125.222.50 - - [09/Oct/2013:04:20:56 +0200] "GET /robots.txt HTTP/1.1" 404 1256 "-" "Mozilla/5.0 (compatible; 008/0.83; http://www.80legs.com/webcrawler.html;) Gecko/2008032620"
109.226.194.31 - - [09/Oct/2013:04:20:57 +0200] "GET /seiten/referenzen.htm HTTP/1.1" 200 40249 "-" "Mozilla/5.0 (compatible; 008/0.85; http://www.80legs.com/webcrawler.html) Gecko/2008032620"
176.67.51.0 - - [09/Oct/2013:04:23:42 +0200] "GET /seiten/service.htm HTTP/1.1" 200 9963 "-" "Mozilla/5.0 (compatible; 008/0.85; http://www.80legs.com/webcrawler.html) Gecko/2008032620"
157.55.32.233 - - [09/Oct/2013:04:26:02 +0200] "GET /robots.txt HTTP/1.1" 404 1256 "-" "Mozilla/5.0 (compatible; bingbot/2.0; +http://www.bing.com/bingbot.htm)"
112.198.64.52 - - [09/Oct/2013:04:27:17 +0200] "GET /seiten/impr.htm HTTP/1.1" 200 8696 "-" "Mozilla/5.0 (compatible; 008/0.85; http://www.80legs.com/webcrawler.html) Gecko/2008032620"
157.55.32.233 - - [09/Oct/2013:04:29:00 +0200] "GET /seiten/kontakt.php HTTP/1.1" 200 12788 "-" "Mozilla/5.0 (compatible; bingbot/2.0; +http://www.bing.com/bingbot.htm)"
157.55.33.84 - - [09/Oct/2013:04:29:37 +0200] "GET /scripte/basics.js HTTP/1.1" 200 198 "-" "Mozilla/5.0 (compatible; bingbot/2.0; +http://www.bing.com/bingbot.htm)"
157.55.33.84 - - [09/Oct/2013:04:29:38 +0200] "GET /css/style.css HTTP/1.1" 200 3549 "-" "Mozilla/5.0 (compatible; bingbot/2.0; +http://www.bing.com/bingbot.htm)"
78.26.220.245 - - [09/Oct/2013:04:31:30 +0200] "GET /seiten/produkte.htm HTTP/1.1" 200 9105 "-" "Mozilla/5.0 (compatible; 008/0.85; http://www.80legs.com/webcrawler.html) Gecko/2008032620"
178.234.251.21 - - [09/Oct/2013:04:33:51 +0200] "GET /seiten/kontakt.php HTTP/1.1" 200 12788 "-" "Mozilla/5.0 (compatible; 008/0.85; http://www.80legs.com/webcrawler.html) Gecko/2008032620"
178.234.251.21 - - [09/Oct/2013:04:33:54 +0200] "GET /seiten/partner.htm HTTP/1.1" 200 9458 "-" "Mozilla/5.0 (compatible; 008/0.85; http://www.80legs.com/webcrawler.html) Gecko/2008032620"
49.144.226.93 - - [09/Oct/2013:04:37:52 +0200] "GET /seiten/service.htm HTTP/1.1" 200 9963 "-" "Mozilla/5.0 (compatible; 008/0.85; http://www.80legs.com/webcrawler.html) Gecko/2008032620"
91.202.70.216 - - [09/Oct/2013:04:43:15 +0200] "GET /seiten/databund.html HTTP/1.1" 200 9125 "-" "Mozilla/5.0 (compatible; 008/0.85; http://www.80legs.com/webcrawler.html) Gecko/2008032620"
