85.186.103.66 - - [20/Oct/2013:11:30:00 +0200] "GET /seiten/kraftverkehr.htm HTTP/1.1" 200 9210 "-" "Mozilla/5.0 (Windows NT 6.1; WOW64) AppleWebKit/537.36 (KHTML, like Gecko) Chrome/30.0.1599.69 Safari/537.36 OPR/17.0.1241.45"
157.55.32.88 - - [20/Oct/2013:11:50:01 +0200] "GET /robots.txt HTTP/1.1" 404 1256 "-" "Mozilla/5.0 (compatible; bingbot/2.0; +http://www.bing.com/bingbot.htm)"
157.55.32.88 - - [20/Oct/2013:11:53:15 +0200] "GET /seiten/databund.html HTTP/1.1" 304 - "-" "Mozilla/5.0 (compatible; bingbot/2.0; +http://www.bing.com/bingbot.htm)"
157.55.32.88 - - [20/Oct/2013:12:07:38 +0200] "GET / HTTP/1.1" 200 7903 "-" "Mozilla/5.0 (compatible; bingbot/2.0; +http://www.bing.com/bingbot.htm)"
5.10.83.57 - - [20/Oct/2013:12:30:19 +0200] "GET /seiten/databund.html HTTP/1.1" 200 9125 "-" "Mozilla/5.0 (compatible; AhrefsBot/5.0; +http://ahrefs.com/robot/)"
178.77.126.55 - - [20/Oct/2013:13:02:22 +0200] "GET /robots.txt HTTP/1.1" 404 1256 "-" "Mozilla/5.0 (compatible; CareerBot/1.1; +http://www.career-x.de/bot.html)"
178.77.126.55 - - [20/Oct/2013:13:02:22 +0200] "GET / HTTP/1.1" 200 7903 "-" "Mozilla/5.0 (compatible; CareerBot/1.1; +http://www.career-x.de/bot.html)"
199.30.20.72 - - [20/Oct/2013:13:47:15 +0200] "GET /robots.txt HTTP/1.1" 404 1256 "-" "msnbot-media/1.1 (+http://search.msn.com/msnbot.htm)"
199.30.20.72 - - [20/Oct/2013:13:47:15 +0200] "GET /img/databund.jpg HTTP/1.1" 404 1256 "-" "msnbot-media/1.1 (+http://search.msn.com/msnbot.htm)"
83.233.207.74 - - [20/Oct/2013:13:59:57 +0200] "GET / HTTP/1.1" 200 7903 "-" "Mozilla/4.0 (CMS Crawler: http://www.cmscrawler.com)"
5.10.83.52 - - [20/Oct/2013:15:20:53 +0200] "GET /seiten/fahrlehrerwesen.htm HTTP/1.1" 200 7168 "-" "Mozilla/5.0 (compatible; AhrefsBot/5.0; +http://ahrefs.com/robot/)"
141.8.147.12 - - [20/Oct/2013:15:30:07 +0200] "GET /img/komfa1_s.jpg HTTP/1.1" 404 1256 "-" "Mozilla/5.0 (compatible; YandexImages/3.0; +http://yandex.com/bots)"
157.55.32.222 - - [20/Oct/2013:15:33:27 +0200] "GET /robots.txt HTTP/1.1" 404 1256 "-" "Mozilla/5.0 (compatible; bingbot/2.0; +http://www.bing.com/bingbot.htm)"
157.55.32.222 - - [20/Oct/2013:15:42:43 +0200] "GET /seiten/fahrlehrerwesen.htm HTTP/1.1" 304 - "-" "Mozilla/5.0 (compatible; bingbot/2.0; +http://www.bing.com/bingbot.htm)"
157.55.34.175 - - [20/Oct/2013:16:27:57 +0200] "GET /robots.txt HTTP/1.1" 404 1256 "-" "Mozilla/5.0 (compatible; bingbot/2.0; +http://www.bing.com/bingbot.htm)"
157.55.34.175 - - [20/Oct/2013:16:28:38 +0200] "GET /seiten/kontakt.php HTTP/1.1" 200 12788 "-" "Mozilla/5.0 (compatible; bingbot/2.0; +http://www.bing.com/bingbot.htm)"
66.249.78.183 - - [20/Oct/2013:16:39:48 +0200] "GET /robots.txt HTTP/1.1" 404 1256 "-" "Mozilla/5.0 (compatible; Googlebot/2.1; +http://www.google.com/bot.html)"
66.249.78.183 - - [20/Oct/2013:16:39:48 +0200] "GET / HTTP/1.1" 200 7903 "-" "Mozilla/5.0 (compatible; Googlebot/2.1; +http://www.google.com/bot.html)"
5.10.83.57 - - [20/Oct/2013:16:44:57 +0200] "GET /seiten/service.htm HTTP/1.1" 200 9963 "-" "Mozilla/5.0 (compatible; AhrefsBot/5.0; +http://ahrefs.com/robot/)"
66.249.78.183 - - [20/Oct/2013:16:47:08 +0200] "GET /css/style.css HTTP/1.1" 200 3549 "-" "Mozilla/5.0 (compatible; Googlebot/2.1; +http://www.google.com/bot.html)"
208.115.113.87 - - [20/Oct/2013:17:00:40 +0200] "GET /robots.txt HTTP/1.1" 404 1256 "-" "Mozilla/5.0 (compatible; Ezooms/1.0; ezooms.bot@gmail.com)"
5.10.83.85 - - [20/Oct/2013:17:15:38 +0200] "GET /seiten/produkte.htm HTTP/1.1" 200 9105 "-" "Mozilla/5.0 (compatible; AhrefsBot/5.0; +http://ahrefs.com/robot/)"
61.135.189.69 - - [20/Oct/2013:17:30:43 +0200] "GET /robots.txt HTTP/1.1" 404 1256 "-" "Sogou web spider/4.0(+http://www.sogou.com/docs/help/webmasters.htm#07)"
61.135.189.69 - - [20/Oct/2013:17:30:45 +0200] "GET / HTTP/1.1" 304 - "-" "Sogou web spider/4.0(+http://www.sogou.com/docs/help/webmasters.htm#07)"
199.30.16.3 - - [20/Oct/2013:18:04:58 +0200] "GET /robots.txt HTTP/1.1" 404 1256 "-" "msnbot-media/1.1 (+http://search.msn.com/msnbot.htm)"
199.30.16.3 - - [20/Oct/2013:18:04:59 +0200] "GET /img/hk.jpg HTTP/1.1" 200 4852 "-" "msnbot-media/1.1 (+http://search.msn.com/msnbot.htm)"
119.63.196.77 - - [20/Oct/2013:18:23:17 +0200] "GET / HTTP/1.1" 200 7903 "-" "Mozilla/5.0 (compatible; Baiduspider/2.0; +http://www.baidu.com/search/spider.html)"
123.125.71.46 - - [20/Oct/2013:18:32:45 +0200] "GET / HTTP/1.1" 200 7903 "-" "Mozilla/5.0 (compatible; Baiduspider/2.0; +http://www.baidu.com/search/spider.html)"
220.181.108.100 - - [20/Oct/2013:18:32:45 +0200] "GET / HTTP/1.1" 200 7903 "-" "Mozilla/5.0 (compatible; Baiduspider/2.0; +http://www.baidu.com/search/spider.html)"
208.115.113.87 - - [20/Oct/2013:19:06:17 +0200] "GET /seiten/databund.html HTTP/1.1" 200 9125 "-" "Mozilla/5.0 (compatible; Ezooms/1.0; ezooms.bot@gmail.com)"
178.77.126.55 - - [20/Oct/2013:19:41:02 +0200] "GET /robots.txt HTTP/1.1" 404 1256 "-" "Mozilla/5.0 (compatible; CareerBot/1.1; +http://www.career-x.de/bot.html)"
178.77.126.55 - - [20/Oct/2013:19:41:02 +0200] "GET / HTTP/1.1" 200 7903 "-" "Mozilla/5.0 (compatible; CareerBot/1.1; +http://www.career-x.de/bot.html)"
117.78.13.18 - - [20/Oct/2013:20:17:05 +0200] "GET /robots.txt HTTP/1.0" 404 1256 "-" "nutch-1.4/Nutch-1.4"
117.78.13.18 - - [20/Oct/2013:20:17:07 +0200] "GET / HTTP/1.0" 200 7903 "-" "nutch-1.4/Nutch-1.4"
123.125.71.26 - - [20/Oct/2013:20:35:23 +0200] "GET / HTTP/1.1" 200 7903 "-" "Mozilla/5.0 (compatible; Baiduspider/2.0; +http://www.baidu.com/search/spider.html)"
220.181.108.81 - - [20/Oct/2013:20:35:23 +0200] "GET / HTTP/1.1" 200 7903 "-" "Mozilla/5.0 (compatible; Baiduspider/2.0; +http://www.baidu.com/search/spider.html)"
157.56.92.146 - - [20/Oct/2013:21:36:02 +0200] "GET /robots.txt HTTP/1.1" 404 1256 "-" "Mozilla/5.0 (compatible; bingbot/2.0; +http://www.bing.com/bingbot.htm)"
157.56.92.146 - - [20/Oct/2013:21:37:45 +0200] "GET /seiten/kontroll.htm HTTP/1.1" 304 - "-" "Mozilla/5.0 (compatible; bingbot/2.0; +http://www.bing.com/bingbot.htm)"
190.211.254.139 - - [20/Oct/2013:21:45:04 +0200] "GET /seiten/kontakt.php HTTP/1.1" 200 12788 "-" "Mozilla/5.0 (X11; Linux i686; rv:6.0) Gecko/20100101 Firefox/6.0"
66.249.78.242 - - [20/Oct/2013:22:40:58 +0200] "GET /robots.txt HTTP/1.1" 404 1256 "-" "Mozilla/5.0 (compatible; Googlebot/2.1; +http://www.google.com/bot.html)"
66.249.78.242 - - [20/Oct/2013:22:40:59 +0200] "GET / HTTP/1.1" 200 7903 "-" "Mozilla/5.0 (iPhone; CPU iPhone OS 6_0 like Mac OS X) AppleWebKit/536.26 (KHTML, like Gecko) Version/6.0 Mobile/10A5376e Safari/8536.25 (compatible; Googlebot-Mobile/2.1; +http://www.google.com/bot.html)"
66.249.78.242 - - [20/Oct/2013:22:46:53 +0200] "GET /css/style.css HTTP/1.1" 200 3549 "-" "Mozilla/5.0 (compatible; Googlebot/2.1; +http://www.google.com/bot.html)"
178.255.215.72 - - [20/Oct/2013:23:22:12 +0200] "GET / HTTP/1.1" 304 - "-" "Mozilla/5.0 (compatible; Exabot/3.0; +http://www.exabot.com/go/robot)"
157.55.33.248 - - [21/Oct/2013:00:15:25 +0200] "GET /robots.txt HTTP/1.1" 404 1256 "-" "Mozilla/5.0 (compatible; bingbot/2.0; +http://www.bing.com/bingbot.htm)"
157.55.33.248 - - [21/Oct/2013:00:17:04 +0200] "GET / HTTP/1.1" 200 7903 "-" "Mozilla/5.0 (compatible; bingbot/2.0; +http://www.bing.com/bingbot.htm)"
80.190.97.212 - - [21/Oct/2013:00:43:26 +0200] "GET / HTTP/1.1" 200 7903 "-" "Mozilla/5.0 (X11; U; FreeBSD i386; en-US; rv:1.9.1.12) Gecko/20100912 Firefox/3.5.12"
80.190.97.212 - - [21/Oct/2013:01:25:04 +0200] "GET / HTTP/1.1" 200 7903 "-" "Mozilla/5.0 (X11; U; FreeBSD i386; en-US; rv:1.9.1.12) Gecko/20100912 Firefox/3.5.12"
80.190.97.212 - - [21/Oct/2013:02:08:11 +0200] "GET / HTTP/1.1" 200 7903 "-" "Mozilla/5.0 (X11; U; FreeBSD i386; en-US; rv:1.9.1.12) Gecko/20100912 Firefox/3.5.12"
66.249.78.183 - - [21/Oct/2013:02:16:54 +0200] "GET /robots.txt HTTP/1.1" 404 1256 "-" "Mozilla/5.0 (compatible; Googlebot/2.1; +http://www.google.com/bot.html)"
80.190.97.212 - - [21/Oct/2013:02:45:44 +0200] "GET / HTTP/1.1" 200 7903 "-" "Mozilla/5.0 (X11; U; FreeBSD i386; en-US; rv:1.9.1.12) Gecko/20100912 Firefox/3.5.12"
66.249.78.242 - - [21/Oct/2013:03:20:25 +0200] "GET /seiten/produkte.htm HTTP/1.1" 304 - "-" "Mozilla/5.0 (iPhone; CPU iPhone OS 6_0 like Mac OS X) AppleWebKit/536.26 (KHTML, like Gecko) Version/6.0 Mobile/10A5376e Safari/8536.25 (compatible; Googlebot-Mobile/2.1; +http://www.google.com/bot.html)"
157.56.93.39 - - [21/Oct/2013:03:46:00 +0200] "GET /robots.txt HTTP/1.1" 404 1256 "-" "Mozilla/5.0 (compatible; bingbot/2.0; +http://www.bing.com/bingbot.htm)"
157.56.93.39 - - [21/Oct/2013:03:46:47 +0200] "GET /seiten/partner.htm HTTP/1.1" 304 - "-" "Mozilla/5.0 (compatible; bingbot/2.0; +http://www.bing.com/bingbot.htm)"
80.190.97.212 - - [21/Oct/2013:04:43:48 +0200] "GET / HTTP/1.1" 200 7903 "-" "Mozilla/5.0 (X11; U; FreeBSD i386; en-US; rv:1.9.1.12) Gecko/20100912 Firefox/3.5.12"
80.190.97.212 - - [21/Oct/2013:04:43:48 +0200] "GET / HTTP/1.1" 200 7903 "-" "Mozilla/5.0 (X11; U; FreeBSD i386; en-US; rv:1.9.1.12) Gecko/20100912 Firefox/3.5.12"
208.115.113.87 - - [21/Oct/2013:05:02:15 +0200] "GET /robots.txt HTTP/1.1" 404 1256 "-" "Mozilla/5.0 (compatible; Ezooms/1.0; ezooms.bot@gmail.com)"
208.115.113.88 - - [21/Oct/2013:05:02:15 +0200] "GET /robots.txt HTTP/1.1" 404 1256 "-" "Mozilla/5.0 (compatible; Ezooms/1.0; ezooms.bot@gmail.com)"
157.55.32.117 - - [21/Oct/2013:05:19:49 +0200] "GET /robots.txt HTTP/1.1" 404 1256 "-" "Mozilla/5.0 (compatible; bingbot/2.0; +http://www.bing.com/bingbot.htm)"
157.55.32.117 - - [21/Oct/2013:05:20:49 +0200] "GET / HTTP/1.1" 304 - "-" "Mozilla/5.0 (compatible; bingbot/2.0; +http://www.bing.com/bingbot.htm)"
66.249.78.242 - - [21/Oct/2013:05:23:40 +0200] "GET /seiten/term13.pdf HTTP/1.1" 200 144911 "-" "SAMSUNG-SGH-E250/1.0 Profile/MIDP-2.0 Configuration/CLDC-1.1 UP.Browser/6.2.3.3.c.1.101 (GUI) MMP/2.0 (compatible; Googlebot-Mobile/2.1; +http://www.google.com/bot.html)"
208.115.113.88 - - [21/Oct/2013:05:52:22 +0200] "GET /seiten/kontroll.htm HTTP/1.1" 200 6599 "-" "Mozilla/5.0 (compatible; Ezooms/1.0; ezooms.bot@gmail.com)"
208.115.113.87 - - [21/Oct/2013:07:10:05 +0200] "GET /seiten/produkte.htm HTTP/1.1" 200 9105 "-" "Mozilla/5.0 (compatible; Ezooms/1.0; ezooms.bot@gmail.com)"
46.229.164.99 - - [21/Oct/2013:07:36:31 +0200] "GET /robots.txt HTTP/1.1" 404 1256 "-" "Mozilla/5.0 (compatible; SemrushBot/0.97; +http://www.semrush.com/bot.html)"
217.230.172.154 - - [21/Oct/2013:07:40:43 +0200] "GET / HTTP/1.1" 200 7903 "http://www.bigfinder.de/?c=ws&q=online&v=1" "Mozilla/4.0 (compatible; MSIE 8.0; Windows NT 6.1; Trident/4.0; SLCC2; .NET CLR 2.0.50727; .NET CLR 3.5.30729; .NET CLR 3.0.30729; Media Center PC 6.0)"
208.115.113.84 - - [21/Oct/2013:08:24:31 +0200] "GET /robots.txt HTTP/1.1" 404 1256 "-" "Mozilla/5.0 (compatible; Ezooms/1.0; ezooms.bot@gmail.com)"
91.66.175.122 - - [21/Oct/2013:08:31:19 +0200] "GET /favicon.ico HTTP/1.1" 304 - "-" "Mozilla/5.0 (Windows NT 6.1; rv:21.0) Gecko/20100101 Firefox/21.0"
91.66.175.122 - - [21/Oct/2013:08:31:22 +0200] "GET /seiten/service.htm HTTP/1.1" 304 - "http://www.prokommunal.com/" "Mozilla/5.0 (Windows NT 6.1; rv:21.0) Gecko/20100101 Firefox/21.0"
194.44.181.161 - - [21/Oct/2013:08:40:11 +0200] "GET / HTTP/1.1" 200 7903 "-" "Mozilla/5.0 (Windows NT 5.1; rv:21.0) Gecko/20100101 Firefox/21.0"
194.44.181.161 - - [21/Oct/2013:08:40:11 +0200] "GET /css/style.css HTTP/1.1" 200 3549 "http://www.prokommunal.com/" "Mozilla/5.0 (Windows NT 5.1; rv:21.0) Gecko/20100101 Firefox/21.0"
194.44.181.161 - - [21/Oct/2013:08:40:11 +0200] "GET /scripte/basics.js HTTP/1.1" 200 198 "http://www.prokommunal.com/" "Mozilla/5.0 (Windows NT 5.1; rv:21.0) Gecko/20100101 Firefox/21.0"
194.44.181.161 - - [21/Oct/2013:08:40:11 +0200] "GET /favicon.ico HTTP/1.1" 200 894 "-" "Mozilla/5.0 (Windows NT 5.1; rv:21.0) Gecko/20100101 Firefox/21.0"
194.44.181.161 - - [21/Oct/2013:08:40:12 +0200] "GET /img/head01.jpg HTTP/1.1" 200 6350 "http://www.prokommunal.com/" "Mozilla/5.0 (Windows NT 5.1; rv:21.0) Gecko/20100101 Firefox/21.0"
194.44.181.161 - - [21/Oct/2013:08:40:12 +0200] "GET /img/head02.jpg HTTP/1.1" 200 4929 "http://www.prokommunal.com/" "Mozilla/5.0 (Windows NT 5.1; rv:21.0) Gecko/20100101 Firefox/21.0"
194.44.181.161 - - [21/Oct/2013:08:40:12 +0200] "GET /img/head03.jpg HTTP/1.1" 200 7610 "http://www.prokommunal.com/" "Mozilla/5.0 (Windows NT 5.1; rv:21.0) Gecko/20100101 Firefox/21.0"
194.44.181.161 - - [21/Oct/2013:08:40:12 +0200] "GET /redesign/img/bg_gelb.jpg HTTP/1.1" 200 368 "http://www.prokommunal.com/css/style.css" "Mozilla/5.0 (Windows NT 5.1; rv:21.0) Gecko/20100101 Firefox/21.0"
194.44.181.161 - - [21/Oct/2013:08:40:12 +0200] "GET /redesign/img/bg_foot.gif HTTP/1.1" 200 286 "http://www.prokommunal.com/css/style.css" "Mozilla/5.0 (Windows NT 5.1; rv:21.0) Gecko/20100101 Firefox/21.0"
194.44.181.161 - - [21/Oct/2013:08:40:28 +0200] "GET /seiten/service.htm HTTP/1.1" 200 9963 "http://www.prokommunal.com/" "Mozilla/5.0 (Windows NT 5.1; rv:21.0) Gecko/20100101 Firefox/21.0"
194.44.181.161 - - [21/Oct/2013:08:40:28 +0200] "GET /img/top.gif HTTP/1.1" 200 96 "http://www.prokommunal.com/seiten/service.htm" "Mozilla/5.0 (Windows NT 5.1; rv:21.0) Gecko/20100101 Firefox/21.0"
194.44.181.161 - - [21/Oct/2013:08:40:29 +0200] "GET /img/men_01.jpg HTTP/1.1" 200 713 "http://www.prokommunal.com/seiten/service.htm" "Mozilla/5.0 (Windows NT 5.1; rv:21.0) Gecko/20100101 Firefox/21.0"
194.44.181.161 - - [21/Oct/2013:08:40:29 +0200] "GET /redesign/img/term.jpg HTTP/1.1" 200 498 "http://www.prokommunal.com/css/style.css" "Mozilla/5.0 (Windows NT 5.1; rv:21.0) Gecko/20100101 Firefox/21.0"
194.44.181.161 - - [21/Oct/2013:08:40:39 +0200] "GET /seiten/produkte.htm HTTP/1.1" 200 9105 "http://www.prokommunal.com/seiten/service.htm" "Mozilla/5.0 (Windows NT 5.1; rv:21.0) Gecko/20100101 Firefox/21.0"
194.44.181.161 - - [21/Oct/2013:08:40:39 +0200] "GET /img/1px_tr.gif HTTP/1.1" 200 43 "http://www.prokommunal.com/seiten/produkte.htm" "Mozilla/5.0 (Windows NT 5.1; rv:21.0) Gecko/20100101 Firefox/21.0"
194.44.181.161 - - [21/Oct/2013:08:44:30 +0200] "GET /seiten/partner.htm HTTP/1.1" 200 9458 "http://www.prokommunal.com/seiten/produkte.htm" "Mozilla/5.0 (Windows NT 5.1; rv:21.0) Gecko/20100101 Firefox/21.0"
194.44.181.161 - - [21/Oct/2013:08:44:30 +0200] "GET /img/hsh.jpg HTTP/1.1" 200 5007 "http://www.prokommunal.com/seiten/partner.htm" "Mozilla/5.0 (Windows NT 5.1; rv:21.0) Gecko/20100101 Firefox/21.0"
194.44.181.161 - - [21/Oct/2013:08:44:30 +0200] "GET /img/gz.jpg HTTP/1.1" 200 7757 "http://www.prokommunal.com/seiten/partner.htm" "Mozilla/5.0 (Windows NT 5.1; rv:21.0) Gecko/20100101 Firefox/21.0"
194.44.181.161 - - [21/Oct/2013:08:44:30 +0200] "GET /img/hh.jpg HTTP/1.1" 200 5817 "http://www.prokommunal.com/seiten/partner.htm" "Mozilla/5.0 (Windows NT 5.1; rv:21.0) Gecko/20100101 Firefox/21.0"
194.44.181.161 - - [21/Oct/2013:08:44:30 +0200] "GET /img/komfa1_s.jpg HTTP/1.1" 404 1256 "http://www.prokommunal.com/seiten/partner.htm" "Mozilla/5.0 (Windows NT 5.1; rv:21.0) Gecko/20100101 Firefox/21.0"
194.44.181.161 - - [21/Oct/2013:08:44:30 +0200] "GET /img/hk.jpg HTTP/1.1" 200 4852 "http://www.prokommunal.com/seiten/partner.htm" "Mozilla/5.0 (Windows NT 5.1; rv:21.0) Gecko/20100101 Firefox/21.0"
194.44.181.161 - - [21/Oct/2013:08:44:30 +0200] "GET /img/databund.jpg HTTP/1.1" 404 1256 "http://www.prokommunal.com/seiten/partner.htm" "Mozilla/5.0 (Windows NT 5.1; rv:21.0) Gecko/20100101 Firefox/21.0"
194.44.181.161 - - [21/Oct/2013:08:44:38 +0200] "GET /seiten/referenzen.htm HTTP/1.1" 200 40249 "http://www.prokommunal.com/seiten/partner.htm" "Mozilla/5.0 (Windows NT 5.1; rv:21.0) Gecko/20100101 Firefox/21.0"
83.243.48.3 - - [21/Oct/2013:09:26:46 +0200] "GET / HTTP/1.1" 200 7903 "-" "Mozilla/5.0 (compatible; MSIE 9.0; Windows NT 6.0; Trident/5.0)"
194.76.64.12 - - [21/Oct/2013:09:42:29 +0200] "GET / HTTP/1.1" 200 7903 "-" "Mozilla/5.0 (Windows NT 5.1; rv:24.0) Gecko/20100101 Firefox/24.0"
194.76.64.12 - - [21/Oct/2013:09:42:29 +0200] "GET /scripte/basics.js HTTP/1.1" 200 198 "http://www.prokommunal.com/" "Mozilla/5.0 (Windows NT 5.1; rv:24.0) Gecko/20100101 Firefox/24.0"
213.168.201.227 - - [21/Oct/2013:09:42:29 +0200] "GET /css/style.css HTTP/1.0" 200 3549 "http://www.prokommunal.com/" "Mozilla/5.0 (Windows NT 5.1; rv:24.0) Gecko/20100101 Firefox/24.0"
213.168.201.227 - - [21/Oct/2013:09:42:29 +0200] "GET /favicon.ico HTTP/1.0" 200 894 "-" "Mozilla/5.0 (Windows NT 5.1; rv:24.0) Gecko/20100101 Firefox/24.0"
194.76.64.12 - - [21/Oct/2013:09:42:29 +0200] "GET /img/head01.jpg HTTP/1.1" 200 6350 "http://www.prokommunal.com/" "Mozilla/5.0 (Windows NT 5.1; rv:24.0) Gecko/20100101 Firefox/24.0"
213.168.201.227 - - [21/Oct/2013:09:42:29 +0200] "GET /img/head03.jpg HTTP/1.0" 200 7610 "http://www.prokommunal.com/" "Mozilla/5.0 (Windows NT 5.1; rv:24.0) Gecko/20100101 Firefox/24.0"
194.76.64.12 - - [21/Oct/2013:09:42:29 +0200] "GET /img/head02.jpg HTTP/1.1" 200 4929 "http://www.prokommunal.com/" "Mozilla/5.0 (Windows NT 5.1; rv:24.0) Gecko/20100101 Firefox/24.0"
213.168.201.227 - - [21/Oct/2013:09:42:29 +0200] "GET /redesign/img/bg_gelb.jpg HTTP/1.0" 200 368 "http://www.prokommunal.com/css/style.css" "Mozilla/5.0 (Windows NT 5.1; rv:24.0) Gecko/20100101 Firefox/24.0"
194.76.64.12 - - [21/Oct/2013:09:42:29 +0200] "GET /redesign/img/bg_foot.gif HTTP/1.1" 200 286 "http://www.prokommunal.com/css/style.css" "Mozilla/5.0 (Windows NT 5.1; rv:24.0) Gecko/20100101 Firefox/24.0"
194.76.64.12 - - [21/Oct/2013:09:42:32 +0200] "GET /seiten/produkte.htm HTTP/1.1" 200 9105 "http://www.prokommunal.com/" "Mozilla/5.0 (Windows NT 5.1; rv:24.0) Gecko/20100101 Firefox/24.0"
194.76.64.12 - - [21/Oct/2013:09:42:32 +0200] "GET /scripte/basics.js HTTP/1.1" 304 - "http://www.prokommunal.com/seiten/produkte.htm" "Mozilla/5.0 (Windows NT 5.1; rv:24.0) Gecko/20100101 Firefox/24.0"
213.168.201.227 - - [21/Oct/2013:09:42:32 +0200] "GET /css/style.css HTTP/1.0" 304 - "http://www.prokommunal.com/seiten/produkte.htm" "Mozilla/5.0 (Windows NT 5.1; rv:24.0) Gecko/20100101 Firefox/24.0"
194.76.64.12 - - [21/Oct/2013:09:42:32 +0200] "GET /img/top.gif HTTP/1.1" 200 96 "http://www.prokommunal.com/seiten/produkte.htm" "Mozilla/5.0 (Windows NT 5.1; rv:24.0) Gecko/20100101 Firefox/24.0"
213.168.201.227 - - [21/Oct/2013:09:42:33 +0200] "GET /img/1px_tr.gif HTTP/1.0" 200 43 "http://www.prokommunal.com/seiten/produkte.htm" "Mozilla/5.0 (Windows NT 5.1; rv:24.0) Gecko/20100101 Firefox/24.0"
194.76.64.12 - - [21/Oct/2013:09:42:33 +0200] "GET /img/head02.jpg HTTP/1.1" 304 - "http://www.prokommunal.com/seiten/produkte.htm" "Mozilla/5.0 (Windows NT 5.1; rv:24.0) Gecko/20100101 Firefox/24.0"
213.168.201.227 - - [21/Oct/2013:09:42:33 +0200] "GET /img/head03.jpg HTTP/1.0" 304 - "http://www.prokommunal.com/seiten/produkte.htm" "Mozilla/5.0 (Windows NT 5.1; rv:24.0) Gecko/20100101 Firefox/24.0"
194.76.64.12 - - [21/Oct/2013:09:42:33 +0200] "GET /redesign/img/bg_foot.gif HTTP/1.1" 304 - "http://www.prokommunal.com/css/style.css" "Mozilla/5.0 (Windows NT 5.1; rv:24.0) Gecko/20100101 Firefox/24.0"
213.168.201.227 - - [21/Oct/2013:09:42:33 +0200] "GET /img/head01.jpg HTTP/1.0" 304 - "http://www.prokommunal.com/seiten/produkte.htm" "Mozilla/5.0 (Windows NT 5.1; rv:24.0) Gecko/20100101 Firefox/24.0"
194.76.64.12 - - [21/Oct/2013:09:42:33 +0200] "GET /redesign/img/bg_gelb.jpg HTTP/1.1" 304 - "http://www.prokommunal.com/css/style.css" "Mozilla/5.0 (Windows NT 5.1; rv:24.0) Gecko/20100101 Firefox/24.0"
213.168.201.227 - - [21/Oct/2013:09:42:33 +0200] "GET /img/men_01.jpg HTTP/1.0" 200 713 "http://www.prokommunal.com/seiten/produkte.htm" "Mozilla/5.0 (Windows NT 5.1; rv:24.0) Gecko/20100101 Firefox/24.0"
194.76.64.12 - - [21/Oct/2013:09:42:35 +0200] "GET /seiten/kraftverkehr.htm HTTP/1.1" 200 9210 "http://www.prokommunal.com/seiten/produkte.htm" "Mozilla/5.0 (Windows NT 5.1; rv:24.0) Gecko/20100101 Firefox/24.0"
213.168.201.227 - - [21/Oct/2013:09:42:35 +0200] "GET /scripte/basics.js HTTP/1.0" 304 - "http://www.prokommunal.com/seiten/kraftverkehr.htm" "Mozilla/5.0 (Windows NT 5.1; rv:24.0) Gecko/20100101 Firefox/24.0"
194.76.64.12 - - [21/Oct/2013:09:42:35 +0200] "GET /css/style.css HTTP/1.1" 304 - "http://www.prokommunal.com/seiten/kraftverkehr.htm" "Mozilla/5.0 (Windows NT 5.1; rv:24.0) Gecko/20100101 Firefox/24.0"
213.168.201.227 - - [21/Oct/2013:09:42:35 +0200] "GET /img/head03.jpg HTTP/1.0" 304 - "http://www.prokommunal.com/seiten/kraftverkehr.htm" "Mozilla/5.0 (Windows NT 5.1; rv:24.0) Gecko/20100101 Firefox/24.0"
194.76.64.12 - - [21/Oct/2013:09:42:35 +0200] "GET /img/1px_tr.gif HTTP/1.1" 304 - "http://www.prokommunal.com/seiten/kraftverkehr.htm" "Mozilla/5.0 (Windows NT 5.1; rv:24.0) Gecko/20100101 Firefox/24.0"
194.76.64.12 - - [21/Oct/2013:09:42:35 +0200] "GET /redesign/img/bg_gelb.jpg HTTP/1.1" 304 - "http://www.prokommunal.com/css/style.css" "Mozilla/5.0 (Windows NT 5.1; rv:24.0) Gecko/20100101 Firefox/24.0"
213.168.201.227 - - [21/Oct/2013:09:42:35 +0200] "GET /img/top.gif HTTP/1.0" 304 - "http://www.prokommunal.com/seiten/kraftverkehr.htm" "Mozilla/5.0 (Windows NT 5.1; rv:24.0) Gecko/20100101 Firefox/24.0"
194.76.64.12 - - [21/Oct/2013:09:42:35 +0200] "GET /redesign/img/bg_foot.gif HTTP/1.1" 304 - "http://www.prokommunal.com/css/style.css" "Mozilla/5.0 (Windows NT 5.1; rv:24.0) Gecko/20100101 Firefox/24.0"
213.168.201.227 - - [21/Oct/2013:09:42:35 +0200] "GET /img/men_01.jpg HTTP/1.0" 304 - "http://www.prokommunal.com/seiten/kraftverkehr.htm" "Mozilla/5.0 (Windows NT 5.1; rv:24.0) Gecko/20100101 Firefox/24.0"
213.168.201.227 - - [21/Oct/2013:09:42:35 +0200] "GET /img/head01.jpg HTTP/1.0" 304 - "http://www.prokommunal.com/seiten/kraftverkehr.htm" "Mozilla/5.0 (Windows NT 5.1; rv:24.0) Gecko/20100101 Firefox/24.0"
194.76.64.12 - - [21/Oct/2013:09:42:35 +0200] "GET /img/head02.jpg HTTP/1.1" 304 - "http://www.prokommunal.com/seiten/kraftverkehr.htm" "Mozilla/5.0 (Windows NT 5.1; rv:24.0) Gecko/20100101 Firefox/24.0"
213.168.201.227 - - [21/Oct/2013:09:42:51 +0200] "GET /seiten/kontakt.php HTTP/1.0" 200 12788 "http://www.prokommunal.com/seiten/kraftverkehr.htm" "Mozilla/5.0 (Windows NT 5.1; rv:24.0) Gecko/20100101 Firefox/24.0"
194.76.64.12 - - [21/Oct/2013:09:42:52 +0200] "GET /css/style.css HTTP/1.1" 304 - "http://www.prokommunal.com/seiten/kontakt.php" "Mozilla/5.0 (Windows NT 5.1; rv:24.0) Gecko/20100101 Firefox/24.0"
213.168.201.227 - - [21/Oct/2013:09:42:52 +0200] "GET /scripte/basics.js HTTP/1.0" 304 - "http://www.prokommunal.com/seiten/kontakt.php" "Mozilla/5.0 (Windows NT 5.1; rv:24.0) Gecko/20100101 Firefox/24.0"
194.76.64.12 - - [21/Oct/2013:09:42:52 +0200] "GET /img/head01.jpg HTTP/1.1" 304 - "http://www.prokommunal.com/seiten/kontakt.php" "Mozilla/5.0 (Windows NT 5.1; rv:24.0) Gecko/20100101 Firefox/24.0"
213.168.201.227 - - [21/Oct/2013:09:42:52 +0200] "GET /img/head02.jpg HTTP/1.0" 304 - "http://www.prokommunal.com/seiten/kontakt.php" "Mozilla/5.0 (Windows NT 5.1; rv:24.0) Gecko/20100101 Firefox/24.0"
194.76.64.12 - - [21/Oct/2013:09:42:52 +0200] "GET /img/head03.jpg HTTP/1.1" 304 - "http://www.prokommunal.com/seiten/kontakt.php" "Mozilla/5.0 (Windows NT 5.1; rv:24.0) Gecko/20100101 Firefox/24.0"
194.76.64.12 - - [21/Oct/2013:09:42:52 +0200] "GET /img/top.gif HTTP/1.1" 304 - "http://www.prokommunal.com/seiten/kontakt.php" "Mozilla/5.0 (Windows NT 5.1; rv:24.0) Gecko/20100101 Firefox/24.0"
213.168.201.227 - - [21/Oct/2013:09:42:52 +0200] "GET /redesign/img/bg_gelb.jpg HTTP/1.0" 304 - "http://www.prokommunal.com/css/style.css" "Mozilla/5.0 (Windows NT 5.1; rv:24.0) Gecko/20100101 Firefox/24.0"
194.76.64.12 - - [21/Oct/2013:09:42:52 +0200] "GET /img/men_01.jpg HTTP/1.1" 304 - "http://www.prokommunal.com/seiten/kontakt.php" "Mozilla/5.0 (Windows NT 5.1; rv:24.0) Gecko/20100101 Firefox/24.0"
213.168.201.227 - - [21/Oct/2013:09:42:52 +0200] "GET /redesign/img/bg_foot.gif HTTP/1.0" 304 - "http://www.prokommunal.com/css/style.css" "Mozilla/5.0 (Windows NT 5.1; rv:24.0) Gecko/20100101 Firefox/24.0"
213.168.201.227 - - [21/Oct/2013:09:42:52 +0200] "GET /img/1px_tr.gif HTTP/1.0" 304 - "http://www.prokommunal.com/seiten/kontakt.php" "Mozilla/5.0 (Windows NT 5.1; rv:24.0) Gecko/20100101 Firefox/24.0"
66.249.78.242 - - [21/Oct/2013:09:52:35 +0200] "GET /seiten/fahrlehrerwesen.htm HTTP/1.1" 304 - "-" "Mozilla/5.0 (iPhone; CPU iPhone OS 6_0 like Mac OS X) AppleWebKit/536.26 (KHTML, like Gecko) Version/6.0 Mobile/10A5376e Safari/8536.25 (compatible; Googlebot-Mobile/2.1; +http://www.google.com/bot.html)"
212.59.55.65 - - [21/Oct/2013:09:55:41 +0200] "GET / HTTP/1.1" 200 7903 "http://www.google.de/url?sa=t&rct=j&q=&esrc=s&frm=1&source=web&cd=1&ved=0CC4QFjAA&url=http%3A%2F%2Fwww.prokommunal.com%2F&ei=jd1kUqrRGcGatQbEnoDQDg&usg=AFQjCNF5ZvO5ecR3rprSCB3llFRGksZz8A&bvm=bv.54934254,d.bGE" "Mozilla/5.0 (compatible; MSIE 9.0; Windows NT 6.1; Trident/5.0)"
212.59.55.65 - - [21/Oct/2013:09:55:41 +0200] "GET /css/style.css HTTP/1.1" 200 3549 "http://www.prokommunal.com/" "Mozilla/5.0 (compatible; MSIE 9.0; Windows NT 6.1; Trident/5.0)"
212.59.55.65 - - [21/Oct/2013:09:55:42 +0200] "GET /css/style.css HTTP/1.1" 304 - "http://www.prokommunal.com/" "Mozilla/5.0 (compatible; MSIE 9.0; Windows NT 6.1; Trident/5.0)"
212.59.55.65 - - [21/Oct/2013:09:55:42 +0200] "GET /img/head02.jpg HTTP/1.1" 200 4929 "http://www.prokommunal.com/" "Mozilla/5.0 (compatible; MSIE 9.0; Windows NT 6.1; Trident/5.0)"
212.59.55.65 - - [21/Oct/2013:09:55:42 +0200] "GET /img/head03.jpg HTTP/1.1" 200 7610 "http://www.prokommunal.com/" "Mozilla/5.0 (compatible; MSIE 9.0; Windows NT 6.1; Trident/5.0)"
212.59.55.65 - - [21/Oct/2013:09:55:42 +0200] "GET /scripte/basics.js HTTP/1.1" 200 198 "http://www.prokommunal.com/" "Mozilla/5.0 (compatible; MSIE 9.0; Windows NT 6.1; Trident/5.0)"
212.59.55.65 - - [21/Oct/2013:09:55:42 +0200] "GET /redesign/img/bg_gelb.jpg HTTP/1.1" 200 368 "http://www.prokommunal.com/" "Mozilla/5.0 (compatible; MSIE 9.0; Windows NT 6.1; Trident/5.0)"
212.59.55.65 - - [21/Oct/2013:09:55:43 +0200] "GET /redesign/img/bg_foot.gif HTTP/1.1" 200 286 "http://www.prokommunal.com/" "Mozilla/5.0 (compatible; MSIE 9.0; Windows NT 6.1; Trident/5.0)"
212.59.55.65 - - [21/Oct/2013:09:55:43 +0200] "GET /img/head01.jpg HTTP/1.1" 200 6350 "http://www.prokommunal.com/" "Mozilla/5.0 (compatible; MSIE 9.0; Windows NT 6.1; Trident/5.0)"
212.59.55.65 - - [21/Oct/2013:09:55:54 +0200] "GET /seiten/service.htm HTTP/1.1" 200 9963 "http://www.prokommunal.com/" "Mozilla/5.0 (compatible; MSIE 9.0; Windows NT 6.1; Trident/5.0)"
212.59.55.65 - - [21/Oct/2013:09:55:54 +0200] "GET /css/style.css HTTP/1.1" 304 - "http://www.prokommunal.com/seiten/service.htm" "Mozilla/5.0 (compatible; MSIE 9.0; Windows NT 6.1; Trident/5.0)"
212.59.55.65 - - [21/Oct/2013:09:55:54 +0200] "GET /img/top.gif HTTP/1.1" 200 96 "http://www.prokommunal.com/seiten/service.htm" "Mozilla/5.0 (compatible; MSIE 9.0; Windows NT 6.1; Trident/5.0)"
212.59.55.65 - - [21/Oct/2013:09:55:54 +0200] "GET /css/style.css HTTP/1.1" 304 - "http://www.prokommunal.com/seiten/service.htm" "Mozilla/5.0 (compatible; MSIE 9.0; Windows NT 6.1; Trident/5.0)"
212.59.55.65 - - [21/Oct/2013:09:55:54 +0200] "GET /img/top.gif HTTP/1.1" 304 - "http://www.prokommunal.com/seiten/service.htm" "Mozilla/5.0 (compatible; MSIE 9.0; Windows NT 6.1; Trident/5.0)"
212.59.55.65 - - [21/Oct/2013:09:55:55 +0200] "GET /redesign/img/term.jpg HTTP/1.1" 200 498 "http://www.prokommunal.com/seiten/service.htm" "Mozilla/5.0 (compatible; MSIE 9.0; Windows NT 6.1; Trident/5.0)"
212.59.55.65 - - [21/Oct/2013:09:55:55 +0200] "GET /img/men_01.jpg HTTP/1.1" 200 713 "http://www.prokommunal.com/seiten/service.htm" "Mozilla/5.0 (compatible; MSIE 9.0; Windows NT 6.1; Trident/5.0)"
208.115.113.84 - - [21/Oct/2013:10:07:05 +0200] "GET /seiten/ HTTP/1.1" 403 1222 "-" "Mozilla/5.0 (compatible; Ezooms/1.0; ezooms.bot@gmail.com)"
194.76.64.12 - - [21/Oct/2013:10:37:23 +0200] "GET /gast-fsw/fsw_v51_0.zip HTTP/1.1" 200 29158976 "-" "Mozilla/4.0 (compatible; MSIE 8.0; Windows NT 5.2; Trident/4.0; .NET CLR 1.1.4322; .NET CLR 2.0.50727; .NET CLR 3.0.4506.2152; .NET CLR 3.5.30729; .NET4.0C; .NET4.0E)"
213.168.201.227 - - [21/Oct/2013:10:38:28 +0200] "GET / HTTP/1.0" 200 7903 "http://www.google.de/url?sa=t&rct=j&q=&esrc=s&source=web&cd=1&ved=0CDAQFjAA&url=http%3A%2F%2Fwww.prokommunal.com%2F&ei=kudkUpHNN8W54ATe5ID4Bg&usg=AFQjCNF5ZvO5ecR3rprSCB3llFRGksZz8A&bvm=bv.54934254,d.bGE" "Mozilla/5.0 (Windows NT 5.1; rv:17.0) Gecko/17.0 Firefox/17.0"
194.76.64.12 - - [21/Oct/2013:10:38:29 +0200] "GET /css/style.css HTTP/1.1" 200 3549 "http://www.prokommunal.com/" "Mozilla/5.0 (Windows NT 5.1; rv:17.0) Gecko/17.0 Firefox/17.0"
213.168.201.227 - - [21/Oct/2013:10:38:29 +0200] "GET /img/head01.jpg HTTP/1.0" 200 6350 "http://www.prokommunal.com/" "Mozilla/5.0 (Windows NT 5.1; rv:17.0) Gecko/17.0 Firefox/17.0"
213.168.201.227 - - [21/Oct/2013:10:38:29 +0200] "GET /img/head03.jpg HTTP/1.0" 200 7610 "http://www.prokommunal.com/" "Mozilla/5.0 (Windows NT 5.1; rv:17.0) Gecko/17.0 Firefox/17.0"
194.76.64.12 - - [21/Oct/2013:10:38:29 +0200] "GET /favicon.ico HTTP/1.1" 200 894 "-" "Mozilla/5.0 (Windows NT 5.1; rv:17.0) Gecko/17.0 Firefox/17.0"
213.168.201.227 - - [21/Oct/2013:10:38:31 +0200] "GET /scripte/basics.js HTTP/1.0" 200 198 "http://www.prokommunal.com/" "Mozilla/5.0 (Windows NT 5.1; rv:17.0) Gecko/17.0 Firefox/17.0"
213.168.201.227 - - [21/Oct/2013:10:38:31 +0200] "GET /redesign/img/bg_gelb.jpg HTTP/1.0" 200 368 "http://www.prokommunal.com/css/style.css" "Mozilla/5.0 (Windows NT 5.1; rv:17.0) Gecko/17.0 Firefox/17.0"
213.168.201.227 - - [21/Oct/2013:10:38:37 +0200] "GET /seiten/produkte.htm HTTP/1.0" 200 9105 "http://www.prokommunal.com/" "Mozilla/5.0 (Windows NT 5.1; rv:17.0) Gecko/17.0 Firefox/17.0"
213.168.201.227 - - [21/Oct/2013:10:38:37 +0200] "GET /css/style.css HTTP/1.0" 304 - "http://www.prokommunal.com/seiten/produkte.htm" "Mozilla/5.0 (Windows NT 5.1; rv:17.0) Gecko/17.0 Firefox/17.0"
194.76.64.12 - - [21/Oct/2013:10:38:37 +0200] "GET /img/1px_tr.gif HTTP/1.1" 200 43 "http://www.prokommunal.com/seiten/produkte.htm" "Mozilla/5.0 (Windows NT 5.1; rv:17.0) Gecko/17.0 Firefox/17.0"
194.76.64.12 - - [21/Oct/2013:10:38:37 +0200] "GET /scripte/basics.js HTTP/1.1" 304 - "http://www.prokommunal.com/seiten/produkte.htm" "Mozilla/5.0 (Windows NT 5.1; rv:17.0) Gecko/17.0 Firefox/17.0"
213.168.201.227 - - [21/Oct/2013:10:38:37 +0200] "GET /img/top.gif HTTP/1.0" 200 96 "http://www.prokommunal.com/seiten/produkte.htm" "Mozilla/5.0 (Windows NT 5.1; rv:17.0) Gecko/17.0 Firefox/17.0"
194.76.64.12 - - [21/Oct/2013:10:38:38 +0200] "GET /img/head03.jpg HTTP/1.1" 304 - "http://www.prokommunal.com/seiten/produkte.htm" "Mozilla/5.0 (Windows NT 5.1; rv:17.0) Gecko/17.0 Firefox/17.0"
194.76.64.12 - - [21/Oct/2013:10:38:38 +0200] "GET /img/head01.jpg HTTP/1.1" 304 - "http://www.prokommunal.com/seiten/produkte.htm" "Mozilla/5.0 (Windows NT 5.1; rv:17.0) Gecko/17.0 Firefox/17.0"
194.76.64.12 - - [21/Oct/2013:10:38:38 +0200] "GET /img/men_01.jpg HTTP/1.1" 200 713 "http://www.prokommunal.com/seiten/produkte.htm" "Mozilla/5.0 (Windows NT 5.1; rv:17.0) Gecko/17.0 Firefox/17.0"
213.168.201.227 - - [21/Oct/2013:10:38:38 +0200] "GET /img/head02.jpg HTTP/1.0" 304 - "http://www.prokommunal.com/seiten/produkte.htm" "Mozilla/5.0 (Windows NT 5.1; rv:17.0) Gecko/17.0 Firefox/17.0"
213.168.201.227 - - [21/Oct/2013:10:38:38 +0200] "GET /redesign/img/bg_gelb.jpg HTTP/1.0" 304 - "http://www.prokommunal.com/css/style.css" "Mozilla/5.0 (Windows NT 5.1; rv:17.0) Gecko/17.0 Firefox/17.0"
213.168.201.227 - - [21/Oct/2013:10:38:38 +0200] "GET /redesign/img/bg_foot.gif HTTP/1.0" 304 - "http://www.prokommunal.com/css/style.css" "Mozilla/5.0 (Windows NT 5.1; rv:17.0) Gecko/17.0 Firefox/17.0"
194.76.64.12 - - [21/Oct/2013:10:38:40 +0200] "GET /css/style.css HTTP/1.1" 304 - "http://www.prokommunal.com/seiten/kraftverkehr.htm" "Mozilla/5.0 (Windows NT 5.1; rv:17.0) Gecko/17.0 Firefox/17.0"
213.168.201.227 - - [21/Oct/2013:10:38:40 +0200] "GET /scripte/basics.js HTTP/1.0" 304 - "http://www.prokommunal.com/seiten/kraftverkehr.htm" "Mozilla/5.0 (Windows NT 5.1; rv:17.0) Gecko/17.0 Firefox/17.0"
194.76.64.12 - - [21/Oct/2013:10:38:40 +0200] "GET /img/top.gif HTTP/1.1" 304 - "http://www.prokommunal.com/seiten/kraftverkehr.htm" "Mozilla/5.0 (Windows NT 5.1; rv:17.0) Gecko/17.0 Firefox/17.0"
213.168.201.227 - - [21/Oct/2013:10:38:40 +0200] "GET /img/head02.jpg HTTP/1.0" 304 - "http://www.prokommunal.com/seiten/kraftverkehr.htm" "Mozilla/5.0 (Windows NT 5.1; rv:17.0) Gecko/17.0 Firefox/17.0"
194.76.64.12 - - [21/Oct/2013:10:38:40 +0200] "GET /img/head01.jpg HTTP/1.1" 304 - "http://www.prokommunal.com/seiten/kraftverkehr.htm" "Mozilla/5.0 (Windows NT 5.1; rv:17.0) Gecko/17.0 Firefox/17.0"
213.168.201.227 - - [21/Oct/2013:10:38:40 +0200] "GET /img/1px_tr.gif HTTP/1.0" 304 - "http://www.prokommunal.com/seiten/kraftverkehr.htm" "Mozilla/5.0 (Windows NT 5.1; rv:17.0) Gecko/17.0 Firefox/17.0"
194.76.64.12 - - [21/Oct/2013:10:38:40 +0200] "GET /img/head03.jpg HTTP/1.1" 304 - "http://www.prokommunal.com/seiten/kraftverkehr.htm" "Mozilla/5.0 (Windows NT 5.1; rv:17.0) Gecko/17.0 Firefox/17.0"
194.76.64.12 - - [21/Oct/2013:10:38:40 +0200] "GET /img/men_01.jpg HTTP/1.1" 304 - "http://www.prokommunal.com/seiten/kraftverkehr.htm" "Mozilla/5.0 (Windows NT 5.1; rv:17.0) Gecko/17.0 Firefox/17.0"
213.168.201.227 - - [21/Oct/2013:10:38:40 +0200] "GET /redesign/img/bg_foot.gif HTTP/1.0" 304 - "http://www.prokommunal.com/css/style.css" "Mozilla/5.0 (Windows NT 5.1; rv:17.0) Gecko/17.0 Firefox/17.0"
213.168.201.227 - - [21/Oct/2013:10:38:40 +0200] "GET /redesign/img/bg_gelb.jpg HTTP/1.0" 304 - "http://www.prokommunal.com/css/style.css" "Mozilla/5.0 (Windows NT 5.1; rv:17.0) Gecko/17.0 Firefox/17.0"
194.76.64.12 - - [21/Oct/2013:10:40:09 +0200] "GET /seiten/partner.htm HTTP/1.1" 200 9458 "http://www.prokommunal.com/seiten/kraftverkehr.htm" "Mozilla/5.0 (Windows NT 5.1; rv:17.0) Gecko/17.0 Firefox/17.0"
194.76.64.12 - - [21/Oct/2013:10:40:09 +0200] "GET /scripte/basics.js HTTP/1.1" 304 - "http://www.prokommunal.com/seiten/partner.htm" "Mozilla/5.0 (Windows NT 5.1; rv:17.0) Gecko/17.0 Firefox/17.0"
194.76.64.12 - - [21/Oct/2013:10:40:09 +0200] "GET /img/komfa1_s.jpg HTTP/1.1" 404 1256 "http://www.prokommunal.com/seiten/partner.htm" "Mozilla/5.0 (Windows NT 5.1; rv:17.0) Gecko/17.0 Firefox/17.0"
194.76.64.12 - - [21/Oct/2013:10:40:09 +0200] "GET /img/gz.jpg HTTP/1.1" 200 7757 "http://www.prokommunal.com/seiten/partner.htm" "Mozilla/5.0 (Windows NT 5.1; rv:17.0) Gecko/17.0 Firefox/17.0"
213.168.201.227 - - [21/Oct/2013:10:40:09 +0200] "GET /css/style.css HTTP/1.0" 304 - "http://www.prokommunal.com/seiten/partner.htm" "Mozilla/5.0 (Windows NT 5.1; rv:17.0) Gecko/17.0 Firefox/17.0"
194.76.64.12 - - [21/Oct/2013:10:40:09 +0200] "GET /img/hh.jpg HTTP/1.1" 200 5817 "http://www.prokommunal.com/seiten/partner.htm" "Mozilla/5.0 (Windows NT 5.1; rv:17.0) Gecko/17.0 Firefox/17.0"
213.168.201.227 - - [21/Oct/2013:10:40:09 +0200] "GET /img/hsh.jpg HTTP/1.0" 200 5007 "http://www.prokommunal.com/seiten/partner.htm" "Mozilla/5.0 (Windows NT 5.1; rv:17.0) Gecko/17.0 Firefox/17.0"
213.168.201.227 - - [21/Oct/2013:10:40:09 +0200] "GET /img/hk.jpg HTTP/1.0" 200 4852 "http://www.prokommunal.com/seiten/partner.htm" "Mozilla/5.0 (Windows NT 5.1; rv:17.0) Gecko/17.0 Firefox/17.0"
213.168.201.227 - - [21/Oct/2013:10:40:09 +0200] "GET /img/databund.jpg HTTP/1.0" 404 1256 "http://www.prokommunal.com/seiten/partner.htm" "Mozilla/5.0 (Windows NT 5.1; rv:17.0) Gecko/17.0 Firefox/17.0"
194.76.64.12 - - [21/Oct/2013:10:40:09 +0200] "GET /img/head02.jpg HTTP/1.1" 304 - "http://www.prokommunal.com/seiten/partner.htm" "Mozilla/5.0 (Windows NT 5.1; rv:17.0) Gecko/17.0 Firefox/17.0"
213.168.201.227 - - [21/Oct/2013:10:40:09 +0200] "GET /img/head01.jpg HTTP/1.0" 304 - "http://www.prokommunal.com/seiten/partner.htm" "Mozilla/5.0 (Windows NT 5.1; rv:17.0) Gecko/17.0 Firefox/17.0"
194.76.64.12 - - [21/Oct/2013:10:40:09 +0200] "GET /img/top.gif HTTP/1.1" 304 - "http://www.prokommunal.com/seiten/partner.htm" "Mozilla/5.0 (Windows NT 5.1; rv:17.0) Gecko/17.0 Firefox/17.0"
194.76.64.12 - - [21/Oct/2013:10:40:09 +0200] "GET /redesign/img/bg_gelb.jpg HTTP/1.1" 304 - "http://www.prokommunal.com/css/style.css" "Mozilla/5.0 (Windows NT 5.1; rv:17.0) Gecko/17.0 Firefox/17.0"
213.168.201.227 - - [21/Oct/2013:10:40:09 +0200] "GET /img/men_01.jpg HTTP/1.0" 304 - "http://www.prokommunal.com/seiten/partner.htm" "Mozilla/5.0 (Windows NT 5.1; rv:17.0) Gecko/17.0 Firefox/17.0"
213.168.201.227 - - [21/Oct/2013:10:40:09 +0200] "GET /redesign/img/bg_foot.gif HTTP/1.0" 304 - "http://www.prokommunal.com/css/style.css" "Mozilla/5.0 (Windows NT 5.1; rv:17.0) Gecko/17.0 Firefox/17.0"
213.168.201.227 - - [21/Oct/2013:10:40:10 +0200] "GET /img/head03.jpg HTTP/1.0" 304 - "http://www.prokommunal.com/seiten/partner.htm" "Mozilla/5.0 (Windows NT 5.1; rv:17.0) Gecko/17.0 Firefox/17.0"
194.76.64.12 - - [21/Oct/2013:10:40:20 +0200] "GET /seiten/referenzen.htm HTTP/1.1" 200 40249 "http://www.prokommunal.com/seiten/partner.htm" "Mozilla/5.0 (Windows NT 5.1; rv:17.0) Gecko/17.0 Firefox/17.0"
194.76.64.12 - - [21/Oct/2013:10:40:20 +0200] "GET /css/style.css HTTP/1.1" 304 - "http://www.prokommunal.com/seiten/referenzen.htm" "Mozilla/5.0 (Windows NT 5.1; rv:17.0) Gecko/17.0 Firefox/17.0"
213.168.201.227 - - [21/Oct/2013:10:40:20 +0200] "GET /scripte/basics.js HTTP/1.0" 304 - "http://www.prokommunal.com/seiten/referenzen.htm" "Mozilla/5.0 (Windows NT 5.1; rv:17.0) Gecko/17.0 Firefox/17.0"
194.76.64.12 - - [21/Oct/2013:10:40:20 +0200] "GET /img/head01.jpg HTTP/1.1" 304 - "http://www.prokommunal.com/seiten/referenzen.htm" "Mozilla/5.0 (Windows NT 5.1; rv:17.0) Gecko/17.0 Firefox/17.0"
194.76.64.12 - - [21/Oct/2013:10:40:20 +0200] "GET /img/head03.jpg HTTP/1.1" 304 - "http://www.prokommunal.com/seiten/referenzen.htm" "Mozilla/5.0 (Windows NT 5.1; rv:17.0) Gecko/17.0 Firefox/17.0"
213.168.201.227 - - [21/Oct/2013:10:40:20 +0200] "GET /img/head02.jpg HTTP/1.0" 304 - "http://www.prokommunal.com/seiten/referenzen.htm" "Mozilla/5.0 (Windows NT 5.1; rv:17.0) Gecko/17.0 Firefox/17.0"
213.168.201.227 - - [21/Oct/2013:10:40:20 +0200] "GET /img/top.gif HTTP/1.0" 304 - "http://www.prokommunal.com/seiten/referenzen.htm" "Mozilla/5.0 (Windows NT 5.1; rv:17.0) Gecko/17.0 Firefox/17.0"
194.76.64.12 - - [21/Oct/2013:10:40:20 +0200] "GET /redesign/img/bg_foot.gif HTTP/1.1" 304 - "http://www.prokommunal.com/css/style.css" "Mozilla/5.0 (Windows NT 5.1; rv:17.0) Gecko/17.0 Firefox/17.0"
194.76.64.12 - - [21/Oct/2013:10:40:20 +0200] "GET /img/men_01.jpg HTTP/1.1" 304 - "http://www.prokommunal.com/seiten/referenzen.htm" "Mozilla/5.0 (Windows NT 5.1; rv:17.0) Gecko/17.0 Firefox/17.0"
213.168.201.227 - - [21/Oct/2013:10:40:20 +0200] "GET /redesign/img/bg_gelb.jpg HTTP/1.0" 304 - "http://www.prokommunal.com/css/style.css" "Mozilla/5.0 (Windows NT 5.1; rv:17.0) Gecko/17.0 Firefox/17.0"
213.168.201.227 - - [21/Oct/2013:10:41:07 +0200] "GET /seiten/service.htm HTTP/1.0" 200 9963 "http://www.prokommunal.com/seiten/referenzen.htm" "Mozilla/5.0 (Windows NT 5.1; rv:17.0) Gecko/17.0 Firefox/17.0"
213.168.201.227 - - [21/Oct/2013:10:41:07 +0200] "GET /css/style.css HTTP/1.0" 304 - "http://www.prokommunal.com/seiten/service.htm" "Mozilla/5.0 (Windows NT 5.1; rv:17.0) Gecko/17.0 Firefox/17.0"
194.76.64.12 - - [21/Oct/2013:10:41:07 +0200] "GET /scripte/basics.js HTTP/1.1" 304 - "http://www.prokommunal.com/seiten/service.htm" "Mozilla/5.0 (Windows NT 5.1; rv:17.0) Gecko/17.0 Firefox/17.0"
194.76.64.12 - - [21/Oct/2013:10:41:07 +0200] "GET /img/head01.jpg HTTP/1.1" 304 - "http://www.prokommunal.com/seiten/service.htm" "Mozilla/5.0 (Windows NT 5.1; rv:17.0) Gecko/17.0 Firefox/17.0"
213.168.201.227 - - [21/Oct/2013:10:41:07 +0200] "GET /img/head02.jpg HTTP/1.0" 304 - "http://www.prokommunal.com/seiten/service.htm" "Mozilla/5.0 (Windows NT 5.1; rv:17.0) Gecko/17.0 Firefox/17.0"
194.76.64.12 - - [21/Oct/2013:10:41:07 +0200] "GET /img/head03.jpg HTTP/1.1" 304 - "http://www.prokommunal.com/seiten/service.htm" "Mozilla/5.0 (Windows NT 5.1; rv:17.0) Gecko/17.0 Firefox/17.0"
194.76.64.12 - - [21/Oct/2013:10:41:07 +0200] "GET /redesign/img/bg_foot.gif HTTP/1.1" 304 - "http://www.prokommunal.com/css/style.css" "Mozilla/5.0 (Windows NT 5.1; rv:17.0) Gecko/17.0 Firefox/17.0"
213.168.201.227 - - [21/Oct/2013:10:41:07 +0200] "GET /img/top.gif HTTP/1.0" 304 - "http://www.prokommunal.com/seiten/service.htm" "Mozilla/5.0 (Windows NT 5.1; rv:17.0) Gecko/17.0 Firefox/17.0"
194.76.64.12 - - [21/Oct/2013:10:41:07 +0200] "GET /redesign/img/term.jpg HTTP/1.1" 200 498 "http://www.prokommunal.com/css/style.css" "Mozilla/5.0 (Windows NT 5.1; rv:17.0) Gecko/17.0 Firefox/17.0"
213.168.201.227 - - [21/Oct/2013:10:41:07 +0200] "GET /redesign/img/bg_gelb.jpg HTTP/1.0" 304 - "http://www.prokommunal.com/css/style.css" "Mozilla/5.0 (Windows NT 5.1; rv:17.0) Gecko/17.0 Firefox/17.0"
213.168.201.227 - - [21/Oct/2013:10:41:07 +0200] "GET /img/men_01.jpg HTTP/1.0" 304 - "http://www.prokommunal.com/seiten/service.htm" "Mozilla/5.0 (Windows NT 5.1; rv:17.0) Gecko/17.0 Firefox/17.0"
194.76.64.12 - - [21/Oct/2013:10:41:16 +0200] "GET /seiten/kontakt.php HTTP/1.1" 200 12788 "http://www.prokommunal.com/seiten/service.htm" "Mozilla/5.0 (Windows NT 5.1; rv:17.0) Gecko/17.0 Firefox/17.0"
194.76.64.12 - - [21/Oct/2013:10:41:16 +0200] "GET /css/style.css HTTP/1.1" 304 - "http://www.prokommunal.com/seiten/kontakt.php" "Mozilla/5.0 (Windows NT 5.1; rv:17.0) Gecko/17.0 Firefox/17.0"
213.168.201.227 - - [21/Oct/2013:10:41:16 +0200] "GET /scripte/basics.js HTTP/1.0" 304 - "http://www.prokommunal.com/seiten/kontakt.php" "Mozilla/5.0 (Windows NT 5.1; rv:17.0) Gecko/17.0 Firefox/17.0"
194.76.64.12 - - [21/Oct/2013:10:41:16 +0200] "GET /img/head01.jpg HTTP/1.1" 304 - "http://www.prokommunal.com/seiten/kontakt.php" "Mozilla/5.0 (Windows NT 5.1; rv:17.0) Gecko/17.0 Firefox/17.0"
194.76.64.12 - - [21/Oct/2013:10:41:16 +0200] "GET /img/head02.jpg HTTP/1.1" 304 - "http://www.prokommunal.com/seiten/kontakt.php" "Mozilla/5.0 (Windows NT 5.1; rv:17.0) Gecko/17.0 Firefox/17.0"
194.76.64.12 - - [21/Oct/2013:10:41:16 +0200] "GET /img/top.gif HTTP/1.1" 304 - "http://www.prokommunal.com/seiten/kontakt.php" "Mozilla/5.0 (Windows NT 5.1; rv:17.0) Gecko/17.0 Firefox/17.0"
194.76.64.12 - - [21/Oct/2013:10:41:16 +0200] "GET /img/men_01.jpg HTTP/1.1" 304 - "http://www.prokommunal.com/seiten/kontakt.php" "Mozilla/5.0 (Windows NT 5.1; rv:17.0) Gecko/17.0 Firefox/17.0"
213.168.201.227 - - [21/Oct/2013:10:41:16 +0200] "GET /redesign/img/bg_gelb.jpg HTTP/1.0" 304 - "http://www.prokommunal.com/css/style.css" "Mozilla/5.0 (Windows NT 5.1; rv:17.0) Gecko/17.0 Firefox/17.0"
213.168.201.227 - - [21/Oct/2013:10:41:16 +0200] "GET /redesign/img/bg_foot.gif HTTP/1.0" 304 - "http://www.prokommunal.com/css/style.css" "Mozilla/5.0 (Windows NT 5.1; rv:17.0) Gecko/17.0 Firefox/17.0"
213.168.201.227 - - [21/Oct/2013:10:41:17 +0200] "GET /img/head03.jpg HTTP/1.0" 304 - "http://www.prokommunal.com/seiten/kontakt.php" "Mozilla/5.0 (Windows NT 5.1; rv:17.0) Gecko/17.0 Firefox/17.0"
213.168.201.227 - - [21/Oct/2013:10:41:17 +0200] "GET /img/1px_tr.gif HTTP/1.0" 304 - "http://www.prokommunal.com/seiten/kontakt.php" "Mozilla/5.0 (Windows NT 5.1; rv:17.0) Gecko/17.0 Firefox/17.0"
194.76.64.12 - - [21/Oct/2013:10:41:42 +0200] "GET /seiten/produkte.htm HTTP/1.1" 304 - "http://www.prokommunal.com/seiten/kontakt.php" "Mozilla/5.0 (Windows NT 5.1; rv:17.0) Gecko/17.0 Firefox/17.0"
194.76.64.12 - - [21/Oct/2013:10:41:42 +0200] "GET /css/style.css HTTP/1.1" 304 - "http://www.prokommunal.com/seiten/produkte.htm" "Mozilla/5.0 (Windows NT 5.1; rv:17.0) Gecko/17.0 Firefox/17.0"
213.168.201.227 - - [21/Oct/2013:10:41:42 +0200] "GET /scripte/basics.js HTTP/1.0" 304 - "http://www.prokommunal.com/seiten/produkte.htm" "Mozilla/5.0 (Windows NT 5.1; rv:17.0) Gecko/17.0 Firefox/17.0"
213.168.201.227 - - [21/Oct/2013:10:41:42 +0200] "GET /img/head01.jpg HTTP/1.0" 304 - "http://www.prokommunal.com/seiten/produkte.htm" "Mozilla/5.0 (Windows NT 5.1; rv:17.0) Gecko/17.0 Firefox/17.0"
194.76.64.12 - - [21/Oct/2013:10:41:42 +0200] "GET /img/head03.jpg HTTP/1.1" 304 - "http://www.prokommunal.com/seiten/produkte.htm" "Mozilla/5.0 (Windows NT 5.1; rv:17.0) Gecko/17.0 Firefox/17.0"
213.168.201.227 - - [21/Oct/2013:10:41:42 +0200] "GET /img/1px_tr.gif HTTP/1.0" 304 - "http://www.prokommunal.com/seiten/produkte.htm" "Mozilla/5.0 (Windows NT 5.1; rv:17.0) Gecko/17.0 Firefox/17.0"
213.168.201.227 - - [21/Oct/2013:10:41:42 +0200] "GET /img/top.gif HTTP/1.0" 304 - "http://www.prokommunal.com/seiten/produkte.htm" "Mozilla/5.0 (Windows NT 5.1; rv:17.0) Gecko/17.0 Firefox/17.0"
213.168.201.227 - - [21/Oct/2013:10:41:43 +0200] "GET /img/men_01.jpg HTTP/1.0" 304 - "http://www.prokommunal.com/seiten/produkte.htm" "Mozilla/5.0 (Windows NT 5.1; rv:17.0) Gecko/17.0 Firefox/17.0"
194.76.64.12 - - [21/Oct/2013:10:41:43 +0200] "GET /redesign/img/bg_gelb.jpg HTTP/1.1" 304 - "http://www.prokommunal.com/css/style.css" "Mozilla/5.0 (Windows NT 5.1; rv:17.0) Gecko/17.0 Firefox/17.0"
194.76.64.12 - - [21/Oct/2013:10:41:43 +0200] "GET /img/head02.jpg HTTP/1.1" 304 - "http://www.prokommunal.com/seiten/produkte.htm" "Mozilla/5.0 (Windows NT 5.1; rv:17.0) Gecko/17.0 Firefox/17.0"
194.76.64.12 - - [21/Oct/2013:10:41:43 +0200] "GET /redesign/img/bg_foot.gif HTTP/1.1" 304 - "http://www.prokommunal.com/css/style.css" "Mozilla/5.0 (Windows NT 5.1; rv:17.0) Gecko/17.0 Firefox/17.0"
82.198.223.226 - - [21/Oct/2013:11:06:16 +0200] "GET / HTTP/1.0" 200 7903 "-" "Mozilla/5.0 (Windows NT 6.1; WOW64; rv:24.0) Gecko/20100101 Firefox/24.0"
82.198.223.226 - - [21/Oct/2013:11:06:16 +0200] "GET /css/style.css HTTP/1.0" 200 3549 "http://www.prokommunal.com/" "Mozilla/5.0 (Windows NT 6.1; WOW64; rv:24.0) Gecko/20100101 Firefox/24.0"
82.198.223.226 - - [21/Oct/2013:11:06:16 +0200] "GET /scripte/basics.js HTTP/1.0" 200 198 "http://www.prokommunal.com/" "Mozilla/5.0 (Windows NT 6.1; WOW64; rv:24.0) Gecko/20100101 Firefox/24.0"
82.198.223.226 - - [21/Oct/2013:11:06:16 +0200] "GET /favicon.ico HTTP/1.0" 200 894 "-" "Mozilla/5.0 (Windows NT 6.1; WOW64; rv:24.0) Gecko/20100101 Firefox/24.0"
82.198.223.226 - - [21/Oct/2013:11:06:16 +0200] "GET /img/head01.jpg HTTP/1.0" 200 6350 "http://www.prokommunal.com/" "Mozilla/5.0 (Windows NT 6.1; WOW64; rv:24.0) Gecko/20100101 Firefox/24.0"
82.198.223.226 - - [21/Oct/2013:11:06:16 +0200] "GET /img/head03.jpg HTTP/1.0" 200 7610 "http://www.prokommunal.com/" "Mozilla/5.0 (Windows NT 6.1; WOW64; rv:24.0) Gecko/20100101 Firefox/24.0"
82.198.223.226 - - [21/Oct/2013:11:06:16 +0200] "GET /img/head02.jpg HTTP/1.0" 200 4929 "http://www.prokommunal.com/" "Mozilla/5.0 (Windows NT 6.1; WOW64; rv:24.0) Gecko/20100101 Firefox/24.0"
82.198.223.226 - - [21/Oct/2013:11:06:16 +0200] "GET /redesign/img/bg_gelb.jpg HTTP/1.0" 200 368 "http://www.prokommunal.com/css/style.css" "Mozilla/5.0 (Windows NT 6.1; WOW64; rv:24.0) Gecko/20100101 Firefox/24.0"
82.198.223.226 - - [21/Oct/2013:11:06:16 +0200] "GET /redesign/img/bg_foot.gif HTTP/1.0" 200 286 "http://www.prokommunal.com/css/style.css" "Mozilla/5.0 (Windows NT 6.1; WOW64; rv:24.0) Gecko/20100101 Firefox/24.0"
82.198.223.226 - - [21/Oct/2013:11:06:16 +0200] "GET /robots.txt HTTP/1.0" 404 1256 "-" "Mozilla/5.0 (Windows NT 6.1; WOW64; rv:24.0) Gecko/20100101 Firefox/24.0"
82.198.223.226 - - [21/Oct/2013:11:06:18 +0200] "GET /seiten/impr.htm HTTP/1.0" 200 8696 "http://www.prokommunal.com/" "Mozilla/5.0 (Windows NT 6.1; WOW64; rv:24.0) Gecko/20100101 Firefox/24.0"
82.198.223.226 - - [21/Oct/2013:11:06:18 +0200] "GET /img/top.gif HTTP/1.0" 200 96 "http://www.prokommunal.com/seiten/impr.htm" "Mozilla/5.0 (Windows NT 6.1; WOW64; rv:24.0) Gecko/20100101 Firefox/24.0"
82.198.223.226 - - [21/Oct/2013:11:06:18 +0200] "GET /img/men_01.jpg HTTP/1.0" 200 713 "http://www.prokommunal.com/seiten/impr.htm" "Mozilla/5.0 (Windows NT 6.1; WOW64; rv:24.0) Gecko/20100101 Firefox/24.0"
173.252.110.112 - - [21/Oct/2013:11:06:18 +0200] "GET /seiten/impr.htm HTTP/1.1" 206 8696 "-" "facebookexternalhit/1.1 (+http://www.facebook.com/externalhit_uatext.php)"
173.252.110.117 - - [21/Oct/2013:11:06:19 +0200] "GET /img/head02.jpg HTTP/1.1" 206 4929 "http://www.prokommunal.com/seiten/impr.htm" "facebookexternalhit/1.1 (+http://www.facebook.com/externalhit_uatext.php)"
173.252.110.117 - - [21/Oct/2013:11:06:20 +0200] "GET /img/head01.jpg HTTP/1.1" 206 6350 "http://www.prokommunal.com/seiten/impr.htm" "facebookexternalhit/1.1 (+http://www.facebook.com/externalhit_uatext.php)"
173.252.110.114 - - [21/Oct/2013:11:06:20 +0200] "GET /img/head01.jpg HTTP/1.1" 206 6350 "-" "facebookexternalhit/1.1 (+http://www.facebook.com/externalhit_uatext.php)"
173.252.110.118 - - [21/Oct/2013:11:06:20 +0200] "GET /img/top.gif HTTP/1.1" 206 96 "http://www.prokommunal.com/seiten/impr.htm" "facebookexternalhit/1.1 (+http://www.facebook.com/externalhit_uatext.php)"
173.252.110.113 - - [21/Oct/2013:11:06:20 +0200] "GET /img/head03.jpg HTTP/1.1" 206 7610 "http://www.prokommunal.com/seiten/impr.htm" "facebookexternalhit/1.1 (+http://www.facebook.com/externalhit_uatext.php)"
173.252.103.3 - - [21/Oct/2013:11:06:21 +0200] "GET /img/top.gif HTTP/1.1" 206 96 "-" "facebookexternalhit/1.1 (+http://www.facebook.com/externalhit_uatext.php)"
173.252.103.1 - - [21/Oct/2013:11:06:21 +0200] "GET /img/head01.jpg HTTP/1.1" 206 6350 "-" "facebookexternalhit/1.1 (+http://www.facebook.com/externalhit_uatext.php)"
173.252.103.6 - - [21/Oct/2013:11:06:21 +0200] "GET /img/head03.jpg HTTP/1.1" 206 7610 "-" "facebookexternalhit/1.1 (+http://www.facebook.com/externalhit_uatext.php)"
173.252.103.0 - - [21/Oct/2013:11:06:21 +0200] "GET /img/head02.jpg HTTP/1.1" 206 4929 "-" "facebookexternalhit/1.1 (+http://www.facebook.com/externalhit_uatext.php)"
208.115.111.71 - - [21/Oct/2013:11:09:41 +0200] "GET /robots.txt HTTP/1.1" 404 1256 "-" "Mozilla/5.0 (compatible; Ezooms/1.0; ezooms.bot@gmail.com)"
141.8.147.12 - - [21/Oct/2013:11:29:32 +0200] "GET /robots.txt HTTP/1.1" 404 1256 "-" "Mozilla/5.0 (compatible; YandexBot/3.0; +http://yandex.com/bots)"
