157.55.33.112 - - [04/Oct/2013:23:09:22 +0200] "GET / HTTP/1.1" 200 7903 "-" "Mozilla/5.0 (compatible; bingbot/2.0; +http://www.bing.com/bingbot.htm)"
66.249.78.242 - - [05/Oct/2013:00:40:07 +0200] "GET /robots.txt HTTP/1.1" 404 1256 "-" "Mozilla/5.0 (compatible; Googlebot/2.1; +http://www.google.com/bot.html)"
66.249.78.242 - - [05/Oct/2013:00:40:07 +0200] "GET / HTTP/1.1" 200 7903 "-" "Mozilla/5.0 (compatible; Googlebot/2.1; +http://www.google.com/bot.html)"
80.190.97.212 - - [05/Oct/2013:00:41:55 +0200] "GET / HTTP/1.1" 200 7903 "-" "Mozilla/5.0 (X11; U; FreeBSD i386; en-US; rv:1.9.1.12) Gecko/20100912 Firefox/3.5.12"
5.10.83.86 - - [05/Oct/2013:00:53:19 +0200] "GET /seiten/service.htm HTTP/1.1" 200 9963 "-" "Mozilla/5.0 (compatible; AhrefsBot/5.0; +http://ahrefs.com/robot/)"
206.183.1.74 - - [05/Oct/2013:01:04:07 +0200] "GET /robots.txt HTTP/1.1" 404 1256 "-" "Mozilla/4.0 (compatible; http://search.thunderstone.com/texis/websearch/about.html)"
206.183.1.74 - - [05/Oct/2013:01:04:07 +0200] "GET / HTTP/1.1" 200 7903 "-" "Mozilla/4.0 (compatible; http://search.thunderstone.com/texis/websearch/about.html)"
206.183.1.74 - - [05/Oct/2013:01:04:07 +0200] "GET /scripte/basics.js HTTP/1.1" 200 198 "-" "Mozilla/4.0 (compatible; http://search.thunderstone.com/texis/websearch/about.html)"
206.183.1.74 - - [05/Oct/2013:01:04:07 +0200] "GET /false.htm HTTP/1.1" 200 2749 "-" "Mozilla/4.0 (compatible; http://search.thunderstone.com/texis/websearch/about.html)"
206.183.1.74 - - [05/Oct/2013:01:04:07 +0200] "GET /seiten/databund.html HTTP/1.1" 200 9125 "-" "Mozilla/4.0 (compatible; http://search.thunderstone.com/texis/websearch/about.html)"
206.183.1.74 - - [05/Oct/2013:01:04:08 +0200] "GET /seiten/fahrlehrerwesen.htm HTTP/1.1" 200 7168 "-" "Mozilla/4.0 (compatible; http://search.thunderstone.com/texis/websearch/about.html)"
206.183.1.74 - - [05/Oct/2013:01:04:08 +0200] "GET /seiten/fsw.htm HTTP/1.1" 200 9961 "-" "Mozilla/4.0 (compatible; http://search.thunderstone.com/texis/websearch/about.html)"
206.183.1.74 - - [05/Oct/2013:01:04:08 +0200] "GET /seiten/impr.htm HTTP/1.1" 200 8696 "-" "Mozilla/4.0 (compatible; http://search.thunderstone.com/texis/websearch/about.html)"
206.183.1.74 - - [05/Oct/2013:01:04:08 +0200] "GET /seiten/kontroll.htm HTTP/1.1" 200 6599 "-" "Mozilla/4.0 (compatible; http://search.thunderstone.com/texis/websearch/about.html)"
206.183.1.74 - - [05/Oct/2013:01:04:08 +0200] "GET /seiten/kraftverkehr.htm HTTP/1.1" 200 9210 "-" "Mozilla/4.0 (compatible; http://search.thunderstone.com/texis/websearch/about.html)"
206.183.1.74 - - [05/Oct/2013:01:04:08 +0200] "GET /seiten/partner.htm HTTP/1.1" 200 9458 "-" "Mozilla/4.0 (compatible; http://search.thunderstone.com/texis/websearch/about.html)"
206.183.1.74 - - [05/Oct/2013:01:04:08 +0200] "GET /seiten/produkte.htm HTTP/1.1" 200 9105 "-" "Mozilla/4.0 (compatible; http://search.thunderstone.com/texis/websearch/about.html)"
206.183.1.74 - - [05/Oct/2013:01:04:09 +0200] "GET /seiten/referenzen.htm HTTP/1.1" 200 40249 "-" "Mozilla/4.0 (compatible; http://search.thunderstone.com/texis/websearch/about.html)"
80.190.97.212 - - [05/Oct/2013:01:22:04 +0200] "GET / HTTP/1.1" 200 7903 "-" "Mozilla/5.0 (X11; U; FreeBSD i386; en-US; rv:1.9.1.12) Gecko/20100912 Firefox/3.5.12"
141.8.147.12 - - [05/Oct/2013:01:48:15 +0200] "GET /robots.txt HTTP/1.1" 404 1256 "-" "Mozilla/5.0 (compatible; YandexBot/3.0; +http://yandex.com/bots)"
141.8.147.12 - - [05/Oct/2013:01:48:16 +0200] "GET /robots.txt HTTP/1.1" 404 1256 "-" "Mozilla/5.0 (compatible; YandexBot/3.0; +http://yandex.com/bots)"
141.8.147.12 - - [05/Oct/2013:01:48:17 +0200] "GET /robots.txt HTTP/1.1" 404 1256 "-" "Mozilla/5.0 (compatible; YandexBot/3.0; +http://yandex.com/bots)"
141.8.147.12 - - [05/Oct/2013:01:48:17 +0200] "GET / HTTP/1.1" 200 7903 "-" "Mozilla/5.0 (compatible; YandexBot/3.0; +http://yandex.com/bots)"
141.8.147.12 - - [05/Oct/2013:01:48:18 +0200] "GET / HTTP/1.1" 200 7903 "-" "Mozilla/5.0 (compatible; YandexBot/3.0; +http://yandex.com/bots)"
141.8.147.12 - - [05/Oct/2013:01:48:19 +0200] "GET / HTTP/1.1" 200 7903 "-" "Mozilla/5.0 (compatible; YandexBot/3.0; +http://yandex.com/bots)"
141.8.147.12 - - [05/Oct/2013:01:48:31 +0200] "GET / HTTP/1.1" 200 7903 "-" "Mozilla/5.0 (compatible; YandexBot/3.0; +http://yandex.com/bots)"
141.8.147.12 - - [05/Oct/2013:01:48:46 +0200] "GET /robots.txt HTTP/1.1" 404 1256 "-" "Mozilla/5.0 (compatible; YandexBot/3.0; +http://yandex.com/bots)"
141.8.147.12 - - [05/Oct/2013:01:48:47 +0200] "GET / HTTP/1.1" 200 7903 "-" "Mozilla/5.0 (compatible; YandexBot/3.0; +http://yandex.com/bots)"
141.8.147.12 - - [05/Oct/2013:01:48:48 +0200] "GET / HTTP/1.1" 200 7903 "-" "Mozilla/5.0 (compatible; YandexBot/3.0; +http://yandex.com/bots)"
141.8.147.12 - - [05/Oct/2013:01:48:55 +0200] "GET / HTTP/1.1" 200 7903 "-" "Mozilla/5.0 (compatible; YandexBot/3.0; +http://yandex.com/bots)"
141.8.147.12 - - [05/Oct/2013:01:48:58 +0200] "GET / HTTP/1.1" 200 7903 "-" "Mozilla/5.0 (compatible; YandexBot/3.0; +http://yandex.com/bots)"
80.190.97.212 - - [05/Oct/2013:02:05:26 +0200] "GET / HTTP/1.1" 200 7903 "-" "Mozilla/5.0 (X11; U; FreeBSD i386; en-US; rv:1.9.1.12) Gecko/20100912 Firefox/3.5.12"
80.190.97.212 - - [05/Oct/2013:02:42:26 +0200] "GET / HTTP/1.1" 200 7903 "-" "Mozilla/5.0 (X11; U; FreeBSD i386; en-US; rv:1.9.1.12) Gecko/20100912 Firefox/3.5.12"
123.125.71.27 - - [05/Oct/2013:03:26:20 +0200] "GET / HTTP/1.1" 200 7903 "-" "Mozilla/5.0 (compatible; Baiduspider/2.0; +http://www.baidu.com/search/spider.html)"
220.181.108.111 - - [05/Oct/2013:03:26:20 +0200] "GET / HTTP/1.1" 200 7903 "-" "Mozilla/5.0 (compatible; Baiduspider/2.0; +http://www.baidu.com/search/spider.html)"
5.10.83.77 - - [05/Oct/2013:04:15:40 +0200] "GET /seiten/fsw.htm HTTP/1.1" 200 9961 "-" "Mozilla/5.0 (compatible; AhrefsBot/5.0; +http://ahrefs.com/robot/)"
80.190.97.212 - - [05/Oct/2013:04:31:57 +0200] "GET / HTTP/1.1" 200 7903 "-" "Mozilla/5.0 (X11; U; FreeBSD i386; en-US; rv:1.9.1.12) Gecko/20100912 Firefox/3.5.12"
80.190.97.212 - - [05/Oct/2013:04:31:57 +0200] "GET / HTTP/1.1" 200 7903 "-" "Mozilla/5.0 (X11; U; FreeBSD i386; en-US; rv:1.9.1.12) Gecko/20100912 Firefox/3.5.12"
199.30.16.12 - - [05/Oct/2013:05:20:05 +0200] "GET /robots.txt HTTP/1.1" 404 1256 "-" "msnbot-media/1.1 (+http://search.msn.com/msnbot.htm)"
199.30.16.12 - - [05/Oct/2013:05:20:06 +0200] "GET /img/gz.jpg HTTP/1.1" 200 7757 "-" "msnbot-media/1.1 (+http://search.msn.com/msnbot.htm)"
157.55.32.77 - - [05/Oct/2013:05:59:02 +0200] "GET /robots.txt HTTP/1.1" 404 1256 "-" "Mozilla/5.0 (compatible; bingbot/2.0; +http://www.bing.com/bingbot.htm)"
66.249.78.242 - - [05/Oct/2013:05:59:31 +0200] "GET /robots.txt HTTP/1.1" 404 1256 "-" "Mozilla/5.0 (compatible; Googlebot/2.1; +http://www.google.com/bot.html)"
157.55.32.77 - - [05/Oct/2013:06:00:02 +0200] "GET / HTTP/1.1" 200 7903 "-" "Mozilla/5.0 (compatible; bingbot/2.0; +http://www.bing.com/bingbot.htm)"
5.10.83.31 - - [05/Oct/2013:06:08:55 +0200] "GET / HTTP/1.1" 200 7903 "-" "Mozilla/5.0 (compatible; AhrefsBot/5.0; +http://ahrefs.com/robot/)"
66.249.78.242 - - [05/Oct/2013:06:31:10 +0200] "GET /seiten/impr.htm HTTP/1.1" 304 - "-" "Mozilla/5.0 (iPhone; U; CPU iPhone OS 4_1 like Mac OS X; en-us) AppleWebKit/532.9 (KHTML, like Gecko) Version/4.0.5 Mobile/8B117 Safari/6531.22.7 (compatible; Googlebot-Mobile/2.1; +http://www.google.com/bot.html)"
208.115.113.88 - - [05/Oct/2013:09:11:56 +0200] "GET /robots.txt HTTP/1.1" 404 1256 "-" "Mozilla/5.0 (compatible; Ezooms/1.0; ezooms.bot@gmail.com)"
157.55.32.77 - - [05/Oct/2013:10:09:11 +0200] "GET /robots.txt HTTP/1.1" 404 1256 "-" "Mozilla/5.0 (compatible; bingbot/2.0; +http://www.bing.com/bingbot.htm)"
157.55.32.77 - - [05/Oct/2013:10:09:57 +0200] "GET / HTTP/1.1" 200 7903 "-" "Mozilla/5.0 (compatible; bingbot/2.0; +http://www.bing.com/bingbot.htm)"
66.249.78.141 - - [05/Oct/2013:10:16:42 +0200] "GET /robots.txt HTTP/1.1" 404 1256 "-" "Mozilla/5.0 (compatible; Googlebot/2.1; +http://www.google.com/bot.html)"
66.249.66.170 - - [05/Oct/2013:10:16:42 +0200] "GET / HTTP/1.1" 200 7903 "-" "DoCoMo/2.0 N905i(c100;TB;W24H16) (compatible; Googlebot-Mobile/2.1; +http://www.google.com/bot.html)"
208.115.113.88 - - [05/Oct/2013:10:59:35 +0200] "GET /seiten/partner.htm HTTP/1.1" 200 9458 "-" "Mozilla/5.0 (compatible; Ezooms/1.0; ezooms.bot@gmail.com)"
199.30.20.18 - - [05/Oct/2013:11:06:44 +0200] "GET /robots.txt HTTP/1.1" 404 1256 "-" "msnbot-media/1.1 (+http://search.msn.com/msnbot.htm)"
199.30.20.18 - - [05/Oct/2013:11:06:45 +0200] "GET /img/hsh.jpg HTTP/1.1" 200 5007 "-" "msnbot-media/1.1 (+http://search.msn.com/msnbot.htm)"
83.233.207.74 - - [05/Oct/2013:11:55:46 +0200] "GET / HTTP/1.1" 200 7903 "-" "Mozilla/4.0 (CMS Crawler: http://www.cmscrawler.com)"
123.125.71.49 - - [05/Oct/2013:12:48:11 +0200] "GET / HTTP/1.1" 200 7903 "-" "Mozilla/5.0 (compatible; Baiduspider/2.0; +http://www.baidu.com/search/spider.html)"
220.181.108.119 - - [05/Oct/2013:12:48:12 +0200] "GET / HTTP/1.1" 200 7903 "-" "Mozilla/5.0 (compatible; Baiduspider/2.0; +http://www.baidu.com/search/spider.html)"
141.8.147.12 - - [05/Oct/2013:13:56:05 +0200] "GET /robots.txt HTTP/1.1" 404 1256 "-" "Mozilla/5.0 (compatible; YandexBot/3.0; +http://yandex.com/bots)"
5.10.83.71 - - [05/Oct/2013:15:57:34 +0200] "GET /seiten/kraftverkehr.htm HTTP/1.1" 200 9210 "-" "Mozilla/5.0 (compatible; AhrefsBot/5.0; +http://ahrefs.com/robot/)"
66.249.78.242 - - [05/Oct/2013:16:38:53 +0200] "GET /robots.txt HTTP/1.1" 404 1256 "-" "Mozilla/5.0 (compatible; Googlebot/2.1; +http://www.google.com/bot.html)"
66.249.78.242 - - [05/Oct/2013:16:38:53 +0200] "GET /seiten/fahrlehrerwesen.htm HTTP/1.1" 304 - "-" "SAMSUNG-SGH-E250/1.0 Profile/MIDP-2.0 Configuration/CLDC-1.1 UP.Browser/6.2.3.3.c.1.101 (GUI) MMP/2.0 (compatible; Googlebot-Mobile/2.1; +http://www.google.com/bot.html)"
5.10.83.68 - - [05/Oct/2013:16:52:59 +0200] "GET /seiten/kontakt.php HTTP/1.1" 200 12788 "-" "Mozilla/5.0 (compatible; AhrefsBot/5.0; +http://ahrefs.com/robot/)"
208.115.113.87 - - [05/Oct/2013:17:00:21 +0200] "GET /robots.txt HTTP/1.1" 404 1256 "-" "Mozilla/5.0 (compatible; Ezooms/1.0; ezooms.bot@gmail.com)"
84.38.65.176 - - [05/Oct/2013:17:07:21 +0200] "GET / HTTP/1.1" 200 7903 "http://www.sumaja.de/" "Mozilla/4.0 (compatible; MSIE 8.0; Windows NT 6.1; Trident/4.0; SLCC2; .NET CLR 2.0.50727; .NET CLR 3.5.30729; .NET CLR 3.0.30729; Media Center PC 6.0)"
83.133.125.202 - - [05/Oct/2013:17:07:21 +0200] "GET / HTTP/1.0" 200 7903 "-" "-"
83.133.125.202 - - [05/Oct/2013:17:07:21 +0200] "GET / HTTP/1.0" 200 7903 "-" "-"
157.55.32.57 - - [05/Oct/2013:17:12:15 +0200] "GET /robots.txt HTTP/1.1" 404 1256 "-" "Mozilla/5.0 (compatible; bingbot/2.0; +http://www.bing.com/bingbot.htm)"
157.55.32.57 - - [05/Oct/2013:17:15:41 +0200] "GET /seiten/impr.htm HTTP/1.1" 200 8696 "-" "Mozilla/5.0 (compatible; bingbot/2.0; +http://www.bing.com/bingbot.htm)"
66.249.66.211 - - [05/Oct/2013:18:03:11 +0200] "GET /seiten/fahrlehrerwesen.htm HTTP/1.1" 304 - "-" "DoCoMo/2.0 N905i(c100;TB;W24H16) (compatible; Googlebot-Mobile/2.1; +http://www.google.com/bot.html)"
66.249.78.242 - - [05/Oct/2013:18:10:39 +0200] "GET / HTTP/1.1" 200 7903 "-" "Mozilla/5.0 (iPhone; U; CPU iPhone OS 4_1 like Mac OS X; en-us) AppleWebKit/532.9 (KHTML, like Gecko) Version/4.0.5 Mobile/8B117 Safari/6531.22.7 (compatible; Googlebot-Mobile/2.1; +http://www.google.com/bot.html)"
119.63.196.20 - - [05/Oct/2013:18:22:32 +0200] "GET / HTTP/1.1" 200 7903 "-" "Mozilla/5.0 (compatible; Baiduspider/2.0; +http://www.baidu.com/search/spider.html)"
220.181.108.100 - - [05/Oct/2013:18:35:37 +0200] "GET / HTTP/1.1" 200 7903 "-" "Mozilla/5.0 (compatible; Baiduspider/2.0; +http://www.baidu.com/search/spider.html)"
123.125.71.19 - - [05/Oct/2013:18:35:38 +0200] "GET / HTTP/1.1" 200 7903 "-" "Mozilla/5.0 (compatible; Baiduspider/2.0; +http://www.baidu.com/search/spider.html)"
176.9.58.141 - - [05/Oct/2013:18:37:21 +0200] "GET /robots.txt HTTP/1.0" 404 1256 "-" "Mozilla/5.0 (compatible; SEOkicks-Robot +http://www.seokicks.de/robot.html)"
176.9.58.141 - - [05/Oct/2013:18:37:32 +0200] "GET / HTTP/1.0" 200 7903 "-" "Mozilla/5.0 (compatible; SEOkicks-Robot +http://www.seokicks.de/robot.html)"
176.9.58.141 - - [05/Oct/2013:18:37:36 +0200] "GET /favicon.ico HTTP/1.0" 200 894 "http://www.prokommunal.com/" "Mozilla/5.0 (compatible; SEOkicks-Robot +http://www.seokicks.de/robot.html)"
176.9.58.141 - - [05/Oct/2013:18:37:38 +0200] "GET /css/style.css HTTP/1.0" 200 3549 "http://www.prokommunal.com/" "Mozilla/5.0 (compatible; SEOkicks-Robot +http://www.seokicks.de/robot.html)"
176.9.58.141 - - [05/Oct/2013:18:37:42 +0200] "GET /scripte/basics.js HTTP/1.0" 200 198 "http://www.prokommunal.com/" "Mozilla/5.0 (compatible; SEOkicks-Robot +http://www.seokicks.de/robot.html)"
176.9.58.141 - - [05/Oct/2013:18:37:47 +0200] "GET /seiten/produkte.htm HTTP/1.0" 200 9105 "http://www.prokommunal.com/" "Mozilla/5.0 (compatible; SEOkicks-Robot +http://www.seokicks.de/robot.html)"
176.9.58.141 - - [05/Oct/2013:18:37:50 +0200] "GET /seiten/partner.htm HTTP/1.0" 200 9458 "http://www.prokommunal.com/" "Mozilla/5.0 (compatible; SEOkicks-Robot +http://www.seokicks.de/robot.html)"
176.9.58.141 - - [05/Oct/2013:18:37:53 +0200] "GET /seiten/referenzen.htm HTTP/1.0" 200 40249 "http://www.prokommunal.com/" "Mozilla/5.0 (compatible; SEOkicks-Robot +http://www.seokicks.de/robot.html)"
176.9.58.141 - - [05/Oct/2013:18:37:56 +0200] "GET /seiten/service.htm HTTP/1.0" 200 9963 "http://www.prokommunal.com/" "Mozilla/5.0 (compatible; SEOkicks-Robot +http://www.seokicks.de/robot.html)"
176.9.58.141 - - [05/Oct/2013:18:38:00 +0200] "GET /seiten/kontakt.php HTTP/1.0" 200 12788 "http://www.prokommunal.com/" "Mozilla/5.0 (compatible; SEOkicks-Robot +http://www.seokicks.de/robot.html)"
176.9.58.141 - - [05/Oct/2013:18:38:03 +0200] "GET /seiten/impr.htm HTTP/1.0" 200 8696 "http://www.prokommunal.com/" "Mozilla/5.0 (compatible; SEOkicks-Robot +http://www.seokicks.de/robot.html)"
176.9.58.141 - - [05/Oct/2013:18:38:06 +0200] "GET /seiten/databund.html HTTP/1.0" 200 9125 "http://www.prokommunal.com/" "Mozilla/5.0 (compatible; SEOkicks-Robot +http://www.seokicks.de/robot.html)"
176.9.58.141 - - [05/Oct/2013:18:38:08 +0200] "GET /seiten/fsw.htm HTTP/1.0" 200 9961 "http://www.prokommunal.com/seiten/produkte.htm" "Mozilla/5.0 (compatible; SEOkicks-Robot +http://www.seokicks.de/robot.html)"
176.9.58.141 - - [05/Oct/2013:18:38:11 +0200] "GET /seiten/fahrlehrerwesen.htm HTTP/1.0" 200 7168 "http://www.prokommunal.com/seiten/produkte.htm" "Mozilla/5.0 (compatible; SEOkicks-Robot +http://www.seokicks.de/robot.html)"
176.9.58.141 - - [05/Oct/2013:18:38:14 +0200] "GET /seiten/kontroll.htm HTTP/1.0" 200 6599 "http://www.prokommunal.com/seiten/produkte.htm" "Mozilla/5.0 (compatible; SEOkicks-Robot +http://www.seokicks.de/robot.html)"
176.9.58.141 - - [05/Oct/2013:18:38:16 +0200] "GET /seiten/kraftverkehr.htm HTTP/1.0" 200 9210 "http://www.prokommunal.com/seiten/produkte.htm" "Mozilla/5.0 (compatible; SEOkicks-Robot +http://www.seokicks.de/robot.html)"
79.105.162.99 - - [05/Oct/2013:18:51:32 +0200] "HEAD /seiten/databund.html HTTP/1.1" 200 - "-" "Mozilla/3.0 (compatible; Indy Library)"
79.105.162.99 - - [05/Oct/2013:18:51:32 +0200] "HEAD / HTTP/1.1" 200 - "-" "Mozilla/4.0 (compatible; MSIE 7.0; Windows NT 6.0; GTB6; SLCC1; .NET CLR 2.0.50727; .NET CLR 3.0.04506)"
79.105.162.99 - - [05/Oct/2013:18:51:33 +0200] "GET / HTTP/1.1" 200 7903 "-" "Mozilla/4.0 (compatible; MSIE 7.0; Windows NT 6.0; GTB6; SLCC1; .NET CLR 2.0.50727; .NET CLR 3.0.04506)"
208.115.113.87 - - [05/Oct/2013:19:07:01 +0200] "GET /seiten/databund.html HTTP/1.1" 200 9125 "-" "Mozilla/5.0 (compatible; Ezooms/1.0; ezooms.bot@gmail.com)"
5.10.83.75 - - [05/Oct/2013:20:16:35 +0200] "GET /seiten/partner.htm HTTP/1.1" 200 9458 "-" "Mozilla/5.0 (compatible; AhrefsBot/5.0; +http://ahrefs.com/robot/)"
66.249.78.242 - - [05/Oct/2013:20:20:55 +0200] "GET /seiten/service.htm HTTP/1.1" 304 - "-" "Mozilla/5.0 (iPhone; U; CPU iPhone OS 4_1 like Mac OS X; en-us) AppleWebKit/532.9 (KHTML, like Gecko) Version/4.0.5 Mobile/8B117 Safari/6531.22.7 (compatible; Googlebot-Mobile/2.1; +http://www.google.com/bot.html)"
208.115.113.84 - - [05/Oct/2013:20:21:26 +0200] "GET /robots.txt HTTP/1.1" 404 1256 "-" "Mozilla/5.0 (compatible; Ezooms/1.0; ezooms.bot@gmail.com)"
141.8.147.12 - - [05/Oct/2013:20:26:02 +0200] "GET / HTTP/1.1" 200 7903 "-" "Mozilla/5.0 (compatible; YandexBot/3.0; +http://yandex.com/bots)"
176.57.141.254 - - [05/Oct/2013:20:45:27 +0200] "GET / HTTP/1.1" 200 7903 "-" "Mozilla/5.0 (X11; Linux i686; rv:6.0) Gecko/20100101 Firefox/6.0"
176.57.142.28 - - [05/Oct/2013:20:45:50 +0200] "GET /./seiten/impr.htm HTTP/1.1" 200 8696 "-" "Mozilla/5.0 (X11; Linux i686; rv:6.0) Gecko/20100101 Firefox/6.0"
176.57.141.193 - - [05/Oct/2013:20:45:50 +0200] "GET /./seiten/kontakt.php HTTP/1.1" 200 12788 "-" "Mozilla/5.0 (X11; Linux i686; rv:6.0) Gecko/20100101 Firefox/6.0"
176.57.141.254 - - [05/Oct/2013:20:46:05 +0200] "GET /./seiten/produkte.htm HTTP/1.1" 200 9105 "-" "Mozilla/5.0 (X11; Linux i686; rv:6.0) Gecko/20100101 Firefox/6.0"
193.111.141.54 - - [05/Oct/2013:20:46:06 +0200] "GET /./seiten/referenzen.htm HTTP/1.1" 200 40249 "-" "Mozilla/5.0 (X11; Linux i686; rv:6.0) Gecko/20100101 Firefox/6.0"
176.57.142.28 - - [05/Oct/2013:20:46:06 +0200] "GET /./seiten/partner.htm HTTP/1.1" 200 9458 "-" "Mozilla/5.0 (X11; Linux i686; rv:6.0) Gecko/20100101 Firefox/6.0"
193.111.141.54 - - [05/Oct/2013:20:46:10 +0200] "GET /./seiten/databund.html HTTP/1.1" 200 9125 "-" "Mozilla/5.0 (X11; Linux i686; rv:6.0) Gecko/20100101 Firefox/6.0"
193.111.141.44 - - [05/Oct/2013:20:46:10 +0200] "GET / HTTP/1.1" 200 7903 "-" "Mozilla/5.0 (X11; Linux i686; rv:6.0) Gecko/20100101 Firefox/6.0"
176.57.141.193 - - [05/Oct/2013:20:46:10 +0200] "GET /./seiten/service.htm HTTP/1.1" 200 9963 "-" "Mozilla/5.0 (X11; Linux i686; rv:6.0) Gecko/20100101 Firefox/6.0"
81.7.13.161 - - [05/Oct/2013:20:47:14 +0200] "GET /seiten/impr.htm HTTP/1.1" 200 8696 "-" "Mozilla/5.0 (X11; Linux i686; rv:6.0) Gecko/20100101 Firefox/6.0"
176.57.143.60 - - [05/Oct/2013:20:47:15 +0200] "GET /seiten/kontakt.php HTTP/1.1" 200 12788 "-" "Mozilla/5.0 (X11; Linux i686; rv:6.0) Gecko/20100101 Firefox/6.0"
193.111.141.54 - - [05/Oct/2013:20:47:24 +0200] "GET /seiten/produkte.htm HTTP/1.1" 200 9105 "-" "Mozilla/5.0 (X11; Linux i686; rv:6.0) Gecko/20100101 Firefox/6.0"
193.111.141.54 - - [05/Oct/2013:20:47:24 +0200] "GET /seiten/partner.htm HTTP/1.1" 200 9458 "-" "Mozilla/5.0 (X11; Linux i686; rv:6.0) Gecko/20100101 Firefox/6.0"
176.57.141.193 - - [05/Oct/2013:20:48:03 +0200] "GET /seiten/referenzen.htm HTTP/1.1" 200 40249 "-" "Mozilla/5.0 (X11; Linux i686; rv:6.0) Gecko/20100101 Firefox/6.0"
193.111.141.54 - - [05/Oct/2013:20:48:27 +0200] "GET /seiten/impr.htm HTTP/1.1" 200 8696 "-" "Mozilla/5.0 (X11; Linux i686; rv:6.0) Gecko/20100101 Firefox/6.0"
193.111.141.54 - - [05/Oct/2013:20:48:27 +0200] "GET /seiten/kontakt.php HTTP/1.1" 200 12788 "-" "Mozilla/5.0 (X11; Linux i686; rv:6.0) Gecko/20100101 Firefox/6.0"
193.111.141.44 - - [05/Oct/2013:20:48:41 +0200] "GET /./seiten/referenzen.htm HTTP/1.1" 200 40249 "-" "Mozilla/5.0 (X11; Linux i686; rv:6.0) Gecko/20100101 Firefox/6.0"
81.7.13.161 - - [05/Oct/2013:20:48:47 +0200] "GET /seiten/referenzen.htm HTTP/1.1" 200 40249 "-" "Mozilla/5.0 (X11; Linux i686; rv:6.0) Gecko/20100101 Firefox/6.0"
5.10.83.59 - - [05/Oct/2013:21:09:13 +0200] "GET /seiten/kraftverkehr.htm HTTP/1.1" 200 9210 "-" "Mozilla/5.0 (compatible; AhrefsBot/5.0; +http://ahrefs.com/robot/)"
208.115.113.84 - - [05/Oct/2013:22:09:27 +0200] "GET /seiten/ HTTP/1.1" 403 1222 "-" "Mozilla/5.0 (compatible; Ezooms/1.0; ezooms.bot@gmail.com)"
157.55.32.28 - - [05/Oct/2013:22:14:27 +0200] "GET /robots.txt HTTP/1.1" 404 1256 "-" "Mozilla/5.0 (compatible; bingbot/2.0; +http://www.bing.com/bingbot.htm)"
157.55.32.28 - - [05/Oct/2013:22:15:09 +0200] "GET / HTTP/1.1" 200 7903 "-" "Mozilla/5.0 (compatible; bingbot/2.0; +http://www.bing.com/bingbot.htm)"
80.190.97.212 - - [06/Oct/2013:00:43:56 +0200] "GET / HTTP/1.1" 200 7903 "-" "Mozilla/5.0 (X11; U; FreeBSD i386; en-US; rv:1.9.1.12) Gecko/20100912 Firefox/3.5.12"
80.190.97.212 - - [06/Oct/2013:01:27:13 +0200] "GET / HTTP/1.1" 200 7903 "-" "Mozilla/5.0 (X11; U; FreeBSD i386; en-US; rv:1.9.1.12) Gecko/20100912 Firefox/3.5.12"
80.190.97.212 - - [06/Oct/2013:02:13:10 +0200] "GET / HTTP/1.1" 200 7903 "-" "Mozilla/5.0 (X11; U; FreeBSD i386; en-US; rv:1.9.1.12) Gecko/20100912 Firefox/3.5.12"
192.99.3.156 - - [06/Oct/2013:02:46:51 +0200] "GET /wp-login.php HTTP/1.1" 404 1256 "-" "Mozilla/4.0 (compatible; MSIE 6.0; Windows NT 5.1; SV1; TencentTraveler ; Mozilla/4.0 (compatible; MSIE 6.0; Windows NT 5.1; SV1) ; .NET CLR 2.0.50727)"
80.190.97.212 - - [06/Oct/2013:02:50:07 +0200] "GET / HTTP/1.1" 200 7903 "-" "Mozilla/5.0 (X11; U; FreeBSD i386; en-US; rv:1.9.1.12) Gecko/20100912 Firefox/3.5.12"
66.249.78.242 - - [06/Oct/2013:04:02:57 +0200] "GET /seiten/kontakt.php HTTP/1.1" 200 12788 "-" "Mozilla/5.0 (iPhone; U; CPU iPhone OS 4_1 like Mac OS X; en-us) AppleWebKit/532.9 (KHTML, like Gecko) Version/4.0.5 Mobile/8B117 Safari/6531.22.7 (compatible; Googlebot-Mobile/2.1; +http://www.google.com/bot.html)"
92.85.43.161 - - [06/Oct/2013:04:27:02 +0200] "GET / HTTP/1.1" 200 7903 "-" "Java/1.6.0_04"
92.85.43.161 - - [06/Oct/2013:04:27:03 +0200] "GET /./scripte/basics.js HTTP/1.1" 200 198 "-" "Java/1.6.0_04"
92.85.43.161 - - [06/Oct/2013:04:27:03 +0200] "GET /false.htm HTTP/1.1" 200 2749 "-" "Java/1.6.0_04"
92.85.43.161 - - [06/Oct/2013:04:27:03 +0200] "GET /scripte/basics.js HTTP/1.1" 200 198 "-" "Java/1.6.0_04"
92.85.43.161 - - [06/Oct/2013:04:27:03 +0200] "GET /./seiten/databund.html HTTP/1.1" 200 9125 "-" "Java/1.6.0_04"
92.85.43.161 - - [06/Oct/2013:04:27:03 +0200] "GET /seiten/fahrlehrerwesen.htm HTTP/1.1" 200 7168 "-" "Java/1.6.0_04"
92.85.43.161 - - [06/Oct/2013:04:27:03 +0200] "GET /seiten/fsw.htm HTTP/1.1" 200 9961 "-" "Java/1.6.0_04"
92.85.43.161 - - [06/Oct/2013:04:27:03 +0200] "GET /seiten/impr.htm HTTP/1.1" 200 8696 "-" "Java/1.6.0_04"
92.85.43.161 - - [06/Oct/2013:04:27:03 +0200] "GET /seiten/kontakt.php HTTP/1.1" 200 12788 "-" "Java/1.6.0_04"
92.85.43.161 - - [06/Oct/2013:04:27:04 +0200] "GET /seiten/kontroll.htm HTTP/1.1" 200 6599 "-" "Java/1.6.0_04"
92.85.43.161 - - [06/Oct/2013:04:27:04 +0200] "GET /seiten/kraftverkehr.htm HTTP/1.1" 200 9210 "-" "Java/1.6.0_04"
92.85.43.161 - - [06/Oct/2013:04:27:04 +0200] "GET /seiten/partner.htm HTTP/1.1" 200 9458 "-" "Java/1.6.0_04"
92.85.43.161 - - [06/Oct/2013:04:27:04 +0200] "GET /seiten/produkte.htm HTTP/1.1" 200 9105 "-" "Java/1.6.0_04"
92.85.43.161 - - [06/Oct/2013:04:27:04 +0200] "GET /seiten/referenzen.htm HTTP/1.1" 200 40249 "-" "Java/1.6.0_04"
92.85.43.161 - - [06/Oct/2013:04:27:04 +0200] "GET /seiten/service.htm HTTP/1.1" 200 9963 "-" "Java/1.6.0_04"
92.85.43.161 - - [06/Oct/2013:04:27:04 +0200] "GET /./seiten/fahrlehrerwesen.htm HTTP/1.1" 200 7168 "-" "Java/1.6.0_04"
92.85.43.161 - - [06/Oct/2013:04:27:05 +0200] "GET /./seiten/fsw.htm HTTP/1.1" 200 9961 "-" "Java/1.6.0_04"
92.85.43.161 - - [06/Oct/2013:04:27:05 +0200] "GET /./seiten/impr.htm HTTP/1.1" 200 8696 "-" "Java/1.6.0_04"
92.85.43.161 - - [06/Oct/2013:04:27:05 +0200] "GET /./seiten/kontakt.php HTTP/1.1" 200 12788 "-" "Java/1.6.0_04"
92.85.43.161 - - [06/Oct/2013:04:27:05 +0200] "GET /./seiten/kontroll.htm HTTP/1.1" 200 6599 "-" "Java/1.6.0_04"
92.85.43.161 - - [06/Oct/2013:04:27:05 +0200] "GET /./seiten/kraftverkehr.htm HTTP/1.1" 200 9210 "-" "Java/1.6.0_04"
92.85.43.161 - - [06/Oct/2013:04:27:05 +0200] "GET /./seiten/partner.htm HTTP/1.1" 200 9458 "-" "Java/1.6.0_04"
92.85.43.161 - - [06/Oct/2013:04:27:05 +0200] "GET /./seiten/produkte.htm HTTP/1.1" 200 9105 "-" "Java/1.6.0_04"
92.85.43.161 - - [06/Oct/2013:04:27:05 +0200] "GET /./seiten/referenzen.htm HTTP/1.1" 200 40249 "-" "Java/1.6.0_04"
92.85.43.161 - - [06/Oct/2013:04:27:06 +0200] "GET /./seiten/service.htm HTTP/1.1" 200 9963 "-" "Java/1.6.0_04"
92.85.43.161 - - [06/Oct/2013:04:27:06 +0200] "GET /seiten/intern/log_check.php HTTP/1.1" 302 - "-" "Java/1.6.0_04"
92.85.43.161 - - [06/Oct/2013:04:27:06 +0200] "GET /seiten/intern/log_check.php HTTP/1.1" 302 - "-" "Java/1.6.0_04"
92.85.43.161 - - [06/Oct/2013:04:27:07 +0200] "GET /seiten/intern/log_check.php HTTP/1.1" 302 - "-" "Java/1.6.0_04"
92.85.43.161 - - [06/Oct/2013:04:27:07 +0200] "GET /seiten/intern/log_check.php HTTP/1.1" 302 - "-" "Java/1.6.0_04"
92.85.43.161 - - [06/Oct/2013:04:27:07 +0200] "GET /seiten/intern/log_check.php HTTP/1.1" 302 - "-" "Java/1.6.0_04"
92.85.43.161 - - [06/Oct/2013:04:27:07 +0200] "GET /seiten/intern/log_check.php HTTP/1.1" 302 - "-" "Java/1.6.0_04"
92.85.43.161 - - [06/Oct/2013:04:27:08 +0200] "GET /seiten/intern/log_check.php HTTP/1.1" 302 - "-" "Java/1.6.0_04"
92.85.43.161 - - [06/Oct/2013:04:27:08 +0200] "GET /seiten/intern/log_check.php HTTP/1.1" 302 - "-" "Java/1.6.0_04"
92.85.43.161 - - [06/Oct/2013:04:27:08 +0200] "GET /seiten/intern/log_check.php HTTP/1.1" 302 - "-" "Java/1.6.0_04"
92.85.43.161 - - [06/Oct/2013:04:27:09 +0200] "GET /seiten/intern/log_check.php HTTP/1.1" 302 - "-" "Java/1.6.0_04"
92.85.43.161 - - [06/Oct/2013:04:27:09 +0200] "GET /seiten/intern/log_check.php HTTP/1.1" 302 - "-" "Java/1.6.0_04"
92.85.43.161 - - [06/Oct/2013:04:27:09 +0200] "GET /seiten/intern/log_check.php HTTP/1.1" 302 - "-" "Java/1.6.0_04"
92.85.43.161 - - [06/Oct/2013:04:27:09 +0200] "GET /seiten/intern/log_check.php HTTP/1.1" 302 - "-" "Java/1.6.0_04"
92.85.43.161 - - [06/Oct/2013:04:27:10 +0200] "GET /seiten/intern/log_check.php HTTP/1.1" 302 - "-" "Java/1.6.0_04"
92.85.43.161 - - [06/Oct/2013:04:27:10 +0200] "GET /seiten/intern/log_check.php HTTP/1.1" 302 - "-" "Java/1.6.0_04"
92.85.43.161 - - [06/Oct/2013:04:27:10 +0200] "GET /seiten/intern/log_check.php HTTP/1.1" 302 - "-" "Java/1.6.0_04"
92.85.43.161 - - [06/Oct/2013:04:27:10 +0200] "GET /seiten/intern/log_check.php HTTP/1.1" 302 - "-" "Java/1.6.0_04"
92.85.43.161 - - [06/Oct/2013:04:27:11 +0200] "GET /seiten/intern/log_check.php HTTP/1.1" 302 - "-" "Java/1.6.0_04"
92.85.43.161 - - [06/Oct/2013:04:27:11 +0200] "GET /seiten/intern/log_check.php HTTP/1.1" 302 - "-" "Java/1.6.0_04"
92.85.43.161 - - [06/Oct/2013:04:27:11 +0200] "GET /seiten/intern/log_check.php HTTP/1.1" 302 - "-" "Java/1.6.0_04"
92.85.43.161 - - [06/Oct/2013:04:27:11 +0200] "GET /./seiten/intern/log_check.php HTTP/1.1" 302 - "-" "Java/1.6.0_04"
92.85.43.161 - - [06/Oct/2013:04:27:12 +0200] "GET /./seiten/intern/log_check.php HTTP/1.1" 302 - "-" "Java/1.6.0_04"
92.85.43.161 - - [06/Oct/2013:04:27:12 +0200] "GET /./seiten/intern/log_check.php HTTP/1.1" 302 - "-" "Java/1.6.0_04"
92.85.43.161 - - [06/Oct/2013:04:27:12 +0200] "GET /./seiten/intern/log_check.php HTTP/1.1" 302 - "-" "Java/1.6.0_04"
92.85.43.161 - - [06/Oct/2013:04:27:13 +0200] "GET /./seiten/intern/log_check.php HTTP/1.1" 302 - "-" "Java/1.6.0_04"
92.85.43.161 - - [06/Oct/2013:04:27:13 +0200] "GET /./seiten/intern/log_check.php HTTP/1.1" 302 - "-" "Java/1.6.0_04"
92.85.43.161 - - [06/Oct/2013:04:27:13 +0200] "GET /./seiten/intern/log_check.php HTTP/1.1" 302 - "-" "Java/1.6.0_04"
92.85.43.161 - - [06/Oct/2013:04:27:14 +0200] "GET /./seiten/intern/log_check.php HTTP/1.1" 302 - "-" "Java/1.6.0_04"
92.85.43.161 - - [06/Oct/2013:04:27:14 +0200] "GET /./seiten/intern/log_check.php HTTP/1.1" 302 - "-" "Java/1.6.0_04"
92.85.43.161 - - [06/Oct/2013:04:27:14 +0200] "GET /./seiten/intern/log_check.php HTTP/1.1" 302 - "-" "Java/1.6.0_04"
92.85.43.161 - - [06/Oct/2013:04:27:14 +0200] "GET /./seiten/intern/log_check.php HTTP/1.1" 302 - "-" "Java/1.6.0_04"
92.85.43.161 - - [06/Oct/2013:04:27:15 +0200] "GET /./seiten/intern/log_check.php HTTP/1.1" 302 - "-" "Java/1.6.0_04"
92.85.43.161 - - [06/Oct/2013:04:27:15 +0200] "GET /./seiten/intern/log_check.php HTTP/1.1" 302 - "-" "Java/1.6.0_04"
92.85.43.161 - - [06/Oct/2013:04:27:16 +0200] "GET /./seiten/intern/log_check.php HTTP/1.1" 302 - "-" "Java/1.6.0_04"
92.85.43.161 - - [06/Oct/2013:04:27:16 +0200] "GET /./seiten/intern/log_check.php HTTP/1.1" 302 - "-" "Java/1.6.0_04"
92.85.43.161 - - [06/Oct/2013:04:27:16 +0200] "GET /./seiten/intern/log_check.php HTTP/1.1" 302 - "-" "Java/1.6.0_04"
92.85.43.161 - - [06/Oct/2013:04:27:16 +0200] "GET /./seiten/intern/log_check.php HTTP/1.1" 302 - "-" "Java/1.6.0_04"
92.85.43.161 - - [06/Oct/2013:04:27:17 +0200] "GET /./seiten/intern/log_check.php HTTP/1.1" 302 - "-" "Java/1.6.0_04"
92.85.43.161 - - [06/Oct/2013:04:27:17 +0200] "GET /./seiten/intern/log_check.php HTTP/1.1" 302 - "-" "Java/1.6.0_04"
92.85.43.161 - - [06/Oct/2013:04:27:17 +0200] "GET /./seiten/intern/log_check.php HTTP/1.1" 302 - "-" "Java/1.6.0_04"
80.190.97.212 - - [06/Oct/2013:04:45:54 +0200] "GET / HTTP/1.1" 200 7903 "-" "Mozilla/5.0 (X11; U; FreeBSD i386; en-US; rv:1.9.1.12) Gecko/20100912 Firefox/3.5.12"
80.190.97.212 - - [06/Oct/2013:04:45:54 +0200] "GET / HTTP/1.1" 200 7903 "-" "Mozilla/5.0 (X11; U; FreeBSD i386; en-US; rv:1.9.1.12) Gecko/20100912 Firefox/3.5.12"
208.115.113.88 - - [06/Oct/2013:05:00:20 +0200] "GET /robots.txt HTTP/1.1" 404 1256 "-" "Mozilla/5.0 (compatible; Ezooms/1.0; ezooms.bot@gmail.com)"
208.115.113.87 - - [06/Oct/2013:05:03:43 +0200] "GET /robots.txt HTTP/1.1" 404 1256 "-" "Mozilla/5.0 (compatible; Ezooms/1.0; ezooms.bot@gmail.com)"
157.56.92.178 - - [06/Oct/2013:05:38:45 +0200] "GET /robots.txt HTTP/1.1" 404 1256 "-" "Mozilla/5.0 (compatible; bingbot/2.0; +http://www.bing.com/bingbot.htm)"
157.56.92.178 - - [06/Oct/2013:05:39:24 +0200] "GET /seiten/produkte.htm HTTP/1.1" 304 - "-" "Mozilla/5.0 (compatible; bingbot/2.0; +http://www.bing.com/bingbot.htm)"
208.115.113.88 - - [06/Oct/2013:05:52:45 +0200] "GET /seiten/kontroll.htm HTTP/1.1" 200 6599 "-" "Mozilla/5.0 (compatible; Ezooms/1.0; ezooms.bot@gmail.com)"
66.249.78.242 - - [06/Oct/2013:06:24:43 +0200] "GET /robots.txt HTTP/1.1" 404 1256 "-" "Mozilla/5.0 (compatible; Googlebot/2.1; +http://www.google.com/bot.html)"
157.55.32.143 - - [06/Oct/2013:06:28:02 +0200] "GET /robots.txt HTTP/1.1" 404 1256 "-" "Mozilla/5.0 (compatible; bingbot/2.0; +http://www.bing.com/bingbot.htm)"
157.55.32.143 - - [06/Oct/2013:06:28:26 +0200] "GET /seiten/fahrlehrerwesen.htm HTTP/1.1" 304 - "-" "Mozilla/5.0 (compatible; bingbot/2.0; +http://www.bing.com/bingbot.htm)"
208.115.111.71 - - [06/Oct/2013:07:10:48 +0200] "GET /robots.txt HTTP/1.1" 404 1256 "-" "Mozilla/5.0 (compatible; Ezooms/1.0; ezooms.bot@gmail.com)"
64.246.165.140 - - [06/Oct/2013:07:13:04 +0200] "GET /robots.txt HTTP/1.0" 404 1256 "-" "Mozilla/5.0 (Windows; U; Windows NT 5.1; en; rv:1.9.0.13) Gecko/2009073022 Firefox/3.5.2 (.NET CLR 3.5.30729) SurveyBot/2.3 (DomainTools)"
64.246.165.140 - - [06/Oct/2013:07:13:04 +0200] "GET / HTTP/1.1" 200 7903 "http://whois.domaintools.com/prokommunal-berlin.de" "Mozilla/5.0 (Windows; U; Windows NT 5.1; en; rv:1.9.0.13) Gecko/2009073022 Firefox/3.5.2 (.NET CLR 3.5.30729) SurveyBot/2.3 (DomainTools)"
208.115.113.87 - - [06/Oct/2013:07:13:47 +0200] "GET /seiten/produkte.htm HTTP/1.1" 200 9105 "-" "Mozilla/5.0 (compatible; Ezooms/1.0; ezooms.bot@gmail.com)"
5.255.253.79 - - [06/Oct/2013:07:19:40 +0200] "GET /robots.txt HTTP/1.1" 404 1256 "-" "Mozilla/5.0 (compatible; YandexImages/3.0; +http://yandex.com/bots)"
5.255.253.79 - - [06/Oct/2013:07:52:26 +0200] "GET /img/head03.jpg HTTP/1.1" 200 7610 "-" "Mozilla/5.0 (compatible; YandexImages/3.0; +http://yandex.com/bots)"
5.255.253.79 - - [06/Oct/2013:08:28:49 +0200] "GET /img/gz.jpg HTTP/1.1" 304 - "-" "Mozilla/5.0 (compatible; YandexImages/3.0; +http://yandex.com/bots)"
5.255.253.79 - - [06/Oct/2013:09:12:28 +0200] "GET /img/fsw.jpg HTTP/1.1" 304 - "-" "Mozilla/5.0 (compatible; YandexImages/3.0; +http://yandex.com/bots)"
208.115.111.71 - - [06/Oct/2013:09:14:00 +0200] "GET /seiten/intern/?D=A HTTP/1.1" 403 1222 "-" "Mozilla/5.0 (compatible; Ezooms/1.0; ezooms.bot@gmail.com)"
208.115.111.71 - - [06/Oct/2013:09:14:31 +0200] "GET /seiten/partner.htm HTTP/1.1" 200 9458 "-" "Mozilla/5.0 (compatible; Ezooms/1.0; ezooms.bot@gmail.com)"
62.217.63.249 - - [06/Oct/2013:09:18:29 +0200] "GET / HTTP/1.1" 200 7903 "-" "lynx (compatible; Mozilla/5.0; MSIE 7.0; Windows; U; Windows NT 6.1; nl; rv:1.9.2.13) Gecko/20101203 Firefox/3.6.13"
62.217.63.249 - - [06/Oct/2013:09:18:30 +0200] "GET / HTTP/1.0" 200 7903 "-" "Lynx/2.8.8dev.9 libwww-FM/2.14 SSL-MM/1.4.1 GNUTLS/2.12.14"
62.217.63.249 - - [06/Oct/2013:09:18:32 +0200] "GET /seiten/impr.htm HTTP/1.1" 200 8696 "-" "lynx (compatible; Mozilla/5.0; MSIE 7.0; Windows; U; Windows NT 6.1; nl; rv:1.9.2.13) Gecko/20101203 Firefox/3.6.13"
62.217.63.249 - - [06/Oct/2013:09:18:32 +0200] "GET /seiten/impr.htm HTTP/1.0" 200 8696 "-" "Lynx/2.8.8dev.9 libwww-FM/2.14 SSL-MM/1.4.1 GNUTLS/2.12.14"
62.217.63.249 - - [06/Oct/2013:09:18:42 +0200] "GET /seiten/kontakt.php HTTP/1.1" 200 12788 "-" "lynx (compatible; Mozilla/5.0; MSIE 7.0; Windows; U; Windows NT 6.1; nl; rv:1.9.2.13) Gecko/20101203 Firefox/3.6.13"
62.217.63.249 - - [06/Oct/2013:09:18:42 +0200] "GET /seiten/kontakt.php HTTP/1.0" 200 12788 "-" "Lynx/2.8.8dev.9 libwww-FM/2.14 SSL-MM/1.4.1 GNUTLS/2.12.14"
62.217.63.249 - - [06/Oct/2013:09:18:55 +0200] "GET / HTTP/1.1" 200 7903 "-" "lynx (compatible; Mozilla/5.0; MSIE 7.0; Windows; U; Windows NT 6.1; nl; rv:1.9.2.13) Gecko/20101203 Firefox/3.6.13"
62.217.63.249 - - [06/Oct/2013:09:18:56 +0200] "GET / HTTP/1.0" 200 7903 "-" "Lynx/2.8.8dev.9 libwww-FM/2.14 SSL-MM/1.4.1 GNUTLS/2.12.14"
64.246.165.160 - - [06/Oct/2013:09:27:45 +0200] "GET /robots.txt HTTP/1.0" 404 1256 "-" "Mozilla/5.0 (Windows; U; Windows NT 5.1; en; rv:1.9.0.13) Gecko/2009073022 Firefox/3.5.2 (.NET CLR 3.5.30729) SurveyBot/2.3 (DomainTools)"
64.246.165.160 - - [06/Oct/2013:09:27:46 +0200] "GET / HTTP/1.1" 200 7903 "http://whois.domaintools.com/prokommunal.com" "Mozilla/5.0 (Windows; U; Windows NT 5.1; en; rv:1.9.0.13) Gecko/2009073022 Firefox/3.5.2 (.NET CLR 3.5.30729) SurveyBot/2.3 (DomainTools)"
66.249.78.242 - - [06/Oct/2013:09:40:23 +0200] "GET /robots.txt HTTP/1.1" 404 1256 "-" "Mozilla/5.0 (compatible; Googlebot/2.1; +http://www.google.com/bot.html)"
66.249.66.211 - - [06/Oct/2013:09:40:23 +0200] "GET / HTTP/1.1" 200 7903 "-" "DoCoMo/2.0 N905i(c100;TB;W24H16) (compatible; Googlebot-Mobile/2.1; +http://www.google.com/bot.html)"
157.55.32.114 - - [06/Oct/2013:09:45:31 +0200] "GET /robots.txt HTTP/1.1" 404 1256 "-" "Mozilla/5.0 (compatible; bingbot/2.0; +http://www.bing.com/bingbot.htm)"
157.55.32.114 - - [06/Oct/2013:09:46:09 +0200] "GET / HTTP/1.1" 200 7903 "-" "Mozilla/5.0 (compatible; bingbot/2.0; +http://www.bing.com/bingbot.htm)"
5.255.253.79 - - [06/Oct/2013:10:02:51 +0200] "GET /img/head01.jpg HTTP/1.1" 200 6350 "-" "Mozilla/5.0 (compatible; YandexImages/3.0; +http://yandex.com/bots)"
5.255.253.79 - - [06/Oct/2013:10:59:07 +0200] "GET /img/hh.jpg HTTP/1.1" 304 - "-" "Mozilla/5.0 (compatible; YandexImages/3.0; +http://yandex.com/bots)"
5.255.253.79 - - [06/Oct/2013:12:13:08 +0200] "GET /img/hsh.jpg HTTP/1.1" 304 - "-" "Mozilla/5.0 (compatible; YandexImages/3.0; +http://yandex.com/bots)"
84.169.177.232 - - [06/Oct/2013:12:29:54 +0200] "GET /seiten/referenzen.htm HTTP/1.1" 200 40249 "http://www.google.de/url?sa=t&rct=j&q=&esrc=s&frm=1&source=web&cd=5&ved=0CE4QFjAE&url=http%3A%2F%2Fwww.prokommunal.com%2Fseiten%2Freferenzen.htm&ei=SDtRUta2MYzEtAbgxoDYCw&usg=AFQjCNFkgiXA2K-qnpOChU4qjRkFaABzmg&bvm=bv.53537100,d.Yms" "Mozilla/5.0 (compatible; MSIE 10.0; Windows NT 6.1; WOW64; Trident/6.0)"
84.169.177.232 - - [06/Oct/2013:12:29:55 +0200] "GET /css/style.css HTTP/1.1" 200 3549 "http://www.prokommunal.com/seiten/referenzen.htm" "Mozilla/5.0 (compatible; MSIE 10.0; Windows NT 6.1; WOW64; Trident/6.0)"
84.169.177.232 - - [06/Oct/2013:12:29:55 +0200] "GET /scripte/basics.js HTTP/1.1" 200 198 "http://www.prokommunal.com/seiten/referenzen.htm" "Mozilla/5.0 (compatible; MSIE 10.0; Windows NT 6.1; WOW64; Trident/6.0)"
84.169.177.232 - - [06/Oct/2013:12:29:55 +0200] "GET /img/head01.jpg HTTP/1.1" 200 6350 "http://www.prokommunal.com/seiten/referenzen.htm" "Mozilla/5.0 (compatible; MSIE 10.0; Windows NT 6.1; WOW64; Trident/6.0)"
84.169.177.232 - - [06/Oct/2013:12:29:55 +0200] "GET /img/head03.jpg HTTP/1.1" 200 7610 "http://www.prokommunal.com/seiten/referenzen.htm" "Mozilla/5.0 (compatible; MSIE 10.0; Windows NT 6.1; WOW64; Trident/6.0)"
84.169.177.232 - - [06/Oct/2013:12:29:55 +0200] "GET /img/top.gif HTTP/1.1" 200 96 "http://www.prokommunal.com/seiten/referenzen.htm" "Mozilla/5.0 (compatible; MSIE 10.0; Windows NT 6.1; WOW64; Trident/6.0)"
84.169.177.232 - - [06/Oct/2013:12:29:55 +0200] "GET /img/head02.jpg HTTP/1.1" 200 4929 "http://www.prokommunal.com/seiten/referenzen.htm" "Mozilla/5.0 (compatible; MSIE 10.0; Windows NT 6.1; WOW64; Trident/6.0)"
84.169.177.232 - - [06/Oct/2013:12:29:55 +0200] "GET /img/men_01.jpg HTTP/1.1" 200 713 "http://www.prokommunal.com/seiten/referenzen.htm" "Mozilla/5.0 (compatible; MSIE 10.0; Windows NT 6.1; WOW64; Trident/6.0)"
84.169.177.232 - - [06/Oct/2013:12:29:55 +0200] "GET /redesign/img/bg_foot.gif HTTP/1.1" 200 286 "http://www.prokommunal.com/seiten/referenzen.htm" "Mozilla/5.0 (compatible; MSIE 10.0; Windows NT 6.1; WOW64; Trident/6.0)"
84.169.177.232 - - [06/Oct/2013:12:29:55 +0200] "GET /redesign/img/bg_gelb.jpg HTTP/1.1" 200 368 "http://www.prokommunal.com/seiten/referenzen.htm" "Mozilla/5.0 (compatible; MSIE 10.0; Windows NT 6.1; WOW64; Trident/6.0)"
84.169.177.232 - - [06/Oct/2013:12:29:55 +0200] "GET /favicon.ico HTTP/1.1" 200 894 "-" "Mozilla/5.0 (compatible; MSIE 10.0; Windows NT 6.1; Win64; x64; Trident/6.0)"
178.77.126.55 - - [06/Oct/2013:13:46:48 +0200] "GET /robots.txt HTTP/1.1" 404 1256 "-" "Mozilla/5.0 (compatible; CareerBot/1.1; +http://www.career-x.de/bot.html)"
178.77.126.55 - - [06/Oct/2013:13:46:48 +0200] "GET / HTTP/1.1" 200 7903 "-" "Mozilla/5.0 (compatible; CareerBot/1.1; +http://www.career-x.de/bot.html)"
5.9.112.68 - - [06/Oct/2013:13:58:00 +0200] "GET /robots.txt HTTP/1.1" 404 1256 "-" "Mozilla/5.0 (compatible; SISTRIX Crawler; http://crawler.sistrix.net/)"
5.9.112.68 - - [06/Oct/2013:13:58:00 +0200] "GET / HTTP/1.1" 206 7903 "-" "Mozilla/5.0 (compatible; SISTRIX Crawler; http://crawler.sistrix.net/)"
5.255.253.79 - - [06/Oct/2013:13:58:06 +0200] "GET /img/hk.jpg HTTP/1.1" 304 - "-" "Mozilla/5.0 (compatible; YandexImages/3.0; +http://yandex.com/bots)"
61.135.189.69 - - [06/Oct/2013:14:06:37 +0200] "GET /robots.txt HTTP/1.1" 404 1256 "-" "Sogou web spider/4.0(+http://www.sogou.com/docs/help/webmasters.htm#07)"
61.135.189.69 - - [06/Oct/2013:14:06:37 +0200] "GET / HTTP/1.1" 304 - "-" "Sogou web spider/4.0(+http://www.sogou.com/docs/help/webmasters.htm#07)"
208.115.111.72 - - [06/Oct/2013:15:00:03 +0200] "GET /robots.txt HTTP/1.1" 404 1256 "-" "Mozilla/5.0 (compatible; Ezooms/1.0; ezooms.bot@gmail.com)"
157.55.33.24 - - [06/Oct/2013:15:24:47 +0200] "GET /robots.txt HTTP/1.1" 404 1256 "-" "Mozilla/5.0 (compatible; bingbot/2.0; +http://www.bing.com/bingbot.htm)"
157.55.33.24 - - [06/Oct/2013:15:25:23 +0200] "GET / HTTP/1.1" 304 - "-" "Mozilla/5.0 (compatible; bingbot/2.0; +http://www.bing.com/bingbot.htm)"
157.55.35.94 - - [06/Oct/2013:15:45:33 +0200] "GET /robots.txt HTTP/1.1" 404 1256 "-" "Mozilla/5.0 (compatible; bingbot/2.0; +http://www.bing.com/bingbot.htm)"
157.55.35.94 - - [06/Oct/2013:15:47:05 +0200] "GET /seiten/referenzen.htm HTTP/1.1" 200 40249 "-" "Mozilla/5.0 (compatible; bingbot/2.0; +http://www.bing.com/bingbot.htm)"
208.115.111.72 - - [06/Oct/2013:15:52:22 +0200] "GET /seiten/kontakt.php HTTP/1.1" 200 12788 "-" "Mozilla/5.0 (compatible; Ezooms/1.0; ezooms.bot@gmail.com)"
65.55.52.108 - - [06/Oct/2013:15:52:43 +0200] "GET /css/style.css HTTP/1.1" 200 3549 "-" "Mozilla/5.0 (compatible; bingbot/2.0; +http://www.bing.com/bingbot.htm)"
66.249.78.242 - - [06/Oct/2013:16:26:21 +0200] "GET /robots.txt HTTP/1.1" 404 1256 "-" "Mozilla/5.0 (compatible; Googlebot/2.1; +http://www.google.com/bot.html)"
66.249.78.242 - - [06/Oct/2013:16:26:21 +0200] "GET /seiten/databund.html HTTP/1.1" 304 - "-" "Mozilla/5.0 (iPhone; U; CPU iPhone OS 4_1 like Mac OS X; en-us) AppleWebKit/532.9 (KHTML, like Gecko) Version/4.0.5 Mobile/8B117 Safari/6531.22.7 (compatible; Googlebot-Mobile/2.1; +http://www.google.com/bot.html)"
5.255.253.79 - - [06/Oct/2013:16:47:37 +0200] "GET /img/head02.jpg HTTP/1.1" 200 4929 "-" "Mozilla/5.0 (compatible; YandexImages/3.0; +http://yandex.com/bots)"
211.254.252.230 - - [06/Oct/2013:17:45:11 +0200] "GET /seiten/partner.htm HTTP/1.0" 200 9458 "-" "Mozilla/5.0 (Windows NT 6.1; WOW64) AppleWebKit/535.1 (KHTML, like Gecko) Chrome/13.0.782.215 Safari/535.1"
119.63.196.108 - - [06/Oct/2013:18:22:46 +0200] "GET / HTTP/1.1" 200 7903 "-" "Mozilla/5.0 (compatible; Baiduspider/2.0; +http://www.baidu.com/search/spider.html)"
66.249.78.242 - - [06/Oct/2013:19:19:31 +0200] "GET /robots.txt HTTP/1.1" 404 1256 "-" "Mozilla/5.0 (compatible; Googlebot/2.1; +http://www.google.com/bot.html)"
66.249.78.242 - - [06/Oct/2013:19:19:31 +0200] "GET /seiten/service.htm HTTP/1.1" 304 - "-" "Mozilla/5.0 (compatible; Googlebot/2.1; +http://www.google.com/bot.html)"
110.89.13.95 - - [06/Oct/2013:19:29:37 +0200] "GET /seiten/databund.html HTTP/1.0" 200 9125 "http://www.prokommunal.com/seiten/databund.html" "Opera/9.80 (Windows NT 5.1; U; ru) Presto/2.9.168 Version/11.50"
46.229.164.98 - - [06/Oct/2013:19:49:04 +0200] "GET / HTTP/1.1" 200 7903 "-" "Mozilla/5.0 (compatible; SemrushBot/0.97; +http://www.semrush.com/bot.html)"
66.249.75.211 - - [06/Oct/2013:19:51:01 +0200] "GET /seiten/databund.html HTTP/1.1" 304 - "-" "DoCoMo/2.0 N905i(c100;TB;W24H16) (compatible; Googlebot-Mobile/2.1; +http://www.google.com/bot.html)"
157.55.32.89 - - [06/Oct/2013:19:54:04 +0200] "GET /robots.txt HTTP/1.1" 404 1256 "-" "Mozilla/5.0 (compatible; bingbot/2.0; +http://www.bing.com/bingbot.htm)"
157.55.32.89 - - [06/Oct/2013:19:54:44 +0200] "GET /seiten/fahrlehrerwesen.htm HTTP/1.1" 304 - "-" "Mozilla/5.0 (compatible; bingbot/2.0; +http://www.bing.com/bingbot.htm)"
66.249.78.242 - - [06/Oct/2013:20:19:31 +0200] "GET /seiten/referenzen.htm HTTP/1.1" 200 40249 "-" "Mozilla/5.0 (compatible; Googlebot/2.1; +http://www.google.com/bot.html)"
82.192.74.245 - - [06/Oct/2013:20:19:39 +0200] "GET / HTTP/1.1" 200 7903 "-" "Mozilla/5.0 (compatible; Dataprovider Site Explorer; http://www.dataprovider.com/)"
82.192.74.245 - - [06/Oct/2013:20:19:45 +0200] "GET / HTTP/1.1" 200 7903 "-" "Mozilla/5.0 (Linux; U; Android 1.6; en-us; xpndr_ihome Build/DRD35) AppleWebKit/528.5+ (KHTML, like Gecko) Version/3.1.2 Mobile Safari/525.20.1"
82.192.74.245 - - [06/Oct/2013:20:19:45 +0200] "GET /robots.txt HTTP/1.1" 404 1256 "-" "Mozilla/5.0 (compatible; Dataprovider Site Explorer; http://www.dataprovider.com/)"
82.192.74.245 - - [06/Oct/2013:20:19:45 +0200] "GET /sitemap.xml HTTP/1.1" 404 1256 "-" "Mozilla/5.0 (compatible; Dataprovider Site Explorer; http://www.dataprovider.com/)"
82.192.74.245 - - [06/Oct/2013:20:19:46 +0200] "GET / HTTP/1.1" 200 7903 "-" "Mozilla/5.0 (compatible; Dataprovider Site Explorer; http://www.dataprovider.com/)"
82.192.74.245 - - [06/Oct/2013:20:19:49 +0200] "GET /seiten/impr.htm HTTP/1.1" 200 8696 "-" "Mozilla/5.0 (compatible; Dataprovider Site Explorer; http://www.dataprovider.com/)"
82.192.74.245 - - [06/Oct/2013:20:19:52 +0200] "GET /seiten/kontakt.php HTTP/1.1" 200 12788 "-" "Mozilla/5.0 (compatible; Dataprovider Site Explorer; http://www.dataprovider.com/)"
82.192.74.245 - - [06/Oct/2013:20:19:55 +0200] "GET /seiten/service.htm HTTP/1.1" 200 9963 "-" "Mozilla/5.0 (compatible; Dataprovider Site Explorer; http://www.dataprovider.com/)"
82.192.74.245 - - [06/Oct/2013:20:19:58 +0200] "GET /seiten/produkte.htm HTTP/1.1" 200 9105 "-" "Mozilla/5.0 (compatible; Dataprovider Site Explorer; http://www.dataprovider.com/)"
82.192.74.245 - - [06/Oct/2013:20:20:02 +0200] "GET /seiten/databund.html HTTP/1.1" 200 9125 "-" "Mozilla/5.0 (compatible; Dataprovider Site Explorer; http://www.dataprovider.com/)"
82.192.74.245 - - [06/Oct/2013:20:20:05 +0200] "GET /seiten/partner.htm HTTP/1.1" 200 9458 "-" "Mozilla/5.0 (compatible; Dataprovider Site Explorer; http://www.dataprovider.com/)"
82.192.74.245 - - [06/Oct/2013:20:20:08 +0200] "GET /seiten/referenzen.htm HTTP/1.1" 200 40249 "-" "Mozilla/5.0 (compatible; Dataprovider Site Explorer; http://www.dataprovider.com/)"
82.192.74.245 - - [06/Oct/2013:20:20:16 +0200] "GET /seiten/fahrlehrerwesen.htm HTTP/1.1" 200 7168 "-" "Mozilla/5.0 (compatible; Dataprovider Site Explorer; http://www.dataprovider.com/)"
82.192.74.245 - - [06/Oct/2013:20:20:19 +0200] "GET /seiten/fsw.htm HTTP/1.1" 200 9961 "-" "Mozilla/5.0 (compatible; Dataprovider Site Explorer; http://www.dataprovider.com/)"
82.192.74.245 - - [06/Oct/2013:20:20:23 +0200] "GET /seiten/kraftverkehr.htm HTTP/1.1" 200 9210 "-" "Mozilla/5.0 (compatible; Dataprovider Site Explorer; http://www.dataprovider.com/)"
82.192.74.245 - - [06/Oct/2013:20:20:26 +0200] "GET /seiten/kontroll.htm HTTP/1.1" 200 6599 "-" "Mozilla/5.0 (compatible; Dataprovider Site Explorer; http://www.dataprovider.com/)"
66.249.78.242 - - [06/Oct/2013:20:29:26 +0200] "GET /css/style.css HTTP/1.1" 200 3549 "-" "Mozilla/5.0 (compatible; Googlebot/2.1; +http://www.google.com/bot.html)"
66.249.78.242 - - [06/Oct/2013:20:33:22 +0200] "GET /seiten/produkte.htm HTTP/1.1" 304 - "-" "Mozilla/5.0 (compatible; Googlebot/2.1; +http://www.google.com/bot.html)"
178.77.126.55 - - [06/Oct/2013:20:46:27 +0200] "GET /robots.txt HTTP/1.1" 404 1256 "-" "Mozilla/5.0 (compatible; CareerBot/1.1; +http://www.career-x.de/bot.html)"
178.77.126.55 - - [06/Oct/2013:20:46:27 +0200] "GET / HTTP/1.1" 200 7903 "-" "Mozilla/5.0 (compatible; CareerBot/1.1; +http://www.career-x.de/bot.html)"
208.115.113.87 - - [06/Oct/2013:21:09:51 +0200] "GET /robots.txt HTTP/1.1" 404 1256 "-" "Mozilla/5.0 (compatible; Ezooms/1.0; ezooms.bot@gmail.com)"
157.55.32.114 - - [06/Oct/2013:21:13:10 +0200] "GET /robots.txt HTTP/1.1" 404 1256 "-" "Mozilla/5.0 (compatible; bingbot/2.0; +http://www.bing.com/bingbot.htm)"
157.55.32.114 - - [06/Oct/2013:21:13:45 +0200] "GET / HTTP/1.1" 200 7903 "-" "Mozilla/5.0 (compatible; bingbot/2.0; +http://www.bing.com/bingbot.htm)"
66.249.78.242 - - [06/Oct/2013:22:19:32 +0200] "GET /seiten/term13.pdf HTTP/1.1" 304 - "-" "Mozilla/5.0 (compatible; Googlebot/2.1; +http://www.google.com/bot.html)"
123.125.71.58 - - [06/Oct/2013:22:26:58 +0200] "GET / HTTP/1.1" 200 7903 "-" "Mozilla/5.0 (compatible; Baiduspider/2.0; +http://www.baidu.com/search/spider.html)"
220.181.108.102 - - [06/Oct/2013:22:26:58 +0200] "GET / HTTP/1.1" 200 7903 "-" "Mozilla/5.0 (compatible; Baiduspider/2.0; +http://www.baidu.com/search/spider.html)"
66.249.78.242 - - [06/Oct/2013:23:05:42 +0200] "GET /seiten/fsw.htm HTTP/1.1" 304 - "-" "Mozilla/5.0 (compatible; Googlebot/2.1; +http://www.google.com/bot.html)"
208.115.113.87 - - [06/Oct/2013:23:19:14 +0200] "GET /seiten/intern/Content-Length:%200 HTTP/1.1" 404 1256 "-" "Mozilla/5.0 (compatible; Ezooms/1.0; ezooms.bot@gmail.com)"
66.249.78.242 - - [06/Oct/2013:23:47:15 +0200] "GET /seiten/impr.htm HTTP/1.1" 304 - "-" "Mozilla/5.0 (compatible; Googlebot/2.1; +http://www.google.com/bot.html)"
141.8.147.12 - - [06/Oct/2013:23:56:04 +0200] "GET /robots.txt HTTP/1.1" 404 1256 "-" "Mozilla/5.0 (compatible; YandexBot/3.0; +http://yandex.com/bots)"
199.189.87.130 - - [07/Oct/2013:00:07:38 +0200] "GET /seiten/kontakt.php HTTP/1.1" 200 12788 "-" "Mozilla/4.0 (compatible; MSIE 6.0; Windows 98; Win 9x4.90)"
208.115.113.84 - - [07/Oct/2013:00:20:40 +0200] "GET /robots.txt HTTP/1.1" 404 1256 "-" "Mozilla/5.0 (compatible; Ezooms/1.0; ezooms.bot@gmail.com)"
80.190.97.212 - - [07/Oct/2013:00:41:42 +0200] "GET / HTTP/1.1" 200 7903 "-" "Mozilla/5.0 (X11; U; FreeBSD i386; en-US; rv:1.9.1.12) Gecko/20100912 Firefox/3.5.12"
66.249.78.242 - - [07/Oct/2013:00:42:38 +0200] "GET /seiten/service.htm HTTP/1.1" 304 - "-" "Mozilla/5.0 (compatible; Googlebot/2.1; +http://www.google.com/bot.html)"
80.190.97.212 - - [07/Oct/2013:01:23:30 +0200] "GET / HTTP/1.1" 200 7903 "-" "Mozilla/5.0 (X11; U; FreeBSD i386; en-US; rv:1.9.1.12) Gecko/20100912 Firefox/3.5.12"
5.10.83.79 - - [07/Oct/2013:01:31:31 +0200] "GET /seiten/produkte.htm HTTP/1.1" 200 9105 "-" "Mozilla/5.0 (compatible; AhrefsBot/5.0; +http://ahrefs.com/robot/)"
5.10.83.30 - - [07/Oct/2013:01:54:28 +0200] "GET /seiten/fsw.htm HTTP/1.1" 200 9961 "-" "Mozilla/5.0 (compatible; AhrefsBot/5.0; +http://ahrefs.com/robot/)"
208.115.113.84 - - [07/Oct/2013:02:07:15 +0200] "GET /seiten/referenzen.htm HTTP/1.1" 200 40249 "-" "Mozilla/5.0 (compatible; Ezooms/1.0; ezooms.bot@gmail.com)"
80.190.97.212 - - [07/Oct/2013:02:08:00 +0200] "GET / HTTP/1.1" 200 7903 "-" "Mozilla/5.0 (X11; U; FreeBSD i386; en-US; rv:1.9.1.12) Gecko/20100912 Firefox/3.5.12"
80.190.97.212 - - [07/Oct/2013:02:48:40 +0200] "GET / HTTP/1.1" 200 7903 "-" "Mozilla/5.0 (X11; U; FreeBSD i386; en-US; rv:1.9.1.12) Gecko/20100912 Firefox/3.5.12"
66.249.78.242 - - [07/Oct/2013:02:56:30 +0200] "GET / HTTP/1.1" 304 - "-" "Mozilla/5.0 (compatible; Googlebot/2.1; +http://www.google.com/bot.html)"
208.115.111.72 - - [07/Oct/2013:03:09:34 +0200] "GET /robots.txt HTTP/1.1" 404 1256 "-" "Mozilla/5.0 (compatible; Ezooms/1.0; ezooms.bot@gmail.com)"
66.249.78.242 - - [07/Oct/2013:03:24:12 +0200] "GET /seiten/kontakt.php HTTP/1.1" 200 12788 "-" "Mozilla/5.0 (compatible; Googlebot/2.1; +http://www.google.com/bot.html)"
220.181.108.92 - - [07/Oct/2013:03:27:02 +0200] "GET / HTTP/1.1" 200 7903 "-" "Mozilla/5.0 (compatible; Baiduspider/2.0; +http://www.baidu.com/search/spider.html)"
123.125.71.15 - - [07/Oct/2013:03:27:02 +0200] "GET / HTTP/1.1" 200 7903 "-" "Mozilla/5.0 (compatible; Baiduspider/2.0; +http://www.baidu.com/search/spider.html)"
66.249.78.242 - - [07/Oct/2013:04:42:03 +0200] "GET /seiten/kontroll.htm HTTP/1.1" 200 6599 "-" "Mozilla/5.0 (compatible; Googlebot/2.1; +http://www.google.com/bot.html)"
208.115.111.72 - - [07/Oct/2013:04:46:25 +0200] "GET /seiten/kontroll.htm HTTP/1.1" 200 6599 "-" "Mozilla/5.0 (compatible; Ezooms/1.0; ezooms.bot@gmail.com)"
