66.249.72.243 - - [01/Oct/2011:00:18:20 +0200] "GET /Anfahrt/Bilder/ANFAHRTWaren_02.gif HTTP/1.1" 200 13600 "-" "Googlebot-Image/1.0"
66.249.72.243 - - [01/Oct/2011:00:34:29 +0200] "GET /Anfahrt/Bilder/ANFAHRTWaren_01.gif HTTP/1.1" 200 7513 "-" "Googlebot-Image/1.0"
67.195.111.217 - - [01/Oct/2011:01:13:17 +0200] "GET /robots.txt HTTP/1.0" 404 1256 "-" "Mozilla/5.0 (compatible; Yahoo! Slurp; http://help.yahoo.com/help/us/ysearch/slurp)"
67.195.111.217 - - [01/Oct/2011:01:13:18 +0200] "GET /kontakt/kontakt%20polen.html HTTP/1.0" 200 10393 "-" "Mozilla/5.0 (compatible; Yahoo! Slurp; http://help.yahoo.com/help/us/ysearch/slurp)"
208.80.194.37 - - [01/Oct/2011:05:57:14 +0200] "GET / HTTP/1.0" 302 - "-" "Mozilla/4.0 (compatible; MSIE 6.0; America Online Browser 1.1; Windows NT 5.1; {91A7AA5A-1A57-89A7-FC75-456E4CA6626F}; .NET CLR 1.1.4322)"
207.46.204.234 - - [01/Oct/2011:08:06:51 +0200] "GET /robots.txt HTTP/1.1" 404 1256 "-" "Mozilla/5.0 (compatible; bingbot/2.0; +http://www.bing.com/bingbot.htm)"
207.46.204.234 - - [01/Oct/2011:08:07:35 +0200] "GET / HTTP/1.1" 302 - "-" "Mozilla/5.0 (compatible; bingbot/2.0; +http://www.bing.com/bingbot.htm)"
207.46.204.234 - - [01/Oct/2011:08:35:05 +0200] "GET /kontakt/kontakt+.html HTTP/1.1" 304 - "-" "Mozilla/5.0 (compatible; bingbot/2.0; +http://www.bing.com/bingbot.htm)"
188.138.32.13 - - [01/Oct/2011:16:21:11 +0200] "GET / HTTP/1.1" 302 - "http://www.stadtportal-berlin.de/goto/746" "Mozilla/5.0 (X11; U; Linux i686; de; rv:1.9.0.1; compatible; iCjobs Stellenangebote Jobs; http://www.icjobs.de) Gecko/20100401 iCjobs/3.2.3"
67.195.111.217 - - [01/Oct/2011:18:21:44 +0200] "GET /robots.txt HTTP/1.0" 404 1256 "-" "Mozilla/5.0 (compatible; Yahoo! Slurp; http://help.yahoo.com/help/us/ysearch/slurp)"
67.195.111.217 - - [01/Oct/2011:18:21:46 +0200] "GET /Anfahrt/anfahrtpolen.html HTTP/1.0" 200 3753 "-" "Mozilla/5.0 (compatible; Yahoo! Slurp; http://help.yahoo.com/help/us/ysearch/slurp)"
87.185.162.179 - - [01/Oct/2011:19:09:31 +0200] "GET / HTTP/1.1" 302 - "http://www.google.de/url?sa=t&source=web&cd=1&ved=0CGYQoAIwAA&url=http%3A%2F%2Fwww.personal-dienstleistung.de%2F&rct=j&q=Stellenangebote%20in%2012683%20Berlin&ei=PEmHTvj9E4O20QWt2dDoDw&usg=AFQjCNGG8qIxAIusv-vnrtTv4JmZ2Fyhmw" "Mozilla/5.0 (Windows NT 5.1; rv:2.0) Gecko/20100101 Firefox/4.0"
77.248.136.252 - - [01/Oct/2011:19:30:12 +0200] "GET /robots.txt HTTP/1.0" 404 1256 "-" "Mozilla/5.0 (compatible; MJ12bot/v1.4.0; http://www.majestic12.co.uk/bot.php?+)"
77.248.136.252 - - [01/Oct/2011:19:30:21 +0200] "GET / HTTP/1.0" 302 - "-" "Mozilla/5.0 (compatible; MJ12bot/v1.4.0; http://www.majestic12.co.uk/bot.php?+)"
67.195.111.217 - - [01/Oct/2011:20:38:28 +0200] "GET /linksAll.html HTTP/1.0" 200 8990 "-" "Mozilla/5.0 (compatible; Yahoo! Slurp; http://help.yahoo.com/help/us/ysearch/slurp)"
66.249.72.243 - - [01/Oct/2011:20:41:10 +0200] "GET /robots.txt HTTP/1.1" 404 1256 "-" "Mozilla/5.0 (compatible; Googlebot/2.1; +http://www.google.com/bot.html)"
66.249.72.243 - - [01/Oct/2011:20:41:10 +0200] "GET /Anfahrt/anfahrtHannover2.html HTTP/1.1" 200 14481 "-" "Mozilla/5.0 (compatible; Googlebot/2.1; +http://www.google.com/bot.html)"
66.249.72.243 - - [01/Oct/2011:20:56:10 +0200] "GET /Anfahrt/Bilder/Laden.jpg HTTP/1.1" 200 37494 "-" "Googlebot-Image/1.0"
66.249.72.243 - - [01/Oct/2011:21:10:43 +0200] "GET /Anfahrt/Bilder/ANFAHRTHan2.jpg HTTP/1.1" 200 78190 "-" "Googlebot-Image/1.0"
66.249.72.243 - - [01/Oct/2011:21:15:20 +0200] "GET /Anfahrt/index.html HTTP/1.1" 404 1256 "-" "Mozilla/5.0 (compatible; Googlebot/2.1; +http://www.google.com/bot.html)"
66.249.72.243 - - [01/Oct/2011:21:16:44 +0200] "GET /Anfahrt/partner.html HTTP/1.1" 404 1256 "-" "Mozilla/5.0 (compatible; Googlebot/2.1; +http://www.google.com/bot.html)"
66.249.72.243 - - [01/Oct/2011:21:18:46 +0200] "GET /Anfahrt/kontakt+.html HTTP/1.1" 404 1256 "-" "Mozilla/5.0 (compatible; Googlebot/2.1; +http://www.google.com/bot.html)"
66.249.72.243 - - [01/Oct/2011:21:22:58 +0200] "GET /Anfahrt/impressum.html HTTP/1.1" 404 1256 "-" "Mozilla/5.0 (compatible; Googlebot/2.1; +http://www.google.com/bot.html)"
66.249.72.243 - - [01/Oct/2011:21:27:09 +0200] "GET /Anfahrt/referenzen.html HTTP/1.1" 404 1256 "-" "Mozilla/5.0 (compatible; Googlebot/2.1; +http://www.google.com/bot.html)"
66.249.72.243 - - [01/Oct/2011:21:33:27 +0200] "GET /Anfahrt/home/seite1.html HTTP/1.1" 404 1256 "-" "Mozilla/5.0 (compatible; Googlebot/2.1; +http://www.google.com/bot.html)"
66.249.72.243 - - [01/Oct/2011:21:35:33 +0200] "GET /Anfahrt/kompetenz/seite1.html HTTP/1.1" 404 1256 "-" "Mozilla/5.0 (compatible; Googlebot/2.1; +http://www.google.com/bot.html)"
66.249.72.243 - - [01/Oct/2011:21:37:39 +0200] "GET /Anfahrt/fuer%20bewerber/seite1.html HTTP/1.1" 404 1256 "-" "Mozilla/5.0 (compatible; Googlebot/2.1; +http://www.google.com/bot.html)"
66.249.72.243 - - [01/Oct/2011:21:43:57 +0200] "GET /Anfahrt/fuer%20unternehmen/seite1.html HTTP/1.1" 404 1256 "-" "Mozilla/5.0 (compatible; Googlebot/2.1; +http://www.google.com/bot.html)"
77.188.7.80 - - [01/Oct/2011:22:35:56 +0200] "GET / HTTP/1.1" 302 - "http://www.stepstone.de/stellenangebote--Mitarbeiter-Auftragsannahme-und-Kundenbetreuung-m-w-Berlin-K-K-GmbH--1907514-inline.html?cid=Banner_Criteo_jobfeed" "Mozilla/4.0 (compatible; MSIE 8.0; Windows NT 5.1; Trident/4.0; BTRS26718; SIMBAR={C38642F1-166C-11E0-B8F1-001060950DF3}; GTB7.1; OfficeLiveConnector.1.4; OfficeLivePatch.1.3)"
207.46.204.234 - - [01/Oct/2011:22:44:03 +0200] "GET /robots.txt HTTP/1.1" 404 1256 "-" "Mozilla/5.0 (compatible; bingbot/2.0; +http://www.bing.com/bingbot.htm)"
207.46.204.234 - - [01/Oct/2011:22:44:35 +0200] "GET / HTTP/1.1" 302 - "-" "Mozilla/5.0 (compatible; bingbot/2.0; +http://www.bing.com/bingbot.htm)"
67.195.111.217 - - [01/Oct/2011:23:12:30 +0200] "GET /robots.txt HTTP/1.0" 404 1256 "-" "Mozilla/5.0 (compatible; Yahoo! Slurp; http://help.yahoo.com/help/us/ysearch/slurp)"
67.195.111.217 - - [01/Oct/2011:23:12:30 +0200] "GET /refall.html HTTP/1.0" 200 10444 "-" "Mozilla/5.0 (compatible; Yahoo! Slurp; http://help.yahoo.com/help/us/ysearch/slurp)"
67.195.111.217 - - [01/Oct/2011:23:12:32 +0200] "GET /referenzen.html HTTP/1.0" 200 6836 "http://www.personal-dienstleistung.de/refall.html" "Mozilla/5.0 (compatible; Yahoo! Slurp; http://help.yahoo.com/help/us/ysearch/slurp)"
188.165.195.156 - - [02/Oct/2011:00:39:31 +0200] "HEAD / HTTP/1.1" 302 - "-" "Mozilla/4.0 (compatible; MSIE 5.01; Windows NT 5.0)"
207.46.204.234 - - [02/Oct/2011:01:05:39 +0200] "GET /robots.txt HTTP/1.1" 404 1256 "-" "Mozilla/5.0 (compatible; bingbot/2.0; +http://www.bing.com/bingbot.htm)"
207.46.204.234 - - [02/Oct/2011:01:07:02 +0200] "GET /impressuminframe.html HTTP/1.1" 304 - "-" "Mozilla/5.0 (compatible; bingbot/2.0; +http://www.bing.com/bingbot.htm)"
207.46.204.234 - - [02/Oct/2011:01:27:32 +0200] "GET / HTTP/1.1" 302 - "-" "Mozilla/5.0 (compatible; bingbot/2.0; +http://www.bing.com/bingbot.htm)"
93.159.111.103 - - [02/Oct/2011:02:00:50 +0200] "GET /robots.txt HTTP/1.1" 404 1256 "-" "Mozilla/5.0 (compatible; suggybot v0.01a, http://blog.suggy.com/was-ist-suggy/suggy-webcrawler/)"
67.195.111.217 - - [02/Oct/2011:02:55:58 +0200] "GET / HTTP/1.0" 302 - "-" "Mozilla/5.0 (compatible; Yahoo! Slurp; http://help.yahoo.com/help/us/ysearch/slurp)"
207.46.204.234 - - [02/Oct/2011:03:52:37 +0200] "GET /robots.txt HTTP/1.1" 404 1256 "-" "Mozilla/5.0 (compatible; bingbot/2.0; +http://www.bing.com/bingbot.htm)"
207.46.204.234 - - [02/Oct/2011:03:53:35 +0200] "GET /kontakt/kontakt%20waren.html HTTP/1.1" 304 - "-" "Mozilla/5.0 (compatible; bingbot/2.0; +http://www.bing.com/bingbot.htm)"
85.25.71.15 - - [02/Oct/2011:04:05:50 +0200] "GET / HTTP/1.1" 302 - "-" "Mozilla/5.0 (X11; U; Linux i686; en-US; rv:1.9.0.1) Gecko/2008070206 Firefox/3.0.1"
67.195.111.217 - - [02/Oct/2011:04:12:22 +0200] "GET /Erlaubnis.pdf HTTP/1.0" 200 118510 "-" "Mozilla/5.0 (compatible; Yahoo! Slurp; http://help.yahoo.com/help/us/ysearch/slurp)"
207.46.204.234 - - [02/Oct/2011:04:13:31 +0200] "GET /news/presse.html HTTP/1.1" 404 1256 "-" "Mozilla/5.0 (compatible; bingbot/2.0; +http://www.bing.com/bingbot.htm)"
173.242.125.191 - - [02/Oct/2011:04:41:42 +0200] "GET /robots.txt HTTP/1.0" 404 1256 "-" "Mozilla/5.0 (compatible; MJ12bot/v1.4.0; http://www.majestic12.co.uk/bot.php?+)"
173.242.125.191 - - [02/Oct/2011:04:41:44 +0200] "GET / HTTP/1.0" 302 - "-" "Mozilla/5.0 (compatible; MJ12bot/v1.4.0; http://www.majestic12.co.uk/bot.php?+)"
93.219.174.33 - - [02/Oct/2011:04:41:51 +0200] "GET / HTTP/1.1" 302 - "-" "Mozilla/5.0 (Windows; U; Windows NT 6.0; de; rv:1.9.2.3) Gecko/20100401 Firefox/3.6.3 ( .NET CLR 3.5.30729)"
67.195.111.217 - - [02/Oct/2011:05:15:17 +0200] "GET /Anfahrt/anfahrtwaren.html HTTP/1.0" 200 3404 "-" "Mozilla/5.0 (compatible; Yahoo! Slurp; http://help.yahoo.com/help/us/ysearch/slurp)"
67.195.111.217 - - [02/Oct/2011:07:21:56 +0200] "GET /referenzen.html HTTP/1.0" 304 - "-" "Mozilla/5.0 (compatible; Yahoo! Slurp; http://help.yahoo.com/help/us/ysearch/slurp)"
207.46.204.234 - - [02/Oct/2011:08:51:23 +0200] "GET /robots.txt HTTP/1.1" 404 1256 "-" "Mozilla/5.0 (compatible; bingbot/2.0; +http://www.bing.com/bingbot.htm)"
207.46.204.234 - - [02/Oct/2011:08:52:05 +0200] "GET /kompetenz/personalleasing.html HTTP/1.1" 304 - "-" "Mozilla/5.0 (compatible; bingbot/2.0; +http://www.bing.com/bingbot.htm)"
85.178.139.162 - - [02/Oct/2011:10:25:44 +0200] "GET / HTTP/1.1" 302 - "http://www.jobpoint-berlin.de/jobboerse/details.php?kennziffer=100427" "Opera/9.80 (Windows NT 6.1; U; en) Presto/2.9.168 Version/11.51"
91.65.15.103 - - [02/Oct/2011:11:17:06 +0200] "GET / HTTP/1.1" 302 - "-" "Mozilla/5.0 (Windows NT 6.1; WOW64; rv:6.0.2) Gecko/20100101 Firefox/6.0.2"
217.231.187.186 - - [02/Oct/2011:12:18:24 +0200] "GET / HTTP/1.1" 302 - "-" "Mozilla/5.0 (Windows NT 5.1; rv:6.0.2) Gecko/20100101 Firefox/6.0.2"
217.231.187.186 - - [02/Oct/2011:12:18:56 +0200] "GET / HTTP/1.1" 302 - "-" "Mozilla/5.0 (Windows NT 5.1; rv:6.0.2) Gecko/20100101 Firefox/6.0.2"
79.193.146.60 - - [02/Oct/2011:12:19:47 +0200] "GET / HTTP/1.1" 302 - "-" "Mozilla/5.0 (Macintosh; Intel Mac OS X 10_6_8) AppleWebKit/534.50 (KHTML, like Gecko) Version/5.1 Safari/534.50"
208.80.194.28 - - [02/Oct/2011:12:46:06 +0200] "GET / HTTP/1.0" 302 - "-" "Mozilla/4.0 (compatible; MSIE 6.0; Windows NT 5.1; Ringo)"
95.108.151.244 - - [02/Oct/2011:12:47:18 +0200] "GET /robots.txt HTTP/1.1" 404 1256 "-" "Mozilla/5.0 (compatible; YandexBot/3.0; +http://yandex.com/bots)"
95.108.151.244 - - [02/Oct/2011:12:47:19 +0200] "GET / HTTP/1.1" 302 - "-" "Mozilla/5.0 (compatible; YandexBot/3.0; +http://yandex.com/bots)"
85.214.75.94 - - [02/Oct/2011:13:11:49 +0200] "HEAD / HTTP/1.1" 302 - "http://www.eurip.com" "EuripBot/1.1 (+http://www.eurip.com) PreCheck"
85.214.75.94 - - [02/Oct/2011:13:36:36 +0200] "HEAD / HTTP/1.1" 302 - "http://www.eurip.com" "EuripBot/1.1 (+http://www.eurip.com) PreCheck"
79.193.146.60 - - [02/Oct/2011:13:58:17 +0200] "GET / HTTP/1.1" 302 - "-" "Mozilla/5.0 (Macintosh; Intel Mac OS X 10_6_8) AppleWebKit/534.50 (KHTML, like Gecko) Version/5.1 Safari/534.50"
109.45.0.6 - - [02/Oct/2011:14:31:26 +0200] "GET / HTTP/1.1" 302 - "http://www.osc-berlin-eisladies.de/eisladies/" "Mozilla/5.0 (iPhone; U; CPU iPhone OS 4_3_5 like Mac OS X; de-de) AppleWebKit/533.17.9 (KHTML, like Gecko) Version/5.0.2 Mobile/8L1 Safari/6533.18.5"
79.193.146.60 - - [02/Oct/2011:15:03:08 +0200] "GET / HTTP/1.1" 302 - "-" "Mozilla/5.0 (Macintosh; Intel Mac OS X 10_6_8) AppleWebKit/534.50 (KHTML, like Gecko) Version/5.1 Safari/534.50"
213.239.206.149 - - [02/Oct/2011:15:50:36 +0200] "GET /kontakt/kontakt%20berlin.html HTTP/1.1" 200 15986 "-" "Mozilla/5.0 (X11; Linux i686; rv:6.0) Gecko/20100101 Firefox/6.0"
91.65.15.103 - - [02/Oct/2011:16:11:45 +0200] "GET / HTTP/1.1" 302 - "-" "Mozilla/5.0 (Windows NT 6.1; WOW64; rv:6.0.2) Gecko/20100101 Firefox/6.0.2"
67.195.111.217 - - [02/Oct/2011:16:18:54 +0200] "GET /robots.txt HTTP/1.0" 404 1256 "-" "Mozilla/5.0 (compatible; Yahoo! Slurp; http://help.yahoo.com/help/us/ysearch/slurp)"
67.195.111.217 - - [02/Oct/2011:16:18:55 +0200] "GET /kontakt/kontakt%20waren.html HTTP/1.0" 200 8546 "-" "Mozilla/5.0 (compatible; Yahoo! Slurp; http://help.yahoo.com/help/us/ysearch/slurp)"
219.142.53.11 - - [02/Oct/2011:18:33:43 +0200] "GET /robots.txt HTTP/1.0" 404 1256 "-" "librabot/2.0 (+http://academic.research.microsoft.com/)"
219.142.53.15 - - [02/Oct/2011:18:33:45 +0200] "GET /Anfahrt/Bilder/anfahrtwaren.pdf HTTP/1.0" 200 1304447 "-" "librabot/2.0 (+http://academic.research.microsoft.com/)"
66.249.72.243 - - [02/Oct/2011:18:38:59 +0200] "GET /robots.txt HTTP/1.1" 404 1256 "-" "Mozilla/5.0 (compatible; Googlebot/2.1; +http://www.google.com/bot.html)"
66.249.72.243 - - [02/Oct/2011:18:39:00 +0200] "GET /Isozertifikat.pdf HTTP/1.1" 304 - "-" "Mozilla/5.0 (compatible; Googlebot/2.1; +http://www.google.com/bot.html)"
219.142.53.18 - - [02/Oct/2011:18:36:33 +0200] "GET /Anfahrt/Bilder/anfahrtwaren.pdf HTTP/1.0" 200 1304447 "-" "librabot/2.0 (+http://academic.research.microsoft.com/)"
66.249.66.217 - - [02/Oct/2011:18:42:14 +0200] "GET /kompetenz/Hotelservicedienstl.html HTTP/1.1" 304 - "-" "Mozilla/5.0 (compatible; Googlebot/2.1; +http://www.google.com/bot.html)"
180.76.5.25 - - [02/Oct/2011:19:21:57 +0200] "GET /robots.txt HTTP/1.1" 404 1256 "-" "Baiduspider+(+http://www.baidu.com/search/spider.htm)"
67.195.111.217 - - [02/Oct/2011:20:01:13 +0200] "GET /Anfahrt/anfahrt+.html HTTP/1.0" 200 3893 "-" "Mozilla/5.0 (compatible; Yahoo! Slurp; http://help.yahoo.com/help/us/ysearch/slurp)"
46.137.35.14 - - [02/Oct/2011:20:31:36 +0200] "GET / HTTP/1.1" 302 - "-" "Mozilla/5.0 (Windows NT 6.1; WOW64; rv:6.0) Gecko/20100101 Firefox/6.0"
94.223.117.131 - - [02/Oct/2011:21:09:19 +0200] "GET / HTTP/1.1" 302 - "http://www.jobpoint-berlin.de/jobboerse/details.php?kennziffer=100427" "Mozilla/5.0 (Windows NT 6.1; rv:5.0) Gecko/20100101 Firefox/5.0"
79.193.146.60 - - [03/Oct/2011:00:02:00 +0200] "GET / HTTP/1.1" 302 - "-" "Mozilla/5.0 (Macintosh; Intel Mac OS X 10_6_8) AppleWebKit/534.50 (KHTML, like Gecko) Version/5.1 Safari/534.50"
84.61.121.152 - - [03/Oct/2011:00:03:06 +0200] "GET /robots.txt HTTP/1.0" 404 1256 "-" "Mozilla/5.0 (compatible; MJ12bot/v1.4.0; http://www.majestic12.co.uk/bot.php?+)"
84.61.121.152 - - [03/Oct/2011:00:03:07 +0200] "GET / HTTP/1.0" 302 - "-" "Mozilla/5.0 (compatible; MJ12bot/v1.4.0; http://www.majestic12.co.uk/bot.php?+)"
178.63.77.6 - - [03/Oct/2011:02:07:02 +0200] "GET / HTTP/1.0" 302 - "-" "-"
178.63.77.6 - - [03/Oct/2011:02:07:03 +0200] "GET / HTTP/1.0" 302 - "-" "-"
178.63.77.6 - - [03/Oct/2011:02:07:04 +0200] "GET / HTTP/1.0" 302 - "-" "-"
178.63.77.6 - - [03/Oct/2011:02:07:04 +0200] "GET / HTTP/1.1" 302 - "-" "Mozilla/5.0 (X11; U; Linux x86_64; C) AppleWebKit/533.3 (KHTML, like Gecko) Qt/4.7.1 Safari/533.3"
67.195.111.217 - - [03/Oct/2011:02:17:23 +0200] "GET /robots.txt HTTP/1.0" 404 1256 "-" "Mozilla/5.0 (compatible; Yahoo! Slurp; http://help.yahoo.com/help/us/ysearch/slurp)"
67.195.111.217 - - [03/Oct/2011:02:17:23 +0200] "GET / HTTP/1.0" 302 - "-" "Mozilla/5.0 (compatible; Yahoo! Slurp; http://help.yahoo.com/help/us/ysearch/slurp)"
207.46.204.234 - - [03/Oct/2011:06:00:35 +0200] "GET /robots.txt HTTP/1.1" 404 1256 "-" "Mozilla/5.0 (compatible; bingbot/2.0; +http://www.bing.com/bingbot.htm)"
207.46.204.234 - - [03/Oct/2011:06:01:41 +0200] "GET / HTTP/1.1" 302 - "-" "Mozilla/5.0 (compatible; bingbot/2.0; +http://www.bing.com/bingbot.htm)"
67.195.111.217 - - [03/Oct/2011:06:08:17 +0200] "GET /Isozertifikat.pdf HTTP/1.0" 200 236893 "-" "Mozilla/5.0 (compatible; Yahoo! Slurp; http://help.yahoo.com/help/us/ysearch/slurp)"
88.131.106.7 - - [03/Oct/2011:09:28:50 +0200] "GET /robots.txt HTTP/1.0" 404 1256 "-" "Mozilla/5.0 (Windows; U; Windows NT 5.1; en-US) Speedy Spider (http://www.entireweb.com/about/search_tech/speedy_spider/)"
88.131.106.6 - - [03/Oct/2011:09:28:50 +0200] "GET /referenz/referenzenberl.html HTTP/1.0" 200 3591 "-" "Mozilla/5.0 (Windows; U; Windows NT 5.1; en-US) Speedy Spider (http://www.entireweb.com/about/search_tech/speedy_spider/)"
89.247.59.144 - - [03/Oct/2011:10:28:48 +0200] "GET / HTTP/1.1" 302 - "http://jobs.meinestadt.de/x/job.php/jobid=10207294" "Mozilla/5.0 (compatible; MSIE 9.0; Windows NT 6.1; Trident/5.0; tb-webde/1.6.5; (webde/1.0.0.8))"
89.247.59.144 - - [03/Oct/2011:10:30:39 +0200] "GET / HTTP/1.1" 302 - "http://jobs.meinestadt.de/x/job.php/jobid=10207294" "Mozilla/5.0 (compatible; MSIE 9.0; Windows NT 6.1; Trident/5.0; tb-webde/1.6.5; (webde/1.0.0.8))"
78.46.69.230 - - [03/Oct/2011:10:34:34 +0200] "GET /robots.txt HTTP/1.1" 404 1256 "-" "Mozilla/5.0 (compatible; MSIE 9.0; Windows NT 6.1; Trident/5.0)"
84.185.247.169 - - [03/Oct/2011:10:49:12 +0200] "GET / HTTP/1.1" 302 - "-" "Mozilla/5.0 (Windows; U; Windows NT 6.1; de; rv:1.9.2.23) Gecko/20110920 Firefox/3.6.23"
79.193.136.163 - - [03/Oct/2011:12:26:58 +0200] "GET / HTTP/1.1" 302 - "-" "Mozilla/5.0 (Macintosh; Intel Mac OS X 10_6_8) AppleWebKit/534.50 (KHTML, like Gecko) Version/5.1 Safari/534.50"
82.165.37.69 - - [03/Oct/2011:13:11:53 +0200] "GET / HTTP/1.0" 302 - "http://horoskope-club.blogspot.com//" "Mozilla/5.0 (compatible; IPTCBOT;"
79.193.136.163 - - [03/Oct/2011:13:57:58 +0200] "GET / HTTP/1.1" 302 - "-" "Mozilla/5.0 (Macintosh; Intel Mac OS X 10_6_8) AppleWebKit/534.50 (KHTML, like Gecko) Version/5.1 Safari/534.50"
149.172.153.222 - - [03/Oct/2011:14:52:39 +0200] "GET / HTTP/1.1" 302 - "http://www.stepstone.de/stellenangebote--Mitarbeiter-Auftragsannahme-und-Kundenbetreuung-m-w-Berlin-K-K-GmbH--1907514-popup.html" "Mozilla/5.0 (Windows NT 6.1; WOW64) AppleWebKit/535.1 (KHTML, like Gecko) Chrome/14.0.835.187 Safari/535.1"
193.47.80.45 - - [03/Oct/2011:15:11:19 +0200] "GET /robots.txt HTTP/1.1" 404 1256 "-" "Mozilla/5.0 (compatible; Exabot/3.0; +http://www.exabot.com/go/robot)"
193.47.80.45 - - [03/Oct/2011:15:11:19 +0200] "GET / HTTP/1.1" 302 - "-" "Mozilla/5.0 (compatible; Exabot/3.0; +http://www.exabot.com/go/robot)"
207.46.194.138 - - [03/Oct/2011:16:41:06 +0200] "GET /robots.txt HTTP/1.1" 404 1256 "-" "msnbot-media/1.1 (+http://search.msn.com/msnbot.htm)"
207.46.194.138 - - [03/Oct/2011:16:41:06 +0200] "GET /kontakt/Bilder/Nancy_Schmidtke.jpg HTTP/1.1" 200 20589 "-" "msnbot-media/1.1 (+http://search.msn.com/msnbot.htm)"
207.46.194.138 - - [03/Oct/2011:16:41:07 +0200] "GET /kontakt/kontakt%20waren.html HTTP/1.1" 200 8546 "-" "msnbot-media/1.1 (+http://search.msn.com/msnbot.htm)"
207.46.204.234 - - [03/Oct/2011:17:37:05 +0200] "GET /robots.txt HTTP/1.1" 404 1256 "-" "Mozilla/5.0 (compatible; bingbot/2.0; +http://www.bing.com/bingbot.htm)"
207.46.204.234 - - [03/Oct/2011:17:38:01 +0200] "GET /Anfahrt/anfahrtberlin.html HTTP/1.1" 200 3572 "-" "Mozilla/5.0 (compatible; bingbot/2.0; +http://www.bing.com/bingbot.htm)"
217.234.51.39 - - [03/Oct/2011:18:22:09 +0200] "GET / HTTP/1.1" 302 - "http://jobboerse.arbeitsagentur.de/vamJB/stellenangeboteFinden.html?execution=e1s1&_eventId_detailView&benc=c3Udz1CAMHzjT8t8NyOG3oSkCxiCjzSNu1kevKrgMOGyp7u2%2BrGJCw%3D%3D&benc=51ZC4Zk3ay9BJVyrNdRKy31AGrVzIs31ZjpcJ8eSueeM3phuiB%2F4SuMRRPfY8vfL6bWcvY332Ls%3D&benc=2Pvx0ciP%2FochgEH8smXo1re4HZB%2BXvIs6yAEthr6FA05c58Xm18ZWH96z40Q1KisTG85NB5c%2FW9sjEF4Roj4%2B156r22pEChDreyaZxgw6oY%3D&benc=y534SKyfQHvTvSEr3RfFXvXPL3Xm%2BHjr2YfbXQ%2FzGxU9TIjClWbhWA%3D%3D" "Mozilla/5.0 (Windows NT 6.0; rv:6.0) Gecko/20100101 Firefox/6.0"
50.17.138.152 - - [03/Oct/2011:19:02:03 +0200] "GET /robots.txt HTTP/1.0" 404 1256 "-" "Covario-IDS/1.0 (Covario; http://www.covario.com/ids; support at covario dot com)"
50.17.138.152 - - [03/Oct/2011:19:02:03 +0200] "GET / HTTP/1.0" 302 - "-" "Covario-IDS/1.0 (Covario; http://www.covario.com/ids; support at covario dot com)"
88.131.106.5 - - [03/Oct/2011:19:04:42 +0200] "GET /robots.txt HTTP/1.0" 404 1256 "-" "Mozilla/5.0 (Windows; U; Windows NT 5.1; en-US) Speedy Spider (http://www.entireweb.com/about/search_tech/speedy_spider/)"
88.131.106.5 - - [03/Oct/2011:19:04:42 +0200] "GET /referenz/referenzenpolen.html HTTP/1.0" 200 1623 "-" "Mozilla/5.0 (Windows; U; Windows NT 5.1; en-US) Speedy Spider (http://www.entireweb.com/about/search_tech/speedy_spider/)"
74.125.78.83 - - [03/Oct/2011:20:28:16 +0200] "GET / HTTP/1.1" 302 - "-" "Mozilla/5.0 (X11; Linux x86_64) AppleWebKit/534.51 (KHTML, like Gecko; Google Web Preview) Chrome/12.0.742 Safari/534.51"
87.171.66.130 - - [03/Oct/2011:20:33:05 +0200] "GET / HTTP/1.1" 302 - "http://www.agentur-zeitarbeit.de/component/option,com_afz_category/id,96/subcat,257/" "Mozilla/5.0 (Windows NT 5.1; rv:6.0.2) Gecko/20100101 Firefox/6.0.2"
87.153.132.181 - - [03/Oct/2011:20:34:27 +0200] "GET / HTTP/1.1" 302 - "http://jobs.meinestadt.de/x/job.php/jobid=9359130" "Mozilla/5.0 (Windows; U; Windows NT 5.1; de; rv:1.9.1.3) Gecko/20090824 Firefox/3.5.3"
67.195.111.217 - - [03/Oct/2011:20:59:41 +0200] "GET /robots.txt HTTP/1.0" 404 1256 "-" "Mozilla/5.0 (compatible; Yahoo! Slurp; http://help.yahoo.com/help/us/ysearch/slurp)"
67.195.111.217 - - [03/Oct/2011:20:59:42 +0200] "GET /kompetenz/service.html HTTP/1.0" 200 4628 "-" "Mozilla/5.0 (compatible; Yahoo! Slurp; http://help.yahoo.com/help/us/ysearch/slurp)"
85.178.215.62 - - [03/Oct/2011:21:55:37 +0200] "GET / HTTP/1.1" 302 - "http://www.agentur-zeitarbeit.de/component/option,com_afz_category/id,96/subcat,142/" "Mozilla/5.0 (Windows NT 6.1; WOW64) AppleWebKit/535.2 (KHTML, like Gecko) Chrome/15.0.874.0 Safari/535.2"
69.64.58.110 - - [03/Oct/2011:22:16:26 +0200] "GET /muieblackcat HTTP/1.1" 404 1256 "-" "-"
69.64.58.110 - - [03/Oct/2011:22:16:29 +0200] "GET //scripts/setup.php HTTP/1.1" 404 1256 "-" "-"
69.64.58.110 - - [03/Oct/2011:22:16:33 +0200] "GET //admin/scripts/setup.php HTTP/1.1" 404 1256 "-" "-"
69.64.58.110 - - [03/Oct/2011:22:16:36 +0200] "GET //admin/pma/scripts/setup.php HTTP/1.1" 404 1256 "-" "-"
69.64.58.110 - - [03/Oct/2011:22:16:39 +0200] "GET //admin/phpmyadmin/scripts/setup.php HTTP/1.1" 404 1256 "-" "-"
69.64.58.110 - - [03/Oct/2011:22:16:42 +0200] "GET //db/scripts/setup.php HTTP/1.1" 404 1256 "-" "-"
69.64.58.110 - - [03/Oct/2011:22:16:46 +0200] "GET //dbadmin/scripts/setup.php HTTP/1.1" 404 1256 "-" "-"
69.64.58.110 - - [03/Oct/2011:22:16:49 +0200] "GET //myadmin/scripts/setup.php HTTP/1.1" 404 1256 "-" "-"
69.64.58.110 - - [03/Oct/2011:22:16:52 +0200] "GET //mysql/scripts/setup.php HTTP/1.1" 404 1256 "-" "-"
69.64.58.110 - - [03/Oct/2011:22:16:55 +0200] "GET //mysqladmin/scripts/setup.php HTTP/1.1" 404 1256 "-" "-"
69.64.58.110 - - [03/Oct/2011:22:16:59 +0200] "GET //typo3/phpmyadmin/scripts/setup.php HTTP/1.1" 404 1256 "-" "-"
69.64.58.110 - - [03/Oct/2011:22:17:02 +0200] "GET //phpadmin/scripts/setup.php HTTP/1.1" 404 1256 "-" "-"
69.64.58.110 - - [03/Oct/2011:22:17:05 +0200] "GET //phpMyAdmin/scripts/setup.php HTTP/1.1" 404 1256 "-" "-"
69.64.58.110 - - [03/Oct/2011:22:17:08 +0200] "GET //phpmyadmin/scripts/setup.php HTTP/1.1" 404 1256 "-" "-"
69.64.58.110 - - [03/Oct/2011:22:17:12 +0200] "GET //phpmyadmin1/scripts/setup.php HTTP/1.1" 404 1256 "-" "-"
69.64.58.110 - - [03/Oct/2011:22:17:15 +0200] "GET //phpmyadmin2/scripts/setup.php HTTP/1.1" 404 1256 "-" "-"
69.64.58.110 - - [03/Oct/2011:22:17:18 +0200] "GET //pma/scripts/setup.php HTTP/1.1" 404 1256 "-" "-"
69.64.58.110 - - [03/Oct/2011:22:17:21 +0200] "GET //web/phpMyAdmin/scripts/setup.php HTTP/1.1" 404 1256 "-" "-"
69.64.58.110 - - [03/Oct/2011:22:17:25 +0200] "GET //xampp/phpmyadmin/scripts/setup.php HTTP/1.1" 404 1256 "-" "-"
69.64.58.110 - - [03/Oct/2011:22:17:28 +0200] "GET //web/scripts/setup.php HTTP/1.1" 404 1256 "-" "-"
69.64.58.110 - - [03/Oct/2011:22:17:31 +0200] "GET //php-my-admin/scripts/setup.php HTTP/1.1" 404 1256 "-" "-"
69.64.58.110 - - [03/Oct/2011:22:17:34 +0200] "GET //websql/scripts/setup.php HTTP/1.1" 404 1256 "-" "-"
69.64.58.110 - - [03/Oct/2011:22:17:38 +0200] "GET //phpmyadmin/scripts/setup.php HTTP/1.1" 404 1256 "-" "-"
69.64.58.110 - - [03/Oct/2011:22:17:41 +0200] "GET //phpMyAdmin/scripts/setup.php HTTP/1.1" 404 1256 "-" "-"
69.64.58.110 - - [03/Oct/2011:22:17:44 +0200] "GET //phpMyAdmin-2/scripts/setup.php HTTP/1.1" 404 1256 "-" "-"
69.64.58.110 - - [03/Oct/2011:22:17:50 +0200] "GET //phpMyAdmin-2.2.3/scripts/setup.php HTTP/1.1" 404 1256 "-" "-"
69.64.58.110 - - [03/Oct/2011:22:17:53 +0200] "GET //phpMyAdmin-2.2.6/scripts/setup.php HTTP/1.1" 404 1256 "-" "-"
69.64.58.110 - - [03/Oct/2011:22:17:57 +0200] "GET //phpMyAdmin-2.5.1/scripts/setup.php HTTP/1.1" 404 1256 "-" "-"
69.64.58.110 - - [03/Oct/2011:22:18:00 +0200] "GET //phpMyAdmin-2.5.4/scripts/setup.php HTTP/1.1" 404 1256 "-" "-"
69.64.58.110 - - [03/Oct/2011:22:18:03 +0200] "GET //phpMyAdmin-2.5.5-rc1/scripts/setup.php HTTP/1.1" 404 1256 "-" "-"
69.64.58.110 - - [03/Oct/2011:22:18:06 +0200] "GET //phpMyAdmin-2.5.5-rc2/scripts/setup.php HTTP/1.1" 404 1256 "-" "-"
69.64.58.110 - - [03/Oct/2011:22:18:10 +0200] "GET //phpMyAdmin-2.5.5/scripts/setup.php HTTP/1.1" 404 1256 "-" "-"
69.64.58.110 - - [03/Oct/2011:22:18:13 +0200] "GET //phpMyAdmin-2.5.5-pl1/scripts/setup.php HTTP/1.1" 404 1256 "-" "-"
69.64.58.110 - - [03/Oct/2011:22:18:16 +0200] "GET //phpMyAdmin-2.5.6-rc1/scripts/setup.php HTTP/1.1" 404 1256 "-" "-"
69.64.58.110 - - [03/Oct/2011:22:18:19 +0200] "GET //phpMyAdmin-2.5.6-rc2/scripts/setup.php HTTP/1.1" 404 1256 "-" "-"
69.64.58.110 - - [03/Oct/2011:22:18:23 +0200] "GET //phpMyAdmin-2.5.6/scripts/setup.php HTTP/1.1" 404 1256 "-" "-"
69.64.58.110 - - [03/Oct/2011:22:18:26 +0200] "GET //phpMyAdmin-2.5.7/scripts/setup.php HTTP/1.1" 404 1256 "-" "-"
69.64.58.110 - - [03/Oct/2011:22:18:29 +0200] "GET //phpMyAdmin-2.5.7-pl1/scripts/setup.php HTTP/1.1" 404 1256 "-" "-"
69.64.58.110 - - [03/Oct/2011:22:18:29 +0200] "GET //phpMyAdmin-2.6.0-alpha/scripts/setup.php HTTP/1.1" 404 1256 "-" "-"
69.64.58.110 - - [03/Oct/2011:22:18:33 +0200] "GET //phpMyAdmin-2.6.0-alpha2/scripts/setup.php HTTP/1.1" 404 1256 "-" "-"
69.64.58.110 - - [03/Oct/2011:22:18:36 +0200] "GET //phpMyAdmin-2.6.0-beta1/scripts/setup.php HTTP/1.1" 404 1256 "-" "-"
69.64.58.110 - - [03/Oct/2011:22:18:39 +0200] "GET //phpMyAdmin-2.6.0-beta2/scripts/setup.php HTTP/1.1" 404 1256 "-" "-"
69.64.58.110 - - [03/Oct/2011:22:18:42 +0200] "GET //phpMyAdmin-2.6.0-rc1/scripts/setup.php HTTP/1.1" 404 1256 "-" "-"
69.64.58.110 - - [03/Oct/2011:22:18:46 +0200] "GET //phpMyAdmin-2.6.0-rc2/scripts/setup.php HTTP/1.1" 404 1256 "-" "-"
69.64.58.110 - - [03/Oct/2011:22:18:49 +0200] "GET //phpMyAdmin-2.6.0-rc3/scripts/setup.php HTTP/1.1" 404 1256 "-" "-"
69.64.58.110 - - [03/Oct/2011:22:18:52 +0200] "GET //phpMyAdmin-2.6.0/scripts/setup.php HTTP/1.1" 404 1256 "-" "-"
69.64.58.110 - - [03/Oct/2011:22:18:52 +0200] "GET //phpMyAdmin-2.6.0-pl1/scripts/setup.php HTTP/1.1" 404 1256 "-" "-"
69.64.58.110 - - [03/Oct/2011:22:18:59 +0200] "GET //phpMyAdmin-2.6.0-pl3/scripts/setup.php HTTP/1.1" 404 1256 "-" "-"
69.64.58.110 - - [03/Oct/2011:22:19:02 +0200] "GET //phpMyAdmin-2.6.1-rc1/scripts/setup.php HTTP/1.1" 404 1256 "-" "-"
69.64.58.110 - - [03/Oct/2011:22:19:05 +0200] "GET //phpMyAdmin-2.6.1-rc2/scripts/setup.php HTTP/1.1" 404 1256 "-" "-"
69.64.58.110 - - [03/Oct/2011:22:19:11 +0200] "GET //phpMyAdmin-2.6.1-pl1/scripts/setup.php HTTP/1.1" 404 1256 "-" "-"
69.64.58.110 - - [03/Oct/2011:22:19:15 +0200] "GET //phpMyAdmin-2.6.1-pl2/scripts/setup.php HTTP/1.1" 404 1256 "-" "-"
69.64.58.110 - - [03/Oct/2011:22:19:18 +0200] "GET //phpMyAdmin-2.6.1-pl3/scripts/setup.php HTTP/1.1" 404 1256 "-" "-"
69.64.58.110 - - [03/Oct/2011:22:19:21 +0200] "GET //phpMyAdmin-2.6.2-rc1/scripts/setup.php HTTP/1.1" 404 1256 "-" "-"
69.64.58.110 - - [03/Oct/2011:22:19:24 +0200] "GET //phpMyAdmin-2.6.2-beta1/scripts/setup.php HTTP/1.1" 404 1256 "-" "-"
69.64.58.110 - - [03/Oct/2011:22:19:27 +0200] "GET //phpMyAdmin-2.6.2-rc1/scripts/setup.php HTTP/1.1" 404 1256 "-" "-"
69.64.58.110 - - [03/Oct/2011:22:19:31 +0200] "GET //phpMyAdmin-2.6.2/scripts/setup.php HTTP/1.1" 404 1256 "-" "-"
69.64.58.110 - - [03/Oct/2011:22:19:34 +0200] "GET //phpMyAdmin-2.6.2-pl1/scripts/setup.php HTTP/1.1" 404 1256 "-" "-"
69.64.58.110 - - [03/Oct/2011:22:19:37 +0200] "GET //phpMyAdmin-2.6.3/scripts/setup.php HTTP/1.1" 404 1256 "-" "-"
69.64.58.110 - - [03/Oct/2011:22:19:40 +0200] "GET //phpMyAdmin-2.6.3-rc1/scripts/setup.php HTTP/1.1" 404 1256 "-" "-"
69.64.58.110 - - [03/Oct/2011:22:19:44 +0200] "GET //phpMyAdmin-2.6.3/scripts/setup.php HTTP/1.1" 404 1256 "-" "-"
69.64.58.110 - - [03/Oct/2011:22:19:47 +0200] "GET //phpMyAdmin-2.6.3-pl1/scripts/setup.php HTTP/1.1" 404 1256 "-" "-"
69.64.58.110 - - [03/Oct/2011:22:19:50 +0200] "GET //phpMyAdmin-2.6.4-rc1/scripts/setup.php HTTP/1.1" 404 1256 "-" "-"
69.64.58.110 - - [03/Oct/2011:22:19:53 +0200] "GET //phpMyAdmin-2.6.4-pl1/scripts/setup.php HTTP/1.1" 404 1256 "-" "-"
69.64.58.110 - - [03/Oct/2011:22:19:57 +0200] "GET //phpMyAdmin-2.6.4-pl2/scripts/setup.php HTTP/1.1" 404 1256 "-" "-"
69.64.58.110 - - [03/Oct/2011:22:20:00 +0200] "GET //phpMyAdmin-2.6.4-pl3/scripts/setup.php HTTP/1.1" 404 1256 "-" "-"
69.64.58.110 - - [03/Oct/2011:22:20:03 +0200] "GET //phpMyAdmin-2.6.4-pl4/scripts/setup.php HTTP/1.1" 404 1256 "-" "-"
69.64.58.110 - - [03/Oct/2011:22:20:06 +0200] "GET //phpMyAdmin-2.6.4/scripts/setup.php HTTP/1.1" 404 1256 "-" "-"
69.64.58.110 - - [03/Oct/2011:22:20:10 +0200] "GET //phpMyAdmin-2.7.0-beta1/scripts/setup.php HTTP/1.1" 404 1256 "-" "-"
69.64.58.110 - - [03/Oct/2011:22:20:13 +0200] "GET //phpMyAdmin-2.7.0-rc1/scripts/setup.php HTTP/1.1" 404 1256 "-" "-"
69.64.58.110 - - [03/Oct/2011:22:20:16 +0200] "GET //phpMyAdmin-2.7.0-pl1/scripts/setup.php HTTP/1.1" 404 1256 "-" "-"
69.64.58.110 - - [03/Oct/2011:22:20:19 +0200] "GET //phpMyAdmin-2.7.0-pl2/scripts/setup.php HTTP/1.1" 404 1256 "-" "-"
69.64.58.110 - - [03/Oct/2011:22:20:23 +0200] "GET //phpMyAdmin-2.7.0/scripts/setup.php HTTP/1.1" 404 1256 "-" "-"
69.64.58.110 - - [03/Oct/2011:22:20:26 +0200] "GET //phpMyAdmin-2.8.0-beta1/scripts/setup.php HTTP/1.1" 404 1256 "-" "-"
69.64.58.110 - - [03/Oct/2011:22:20:29 +0200] "GET //phpMyAdmin-2.8.0-rc1/scripts/setup.php HTTP/1.1" 404 1256 "-" "-"
69.64.58.110 - - [03/Oct/2011:22:20:32 +0200] "GET //phpMyAdmin-2.8.0-rc2/scripts/setup.php HTTP/1.1" 404 1256 "-" "-"
69.64.58.110 - - [03/Oct/2011:22:20:36 +0200] "GET //phpMyAdmin-2.8.0/scripts/setup.php HTTP/1.1" 404 1256 "-" "-"
69.64.58.110 - - [03/Oct/2011:22:20:39 +0200] "GET //phpMyAdmin-2.8.0.1/scripts/setup.php HTTP/1.1" 404 1256 "-" "-"
69.64.58.110 - - [03/Oct/2011:22:20:42 +0200] "GET //phpMyAdmin-2.8.0.2/scripts/setup.php HTTP/1.1" 404 1256 "-" "-"
69.64.58.110 - - [03/Oct/2011:22:20:45 +0200] "GET //phpMyAdmin-2.8.0.3/scripts/setup.php HTTP/1.1" 404 1256 "-" "-"
69.64.58.110 - - [03/Oct/2011:22:20:49 +0200] "GET //phpMyAdmin-2.8.0.4/scripts/setup.php HTTP/1.1" 404 1256 "-" "-"
69.64.58.110 - - [03/Oct/2011:22:20:52 +0200] "GET //phpMyAdmin-2.8.1-rc1/scripts/setup.php HTTP/1.1" 404 1256 "-" "-"
69.64.58.110 - - [03/Oct/2011:22:20:55 +0200] "GET //phpMyAdmin-2.8.1/scripts/setup.php HTTP/1.1" 404 1256 "-" "-"
69.64.58.110 - - [03/Oct/2011:22:20:58 +0200] "GET //phpMyAdmin-2.8.2/scripts/setup.php HTTP/1.1" 404 1256 "-" "-"
69.64.58.110 - - [03/Oct/2011:22:21:01 +0200] "GET //sqlmanager/scripts/setup.php HTTP/1.1" 404 1256 "-" "-"
69.64.58.110 - - [03/Oct/2011:22:21:05 +0200] "GET //mysqlmanager/scripts/setup.php HTTP/1.1" 404 1256 "-" "-"
69.64.58.110 - - [03/Oct/2011:22:21:08 +0200] "GET //p/m/a/scripts/setup.php HTTP/1.1" 404 1256 "-" "-"
69.64.58.110 - - [03/Oct/2011:22:21:11 +0200] "GET //PMA2005/scripts/setup.php HTTP/1.1" 404 1256 "-" "-"
69.64.58.110 - - [03/Oct/2011:22:21:14 +0200] "GET //pma2005/scripts/setup.php HTTP/1.1" 404 1256 "-" "-"
69.64.58.110 - - [03/Oct/2011:22:21:18 +0200] "GET //phpmanager/scripts/setup.php HTTP/1.1" 404 1256 "-" "-"
69.64.58.110 - - [03/Oct/2011:22:21:21 +0200] "GET //php-myadmin/scripts/setup.php HTTP/1.1" 404 1256 "-" "-"
69.64.58.110 - - [03/Oct/2011:22:21:24 +0200] "GET //phpmy-admin/scripts/setup.php HTTP/1.1" 404 1256 "-" "-"
69.64.58.110 - - [03/Oct/2011:22:21:27 +0200] "GET //webadmin/scripts/setup.php HTTP/1.1" 404 1256 "-" "-"
69.64.58.110 - - [03/Oct/2011:22:21:31 +0200] "GET //sqlweb/scripts/setup.php HTTP/1.1" 404 1256 "-" "-"
69.64.58.110 - - [03/Oct/2011:22:21:34 +0200] "GET //websql/scripts/setup.php HTTP/1.1" 404 1256 "-" "-"
69.64.58.110 - - [03/Oct/2011:22:21:37 +0200] "GET //webdb/scripts/setup.php HTTP/1.1" 404 1256 "-" "-"
69.64.58.110 - - [03/Oct/2011:22:21:40 +0200] "GET //mysqladmin/scripts/setup.php HTTP/1.1" 404 1256 "-" "-"
69.64.58.110 - - [03/Oct/2011:22:21:44 +0200] "GET //mysql-admin/scripts/setup.php HTTP/1.1" 404 1256 "-" "-"
69.64.58.110 - - [03/Oct/2011:22:21:47 +0200] "GET //databaseadmin/scripts/setup.php HTTP/1.1" 404 1256 "-" "-"
69.64.58.110 - - [03/Oct/2011:22:21:50 +0200] "GET //admm/scripts/setup.php HTTP/1.1" 404 1256 "-" "-"
69.64.58.110 - - [03/Oct/2011:22:21:53 +0200] "GET //admn/scripts/setup.php HTTP/1.1" 404 1256 "-" "-"
67.195.111.217 - - [03/Oct/2011:23:02:01 +0200] "GET /kompetenz/konfektionierung.html HTTP/1.0" 200 6064 "-" "Mozilla/5.0 (compatible; Yahoo! Slurp; http://help.yahoo.com/help/us/ysearch/slurp)"
207.46.204.234 - - [04/Oct/2011:00:37:17 +0200] "GET /robots.txt HTTP/1.1" 404 1256 "-" "Mozilla/5.0 (compatible; bingbot/2.0; +http://www.bing.com/bingbot.htm)"
207.46.204.234 - - [04/Oct/2011:00:38:01 +0200] "GET / HTTP/1.1" 302 - "-" "Mozilla/5.0 (compatible; bingbot/2.0; +http://www.bing.com/bingbot.htm)"
66.249.71.1 - - [04/Oct/2011:01:34:02 +0200] "GET /robots.txt HTTP/1.1" 404 1256 "-" "Mozilla/5.0 (compatible; Googlebot/2.1; +http://www.google.com/bot.html)"
66.249.71.1 - - [04/Oct/2011:01:34:03 +0200] "GET / HTTP/1.1" 302 - "-" "DoCoMo/2.0 N905i(c100;TB;W24H16) (compatible; Googlebot-Mobile/2.1; +http://www.google.com/bot.html)"
207.46.204.234 - - [04/Oct/2011:02:29:06 +0200] "GET /robots.txt HTTP/1.1" 404 1256 "-" "Mozilla/5.0 (compatible; bingbot/2.0; +http://www.bing.com/bingbot.htm)"
207.46.204.234 - - [04/Oct/2011:02:29:41 +0200] "GET /kontakt/kontakt%20waren.html HTTP/1.1" 304 - "-" "Mozilla/5.0 (compatible; bingbot/2.0; +http://www.bing.com/bingbot.htm)"
67.195.111.217 - - [04/Oct/2011:06:23:30 +0200] "GET /robots.txt HTTP/1.0" 404 1256 "-" "Mozilla/5.0 (compatible; Yahoo! Slurp; http://help.yahoo.com/help/us/ysearch/slurp)"
67.195.111.217 - - [04/Oct/2011:06:23:31 +0200] "GET /kompetenz/getraenkelog.html HTTP/1.0" 200 5224 "-" "Mozilla/5.0 (compatible; Yahoo! Slurp; http://help.yahoo.com/help/us/ysearch/slurp)"
67.195.111.217 - - [04/Oct/2011:06:38:43 +0200] "GET /Anfahrt/anfahrtHannover.html HTTP/1.0" 200 3172 "-" "Mozilla/5.0 (compatible; Yahoo! Slurp; http://help.yahoo.com/help/us/ysearch/slurp)"
208.80.194.31 - - [04/Oct/2011:08:17:29 +0200] "GET / HTTP/1.0" 302 - "-" "Mozilla/4.0 (compatible; MSIE 7.0; Windows NT 5.1; sbcydsl 3.12; YComp 5.0.0.0; YPC 3.2.0; IEMB3; IEMB3; yplus 5.1.04b)"
88.131.106.3 - - [04/Oct/2011:10:40:38 +0200] "GET /robots.txt HTTP/1.0" 404 1256 "-" "Mozilla/5.0 (Windows; U; Windows NT 5.1; en-US) Speedy Spider (http://www.entireweb.com/about/search_tech/speedy_spider/)"
88.131.106.8 - - [04/Oct/2011:10:40:39 +0200] "GET /impressum.html HTTP/1.0" 200 8245 "-" "Mozilla/5.0 (Windows; U; Windows NT 5.1; en-US) Speedy Spider (http://www.entireweb.com/about/search_tech/speedy_spider/)"
91.4.103.82 - - [04/Oct/2011:11:10:16 +0200] "GET / HTTP/1.1" 302 - "-" "Mozilla/5.0 (Windows; U; Windows NT 6.1; de; rv:1.9.2.23) Gecko/20110920 Firefox/3.6.23"
93.206.17.147 - - [04/Oct/2011:11:16:30 +0200] "GET / HTTP/1.1" 302 - "-" "Mozilla/5.0 (compatible; MSIE 9.0; Windows NT 6.1; WOW64; Trident/5.0)"
85.178.227.150 - - [04/Oct/2011:12:20:47 +0200] "GET / HTTP/1.1" 302 - "-" "Mozilla/5.0 (Windows NT 6.1; rv:7.0.1) Gecko/20100101 Firefox/7.0.1"
85.178.225.20 - - [04/Oct/2011:12:32:29 +0200] "GET / HTTP/1.1" 302 - "http://www.agentur-zeitarbeit.de/component/option,com_afz_category/id,96/subcat,142/" "Mozilla/4.0 (compatible; MSIE 8.0; Windows NT 5.1; Trident/4.0; .NET CLR 2.0.50727; .NET CLR 3.0.4506.2152; .NET CLR 3.5.30729)"
80.54.132.22 - - [04/Oct/2011:12:40:55 +0200] "GET / HTTP/1.1" 302 - "-" "Mozilla/5.0 (Windows NT 6.1; rv:6.0.2) Gecko/20100101 Firefox/6.0.2"
207.46.204.234 - - [04/Oct/2011:13:11:19 +0200] "GET /robots.txt HTTP/1.1" 404 1256 "-" "Mozilla/5.0 (compatible; bingbot/2.0; +http://www.bing.com/bingbot.htm)"
207.46.204.234 - - [04/Oct/2011:13:12:05 +0200] "GET /kontakt/kontakt%20berlin.html HTTP/1.1" 304 - "-" "Mozilla/5.0 (compatible; bingbot/2.0; +http://www.bing.com/bingbot.htm)"
195.88.117.149 - - [04/Oct/2011:13:17:58 +0200] "GET / HTTP/1.0" 302 - "http://www.google.de/search?hl=de&source=hp&biw=1010&bih=407&q=k%26k+industriebau+berlin&oq=K%26K+Indust&aq=5v&aqi=g2g-v6&aql=&gs_sm=c&gs_upl=1015l5953l0l10531l12l12l1l4l5l0l484l1953l0.2.2.2.1l7l0" "Mozilla/4.0 (compatible; MSIE 8.0; Windows NT 5.1; Trident/4.0; .NET CLR 1.1.4322; .NET CLR 2.0.50727; .NET CLR 3.0.4506.2152; .NET CLR 3.5.30729; .NET4.0C; .NET4.0E)"
195.88.117.149 - - [04/Oct/2011:13:19:44 +0200] "GET / HTTP/1.0" 302 - "http://www.google.de/search?hl=de&source=hp&biw=1010&bih=407&q=k%26k+industriebau+berlin&oq=K%26K+IND&aq=5v&aqi=g2g-v6&aql=&gs_sm=c&gs_upl=687l6437l0l8109l9l9l1l0l0l0l235l1018l2.3.2l7l0" "Mozilla/4.0 (compatible; MSIE 8.0; Windows NT 5.1; Trident/4.0; .NET CLR 1.1.4322; .NET CLR 2.0.50727; .NET CLR 3.0.4506.2152; .NET CLR 3.5.30729; .NET4.0C; .NET4.0E)"
195.88.117.149 - - [04/Oct/2011:13:20:46 +0200] "GET / HTTP/1.0" 302 - "http://www.google.de/search?hl=de&source=hp&biw=1010&bih=407&q=k%26k+industriebau+berlin&oq=K%26k+indus&aq=5v&aqi=g2g-v6&aql=&gs_sm=c&gs_upl=813l15079l0l16172l39l38l12l12l1l0l219l2279l0.10.4l14l0" "Mozilla/4.0 (compatible; MSIE 8.0; Windows NT 5.1; Trident/4.0; .NET CLR 1.1.4322; .NET CLR 2.0.50727; .NET CLR 3.0.4506.2152; .NET CLR 3.5.30729; .NET4.0C; .NET4.0E)"
150.70.75.37 - - [04/Oct/2011:13:25:08 +0200] "GET / HTTP/1.0" 302 - "-" "Mozilla/4.0 (compatible; MSIE 6.0; Windows NT 5.1)"
178.5.64.30 - - [04/Oct/2011:14:21:16 +0200] "GET / HTTP/1.1" 302 - "http://www.jobpoint-berlin.de/jobboerse/details.php?kennziffer=100427" "Mozilla/5.0 (Windows NT 5.1; rv:7.0.1) Gecko/20100101 Firefox/7.0.1"
92.225.7.183 - - [04/Oct/2011:14:46:28 +0200] "GET / HTTP/1.1" 302 - "http://www.jobpoint-berlin.de/jobboerse/details.php?kennziffer=100427" "Mozilla/5.0 (Windows NT 6.1; WOW64; rv:7.0.1) Gecko/20100101 Firefox/7.0.1"
95.108.151.244 - - [04/Oct/2011:14:52:59 +0200] "GET /robots.txt HTTP/1.1" 404 1256 "-" "Mozilla/5.0 (compatible; YandexBot/3.0; +http://yandex.com/bots)"
95.108.151.244 - - [04/Oct/2011:14:53:00 +0200] "GET / HTTP/1.1" 302 - "-" "Mozilla/5.0 (compatible; YandexBot/3.0; +http://yandex.com/bots)"
92.79.186.18 - - [04/Oct/2011:15:34:14 +0200] "GET / HTTP/1.1" 302 - "http://jobs.meinestadt.de/x/job.php/jobid=9359130" "Mozilla/4.0 (compatible; MSIE 8.0; Windows NT 5.1; Trident/4.0; .NET CLR 2.0.50727; .NET CLR 3.0.4506.2152; .NET CLR 3.5.30729; .NET CLR 1.1.4322; .NET4.0C; .NET4.0E)"
188.103.162.226 - - [04/Oct/2011:15:49:35 +0200] "GET / HTTP/1.1" 302 - "http://jobs.meinestadt.de/x/job.php/jobid=9359130" "Mozilla/5.0 (Windows; U; Windows NT 5.1; de; rv:1.9.2.23) Gecko/20110920 Firefox/3.6.23"
91.66.26.153 - - [04/Oct/2011:17:07:32 +0200] "GET / HTTP/1.1" 302 - "http://www.jobinfo24.de/view.pl?384299" "Mozilla/5.0 (compatible; MSIE 9.0; Windows NT 6.0; WOW64; Trident/5.0)"
84.131.129.99 - - [04/Oct/2011:17:13:35 +0200] "GET / HTTP/1.1" 302 - "-" "Mozilla/5.0 (Macintosh; PPC Mac OS X) Excel/12.0.0"
91.61.77.159 - - [04/Oct/2011:17:31:25 +0200] "GET / HTTP/1.1" 302 - "-" "Mozilla/5.0 (Windows NT 5.1; rv:5.0.1) Gecko/20100101 Firefox/5.0.1"
67.195.111.217 - - [04/Oct/2011:18:53:24 +0200] "GET /AnfrageAll.html HTTP/1.0" 200 8274 "-" "Mozilla/5.0 (compatible; Yahoo! Slurp; http://help.yahoo.com/help/us/ysearch/slurp)"
67.195.111.217 - - [04/Oct/2011:18:53:25 +0200] "GET /anfrage/anforderungen.html HTTP/1.0" 200 7478 "http://www.personal-dienstleistung.de/AnfrageAll.html" "Mozilla/5.0 (compatible; Yahoo! Slurp; http://help.yahoo.com/help/us/ysearch/slurp)"
207.46.204.234 - - [04/Oct/2011:19:00:31 +0200] "GET /robots.txt HTTP/1.1" 404 1256 "-" "Mozilla/5.0 (compatible; bingbot/2.0; +http://www.bing.com/bingbot.htm)"
207.46.204.234 - - [04/Oct/2011:19:01:31 +0200] "GET /kompetenz/personalberatung.html HTTP/1.1" 304 - "-" "Mozilla/5.0 (compatible; bingbot/2.0; +http://www.bing.com/bingbot.htm)"
207.46.204.234 - - [04/Oct/2011:19:03:31 +0200] "GET /kompetenz/Hotelservicedienstl.html HTTP/1.1" 304 - "-" "Mozilla/5.0 (compatible; bingbot/2.0; +http://www.bing.com/bingbot.htm)"
81.235.234.82 - - [04/Oct/2011:19:59:03 +0200] "GET /robots.txt HTTP/1.0" 404 1256 "-" "Mozilla/5.0 (compatible; MJ12bot/v1.4.0; http://www.majestic12.co.uk/bot.php?+)"
81.235.234.82 - - [04/Oct/2011:19:59:09 +0200] "GET / HTTP/1.1" 302 - "-" "Mozilla/5.0 (compatible; MJ12bot/v1.4.0; http://www.majestic12.co.uk/bot.php?+)"
93.200.204.181 - - [04/Oct/2011:20:10:06 +0200] "GET / HTTP/1.1" 302 - "-" "Mozilla/5.0 (Windows; U; Windows NT 6.1; de; rv:1.9.2.22) Gecko/20110902 Firefox/3.6.22"
180.76.5.107 - - [04/Oct/2011:20:54:54 +0200] "GET /robots.txt HTTP/1.1" 404 1256 "-" "Baiduspider+(+http://www.baidu.com/search/spider.htm)"
67.195.111.217 - - [04/Oct/2011:21:42:28 +0200] "GET /robots.txt HTTP/1.0" 404 1256 "-" "Mozilla/5.0 (compatible; Yahoo! Slurp; http://help.yahoo.com/help/us/ysearch/slurp)"
67.195.111.217 - - [04/Oct/2011:21:42:29 +0200] "GET /impressum.html HTTP/1.0" 200 8245 "-" "Mozilla/5.0 (compatible; Yahoo! Slurp; http://help.yahoo.com/help/us/ysearch/slurp)"
67.195.111.217 - - [04/Oct/2011:21:42:30 +0200] "GET /impressuminframe.html HTTP/1.0" 200 8032 "http://www.personal-dienstleistung.de/impressum.html" "Mozilla/5.0 (compatible; Yahoo! Slurp; http://help.yahoo.com/help/us/ysearch/slurp)"
93.219.240.164 - - [05/Oct/2011:00:02:48 +0200] "GET /stellenangebote-berlin HTTP/1.1" 404 1256 "-" "Mozilla/5.0 (Windows NT 6.0; rv:7.0.1) Gecko/20100101 Firefox/7.0.1"
93.219.240.164 - - [05/Oct/2011:00:02:52 +0200] "GET / HTTP/1.1" 302 - "-" "Mozilla/5.0 (Windows NT 6.0; rv:7.0.1) Gecko/20100101 Firefox/7.0.1"
66.249.71.1 - - [05/Oct/2011:02:32:50 +0200] "GET /robots.txt HTTP/1.1" 404 1256 "-" "Mozilla/5.0 (compatible; Googlebot/2.1; +http://www.google.com/bot.html)"
66.249.71.1 - - [05/Oct/2011:02:32:50 +0200] "GET / HTTP/1.1" 302 - "-" "Mozilla/5.0 (compatible; Googlebot/2.1; +http://www.google.com/bot.html)"
67.195.111.217 - - [05/Oct/2011:02:52:42 +0200] "GET /referenz/referenzenberl.html HTTP/1.0" 200 3591 "-" "Mozilla/5.0 (compatible; Yahoo! Slurp; http://help.yahoo.com/help/us/ysearch/slurp)"
66.249.71.1 - - [05/Oct/2011:04:34:07 +0200] "GET / HTTP/1.1" 302 - "-" "Mozilla/5.0 (compatible; Googlebot/2.1; +http://www.google.com/bot.html)"
173.236.21.106 - - [05/Oct/2011:05:11:57 +0200] "GET /robots.txt HTTP/1.0" 404 1256 "-" "Mozilla/5.0 (compatible; MJ12bot/v1.4.0; http://www.majestic12.co.uk/bot.php?+)"
173.236.21.106 - - [05/Oct/2011:05:12:00 +0200] "GET / HTTP/1.0" 302 - "-" "Mozilla/5.0 (compatible; MJ12bot/v1.4.0; http://www.majestic12.co.uk/bot.php?+)"
85.25.71.15 - - [05/Oct/2011:08:48:22 +0200] "GET / HTTP/1.1" 302 - "-" "Mozilla/5.0 (X11; U; Linux i686; en-US; rv:1.9.0.1) Gecko/2008070206 Firefox/3.0.1"
84.139.144.29 - - [05/Oct/2011:09:02:58 +0200] "GET / HTTP/1.1" 302 - "-" "Mozilla/4.0 (compatible; MSIE 8.0; Windows NT 6.1; WOW64; Trident/4.0; SLCC2; .NET CLR 2.0.50727; .NET CLR 3.5.30729; .NET CLR 3.0.30729; Media Center PC 6.0; .NET4.0C; MAMI)"
92.226.38.49 - - [05/Oct/2011:09:06:34 +0200] "GET / HTTP/1.1" 302 - "http://maps.google.de/maps?hl=de&cp=18&gs_id=1c&xhr=t&biw=1600&bih=1070&gs_upl=&bav=on.2,or.r_gc.r_pw.,cf.osb&um=1&ie=UTF-8&q=zeitarbeitsfirmen+berlin&fb=1&gl=de&hq=zeitarbeitsfirmen&hnear=0x47a84e373f035901:0x42120465b5e3b70,Berlin&ei=fwGMTpTrCtSyhAfJwIndAw&sa=X&oi=local_group&ct=image&sqi=2&ved=0CBwQtgM&iwloc=cids:7447097180002904178" "Mozilla/5.0 (Windows NT 6.1; WOW64; rv:7.0.1) Gecko/20100101 Firefox/7.0.1"
91.66.117.209 - - [05/Oct/2011:09:21:36 +0200] "GET /favicon.ico HTTP/1.1" 404 1256 "-" "Mozilla/4.0 (compatible; MSIE 7.0; Windows NT 6.0; Trident/5.0; SLCC1; .NET CLR 2.0.50727; Media Center PC 5.0; .NET CLR 1.1.4322; .NET CLR 3.5.21022; .NET CLR 3.5.30729; .NET CLR 3.0.30729; OfficeLiveConnector.1.5; OfficeLivePatch.1.3; .NET4.0C)"
46.115.16.44 - - [05/Oct/2011:10:37:31 +0200] "GET / HTTP/1.1" 302 - "http://www.agentur-zeitarbeit.de/component/option,com_afz_category/id,96/subcat,142/" "Mozilla/5.0 (compatible; MSIE 9.0; Windows NT 6.1; WOW64; Trident/5.0)"
207.46.204.234 - - [05/Oct/2011:11:36:25 +0200] "GET /robots.txt HTTP/1.1" 404 1256 "-" "Mozilla/5.0 (compatible; bingbot/2.0; +http://www.bing.com/bingbot.htm)"
207.46.204.234 - - [05/Oct/2011:11:37:05 +0200] "GET / HTTP/1.1" 302 - "-" "Mozilla/5.0 (compatible; bingbot/2.0; +http://www.bing.com/bingbot.htm)"
67.195.111.217 - - [05/Oct/2011:11:44:29 +0200] "GET /robots.txt HTTP/1.0" 404 1256 "-" "Mozilla/5.0 (compatible; Yahoo! Slurp; http://help.yahoo.com/help/us/ysearch/slurp)"
67.195.111.217 - - [05/Oct/2011:11:44:30 +0200] "GET /anfahrtalllay.html HTTP/1.0" 200 10071 "-" "Mozilla/5.0 (compatible; Yahoo! Slurp; http://help.yahoo.com/help/us/ysearch/slurp)"
67.195.111.217 - - [05/Oct/2011:11:44:32 +0200] "GET /Anfahrt/anfahrt+.html HTTP/1.0" 200 3893 "http://www.personal-dienstleistung.de/anfahrtalllay.html" "Mozilla/5.0 (compatible; Yahoo! Slurp; http://help.yahoo.com/help/us/ysearch/slurp)"
94.222.121.244 - - [05/Oct/2011:12:20:56 +0200] "GET / HTTP/1.1" 302 - "http://www.google.de/search?q=zeitarbeitsfirmen&sourceid=ie7&rls=com.microsoft:en-US&ie=utf8&oe=utf8&redir_esc=&ei=ESyMTt3vGYiyhAfL8cDVAw" "Mozilla/4.0 (compatible; MSIE 8.0; Windows NT 5.1; Trident/4.0; .NET CLR 1.1.4322; InfoPath.1; .NET CLR 2.0.50727; .NET CLR 3.0.4506.2152; .NET CLR 3.5.30729)"
80.153.33.222 - - [05/Oct/2011:12:34:30 +0200] "GET / HTTP/1.1" 302 - "http://www.google.de/search?q=industriebau+berlin&hl=de&prmd=ivnsm&ei=WzKMTu6dEo_ItAaylcHyAQ&sa=N&oq=industriebau+berlin&aq=f&aqi=g1g-v2&aql=&gs_sm=e&gs_upl=73955l74361l0l74689l3l3l0l0l0l0l219l344l0.1.1l2l0" "Mozilla/4.0 (compatible; MSIE 7.0; Windows NT 5.1; .NET CLR 1.1.4322; .NET4.0C; .NET CLR 2.0.50727; .NET CLR 3.0.4506.2152; .NET CLR 3.5.30729)"
79.218.117.226 - - [05/Oct/2011:12:47:39 +0200] "GET / HTTP/1.1" 302 - "http://www.gelbeseiten.de/yp/122/search.yp?sessionDataString=H4sIAAAAAAAAAEWHuw7CMAwAv4bRkp06jSPvwIioBCNyHhVsKMnC35Otw-pnuyIJnRE4gC2XgRAUkFYSKK5OIJdkDpECOluzVkcbfV%2Fnkzn1YG71-pRp1z2V7Hq4xmpfZqLb91AOkV9YZ6n%2FVAfU6Fyb6idzFEZP0DA1DvQIYAAAA-e&at=yp&kindOfSearch=tradesearch&subject=gmbh&location=Berlin&x=0&y=0&distance=-1&execute=Suchen&suggest_choose=on&rz=122" "Mozilla/5.0 (Windows NT 6.0) AppleWebKit/535.1 (KHTML, like Gecko) Chrome/14.0.835.187 Safari/535.1"
79.218.117.226 - - [05/Oct/2011:12:47:39 +0200] "GET / HTTP/1.1" 302 - "http://www.gelbeseiten.de/yp/122/search.yp?sessionDataString=H4sIAAAAAAAAAEWHuw7CMAwAv4bRkp06jSPvwIioBCNyHhVsKMnC35Otw-pnuyIJnRE4gC2XgRAUkFYSKK5OIJdkDpECOluzVkcbfV%2Fnkzn1YG71-pRp1z2V7Hq4xmpfZqLb91AOkV9YZ6n%2FVAfU6Fyb6idzFEZP0DA1DvQIYAAAA-e&at=yp&kindOfSearch=tradesearch&subject=gmbh&location=Berlin&x=0&y=0&distance=-1&execute=Suchen&suggest_choose=on&rz=122" "Mozilla/5.0 (Windows NT 6.0) AppleWebKit/535.1 (KHTML, like Gecko) Chrome/14.0.835.187 Safari/535.1"
38.99.97.132 - - [05/Oct/2011:12:50:05 +0200] "GET /robots.txt HTTP/1.1" 404 1256 "-" "Mozilla/5.0 (compatible; ScoutJet; +http://www.scoutjet.com/)"
38.99.97.132 - - [05/Oct/2011:12:50:07 +0200] "GET / HTTP/1.1" 302 - "-" "Mozilla/5.0 (compatible; ScoutJet; +http://www.scoutjet.com/)"
38.99.97.132 - - [05/Oct/2011:12:50:08 +0200] "GET /favicon.ico HTTP/1.1" 404 1256 "-" "Mozilla/5.0 (compatible; ScoutJet; +http://www.scoutjet.com/)"
84.139.144.29 - - [05/Oct/2011:13:05:21 +0200] "GET / HTTP/1.1" 302 - "-" "Mozilla/4.0 (compatible; MSIE 8.0; Windows NT 6.1; WOW64; Trident/4.0; SLCC2; .NET CLR 2.0.50727; .NET CLR 3.5.30729; .NET CLR 3.0.30729; Media Center PC 6.0; .NET4.0C; MAMI)"
89.204.138.202 - - [05/Oct/2011:14:02:37 +0200] "GET / HTTP/1.1" 302 - "http://www.stadtbranchenbuch.com/berlin/5238147.html" "Mozilla/5.0 (Windows NT 6.1; WOW64; rv:7.0.1) Gecko/20100101 Firefox/7.0.1"
89.204.138.202 - - [05/Oct/2011:14:03:54 +0200] "GET / HTTP/1.1" 302 - "http://www.stadtbranchenbuch.com/berlin/5238147.html" "Mozilla/5.0 (Windows NT 6.1; WOW64; rv:7.0.1) Gecko/20100101 Firefox/7.0.1"
213.61.116.116 - - [05/Oct/2011:14:10:45 +0200] "GET / HTTP/1.1" 302 - "http://www.jobinfo24.de/view.pl?8402369" "Mozilla/4.0 (compatible; MSIE 8.0; Windows NT 6.1; WOW64; Trident/4.0; SLCC2; .NET CLR 2.0.50727; .NET CLR 3.5.30729; .NET CLR 3.0.30729; .NET4.0C; .NET4.0E)"
88.73.8.5 - - [05/Oct/2011:15:04:21 +0200] "GET / HTTP/1.1" 302 - "http://www.jobpoint-berlin.de/jobboerse/details.php?kennziffer=100427" "Mozilla/5.0 (Windows NT 6.0; rv:7.0.1) Gecko/20100101 Firefox/7.0.1"
217.231.173.95 - - [05/Oct/2011:15:28:06 +0200] "GET / HTTP/1.1" 302 - "-" "Mozilla/5.0 (Windows NT 5.1; rv:6.0.2) Gecko/20100101 Firefox/6.0.2"
91.66.108.105 - - [05/Oct/2011:15:36:33 +0200] "GET / HTTP/1.1" 302 - "http://www.backinjob.de/homepage.php?c=999910000000091621" "Mozilla/5.0 (Macintosh; Intel Mac OS X 10.6; rv:7.0.1) Gecko/20100101 Firefox/7.0.1"
208.80.194.26 - - [05/Oct/2011:15:45:28 +0200] "GET / HTTP/1.0" 302 - "-" "Mozilla/4.0 (compatible; MSIE 7.0; AOL 9.0; Windows NT 5.1; FunWebProducts; InfoPath.1; .NET CLR 2.0.50727)"
