92.231.235.45 - - [23/Oct/2011:12:03:55 +0200] "GET / HTTP/1.1" 302 - "http://www.agentur-zeitarbeit.de/component/option,com_afz_category/id,96/subcat,142/" "Mozilla/5.0 (Windows NT 6.1; WOW64; rv:7.0.1) Gecko/20100101 Firefox/7.0.1"
67.195.111.217 - - [23/Oct/2011:12:35:40 +0200] "GET /robots.txt HTTP/1.0" 404 1256 "-" "Mozilla/5.0 (compatible; Yahoo! Slurp; http://help.yahoo.com/help/us/ysearch/slurp)"
67.195.111.217 - - [23/Oct/2011:12:35:41 +0200] "GET /AnfrageAll.html HTTP/1.0" 200 8274 "-" "Mozilla/5.0 (compatible; Yahoo! Slurp; http://help.yahoo.com/help/us/ysearch/slurp)"
67.195.111.217 - - [23/Oct/2011:12:35:43 +0200] "GET /anfrage/anforderungen.html HTTP/1.0" 200 7478 "http://www.personal-dienstleistung.de/AnfrageAll.html" "Mozilla/5.0 (compatible; Yahoo! Slurp; http://help.yahoo.com/help/us/ysearch/slurp)"
79.35.151.119 - - [23/Oct/2011:12:37:24 +0200] "GET / HTTP/1.1" 302 - "http://www.jobpoint-berlin.de/jobboerse/details.php?kennziffer=101993" "Mozilla/5.0 (Windows NT 5.1) AppleWebKit/535.1 (KHTML, like Gecko) Chrome/14.0.835.202 Safari/535.1"
66.249.72.225 - - [23/Oct/2011:12:40:07 +0200] "GET /kompetenz/getraenkelog.html HTTP/1.1" 200 5224 "-" "Mozilla/5.0 (compatible; Googlebot/2.1; +http://www.google.com/bot.html)"
207.46.199.54 - - [23/Oct/2011:12:53:58 +0200] "GET /robots.txt HTTP/1.1" 404 1256 "-" "Mozilla/5.0 (compatible; bingbot/2.0; +http://www.bing.com/bingbot.htm)"
207.46.199.54 - - [23/Oct/2011:12:59:12 +0200] "GET /news/sponsoring.html HTTP/1.1" 404 1256 "-" "Mozilla/5.0 (compatible; bingbot/2.0; +http://www.bing.com/bingbot.htm)"
89.107.165.103 - - [23/Oct/2011:13:01:56 +0200] "GET / HTTP/1.1" 302 - "http://www.stepstone.de/stellenangebote--Projektleiter-in-Projektmanagement-Bereich-Hannover-Hannover-K-K-GmbH--1981409-popup.html?cid=JaJob-06-2011&jacid=3090743-06-2011" "Mozilla/5.0 (Windows; U; Windows NT 5.1; de; rv:1.9.2.3) Gecko/20100401 AskTbAVR-W1/3.12.2.17486 Firefox/3.6.3 (.NET CLR 3.5.30729)"
95.108.128.242 - - [23/Oct/2011:13:02:21 +0200] "GET /robots.txt HTTP/1.1" 404 1256 "-" "Mozilla/5.0 (compatible; YandexBot/3.0; +http://yandex.com/bots)"
95.108.128.242 - - [23/Oct/2011:13:02:22 +0200] "GET / HTTP/1.1" 302 - "-" "Mozilla/5.0 (compatible; YandexBot/3.0; +http://yandex.com/bots)"
178.0.30.164 - - [23/Oct/2011:14:34:00 +0200] "GET / HTTP/1.1" 302 - "http://www.agentur-zeitarbeit.de/component/option,com_afz_category/id,96/subcat,142/" "Mozilla/5.0 (Windows NT 6.0; rv:7.0.1) Gecko/20100101 Firefox/7.0.1"
62.245.133.91 - - [23/Oct/2011:15:00:41 +0200] "GET /images/hg1_06.gif HTTP/1.1" 304 - "-" "Mozilla/4.0 (compatible;)"
62.245.133.91 - - [23/Oct/2011:15:04:24 +0200] "GET /images/hg1_lkontakt_08.gif HTTP/1.1" 304 - "-" "Mozilla/4.0 (compatible;)"
67.195.111.217 - - [23/Oct/2011:15:33:17 +0200] "GET /anfahrtalllay.html HTTP/1.0" 200 10071 "-" "Mozilla/5.0 (compatible; Yahoo! Slurp; http://help.yahoo.com/help/us/ysearch/slurp)"
67.195.111.217 - - [23/Oct/2011:15:33:18 +0200] "GET /Anfahrt/anfahrt+.html HTTP/1.0" 200 3893 "http://www.personal-dienstleistung.de/anfahrtalllay.html" "Mozilla/5.0 (compatible; Yahoo! Slurp; http://help.yahoo.com/help/us/ysearch/slurp)"
78.52.205.32 - - [23/Oct/2011:16:10:54 +0200] "GET / HTTP/1.1" 302 - "http://www.xn--kuk-objektservice-gebudemanagement-v4c.de/" "Mozilla/5.0 (Windows NT 6.1; rv:5.0) Gecko/20100101 Firefox/5.0"
85.25.71.15 - - [23/Oct/2011:17:17:57 +0200] "GET / HTTP/1.1" 302 - "-" "Mozilla/5.0 (X11; U; Linux i686; en-US; rv:1.9.0.1) Gecko/2008070206 Firefox/3.0.1"
82.130.21.4 - - [23/Oct/2011:18:00:52 +0200] "GET /robots.txt HTTP/1.0" 404 1256 "-" "Mozilla/5.0 (compatible; MJ12bot/v1.4.0; http://www.majestic12.co.uk/bot.php?+)"
82.130.21.4 - - [23/Oct/2011:18:01:00 +0200] "GET / HTTP/1.1" 302 - "-" "Mozilla/5.0 (compatible; MJ12bot/v1.4.0; http://www.majestic12.co.uk/bot.php?+)"
89.247.227.106 - - [23/Oct/2011:18:43:45 +0200] "GET / HTTP/1.1" 302 - "http://www.gelbeseiten.de/yp/122/search.yp?sessionDataString=H4sIAAAAAAAAAEWHMQ7CMAwAX8NoyW7ctJZ3YERUghE5qSPYUJKF35Otw-pnuqMy2JxODkhICO0dYYxDwLBaEbM5IkCg4My86kcrvq3yazq1b7c0%2F3cdcttfxuvZquze3mt%2FagfSKekO9j3qgPoeWQSFBIiYOUf8t1a-pThwAAAA-e-e&at=yp&kindOfSearch=tradesearch&subject=zeiabeitsfirmen&location=Berlin&distance=-1&execute=Suchen&suggest_choose=on&x=40&y=15&rz=122" "Mozilla/4.0 (compatible; MSIE 8.0; Windows NT 5.1; Trident/4.0)"
89.247.227.106 - - [23/Oct/2011:18:45:55 +0200] "GET / HTTP/1.1" 302 - "http://www.gelbeseiten.de/yp/122/search.yp?sessionDataString=H4sIAAAAAAAAAEWHMQ7CMAwAX8NoyW7ctJZ3YERUghE5qSPYUJKF35Otw-pnuqMy2JxODkhICO0dYYxDwLBaEbM5IkCg4My86kcrvq3yazq1b7c0%2F3cdcttfxuvZquze3mt%2FagfSKekO9j3qgPoeWQSFBIiYOUf8t1a-pThwAAAA-e-e&at=yp&kindOfSearch=tradesearch&subject=zeiabeitsfirmen&location=Berlin&distance=-1&execute=Suchen&suggest_choose=on&x=40&y=15&rz=122" "Mozilla/4.0 (compatible; MSIE 8.0; Windows NT 5.1; Trident/4.0)"
89.247.227.106 - - [23/Oct/2011:18:51:02 +0200] "GET / HTTP/1.1" 302 - "http://www.gelbeseiten.de/yp/122/search.yp?sessionDataString=H4sIAAAAAAAAAEWHMQ7CMAwAX8NoyW7ctJZ3YERUghE5qSPYUJKF35Otw-pnuqMy2JxODkhICO0dYYxDwLBaEbM5IkCg4My86kcrvq3yazq1b7c0%2F3cdcttfxuvZquze3mt%2FagfSKekO9j3qgPoeWQSFBIiYOUf8t1a-pThwAAAA-e-e&at=yp&kindOfSearch=tradesearch&subject=zeiabeitsfirmen&location=Berlin&distance=-1&execute=Suchen&suggest_choose=on&x=40&y=15&rz=122" "Mozilla/4.0 (compatible; MSIE 8.0; Windows NT 5.1; Trident/4.0)"
89.247.227.106 - - [23/Oct/2011:19:03:54 +0200] "GET / HTTP/1.1" 302 - "http://www.gelbeseiten.de/yp/122/search.yp?sessionDataString=H4sIAAAAAAAAAEWHMQ7CMAwAX8NoyW7ctJZ3YERUghE5qSPYUJKF35Otw-pnuqMy2JxODkhICO0dYYxDwLBaEbM5IkCg4My86kcrvq3yazq1b7c0%2F3cdcttfxuvZquze3mt%2FagfSKekO9j3qgPoeWQSFBIiYOUf8t1a-pThwAAAA-e-e&at=yp&kindOfSearch=tradesearch&subject=zeiabeitsfirmen&location=Berlin&distance=-1&execute=Suchen&suggest_choose=on&x=40&y=15&rz=122" "Mozilla/4.0 (compatible; MSIE 8.0; Windows NT 5.1; Trident/4.0)"
220.181.108.146 - - [23/Oct/2011:19:04:16 +0200] "GET /robots.txt HTTP/1.1" 404 1256 "-" "Baiduspider+(+http://www.baidu.com/search/spider.htm)"
88.73.50.82 - - [23/Oct/2011:19:10:56 +0200] "GET /favicon.ico HTTP/1.1" 404 1256 "-" "Mozilla/4.0 (compatible; MSIE 7.0; Windows NT 5.1; Trident/4.0; GTB7.1; EasyBits GO v1.0; InfoPath.2)"
78.52.205.32 - - [23/Oct/2011:19:16:58 +0200] "GET / HTTP/1.1" 302 - "http://www.xn--kuk-objektservice-gebudemanagement-v4c.de/stellenangebote.html" "Mozilla/5.0 (Windows NT 6.1; rv:5.0) Gecko/20100101 Firefox/5.0"
82.119.4.204 - - [23/Oct/2011:19:18:55 +0200] "GET / HTTP/1.1" 302 - "http://www.xn--kuk-objektservice-gebudemanagement-v4c.de/" "Mozilla/5.0 (Windows NT 6.1; WOW64) AppleWebKit/534.30 (KHTML, like Gecko) Chrome/12.0.742.122 Safari/534.30"
78.52.205.32 - - [23/Oct/2011:19:18:56 +0200] "GET / HTTP/1.1" 302 - "http://www.xn--kuk-objektservice-gebudemanagement-v4c.de/" "Mozilla/5.0 (Windows NT 6.1; rv:5.0) Gecko/20100101 Firefox/5.0"
78.52.205.32 - - [23/Oct/2011:19:25:33 +0200] "GET / HTTP/1.1" 302 - "http://www.xn--kuk-objektservice-gebudemanagement-v4c.de/" "Mozilla/5.0 (Windows NT 6.1; rv:5.0) Gecko/20100101 Firefox/5.0"
82.119.4.204 - - [23/Oct/2011:19:26:16 +0200] "GET / HTTP/1.1" 302 - "http://www.xn--kuk-objektservice-gebudemanagement-v4c.de/19:16" "Mozilla/5.0 (Windows NT 6.1; WOW64) AppleWebKit/534.30 (KHTML, like Gecko) Chrome/12.0.742.122 Safari/534.30"
67.195.111.217 - - [23/Oct/2011:20:14:13 +0200] "GET /robots.txt HTTP/1.0" 404 1256 "-" "Mozilla/5.0 (compatible; Yahoo! Slurp; http://help.yahoo.com/help/us/ysearch/slurp)"
67.195.111.217 - - [23/Oct/2011:20:14:14 +0200] "GET /Anfahrt/anfahrtberlin.html HTTP/1.0" 200 3572 "-" "Mozilla/5.0 (compatible; Yahoo! Slurp; http://help.yahoo.com/help/us/ysearch/slurp)"
206.253.224.23 - - [23/Oct/2011:21:20:57 +0200] "GET / HTTP/1.1" 302 - "-" "Mozilla/5.0 (compatible; oBot/2.3.1; +http://filterdb.iss.net/crawler/)"
207.46.13.145 - - [23/Oct/2011:21:41:39 +0200] "GET /robots.txt HTTP/1.1" 404 1256 "-" "Mozilla/5.0 (compatible; bingbot/2.0; +http://www.bing.com/bingbot.htm)"
207.46.13.145 - - [23/Oct/2011:21:42:30 +0200] "GET /referenzen.html HTTP/1.1" 304 - "-" "Mozilla/5.0 (compatible; bingbot/2.0; +http://www.bing.com/bingbot.htm)"
66.249.72.225 - - [23/Oct/2011:22:27:00 +0200] "GET /robots.txt HTTP/1.1" 404 1256 "-" "Mozilla/5.0 (compatible; Googlebot/2.1; +http://www.google.com/bot.html)"
66.249.72.225 - - [23/Oct/2011:22:27:01 +0200] "GET /Anfahrt/anfahrtberlin.html HTTP/1.1" 200 3572 "-" "Mozilla/5.0 (compatible; Googlebot/2.1; +http://www.google.com/bot.html)"
66.249.72.225 - - [23/Oct/2011:22:31:17 +0200] "GET /anfahrtalllay.html HTTP/1.1" 200 10071 "-" "Mozilla/5.0 (compatible; Googlebot/2.1; +http://www.google.com/bot.html)"
217.5.150.154 - - [23/Oct/2011:22:40:21 +0200] "GET /kontakt/kontakt%20berlin.html HTTP/1.1" 200 15986 "http://www.google.de/search?q=Manuela+muhsal&ie=UTF-8&oe=UTF-8&hl=de&client=safari" "Mozilla/5.0 (iPhone; U; CPU iPhone OS 4_3_2 like Mac OS X; de-de) AppleWebKit/533.17.9 (KHTML, like Gecko) Version/5.0.2 Mobile/8H7 Safari/6533.18.5"
217.5.150.154 - - [23/Oct/2011:22:40:21 +0200] "GET /kontakt/Bilder/Mitarbeiter%20Perso/FrauMuhsalneu.jpg HTTP/1.1" 200 31185 "http://www.personal-dienstleistung.de/kontakt/kontakt%20berlin.html" "Mozilla/5.0 (iPhone; U; CPU iPhone OS 4_3_2 like Mac OS X; de-de) AppleWebKit/533.17.9 (KHTML, like Gecko) Version/5.0.2 Mobile/8H7 Safari/6533.18.5"
217.5.150.154 - - [23/Oct/2011:22:40:21 +0200] "GET /kontakt/Bilder/Mitarbeiter%20Perso/FrauStammbergerneu.jpg HTTP/1.1" 200 32601 "http://www.personal-dienstleistung.de/kontakt/kontakt%20berlin.html" "Mozilla/5.0 (iPhone; U; CPU iPhone OS 4_3_2 like Mac OS X; de-de) AppleWebKit/533.17.9 (KHTML, like Gecko) Version/5.0.2 Mobile/8H7 Safari/6533.18.5"
217.5.150.154 - - [23/Oct/2011:22:40:21 +0200] "GET /kontakt/mitarbeiter/sucrow.jpg HTTP/1.1" 200 13378 "http://www.personal-dienstleistung.de/kontakt/kontakt%20berlin.html" "Mozilla/5.0 (iPhone; U; CPU iPhone OS 4_3_2 like Mac OS X; de-de) AppleWebKit/533.17.9 (KHTML, like Gecko) Version/5.0.2 Mobile/8H7 Safari/6533.18.5"
217.5.150.154 - - [23/Oct/2011:22:40:22 +0200] "GET /kontakt/mitarbeiter/Ramona%20Greenhalgh.JPG HTTP/1.1" 200 23273 "http://www.personal-dienstleistung.de/kontakt/kontakt%20berlin.html" "Mozilla/5.0 (iPhone; U; CPU iPhone OS 4_3_2 like Mac OS X; de-de) AppleWebKit/533.17.9 (KHTML, like Gecko) Version/5.0.2 Mobile/8H7 Safari/6533.18.5"
217.5.150.154 - - [23/Oct/2011:22:40:22 +0200] "GET /kontakt/mitarbeiter/zietal.jpg HTTP/1.1" 200 13399 "http://www.personal-dienstleistung.de/kontakt/kontakt%20berlin.html" "Mozilla/5.0 (iPhone; U; CPU iPhone OS 4_3_2 like Mac OS X; de-de) AppleWebKit/533.17.9 (KHTML, like Gecko) Version/5.0.2 Mobile/8H7 Safari/6533.18.5"
217.5.150.154 - - [23/Oct/2011:22:40:22 +0200] "GET /kontakt/Bilder/ziehnert.jpg HTTP/1.1" 200 34204 "http://www.personal-dienstleistung.de/kontakt/kontakt%20berlin.html" "Mozilla/5.0 (iPhone; U; CPU iPhone OS 4_3_2 like Mac OS X; de-de) AppleWebKit/533.17.9 (KHTML, like Gecko) Version/5.0.2 Mobile/8H7 Safari/6533.18.5"
217.5.150.154 - - [23/Oct/2011:22:40:22 +0200] "GET /kontakt/mitarbeiter/Bredow.jpg HTTP/1.1" 200 13359 "http://www.personal-dienstleistung.de/kontakt/kontakt%20berlin.html" "Mozilla/5.0 (iPhone; U; CPU iPhone OS 4_3_2 like Mac OS X; de-de) AppleWebKit/533.17.9 (KHTML, like Gecko) Version/5.0.2 Mobile/8H7 Safari/6533.18.5"
217.5.150.154 - - [23/Oct/2011:22:40:22 +0200] "GET /kontakt/mitarbeiter/kretzschmar.jpg HTTP/1.1" 200 18462 "http://www.personal-dienstleistung.de/kontakt/kontakt%20berlin.html" "Mozilla/5.0 (iPhone; U; CPU iPhone OS 4_3_2 like Mac OS X; de-de) AppleWebKit/533.17.9 (KHTML, like Gecko) Version/5.0.2 Mobile/8H7 Safari/6533.18.5"
217.5.150.154 - - [23/Oct/2011:22:40:22 +0200] "GET /kontakt/mitarbeiter/karp.jpg HTTP/1.1" 200 13372 "http://www.personal-dienstleistung.de/kontakt/kontakt%20berlin.html" "Mozilla/5.0 (iPhone; U; CPU iPhone OS 4_3_2 like Mac OS X; de-de) AppleWebKit/533.17.9 (KHTML, like Gecko) Version/5.0.2 Mobile/8H7 Safari/6533.18.5"
217.5.150.154 - - [23/Oct/2011:22:40:22 +0200] "GET /kontakt/mitarbeiter/Lietzenberger.jpg HTTP/1.1" 200 22418 "http://www.personal-dienstleistung.de/kontakt/kontakt%20berlin.html" "Mozilla/5.0 (iPhone; U; CPU iPhone OS 4_3_2 like Mac OS X; de-de) AppleWebKit/533.17.9 (KHTML, like Gecko) Version/5.0.2 Mobile/8H7 Safari/6533.18.5"
217.5.150.154 - - [23/Oct/2011:22:40:22 +0200] "GET /kontakt/Bilder/Mitarbeiter%20Perso/FrauEngel.jpg HTTP/1.1" 200 14742 "http://www.personal-dienstleistung.de/kontakt/kontakt%20berlin.html" "Mozilla/5.0 (iPhone; U; CPU iPhone OS 4_3_2 like Mac OS X; de-de) AppleWebKit/533.17.9 (KHTML, like Gecko) Version/5.0.2 Mobile/8H7 Safari/6533.18.5"
217.5.150.154 - - [23/Oct/2011:22:40:22 +0200] "GET /kontakt/mitarbeiter/wegner.jpg HTTP/1.1" 200 15316 "http://www.personal-dienstleistung.de/kontakt/kontakt%20berlin.html" "Mozilla/5.0 (iPhone; U; CPU iPhone OS 4_3_2 like Mac OS X; de-de) AppleWebKit/533.17.9 (KHTML, like Gecko) Version/5.0.2 Mobile/8H7 Safari/6533.18.5"
66.249.72.225 - - [23/Oct/2011:22:53:53 +0200] "GET /Anfahrt/Bilder/images/karte-berlin_01_01.gif HTTP/1.1" 200 19866 "-" "Googlebot-Image/1.0"
66.249.72.225 - - [23/Oct/2011:22:58:53 +0200] "GET /Anfahrt/Bilder/images/karte-berlin_01_02.gif HTTP/1.1" 200 15953 "-" "Googlebot-Image/1.0"
93.219.161.149 - - [24/Oct/2011:00:44:36 +0200] "GET / HTTP/1.1" 302 - "-" "Mozilla/5.0 (Windows; U; Windows NT 6.0; de; rv:1.9.2.3) Gecko/20100401 Firefox/3.6.3 ( .NET CLR 3.5.30729)"
92.225.81.193 - - [24/Oct/2011:01:06:32 +0200] "GET / HTTP/1.1" 302 - "http://www.jobpoint-berlin.de/jobboerse/details.php?kennziffer=101993" "Mozilla/5.0 (Windows NT 6.1; rv:7.0.1) Gecko/20100101 Firefox/7.0.1"
67.195.111.217 - - [24/Oct/2011:02:25:22 +0200] "GET /referenzen.html HTTP/1.0" 200 6836 "-" "Mozilla/5.0 (compatible; Yahoo! Slurp; http://help.yahoo.com/help/us/ysearch/slurp)"
67.195.111.217 - - [24/Oct/2011:03:52:50 +0200] "GET /refall.html HTTP/1.0" 200 10444 "-" "Mozilla/5.0 (compatible; Yahoo! Slurp; http://help.yahoo.com/help/us/ysearch/slurp)"
67.195.111.217 - - [24/Oct/2011:06:20:19 +0200] "GET /kontakt/kontakt%20waren.html HTTP/1.0" 200 8546 "-" "Mozilla/5.0 (compatible; Yahoo! Slurp; http://help.yahoo.com/help/us/ysearch/slurp)"
85.25.71.15 - - [24/Oct/2011:08:51:52 +0200] "GET / HTTP/1.1" 302 - "-" "Mozilla/5.0 (X11; U; Linux i686; en-US; rv:1.9.0.1) Gecko/2008070206 Firefox/3.0.1"
213.61.58.138 - - [24/Oct/2011:09:13:34 +0200] "GET / HTTP/1.1" 302 - "http://www.gelbeseiten.de/yp/122//subscriberlist_search.yp?sessionDataString=H4sIAAAAAAAAAF2OS0%2FDMBCEf02Ornb9tvYElXgcEBVIXCun2YSgNAm2KZRfTw5UKOxtVjPfDFoZDLbcisYfrNCmrUUIIYpG-pmigto0PVjjlWgPgSUpSlbzJJaaSuS-p8iNvn%2FZ-pmcJ7J7tLUpXg89pw-pxo7iNaehH0kvbk4d12Ofhz5f0qsX-pZJiw5ljOrxSg0tjUUpZev-pFvCHC5WhCmkEBnTA4g5o-p0SltHX0ZuTFSA9IZ1UYjGgj0jXQ1r5fdAd3nKZV94oFPcTwwPSAYq6XUwdCjBFwYO6AngbRdhyv1j1a5Lb3oZZVbzK0yDo3yEhz9ACj38RplAQAA&at=yp&kindOfSearch=tradesearch&subject=Personaldienstleistungen&location=Berlin&x=43&y=23&distance=-1&execute=Suchen&sort=sort_relevance&sort=sort_relevance&suggest_choose=on¬iceName=Name+des+Merkzettels¬iceTargetUrl=http%3A%2F%2Fwww.gelbeseiten.de%2Fyp%2F122%2Fmeinegelbeseiten%2FajaxSpeicherMerkzettel.yp%3FsessionDataString%3DH4sIAAAAAAAAAF2OS0%2FDMBCEf02Ornb9tvYElXgcEBVIXCun2YSgNAm2KZRfTw5UKOxtVjPfDFoZDLbcisYfrNCmrUUIIYpG-pmigto0PVjjlWgPgSUpSlbzJJaaSuS-p8iNvn%2FZ-pmcJ7J7tLUpXg89pw-pxo7iNaehH0kvbk4d12Ofhz5f0qsX-pZJiw5ljOrxSg0tjUUpZev-pFvCHC5WhCmkEBnTA4g5o-p0SltHX0ZuTFSA9IZ1UYjGgj0jXQ1r5fdAd3nKZV94oFPcTwwPSAYq6XUwdCjBFwYO6AngbRdhyv1j1a5Lb3oZZVbzK0yDo3yEhz9ACj38RplAQAA" "Mozilla/5.0 (Windows NT 5.1; rv:7.0.1) Gecko/20100101 Firefox/7.0.1"
66.249.72.225 - - [24/Oct/2011:09:34:38 +0200] "GET /robots.txt HTTP/1.1" 404 1256 "-" "Mozilla/5.0 (compatible; Googlebot/2.1; +http://www.google.com/bot.html)"
66.249.72.225 - - [24/Oct/2011:09:34:38 +0200] "GET / HTTP/1.1" 302 - "-" "Mozilla/5.0 (compatible; Googlebot/2.1; +http://www.google.com/bot.html)"
93.206.56.159 - - [24/Oct/2011:09:45:08 +0200] "GET / HTTP/1.1" 302 - "http://www.google.de/url?sa=t&rct=j&q=k%20und%20k%20personalservice&source=web&cd=4&ved=0CDgQoAIwAw&url=http%3A%2F%2Fwww.personal-dienstleistung.de%2F&ei=EBelTpmoHcf3sgbis9CkCQ&usg=AFQjCNGG8qIxAIusv-vnrtTv4JmZ2Fyhmw" "Mozilla/5.0 (Windows; U; Windows NT 5.1; de; rv:1.9.2) Gecko/20100115 Firefox/3.6 (.NET CLR 3.5.30729)"
78.52.227.92 - - [24/Oct/2011:09:45:43 +0200] "GET / HTTP/1.1" 302 - "-" "Mozilla/5.0 (Linux; U; Android 2.3.3; de-de; GT-I9100 Build/GINGERBREAD) AppleWebKit/533.1 (KHTML, like Gecko) Version/4.0 Mobile Safari/533.1"
176.31.246.150 - - [24/Oct/2011:10:01:38 +0200] "GET /kontakt/kontakt%20waren.html HTTP/1.1" 200 8546 "-" "Mozilla/5.0 (X11; Linux i686; rv:6.0) Gecko/20100101 Firefox/6.0"
66.249.72.225 - - [24/Oct/2011:10:06:44 +0200] "GET / HTTP/1.1" 302 - "-" "DoCoMo/2.0 N905i(c100;TB;W24H16) (compatible; Googlebot-Mobile/2.1; +http://www.google.com/bot.html)"
84.190.148.118 - - [24/Oct/2011:10:16:03 +0200] "GET / HTTP/1.1" 302 - "http://www.jobpoint-berlin.de/jobboerse/details.php?kennziffer=101993" "Mozilla/4.0 (compatible; MSIE 8.0; Windows NT 6.1; WOW64; Trident/4.0; SLCC2; .NET CLR 2.0.50727; .NET CLR 3.5.30729; .NET CLR 3.0.30729; .NET4.0C; .NET4.0E)"
80.153.197.145 - - [24/Oct/2011:10:33:24 +0200] "GET / HTTP/1.1" 302 - "http://jobboerse.arbeitsagentur.de/vamJB/stellenangeboteFinden.html?execution=e2s1&_eventId_detailView&benc=tuddNX2VPR7l%2BODFQ%2BBDv0mrAVkGFYVnKcj25OvsDuQAgLcIJ6EVfg%3D%3D&benc=gcsvw%2FMkA9zzB12aZCMatr4aKb4gjbZhx8ud1TJY9Gsyli43qWWqsskb4KrkotxXmVwXnaSVNQ4%3D&benc=Sa%2BdRKGY%2BHdp6njDmXfU4AX9mk82eLZ3RuAEFWdtgXi27EC0Szb9BLllWbm4IKqcpD9woS%2FlOp%2FRhAYtfud9n7JX%2FlY3uUsI%2FAyjxlFvhrc%3D&benc=XzkF4yWTkty1F5YqHFH7KIYwxcmM7MTzgJk0C5Xh0%2FQM5KuZIlzFtg%3D%3D" "Mozilla/5.0 (Windows; U; Windows NT 6.1; de; rv:1.9.2.10) Gecko/20100914 Firefox/3.6.10"
95.108.128.242 - - [24/Oct/2011:10:38:13 +0200] "GET / HTTP/1.1" 302 - "-" "Mozilla/5.0 (compatible; YandexBot/3.0; +http://yandex.com/bots)"
67.195.111.217 - - [24/Oct/2011:10:44:24 +0200] "GET /robots.txt HTTP/1.0" 404 1256 "-" "Mozilla/5.0 (compatible; Yahoo! Slurp; http://help.yahoo.com/help/us/ysearch/slurp)"
67.195.111.217 - - [24/Oct/2011:10:44:25 +0200] "GET /kompetenz/service.html HTTP/1.0" 200 4628 "-" "Mozilla/5.0 (compatible; Yahoo! Slurp; http://help.yahoo.com/help/us/ysearch/slurp)"
208.80.194.28 - - [24/Oct/2011:10:59:48 +0200] "GET / HTTP/1.0" 302 - "-" "Mozilla/4.0 (compatible; MSIE 6.0; Windows NT 5.1; SV1; FunWebProducts; InfoPath.1; .NET CLR 1.1.4322; .NET CLR 2.0.50727; .NET CLR 3.0.04506.30)"
79.201.88.112 - - [24/Oct/2011:11:26:59 +0200] "GET / HTTP/1.1" 302 - "-" "Opera/9.80 (Windows NT 5.1; U; de) Presto/2.9.168 Version/11.52"
217.231.196.248 - - [24/Oct/2011:11:30:34 +0200] "GET / HTTP/1.1" 302 - "-" "Mozilla/4.0 (compatible; MSIE 8.0; Windows NT 5.1; Trident/4.0; .NET CLR 1.1.4322; .NET CLR 2.0.50727; .NET CLR 3.0.4506.2152; .NET CLR 3.5.30729)"
65.111.171.90 - - [24/Oct/2011:11:30:46 +0200] "GET /robots.txt HTTP/1.0" 404 1256 "-" "Gigabot/3.0 (http://www.gigablast.com/spider.html)"
65.111.171.90 - - [24/Oct/2011:11:30:47 +0200] "GET / HTTP/1.0" 302 - "-" "Gigabot/3.0 (http://www.gigablast.com/spider.html)"
87.123.88.28 - - [24/Oct/2011:12:31:18 +0200] "GET / HTTP/1.1" 302 - "http://www.gelbeseiten.de/yp/122/search.yp?sessionDataString=&at=yp&kindOfSearch=tradesearch&subject=Zeitarbeit&location=berlin&distance=-1&execute=&suggest_choose=on&x=36&y=11&rz=122" "Mozilla/4.0 (compatible; MSIE 8.0; Windows NT 5.1; Trident/4.0)"
79.216.122.116 - - [24/Oct/2011:13:22:04 +0200] "GET / HTTP/1.1" 302 - "http://www.jobpoint-berlin.de/jobboerse/details.php?kennziffer=100729" "Mozilla/5.0 (Windows NT 6.1; WOW64; rv:7.0.1) Gecko/20100101 Firefox/7.0.1"
94.135.142.93 - - [24/Oct/2011:13:55:15 +0200] "GET / HTTP/1.1" 302 - "http://www.agentur-zeitarbeit.de/component/option,com_afz_category/id,96/subcat,142/" "Mozilla/5.0 (Windows NT 5.1) AppleWebKit/535.1 (KHTML, like Gecko) Chrome/14.0.835.202 Safari/535.1"
88.73.149.99 - - [24/Oct/2011:13:59:17 +0200] "GET /favicon.ico HTTP/1.1" 404 1256 "-" "Mozilla/4.0 (compatible; MSIE 7.0; Windows NT 5.1; Trident/4.0; GTB7.1; EasyBits GO v1.0; InfoPath.2)"
87.139.27.48 - - [24/Oct/2011:13:59:26 +0200] "GET / HTTP/1.1" 302 - "http://www.google.de/url?sa=t&rct=j&q=k%26k%20industriebau%20und%20personalbetreuungs%20gmbh%20berlin&source=web&cd=4&ved=0CFAQFjAD&url=http%3A%2F%2Fwww.personal-dienstleistung.de%2F&ei=dlKlTuj-Isresga2iLzyAg&usg=AFQjCNGG8qIxAIusv-vnrtTv4JmZ2Fyhmw" "Mozilla/4.0 (compatible; MSIE 8.0; Windows NT 5.2; Trident/4.0; .NET CLR 1.1.4322; .NET CLR 2.0.50727; .NET CLR 3.0.4506.2152; .NET CLR 3.5.30729)"
78.52.232.10 - - [24/Oct/2011:14:40:45 +0200] "GET / HTTP/1.1" 302 - "http://www.gelbeseiten.de/yp/122/search.yp?sessionDataString=H4sIAAAAAAAAAEWHMQ7CMAwAX8NoybbcOJF3YKxAakeUEFewoSQLvycbw-pnuKIhUxCDgSgSChSHXkiBVL1gSlaoH8KISUNiYLH0%2FJic-p95Hb6P4ePudyf%2Fzf4mi5evfcni8bQHZFW9Fusza0fUonR6CktESO9gP5tOTahgAAAA-e-e&at=yp&kindOfSearch=tradesearch&subject=Zeitarbeit&location=berlin&x=0&y=0&distance=-1&execute=Suchen&suggest_choose=on&rz=122" "Mozilla/5.0 (Windows NT 5.1; rv:7.0.1) Gecko/20100101 Firefox/7.0.1"
94.222.214.96 - - [24/Oct/2011:15:30:03 +0200] "GET / HTTP/1.1" 302 - "http://jobboerse.arbeitsagentur.de/vamJB/stellenangeboteFinden.html?execution=e5s1&_eventId_detailView&benc=dIRMEa%2BJ6rTfyuVnUfwLZY4wOaziinscYew14VN7DVrk%2FIkeeTEtuQ%3D%3D&benc=VzgHHmducbjwz08LDqnnYHNAXjpp6Nn12dM%2FsnCnCeLs0FoWks%2B4nYZCOL37fu69b6FE0RGgP9s%3D&benc=c9IKFp7qwk0gzeC20ua1z0DTeSiTwR6bcGX7KhE0f5%2F%2BiprT0vJRCEfsZQUT3XlA2GS5EzF4L%2BE%3D&benc=wKUkmaCYAmw6x1urgve%2FizgwbYugCCesPxlzS%2BdAMlluzLu0bfwlJw%3D%3D" "Mozilla/5.0 (Windows NT 5.1; rv:7.0.1) Gecko/20100101 Firefox/7.0.1"
67.195.111.217 - - [24/Oct/2011:16:13:32 +0200] "GET /Anfahrt/anfahrt+.html HTTP/1.0" 200 3893 "-" "Mozilla/5.0 (compatible; Yahoo! Slurp; http://help.yahoo.com/help/us/ysearch/slurp)"
91.23.84.20 - - [24/Oct/2011:16:20:39 +0200] "GET /kontakt/kontakt%20berlin.html HTTP/1.1" 200 15986 "-" "Mozilla/5.0 (Windows; U; Windows NT 6.1; de; rv:1.9.2.13) Gecko/20101203 Firefox/3.6.13"
91.23.84.20 - - [24/Oct/2011:16:20:39 +0200] "GET /kontakt/Bilder/Mitarbeiter%20Perso/FrauMuhsalneu.jpg HTTP/1.1" 200 31185 "http://www.personal-dienstleistung.de/kontakt/kontakt%20berlin.html" "Mozilla/5.0 (Windows; U; Windows NT 6.1; de; rv:1.9.2.13) Gecko/20101203 Firefox/3.6.13"
91.23.84.20 - - [24/Oct/2011:16:20:39 +0200] "GET /kontakt/Bilder/Mitarbeiter%20Perso/FrauStammbergerneu.jpg HTTP/1.1" 200 32601 "http://www.personal-dienstleistung.de/kontakt/kontakt%20berlin.html" "Mozilla/5.0 (Windows; U; Windows NT 6.1; de; rv:1.9.2.13) Gecko/20101203 Firefox/3.6.13"
91.23.84.20 - - [24/Oct/2011:16:20:39 +0200] "GET /kontakt/Bilder/ziehnert.jpg HTTP/1.1" 200 34204 "http://www.personal-dienstleistung.de/kontakt/kontakt%20berlin.html" "Mozilla/5.0 (Windows; U; Windows NT 6.1; de; rv:1.9.2.13) Gecko/20101203 Firefox/3.6.13"
91.23.84.20 - - [24/Oct/2011:16:20:39 +0200] "GET /kontakt/mitarbeiter/zietal.jpg HTTP/1.1" 200 13399 "http://www.personal-dienstleistung.de/kontakt/kontakt%20berlin.html" "Mozilla/5.0 (Windows; U; Windows NT 6.1; de; rv:1.9.2.13) Gecko/20101203 Firefox/3.6.13"
91.23.84.20 - - [24/Oct/2011:16:20:39 +0200] "GET /kontakt/mitarbeiter/Ramona%20Greenhalgh.JPG HTTP/1.1" 200 23273 "http://www.personal-dienstleistung.de/kontakt/kontakt%20berlin.html" "Mozilla/5.0 (Windows; U; Windows NT 6.1; de; rv:1.9.2.13) Gecko/20101203 Firefox/3.6.13"
91.23.84.20 - - [24/Oct/2011:16:20:39 +0200] "GET /kontakt/mitarbeiter/sucrow.jpg HTTP/1.1" 200 13378 "http://www.personal-dienstleistung.de/kontakt/kontakt%20berlin.html" "Mozilla/5.0 (Windows; U; Windows NT 6.1; de; rv:1.9.2.13) Gecko/20101203 Firefox/3.6.13"
91.23.84.20 - - [24/Oct/2011:16:20:39 +0200] "GET /kontakt/mitarbeiter/Bredow.jpg HTTP/1.1" 200 13359 "http://www.personal-dienstleistung.de/kontakt/kontakt%20berlin.html" "Mozilla/5.0 (Windows; U; Windows NT 6.1; de; rv:1.9.2.13) Gecko/20101203 Firefox/3.6.13"
91.23.84.20 - - [24/Oct/2011:16:20:39 +0200] "GET /kontakt/mitarbeiter/kretzschmar.jpg HTTP/1.1" 200 18462 "http://www.personal-dienstleistung.de/kontakt/kontakt%20berlin.html" "Mozilla/5.0 (Windows; U; Windows NT 6.1; de; rv:1.9.2.13) Gecko/20101203 Firefox/3.6.13"
91.23.84.20 - - [24/Oct/2011:16:20:39 +0200] "GET /kontakt/mitarbeiter/karp.jpg HTTP/1.1" 200 13372 "http://www.personal-dienstleistung.de/kontakt/kontakt%20berlin.html" "Mozilla/5.0 (Windows; U; Windows NT 6.1; de; rv:1.9.2.13) Gecko/20101203 Firefox/3.6.13"
91.23.84.20 - - [24/Oct/2011:16:20:39 +0200] "GET /kontakt/mitarbeiter/Lietzenberger.jpg HTTP/1.1" 200 22418 "http://www.personal-dienstleistung.de/kontakt/kontakt%20berlin.html" "Mozilla/5.0 (Windows; U; Windows NT 6.1; de; rv:1.9.2.13) Gecko/20101203 Firefox/3.6.13"
91.23.84.20 - - [24/Oct/2011:16:20:39 +0200] "GET /kontakt/Bilder/Mitarbeiter%20Perso/FrauEngel.jpg HTTP/1.1" 200 14742 "http://www.personal-dienstleistung.de/kontakt/kontakt%20berlin.html" "Mozilla/5.0 (Windows; U; Windows NT 6.1; de; rv:1.9.2.13) Gecko/20101203 Firefox/3.6.13"
91.23.84.20 - - [24/Oct/2011:16:20:39 +0200] "GET /kontakt/mitarbeiter/wegner.jpg HTTP/1.1" 200 15316 "http://www.personal-dienstleistung.de/kontakt/kontakt%20berlin.html" "Mozilla/5.0 (Windows; U; Windows NT 6.1; de; rv:1.9.2.13) Gecko/20101203 Firefox/3.6.13"
91.23.84.20 - - [24/Oct/2011:16:20:40 +0200] "GET /favicon.ico HTTP/1.1" 404 1256 "-" "Mozilla/5.0 (Windows; U; Windows NT 6.1; de; rv:1.9.2.13) Gecko/20101203 Firefox/3.6.13"
91.23.84.20 - - [24/Oct/2011:16:20:40 +0200] "GET /favicon.ico HTTP/1.1" 404 1256 "-" "Mozilla/5.0 (Windows; U; Windows NT 6.1; de; rv:1.9.2.13) Gecko/20101203 Firefox/3.6.13"
91.23.84.20 - - [24/Oct/2011:16:20:43 +0200] "GET /favicon.ico HTTP/1.1" 404 1256 "-" "Mozilla/5.0 (Windows; U; Windows NT 6.1; de; rv:1.9.2.13) Gecko/20101203 Firefox/3.6.13"
195.93.60.34 - - [24/Oct/2011:16:22:21 +0200] "GET / HTTP/1.1" 302 - "http://www.gelbeseiten.de/yp/122/locationtext.yp?omit=location&sessionDataString=H4sIAAAAAAAAAFWNwW7DIBBEvyYnC4ldjLG1x0hpj1EqtccIm8VGoqQCErf9-pqL21LnNPM0MeAV69s4JHr0X/WS0mB16IRE9D8BW90700s0aFks4kjrgifPKcwolhlK5-paeX67-pIpq8PGs6cyy3Z-pOD8HmqN97SSnTnHkEQMy1Y5NbeCVGC6Ax67nUNtcC0121K400h9W//eQ1k2TqVhTn93t1yLvZfdbvFa-pbPS2DqOC9u8bOQAkZ4lnSVdBNCrpDeQTe0EpVLYVo9gwAwTmV9AXilt1IAjKPoBX6MLFhQBAAA-e&locationHitIndex=1&location=1*+Berlin%2C+Weitlingstr." "Mozilla/4.0 (compatible; MSIE 8.0; AOL 9.0; AOLBuild 4327.5201; Windows NT 5.1; Trident/4.0; InfoPath.1; .NET CLR 2.0.50727)"
93.228.71.231 - - [24/Oct/2011:16:32:17 +0200] "GET /kontakt/kontakt%20berlin.html HTTP/1.1" 200 15986 "-" "Mozilla/5.0 (Windows NT 6.1; WOW64) AppleWebKit/535.1 (KHTML, like Gecko) Chrome/14.0.835.202 Safari/535.1"
93.228.71.231 - - [24/Oct/2011:16:32:17 +0200] "GET /kontakt/Bilder/Mitarbeiter%20Perso/FrauMuhsalneu.jpg HTTP/1.1" 200 31185 "http://www.personal-dienstleistung.de/kontakt/kontakt%20berlin.html" "Mozilla/5.0 (Windows NT 6.1; WOW64) AppleWebKit/535.1 (KHTML, like Gecko) Chrome/14.0.835.202 Safari/535.1"
93.228.71.231 - - [24/Oct/2011:16:32:17 +0200] "GET /kontakt/Bilder/Mitarbeiter%20Perso/FrauStammbergerneu.jpg HTTP/1.1" 200 32601 "http://www.personal-dienstleistung.de/kontakt/kontakt%20berlin.html" "Mozilla/5.0 (Windows NT 6.1; WOW64) AppleWebKit/535.1 (KHTML, like Gecko) Chrome/14.0.835.202 Safari/535.1"
93.228.71.231 - - [24/Oct/2011:16:32:17 +0200] "GET /kontakt/Bilder/ziehnert.jpg HTTP/1.1" 200 34204 "http://www.personal-dienstleistung.de/kontakt/kontakt%20berlin.html" "Mozilla/5.0 (Windows NT 6.1; WOW64) AppleWebKit/535.1 (KHTML, like Gecko) Chrome/14.0.835.202 Safari/535.1"
93.228.71.231 - - [24/Oct/2011:16:32:17 +0200] "GET /kontakt/mitarbeiter/Ramona%20Greenhalgh.JPG HTTP/1.1" 200 23273 "http://www.personal-dienstleistung.de/kontakt/kontakt%20berlin.html" "Mozilla/5.0 (Windows NT 6.1; WOW64) AppleWebKit/535.1 (KHTML, like Gecko) Chrome/14.0.835.202 Safari/535.1"
93.228.71.231 - - [24/Oct/2011:16:32:17 +0200] "GET /kontakt/mitarbeiter/zietal.jpg HTTP/1.1" 200 13399 "http://www.personal-dienstleistung.de/kontakt/kontakt%20berlin.html" "Mozilla/5.0 (Windows NT 6.1; WOW64) AppleWebKit/535.1 (KHTML, like Gecko) Chrome/14.0.835.202 Safari/535.1"
93.228.71.231 - - [24/Oct/2011:16:32:17 +0200] "GET /kontakt/mitarbeiter/sucrow.jpg HTTP/1.1" 200 13378 "http://www.personal-dienstleistung.de/kontakt/kontakt%20berlin.html" "Mozilla/5.0 (Windows NT 6.1; WOW64) AppleWebKit/535.1 (KHTML, like Gecko) Chrome/14.0.835.202 Safari/535.1"
93.228.71.231 - - [24/Oct/2011:16:32:17 +0200] "GET /kontakt/mitarbeiter/Bredow.jpg HTTP/1.1" 200 13359 "http://www.personal-dienstleistung.de/kontakt/kontakt%20berlin.html" "Mozilla/5.0 (Windows NT 6.1; WOW64) AppleWebKit/535.1 (KHTML, like Gecko) Chrome/14.0.835.202 Safari/535.1"
93.228.71.231 - - [24/Oct/2011:16:32:18 +0200] "GET /kontakt/mitarbeiter/kretzschmar.jpg HTTP/1.1" 200 18462 "http://www.personal-dienstleistung.de/kontakt/kontakt%20berlin.html" "Mozilla/5.0 (Windows NT 6.1; WOW64) AppleWebKit/535.1 (KHTML, like Gecko) Chrome/14.0.835.202 Safari/535.1"
93.228.71.231 - - [24/Oct/2011:16:32:18 +0200] "GET /kontakt/mitarbeiter/karp.jpg HTTP/1.1" 200 13372 "http://www.personal-dienstleistung.de/kontakt/kontakt%20berlin.html" "Mozilla/5.0 (Windows NT 6.1; WOW64) AppleWebKit/535.1 (KHTML, like Gecko) Chrome/14.0.835.202 Safari/535.1"
93.228.71.231 - - [24/Oct/2011:16:32:18 +0200] "GET /kontakt/mitarbeiter/Lietzenberger.jpg HTTP/1.1" 200 22418 "http://www.personal-dienstleistung.de/kontakt/kontakt%20berlin.html" "Mozilla/5.0 (Windows NT 6.1; WOW64) AppleWebKit/535.1 (KHTML, like Gecko) Chrome/14.0.835.202 Safari/535.1"
93.228.71.231 - - [24/Oct/2011:16:32:18 +0200] "GET /kontakt/Bilder/Mitarbeiter%20Perso/FrauEngel.jpg HTTP/1.1" 200 14742 "http://www.personal-dienstleistung.de/kontakt/kontakt%20berlin.html" "Mozilla/5.0 (Windows NT 6.1; WOW64) AppleWebKit/535.1 (KHTML, like Gecko) Chrome/14.0.835.202 Safari/535.1"
93.228.71.231 - - [24/Oct/2011:16:32:18 +0200] "GET /kontakt/mitarbeiter/wegner.jpg HTTP/1.1" 200 15316 "http://www.personal-dienstleistung.de/kontakt/kontakt%20berlin.html" "Mozilla/5.0 (Windows NT 6.1; WOW64) AppleWebKit/535.1 (KHTML, like Gecko) Chrome/14.0.835.202 Safari/535.1"
93.228.71.231 - - [24/Oct/2011:16:32:18 +0200] "GET /favicon.ico HTTP/1.1" 404 1256 "-" "Mozilla/5.0 (Windows NT 6.1; WOW64) AppleWebKit/535.1 (KHTML, like Gecko) Chrome/14.0.835.202 Safari/535.1"
93.228.71.231 - - [24/Oct/2011:16:34:06 +0200] "GET /favicon.ico HTTP/1.1" 404 1256 "-" "Mozilla/5.0 (Windows NT 6.1; WOW64) AppleWebKit/535.1 (KHTML, like Gecko) Chrome/14.0.835.202 Safari/535.1"
93.228.71.231 - - [24/Oct/2011:16:35:45 +0200] "GET /kontakt/mitarbeiter/jpg HTTP/1.1" 404 1256 "-" "Mozilla/5.0 (Windows NT 6.1; WOW64) AppleWebKit/535.1 (KHTML, like Gecko) Chrome/14.0.835.202 Safari/535.1"
93.228.71.231 - - [24/Oct/2011:16:35:46 +0200] "GET /kontakt/mitarbeiter/j HTTP/1.1" 404 1256 "-" "Mozilla/5.0 (Windows NT 6.1; WOW64) AppleWebKit/535.1 (KHTML, like Gecko) Chrome/14.0.835.202 Safari/535.1"
93.228.71.231 - - [24/Oct/2011:16:35:47 +0200] "GET /kontakt/mitarbeiter/ HTTP/1.1" 403 1222 "-" "Mozilla/5.0 (Windows NT 6.1; WOW64) AppleWebKit/535.1 (KHTML, like Gecko) Chrome/14.0.835.202 Safari/535.1"
93.228.71.231 - - [24/Oct/2011:16:35:47 +0200] "GET /kontakt/mitarbeiter/ HTTP/1.1" 403 1222 "-" "Mozilla/5.0 (Windows NT 6.1; WOW64) AppleWebKit/535.1 (KHTML, like Gecko) Chrome/14.0.835.202 Safari/535.1"
93.228.71.231 - - [24/Oct/2011:16:35:47 +0200] "GET /favicon.ico HTTP/1.1" 404 1256 "-" "Mozilla/5.0 (Windows NT 6.1; WOW64) AppleWebKit/535.1 (KHTML, like Gecko) Chrome/14.0.835.202 Safari/535.1"
93.228.71.231 - - [24/Oct/2011:16:35:53 +0200] "GET /kontakt/ HTTP/1.1" 403 1222 "-" "Mozilla/5.0 (Windows NT 6.1; WOW64) AppleWebKit/535.1 (KHTML, like Gecko) Chrome/14.0.835.202 Safari/535.1"
93.228.71.231 - - [24/Oct/2011:16:35:53 +0200] "GET /favicon.ico HTTP/1.1" 404 1256 "-" "Mozilla/5.0 (Windows NT 6.1; WOW64) AppleWebKit/535.1 (KHTML, like Gecko) Chrome/14.0.835.202 Safari/535.1"
93.228.71.231 - - [24/Oct/2011:16:35:55 +0200] "GET /kontakt/ HTTP/1.1" 403 1222 "-" "Mozilla/5.0 (Windows NT 6.1; WOW64) AppleWebKit/535.1 (KHTML, like Gecko) Chrome/14.0.835.202 Safari/535.1"
93.228.71.231 - - [24/Oct/2011:16:35:56 +0200] "GET /favicon.ico HTTP/1.1" 404 1256 "-" "Mozilla/5.0 (Windows NT 6.1; WOW64) AppleWebKit/535.1 (KHTML, like Gecko) Chrome/14.0.835.202 Safari/535.1"
93.228.71.231 - - [24/Oct/2011:16:37:07 +0200] "GET /favicon.ico HTTP/1.1" 404 1256 "-" "Mozilla/5.0 (Windows NT 6.1; WOW64) AppleWebKit/535.1 (KHTML, like Gecko) Chrome/14.0.835.202 Safari/535.1"
87.149.183.92 - - [24/Oct/2011:16:40:43 +0200] "GET /kontakt/kontakt%20berlin.html HTTP/1.1" 200 15986 "-" "Mozilla/5.0 (Windows NT 6.1; WOW64) AppleWebKit/534.50 (KHTML, like Gecko) Version/5.1 Safari/534.50"
87.149.183.92 - - [24/Oct/2011:16:40:43 +0200] "GET /kontakt/Bilder/Mitarbeiter%20Perso/FrauMuhsalneu.jpg HTTP/1.1" 200 31185 "http://www.personal-dienstleistung.de/kontakt/kontakt%20berlin.html" "Mozilla/5.0 (Windows NT 6.1; WOW64) AppleWebKit/534.50 (KHTML, like Gecko) Version/5.1 Safari/534.50"
87.149.183.92 - - [24/Oct/2011:16:40:43 +0200] "GET /kontakt/Bilder/ziehnert.jpg HTTP/1.1" 200 34204 "http://www.personal-dienstleistung.de/kontakt/kontakt%20berlin.html" "Mozilla/5.0 (Windows NT 6.1; WOW64) AppleWebKit/534.50 (KHTML, like Gecko) Version/5.1 Safari/534.50"
87.149.183.92 - - [24/Oct/2011:16:40:43 +0200] "GET /kontakt/Bilder/Mitarbeiter%20Perso/FrauStammbergerneu.jpg HTTP/1.1" 200 32601 "http://www.personal-dienstleistung.de/kontakt/kontakt%20berlin.html" "Mozilla/5.0 (Windows NT 6.1; WOW64) AppleWebKit/534.50 (KHTML, like Gecko) Version/5.1 Safari/534.50"
87.149.183.92 - - [24/Oct/2011:16:40:43 +0200] "GET /kontakt/mitarbeiter/zietal.jpg HTTP/1.1" 200 13399 "http://www.personal-dienstleistung.de/kontakt/kontakt%20berlin.html" "Mozilla/5.0 (Windows NT 6.1; WOW64) AppleWebKit/534.50 (KHTML, like Gecko) Version/5.1 Safari/534.50"
87.149.183.92 - - [24/Oct/2011:16:40:43 +0200] "GET /kontakt/mitarbeiter/Ramona%20Greenhalgh.JPG HTTP/1.1" 200 23273 "http://www.personal-dienstleistung.de/kontakt/kontakt%20berlin.html" "Mozilla/5.0 (Windows NT 6.1; WOW64) AppleWebKit/534.50 (KHTML, like Gecko) Version/5.1 Safari/534.50"
87.149.183.92 - - [24/Oct/2011:16:40:43 +0200] "GET /kontakt/mitarbeiter/sucrow.jpg HTTP/1.1" 200 13378 "http://www.personal-dienstleistung.de/kontakt/kontakt%20berlin.html" "Mozilla/5.0 (Windows NT 6.1; WOW64) AppleWebKit/534.50 (KHTML, like Gecko) Version/5.1 Safari/534.50"
87.149.183.92 - - [24/Oct/2011:16:40:43 +0200] "GET /kontakt/mitarbeiter/Bredow.jpg HTTP/1.1" 200 13359 "http://www.personal-dienstleistung.de/kontakt/kontakt%20berlin.html" "Mozilla/5.0 (Windows NT 6.1; WOW64) AppleWebKit/534.50 (KHTML, like Gecko) Version/5.1 Safari/534.50"
87.149.183.92 - - [24/Oct/2011:16:40:43 +0200] "GET /kontakt/mitarbeiter/kretzschmar.jpg HTTP/1.1" 200 18462 "http://www.personal-dienstleistung.de/kontakt/kontakt%20berlin.html" "Mozilla/5.0 (Windows NT 6.1; WOW64) AppleWebKit/534.50 (KHTML, like Gecko) Version/5.1 Safari/534.50"
87.149.183.92 - - [24/Oct/2011:16:40:43 +0200] "GET /kontakt/mitarbeiter/karp.jpg HTTP/1.1" 200 13372 "http://www.personal-dienstleistung.de/kontakt/kontakt%20berlin.html" "Mozilla/5.0 (Windows NT 6.1; WOW64) AppleWebKit/534.50 (KHTML, like Gecko) Version/5.1 Safari/534.50"
87.149.183.92 - - [24/Oct/2011:16:40:43 +0200] "GET /kontakt/mitarbeiter/Lietzenberger.jpg HTTP/1.1" 200 22418 "http://www.personal-dienstleistung.de/kontakt/kontakt%20berlin.html" "Mozilla/5.0 (Windows NT 6.1; WOW64) AppleWebKit/534.50 (KHTML, like Gecko) Version/5.1 Safari/534.50"
87.149.183.92 - - [24/Oct/2011:16:40:43 +0200] "GET /kontakt/Bilder/Mitarbeiter%20Perso/FrauEngel.jpg HTTP/1.1" 200 14742 "http://www.personal-dienstleistung.de/kontakt/kontakt%20berlin.html" "Mozilla/5.0 (Windows NT 6.1; WOW64) AppleWebKit/534.50 (KHTML, like Gecko) Version/5.1 Safari/534.50"
87.149.183.92 - - [24/Oct/2011:16:40:43 +0200] "GET /kontakt/mitarbeiter/wegner.jpg HTTP/1.1" 200 15316 "http://www.personal-dienstleistung.de/kontakt/kontakt%20berlin.html" "Mozilla/5.0 (Windows NT 6.1; WOW64) AppleWebKit/534.50 (KHTML, like Gecko) Version/5.1 Safari/534.50"
87.149.183.92 - - [24/Oct/2011:16:40:44 +0200] "GET /favicon.ico HTTP/1.1" 404 1256 "http://www.personal-dienstleistung.de/kontakt/kontakt%20berlin.html" "Mozilla/5.0 (Windows NT 6.1; WOW64) AppleWebKit/534.50 (KHTML, like Gecko) Version/5.1 Safari/534.50"
74.125.78.84 - - [24/Oct/2011:16:42:16 +0200] "GET /kompetenz/getraenkelog.html HTTP/1.1" 200 5224 "-" "Mozilla/5.0 (X11; Linux x86_64) AppleWebKit/534.51 (KHTML, like Gecko; Google Web Preview) Chrome/12.0.742 Safari/534.51"
87.149.183.92 - - [24/Oct/2011:16:42:47 +0200] "GET /kontakt/ HTTP/1.1" 403 1222 "-" "Mozilla/5.0 (Windows NT 6.1; WOW64) AppleWebKit/534.50 (KHTML, like Gecko) Version/5.1 Safari/534.50"
87.149.183.92 - - [24/Oct/2011:16:42:56 +0200] "GET / HTTP/1.1" 302 - "-" "Mozilla/5.0 (Windows NT 6.1; WOW64) AppleWebKit/534.50 (KHTML, like Gecko) Version/5.1 Safari/534.50"
87.149.183.92 - - [24/Oct/2011:16:44:40 +0200] "GET / HTTP/1.1" 302 - "-" "Mozilla/5.0 (Windows NT 6.1; WOW64) AppleWebKit/534.50 (KHTML, like Gecko) Version/5.1 Safari/534.50"
93.228.71.231 - - [24/Oct/2011:16:52:23 +0200] "GET /kontakt/kontakt%20berlin.html HTTP/1.1" 304 - "-" "Mozilla/5.0 (Windows NT 6.1; WOW64) AppleWebKit/535.1 (KHTML, like Gecko) Chrome/14.0.835.202 Safari/535.1"
93.228.71.231 - - [24/Oct/2011:16:52:23 +0200] "GET /kontakt/Bilder/Mitarbeiter%20Perso/FrauMuhsalneu.jpg HTTP/1.1" 304 - "http://www.personal-dienstleistung.de/kontakt/kontakt%20berlin.html" "Mozilla/5.0 (Windows NT 6.1; WOW64) AppleWebKit/535.1 (KHTML, like Gecko) Chrome/14.0.835.202 Safari/535.1"
93.228.71.231 - - [24/Oct/2011:16:52:23 +0200] "GET /kontakt/Bilder/ziehnert.jpg HTTP/1.1" 304 - "http://www.personal-dienstleistung.de/kontakt/kontakt%20berlin.html" "Mozilla/5.0 (Windows NT 6.1; WOW64) AppleWebKit/535.1 (KHTML, like Gecko) Chrome/14.0.835.202 Safari/535.1"
93.228.71.231 - - [24/Oct/2011:16:52:23 +0200] "GET /kontakt/Bilder/Mitarbeiter%20Perso/FrauStammbergerneu.jpg HTTP/1.1" 304 - "http://www.personal-dienstleistung.de/kontakt/kontakt%20berlin.html" "Mozilla/5.0 (Windows NT 6.1; WOW64) AppleWebKit/535.1 (KHTML, like Gecko) Chrome/14.0.835.202 Safari/535.1"
93.228.71.231 - - [24/Oct/2011:16:52:23 +0200] "GET /kontakt/mitarbeiter/Ramona%20Greenhalgh.JPG HTTP/1.1" 304 - "http://www.personal-dienstleistung.de/kontakt/kontakt%20berlin.html" "Mozilla/5.0 (Windows NT 6.1; WOW64) AppleWebKit/535.1 (KHTML, like Gecko) Chrome/14.0.835.202 Safari/535.1"
93.228.71.231 - - [24/Oct/2011:16:52:23 +0200] "GET /kontakt/mitarbeiter/zietal.jpg HTTP/1.1" 304 - "http://www.personal-dienstleistung.de/kontakt/kontakt%20berlin.html" "Mozilla/5.0 (Windows NT 6.1; WOW64) AppleWebKit/535.1 (KHTML, like Gecko) Chrome/14.0.835.202 Safari/535.1"
93.228.71.231 - - [24/Oct/2011:16:52:23 +0200] "GET /kontakt/mitarbeiter/sucrow.jpg HTTP/1.1" 304 - "http://www.personal-dienstleistung.de/kontakt/kontakt%20berlin.html" "Mozilla/5.0 (Windows NT 6.1; WOW64) AppleWebKit/535.1 (KHTML, like Gecko) Chrome/14.0.835.202 Safari/535.1"
93.228.71.231 - - [24/Oct/2011:16:52:23 +0200] "GET /kontakt/mitarbeiter/kretzschmar.jpg HTTP/1.1" 304 - "http://www.personal-dienstleistung.de/kontakt/kontakt%20berlin.html" "Mozilla/5.0 (Windows NT 6.1; WOW64) AppleWebKit/535.1 (KHTML, like Gecko) Chrome/14.0.835.202 Safari/535.1"
93.228.71.231 - - [24/Oct/2011:16:52:23 +0200] "GET /kontakt/mitarbeiter/karp.jpg HTTP/1.1" 304 - "http://www.personal-dienstleistung.de/kontakt/kontakt%20berlin.html" "Mozilla/5.0 (Windows NT 6.1; WOW64) AppleWebKit/535.1 (KHTML, like Gecko) Chrome/14.0.835.202 Safari/535.1"
93.228.71.231 - - [24/Oct/2011:16:52:23 +0200] "GET /kontakt/mitarbeiter/Lietzenberger.jpg HTTP/1.1" 304 - "http://www.personal-dienstleistung.de/kontakt/kontakt%20berlin.html" "Mozilla/5.0 (Windows NT 6.1; WOW64) AppleWebKit/535.1 (KHTML, like Gecko) Chrome/14.0.835.202 Safari/535.1"
93.228.71.231 - - [24/Oct/2011:16:52:23 +0200] "GET /kontakt/Bilder/Mitarbeiter%20Perso/FrauEngel.jpg HTTP/1.1" 304 - "http://www.personal-dienstleistung.de/kontakt/kontakt%20berlin.html" "Mozilla/5.0 (Windows NT 6.1; WOW64) AppleWebKit/535.1 (KHTML, like Gecko) Chrome/14.0.835.202 Safari/535.1"
93.228.71.231 - - [24/Oct/2011:16:52:23 +0200] "GET /kontakt/mitarbeiter/wegner.jpg HTTP/1.1" 304 - "http://www.personal-dienstleistung.de/kontakt/kontakt%20berlin.html" "Mozilla/5.0 (Windows NT 6.1; WOW64) AppleWebKit/535.1 (KHTML, like Gecko) Chrome/14.0.835.202 Safari/535.1"
93.228.71.231 - - [24/Oct/2011:16:52:23 +0200] "GET /kontakt/mitarbeiter/Bredow.jpg HTTP/1.1" 304 - "http://www.personal-dienstleistung.de/kontakt/kontakt%20berlin.html" "Mozilla/5.0 (Windows NT 6.1; WOW64) AppleWebKit/535.1 (KHTML, like Gecko) Chrome/14.0.835.202 Safari/535.1"
93.228.71.231 - - [24/Oct/2011:16:52:23 +0200] "GET /favicon.ico HTTP/1.1" 404 1256 "-" "Mozilla/5.0 (Windows NT 6.1; WOW64) AppleWebKit/535.1 (KHTML, like Gecko) Chrome/14.0.835.202 Safari/535.1"
93.228.71.231 - - [24/Oct/2011:16:52:26 +0200] "GET /kontakt/kontakt%20berlin.html HTTP/1.1" 304 - "-" "Mozilla/5.0 (Windows NT 6.1; WOW64) AppleWebKit/535.1 (KHTML, like Gecko) Chrome/14.0.835.202 Safari/535.1"
93.228.71.231 - - [24/Oct/2011:16:52:26 +0200] "GET /favicon.ico HTTP/1.1" 404 1256 "-" "Mozilla/5.0 (Windows NT 6.1; WOW64) AppleWebKit/535.1 (KHTML, like Gecko) Chrome/14.0.835.202 Safari/535.1"
91.66.250.139 - - [24/Oct/2011:17:21:14 +0200] "GET / HTTP/1.1" 302 - "-" "Mozilla/5.0 (Windows NT 6.1) AppleWebKit/535.1 (KHTML, like Gecko) Chrome/14.0.835.202 Safari/535.1"
217.231.196.248 - - [24/Oct/2011:18:05:37 +0200] "GET / HTTP/1.1" 302 - "-" "Mozilla/4.0 (compatible; MSIE 8.0; Windows NT 5.1; Trident/4.0; .NET CLR 1.1.4322; .NET CLR 2.0.50727; .NET CLR 3.0.4506.2152; .NET CLR 3.5.30729)"
217.231.196.248 - - [24/Oct/2011:18:15:57 +0200] "GET / HTTP/1.1" 302 - "-" "Mozilla/4.0 (compatible; MSIE 8.0; Windows NT 5.1; Trident/4.0; .NET CLR 1.1.4322; .NET CLR 2.0.50727; .NET CLR 3.0.4506.2152; .NET CLR 3.5.30729)"
82.113.99.17 - - [24/Oct/2011:18:37:30 +0200] "GET / HTTP/1.1" 302 - "http://www.gelbeseiten.de/yp/122/search.yp?subject=Zeitarbeitsfirmen&location=Berlin&direction=regional&pid=epro&zanpid=1563591388619449347&rz=122" "Mozilla/5.0 (compatible; MSIE 9.0; Windows NT 6.1; WOW64; Trident/5.0; NP06)"
208.115.111.66 - - [24/Oct/2011:18:38:06 +0200] "GET /robots.txt HTTP/1.1" 404 1256 "-" "Mozilla/5.0 (compatible; Ezooms/1.0; ezooms.bot@gmail.com)"
217.231.196.248 - - [24/Oct/2011:18:40:09 +0200] "GET / HTTP/1.1" 302 - "-" "Mozilla/4.0 (compatible; MSIE 8.0; Windows NT 5.1; Trident/4.0; .NET CLR 1.1.4322; .NET CLR 2.0.50727; .NET CLR 3.0.4506.2152; .NET CLR 3.5.30729)"
150.70.172.105 - - [24/Oct/2011:18:40:20 +0200] "GET / HTTP/1.0" 302 - "-" "Mozilla/4.0 (compatible; MSIE 6.0; Windows NT 5.1)"
208.115.111.66 - - [24/Oct/2011:18:58:06 +0200] "GET / HTTP/1.1" 302 - "-" "Mozilla/5.0 (compatible; Ezooms/1.0; ezooms.bot@gmail.com)"
91.64.138.181 - - [24/Oct/2011:19:10:57 +0200] "GET / HTTP/1.1" 302 - "http://www.kuk-personal-dienstleistung.de/wp-content/uploads/2011/08/Stellenanzeige-kfm-Mitarbeiter.pdf" "Mozilla/5.0 (Windows; U; Windows NT 6.1; de; rv:1.9.2.10) Gecko/20100914 Firefox/3.6.10"
67.195.111.217 - - [24/Oct/2011:19:19:08 +0200] "GET /robots.txt HTTP/1.0" 404 1256 "-" "Mozilla/5.0 (compatible; Yahoo! Slurp; http://help.yahoo.com/help/us/ysearch/slurp)"
67.195.111.217 - - [24/Oct/2011:19:19:09 +0200] "GET /impressum.html HTTP/1.0" 200 8245 "-" "Mozilla/5.0 (compatible; Yahoo! Slurp; http://help.yahoo.com/help/us/ysearch/slurp)"
67.195.111.217 - - [24/Oct/2011:19:19:09 +0200] "GET /impressuminframe.html HTTP/1.0" 200 8032 "http://www.personal-dienstleistung.de/impressum.html" "Mozilla/5.0 (compatible; Yahoo! Slurp; http://help.yahoo.com/help/us/ysearch/slurp)"
85.25.71.15 - - [24/Oct/2011:19:44:26 +0200] "GET / HTTP/1.1" 302 - "-" "Mozilla/5.0 (X11; U; Linux i686; en-US; rv:1.9.0.1) Gecko/2008070206 Firefox/3.0.1"
95.168.148.165 - - [24/Oct/2011:19:56:34 +0200] "GET / HTTP/1.1" 302 - "http://www.gelbeseiten.de/yp/122/locationtext.yp?omit=location&sessionDataString=H4sIAAAAAAAAAFVNS0sEMQz-pNXNxKPQ1fZCbwrpHcUGPSzrN2MLQlbayur/eqidz-pJJ8j0RYuSq1Scsi6sA0Ostwo8j8skYXBEdPgbnVLto7A9KBmuSB6huFktueW6exP57O/yjwX-p9gbpQ71jAQUCi-p3M33VPdc5lPH2DvlfT5eEpW2pulgSsKPRgX0uHe75kEOZWSp/D241N6G44ppP3f67OB6xUiNsK4JohBw5PDE4ZkJeOHwqvioST4Ip52VP4MfXYH9FWBTznglndEcvgHGWYrBBQEAAA-e-e&locationHitIndex=2&location=1*+Berlin%2C+Hohensch%F6nhausen&rz=122" "Mozilla/5.0 (compatible; MSIE 9.0; Windows NT 6.1; WOW64; Trident/5.0)"
67.195.111.217 - - [24/Oct/2011:21:22:53 +0200] "GET /kontakt/kontakt%20polen.html HTTP/1.0" 200 10393 "-" "Mozilla/5.0 (compatible; Yahoo! Slurp; http://help.yahoo.com/help/us/ysearch/slurp)"
88.73.0.211 - - [24/Oct/2011:21:33:56 +0200] "GET / HTTP/1.1" 302 - "http://www.gelbeseiten.de/yp/122/search.yp?subject=Zeitarbeitsfirmen&location=Berlin&direction=regional&pid=epro&zanpid=1563636511583581186&rz=122" "Mozilla/5.0 (Windows; U; Windows NT 6.1; de; rv:1.9.2.23) Gecko/20110920 Firefox/3.6.23"
88.73.0.211 - - [24/Oct/2011:21:35:07 +0200] "GET / HTTP/1.1" 302 - "http://www.gelbeseiten.de/yp/122/search.yp?subject=Zeitarbeitsfirmen&location=Berlin&direction=regional&pid=epro&zanpid=1563636511583581186&rz=122" "Mozilla/5.0 (Windows; U; Windows NT 6.1; de; rv:1.9.2.23) Gecko/20110920 Firefox/3.6.23"
67.195.111.217 - - [24/Oct/2011:21:50:59 +0200] "GET /Anfahrt/anfahrtwaren.html HTTP/1.0" 200 3404 "-" "Mozilla/5.0 (compatible; Yahoo! Slurp; http://help.yahoo.com/help/us/ysearch/slurp)"
89.247.85.41 - - [24/Oct/2011:22:11:04 +0200] "GET / HTTP/1.1" 302 - "http://www.gelbeseiten.de/yp/122//subscriberlist_search.yp?sessionDataString=H4sIAAAAAAAAAI2OzU7DMBCEnyZHV16vHduaE63Ez6ECgcS1cuINDQppcUKhPD09gNTemNuM5hsNhZp0YDHKUp2UDTqoEENQLgeJznSWYqNyk3P2XQfD4MpcS3mRZuynoZ9mOfmbp81FhHjco16nqd32o4xN-pkBaShn6EfY%2FeJhLyjJJKu0WmYzBzMw13n9HXon0n7Aj7DVrHCh6Rxaf5NnWHl%2FOLJyxmnAkXlgipyO-pCVdv579uNe6mXZk3RQY5pLEVrEm72pqobcB9jNbhQeNREVbnZMUXQ5Vf4ZkD%2FKnXRTaOrXYeP4zsP5JgAQAA&at=yp&kindOfSearch=tradesearch&subject=Personaldienstleistungen&location=Berlin&x=41&y=9&distance=-1&execute=Suchen&sort=sort_relevance&sort=sort_relevance&suggest_choose=on¬iceName=Name+des+Merkzettels¬iceTargetUrl=http%3A%2F%2Fwww.gelbeseiten.de%2Fyp%2F122%2Fmeinegelbeseiten%2FajaxSpeicherMerkzettel.yp%3FsessionDataString%3DH4sIAAAAAAAAAI2OzU7DMBCEnyZHV16vHduaE63Ez6ECgcS1cuINDQppcUKhPD09gNTemNuM5hsNhZp0YDHKUp2UDTqoEENQLgeJznSWYqNyk3P2XQfD4MpcS3mRZuynoZ9mOfmbp81FhHjco16nqd32o4xN-pkBaShn6EfY%2FeJhLyjJJKu0WmYzBzMw13n9HXon0n7Aj7DVrHCh6Rxaf5NnWHl%2FOLJyxmnAkXlgipyO-pCVdv579uNe6mXZk3RQY5pLEVrEm72pqobcB9jNbhQeNREVbnZMUXQ5Vf4ZkD%2FKnXRTaOrXYeP4zsP5JgAQAA" "Mozilla/5.0 (Windows NT 6.0; rv:7.0.1) Gecko/20100101 Firefox/7.0.1"
89.204.137.158 - - [24/Oct/2011:22:35:30 +0200] "GET / HTTP/1.1" 302 - "http://www.gelbeseiten.de/yp/122/subscriberlist_pageAction.yp?sessionDataString=H4sIAAAAAAAAAFVOy2rDMBD8Gh8VtHqtxZyaQB-pH0tJCr0G25dbFOKkk0iZfX0EJSfew7AzzWPKddZ5ICTMSC9ONXnTBOuHZc-p/6MIRxFKEdBs-pthlLQjbrNJaSS41RiBXev2wuGP-p7hTvUMqasboYtpnhaYqozpPXbLlOcpn53/KLQlhSHmGFL/gYFqW9FaO3yt/0I-pieR5sCPspZY4kGdLBt/E2jjGj1Urq4wkHEmvDJGVHifCzdVX9xIPeZfKNsU5HsLSRzyStM5Yycx4IjauxbPEiyBsLsZGX6U0vMEbsQdX0aicUq1mqz1-pAQI-pOh1VAQAA&page=1&filterTrade=&filterFunction=&sortBy=sort_relevance&availableLetters=ABCDEFGHIJKLMNOPRSTUVWZ" "Mozilla/5.0 (Windows; U; Windows NT 5.1; de; rv:1.9.2) Gecko/20100115 Firefox/3.6"
82.171.39.128 - - [24/Oct/2011:23:41:41 +0200] "GET /robots.txt HTTP/1.0" 404 1256 "-" "Mozilla/5.0 (compatible; MJ12bot/v1.4.0; http://www.majestic12.co.uk/bot.php?+)"
82.171.39.128 - - [24/Oct/2011:23:41:45 +0200] "GET / HTTP/1.1" 302 - "-" "Mozilla/5.0 (compatible; MJ12bot/v1.4.0; http://www.majestic12.co.uk/bot.php?+)"
188.97.224.171 - - [25/Oct/2011:00:06:32 +0200] "GET /kompetalllay.html HTTP/1.1" 200 11702 "http://de.search.yahoo.com/search?p=k%26k%20personal%20dienste&ei=UTF-8&fr=chrf-flv" "Mozilla/5.0 (Windows NT 6.1; WOW64; rv:7.0.1) Gecko/20100101 Firefox/7.0.1"
188.97.224.171 - - [25/Oct/2011:00:06:33 +0200] "GET /images/hg1_04.gif HTTP/1.1" 200 6715 "http://www.personal-dienstleistung.de/kompetalllay.html" "Mozilla/5.0 (Windows NT 6.1; WOW64; rv:7.0.1) Gecko/20100101 Firefox/7.0.1"
188.97.224.171 - - [25/Oct/2011:00:06:33 +0200] "GET /images/hg1_13.gif HTTP/1.1" 200 3972 "http://www.personal-dienstleistung.de/kompetalllay.html" "Mozilla/5.0 (Windows NT 6.1; WOW64; rv:7.0.1) Gecko/20100101 Firefox/7.0.1"
188.97.224.171 - - [25/Oct/2011:00:06:33 +0200] "GET /images/hg1_14.gif HTTP/1.1" 200 10344 "http://www.personal-dienstleistung.de/kompetalllay.html" "Mozilla/5.0 (Windows NT 6.1; WOW64; rv:7.0.1) Gecko/20100101 Firefox/7.0.1"
188.97.224.171 - - [25/Oct/2011:00:06:33 +0200] "GET /images/hg1_15.gif HTTP/1.1" 200 789 "http://www.personal-dienstleistung.de/kompetalllay.html" "Mozilla/5.0 (Windows NT 6.1; WOW64; rv:7.0.1) Gecko/20100101 Firefox/7.0.1"
188.97.224.171 - - [25/Oct/2011:00:06:33 +0200] "GET /CSScriptLib.js HTTP/1.1" 200 74417 "http://www.personal-dienstleistung.de/kompetalllay.html" "Mozilla/5.0 (Windows NT 6.1; WOW64; rv:7.0.1) Gecko/20100101 Firefox/7.0.1"
188.97.224.171 - - [25/Oct/2011:00:06:33 +0200] "GET /images/hg1_16.gif HTTP/1.1" 200 1417 "http://www.personal-dienstleistung.de/kompetalllay.html" "Mozilla/5.0 (Windows NT 6.1; WOW64; rv:7.0.1) Gecko/20100101 Firefox/7.0.1"
188.97.224.171 - - [25/Oct/2011:00:06:33 +0200] "GET /images/hg1_17.gif HTTP/1.1" 200 1597 "http://www.personal-dienstleistung.de/kompetalllay.html" "Mozilla/5.0 (Windows NT 6.1; WOW64; rv:7.0.1) Gecko/20100101 Firefox/7.0.1"
188.97.224.171 - - [25/Oct/2011:00:06:33 +0200] "GET /images/hg1_18.gif HTTP/1.1" 200 1911 "http://www.personal-dienstleistung.de/kompetalllay.html" "Mozilla/5.0 (Windows NT 6.1; WOW64; rv:7.0.1) Gecko/20100101 Firefox/7.0.1"
