208.115.111.243 - - [18/Feb/2011:16:00:48 +0100] "GET /robots.txt HTTP/1.1" 404 1256 "-" "Mozilla/5.0 (compatible; DotBot/1.1; http://www.dotnetdotcom.org/, crawler@dotnetdotcom.org)"
66.249.66.141 - - [18/Feb/2011:16:01:00 +0100] "GET /kontakt/Bilder/Mitarbeiter%20Perso/FrauMuhsalneu.jpg HTTP/1.1" 304 - "-" "Googlebot-Image/1.0"
66.249.71.68 - - [18/Feb/2011:16:06:42 +0100] "GET /kontakt/Bilder/Mitarbeiter%20Perso/no.jpg HTTP/1.1" 304 - "-" "Googlebot-Image/1.0"
66.249.66.141 - - [18/Feb/2011:16:12:24 +0100] "GET /kontakt/mitarbeiter/Ramona%20Greenhalgh.JPG HTTP/1.1" 304 - "-" "Googlebot-Image/1.0"
66.249.66.141 - - [18/Feb/2011:16:18:06 +0100] "GET /kontakt/mitarbeiter/wegner.jpg HTTP/1.1" 304 - "-" "Googlebot-Image/1.0"
66.249.66.141 - - [18/Feb/2011:16:23:48 +0100] "GET /kontakt/mitarbeiter/sucrow.jpg HTTP/1.1" 304 - "-" "Googlebot-Image/1.0"
67.195.114.233 - - [18/Feb/2011:16:24:46 +0100] "GET /robots.txt HTTP/1.0" 404 1256 "-" "Mozilla/5.0 (compatible; Yahoo! Slurp; http://help.yahoo.com/help/us/ysearch/slurp)"
67.195.114.233 - - [18/Feb/2011:16:24:47 +0100] "GET /Bilder/Thumbs.db HTTP/1.0" 200 255488 "-" "Mozilla/5.0 (compatible; Yahoo! Slurp; http://help.yahoo.com/help/us/ysearch/slurp)"
66.249.71.68 - - [18/Feb/2011:16:29:30 +0100] "GET /kontakt/mitarbeiter/Lietzenberger.jpg HTTP/1.1" 304 - "-" "Googlebot-Image/1.0"
66.249.71.68 - - [18/Feb/2011:16:35:12 +0100] "GET /kontakt/mitarbeiter/Bredow.jpg HTTP/1.1" 304 - "-" "Googlebot-Image/1.0"
66.249.66.141 - - [18/Feb/2011:16:40:54 +0100] "GET /kontakt/Bilder/Mitarbeiter%20Perso/FrauEngel.jpg HTTP/1.1" 304 - "-" "Googlebot-Image/1.0"
66.249.66.141 - - [18/Feb/2011:16:46:36 +0100] "GET /kontakt/mitarbeiter/kretzschmar.jpg HTTP/1.1" 304 - "-" "Googlebot-Image/1.0"
66.249.66.141 - - [18/Feb/2011:16:52:18 +0100] "GET /kontakt/Bilder/Nancy_Schmidtke.jpg HTTP/1.1" 304 - "-" "Googlebot-Image/1.0"
66.249.66.141 - - [18/Feb/2011:16:58:00 +0100] "GET /kontakt/Bilder/Mitarbeiter%20Perso/FrauBroecker.jpg HTTP/1.1" 304 - "-" "Googlebot-Image/1.0"
207.46.13.138 - - [18/Feb/2011:17:00:37 +0100] "GET /robots.txt HTTP/1.1" 404 1256 "-" "Mozilla/5.0 (compatible; bingbot/2.0; +http://www.bing.com/bingbot.htm)"
207.46.13.138 - - [18/Feb/2011:17:01:11 +0100] "GET /Anfahrt/anfahrtHannover2.html HTTP/1.1" 304 - "-" "Mozilla/5.0 (compatible; bingbot/2.0; +http://www.bing.com/bingbot.htm)"
66.249.71.68 - - [18/Feb/2011:17:03:42 +0100] "GET /kontakt/Bilder/Mitarbeiter%20Perso/FrauStammbergerneu.jpg HTTP/1.1" 304 - "-" "Googlebot-Image/1.0"
66.249.66.141 - - [18/Feb/2011:17:09:24 +0100] "GET /kontakt/mitarbeiter/zietal.jpg HTTP/1.1" 304 - "-" "Googlebot-Image/1.0"
188.102.35.102 - - [18/Feb/2011:17:09:39 +0100] "GET / HTTP/1.1" 302 - "-" "Mozilla/5.0 (Windows; U; Windows NT 6.0; en-US) AppleWebKit/534.13 (KHTML, like Gecko) Chrome/9.0.597.98 Safari/534.13"
208.115.111.243 - - [18/Feb/2011:17:13:23 +0100] "GET /kompetenz/Hotelservicedienstl.html HTTP/1.1" 200 5322 "-" "Mozilla/5.0 (compatible; DotBot/1.1; http://www.dotnetdotcom.org/, crawler@dotnetdotcom.org)"
208.115.111.243 - - [18/Feb/2011:17:13:28 +0100] "GET /kompetenz/konfektionierung.html HTTP/1.1" 200 6064 "-" "Mozilla/5.0 (compatible; DotBot/1.1; http://www.dotnetdotcom.org/, crawler@dotnetdotcom.org)"
208.115.111.243 - - [18/Feb/2011:17:13:33 +0100] "GET /referenz/referenzenberl.html HTTP/1.1" 200 3591 "-" "Mozilla/5.0 (compatible; DotBot/1.1; http://www.dotnetdotcom.org/, crawler@dotnetdotcom.org)"
208.115.111.243 - - [18/Feb/2011:17:13:38 +0100] "GET /referenz/referenzenhannover.html HTTP/1.1" 200 3149 "-" "Mozilla/5.0 (compatible; DotBot/1.1; http://www.dotnetdotcom.org/, crawler@dotnetdotcom.org)"
208.115.111.243 - - [18/Feb/2011:17:13:43 +0100] "GET /referenz/referenzenpolen.html HTTP/1.1" 200 1623 "-" "Mozilla/5.0 (compatible; DotBot/1.1; http://www.dotnetdotcom.org/, crawler@dotnetdotcom.org)"
208.115.111.243 - - [18/Feb/2011:17:13:48 +0100] "GET /referenz/referenzenwaren.html HTTP/1.1" 200 2928 "-" "Mozilla/5.0 (compatible; DotBot/1.1; http://www.dotnetdotcom.org/, crawler@dotnetdotcom.org)"
66.249.66.141 - - [18/Feb/2011:17:15:06 +0100] "GET /kontakt/mitarbeiter/karp.jpg HTTP/1.1" 304 - "-" "Googlebot-Image/1.0"
66.249.66.141 - - [18/Feb/2011:17:20:48 +0100] "GET /kontakt/Bilder/ziehnert.jpg HTTP/1.1" 304 - "-" "Googlebot-Image/1.0"
66.249.66.141 - - [18/Feb/2011:17:26:30 +0100] "GET /Anfahrt/Bilder/images/karte-berlin_01_01.gif HTTP/1.1" 304 - "-" "Googlebot-Image/1.0"
66.249.72.225 - - [18/Feb/2011:17:32:12 +0100] "GET /robots.txt HTTP/1.1" 404 1256 "-" "Googlebot-Image/1.0"
66.249.72.225 - - [18/Feb/2011:17:32:13 +0100] "GET /Anfahrt/Bilder/images/karte-berlin_01_02.gif HTTP/1.1" 304 - "-" "Googlebot-Image/1.0"
66.249.72.225 - - [18/Feb/2011:17:37:54 +0100] "GET /Anfahrt/Bilder/ANFAHRTHan_01.gif HTTP/1.1" 304 - "-" "Googlebot-Image/1.0"
66.249.72.225 - - [18/Feb/2011:17:43:36 +0100] "GET /kontakt/Bilder/Mitarbeiter%20Perso/Frauschneider.jpg HTTP/1.1" 304 - "-" "Googlebot-Image/1.0"
207.46.199.179 - - [18/Feb/2011:17:44:24 +0100] "GET /robots.txt HTTP/1.1" 404 1256 "-" "Mozilla/5.0 (compatible; bingbot/2.0; +http://www.bing.com/bingbot.htm)"
66.249.72.225 - - [18/Feb/2011:17:49:18 +0100] "GET /Anfahrt/Bilder/ANFAHRTHan_02.gif HTTP/1.1" 304 - "-" "Googlebot-Image/1.0"
66.249.72.225 - - [18/Feb/2011:17:55:00 +0100] "GET /Anfahrt/Bilder/warenkarte.jpg HTTP/1.1" 304 - "-" "Googlebot-Image/1.0"
80.187.106.183 - - [18/Feb/2011:17:55:01 +0100] "GET / HTTP/1.1" 302 - "-" "Mozilla/4.0 (compatible; MSIE 8.0; Windows NT 5.1; Trident/4.0; .NET CLR 1.1.4322; .NET CLR 2.0.50727; .NET CLR 3.0.4506.2152; .NET CLR 3.5.30729)"
66.249.72.225 - - [18/Feb/2011:18:00:42 +0100] "GET /Anfahrt/Bilder/Laden.jpg HTTP/1.1" 304 - "-" "Googlebot-Image/1.0"
80.187.106.183 - - [18/Feb/2011:18:06:22 +0100] "GET / HTTP/1.1" 302 - "-" "Mozilla/5.0 (Windows; U; Windows NT 5.1; de; rv:1.9.2.13) Gecko/20101203 Firefox/3.6.13 ( .NET CLR 3.5.30729)"
66.249.72.225 - - [18/Feb/2011:18:06:25 +0100] "GET /Anfahrt/Bilder/ANFAHRTPolen_01.gif HTTP/1.1" 304 - "-" "Googlebot-Image/1.0"
66.249.72.225 - - [18/Feb/2011:18:12:06 +0100] "GET /Anfahrt/Bilder/ANFAHRTPolen_02.gif HTTP/1.1" 304 - "-" "Googlebot-Image/1.0"
67.195.114.233 - - [18/Feb/2011:18:14:09 +0100] "GET /kompetenz/service.html HTTP/1.0" 200 4628 "-" "Mozilla/5.0 (compatible; Yahoo! Slurp; http://help.yahoo.com/help/us/ysearch/slurp)"
66.249.72.225 - - [18/Feb/2011:18:23:30 +0100] "GET /Anfahrt/Bilder/ANFAHRTWaren_01.gif HTTP/1.1" 304 - "-" "Googlebot-Image/1.0"
66.249.72.225 - - [18/Feb/2011:18:29:12 +0100] "GET /Anfahrt/Bilder/ANFAHRTWaren_02.gif HTTP/1.1" 304 - "-" "Googlebot-Image/1.0"
88.131.106.5 - - [18/Feb/2011:18:31:19 +0100] "GET /robots.txt HTTP/1.0" 404 1256 "-" "Mozilla/5.0 (Windows; U; Windows NT 5.1; en-US) Speedy Spider (http://www.entireweb.com/about/search_tech/speedy_spider/)"
88.131.106.5 - - [18/Feb/2011:18:31:19 +0100] "GET /Anfahrt/anfahrtpolen.html HTTP/1.0" 200 3753 "-" "Mozilla/5.0 (Windows; U; Windows NT 5.1; en-US) Speedy Spider (http://www.entireweb.com/about/search_tech/speedy_spider/)"
66.249.72.225 - - [18/Feb/2011:18:34:54 +0100] "GET /kompetenz/bilder/einpackkasten.jpg HTTP/1.1" 304 - "-" "Googlebot-Image/1.0"
66.249.72.225 - - [18/Feb/2011:18:40:36 +0100] "GET /kompetenz/bilder/servicetextfeld.jpg HTTP/1.1" 304 - "-" "Googlebot-Image/1.0"
66.249.72.225 - - [18/Feb/2011:18:46:18 +0100] "GET /kompetenz/bilder/kastenwerk.jpg HTTP/1.1" 304 - "-" "Googlebot-Image/1.0"
66.249.72.225 - - [18/Feb/2011:18:52:00 +0100] "GET /Anfahrt/Bilder/ANFAHRTHan2.jpg HTTP/1.1" 304 - "-" "Googlebot-Image/1.0"
66.249.72.225 - - [18/Feb/2011:18:57:43 +0100] "GET /Bilder/referenzen/referenzen_06.gif HTTP/1.1" 304 - "-" "Googlebot-Image/1.0"
66.249.72.225 - - [18/Feb/2011:19:03:25 +0100] "GET /Bilder/referenzen/referenzen_09.gif HTTP/1.1" 304 - "-" "Googlebot-Image/1.0"
66.249.72.225 - - [18/Feb/2011:19:09:06 +0100] "GET /Bilder/referenzen/referenzen_12.gif HTTP/1.1" 304 - "-" "Googlebot-Image/1.0"
66.249.72.225 - - [18/Feb/2011:19:14:48 +0100] "GET /Bilder/referenzen/referenzen_03.gif HTTP/1.1" 304 - "-" "Googlebot-Image/1.0"
66.249.72.225 - - [18/Feb/2011:19:20:31 +0100] "GET /Bilder/referenzen/referenzen_02.gif HTTP/1.1" 304 - "-" "Googlebot-Image/1.0"
66.249.72.225 - - [18/Feb/2011:19:26:13 +0100] "GET /Bilder/referenzen/referenzen_01.gif HTTP/1.1" 304 - "-" "Googlebot-Image/1.0"
66.249.72.225 - - [18/Feb/2011:19:31:54 +0100] "GET /Bilder/referenzen/referenzen_07.gif HTTP/1.1" 304 - "-" "Googlebot-Image/1.0"
66.249.72.225 - - [18/Feb/2011:19:37:36 +0100] "GET /Bilder/referenzen/referenzen_11.gif HTTP/1.1" 304 - "-" "Googlebot-Image/1.0"
66.249.72.225 - - [18/Feb/2011:19:43:18 +0100] "GET /Bilder/referenzen/referenzen_04.gif HTTP/1.1" 304 - "-" "Googlebot-Image/1.0"
66.249.72.225 - - [18/Feb/2011:19:49:01 +0100] "GET /Bilder/referenzen/referenzen_10.gif HTTP/1.1" 304 - "-" "Googlebot-Image/1.0"
213.168.94.233 - - [18/Feb/2011:19:59:30 +0100] "GET / HTTP/1.0" 302 - "-" "Mozilla/5.0 (Windows; U; Windows NT 5.1; de; rv:1.9.2.13) Gecko/20101203 Firefox/3.6.13 (.NET CLR 3.5.30729)"
66.249.72.225 - - [18/Feb/2011:20:11:49 +0100] "GET /robots.txt HTTP/1.1" 404 1256 "-" "Googlebot-Image/1.0"
66.249.72.225 - - [18/Feb/2011:20:11:49 +0100] "GET /Anfahrt/Bilder/KartePolen.jpg HTTP/1.1" 304 - "-" "Googlebot-Image/1.0"
208.115.111.243 - - [18/Feb/2011:21:00:51 +0100] "GET /robots.txt HTTP/1.1" 404 1256 "-" "Mozilla/5.0 (compatible; DotBot/1.1; http://www.dotnetdotcom.org/, crawler@dotnetdotcom.org)"
66.249.72.225 - - [18/Feb/2011:22:00:07 +0100] "GET /kompetenz/bilder/leasing1.jpg HTTP/1.1" 304 - "-" "Googlebot-Image/1.0"
66.249.72.225 - - [18/Feb/2011:22:05:49 +0100] "GET /kompetenz/bilder/Konf1.jpg HTTP/1.1" 304 - "-" "Googlebot-Image/1.0"
66.249.72.225 - - [18/Feb/2011:22:11:31 +0100] "GET /kompetenz/bilder/leasing3.jpg HTTP/1.1" 304 - "-" "Googlebot-Image/1.0"
208.115.111.243 - - [18/Feb/2011:22:15:48 +0100] "GET /kompetenz/getraenkelog.html HTTP/1.1" 200 5224 "-" "Mozilla/5.0 (compatible; DotBot/1.1; http://www.dotnetdotcom.org/, crawler@dotnetdotcom.org)"
208.115.111.243 - - [18/Feb/2011:22:15:51 +0100] "GET /kompetenz/personalberatung.html HTTP/1.1" 200 5520 "-" "Mozilla/5.0 (compatible; DotBot/1.1; http://www.dotnetdotcom.org/, crawler@dotnetdotcom.org)"
208.115.111.243 - - [18/Feb/2011:22:15:55 +0100] "GET /kompetenz/personalleasing.html HTTP/1.1" 200 5302 "-" "Mozilla/5.0 (compatible; DotBot/1.1; http://www.dotnetdotcom.org/, crawler@dotnetdotcom.org)"
208.115.111.243 - - [18/Feb/2011:22:16:00 +0100] "GET /kompetenz/service.html HTTP/1.1" 200 4628 "-" "Mozilla/5.0 (compatible; DotBot/1.1; http://www.dotnetdotcom.org/, crawler@dotnetdotcom.org)"
208.115.111.243 - - [18/Feb/2011:22:16:05 +0100] "GET /kompetenz/werksvertraege.html HTTP/1.1" 200 6093 "-" "Mozilla/5.0 (compatible; DotBot/1.1; http://www.dotnetdotcom.org/, crawler@dotnetdotcom.org)"
208.115.111.243 - - [18/Feb/2011:22:16:11 +0100] "GET /kontakt/kontakt%20berlin.html HTTP/1.1" 200 15986 "-" "Mozilla/5.0 (compatible; DotBot/1.1; http://www.dotnetdotcom.org/, crawler@dotnetdotcom.org)"
208.115.111.243 - - [18/Feb/2011:22:16:16 +0100] "GET /kontakt/kontakt%20hannover.html HTTP/1.1" 200 8512 "-" "Mozilla/5.0 (compatible; DotBot/1.1; http://www.dotnetdotcom.org/, crawler@dotnetdotcom.org)"
208.115.111.243 - - [18/Feb/2011:22:16:21 +0100] "GET /kontakt/kontakt%20polen.html HTTP/1.1" 200 10393 "-" "Mozilla/5.0 (compatible; DotBot/1.1; http://www.dotnetdotcom.org/, crawler@dotnetdotcom.org)"
208.115.111.243 - - [18/Feb/2011:22:16:27 +0100] "GET /kontakt/kontakt%20waren.html HTTP/1.1" 200 8546 "-" "Mozilla/5.0 (compatible; DotBot/1.1; http://www.dotnetdotcom.org/, crawler@dotnetdotcom.org)"
208.115.111.243 - - [18/Feb/2011:22:16:32 +0100] "GET /news/oeffentlichkeitsarbeit.html HTTP/1.1" 404 1256 "-" "Mozilla/5.0 (compatible; DotBot/1.1; http://www.dotnetdotcom.org/, crawler@dotnetdotcom.org)"
66.249.72.225 - - [18/Feb/2011:22:17:13 +0100] "GET /kompetenz/bilder/4stundenkasten.jpg HTTP/1.1" 304 - "-" "Googlebot-Image/1.0"
66.249.72.225 - - [18/Feb/2011:22:22:55 +0100] "GET /kompetenz/bilder/Konf2.jpg HTTP/1.1" 304 - "-" "Googlebot-Image/1.0"
66.249.72.225 - - [18/Feb/2011:22:28:37 +0100] "GET /kompetenz/bilder/Konf3.jpg HTTP/1.1" 304 - "-" "Googlebot-Image/1.0"
77.188.2.102 - - [18/Feb/2011:22:42:44 +0100] "GET / HTTP/1.1" 302 - "http://www.agentur-zeitarbeit.de/component/option,com_afz_category/id,96/subcat,142/" "Mozilla/5.0 (Windows; U; Windows NT 5.1; en-US; rv:1.9.2.13) Gecko/20101203 Firefox/3.6.13"
87.160.191.248 - - [18/Feb/2011:22:49:11 +0100] "GET /kontakt/kontakt%20berlin.html HTTP/1.1" 200 15986 "http://www.google.de/search?hl=de&rlz=1G1SVEA_DEDE372&q=manuela+muhsal&btnG=Suche&aq=f&aqi=g1&aql=&oq=" "Mozilla/4.0 (compatible; MSIE 8.0; Windows NT 6.1; WOW64; Trident/4.0; SLCC2; .NET CLR 2.0.50727; .NET CLR 3.5.30729; .NET CLR 3.0.30729; Media Center PC 6.0; OfficeLiveConnector.1.5; OfficeLivePatch.1.3; .NET4.0C)"
87.160.191.248 - - [18/Feb/2011:22:49:12 +0100] "GET /kontakt/mitarbeiter/sucrow.jpg HTTP/1.1" 200 13378 "http://www.personal-dienstleistung.de/kontakt/kontakt%20berlin.html" "Mozilla/4.0 (compatible; MSIE 8.0; Windows NT 6.1; WOW64; Trident/4.0; SLCC2; .NET CLR 2.0.50727; .NET CLR 3.5.30729; .NET CLR 3.0.30729; Media Center PC 6.0; OfficeLiveConnector.1.5; OfficeLivePatch.1.3; .NET4.0C)"
87.160.191.248 - - [18/Feb/2011:22:49:12 +0100] "GET /kontakt/Bilder/Mitarbeiter%20Perso/FrauMuhsalneu.jpg HTTP/1.1" 200 31185 "http://www.personal-dienstleistung.de/kontakt/kontakt%20berlin.html" "Mozilla/4.0 (compatible; MSIE 8.0; Windows NT 6.1; WOW64; Trident/4.0; SLCC2; .NET CLR 2.0.50727; .NET CLR 3.5.30729; .NET CLR 3.0.30729; Media Center PC 6.0; OfficeLiveConnector.1.5; OfficeLivePatch.1.3; .NET4.0C)"
87.160.191.248 - - [18/Feb/2011:22:49:12 +0100] "GET /kontakt/mitarbeiter/kretzschmar.jpg HTTP/1.1" 200 18462 "http://www.personal-dienstleistung.de/kontakt/kontakt%20berlin.html" "Mozilla/4.0 (compatible; MSIE 8.0; Windows NT 6.1; WOW64; Trident/4.0; SLCC2; .NET CLR 2.0.50727; .NET CLR 3.5.30729; .NET CLR 3.0.30729; Media Center PC 6.0; OfficeLiveConnector.1.5; OfficeLivePatch.1.3; .NET4.0C)"
87.160.191.248 - - [18/Feb/2011:22:49:12 +0100] "GET /kontakt/mitarbeiter/karp.jpg HTTP/1.1" 200 13372 "http://www.personal-dienstleistung.de/kontakt/kontakt%20berlin.html" "Mozilla/4.0 (compatible; MSIE 8.0; Windows NT 6.1; WOW64; Trident/4.0; SLCC2; .NET CLR 2.0.50727; .NET CLR 3.5.30729; .NET CLR 3.0.30729; Media Center PC 6.0; OfficeLiveConnector.1.5; OfficeLivePatch.1.3; .NET4.0C)"
87.160.191.248 - - [18/Feb/2011:22:49:12 +0100] "GET /kontakt/Bilder/ziehnert.jpg HTTP/1.1" 200 34204 "http://www.personal-dienstleistung.de/kontakt/kontakt%20berlin.html" "Mozilla/4.0 (compatible; MSIE 8.0; Windows NT 6.1; WOW64; Trident/4.0; SLCC2; .NET CLR 2.0.50727; .NET CLR 3.5.30729; .NET CLR 3.0.30729; Media Center PC 6.0; OfficeLiveConnector.1.5; OfficeLivePatch.1.3; .NET4.0C)"
87.160.191.248 - - [18/Feb/2011:22:49:12 +0100] "GET /kontakt/Bilder/Mitarbeiter%20Perso/FrauStammbergerneu.jpg HTTP/1.1" 200 32601 "http://www.personal-dienstleistung.de/kontakt/kontakt%20berlin.html" "Mozilla/4.0 (compatible; MSIE 8.0; Windows NT 6.1; WOW64; Trident/4.0; SLCC2; .NET CLR 2.0.50727; .NET CLR 3.5.30729; .NET CLR 3.0.30729; Media Center PC 6.0; OfficeLiveConnector.1.5; OfficeLivePatch.1.3; .NET4.0C)"
87.160.191.248 - - [18/Feb/2011:22:49:12 +0100] "GET /kontakt/mitarbeiter/Ramona%20Greenhalgh.JPG HTTP/1.1" 200 23273 "http://www.personal-dienstleistung.de/kontakt/kontakt%20berlin.html" "Mozilla/4.0 (compatible; MSIE 8.0; Windows NT 6.1; WOW64; Trident/4.0; SLCC2; .NET CLR 2.0.50727; .NET CLR 3.5.30729; .NET CLR 3.0.30729; Media Center PC 6.0; OfficeLiveConnector.1.5; OfficeLivePatch.1.3; .NET4.0C)"
87.160.191.248 - - [18/Feb/2011:22:49:12 +0100] "GET /kontakt/mitarbeiter/Lietzenberger.jpg HTTP/1.1" 200 22418 "http://www.personal-dienstleistung.de/kontakt/kontakt%20berlin.html" "Mozilla/4.0 (compatible; MSIE 8.0; Windows NT 6.1; WOW64; Trident/4.0; SLCC2; .NET CLR 2.0.50727; .NET CLR 3.5.30729; .NET CLR 3.0.30729; Media Center PC 6.0; OfficeLiveConnector.1.5; OfficeLivePatch.1.3; .NET4.0C)"
87.160.191.248 - - [18/Feb/2011:22:49:12 +0100] "GET /kontakt/Bilder/Mitarbeiter%20Perso/FrauEngel.jpg HTTP/1.1" 200 14742 "http://www.personal-dienstleistung.de/kontakt/kontakt%20berlin.html" "Mozilla/4.0 (compatible; MSIE 8.0; Windows NT 6.1; WOW64; Trident/4.0; SLCC2; .NET CLR 2.0.50727; .NET CLR 3.5.30729; .NET CLR 3.0.30729; Media Center PC 6.0; OfficeLiveConnector.1.5; OfficeLivePatch.1.3; .NET4.0C)"
87.160.191.248 - - [18/Feb/2011:22:49:12 +0100] "GET /kontakt/mitarbeiter/wegner.jpg HTTP/1.1" 200 15316 "http://www.personal-dienstleistung.de/kontakt/kontakt%20berlin.html" "Mozilla/4.0 (compatible; MSIE 8.0; Windows NT 6.1; WOW64; Trident/4.0; SLCC2; .NET CLR 2.0.50727; .NET CLR 3.5.30729; .NET CLR 3.0.30729; Media Center PC 6.0; OfficeLiveConnector.1.5; OfficeLivePatch.1.3; .NET4.0C)"
87.160.191.248 - - [18/Feb/2011:22:49:12 +0100] "GET /kontakt/mitarbeiter/zietal.jpg HTTP/1.1" 200 13399 "http://www.personal-dienstleistung.de/kontakt/kontakt%20berlin.html" "Mozilla/4.0 (compatible; MSIE 8.0; Windows NT 6.1; WOW64; Trident/4.0; SLCC2; .NET CLR 2.0.50727; .NET CLR 3.5.30729; .NET CLR 3.0.30729; Media Center PC 6.0; OfficeLiveConnector.1.5; OfficeLivePatch.1.3; .NET4.0C)"
87.160.191.248 - - [18/Feb/2011:22:49:12 +0100] "GET /kontakt/mitarbeiter/Bredow.jpg HTTP/1.1" 200 13359 "http://www.personal-dienstleistung.de/kontakt/kontakt%20berlin.html" "Mozilla/4.0 (compatible; MSIE 8.0; Windows NT 6.1; WOW64; Trident/4.0; SLCC2; .NET CLR 2.0.50727; .NET CLR 3.5.30729; .NET CLR 3.0.30729; Media Center PC 6.0; OfficeLiveConnector.1.5; OfficeLivePatch.1.3; .NET4.0C)"
87.160.191.248 - - [18/Feb/2011:22:49:13 +0100] "GET /favicon.ico HTTP/1.1" 404 1256 "-" "Mozilla/4.0 (compatible; MSIE 8.0; Windows NT 6.1; WOW64; Trident/4.0; SLCC2; .NET CLR 2.0.50727; .NET CLR 3.5.30729; .NET CLR 3.0.30729; Media Center PC 6.0; OfficeLiveConnector.1.5; OfficeLivePatch.1.3; .NET4.0C)"
92.225.3.13 - - [18/Feb/2011:23:05:02 +0100] "GET / HTTP/1.1" 302 - "-" "Mozilla/4.0 (compatible; MSIE 8.0; Windows NT 5.1; Trident/4.0; GTB6.6; SIMBAR={C8DEB9AD-0C8D-4B4F-A74C-B3F90AD6D7E4}; .NET CLR 2.0.50727; .NET CLR 3.0.4506.2152; .NET CLR 3.5.30729)"
207.46.199.193 - - [19/Feb/2011:00:12:36 +0100] "GET /robots.txt HTTP/1.1" 404 1256 "-" "Mozilla/5.0 (compatible; bingbot/2.0; +http://www.bing.com/bingbot.htm)"
95.108.158.134 - - [19/Feb/2011:00:49:12 +0100] "GET /robots.txt HTTP/1.1" 404 1256 "-" "Mozilla/5.0 (compatible; YandexBot/3.0; +http://yandex.com/bots)"
67.195.114.233 - - [19/Feb/2011:01:02:21 +0100] "GET / HTTP/1.0" 302 - "-" "Mozilla/5.0 (compatible; Yahoo! Slurp; http://help.yahoo.com/help/us/ysearch/slurp)"
93.218.153.68 - - [19/Feb/2011:01:52:35 +0100] "GET / HTTP/1.1" 302 - "-" "Mozilla/4.0 (compatible; MSIE 8.0; Windows NT 5.2; WOW64; Trident/4.0; .NET CLR 2.0.50727)"
208.115.111.243 - - [19/Feb/2011:01:54:48 +0100] "GET /robots.txt HTTP/1.1" 404 1256 "-" "Mozilla/5.0 (compatible; DotBot/1.1; http://www.dotnetdotcom.org/, crawler@dotnetdotcom.org)"
24.19.218.57 - - [19/Feb/2011:01:59:13 +0100] "GET /robots.txt HTTP/1.1" 404 1256 "-" "Mozilla/5.0 (compatible; 008/0.83; http://www.80legs.com/webcrawler.html;) Gecko/2008032620"
24.19.218.57 - - [19/Feb/2011:01:59:14 +0100] "GET / HTTP/1.1" 302 - "-" "Mozilla/5.0 (compatible; 008/0.83; http://www.80legs.com/webcrawler.html) Gecko/2008032620"
207.46.13.143 - - [19/Feb/2011:02:50:06 +0100] "GET /robots.txt HTTP/1.1" 404 1256 "-" "Mozilla/5.0 (compatible; bingbot/2.0; +http://www.bing.com/bingbot.htm)"
207.46.13.143 - - [19/Feb/2011:02:51:05 +0100] "GET /kontakt/kontakt%20hannover.html HTTP/1.1" 304 - "-" "Mozilla/5.0 (compatible; bingbot/2.0; +http://www.bing.com/bingbot.htm)"
216.145.17.190 - - [19/Feb/2011:03:06:01 +0100] "GET /robots.txt HTTP/1.0" 404 1256 "-" "Mozilla/5.0 (Windows; U; Windows NT 5.1; en; rv:1.9.0.13) Gecko/2009073022 Firefox/3.5.2 (.NET CLR 3.5.30729) SurveyBot/2.3 (DomainTools)"
216.145.17.190 - - [19/Feb/2011:03:06:01 +0100] "GET / HTTP/1.1" 302 - "http://whois.domaintools.com/personal-dienstleistung.de" "Mozilla/5.0 (Windows; U; Windows NT 5.1; en; rv:1.9.0.13) Gecko/2009073022 Firefox/3.5.2 (.NET CLR 3.5.30729) SurveyBot/2.3 (DomainTools)"
208.115.111.243 - - [19/Feb/2011:03:10:33 +0100] "GET /Anfahrt/anfahrt+.html HTTP/1.1" 200 3893 "-" "Mozilla/5.0 (compatible; DotBot/1.1; http://www.dotnetdotcom.org/, crawler@dotnetdotcom.org)"
208.115.111.243 - - [19/Feb/2011:03:10:36 +0100] "GET /Anfahrt/fuer%20bewerber/seite1.html HTTP/1.1" 404 1256 "-" "Mozilla/5.0 (compatible; DotBot/1.1; http://www.dotnetdotcom.org/, crawler@dotnetdotcom.org)"
208.115.111.243 - - [19/Feb/2011:03:10:41 +0100] "GET /Anfahrt/fuer%20unternehmen/seite1.html HTTP/1.1" 404 1256 "-" "Mozilla/5.0 (compatible; DotBot/1.1; http://www.dotnetdotcom.org/, crawler@dotnetdotcom.org)"
208.115.111.243 - - [19/Feb/2011:03:10:45 +0100] "GET /Anfahrt/home/seite1.html HTTP/1.1" 404 1256 "-" "Mozilla/5.0 (compatible; DotBot/1.1; http://www.dotnetdotcom.org/, crawler@dotnetdotcom.org)"
208.115.111.243 - - [19/Feb/2011:03:10:50 +0100] "GET /Anfahrt/impressum.html HTTP/1.1" 404 1256 "-" "Mozilla/5.0 (compatible; DotBot/1.1; http://www.dotnetdotcom.org/, crawler@dotnetdotcom.org)"
208.115.111.243 - - [19/Feb/2011:03:10:55 +0100] "GET /Anfahrt/kompetenz/seite1.html HTTP/1.1" 404 1256 "-" "Mozilla/5.0 (compatible; DotBot/1.1; http://www.dotnetdotcom.org/, crawler@dotnetdotcom.org)"
208.115.111.243 - - [19/Feb/2011:03:11:00 +0100] "GET /Anfahrt/kontakt+.html HTTP/1.1" 404 1256 "-" "Mozilla/5.0 (compatible; DotBot/1.1; http://www.dotnetdotcom.org/, crawler@dotnetdotcom.org)"
208.115.111.243 - - [19/Feb/2011:03:11:05 +0100] "GET /Anfahrt/referenzen.html HTTP/1.1" 404 1256 "-" "Mozilla/5.0 (compatible; DotBot/1.1; http://www.dotnetdotcom.org/, crawler@dotnetdotcom.org)"
208.115.111.243 - - [19/Feb/2011:03:11:11 +0100] "GET /news/presse.html HTTP/1.1" 404 1256 "-" "Mozilla/5.0 (compatible; DotBot/1.1; http://www.dotnetdotcom.org/, crawler@dotnetdotcom.org)"
208.115.111.243 - - [19/Feb/2011:03:11:16 +0100] "GET /news/sponsoring.html HTTP/1.1" 404 1256 "-" "Mozilla/5.0 (compatible; DotBot/1.1; http://www.dotnetdotcom.org/, crawler@dotnetdotcom.org)"
213.186.122.3 - - [19/Feb/2011:03:28:15 +0100] "GET /robots.txt HTTP/1.1" 404 1256 "-" "Mozilla/5.0 (compatible; SiteBot/0.1; +http://www.sitebot.org/robot/)"
213.186.122.3 - - [19/Feb/2011:03:28:15 +0100] "GET / HTTP/1.1" 302 - "-" "Mozilla/5.0 (compatible; SiteBot/0.1; +http://www.sitebot.org/robot/)"
66.249.72.225 - - [19/Feb/2011:04:44:54 +0100] "GET /Bilder/referenzen/referenzen_17.gif HTTP/1.1" 304 - "-" "Googlebot-Image/1.0"
95.108.158.134 - - [19/Feb/2011:06:16:02 +0100] "GET / HTTP/1.1" 302 - "-" "Mozilla/5.0 (compatible; YandexBot/3.0; +http://yandex.com/bots)"
208.115.111.243 - - [19/Feb/2011:06:51:00 +0100] "GET /robots.txt HTTP/1.1" 404 1256 "-" "Mozilla/5.0 (compatible; DotBot/1.1; http://www.dotnetdotcom.org/, crawler@dotnetdotcom.org)"
66.249.72.225 - - [19/Feb/2011:06:54:54 +0100] "GET / HTTP/1.1" 302 - "-" "Mozilla/5.0 (compatible; Googlebot/2.1; +http://www.google.com/bot.html)"
67.195.114.233 - - [19/Feb/2011:07:06:20 +0100] "GET /robots.txt HTTP/1.0" 404 1256 "-" "Mozilla/5.0 (compatible; Yahoo! Slurp; http://help.yahoo.com/help/us/ysearch/slurp)"
67.195.114.233 - - [19/Feb/2011:07:06:20 +0100] "GET /Anfahrt/anfahrtHannover.html HTTP/1.0" 200 3172 "-" "Mozilla/5.0 (compatible; Yahoo! Slurp; http://help.yahoo.com/help/us/ysearch/slurp)"
208.115.111.243 - - [19/Feb/2011:08:03:12 +0100] "GET /Anfahrt/anfahrtHannover.html HTTP/1.1" 200 3172 "-" "Mozilla/5.0 (compatible; DotBot/1.1; http://www.dotnetdotcom.org/, crawler@dotnetdotcom.org)"
208.115.111.243 - - [19/Feb/2011:08:03:16 +0100] "GET /Anfahrt/anfahrtHannover2.html HTTP/1.1" 200 14481 "-" "Mozilla/5.0 (compatible; DotBot/1.1; http://www.dotnetdotcom.org/, crawler@dotnetdotcom.org)"
208.115.111.243 - - [19/Feb/2011:08:03:20 +0100] "GET /Anfahrt/anfahrtberlin.html HTTP/1.1" 200 3572 "-" "Mozilla/5.0 (compatible; DotBot/1.1; http://www.dotnetdotcom.org/, crawler@dotnetdotcom.org)"
208.115.111.243 - - [19/Feb/2011:08:03:25 +0100] "GET /Anfahrt/anfahrtpolen.html HTTP/1.1" 200 3753 "-" "Mozilla/5.0 (compatible; DotBot/1.1; http://www.dotnetdotcom.org/, crawler@dotnetdotcom.org)"
208.115.111.243 - - [19/Feb/2011:08:03:30 +0100] "GET /Anfahrt/anfahrtpolen2.html HTTP/1.1" 200 14479 "-" "Mozilla/5.0 (compatible; DotBot/1.1; http://www.dotnetdotcom.org/, crawler@dotnetdotcom.org)"
208.115.111.243 - - [19/Feb/2011:08:03:35 +0100] "GET /Anfahrt/anfahrtwaren.html HTTP/1.1" 200 3404 "-" "Mozilla/5.0 (compatible; DotBot/1.1; http://www.dotnetdotcom.org/, crawler@dotnetdotcom.org)"
208.115.111.243 - - [19/Feb/2011:08:03:40 +0100] "GET /Anfahrt/index.html HTTP/1.1" 404 1256 "-" "Mozilla/5.0 (compatible; DotBot/1.1; http://www.dotnetdotcom.org/, crawler@dotnetdotcom.org)"
208.115.111.243 - - [19/Feb/2011:08:03:46 +0100] "GET /Anfahrt/partner.html HTTP/1.1" 404 1256 "-" "Mozilla/5.0 (compatible; DotBot/1.1; http://www.dotnetdotcom.org/, crawler@dotnetdotcom.org)"
208.115.111.243 - - [19/Feb/2011:08:03:51 +0100] "GET /refall.html HTTP/1.1" 200 10444 "-" "Mozilla/5.0 (compatible; DotBot/1.1; http://www.dotnetdotcom.org/, crawler@dotnetdotcom.org)"
208.115.111.243 - - [19/Feb/2011:08:03:56 +0100] "GET /referenzen.html HTTP/1.1" 200 6836 "-" "Mozilla/5.0 (compatible; DotBot/1.1; http://www.dotnetdotcom.org/, crawler@dotnetdotcom.org)"
207.46.199.191 - - [19/Feb/2011:08:07:28 +0100] "GET /robots.txt HTTP/1.1" 404 1256 "-" "Mozilla/5.0 (compatible; bingbot/2.0; +http://www.bing.com/bingbot.htm)"
95.17.51.124 - - [19/Feb/2011:08:39:13 +0100] "GET / HTTP/1.1" 302 - "-" "Java/1.6.0_21"
95.17.51.124 - - [19/Feb/2011:08:39:15 +0100] "GET /www.webcommerz.de HTTP/1.1" 404 1256 "-" "Java/1.6.0_21"
212.185.227.190 - - [19/Feb/2011:09:51:43 +0100] "GET / HTTP/1.1" 302 - "http://www.google.de/url?sa=t&source=web&cd=1&ved=0CBwQFjAA&url=http%3A%2F%2Fwww.personal-dienstleistung.de%2F&rct=j&q=personal-dienstleistung.de&ei=D4VfTcuCBcPtOfeizb0N&usg=AFQjCNGG8qIxAIusv-vnrtTv4JmZ2Fyhmw" "Mozilla/5.0 (Windows NT 6.1; WOW64; rv:2.0b11) Gecko/20100101 Firefox/4.0b11"
207.46.195.105 - - [19/Feb/2011:09:52:14 +0100] "GET /robots.txt HTTP/1.1" 404 1256 "-" "Mozilla/5.0 (compatible; bingbot/2.0; +http://www.bing.com/bingbot.htm)"
207.46.195.105 - - [19/Feb/2011:09:53:01 +0100] "GET / HTTP/1.1" 302 - "-" "Mozilla/5.0 (compatible; bingbot/2.0; +http://www.bing.com/bingbot.htm)"
208.80.194.37 - - [19/Feb/2011:11:35:52 +0100] "GET / HTTP/1.0" 302 - "-" "Mozilla/4.0 (compatible; MSIE 6.0; Windows NT 5.1; SV1; FunWebProducts; .NET CLR 1.1.4322; .NET CLR 2.0.50727; InfoPath.2)"
208.115.111.243 - - [19/Feb/2011:11:46:19 +0100] "GET /robots.txt HTTP/1.1" 404 1256 "-" "Mozilla/5.0 (compatible; DotBot/1.1; http://www.dotnetdotcom.org/, crawler@dotnetdotcom.org)"
92.225.133.32 - - [19/Feb/2011:11:53:10 +0100] "GET / HTTP/1.1" 302 - "-" "Mozilla/4.0 (compatible; MSIE 8.0; Windows NT 6.0; Trident/4.0; GTB6.6; SLCC1; .NET CLR 2.0.50727; Media Center PC 5.0; .NET CLR 3.5.30729; .NET CLR 3.0.30729; .NET4.0C; OfficeLiveConnector.1.5; OfficeLivePatch.1.3)"
195.198.209.86 - - [19/Feb/2011:12:13:31 +0100] "GET /robots.txt HTTP/1.0" 404 1256 "-" "Mozilla/5.0 (compatible; MJ12bot/v1.3.3; http://www.majestic12.co.uk/bot.php?+)"
195.198.209.86 - - [19/Feb/2011:12:13:32 +0100] "GET / HTTP/1.1" 302 - "-" "Mozilla/5.0 (compatible; MJ12bot/v1.3.3; http://www.majestic12.co.uk/bot.php?+)"
66.249.72.225 - - [19/Feb/2011:12:38:05 +0100] "GET /robots.txt HTTP/1.1" 404 1256 "-" "Mozilla/5.0 (compatible; Googlebot/2.1; +http://www.google.com/bot.html)"
66.249.72.225 - - [19/Feb/2011:12:38:05 +0100] "GET /referenz/referenzenhannover.html HTTP/1.1" 304 - "-" "Mozilla/5.0 (compatible; Googlebot/2.1; +http://www.google.com/bot.html)"
208.115.111.243 - - [19/Feb/2011:12:54:35 +0100] "GET /Anfahrt/anfahrtwaren2.html HTTP/1.1" 200 14370 "-" "Mozilla/5.0 (compatible; DotBot/1.1; http://www.dotnetdotcom.org/, crawler@dotnetdotcom.org)"
208.115.111.243 - - [19/Feb/2011:12:54:40 +0100] "GET /AnfrageAll.html HTTP/1.1" 200 8274 "-" "Mozilla/5.0 (compatible; DotBot/1.1; http://www.dotnetdotcom.org/, crawler@dotnetdotcom.org)"
208.115.111.243 - - [19/Feb/2011:12:54:45 +0100] "GET /NewsAll.html HTTP/1.1" 200 9246 "-" "Mozilla/5.0 (compatible; DotBot/1.1; http://www.dotnetdotcom.org/, crawler@dotnetdotcom.org)"
208.115.111.243 - - [19/Feb/2011:12:54:50 +0100] "GET /anfahrtalllay.html HTTP/1.1" 200 10071 "-" "Mozilla/5.0 (compatible; DotBot/1.1; http://www.dotnetdotcom.org/, crawler@dotnetdotcom.org)"
208.115.111.243 - - [19/Feb/2011:12:54:55 +0100] "GET /impressum.html HTTP/1.1" 200 8245 "-" "Mozilla/5.0 (compatible; DotBot/1.1; http://www.dotnetdotcom.org/, crawler@dotnetdotcom.org)"
208.115.111.243 - - [19/Feb/2011:12:55:02 +0100] "GET /kontaKTalllay.html HTTP/1.1" 200 10606 "-" "Mozilla/5.0 (compatible; DotBot/1.1; http://www.dotnetdotcom.org/, crawler@dotnetdotcom.org)"
208.115.111.243 - - [19/Feb/2011:12:55:07 +0100] "GET /linksAll.html HTTP/1.1" 200 8990 "-" "Mozilla/5.0 (compatible; DotBot/1.1; http://www.dotnetdotcom.org/, crawler@dotnetdotcom.org)"
66.249.72.225 - - [19/Feb/2011:13:21:57 +0100] "GET /referenz/referenzenhannover.html HTTP/1.1" 304 - "-" "Mozilla/5.0 (compatible; Googlebot/2.1; +http://www.google.com/bot.html)"
119.63.196.8 - - [19/Feb/2011:13:43:59 +0100] "GET /robots.txt HTTP/1.1" 404 1256 "-" "Baiduspider+(+http://www.baidu.com/search/spider.htm)"
208.115.111.67 - - [19/Feb/2011:14:03:36 +0100] "GET /robots.txt HTTP/1.1" 404 1256 "-" "Mozilla/5.0 (compatible; Ezooms/1.0; ezooms.bot@gmail.com)"
208.115.111.67 - - [19/Feb/2011:14:22:06 +0100] "GET / HTTP/1.1" 302 - "-" "Mozilla/5.0 (compatible; Ezooms/1.0; ezooms.bot@gmail.com)"
207.46.13.42 - - [19/Feb/2011:16:21:59 +0100] "GET /robots.txt HTTP/1.1" 404 1256 "-" "Mozilla/5.0 (compatible; bingbot/2.0; +http://www.bing.com/bingbot.htm)"
207.46.13.42 - - [19/Feb/2011:16:22:58 +0100] "GET /Anfahrt/Bilder/anfahrtberlin.pdf HTTP/1.1" 200 151366 "-" "Mozilla/5.0 (compatible; bingbot/2.0; +http://www.bing.com/bingbot.htm)"
207.46.195.224 - - [19/Feb/2011:16:29:28 +0100] "GET / HTTP/1.1" 302 - "-" "Mozilla/5.0 (compatible; bingbot/2.0; +http://www.bing.com/bingbot.htm)"
84.149.224.119 - - [19/Feb/2011:17:02:36 +0100] "GET / HTTP/1.1" 302 - "-" "Mozilla/4.0 (compatible; MSIE 7.0; Windows NT 5.1)"
66.219.58.39 - - [19/Feb/2011:17:07:09 +0100] "GET /robots.txt HTTP/1.1" 404 1256 "-" "MLBot (www.metadatalabs.com/mlbot)"
66.219.58.39 - - [19/Feb/2011:17:07:09 +0100] "GET / HTTP/1.1" 302 - "-" "MLBot (www.metadatalabs.com/mlbot)"
207.46.195.226 - - [19/Feb/2011:17:52:37 +0100] "GET /robots.txt HTTP/1.1" 404 1256 "-" "Mozilla/5.0 (compatible; bingbot/2.0; +http://www.bing.com/bingbot.htm)"
207.46.195.226 - - [19/Feb/2011:17:53:22 +0100] "GET /referenz/referenzenberl.html HTTP/1.1" 304 - "-" "Mozilla/5.0 (compatible; bingbot/2.0; +http://www.bing.com/bingbot.htm)"
208.115.111.243 - - [19/Feb/2011:17:58:20 +0100] "GET / HTTP/1.1" 302 - "-" "Mozilla/5.0 (compatible; DotBot/1.1; http://www.dotnetdotcom.org/, crawler@dotnetdotcom.org)"
208.115.111.243 - - [19/Feb/2011:17:58:25 +0100] "GET /index.html HTTP/1.1" 404 1256 "-" "Mozilla/5.0 (compatible; DotBot/1.1; http://www.dotnetdotcom.org/, crawler@dotnetdotcom.org)"
208.115.111.243 - - [19/Feb/2011:17:58:30 +0100] "GET /kompetalllay.html HTTP/1.1" 200 11702 "-" "Mozilla/5.0 (compatible; DotBot/1.1; http://www.dotnetdotcom.org/, crawler@dotnetdotcom.org)"
66.249.72.225 - - [19/Feb/2011:18:45:40 +0100] "GET /kontakt/kontakt%20polen.html HTTP/1.1" 200 10393 "-" "Mozilla/5.0 (compatible; Googlebot/2.1; +http://www.google.com/bot.html)"
89.247.246.50 - - [19/Feb/2011:19:27:26 +0100] "GET / HTTP/1.1" 302 - "-" "Mozilla/5.0 (Windows; U; Windows NT 6.0; de; rv:1.9.2.13) Gecko/20101203 Firefox/3.6.13 (.NET CLR 3.5.30729)"
91.64.146.206 - - [19/Feb/2011:19:37:21 +0100] "GET / HTTP/1.1" 302 - "http://www.jobpoint-berlin.de/jobboerse/details.php?kennziffer=93233" "Mozilla/5.0 (Windows; U; Windows NT 6.0; de; rv:1.9.2.13) Gecko/20101203 Firefox/3.6.13 ( .NET CLR 3.5.30729; .NET4.0C)"
66.249.72.225 - - [19/Feb/2011:21:39:11 +0100] "GET /robots.txt HTTP/1.1" 404 1256 "-" "Mozilla/5.0 (compatible; Googlebot/2.1; +http://www.google.com/bot.html)"
66.249.72.225 - - [19/Feb/2011:21:39:11 +0100] "GET /kompetenz/personalleasing.html HTTP/1.1" 200 5302 "-" "Mozilla/5.0 (compatible; Googlebot/2.1; +http://www.google.com/bot.html)"
67.195.114.233 - - [19/Feb/2011:22:13:28 +0100] "GET /robots.txt HTTP/1.0" 404 1256 "-" "Mozilla/5.0 (compatible; Yahoo! Slurp; http://help.yahoo.com/help/us/ysearch/slurp)"
67.195.114.233 - - [19/Feb/2011:22:13:28 +0100] "GET /Isozertifikat.pdf HTTP/1.0" 200 236893 "-" "Mozilla/5.0 (compatible; Yahoo! Slurp; http://help.yahoo.com/help/us/ysearch/slurp)"
207.46.199.51 - - [20/Feb/2011:00:11:41 +0100] "GET /robots.txt HTTP/1.1" 404 1256 "-" "Mozilla/5.0 (compatible; bingbot/2.0; +http://www.bing.com/bingbot.htm)"
207.46.199.51 - - [20/Feb/2011:00:12:18 +0100] "GET /anfahrtalllay.html HTTP/1.1" 304 - "-" "Mozilla/5.0 (compatible; bingbot/2.0; +http://www.bing.com/bingbot.htm)"
207.46.13.52 - - [20/Feb/2011:03:11:08 +0100] "GET /robots.txt HTTP/1.1" 404 1256 "-" "Mozilla/5.0 (compatible; bingbot/2.0; +http://www.bing.com/bingbot.htm)"
207.46.13.52 - - [20/Feb/2011:03:11:46 +0100] "GET / HTTP/1.1" 302 - "-" "Mozilla/5.0 (compatible; bingbot/2.0; +http://www.bing.com/bingbot.htm)"
66.249.72.225 - - [20/Feb/2011:04:26:22 +0100] "GET / HTTP/1.1" 302 - "-" "SAMSUNG-SGH-E250/1.0 Profile/MIDP-2.0 Configuration/CLDC-1.1 UP.Browser/6.2.3.3.c.1.101 (GUI) MMP/2.0 (compatible; Googlebot-Mobile/2.1; +http://www.google.com/bot.html)"
66.249.72.225 - - [20/Feb/2011:06:13:57 +0100] "GET /referenz/referenzenhannover.html HTTP/1.1" 304 - "-" "Mozilla/5.0 (compatible; Googlebot/2.1; +http://www.google.com/bot.html)"
66.249.72.225 - - [20/Feb/2011:07:17:49 +0100] "GET / HTTP/1.1" 302 - "-" "DoCoMo/2.0 N905i(c100;TB;W24H16) (compatible; Googlebot-Mobile/2.1; +http://www.google.com/bot.html)"
207.46.199.178 - - [20/Feb/2011:07:33:49 +0100] "GET /robots.txt HTTP/1.1" 404 1256 "-" "Mozilla/5.0 (compatible; bingbot/2.0; +http://www.bing.com/bingbot.htm)"
66.249.72.225 - - [20/Feb/2011:07:57:26 +0100] "GET /referenz/referenzenhannover.html HTTP/1.1" 304 - "-" "Mozilla/5.0 (compatible; Googlebot/2.1; +http://www.google.com/bot.html)"
92.226.23.31 - - [20/Feb/2011:11:30:33 +0100] "GET / HTTP/1.1" 302 - "-" "Mozilla/5.0 (Windows; U; Windows NT 5.1; de; rv:1.9.2.13) Gecko/20101203 Firefox/3.6.13"
217.231.192.132 - - [20/Feb/2011:12:35:30 +0100] "GET / HTTP/1.1" 302 - "-" "Mozilla/4.0 (compatible; MSIE 8.0; Windows NT 5.1; Trident/4.0; .NET CLR 1.1.4322; .NET CLR 2.0.50727; .NET CLR 3.0.4506.2152; .NET CLR 3.5.30729)"
94.222.242.110 - - [20/Feb/2011:12:39:20 +0100] "GET / HTTP/1.1" 302 - "http://www.stepstone.de/upload_DE/offers/htmlfiles/41707/1558379/xmlOffer_1558379_DE.html" "Mozilla/5.0 (Windows; U; Windows NT 5.1; de; rv:1.9.2.13) Gecko/20101203 Firefox/3.6.13 ( .NET CLR 3.5.30729)"
208.115.111.67 - - [20/Feb/2011:13:37:00 +0100] "GET /robots.txt HTTP/1.1" 404 1256 "-" "Mozilla/5.0 (compatible; Ezooms/1.0; ezooms.bot@gmail.com)"
119.63.196.22 - - [20/Feb/2011:13:40:53 +0100] "GET /robots.txt HTTP/1.1" 404 1256 "-" "Baiduspider+(+http://www.baidu.com/search/spider.htm)"
208.115.111.67 - - [20/Feb/2011:13:55:18 +0100] "GET / HTTP/1.1" 302 - "-" "Mozilla/5.0 (compatible; Ezooms/1.0; ezooms.bot@gmail.com)"
88.74.200.236 - - [20/Feb/2011:14:27:21 +0100] "GET / HTTP/1.1" 302 - "-" "Mozilla/5.0 (Windows; U; Windows NT 6.0; de; rv:1.9.2.13) Gecko/20101203 (gmx/1.7.2) Firefox/3.6.13 tb-gmx/1.5"
207.46.199.191 - - [20/Feb/2011:17:09:00 +0100] "GET /robots.txt HTTP/1.1" 404 1256 "-" "Mozilla/5.0 (compatible; bingbot/2.0; +http://www.bing.com/bingbot.htm)"
84.134.168.114 - - [20/Feb/2011:18:29:53 +0100] "GET / HTTP/1.1" 302 - "http://www.aueg-netzwerk.de/mitglieder/mitgliedsansicht.html?tx_seit1977mitgliedsverwaltung_pi4%5BshowUid%5D=343" "Mozilla/5.0 (Windows; U; Windows NT 5.1; de; rv:1.9.2.13) Gecko/20101203 Firefox/3.6.13 ( .NET CLR 3.5.30729)"
88.199.43.230 - - [20/Feb/2011:18:40:33 +0100] "GET / HTTP/1.0" 302 - "http://www.jobpoint-berlin.de/jobboerse/details.php?kennziffer=92889" "Mozilla/5.0 (Windows; U; Windows NT 5.1; pl; rv:1.9.1.16) Gecko/20101130 Firefox/3.5.16"
93.219.183.33 - - [20/Feb/2011:18:58:57 +0100] "GET / HTTP/1.1" 302 - "-" "Mozilla/5.0 (Windows; U; Windows NT 6.0; de; rv:1.9.2.3) Gecko/20100401 Firefox/3.6.3 ( .NET CLR 3.5.30729)"
92.78.41.175 - - [20/Feb/2011:20:16:08 +0100] "GET / HTTP/1.1" 302 - "http://www.google.de/url?sa=t&source=web&cd=4&ved=0CC4QoAIwAw&url=http%3A%2F%2Fwww.personal-dienstleistung.de%2F&rct=j&q=treskowallee%20106&ei=_2hhTfgyytSyBsqpmbYI&usg=AFQjCNGG8qIxAIusv-vnrtTv4JmZ2Fyhmw" "Mozilla/5.0 (Windows; U; Windows NT 6.1; de; rv:1.9.2.13) Gecko/20101203 Firefox/3.6.13"
94.23.211.138 - - [20/Feb/2011:20:49:12 +0100] "HEAD / HTTP/1.1" 302 - "-" "Mozilla/4.0 (compatible; MSIE 5.01; Windows NT 5.0)"
208.80.194.29 - - [20/Feb/2011:22:35:17 +0100] "GET / HTTP/1.0" 302 - "-" "Mozilla/4.0 (compatible; MSIE 6.0; Windows NT 5.1; {9C8171C5-F1F3-052F-BCED-66429ED1A37A}; .NET CLR 1.1.4322)"
207.46.195.106 - - [20/Feb/2011:22:46:54 +0100] "GET /robots.txt HTTP/1.1" 404 1256 "-" "Mozilla/5.0 (compatible; bingbot/2.0; +http://www.bing.com/bingbot.htm)"
207.46.195.106 - - [20/Feb/2011:22:47:35 +0100] "GET / HTTP/1.1" 302 - "-" "Mozilla/5.0 (compatible; bingbot/2.0; +http://www.bing.com/bingbot.htm)"
66.235.124.12 - - [21/Feb/2011:01:05:10 +0100] "GET /robots.txt HTTP/1.1" 404 1256 "-" "Mozilla/5.0 (compatible; Ask Jeeves/Teoma; +http://about.ask.com/en/docs/about/webmasters.shtml)"
66.235.124.12 - - [21/Feb/2011:01:05:10 +0100] "GET / HTTP/1.1" 302 - "-" "Mozilla/5.0 (compatible; Ask Jeeves/Teoma; +http://about.ask.com/en/docs/about/webmasters.shtml)"
66.249.72.225 - - [21/Feb/2011:02:55:31 +0100] "GET /robots.txt HTTP/1.1" 404 1256 "-" "Mozilla/5.0 (compatible; Googlebot/2.1; +http://www.google.com/bot.html)"
66.249.72.225 - - [21/Feb/2011:02:55:31 +0100] "GET / HTTP/1.1" 302 - "-" "Mozilla/5.0 (compatible; Googlebot/2.1; +http://www.google.com/bot.html)"
207.46.199.43 - - [21/Feb/2011:05:04:09 +0100] "GET /robots.txt HTTP/1.1" 404 1256 "-" "Mozilla/5.0 (compatible; bingbot/2.0; +http://www.bing.com/bingbot.htm)"
207.46.199.43 - - [21/Feb/2011:05:05:04 +0100] "GET /kontaKTalllay.html HTTP/1.1" 304 - "-" "Mozilla/5.0 (compatible; bingbot/2.0; +http://www.bing.com/bingbot.htm)"
84.148.117.117 - - [21/Feb/2011:07:30:41 +0100] "GET / HTTP/1.1" 302 - "http://www.google.de/search?hl=de&source=hp&q=personal-dienstleistung.de&aq=0&aqi=g3&aql=&oq=personal-dienst" "Mozilla/5.0 (Macintosh; U; PPC Mac OS X 10_4_11; de-de) AppleWebKit/533.16 (KHTML, like Gecko) Version/4.1 Safari/533.16"
67.195.114.233 - - [21/Feb/2011:07:52:36 +0100] "GET /robots.txt HTTP/1.0" 404 1256 "-" "Mozilla/5.0 (compatible; Yahoo! Slurp; http://help.yahoo.com/help/us/ysearch/slurp)"
67.195.114.233 - - [21/Feb/2011:07:52:36 +0100] "GET /anfahrtalllay.html HTTP/1.0" 200 10071 "-" "Mozilla/5.0 (compatible; Yahoo! Slurp; http://help.yahoo.com/help/us/ysearch/slurp)"
67.195.114.233 - - [21/Feb/2011:07:52:38 +0100] "GET /Anfahrt/anfahrt+.html HTTP/1.0" 200 3893 "http://www.personal-dienstleistung.de/anfahrtalllay.html" "Mozilla/5.0 (compatible; Yahoo! Slurp; http://help.yahoo.com/help/us/ysearch/slurp)"
213.3.14.73 - - [21/Feb/2011:08:18:01 +0100] "GET /kontakt/Bilder/Nancy_Schmidtke.jpg HTTP/1.1" 200 20589 "http://www.123people.ch/s/ott+manuela" "Mozilla/5.0 (Windows; U; Windows NT 5.1; de; rv:1.9.2.13) Gecko/20101203 Firefox/3.6.13 ( .NET CLR 3.5.30729; .NET4.0E)"
66.249.72.225 - - [21/Feb/2011:08:18:29 +0100] "GET /referenz/referenzenhannover.html HTTP/1.1" 304 - "-" "Mozilla/5.0 (compatible; Googlebot/2.1; +http://www.google.com/bot.html)"
207.46.199.182 - - [21/Feb/2011:08:30:55 +0100] "GET /robots.txt HTTP/1.1" 404 1256 "-" "Mozilla/5.0 (compatible; bingbot/2.0; +http://www.bing.com/bingbot.htm)"
217.231.174.113 - - [21/Feb/2011:08:36:33 +0100] "GET / HTTP/1.1" 302 - "-" "Mozilla/4.0 (compatible; MSIE 8.0; Windows NT 5.1; Trident/4.0; .NET CLR 1.1.4322; .NET CLR 2.0.50727; .NET CLR 3.0.4506.2152; .NET CLR 3.5.30729)"
92.225.67.152 - - [21/Feb/2011:09:07:17 +0100] "GET / HTTP/1.1" 302 - "-" "Mozilla/5.0 (Windows; U; Windows NT 6.1; de; rv:1.9.2.3) Gecko/20100401 (CK-PC-WELT) Firefox/3.6.3"
79.193.46.14 - - [21/Feb/2011:09:18:48 +0100] "GET / HTTP/1.1" 302 - "http://www.stepstone.de/upload_DE/offers/htmlfiles/41707/1558379/xmlOffer_1558379_DE.html" "Mozilla/4.0 (compatible; MSIE 8.0; Windows NT 5.1; Trident/4.0; GTB6.6; .NET CLR 1.1.4322; .NET CLR 2.0.50727; .NET CLR 3.0.4506.2152; .NET CLR 3.5.30729; AskTbVD/5.9.1.14019)"
217.231.174.113 - - [21/Feb/2011:09:52:07 +0100] "GET / HTTP/1.1" 302 - "-" "Mozilla/4.0 (compatible; MSIE 8.0; Windows NT 5.1; Trident/4.0; .NET CLR 1.1.4322; .NET CLR 2.0.50727; .NET CLR 3.0.4506.2152; .NET CLR 3.5.30729)"
217.231.174.113 - - [21/Feb/2011:10:53:11 +0100] "GET / HTTP/1.1" 302 - "-" "Mozilla/4.0 (compatible; MSIE 8.0; Windows NT 5.1; Trident/4.0; .NET CLR 1.1.4322; .NET CLR 2.0.50727; .NET CLR 3.0.4506.2152; .NET CLR 3.5.30729)"
178.8.64.58 - - [21/Feb/2011:11:49:55 +0100] "GET / HTTP/1.1" 302 - "http://jobboerse.arbeitsagentur.de/vamJB/stellenangeboteFinden.html?&benc=Wn%2FJ65Q0grcuZUi0vpfH2HD0GzRvtWsQLMKN3ur03w9tFc83Dallhg%3D%3D&benc=3e1ne4Q4rb0Vg258qkFbDq%2BhEeE%2BtImUFEexOue6bIO6Rjc4mrzBGyZ5oolXd7NtT%2F%2F5NapFHyY%3D" "Mozilla/4.0 (compatible; MSIE 8.0; Windows NT 5.1; Trident/4.0; Mozilla/4.0 (compatible; MSIE 8.0; Win32; WEB.DE); (webde/1.1.0.21); (webde/1.1.0.22); GTB6.6; .NET CLR 1.0.3705; .NET CLR 1.1.4322; Media Center PC 4.0; InfoPath.1; .NET CLR 2.0.50727; .NET CLR 3.0.4506.2152; .NET CLR 3.5.30729)"
85.17.171.225 - - [21/Feb/2011:12:05:24 +0100] "GET /robots.txt HTTP/1.1" 404 1256 "-" "Mozilla/5.0 (compatible; Plukkie/1.3; http://www.botje.com/plukkie.htm)"
85.17.171.225 - - [21/Feb/2011:12:05:24 +0100] "GET / HTTP/1.1" 302 - "-" "Mozilla/5.0 (compatible; Plukkie/1.3; http://www.botje.com/plukkie.htm)"
67.195.114.233 - - [21/Feb/2011:12:21:47 +0100] "GET /robots.txt HTTP/1.0" 404 1256 "-" "Mozilla/5.0 (compatible; Yahoo! Slurp; http://help.yahoo.com/help/us/ysearch/slurp)"
67.195.114.233 - - [21/Feb/2011:12:21:47 +0100] "GET / HTTP/1.0" 302 - "-" "Mozilla/5.0 (compatible; Yahoo! Slurp; http://help.yahoo.com/help/us/ysearch/slurp)"
207.46.204.232 - - [21/Feb/2011:12:25:05 +0100] "GET /robots.txt HTTP/1.1" 404 1256 "-" "Mozilla/5.0 (compatible; bingbot/2.0; +http://www.bing.com/bingbot.htm)"
207.46.204.232 - - [21/Feb/2011:12:25:57 +0100] "GET / HTTP/1.1" 302 - "-" "Mozilla/5.0 (compatible; bingbot/2.0; +http://www.bing.com/bingbot.htm)"
66.249.72.225 - - [21/Feb/2011:12:26:06 +0100] "GET /robots.txt HTTP/1.1" 404 1256 "-" "Mozilla/5.0 (compatible; Googlebot/2.1; +http://www.google.com/bot.html)"
66.249.72.225 - - [21/Feb/2011:12:26:06 +0100] "GET /referenz/referenzenhannover.html HTTP/1.1" 304 - "-" "Mozilla/5.0 (compatible; Googlebot/2.1; +http://www.google.com/bot.html)"
93.219.216.203 - - [21/Feb/2011:12:29:19 +0100] "GET / HTTP/1.1" 302 - "http://www.agentur-zeitarbeit.de/component/option,com_afz_category/id,96/subcat,142/" "Mozilla/5.0 (Windows; U; Windows NT 5.1; de; rv:1.9.2.13) Gecko/20101203 Firefox/3.6.13 ( .NET CLR 3.5.30729; .NET4.0C)"
85.178.254.85 - - [21/Feb/2011:12:56:56 +0100] "GET / HTTP/1.1" 302 - "http://jobboerse.arbeitsagentur.de/vamJB/stellenangeboteFinden.html?&benc=ZBipQEEGlWsugeFfd3Hq2MwpUxpufGAy6UTGxaOMXCZQ3YSAegtNhg%3D%3D&benc=xZsMrcyKrWr96v8RIlqYrP1nsUVX3zVuHyp1LuHNTx3aTTbAXF29dVWvL%2BDMxecjfMloTd41IpA%3D" "Mozilla/5.0 (Windows; U; Windows NT 6.0; de; rv:1.9.2.13) Gecko/20101203 Firefox/3.6.13 ( .NET CLR 3.5.30729; .NET4.0C)"
208.115.111.67 - - [21/Feb/2011:13:16:35 +0100] "GET /robots.txt HTTP/1.1" 404 1256 "-" "Mozilla/5.0 (compatible; Ezooms/1.0; ezooms.bot@gmail.com)"
208.115.111.67 - - [21/Feb/2011:13:34:18 +0100] "GET / HTTP/1.1" 302 - "-" "Mozilla/5.0 (compatible; Ezooms/1.0; ezooms.bot@gmail.com)"
119.63.196.121 - - [21/Feb/2011:13:48:08 +0100] "GET /robots.txt HTTP/1.1" 404 1256 "-" "Baiduspider+(+http://www.baidu.com/search/spider.htm)"
62.117.16.96 - - [21/Feb/2011:13:57:52 +0100] "GET / HTTP/1.1" 302 - "http://jobs.meinestadt.de/x/job.php/jobid=8572601" "Mozilla/5.0 (Windows; U; Windows NT 6.0; de; rv:1.9.1.16) Gecko/20101130 Firefox/3.5.16 ( .NET CLR 3.5.30729; .NET4.0C)"
77.186.23.239 - - [21/Feb/2011:14:51:30 +0100] "GET / HTTP/1.1" 302 - "http://www.google.de/search?hl=de&safe=active&q=Zeitarbeitsfirmen+Karlshorst" "Mozilla/4.0 (compatible; MSIE 8.0; Windows NT 5.1; Trident/4.0; .NET CLR 2.0.50727; .NET CLR 3.0.4506.2152; .NET CLR 3.5.30729)"
62.112.37.240 - - [21/Feb/2011:14:55:43 +0100] "GET / HTTP/1.1" 302 - "http://www.google.de/url?sa=t&source=web&cd=1&ved=0CBwQFjAA&url=http%3A%2F%2Fwww.personal-dienstleistung.de%2F&rct=j&q=personal-dienstleistung.de&ei=am9iTf2aIs_GswbSkMm2CA&usg=AFQjCNGG8qIxAIusv-vnrtTv4JmZ2Fyhmw" "Mozilla/4.0 (compatible; MSIE 8.0; Windows NT 5.1; Trident/4.0; .NET CLR 2.0.50727; .NET CLR 1.1.4322; .NET CLR 3.0.04506.30; .NET CLR 3.0.04506.648; .NET CLR 3.0.4506.2152; .NET CLR 3.5.30729)"
91.192.15.73 - - [21/Feb/2011:15:33:09 +0100] "GET / HTTP/1.1" 302 - "http://www.gelbeseiten.de/yp/subscriberlist_pageAction.yp?sessionDataString=H4sIAAAAAAAAAJWQW0sDMRCFf00fVzaXvRHmoSpKsVhxF7y8yDQ7bVfjriZZUH-p902rB24shhOSQM-pebsTWF0A397BgIqch4J7kqV4nWyzTBQlVJiVimhSitQJXISleZsGTsJT2zSRlbR/TxAtcEE3lCfk3LvguuC5H4fVrffZOMnTbw-psSucXlPNsItdexf8hlWnX-pk3tj5YDEyExySdx0LJ6NzjceWzvGRGnr503XM5bG3BInYwoXR/QPqrOvbxaom9HYDcRsVdnfjZi0opXLjttl7Ine2DiBEul/GTT2hHVoCYdyif3iDVLF6DaIqMqGNuwFRKJ0Xxs0xQiYPMqlT/jvnNoU60EJkaWXcJTmM1HKV/YDq0W4I3n71G3bNSRMWviUPYfDxbgduwtHoPWOLVBZS6iyvPqTdBBlD5-pXnn76lF2DO8HV24WrwbTMcYvgjdqKmPzScFEcmNENEB1KUxoLMc5lxKrf3Dm2RJsNeAgAA&page=3&filterTrade=&filterFunction=&sortBy=&availableLetters=ABCDEFGHIJKLMNOPRSTUVWZ" "Mozilla/4.0 (compatible; MSIE 6.0; Windows NT 5.1; SV1; .NET CLR 1.1.4322; .NET CLR 2.0.50727; .NET CLR 3.0.04506.30; .NET CLR 3.0.04506.648; .NET CLR 3.5.21022; .NET CLR 3.0.4506.2152; .NET CLR 3.5.30729)"
93.206.49.8 - - [21/Feb/2011:15:45:34 +0100] "GET /impressuminframe.html HTTP/1.1" 200 8032 "http://www.google.de/search?q=k%26kgmbh+Treskowallee+106&ie=utf-8&oe=utf-8&aq=t&rls=org.mozilla:de:official&client=firefox-a" "Mozilla/5.0 (Windows; U; Windows NT 6.0; de; rv:1.9.2.13) Gecko/20101203 Firefox/3.6.13 (.NET CLR 3.5.30729) sputnik 2.3.0.102"
93.206.49.8 - - [21/Feb/2011:15:45:34 +0100] "GET /favicon.ico HTTP/1.1" 404 1256 "-" "Mozilla/5.0 (Windows; U; Windows NT 6.0; de; rv:1.9.2.13) Gecko/20101203 Firefox/3.6.13 (.NET CLR 3.5.30729) sputnik 2.3.0.102"
93.206.49.8 - - [21/Feb/2011:15:45:37 +0100] "GET /favicon.ico HTTP/1.1" 404 1256 "-" "Mozilla/5.0 (Windows; U; Windows NT 6.0; de; rv:1.9.2.13) Gecko/20101203 Firefox/3.6.13 (.NET CLR 3.5.30729) sputnik 2.3.0.102"
213.160.7.84 - - [21/Feb/2011:16:18:51 +0100] "GET /kontakt/kontakt%20waren.html HTTP/1.1" 200 8546 "http://www.google.de/search?q=manuela+ott+waren-m%C3%BCritz&start=0&ie=utf-8&oe=utf-8&meta=lr%3Dlang_de&client=firefox-a&rls=org.mozilla:de:official" "Mozilla/5.0 (Macintosh; U; PPC Mac OS X Mach-O; de; rv:1.8.0.4) Gecko/20060508 Firefox/1.5.0.4"
213.160.7.84 - - [21/Feb/2011:16:18:51 +0100] "GET /kontakt/Bilder/Mitarbeiter%20Perso/FrauMuhsalneu.jpg HTTP/1.1" 200 31185 "http://www.personal-dienstleistung.de/kontakt/kontakt%20waren.html" "Mozilla/5.0 (Macintosh; U; PPC Mac OS X Mach-O; de; rv:1.8.0.4) Gecko/20060508 Firefox/1.5.0.4"
213.160.7.84 - - [21/Feb/2011:16:18:51 +0100] "GET /kontakt/Bilder/Mitarbeiter%20Perso/no.jpg HTTP/1.1" 200 7381 "http://www.personal-dienstleistung.de/kontakt/kontakt%20waren.html" "Mozilla/5.0 (Macintosh; U; PPC Mac OS X Mach-O; de; rv:1.8.0.4) Gecko/20060508 Firefox/1.5.0.4"
213.160.7.84 - - [21/Feb/2011:16:18:51 +0100] "GET /kontakt/Bilder/Nancy_Schmidtke.jpg HTTP/1.1" 200 20589 "http://www.personal-dienstleistung.de/kontakt/kontakt%20waren.html" "Mozilla/5.0 (Macintosh; U; PPC Mac OS X Mach-O; de; rv:1.8.0.4) Gecko/20060508 Firefox/1.5.0.4"
213.160.7.84 - - [21/Feb/2011:16:18:51 +0100] "GET /kontakt/Bilder/Mitarbeiter%20Perso/FrauBroecker.jpg HTTP/1.1" 200 42993 "http://www.personal-dienstleistung.de/kontakt/kontakt%20waren.html" "Mozilla/5.0 (Macintosh; U; PPC Mac OS X Mach-O; de; rv:1.8.0.4) Gecko/20060508 Firefox/1.5.0.4"
213.160.7.84 - - [21/Feb/2011:16:18:52 +0100] "GET /favicon.ico HTTP/1.1" 404 1256 "-" "Mozilla/5.0 (Macintosh; U; PPC Mac OS X Mach-O; de; rv:1.8.0.4) Gecko/20060508 Firefox/1.5.0.4"
85.178.178.230 - - [21/Feb/2011:16:30:04 +0100] "GET / HTTP/1.1" 302 - "http://www.jobpoint-berlin.de/jobboerse/details.php?kennziffer=93233" "Mozilla/5.0 (Windows; U; Windows NT 5.1; de; rv:1.9.2.13) Gecko/20101203 Firefox/3.6.13"
67.195.114.233 - - [21/Feb/2011:16:41:26 +0100] "GET /referenz/referenzenberl.html HTTP/1.0" 200 3591 "-" "Mozilla/5.0 (compatible; Yahoo! Slurp; http://help.yahoo.com/help/us/ysearch/slurp)"
67.195.114.233 - - [21/Feb/2011:17:19:57 +0100] "GET /referenzen.html HTTP/1.0" 200 6836 "-" "Mozilla/5.0 (compatible; Yahoo! Slurp; http://help.yahoo.com/help/us/ysearch/slurp)"
87.144.212.149 - - [21/Feb/2011:17:38:41 +0100] "GET / HTTP/1.1" 302 - "http://www.agentur-zeitarbeit.de/component/option,com_afz_category/id,96/subcat,142/" "Mozilla/4.0 (compatible; MSIE 7.0; Windows NT 6.0; GTB6.6; SLCC1; .NET CLR 2.0.50727; Media Center PC 5.0; .NET CLR 1.1.4322; .NET CLR 3.5.30729; .NET CLR 3.0.30618)"
