195.191.219.132 - - [05/Dec/2022:19:33:59 +0100] "GET / HTTP/1.1" 404 - "-" "Mozilla/5.0 (compatible; MJ12bot/v1.4.8; http://mj12bot.com/)"
35.195.31.44 - - [05/Dec/2022:19:40:52 +0100] "HEAD / HTTP/1.1" 404 - "-" "Apache-HttpClient/4.5.5 (Java/11.0.9)"
35.195.31.44 - - [05/Dec/2022:19:40:52 +0100] "GET / HTTP/1.1" 404 - "-" "Apache-HttpClient/4.5.5 (Java/11.0.9)"
35.195.31.44 - - [05/Dec/2022:19:40:52 +0100] "GET / HTTP/1.1" 404 - "-" "Apache-HttpClient/4.5.5 (Java/11.0.9)"
35.195.31.44 - - [05/Dec/2022:19:40:52 +0100] "GET / HTTP/1.1" 404 - "-" "Apache-HttpClient/4.5.5 (Java/11.0.9)"
35.195.31.44 - - [05/Dec/2022:19:40:52 +0100] "GET / HTTP/1.1" 404 - "-" "Apache-HttpClient/4.5.5 (Java/11.0.9)"
35.195.31.44 - - [05/Dec/2022:19:40:52 +0100] "GET / HTTP/1.1" 404 - "-" "Apache-HttpClient/4.5.5 (Java/11.0.9)"
85.25.177.219 - - [05/Dec/2022:20:01:22 +0100] "GET /robots.txt HTTP/1.1" 404 - "-" "Mozilla/5.0 (Macintosh; Intel Mac OS X 10.15; rv:103.0) Gecko/20100101 Firefox/103.0"
85.25.177.219 - - [05/Dec/2022:20:01:22 +0100] "GET /jahrbuch/index.html HTTP/1.1" 404 - "-" "Mozilla/5.0 (Macintosh; Intel Mac OS X 10.15; rv:103.0) Gecko/20100101 Firefox/103.0"
17.121.113.79 - - [05/Dec/2022:20:23:19 +0100] "GET /buecher/rezension_gesichter_u_geschichten.pdf HTTP/1.1" 404 - "-" "Mozilla/5.0 (Macintosh; Intel Mac OS X 10_15_5) AppleWebKit/605.1.15 (KHTML, like Gecko) Version/13.1.1 Safari/605.1.15 (Applebot/0.1; +http://www.apple.com/go/applebot)"
17.121.112.239 - - [05/Dec/2022:21:06:36 +0100] "GET /sonderthemen/oekt_extra1.pdf HTTP/1.1" 404 - "-" "Mozilla/5.0 (Macintosh; Intel Mac OS X 10_15_5) AppleWebKit/605.1.15 (KHTML, like Gecko) Version/13.1.1 Safari/605.1.15 (Applebot/0.1; +http://www.apple.com/go/applebot)"
17.121.114.15 - - [05/Dec/2022:22:00:52 +0100] "GET /sonderthemen/sk2004.pdf HTTP/1.1" 404 - "-" "Mozilla/5.0 (Macintosh; Intel Mac OS X 10_15_5) AppleWebKit/605.1.15 (KHTML, like Gecko) Version/13.1.1 Safari/605.1.15 (Applebot/0.1; +http://www.apple.com/go/applebot)"
85.25.177.219 - - [05/Dec/2022:22:02:14 +0100] "GET /robots.txt HTTP/1.1" 404 - "-" "Mozilla/5.0 (Macintosh; Intel Mac OS X 10.15; rv:103.0) Gecko/20100101 Firefox/103.0"
85.25.177.219 - - [05/Dec/2022:22:02:14 +0100] "GET /jahrbuch/index.html HTTP/1.1" 404 - "-" "Mozilla/5.0 (Macintosh; Intel Mac OS X 10.15; rv:103.0) Gecko/20100101 Firefox/103.0"
66.249.64.201 - - [05/Dec/2022:23:12:09 +0100] "GET /robots.txt HTTP/1.1" 404 - "-" "Mozilla/5.0 (compatible; Googlebot/2.1; +http://www.google.com/bot.html)"
66.249.64.203 - - [05/Dec/2022:23:12:09 +0100] "GET /sonderthemen/sk2004.pdf HTTP/1.1" 404 - "-" "Mozilla/5.0 (Linux; Android 6.0.1; Nexus 5X Build/MMB29P) AppleWebKit/537.36 (KHTML, like Gecko) Chrome/107.0.5304.110 Mobile Safari/537.36 (compatible; Googlebot/2.1; +http://www.google.com/bot.html)"
157.55.39.131 - - [05/Dec/2022:23:25:28 +0100] "GET /robots.txt HTTP/1.1" 404 - "-" "Mozilla/5.0 (compatible; bingbot/2.0; +http://www.bing.com/bingbot.htm)"
157.55.39.245 - - [05/Dec/2022:23:25:33 +0100] "GET /kontakt/index.html HTTP/1.1" 404 - "-" "Mozilla/5.0 AppleWebKit/537.36 (KHTML, like Gecko; compatible; bingbot/2.0; +http://www.bing.com/bingbot.htm) Chrome/103.0.5060.134 Safari/537.36"
85.25.177.219 - - [06/Dec/2022:00:07:36 +0100] "GET /robots.txt HTTP/1.1" 404 - "-" "Mozilla/5.0 (Macintosh; Intel Mac OS X 10.15; rv:103.0) Gecko/20100101 Firefox/103.0"
85.25.177.219 - - [06/Dec/2022:00:07:36 +0100] "GET /jahrbuch/index.html HTTP/1.1" 404 - "-" "Mozilla/5.0 (Macintosh; Intel Mac OS X 10.15; rv:103.0) Gecko/20100101 Firefox/103.0"
51.222.253.15 - - [06/Dec/2022:05:28:24 +0100] "GET /robots.txt HTTP/1.1" 404 - "-" "Mozilla/5.0 (compatible; AhrefsBot/7.0; +http://ahrefs.com/robot/)"
86.17.212.26 - - [06/Dec/2022:09:13:53 +0100] "GET / HTTP/1.1" 404 - "-" "Mozilla/5.0 (Windows NT 10.0; Win64; x64; rv:107.0) Gecko/20100101 Firefox/107.0"
86.17.212.26 - - [06/Dec/2022:09:13:53 +0100] "GET /favicon.ico HTTP/1.1" 404 - "http://www.morusverlag.de/" "Mozilla/5.0 (Windows NT 10.0; Win64; x64; rv:107.0) Gecko/20100101 Firefox/107.0"
34.78.171.236 - - [06/Dec/2022:13:34:48 +0100] "GET / HTTP/1.1" 404 - "-" "Mozilla/5.0 (Windows NT 10.0; Win64; x64) AppleWebKit/537.36 (KHTML, like Gecko) Chrome/84.0.4147.105 Safari/537.36"
188.143.235.146 - - [06/Dec/2022:15:22:54 +0100] "GET / HTTP/1.0" 404 - "https://www.rospromtest.ru/" "Mozilla/5.0 (Windows NT 6.1; Win64; x64) AppleWebKit/537.36 (KHTML, like Gecko) Chrome/90.0.4430.93 Safari/537.36"
188.143.235.146 - - [06/Dec/2022:15:22:54 +0100] "GET / HTTP/1.0" 404 - "https://www.rospromtest.ru/" "Mozilla/5.0 (Windows NT 6.1; Win64; x64) AppleWebKit/537.36 (KHTML, like Gecko) Chrome/90.0.4430.93 Safari/537.36"
188.143.235.146 - - [06/Dec/2022:15:22:56 +0100] "GET / HTTP/1.0" 404 - "https://www.rospromtest.ru/" "Mozilla/5.0 (Windows NT 10.0; Win64; x64) AppleWebKit/537.36 (KHTML, like Gecko) Chrome/90.0.4430.72 Safari/537.36 Edg/90.0.818.39"
188.143.235.146 - - [06/Dec/2022:15:22:56 +0100] "GET / HTTP/1.0" 404 - "https://www.rospromtest.ru/" "Mozilla/5.0 (Windows NT 10.0; Win64; x64) AppleWebKit/537.36 (KHTML, like Gecko) Chrome/90.0.4430.72 Safari/537.36 Edg/90.0.818.39"
34.79.86.243 - - [06/Dec/2022:19:01:35 +0100] "HEAD / HTTP/1.1" 404 - "-" "Apache-HttpClient/4.5.5 (Java/11.0.9)"
34.79.86.243 - - [06/Dec/2022:19:01:35 +0100] "GET / HTTP/1.1" 404 - "-" "Apache-HttpClient/4.5.5 (Java/11.0.9)"
34.79.86.243 - - [06/Dec/2022:19:01:35 +0100] "GET / HTTP/1.1" 404 - "-" "Apache-HttpClient/4.5.5 (Java/11.0.9)"
34.79.86.243 - - [06/Dec/2022:19:01:35 +0100] "GET / HTTP/1.1" 404 - "-" "Apache-HttpClient/4.5.5 (Java/11.0.9)"
34.79.86.243 - - [06/Dec/2022:19:01:36 +0100] "GET / HTTP/1.1" 404 - "-" "Apache-HttpClient/4.5.5 (Java/11.0.9)"
34.79.86.243 - - [06/Dec/2022:19:01:36 +0100] "GET / HTTP/1.1" 404 - "-" "Apache-HttpClient/4.5.5 (Java/11.0.9)"
157.90.91.229 - - [06/Dec/2022:22:30:47 +0100] "GET /robots.txt HTTP/1.1" 404 - "-" "Mozilla/5.0 (compatible; BLEXBot/1.0; +http://webmeup-crawler.com/)"
157.90.91.229 - - [06/Dec/2022:22:30:47 +0100] "GET / HTTP/1.1" 404 - "-" "Mozilla/5.0 (compatible; BLEXBot/1.0; +http://webmeup-crawler.com/)"
84.136.89.133 - - [06/Dec/2022:22:56:31 +0100] "GET / HTTP/1.1" 404 - "-" "Mozilla/5.0 (Windows NT 10.0; Win64; x64) AppleWebKit/537.36 (KHTML, like Gecko) Chrome/101.0.4951.54 Safari/537.36"
17.121.114.24 - - [06/Dec/2022:22:59:02 +0100] "GET /robots.txt HTTP/1.1" 404 - "-" "Mozilla/5.0 (Macintosh; Intel Mac OS X 10_15_5) AppleWebKit/605.1.15 (KHTML, like Gecko) Version/13.1.1 Safari/605.1.15 (Applebot/0.1; +http://www.apple.com/go/applebot)"
17.121.114.24 - - [06/Dec/2022:22:59:03 +0100] "GET /sonderthemen/oeaz2002.pdf HTTP/1.1" 404 - "-" "Mozilla/5.0 (Macintosh; Intel Mac OS X 10_15_5) AppleWebKit/605.1.15 (KHTML, like Gecko) Version/13.1.1 Safari/605.1.15 (Applebot/0.1; +http://www.apple.com/go/applebot)"
114.119.145.129 - - [06/Dec/2022:23:12:32 +0100] "GET /robots.txt HTTP/1.1" 404 - "-" "Mozilla/5.0 (compatible;PetalBot;+https://webmaster.petalsearch.com/site/petalbot)"
66.249.64.193 - - [06/Dec/2022:23:27:29 +0100] "GET /robots.txt HTTP/1.1" 404 - "-" "Mozilla/5.0 (compatible; Googlebot/2.1; +http://www.google.com/bot.html)"
66.249.64.199 - - [06/Dec/2022:23:27:29 +0100] "GET /sonderthemen/sk2004.pdf HTTP/1.1" 404 - "-" "Mozilla/5.0 (Windows NT 10.0; Win64; x64)AppleWebKit/537.36 (KHTML, like Gecko) Chrome/91.0.4472.101 Safari/537.36 (compatible; GoogleOther)"
66.249.64.199 - - [07/Dec/2022:01:19:00 +0100] "GET / HTTP/1.1" 404 - "-" "Mozilla/5.0 (Linux; Android 6.0.1; Nexus 5X Build/MMB29P) AppleWebKit/537.36 (KHTML, like Gecko) Chrome/107.0.5304.110 Mobile Safari/537.36 (compatible; Googlebot/2.1; +http://www.google.com/bot.html)"
54.154.232.174 - - [07/Dec/2022:01:33:31 +0100] "GET / HTTP/1.0" 404 - "-" "Mozilla/5.0 (compatible; NetcraftSurveyAgent/1.0; +info@netcraft.com)"
136.243.220.213 - - [07/Dec/2022:01:36:27 +0100] "GET /robots.txt HTTP/1.1" 404 - "-" "Mozilla/5.0 (compatible; DataForSeoBot/1.0; +https://dataforseo.com/dataforseo-bot)"
136.243.220.213 - - [07/Dec/2022:01:36:27 +0100] "GET /buecher/ HTTP/1.1" 404 - "-" "Mozilla/5.0 (compatible; DataForSeoBot/1.0; +https://dataforseo.com/dataforseo-bot)"
66.249.64.193 - - [07/Dec/2022:01:41:30 +0100] "GET / HTTP/1.1" 404 - "-" "Mozilla/5.0 (compatible; Googlebot/2.1; +http://www.google.com/bot.html)"
66.249.64.196 - - [07/Dec/2022:02:04:00 +0100] "GET /buecher/ HTTP/1.1" 404 - "-" "Mozilla/5.0 (compatible; Googlebot/2.1; +http://www.google.com/bot.html)"
205.210.31.25 - - [07/Dec/2022:03:12:17 +0100] "GET / HTTP/1.1" 404 - "-" "Expanse, a Palo Alto Networks company, searches across the global IPv4 space multiple times per day to identify customers' presences on the Internet. If you would like to be excluded from our scans, please send IP addresses/domains to: scaninfo@paloaltonetworks.com"
66.249.64.199 - - [07/Dec/2022:03:56:30 +0100] "GET /sonderthemen/oekt_extra3.pdf HTTP/1.1" 404 - "-" "Mozilla/5.0 (Linux; Android 6.0.1; Nexus 5X Build/MMB29P) AppleWebKit/537.36 (KHTML, like Gecko) Chrome/107.0.5304.110 Mobile Safari/537.36 (compatible; Googlebot/2.1; +http://www.google.com/bot.html)"
66.249.64.193 - - [07/Dec/2022:05:05:08 +0100] "GET /buecher/ HTTP/1.1" 404 - "-" "Mozilla/5.0 (Linux; Android 6.0.1; Nexus 5X Build/MMB29P) AppleWebKit/537.36 (KHTML, like Gecko) Chrome/107.0.5304.110 Mobile Safari/537.36 (compatible; Googlebot/2.1; +http://www.google.com/bot.html)"
114.119.147.116 - - [07/Dec/2022:05:43:06 +0100] "GET /robots.txt HTTP/1.1" 404 - "-" "Mozilla/5.0 (compatible;PetalBot;+https://webmaster.petalsearch.com/site/petalbot)"
81.209.177.145 - - [07/Dec/2022:05:43:12 +0100] "GET /robots.txt HTTP/1.1" 404 - "-" "netEstate NE Crawler (+http://www.website-datenbank.de/)"
81.209.177.145 - - [07/Dec/2022:05:43:15 +0100] "GET / HTTP/1.1" 404 - "-" "netEstate NE Crawler (+http://www.website-datenbank.de/)"
66.249.64.199 - - [07/Dec/2022:06:13:46 +0100] "GET /sonderthemen/archiv.html HTTP/1.1" 404 - "-" "Mozilla/5.0 (Linux; Android 6.0.1; Nexus 5X Build/MMB29P) AppleWebKit/537.36 (KHTML, like Gecko) Chrome/107.0.5304.110 Mobile Safari/537.36 (compatible; Googlebot/2.1; +http://www.google.com/bot.html)"
85.25.177.219 - - [07/Dec/2022:07:47:15 +0100] "GET / HTTP/1.1" 404 - "-" "Mozilla/5.0 (Macintosh; Intel Mac OS X 10.15; rv:103.0) Gecko/20100101 Firefox/103.0"
85.25.177.219 - - [07/Dec/2022:07:47:16 +0100] "GET /sitemap.xml HTTP/1.1" 404 - "-" "Mozilla/5.0 (Macintosh; Intel Mac OS X 10.15; rv:103.0) Gecko/20100101 Firefox/103.0"
66.249.64.196 - - [07/Dec/2022:09:57:39 +0100] "GET /sonderthemen/sk2002.pdf HTTP/1.1" 404 - "-" "Mozilla/5.0 (Windows NT 10.0; Win64; x64)AppleWebKit/537.36 (KHTML, like Gecko) Chrome/91.0.4472.101 Safari/537.36 (compatible; GoogleOther)"
54.91.219.252 - - [07/Dec/2022:10:59:59 +0100] "GET /.env HTTP/1.1" 404 - "-" "Mozilla/5.0 (X11; Linux x86_64; rv:83.0) Gecko/20100101 Firefox/83.0"
54.91.219.252 - - [07/Dec/2022:10:59:59 +0100] "POST / HTTP/1.1" 404 - "-" "Mozilla/5.0 (X11; Linux x86_64; rv:83.0) Gecko/20100101 Firefox/83.0"
66.249.64.196 - - [07/Dec/2022:11:03:38 +0100] "GET /buecher/index.html HTTP/1.1" 404 - "-" "Mozilla/5.0 (compatible; Googlebot/2.1; +http://www.google.com/bot.html)"
66.249.64.196 - - [07/Dec/2022:11:27:39 +0100] "GET /sonderthemen/az2003_s01.pdf HTTP/1.1" 404 - "-" "Mozilla/5.0 (Windows NT 10.0; Win64; x64)AppleWebKit/537.36 (KHTML, like Gecko) Chrome/91.0.4472.101 Safari/537.36 (compatible; GoogleOther)"
66.249.64.199 - - [07/Dec/2022:11:27:39 +0100] "GET /robots.txt HTTP/1.1" 404 - "-" "Mozilla/5.0 (compatible; Googlebot/2.1; +http://www.google.com/bot.html)"
66.249.64.196 - - [07/Dec/2022:13:00:52 +0100] "GET / HTTP/1.1" 404 - "-" "Mozilla/5.0 (Linux; Android 6.0.1; Nexus 5X Build/MMB29P) AppleWebKit/537.36 (KHTML, like Gecko) Chrome/107.0.5304.110 Mobile Safari/537.36 (compatible; Googlebot/2.1; +http://www.google.com/bot.html)"
114.119.156.38 - - [07/Dec/2022:13:20:44 +0100] "GET /robots.txt HTTP/1.1" 404 - "-" "Mozilla/5.0 (compatible;PetalBot;+https://webmaster.petalsearch.com/site/petalbot)"
85.25.177.219 - - [07/Dec/2022:13:39:43 +0100] "GET /robots.txt HTTP/1.1" 404 - "-" "Mozilla/5.0 (Macintosh; Intel Mac OS X 10.15; rv:103.0) Gecko/20100101 Firefox/103.0"
85.25.177.219 - - [07/Dec/2022:13:39:43 +0100] "GET / HTTP/1.1" 404 - "-" "Mozilla/5.0 (Macintosh; Intel Mac OS X 10.15; rv:103.0) Gecko/20100101 Firefox/103.0"
85.25.177.219 - - [07/Dec/2022:13:39:44 +0100] "GET /sitemap.xml HTTP/1.1" 404 - "-" "Mozilla/5.0 (Macintosh; Intel Mac OS X 10.15; rv:103.0) Gecko/20100101 Firefox/103.0"
66.249.64.193 - - [07/Dec/2022:13:39:56 +0100] "GET /buecher/rezensionen_engel.html HTTP/1.1" 404 - "-" "Mozilla/5.0 (Linux; Android 6.0.1; Nexus 5X Build/MMB29P) AppleWebKit/537.36 (KHTML, like Gecko) Chrome/107.0.5304.110 Mobile Safari/537.36 (compatible; Googlebot/2.1; +http://www.google.com/bot.html)"
66.249.64.199 - - [07/Dec/2022:14:45:34 +0100] "GET / HTTP/1.1" 404 - "-" "Mozilla/5.0 (Linux; Android 6.0.1; Nexus 5X Build/MMB29P) AppleWebKit/537.36 (KHTML, like Gecko) Chrome/99.0.4844.84 Mobile Safari/537.36 (compatible; Googlebot/2.1; +http://www.google.com/bot.html)"
66.249.64.193 - - [07/Dec/2022:14:45:35 +0100] "GET / HTTP/1.1" 404 - "-" "Mozilla/5.0 (compatible; Googlebot/2.1; +http://www.google.com/bot.html)"
66.249.64.193 - - [07/Dec/2022:14:58:06 +0100] "GET /buecher HTTP/1.1" 404 - "-" "Mozilla/5.0 (compatible; Googlebot/2.1; +http://www.google.com/bot.html)"
66.249.64.196 - - [07/Dec/2022:16:06:30 +0100] "GET / HTTP/1.1" 404 - "-" "Mozilla/5.0 (compatible; Googlebot/2.1; +http://www.google.com/bot.html)"
85.25.177.219 - - [07/Dec/2022:16:50:16 +0100] "GET /robots.txt HTTP/1.1" 404 - "-" "Mozilla/5.0 (Macintosh; Intel Mac OS X 10.15; rv:103.0) Gecko/20100101 Firefox/103.0"
85.25.177.219 - - [07/Dec/2022:16:50:16 +0100] "GET /sitemap.xml HTTP/1.1" 404 - "-" "Mozilla/5.0 (Macintosh; Intel Mac OS X 10.15; rv:103.0) Gecko/20100101 Firefox/103.0"
85.25.177.219 - - [07/Dec/2022:17:00:14 +0100] "GET /robots.txt HTTP/1.1" 404 - "-" "Mozilla/5.0 (Macintosh; Intel Mac OS X 10.15; rv:103.0) Gecko/20100101 Firefox/103.0"
85.25.177.219 - - [07/Dec/2022:17:00:14 +0100] "GET /sitemap.xml HTTP/1.1" 404 - "-" "Mozilla/5.0 (Macintosh; Intel Mac OS X 10.15; rv:103.0) Gecko/20100101 Firefox/103.0"
85.25.177.219 - - [07/Dec/2022:17:00:15 +0100] "GET / HTTP/1.1" 404 - "-" "Mozilla/5.0 (Macintosh; Intel Mac OS X 10.15; rv:103.0) Gecko/20100101 Firefox/103.0"
34.244.43.57 - - [07/Dec/2022:18:02:33 +0100] "GET /robots.txt HTTP/1.1" 404 - "-" "Mozilla/5.0 (Macintosh; Intel Mac OS X 10_15_5) AppleWebKit/537.36 (KHTML, like Gecko) Chrome/83.0.4103.61 Safari/537.36"
34.244.43.57 - - [07/Dec/2022:18:02:36 +0100] "GET / HTTP/1.1" 404 - "http://mit-brennender-sorge.de/" "Mozilla/5.0 (Macintosh; Intel Mac OS X 10_15_5) AppleWebKit/537.36 (KHTML, like Gecko) Chrome/83.0.4103.61 Safari/537.36"
35.233.107.84 - - [07/Dec/2022:18:16:42 +0100] "HEAD / HTTP/1.1" 404 - "-" "Apache-HttpClient/4.5.5 (Java/11.0.9)"
35.233.107.84 - - [07/Dec/2022:18:16:42 +0100] "GET / HTTP/1.1" 404 - "-" "Apache-HttpClient/4.5.5 (Java/11.0.9)"
35.233.107.84 - - [07/Dec/2022:18:16:42 +0100] "GET / HTTP/1.1" 404 - "-" "Apache-HttpClient/4.5.5 (Java/11.0.9)"
35.233.107.84 - - [07/Dec/2022:18:16:42 +0100] "GET / HTTP/1.1" 404 - "-" "Apache-HttpClient/4.5.5 (Java/11.0.9)"
35.233.107.84 - - [07/Dec/2022:18:16:42 +0100] "GET / HTTP/1.1" 404 - "-" "Apache-HttpClient/4.5.5 (Java/11.0.9)"
35.233.107.84 - - [07/Dec/2022:18:16:42 +0100] "GET / HTTP/1.1" 404 - "-" "Apache-HttpClient/4.5.5 (Java/11.0.9)"
54.36.148.59 - - [07/Dec/2022:18:17:47 +0100] "GET /robots.txt HTTP/1.1" 404 - "-" "Mozilla/5.0 (compatible; AhrefsBot/7.0; +http://ahrefs.com/robot/)"
136.243.220.213 - - [07/Dec/2022:18:18:23 +0100] "GET /sitemap.xml HTTP/1.1" 404 - "-" "Mozilla/5.0 (compatible; DataForSeoBot/1.0; +https://dataforseo.com/dataforseo-bot)"
17.121.113.131 - - [07/Dec/2022:18:25:53 +0100] "GET /buecher/rezension_gesichter_u_geschichten.pdf HTTP/1.1" 404 - "-" "Mozilla/5.0 (Macintosh; Intel Mac OS X 10_15_5) AppleWebKit/605.1.15 (KHTML, like Gecko) Version/13.1.1 Safari/605.1.15 (Applebot/0.1; +http://www.apple.com/go/applebot)"
136.243.220.213 - - [07/Dec/2022:20:43:29 +0100] "GET /aktuell.html HTTP/1.1" 404 - "-" "Mozilla/5.0 (compatible; DataForSeoBot/1.0; +https://dataforseo.com/dataforseo-bot)"
17.121.113.173 - - [07/Dec/2022:20:47:34 +0100] "GET /sonderthemen/sk2000.pdf HTTP/1.1" 404 - "-" "Mozilla/5.0 (Macintosh; Intel Mac OS X 10_15_5) AppleWebKit/605.1.15 (KHTML, like Gecko) Version/13.1.1 Safari/605.1.15 (Applebot/0.1; +http://www.apple.com/go/applebot)"
17.121.114.70 - - [07/Dec/2022:21:46:09 +0100] "GET /sonderthemen/az1999.pdf HTTP/1.1" 404 - "-" "Mozilla/5.0 (Macintosh; Intel Mac OS X 10_15_5) AppleWebKit/605.1.15 (KHTML, like Gecko) Version/13.1.1 Safari/605.1.15 (Applebot/0.1; +http://www.apple.com/go/applebot)"
66.249.64.193 - - [07/Dec/2022:21:59:15 +0100] "GET / HTTP/1.1" 404 - "-" "Mozilla/5.0 (Linux; Android 6.0.1; Nexus 5X Build/MMB29P) AppleWebKit/537.36 (KHTML, like Gecko) Chrome/107.0.5304.110 Mobile Safari/537.36 (compatible; Googlebot/2.1; +http://www.google.com/bot.html)"
188.143.235.146 - - [07/Dec/2022:23:47:45 +0100] "GET / HTTP/1.0" 404 - "https://rem-72.ru" "Mozilla/5.0 (Windows NT 6.3; Win64; x64) AppleWebKit/537.36 (KHTML, like Gecko) Chrome/90.0.4430.85 Safari/537.36 Edg/90.0.818.46"
188.143.235.146 - - [07/Dec/2022:23:47:45 +0100] "GET / HTTP/1.0" 404 - "https://rem-72.ru" "Mozilla/5.0 (Windows NT 6.3; Win64; x64) AppleWebKit/537.36 (KHTML, like Gecko) Chrome/90.0.4430.85 Safari/537.36 Edg/90.0.818.46"
188.143.235.146 - - [07/Dec/2022:23:47:47 +0100] "GET / HTTP/1.0" 404 - "https://rem-72.ru" "Mozilla/5.0 (Windows NT 10.0) AppleWebKit/537.36 (KHTML, like Gecko) Chrome/90.0.4430.85 Safari/537.36 Edg/90.0.818.46"
188.143.235.146 - - [07/Dec/2022:23:47:48 +0100] "GET / HTTP/1.0" 404 - "https://rem-72.ru" "Mozilla/5.0 (Windows NT 10.0) AppleWebKit/537.36 (KHTML, like Gecko) Chrome/90.0.4430.85 Safari/537.36 Edg/90.0.818.46"
85.25.177.219 - - [08/Dec/2022:01:18:23 +0100] "GET /robots.txt HTTP/1.1" 404 - "-" "Mozilla/5.0 (Macintosh; Intel Mac OS X 10.15; rv:103.0) Gecko/20100101 Firefox/103.0"
85.25.177.219 - - [08/Dec/2022:01:18:23 +0100] "GET /buecher/ HTTP/1.1" 404 - "-" "Mozilla/5.0 (Macintosh; Intel Mac OS X 10.15; rv:103.0) Gecko/20100101 Firefox/103.0"
34.89.198.86 - - [08/Dec/2022:02:15:15 +0100] "GET /robots.txt HTTP/1.1" 404 - "-" "Mozilla/5.0 (compatible; Googlebot/2.1; +http://www.google.com/bot.html)"
34.89.198.89 - - [08/Dec/2022:02:15:16 +0100] "GET / HTTP/1.1" 404 - "-" "Mozilla/5.0 (compatible; Googlebot/2.1; +http://www.google.com/bot.html)"
85.25.177.219 - - [08/Dec/2022:03:34:14 +0100] "GET /robots.txt HTTP/1.1" 404 - "-" "Mozilla/5.0 (Macintosh; Intel Mac OS X 10.15; rv:103.0) Gecko/20100101 Firefox/103.0"
85.25.177.219 - - [08/Dec/2022:03:34:14 +0100] "GET /buecher/ HTTP/1.1" 404 - "-" "Mozilla/5.0 (Macintosh; Intel Mac OS X 10.15; rv:103.0) Gecko/20100101 Firefox/103.0"
64.124.8.26 - - [08/Dec/2022:03:43:15 +0100] "GET /robots.txt HTTP/1.1" 404 - "-" "Mozilla/5.0 (X11; Linux x86_64) AppleWebKit/537.36 (KHTML, like Gecko) Chrome/61.0.3163.79 Safari/537.36"
64.124.8.26 - - [08/Dec/2022:03:43:16 +0100] "GET /cds/ignatius.html HTTP/1.1" 404 - "-" "Mozilla/5.0 (X11; Linux x86_64) AppleWebKit/537.36 (KHTML, like Gecko) Chrome/61.0.3163.79 Safari/537.36"
66.249.64.196 - - [08/Dec/2022:03:49:12 +0100] "GET /robots.txt HTTP/1.1" 404 - "-" "Mozilla/5.0 (compatible; Googlebot/2.1; +http://www.google.com/bot.html)"
66.249.64.193 - - [08/Dec/2022:03:49:12 +0100] "GET / HTTP/1.1" 404 - "-" "Mozilla/5.0 (compatible; Googlebot/2.1; +http://www.google.com/bot.html)"
85.25.177.219 - - [08/Dec/2022:06:10:26 +0100] "GET /robots.txt HTTP/1.1" 404 - "-" "Mozilla/5.0 (Macintosh; Intel Mac OS X 10.15; rv:103.0) Gecko/20100101 Firefox/103.0"
85.25.177.219 - - [08/Dec/2022:06:10:26 +0100] "GET /buecher/ HTTP/1.1" 404 - "-" "Mozilla/5.0 (Macintosh; Intel Mac OS X 10.15; rv:103.0) Gecko/20100101 Firefox/103.0"
34.89.198.85 - - [08/Dec/2022:06:48:35 +0100] "GET / HTTP/1.1" 404 - "-" "Mozilla/5.0 (compatible; Googlebot/2.1; +http://www.google.com/bot.html)"
66.249.64.196 - - [08/Dec/2022:07:19:52 +0100] "GET / HTTP/1.1" 404 - "-" "Mozilla/5.0 (compatible; Googlebot/2.1; +http://www.google.com/bot.html)"
51.222.253.20 - - [08/Dec/2022:09:21:48 +0100] "GET /robots.txt HTTP/1.1" 404 - "-" "Mozilla/5.0 (compatible; AhrefsBot/7.0; +http://ahrefs.com/robot/)"
64.124.8.36 - - [08/Dec/2022:10:32:04 +0100] "GET /robots.txt HTTP/1.1" 404 - "-" "Mozilla/5.0 (X11; Linux x86_64) AppleWebKit/537.36 (KHTML, like Gecko) Chrome/61.0.3163.79 Safari/537.36"
64.124.8.36 - - [08/Dec/2022:10:32:04 +0100] "GET /index.html HTTP/1.1" 404 - "-" "Mozilla/5.0 (X11; Linux x86_64) AppleWebKit/537.36 (KHTML, like Gecko) Chrome/61.0.3163.79 Safari/537.36"
85.25.177.219 - - [08/Dec/2022:10:45:43 +0100] "GET /robots.txt HTTP/1.1" 404 - "-" "Mozilla/5.0 (Macintosh; Intel Mac OS X 10.15; rv:103.0) Gecko/20100101 Firefox/103.0"
85.25.177.219 - - [08/Dec/2022:10:45:43 +0100] "GET /jahrbuch/index.html HTTP/1.1" 404 - "-" "Mozilla/5.0 (Macintosh; Intel Mac OS X 10.15; rv:103.0) Gecko/20100101 Firefox/103.0"
5.255.231.204 - - [08/Dec/2022:10:48:21 +0100] "GET /robots.txt HTTP/1.1" 404 - "-" "Mozilla/5.0 (compatible; YandexBot/3.0; +http://yandex.com/bots)"
5.255.231.204 - - [08/Dec/2022:10:48:25 +0100] "GET /index.html HTTP/1.1" 404 - "-" "Mozilla/5.0 (compatible; YandexBot/3.0; +http://yandex.com/bots)"
89.246.123.238 - - [08/Dec/2022:11:26:21 +0100] "GET /cds/hymnos_akathistos.html HTTP/1.1" 404 - "https://de.m.wikipedia.org/" "Mozilla/5.0 (Linux; Android 11; SAMSUNG SM-G780G) AppleWebKit/537.36 (KHTML, like Gecko) SamsungBrowser/19.0 Chrome/102.0.5005.125 Mobile Safari/537.36"
89.246.123.238 - - [08/Dec/2022:11:26:22 +0100] "GET /favicon.ico HTTP/1.1" 404 - "http://www.morusverlag.de/cds/hymnos_akathistos.html" "Mozilla/5.0 (Linux; Android 11; SAMSUNG SM-G780G) AppleWebKit/537.36 (KHTML, like Gecko) SamsungBrowser/19.0 Chrome/102.0.5005.125 Mobile Safari/537.36"
17.121.115.105 - - [08/Dec/2022:13:11:32 +0100] "GET /robots.txt HTTP/1.1" 404 - "-" "Mozilla/5.0 (Macintosh; Intel Mac OS X 10_15_5) AppleWebKit/605.1.15 (KHTML, like Gecko) Version/13.1.1 Safari/605.1.15 (Applebot/0.1; +http://www.apple.com/go/applebot)"
17.121.115.105 - - [08/Dec/2022:13:11:32 +0100] "GET / HTTP/1.1" 404 - "-" "Mozilla/5.0 (Macintosh; Intel Mac OS X 10_15_5) AppleWebKit/605.1.15 (KHTML, like Gecko) Version/13.1.1 Safari/605.1.15 (Applebot/0.1; +http://www.apple.com/go/applebot)"
114.119.142.243 - - [08/Dec/2022:15:40:32 +0100] "GET /robots.txt HTTP/1.1" 404 - "-" "Mozilla/5.0 (compatible;PetalBot;+https://webmaster.petalsearch.com/site/petalbot)"
85.25.177.219 - - [08/Dec/2022:16:34:37 +0100] "GET /robots.txt HTTP/1.1" 404 - "-" "Mozilla/5.0 (Macintosh; Intel Mac OS X 10.15; rv:103.0) Gecko/20100101 Firefox/103.0"
85.25.177.219 - - [08/Dec/2022:16:34:37 +0100] "GET /jahrbuch/index.html HTTP/1.1" 404 - "-" "Mozilla/5.0 (Macintosh; Intel Mac OS X 10.15; rv:103.0) Gecko/20100101 Firefox/103.0"
64.124.8.40 - - [08/Dec/2022:16:40:54 +0100] "GET /robots.txt HTTP/1.1" 404 - "-" "Mozilla/5.0 (X11; Linux x86_64) AppleWebKit/537.36 (KHTML, like Gecko) Chrome/61.0.3163.79 Safari/537.36"
64.124.8.40 - - [08/Dec/2022:16:40:54 +0100] "GET /gotteslob/bestellung.php HTTP/1.1" 404 - "-" "Mozilla/5.0 (X11; Linux x86_64) AppleWebKit/537.36 (KHTML, like Gecko) Chrome/61.0.3163.79 Safari/537.36"
66.249.64.199 - - [08/Dec/2022:16:56:01 +0100] "GET /robots.txt HTTP/1.1" 404 - "-" "Mozilla/5.0 (compatible; Googlebot/2.1; +http://www.google.com/bot.html)"
66.249.64.199 - - [08/Dec/2022:16:56:02 +0100] "GET /buecher/rezensionen_le_saulchoir.html HTTP/1.1" 404 - "-" "Mozilla/5.0 (Linux; Android 6.0.1; Nexus 5X Build/MMB29P) AppleWebKit/537.36 (KHTML, like Gecko) Chrome/107.0.5304.110 Mobile Safari/537.36 (compatible; Googlebot/2.1; +http://www.google.com/bot.html)"
85.25.177.219 - - [08/Dec/2022:17:27:58 +0100] "GET /robots.txt HTTP/1.1" 404 - "-" "Mozilla/5.0 (Macintosh; Intel Mac OS X 10.15; rv:103.0) Gecko/20100101 Firefox/103.0"
85.25.177.219 - - [08/Dec/2022:17:27:58 +0100] "GET /sitemap.xml HTTP/1.1" 404 - "-" "Mozilla/5.0 (Macintosh; Intel Mac OS X 10.15; rv:103.0) Gecko/20100101 Firefox/103.0"
85.25.177.219 - - [08/Dec/2022:17:28:00 +0100] "GET / HTTP/1.1" 404 - "-" "Mozilla/5.0 (Macintosh; Intel Mac OS X 10.15; rv:103.0) Gecko/20100101 Firefox/103.0"
35.241.223.236 - - [08/Dec/2022:18:10:23 +0100] "HEAD / HTTP/1.1" 404 - "-" "Apache-HttpClient/4.5.5 (Java/11.0.9)"
35.241.223.236 - - [08/Dec/2022:18:10:23 +0100] "GET / HTTP/1.1" 404 - "-" "Apache-HttpClient/4.5.5 (Java/11.0.9)"
35.241.223.236 - - [08/Dec/2022:18:10:24 +0100] "GET / HTTP/1.1" 404 - "-" "Apache-HttpClient/4.5.5 (Java/11.0.9)"
35.241.223.236 - - [08/Dec/2022:18:10:24 +0100] "GET / HTTP/1.1" 404 - "-" "Apache-HttpClient/4.5.5 (Java/11.0.9)"
35.241.223.236 - - [08/Dec/2022:18:10:24 +0100] "GET / HTTP/1.1" 404 - "-" "Apache-HttpClient/4.5.5 (Java/11.0.9)"
35.241.223.236 - - [08/Dec/2022:18:10:24 +0100] "GET / HTTP/1.1" 404 - "-" "Apache-HttpClient/4.5.5 (Java/11.0.9)"
135.181.140.112 - - [08/Dec/2022:18:30:08 +0100] "GET /robots.txt HTTP/1.1" 404 - "-" "Mozilla/5.0 (compatible; SeekportBot; +https://bot.seekport.com)"
135.181.140.112 - - [08/Dec/2022:18:30:09 +0100] "GET /robots.txt HTTP/1.1" 404 - "-" "Mozilla/5.0 (compatible; SeekportBot; +https://bot.seekport.com)"
135.181.140.112 - - [08/Dec/2022:18:30:10 +0100] "GET /buecher/veroeffentlichungsliste.html HTTP/1.1" 404 - "-" "Mozilla/5.0 (compatible; SeekportBot; +https://bot.seekport.com)"
64.124.8.50 - - [08/Dec/2022:18:38:33 +0100] "GET /robots.txt HTTP/1.1" 404 - "-" "Mozilla/5.0 (X11; Linux x86_64) AppleWebKit/537.36 (KHTML, like Gecko) Chrome/61.0.3163.79 Safari/537.36"
64.124.8.50 - - [08/Dec/2022:18:38:33 +0100] "GET /jahrbuch/index.html HTTP/1.1" 404 - "-" "Mozilla/5.0 (X11; Linux x86_64) AppleWebKit/537.36 (KHTML, like Gecko) Chrome/61.0.3163.79 Safari/537.36"
17.121.114.39 - - [08/Dec/2022:18:39:21 +0100] "GET /sonderthemen/sk2000.pdf HTTP/1.1" 404 - "-" "Mozilla/5.0 (Macintosh; Intel Mac OS X 10_15_5) AppleWebKit/605.1.15 (KHTML, like Gecko) Version/13.1.1 Safari/605.1.15 (Applebot/0.1; +http://www.apple.com/go/applebot)"
85.25.177.219 - - [08/Dec/2022:18:55:55 +0100] "GET /robots.txt HTTP/1.1" 404 - "-" "Mozilla/5.0 (Macintosh; Intel Mac OS X 10.15; rv:103.0) Gecko/20100101 Firefox/103.0"
85.25.177.219 - - [08/Dec/2022:18:55:55 +0100] "GET /jahrbuch/index.html HTTP/1.1" 404 - "-" "Mozilla/5.0 (Macintosh; Intel Mac OS X 10.15; rv:103.0) Gecko/20100101 Firefox/103.0"
17.121.115.233 - - [08/Dec/2022:18:57:36 +0100] "GET /sonderthemen/az2003.pdf HTTP/1.1" 404 - "-" "Mozilla/5.0 (Macintosh; Intel Mac OS X 10_15_5) AppleWebKit/605.1.15 (KHTML, like Gecko) Version/13.1.1 Safari/605.1.15 (Applebot/0.1; +http://www.apple.com/go/applebot)"
85.25.177.219 - - [08/Dec/2022:19:34:39 +0100] "GET /robots.txt HTTP/1.1" 404 - "-" "Mozilla/5.0 (Macintosh; Intel Mac OS X 10.15; rv:103.0) Gecko/20100101 Firefox/103.0"
85.25.177.219 - - [08/Dec/2022:19:34:39 +0100] "GET / HTTP/1.1" 404 - "-" "Mozilla/5.0 (Macintosh; Intel Mac OS X 10.15; rv:103.0) Gecko/20100101 Firefox/103.0"
85.25.177.219 - - [08/Dec/2022:19:34:40 +0100] "GET /sitemap.xml HTTP/1.1" 404 - "-" "Mozilla/5.0 (Macintosh; Intel Mac OS X 10.15; rv:103.0) Gecko/20100101 Firefox/103.0"
66.249.64.193 - - [08/Dec/2022:21:05:04 +0100] "GET /buecher/ HTTP/1.1" 404 - "-" "Mozilla/5.0 (Linux; Android 6.0.1; Nexus 5X Build/MMB29P) AppleWebKit/537.36 (KHTML, like Gecko) Chrome/107.0.5304.110 Mobile Safari/537.36 (compatible; Googlebot/2.1; +http://www.google.com/bot.html)"
66.249.64.193 - - [08/Dec/2022:21:50:04 +0100] "GET /buecher/ HTTP/1.1" 404 - "-" "Mozilla/5.0 (compatible; Googlebot/2.1; +http://www.google.com/bot.html)"
85.25.177.219 - - [08/Dec/2022:21:51:48 +0100] "GET /robots.txt HTTP/1.1" 404 - "-" "Mozilla/5.0 (Macintosh; Intel Mac OS X 10.15; rv:103.0) Gecko/20100101 Firefox/103.0"
85.25.177.219 - - [08/Dec/2022:21:51:48 +0100] "GET /sitemap.xml HTTP/1.1" 404 - "-" "Mozilla/5.0 (Macintosh; Intel Mac OS X 10.15; rv:103.0) Gecko/20100101 Firefox/103.0"
85.25.177.219 - - [08/Dec/2022:21:51:50 +0100] "GET / HTTP/1.1" 404 - "-" "Mozilla/5.0 (Macintosh; Intel Mac OS X 10.15; rv:103.0) Gecko/20100101 Firefox/103.0"
34.78.102.4 - - [08/Dec/2022:22:10:39 +0100] "GET / HTTP/1.1" 404 - "-" "Mozilla/5.0 (Windows NT 10.0; Win64; x64) AppleWebKit/537.36 (KHTML, like Gecko) Chrome/84.0.4147.105 Safari/537.36"
54.36.148.118 - - [08/Dec/2022:22:35:39 +0100] "GET /robots.txt HTTP/1.1" 404 - "-" "Mozilla/5.0 (compatible; AhrefsBot/7.0; +http://ahrefs.com/robot/)"
84.112.52.153 - - [08/Dec/2022:23:43:59 +0100] "GET /cds/hymnos_akathistos.html HTTP/1.1" 404 - "-" "Mozilla/5.0 (X11; Linux x86_64; rv:107.0) Gecko/20100101 Firefox/107.0"
84.112.52.153 - - [08/Dec/2022:23:43:59 +0100] "GET /favicon.ico HTTP/1.1" 404 - "http://www.morusverlag.de/cds/hymnos_akathistos.html" "Mozilla/5.0 (X11; Linux x86_64; rv:107.0) Gecko/20100101 Firefox/107.0"
64.124.8.32 - - [09/Dec/2022:04:08:45 +0100] "GET /robots.txt HTTP/1.1" 404 - "-" "Mozilla/5.0 (X11; Linux x86_64) AppleWebKit/537.36 (KHTML, like Gecko) Chrome/61.0.3163.79 Safari/537.36"
64.124.8.32 - - [09/Dec/2022:04:08:46 +0100] "GET /buecher/ HTTP/1.1" 404 - "-" "Mozilla/5.0 (X11; Linux x86_64) AppleWebKit/537.36 (KHTML, like Gecko) Chrome/61.0.3163.79 Safari/537.36"
64.124.8.32 - - [09/Dec/2022:04:14:47 +0100] "GET /buecher/bestellung.php HTTP/1.1" 404 - "-" "Mozilla/5.0 (X11; Linux x86_64) AppleWebKit/537.36 (KHTML, like Gecko) Chrome/61.0.3163.79 Safari/537.36"
18.119.157.173 - - [09/Dec/2022:04:15:24 +0100] "GET /.git/config HTTP/1.1" 404 - "-" "python-requests/2.18.4"
18.119.157.173 - - [09/Dec/2022:04:15:24 +0100] "GET /.git/config HTTP/1.1" 404 - "-" "python-requests/2.18.4"
18.119.157.173 - - [09/Dec/2022:04:15:25 +0100] "GET /.git/config HTTP/1.1" 404 - "-" "python-requests/2.18.4"
18.119.157.173 - - [09/Dec/2022:04:15:25 +0100] "GET /.git/config HTTP/1.1" 404 - "-" "python-requests/2.18.4"
188.143.235.146 - - [09/Dec/2022:06:20:05 +0100] "GET / HTTP/1.0" 404 - "http://best-partnerka.ru" "Mozilla/5.0 (Windows NT 6.1; WOW64) AppleWebKit/537.36 (KHTML, like Gecko) Chrome/90.0.4430.85 Safari/537.36"
188.143.235.146 - - [09/Dec/2022:06:20:05 +0100] "GET / HTTP/1.0" 404 - "http://best-partnerka.ru" "Mozilla/5.0 (Windows NT 6.1; WOW64) AppleWebKit/537.36 (KHTML, like Gecko) Chrome/90.0.4430.85 Safari/537.36"
188.143.235.146 - - [09/Dec/2022:06:20:07 +0100] "GET / HTTP/1.0" 404 - "http://best-partnerka.ru" "Mozilla/5.0 (Windows NT 6.3; Win64; x64) AppleWebKit/537.36 (KHTML, like Gecko) Chrome/90.0.4430.72 Safari/537.36"
188.143.235.146 - - [09/Dec/2022:06:20:07 +0100] "GET / HTTP/1.0" 404 - "http://best-partnerka.ru" "Mozilla/5.0 (Windows NT 6.3; Win64; x64) AppleWebKit/537.36 (KHTML, like Gecko) Chrome/90.0.4430.72 Safari/537.36"
64.124.8.51 - - [09/Dec/2022:06:21:07 +0100] "GET /robots.txt HTTP/1.1" 404 - "-" "Mozilla/5.0 (X11; Linux x86_64) AppleWebKit/537.36 (KHTML, like Gecko) Chrome/61.0.3163.79 Safari/537.36"
64.124.8.51 - - [09/Dec/2022:06:21:07 +0100] "GET /jahrbuch/bestellung.php HTTP/1.1" 404 - "-" "Mozilla/5.0 (X11; Linux x86_64) AppleWebKit/537.36 (KHTML, like Gecko) Chrome/61.0.3163.79 Safari/537.36"
20.112.10.236 - - [09/Dec/2022:08:39:34 +0100] "GET /robots.txt HTTP/1.1" 404 - "-" "Mozilla/5.0 (Windows NT 10.0; Win64; x64) AppleWebKit/537.36 (KHTML, like Gecko) Chrome/99.0.4844.74 Safari/537.36 Edg/99.0.1150.55"
20.112.10.236 - - [09/Dec/2022:08:39:34 +0100] "GET /buecher/gesichter/30.jpg HTTP/1.1" 404 - "-" "Mozilla/5.0 (Windows NT 10.0; Win64; x64) AppleWebKit/537.36 (KHTML, like Gecko) Chrome/99.0.4844.74 Safari/537.36 Edg/99.0.1150.55"
157.90.158.80 - - [09/Dec/2022:10:55:29 +0100] "GET /robots.txt HTTP/1.1" 404 - "-" "mindUpBot (datenbutler.de)"
157.90.158.80 - - [09/Dec/2022:10:55:34 +0100] "GET / HTTP/1.1" 404 - "-" "mindUpBot (datenbutler.de)"
65.21.35.230 - - [09/Dec/2022:12:17:07 +0100] "GET /robots.txt HTTP/1.1" 404 - "-" "Mozilla/5.0 (compatible; SeekportBot; +https://bot.seekport.com)"
65.21.35.230 - - [09/Dec/2022:12:17:14 +0100] "GET /robots.txt HTTP/1.1" 404 - "-" "Mozilla/5.0 (compatible; SeekportBot; +https://bot.seekport.com)"
65.21.35.230 - - [09/Dec/2022:12:17:21 +0100] "GET /sonderthemen/sk2001.pdf HTTP/1.1" 404 - "-" "Mozilla/5.0 (compatible; SeekportBot; +https://bot.seekport.com)"
65.21.35.230 - - [09/Dec/2022:12:17:29 +0100] "GET /sonderthemen/sk2002.pdf HTTP/1.1" 404 - "-" "Mozilla/5.0 (compatible; SeekportBot; +https://bot.seekport.com)"
65.21.35.230 - - [09/Dec/2022:12:17:36 +0100] "GET /sonderthemen/az2000.pdf HTTP/1.1" 404 - "-" "Mozilla/5.0 (compatible; SeekportBot; +https://bot.seekport.com)"
65.21.35.230 - - [09/Dec/2022:12:17:43 +0100] "GET /sonderthemen/oeaz2001.pdf HTTP/1.1" 404 - "-" "Mozilla/5.0 (compatible; SeekportBot; +https://bot.seekport.com)"
65.21.35.230 - - [09/Dec/2022:12:17:50 +0100] "GET /sonderthemen/sk2000.pdf HTTP/1.1" 404 - "-" "Mozilla/5.0 (compatible; SeekportBot; +https://bot.seekport.com)"
64.124.8.33 - - [09/Dec/2022:12:45:18 +0100] "GET /robots.txt HTTP/1.1" 404 - "-" "Mozilla/5.0 (X11; Linux x86_64) AppleWebKit/537.36 (KHTML, like Gecko) Chrome/61.0.3163.79 Safari/537.36"
64.124.8.33 - - [09/Dec/2022:12:45:18 +0100] "GET /gotteslob/bestellung.php HTTP/1.1" 404 - "-" "Mozilla/5.0 (X11; Linux x86_64) AppleWebKit/537.36 (KHTML, like Gecko) Chrome/61.0.3163.79 Safari/537.36"
114.119.136.245 - - [09/Dec/2022:13:43:57 +0100] "GET /robots.txt HTTP/1.1" 404 - "-" "Mozilla/5.0 (compatible;PetalBot;+https://webmaster.petalsearch.com/site/petalbot)"
17.121.114.233 - - [09/Dec/2022:14:11:54 +0100] "GET /robots.txt HTTP/1.1" 404 - "-" "Mozilla/5.0 (Macintosh; Intel Mac OS X 10_15_5) AppleWebKit/605.1.15 (KHTML, like Gecko) Version/13.1.1 Safari/605.1.15 (Applebot/0.1; +http://www.apple.com/go/applebot)"
17.121.114.233 - - [09/Dec/2022:14:11:54 +0100] "GET /buecher/index.html HTTP/1.1" 404 - "-" "Mozilla/5.0 (Macintosh; Intel Mac OS X 10_15_5) AppleWebKit/605.1.15 (KHTML, like Gecko) Version/13.1.1 Safari/605.1.15 (Applebot/0.1; +http://www.apple.com/go/applebot)"
20.112.10.236 - - [09/Dec/2022:14:55:41 +0100] "GET /robots.txt HTTP/1.1" 404 - "-" "Mozilla/5.0 (Windows NT 10.0; Win64; x64) AppleWebKit/537.36 (KHTML, like Gecko) Chrome/99.0.4844.74 Safari/537.36 Edg/99.0.1150.55"
20.112.10.236 - - [09/Dec/2022:14:55:42 +0100] "GET /buecher/gesichter/30.jpg HTTP/1.1" 404 - "-" "Mozilla/5.0 (Windows NT 10.0; Win64; x64) AppleWebKit/537.36 (KHTML, like Gecko) Chrome/99.0.4844.74 Safari/537.36 Edg/99.0.1150.55"
52.156.127.202 - - [09/Dec/2022:16:08:46 +0100] "GET /robots.txt HTTP/1.1" 404 - "-" "Mozilla/5.0 (Windows NT 10.0; Win64; x64) AppleWebKit/537.36 (KHTML, like Gecko) Chrome/99.0.4844.74 Safari/537.36 Edg/99.0.1150.55"
52.156.127.202 - - [09/Dec/2022:16:08:46 +0100] "GET /buecher/gesichter/25.jpg HTTP/1.1" 404 - "-" "Mozilla/5.0 (Windows NT 10.0; Win64; x64) AppleWebKit/537.36 (KHTML, like Gecko) Chrome/99.0.4844.74 Safari/537.36 Edg/99.0.1150.55"
52.156.127.202 - - [09/Dec/2022:16:28:56 +0100] "GET /robots.txt HTTP/1.1" 404 - "-" "Mozilla/5.0 (Windows NT 10.0; Win64; x64) AppleWebKit/537.36 (KHTML, like Gecko) Chrome/99.0.4844.74 Safari/537.36 Edg/99.0.1150.55"
52.156.127.202 - - [09/Dec/2022:16:28:56 +0100] "GET /buecher/gesichter/06.jpg HTTP/1.1" 404 - "-" "Mozilla/5.0 (Windows NT 10.0; Win64; x64) AppleWebKit/537.36 (KHTML, like Gecko) Chrome/99.0.4844.74 Safari/537.36 Edg/99.0.1150.55"
64.124.8.32 - - [09/Dec/2022:16:56:54 +0100] "GET /robots.txt HTTP/1.1" 404 - "-" "Mozilla/5.0 (X11; Linux x86_64) AppleWebKit/537.36 (KHTML, like Gecko) Chrome/61.0.3163.79 Safari/537.36"
64.124.8.32 - - [09/Dec/2022:16:56:54 +0100] "GET /jahrbuch/index.html HTTP/1.1" 404 - "-" "Mozilla/5.0 (X11; Linux x86_64) AppleWebKit/537.36 (KHTML, like Gecko) Chrome/61.0.3163.79 Safari/537.36"
51.222.253.4 - - [09/Dec/2022:18:03:32 +0100] "GET /robots.txt HTTP/1.1" 404 - "-" "Mozilla/5.0 (compatible; AhrefsBot/7.0; +http://ahrefs.com/robot/)"
54.36.149.100 - - [09/Dec/2022:18:03:33 +0100] "GET /jahrbuch/index.html HTTP/1.1" 404 - "-" "Mozilla/5.0 (compatible; AhrefsBot/7.0; +http://ahrefs.com/robot/)"
34.78.71.191 - - [09/Dec/2022:18:15:46 +0100] "HEAD / HTTP/1.1" 404 - "-" "Apache-HttpClient/4.5.5 (Java/11.0.9)"
34.78.71.191 - - [09/Dec/2022:18:15:46 +0100] "GET / HTTP/1.1" 404 - "-" "Apache-HttpClient/4.5.5 (Java/11.0.9)"
34.78.71.191 - - [09/Dec/2022:18:15:46 +0100] "GET / HTTP/1.1" 404 - "-" "Apache-HttpClient/4.5.5 (Java/11.0.9)"
34.78.71.191 - - [09/Dec/2022:18:15:46 +0100] "GET / HTTP/1.1" 404 - "-" "Apache-HttpClient/4.5.5 (Java/11.0.9)"
34.78.71.191 - - [09/Dec/2022:18:15:46 +0100] "GET / HTTP/1.1" 404 - "-" "Apache-HttpClient/4.5.5 (Java/11.0.9)"
34.78.71.191 - - [09/Dec/2022:18:15:46 +0100] "GET / HTTP/1.1" 404 - "-" "Apache-HttpClient/4.5.5 (Java/11.0.9)"
192.0.84.159 - - [09/Dec/2022:18:16:17 +0100] "GET / HTTP/1.1" 404 - "-" "Mozilla/5.0 (X11; Linux x86_64) AppleWebKit/537.36 (KHTML, like Gecko) HeadlessChrome/108.0.5351.0 Safari/537.36 WordPress.com mShots"
64.124.8.36 - - [09/Dec/2022:20:06:57 +0100] "GET /robots.txt HTTP/1.1" 404 - "-" "Mozilla/5.0 (X11; Linux x86_64) AppleWebKit/537.36 (KHTML, like Gecko) Chrome/61.0.3163.79 Safari/537.36"
64.124.8.36 - - [09/Dec/2022:20:06:57 +0100] "GET /cds/astazi.html HTTP/1.1" 404 - "-" "Mozilla/5.0 (X11; Linux x86_64) AppleWebKit/537.36 (KHTML, like Gecko) Chrome/61.0.3163.79 Safari/537.36"
17.121.114.162 - - [09/Dec/2022:20:17:14 +0100] "GET /sonderthemen/az1999.pdf HTTP/1.1" 404 - "-" "Mozilla/5.0 (Macintosh; Intel Mac OS X 10_15_5) AppleWebKit/605.1.15 (KHTML, like Gecko) Version/13.1.1 Safari/605.1.15 (Applebot/0.1; +http://www.apple.com/go/applebot)"
64.124.8.34 - - [09/Dec/2022:21:12:32 +0100] "GET /robots.txt HTTP/1.1" 404 - "-" "Mozilla/5.0 (X11; Linux x86_64) AppleWebKit/537.36 (KHTML, like Gecko) Chrome/61.0.3163.79 Safari/537.36"
64.124.8.34 - - [09/Dec/2022:21:12:32 +0100] "GET /buecher/rezensionen_krise_zum_heil.html HTTP/1.1" 404 - "-" "Mozilla/5.0 (X11; Linux x86_64) AppleWebKit/537.36 (KHTML, like Gecko) Chrome/61.0.3163.79 Safari/537.36"
20.112.10.236 - - [09/Dec/2022:21:19:52 +0100] "GET /robots.txt HTTP/1.1" 404 - "-" "Mozilla/5.0 (Windows NT 10.0; Win64; x64) AppleWebKit/537.36 (KHTML, like Gecko) Chrome/99.0.4844.74 Safari/537.36 Edg/99.0.1150.55"
20.112.10.236 - - [09/Dec/2022:21:19:52 +0100] "GET /buecher/gesichter/30.jpg HTTP/1.1" 404 - "-" "Mozilla/5.0 (Windows NT 10.0; Win64; x64) AppleWebKit/537.36 (KHTML, like Gecko) Chrome/99.0.4844.74 Safari/537.36 Edg/99.0.1150.55"
17.121.114.202 - - [09/Dec/2022:21:43:54 +0100] "GET /sonderthemen/sk2004.pdf HTTP/1.1" 404 - "-" "Mozilla/5.0 (Macintosh; Intel Mac OS X 10_15_5) AppleWebKit/605.1.15 (KHTML, like Gecko) Version/13.1.1 Safari/605.1.15 (Applebot/0.1; +http://www.apple.com/go/applebot)"
52.156.127.202 - - [09/Dec/2022:22:03:57 +0100] "GET /robots.txt HTTP/1.1" 404 - "-" "Mozilla/5.0 (Windows NT 10.0; Win64; x64) AppleWebKit/537.36 (KHTML, like Gecko) Chrome/99.0.4844.74 Safari/537.36 Edg/99.0.1150.55"
52.156.127.202 - - [09/Dec/2022:22:03:57 +0100] "GET /buecher/gesichter/25.jpg HTTP/1.1" 404 - "-" "Mozilla/5.0 (Windows NT 10.0; Win64; x64) AppleWebKit/537.36 (KHTML, like Gecko) Chrome/99.0.4844.74 Safari/537.36 Edg/99.0.1150.55"
161.156.29.33 - - [09/Dec/2022:22:14:05 +0100] "GET /robots.txt HTTP/1.1" 404 - "-" "Mozilla/5.0 (compatible; oBot/2.3.1; http://www.xforce-security.com/crawler/)"
161.156.29.33 - - [09/Dec/2022:22:14:05 +0100] "GET / HTTP/1.1" 404 - "-" "Mozilla/5.0 (compatible; oBot/2.3.1; http://www.xforce-security.com/crawler/)"
52.156.127.202 - - [09/Dec/2022:22:21:25 +0100] "GET /robots.txt HTTP/1.1" 404 - "-" "Mozilla/5.0 (Windows NT 10.0; Win64; x64) AppleWebKit/537.36 (KHTML, like Gecko) Chrome/99.0.4844.74 Safari/537.36 Edg/99.0.1150.55"
52.156.127.202 - - [09/Dec/2022:22:21:25 +0100] "GET /buecher/gesichter/06.jpg HTTP/1.1" 404 - "-" "Mozilla/5.0 (Windows NT 10.0; Win64; x64) AppleWebKit/537.36 (KHTML, like Gecko) Chrome/99.0.4844.74 Safari/537.36 Edg/99.0.1150.55"
17.121.113.229 - - [09/Dec/2022:23:32:37 +0100] "GET /sonderthemen/oekt_extra2.pdf HTTP/1.1" 404 - "-" "Mozilla/5.0 (Macintosh; Intel Mac OS X 10_15_5) AppleWebKit/605.1.15 (KHTML, like Gecko) Version/13.1.1 Safari/605.1.15 (Applebot/0.1; +http://www.apple.com/go/applebot)"
17.121.113.248 - - [09/Dec/2022:23:38:00 +0100] "GET /sonderthemen/sk2000.pdf HTTP/1.1" 404 - "-" "Mozilla/5.0 (Macintosh; Intel Mac OS X 10_15_5) AppleWebKit/605.1.15 (KHTML, like Gecko) Version/13.1.1 Safari/605.1.15 (Applebot/0.1; +http://www.apple.com/go/applebot)"
64.124.8.42 - - [10/Dec/2022:01:24:17 +0100] "GET /robots.txt HTTP/1.1" 404 - "-" "Mozilla/5.0 (X11; Linux x86_64) AppleWebKit/537.36 (KHTML, like Gecko) Chrome/61.0.3163.79 Safari/537.36"
64.124.8.42 - - [10/Dec/2022:01:24:17 +0100] "GET /buecher/index.html HTTP/1.1" 404 - "-" "Mozilla/5.0 (X11; Linux x86_64) AppleWebKit/537.36 (KHTML, like Gecko) Chrome/61.0.3163.79 Safari/537.36"
64.124.8.53 - - [10/Dec/2022:02:31:37 +0100] "GET /robots.txt HTTP/1.1" 404 - "-" "Mozilla/5.0 (X11; Linux x86_64) AppleWebKit/537.36 (KHTML, like Gecko) Chrome/61.0.3163.79 Safari/537.36"
64.124.8.53 - - [10/Dec/2022:02:31:37 +0100] "GET /impressum.html HTTP/1.1" 404 - "-" "Mozilla/5.0 (X11; Linux x86_64) AppleWebKit/537.36 (KHTML, like Gecko) Chrome/61.0.3163.79 Safari/537.36"
64.124.8.53 - - [10/Dec/2022:02:39:32 +0100] "GET /buecher/rezensionen_nicht_auf_sand_gebaut.html HTTP/1.1" 404 - "-" "Mozilla/5.0 (X11; Linux x86_64) AppleWebKit/537.36 (KHTML, like Gecko) Chrome/61.0.3163.79 Safari/537.36"
208.100.26.246 - - [10/Dec/2022:03:18:54 +0100] "GET / HTTP/1.1" 404 - "-" "Mozilla/5.0 (X11; Linux x86_64) AppleWebKit/537.36 (KHTML, like Gecko) Chrome/83.0.4103.61 Safari/537.36"
52.156.127.202 - - [10/Dec/2022:03:40:20 +0100] "GET /robots.txt HTTP/1.1" 404 - "-" "Mozilla/5.0 (Windows NT 10.0; Win64; x64) AppleWebKit/537.36 (KHTML, like Gecko) Chrome/99.0.4844.74 Safari/537.36 Edg/99.0.1150.55"
52.156.127.202 - - [10/Dec/2022:03:40:20 +0100] "GET /buecher/gesichter/28.jpg HTTP/1.1" 404 - "-" "Mozilla/5.0 (Windows NT 10.0; Win64; x64) AppleWebKit/537.36 (KHTML, like Gecko) Chrome/99.0.4844.74 Safari/537.36 Edg/99.0.1150.55"
52.156.127.202 - - [10/Dec/2022:03:43:46 +0100] "GET /robots.txt HTTP/1.1" 404 - "-" "Mozilla/5.0 (Windows NT 10.0; Win64; x64) AppleWebKit/537.36 (KHTML, like Gecko) Chrome/99.0.4844.74 Safari/537.36 Edg/99.0.1150.55"
52.156.127.202 - - [10/Dec/2022:03:43:46 +0100] "GET /buecher/gesichter/09.jpg HTTP/1.1" 404 - "-" "Mozilla/5.0 (Windows NT 10.0; Win64; x64) AppleWebKit/537.36 (KHTML, like Gecko) Chrome/99.0.4844.74 Safari/537.36 Edg/99.0.1150.55"
87.250.224.110 - - [10/Dec/2022:04:01:02 +0100] "GET /robots.txt HTTP/1.1" 404 - "-" "Mozilla/5.0 (compatible; YandexBot/3.0; +http://yandex.com/bots)"
87.250.224.110 - - [10/Dec/2022:04:01:06 +0100] "GET /cds/simplay_player.swf?audiofile=hymnos1.mp3 HTTP/1.1" 404 - "-" "Mozilla/5.0 (compatible; YandexBot/3.0; +http://yandex.com/bots)"
20.112.10.236 - - [10/Dec/2022:04:15:53 +0100] "GET /robots.txt HTTP/1.1" 404 - "-" "Mozilla/5.0 (Windows NT 10.0; Win64; x64) AppleWebKit/537.36 (KHTML, like Gecko) Chrome/99.0.4844.74 Safari/537.36 Edg/99.0.1150.55"
20.112.10.236 - - [10/Dec/2022:04:15:53 +0100] "GET /buecher/gesichter/30.jpg HTTP/1.1" 404 - "-" "Mozilla/5.0 (Windows NT 10.0; Win64; x64) AppleWebKit/537.36 (KHTML, like Gecko) Chrome/99.0.4844.74 Safari/537.36 Edg/99.0.1150.55"
52.156.127.202 - - [10/Dec/2022:04:43:31 +0100] "GET /robots.txt HTTP/1.1" 404 - "-" "Mozilla/5.0 (Windows NT 10.0; Win64; x64) AppleWebKit/537.36 (KHTML, like Gecko) Chrome/99.0.4844.74 Safari/537.36 Edg/99.0.1150.55"
52.156.127.202 - - [10/Dec/2022:04:43:32 +0100] "GET /buecher/gesichter/25.jpg HTTP/1.1" 404 - "-" "Mozilla/5.0 (Windows NT 10.0; Win64; x64) AppleWebKit/537.36 (KHTML, like Gecko) Chrome/99.0.4844.74 Safari/537.36 Edg/99.0.1150.55"
52.156.127.202 - - [10/Dec/2022:04:58:10 +0100] "GET /robots.txt HTTP/1.1" 404 - "-" "Mozilla/5.0 (Windows NT 10.0; Win64; x64) AppleWebKit/537.36 (KHTML, like Gecko) Chrome/99.0.4844.74 Safari/537.36 Edg/99.0.1150.55"
52.156.127.202 - - [10/Dec/2022:04:58:10 +0100] "GET /buecher/gesichter/06.jpg HTTP/1.1" 404 - "-" "Mozilla/5.0 (Windows NT 10.0; Win64; x64) AppleWebKit/537.36 (KHTML, like Gecko) Chrome/99.0.4844.74 Safari/537.36 Edg/99.0.1150.55"
17.121.113.86 - - [10/Dec/2022:08:21:18 +0100] "GET /cds/hymnos_akathistos.html HTTP/1.1" 404 - "-" "Mozilla/5.0 (Macintosh; Intel Mac OS X 10_15_5) AppleWebKit/605.1.15 (KHTML, like Gecko) Version/13.1.1 Safari/605.1.15 (Applebot/0.1; +http://www.apple.com/go/applebot)"
52.156.127.202 - - [10/Dec/2022:09:05:21 +0100] "GET /robots.txt HTTP/1.1" 404 - "-" "Mozilla/5.0 (Windows NT 10.0; Win64; x64) AppleWebKit/537.36 (KHTML, like Gecko) Chrome/99.0.4844.74 Safari/537.36 Edg/99.0.1150.55"
52.156.127.202 - - [10/Dec/2022:09:05:22 +0100] "GET /buecher/gesichter/09.jpg HTTP/1.1" 404 - "-" "Mozilla/5.0 (Windows NT 10.0; Win64; x64) AppleWebKit/537.36 (KHTML, like Gecko) Chrome/99.0.4844.74 Safari/537.36 Edg/99.0.1150.55"
198.235.24.24 - - [10/Dec/2022:09:28:00 +0100] "GET / HTTP/1.1" 404 - "-" "Expanse, a Palo Alto Networks company, searches across the global IPv4 space multiple times per day to identify customers' presences on the Internet. If you would like to be excluded from our scans, please send IP addresses/domains to: scaninfo@paloaltonetworks.com"
66.249.74.68 - - [10/Dec/2022:09:28:21 +0100] "GET /robots.txt HTTP/1.1" 404 - "-" "Mozilla/5.0 (compatible; Googlebot/2.1; +http://www.google.com/bot.html)"
66.249.74.68 - - [10/Dec/2022:09:28:21 +0100] "GET /buecher/rezensionen_nicht_auf_sand_gebaut.html HTTP/1.1" 404 - "-" "Mozilla/5.0 (Linux; Android 6.0.1; Nexus 5X Build/MMB29P) AppleWebKit/537.36 (KHTML, like Gecko) Chrome/107.0.5304.115 Mobile Safari/537.36 (compatible; Googlebot/2.1; +http://www.google.com/bot.html)"
17.121.114.27 - - [10/Dec/2022:09:45:45 +0100] "GET /buecher/index.html HTTP/1.1" 404 - "-" "Mozilla/5.0 (Macintosh; Intel Mac OS X 10_15_5) AppleWebKit/605.1.15 (KHTML, like Gecko) Version/13.1.1 Safari/605.1.15 (Applebot/0.1; +http://www.apple.com/go/applebot)"
176.127.99.21 - - [10/Dec/2022:10:16:16 +0100] "GET /cds/hymnos_akathistos.html HTTP/1.1" 404 - "https://de.wikipedia.org/" "Mozilla/5.0 (Macintosh; Intel Mac OS X 10.15; rv:102.0) Gecko/20100101 Firefox/102.0"
176.127.99.21 - - [10/Dec/2022:10:16:16 +0100] "GET /favicon.ico HTTP/1.1" 404 - "http://www.morusverlag.de/cds/hymnos_akathistos.html" "Mozilla/5.0 (Macintosh; Intel Mac OS X 10.15; rv:102.0) Gecko/20100101 Firefox/102.0"
114.119.148.174 - - [10/Dec/2022:10:26:26 +0100] "GET / HTTP/1.1" 404 - "-" "Mozilla/5.0 (Linux; Android 7.0;) AppleWebKit/537.36 (KHTML, like Gecko) Mobile Safari/537.36 (compatible; PetalBot;+https://webmaster.petalsearch.com/site/petalbot)"
54.36.148.47 - - [10/Dec/2022:11:18:46 +0100] "GET /robots.txt HTTP/1.1" 404 - "-" "Mozilla/5.0 (compatible; AhrefsBot/7.0; +http://ahrefs.com/robot/)"
65.21.35.240 - - [10/Dec/2022:12:14:06 +0100] "GET /robots.txt HTTP/1.1" 404 - "-" "Mozilla/5.0 (compatible; SeekportBot; +https://bot.seekport.com)"
65.21.35.240 - - [10/Dec/2022:12:14:06 +0100] "GET /robots.txt HTTP/1.1" 404 - "-" "Mozilla/5.0 (compatible; SeekportBot; +https://bot.seekport.com)"
65.21.35.240 - - [10/Dec/2022:12:14:06 +0100] "GET / HTTP/1.1" 404 - "http://www.christen-in-berlin.de/cgi-bin/cib_pub_webseite.pl?Detail=95" "Mozilla/5.0 (compatible; SeekportBot; +https://bot.seekport.com)"
188.143.235.146 - - [10/Dec/2022:12:39:52 +0100] "GET / HTTP/1.0" 404 - "https://parfumoda.ru/" "Mozilla/5.0 (Windows NT 10.0; Win64; x64) AppleWebKit/537.36 (KHTML, like Gecko) Chrome/90.0.4430.86 Safari/537.36"
188.143.235.146 - - [10/Dec/2022:12:39:52 +0100] "GET / HTTP/1.0" 404 - "https://parfumoda.ru/" "Mozilla/5.0 (Windows NT 10.0; Win64; x64) AppleWebKit/537.36 (KHTML, like Gecko) Chrome/90.0.4430.86 Safari/537.36"
188.143.235.146 - - [10/Dec/2022:12:39:54 +0100] "GET / HTTP/1.0" 404 - "https://parfumoda.ru/" "Mozilla/5.0 (Windows NT 6.1; WOW64) AppleWebKit/537.36 (KHTML, like Gecko) Chrome/90.0.4430.72 Safari/537.36"
188.143.235.146 - - [10/Dec/2022:12:39:54 +0100] "GET / HTTP/1.0" 404 - "https://parfumoda.ru/" "Mozilla/5.0 (Windows NT 6.1; WOW64) AppleWebKit/537.36 (KHTML, like Gecko) Chrome/90.0.4430.72 Safari/537.36"
87.250.224.110 - - [10/Dec/2022:12:50:37 +0100] "GET /robots.txt HTTP/1.1" 404 - "-" "Mozilla/5.0 (compatible; YandexBot/3.0; +http://yandex.com/bots)"
87.250.224.110 - - [10/Dec/2022:12:50:41 +0100] "GET /sonderthemen/sk2004.pdf HTTP/1.1" 404 - "-" "Mozilla/5.0 (compatible; YandexBot/3.0; +http://yandex.com/bots)"
64.124.8.48 - - [10/Dec/2022:13:16:03 +0100] "GET /robots.txt HTTP/1.1" 404 - "-" "Mozilla/5.0 (X11; Linux x86_64) AppleWebKit/537.36 (KHTML, like Gecko) Chrome/61.0.3163.79 Safari/537.36"
64.124.8.48 - - [10/Dec/2022:13:16:03 +0100] "GET /cds/lumina.html HTTP/1.1" 404 - "-" "Mozilla/5.0 (X11; Linux x86_64) AppleWebKit/537.36 (KHTML, like Gecko) Chrome/61.0.3163.79 Safari/537.36"
64.124.8.48 - - [10/Dec/2022:13:17:26 +0100] "GET /cds/rosarium.html HTTP/1.1" 404 - "-" "Mozilla/5.0 (X11; Linux x86_64) AppleWebKit/537.36 (KHTML, like Gecko) Chrome/61.0.3163.79 Safari/537.36"
136.243.220.213 - - [10/Dec/2022:13:57:54 +0100] "GET / HTTP/1.1" 404 - "-" "Mozilla/5.0 (compatible; DataForSeoBot/1.0; +https://dataforseo.com/dataforseo-bot)"
52.156.127.202 - - [10/Dec/2022:14:10:54 +0100] "GET /robots.txt HTTP/1.1" 404 - "-" "Mozilla/5.0 (Windows NT 10.0; Win64; x64) AppleWebKit/537.36 (KHTML, like Gecko) Chrome/99.0.4844.74 Safari/537.36 Edg/99.0.1150.55"
