52.156.127.202 - - [10/Dec/2022:14:10:54 +0100] "GET /buecher/gesichter/09.jpg HTTP/1.1" 404 - "-" "Mozilla/5.0 (Windows NT 10.0; Win64; x64) AppleWebKit/537.36 (KHTML, like Gecko) Chrome/99.0.4844.74 Safari/537.36 Edg/99.0.1150.55"
52.156.127.202 - - [10/Dec/2022:14:16:36 +0100] "GET /robots.txt HTTP/1.1" 404 - "-" "Mozilla/5.0 (Windows NT 10.0; Win64; x64) AppleWebKit/537.36 (KHTML, like Gecko) Chrome/99.0.4844.74 Safari/537.36 Edg/99.0.1150.55"
52.156.127.202 - - [10/Dec/2022:14:16:36 +0100] "GET /buecher/gesichter/28.jpg HTTP/1.1" 404 - "-" "Mozilla/5.0 (Windows NT 10.0; Win64; x64) AppleWebKit/537.36 (KHTML, like Gecko) Chrome/99.0.4844.74 Safari/537.36 Edg/99.0.1150.55"
104.227.63.103 - - [10/Dec/2022:14:36:46 +0100] "GET /cds/ignatius.html HTTP/1.1" 404 - "-" "Mozilla/5.0 (Macintosh; Intel Mac OS X 12_5) AppleWebKit/537.36 (KHTML, like Gecko) Chrome/103.0.0.0 Safari/537.36 Vivaldi/5.3.2679.68"
104.227.63.103 - - [10/Dec/2022:14:36:46 +0100] "GET / HTTP/1.1" 404 - "-" "Mozilla/5.0 (Macintosh; Intel Mac OS X 12_5) AppleWebKit/537.36 (KHTML, like Gecko) Chrome/103.0.0.0 Safari/537.36 Vivaldi/5.3.2679.68"
107.175.68.199 - - [10/Dec/2022:14:36:47 +0100] "GET / HTTP/1.1" 404 - "-" "Mozilla/5.0 (Macintosh; Intel Mac OS X 12_5) AppleWebKit/537.36 (KHTML, like Gecko) Chrome/103.0.0.0 Safari/537.36 Vivaldi/5.3.2679.68"
198.46.232.165 - - [10/Dec/2022:14:36:49 +0100] "GET / HTTP/1.1" 404 - "-" "Mozilla/5.0 (Macintosh; Intel Mac OS X 12_5) AppleWebKit/537.36 (KHTML, like Gecko) Chrome/103.0.0.0 Safari/537.36 Vivaldi/5.3.2679.68"
104.227.63.103 - - [10/Dec/2022:14:36:50 +0100] "GET / HTTP/1.1" 404 - "-" "Mozilla/5.0 (Macintosh; Intel Mac OS X 12_5) AppleWebKit/537.36 (KHTML, like Gecko) Chrome/103.0.0.0 Safari/537.36 Vivaldi/5.3.2679.68"
95.163.255.217 - - [10/Dec/2022:15:29:37 +0100] "GET /robots.txt HTTP/1.0" 404 - "-" "Mozilla/5.0 (compatible; Linux x86_64; Mail.RU_Bot/2.0; +https://help.mail.ru/webmaster/indexing/robots)"
95.163.255.227 - - [10/Dec/2022:15:29:38 +0100] "GET / HTTP/1.1" 404 - "-" "Mozilla/5.0 (compatible; Linux x86_64; Mail.RU_Bot/2.0; +https://help.mail.ru/webmaster/indexing/robots)"
52.156.127.202 - - [10/Dec/2022:15:35:54 +0100] "GET /robots.txt HTTP/1.1" 404 - "-" "Mozilla/5.0 (Windows NT 10.0; Win64; x64) AppleWebKit/537.36 (KHTML, like Gecko) Chrome/99.0.4844.74 Safari/537.36 Edg/99.0.1150.55"
52.156.127.202 - - [10/Dec/2022:15:35:54 +0100] "GET /buecher/gesichter/25.jpg HTTP/1.1" 404 - "-" "Mozilla/5.0 (Windows NT 10.0; Win64; x64) AppleWebKit/537.36 (KHTML, like Gecko) Chrome/99.0.4844.74 Safari/537.36 Edg/99.0.1150.55"
52.156.127.202 - - [10/Dec/2022:15:49:16 +0100] "GET /robots.txt HTTP/1.1" 404 - "-" "Mozilla/5.0 (Windows NT 10.0; Win64; x64) AppleWebKit/537.36 (KHTML, like Gecko) Chrome/99.0.4844.74 Safari/537.36 Edg/99.0.1150.55"
52.156.127.202 - - [10/Dec/2022:15:49:16 +0100] "GET /buecher/gesichter/06.jpg HTTP/1.1" 404 - "-" "Mozilla/5.0 (Windows NT 10.0; Win64; x64) AppleWebKit/537.36 (KHTML, like Gecko) Chrome/99.0.4844.74 Safari/537.36 Edg/99.0.1150.55"
194.169.175.135 - - [10/Dec/2022:16:25:09 +0100] "GET /wp-content/plugins/wpyii2/wpyii2.php HTTP/1.1" 404 - "-" "Mozlila/5.0 (Linux; Android 7.0; SM-G892A Bulid/NRD90M; wv) AppleWebKit/537.36 (KHTML, like Gecko) Version/4.0 Chrome/60.0.3112.107 Moblie Safari/537.36"
64.124.8.22 - - [10/Dec/2022:16:49:01 +0100] "GET /robots.txt HTTP/1.1" 404 - "-" "Mozilla/5.0 (X11; Linux x86_64) AppleWebKit/537.36 (KHTML, like Gecko) Chrome/61.0.3163.79 Safari/537.36"
64.124.8.22 - - [10/Dec/2022:16:49:01 +0100] "GET /buecher/veroeffentlichungsliste.html HTTP/1.1" 404 - "-" "Mozilla/5.0 (X11; Linux x86_64) AppleWebKit/537.36 (KHTML, like Gecko) Chrome/61.0.3163.79 Safari/537.36"
64.124.8.26 - - [10/Dec/2022:17:23:45 +0100] "GET /robots.txt HTTP/1.1" 404 - "-" "Mozilla/5.0 (X11; Linux x86_64) AppleWebKit/537.36 (KHTML, like Gecko) Chrome/61.0.3163.79 Safari/537.36"
64.124.8.26 - - [10/Dec/2022:17:23:45 +0100] "GET /cds/hymnos_akathistos.html HTTP/1.1" 404 - "-" "Mozilla/5.0 (X11; Linux x86_64) AppleWebKit/537.36 (KHTML, like Gecko) Chrome/61.0.3163.79 Safari/537.36"
87.250.224.110 - - [10/Dec/2022:17:27:33 +0100] "GET /robots.txt HTTP/1.1" 404 - "-" "Mozilla/5.0 (compatible; YandexBot/3.0; +http://yandex.com/bots)"
87.250.224.110 - - [10/Dec/2022:17:27:37 +0100] "GET /cds/simplay_player.swf?audiofile=der_mensch.mp3 HTTP/1.1" 404 - "-" "Mozilla/5.0 (compatible; YandexBot/3.0; +http://yandex.com/bots)"
20.106.214.56 - - [10/Dec/2022:17:29:11 +0100] "GET /.env HTTP/1.1" 404 - "-" "Mozilla/5.0 (X11; Linux x86_64; rv:83.0) Gecko/20100101 Firefox/83.0"
20.106.214.56 - - [10/Dec/2022:17:29:11 +0100] "POST / HTTP/1.1" 404 - "-" "Mozilla/5.0 (X11; Linux x86_64; rv:83.0) Gecko/20100101 Firefox/83.0"
114.119.148.108 - - [10/Dec/2022:17:35:47 +0100] "GET /robots.txt HTTP/1.1" 404 - "-" "Mozilla/5.0 (compatible;PetalBot;+https://webmaster.petalsearch.com/site/petalbot)"
104.155.97.193 - - [10/Dec/2022:17:59:56 +0100] "HEAD / HTTP/1.1" 404 - "-" "Apache-HttpClient/4.5.5 (Java/11.0.9)"
104.155.97.193 - - [10/Dec/2022:17:59:56 +0100] "GET / HTTP/1.1" 404 - "-" "Apache-HttpClient/4.5.5 (Java/11.0.9)"
104.155.97.193 - - [10/Dec/2022:17:59:56 +0100] "GET / HTTP/1.1" 404 - "-" "Apache-HttpClient/4.5.5 (Java/11.0.9)"
104.155.97.193 - - [10/Dec/2022:17:59:56 +0100] "GET / HTTP/1.1" 404 - "-" "Apache-HttpClient/4.5.5 (Java/11.0.9)"
104.155.97.193 - - [10/Dec/2022:17:59:56 +0100] "GET / HTTP/1.1" 404 - "-" "Apache-HttpClient/4.5.5 (Java/11.0.9)"
104.155.97.193 - - [10/Dec/2022:17:59:56 +0100] "GET / HTTP/1.1" 404 - "-" "Apache-HttpClient/4.5.5 (Java/11.0.9)"
52.156.127.202 - - [10/Dec/2022:19:22:30 +0100] "GET /robots.txt HTTP/1.1" 404 - "-" "Mozilla/5.0 (Windows NT 10.0; Win64; x64) AppleWebKit/537.36 (KHTML, like Gecko) Chrome/99.0.4844.74 Safari/537.36 Edg/99.0.1150.55"
52.156.127.202 - - [10/Dec/2022:19:22:31 +0100] "GET /buecher/gesichter/28.jpg HTTP/1.1" 404 - "-" "Mozilla/5.0 (Windows NT 10.0; Win64; x64) AppleWebKit/537.36 (KHTML, like Gecko) Chrome/99.0.4844.74 Safari/537.36 Edg/99.0.1150.55"
64.124.8.58 - - [10/Dec/2022:20:41:12 +0100] "GET /robots.txt HTTP/1.1" 404 - "-" "Mozilla/5.0 (X11; Linux x86_64) AppleWebKit/537.36 (KHTML, like Gecko) Chrome/61.0.3163.79 Safari/537.36"
64.124.8.58 - - [10/Dec/2022:20:41:12 +0100] "GET /buecher/rezensionen_le_saulchoir.html HTTP/1.1" 404 - "-" "Mozilla/5.0 (X11; Linux x86_64) AppleWebKit/537.36 (KHTML, like Gecko) Chrome/61.0.3163.79 Safari/537.36"
87.250.224.110 - - [10/Dec/2022:21:42:25 +0100] "GET /robots.txt HTTP/1.1" 404 - "-" "Mozilla/5.0 (compatible; YandexBot/3.0; +http://yandex.com/bots)"
87.250.224.110 - - [10/Dec/2022:21:42:29 +0100] "GET /buecher/rezensionen_ungeteilt.html HTTP/1.1" 404 - "-" "Mozilla/5.0 (compatible; YandexBot/3.0; +http://yandex.com/bots)"
66.249.64.196 - - [10/Dec/2022:22:43:37 +0100] "GET /robots.txt HTTP/1.1" 404 - "-" "Mozilla/5.0 (compatible; Googlebot/2.1; +http://www.google.com/bot.html)"
66.249.64.199 - - [10/Dec/2022:22:43:37 +0100] "GET /buecher/freiheit_und_sinnsucht.jpg HTTP/1.1" 404 - "-" "Googlebot-Image/1.0"
52.156.127.202 - - [11/Dec/2022:00:17:37 +0100] "GET /robots.txt HTTP/1.1" 404 - "-" "Mozilla/5.0 (Windows NT 10.0; Win64; x64) AppleWebKit/537.36 (KHTML, like Gecko) Chrome/99.0.4844.74 Safari/537.36 Edg/99.0.1150.55"
52.156.127.202 - - [11/Dec/2022:00:17:37 +0100] "GET /buecher/gesichter/09.jpg HTTP/1.1" 404 - "-" "Mozilla/5.0 (Windows NT 10.0; Win64; x64) AppleWebKit/537.36 (KHTML, like Gecko) Chrome/99.0.4844.74 Safari/537.36 Edg/99.0.1150.55"
64.124.8.53 - - [11/Dec/2022:00:22:46 +0100] "GET /robots.txt HTTP/1.1" 404 - "-" "Mozilla/5.0 (X11; Linux x86_64) AppleWebKit/537.36 (KHTML, like Gecko) Chrome/61.0.3163.79 Safari/537.36"
64.124.8.53 - - [11/Dec/2022:00:22:46 +0100] "GET /kontakt/index.html HTTP/1.1" 404 - "-" "Mozilla/5.0 (X11; Linux x86_64) AppleWebKit/537.36 (KHTML, like Gecko) Chrome/61.0.3163.79 Safari/537.36"
64.124.8.53 - - [11/Dec/2022:00:41:52 +0100] "GET /sonderthemen/index.html HTTP/1.1" 404 - "-" "Mozilla/5.0 (X11; Linux x86_64) AppleWebKit/537.36 (KHTML, like Gecko) Chrome/61.0.3163.79 Safari/537.36"
42.236.10.83 - - [11/Dec/2022:00:50:03 +0100] "GET / HTTP/1.1" 404 - "http://www.morusverlag.de/" "Mozilla/5.0 (Windows NT 6.1; WOW64) AppleWebKit/537.36 (KHTML, like Gecko) Chrome/50.0.2661.102 Safari/537.36; 360Spider"
17.121.113.242 - - [11/Dec/2022:01:07:12 +0100] "GET /robots.txt HTTP/1.1" 404 - "-" "Mozilla/5.0 (Macintosh; Intel Mac OS X 10_15_5) AppleWebKit/605.1.15 (KHTML, like Gecko) Version/13.1.1 Safari/605.1.15 (Applebot/0.1; +http://www.apple.com/go/applebot)"
17.121.113.242 - - [11/Dec/2022:01:07:12 +0100] "GET /buecher/index.html HTTP/1.1" 404 - "-" "Mozilla/5.0 (Macintosh; Intel Mac OS X 10_15_5) AppleWebKit/605.1.15 (KHTML, like Gecko) Version/13.1.1 Safari/605.1.15 (Applebot/0.1; +http://www.apple.com/go/applebot)"
52.156.127.202 - - [11/Dec/2022:05:28:47 +0100] "GET /robots.txt HTTP/1.1" 404 - "-" "Mozilla/5.0 (Windows NT 10.0; Win64; x64) AppleWebKit/537.36 (KHTML, like Gecko) Chrome/99.0.4844.74 Safari/537.36 Edg/99.0.1150.55"
52.156.127.202 - - [11/Dec/2022:05:28:47 +0100] "GET /buecher/gesichter/28.jpg HTTP/1.1" 404 - "-" "Mozilla/5.0 (Windows NT 10.0; Win64; x64) AppleWebKit/537.36 (KHTML, like Gecko) Chrome/99.0.4844.74 Safari/537.36 Edg/99.0.1150.55"
34.78.102.4 - - [11/Dec/2022:06:46:35 +0100] "GET / HTTP/1.1" 404 - "-" "Mozilla/5.0 (Windows NT 10.0; Win64; x64) AppleWebKit/537.36 (KHTML, like Gecko) Chrome/84.0.4147.105 Safari/537.36"
17.121.113.64 - - [11/Dec/2022:07:26:57 +0100] "GET / HTTP/1.1" 404 - "-" "Mozilla/5.0 (Macintosh; Intel Mac OS X 10_15_5) AppleWebKit/605.1.15 (KHTML, like Gecko) Version/13.1.1 Safari/605.1.15 (Applebot/0.1; +http://www.apple.com/go/applebot)"
207.32.139.15 - - [11/Dec/2022:09:23:46 +0100] "GET /robots.txt HTTP/1.1" 404 - "-" "Mozilla/5.0 (Windows NT 6.1; Win64; x64) AppleWebKit/537.36 (KHTML like Gecko) Chrome/100.0.4896.127 Safari/537.36"
157.90.91.229 - - [11/Dec/2022:09:29:20 +0100] "GET /robots.txt HTTP/1.1" 404 - "-" "Mozilla/5.0 (compatible; BLEXBot/1.0; +http://webmeup-crawler.com/)"
157.90.91.229 - - [11/Dec/2022:09:29:24 +0100] "GET / HTTP/1.1" 404 - "-" "Mozilla/5.0 (compatible; BLEXBot/1.0; +http://webmeup-crawler.com/)"
207.32.146.4 - - [11/Dec/2022:09:45:10 +0100] "GET /robots.txt HTTP/1.1" 404 - "-" "Mozilla/5.0 (Windows NT 10.0; Win64; x64) AppleWebKit/537.36 (KHTML like Gecko) Chrome/99.0.4844.51 Safari/537.36"
207.32.146.4 - - [11/Dec/2022:09:45:12 +0100] "GET / HTTP/1.1" 404 - "-" "Mozilla/5.0 (Windows NT 10.0; Win64; x64) AppleWebKit/537.36 (KHTML like Gecko) Chrome/99.0.4844.51 Safari/537.36"
194.173.174.10 - - [11/Dec/2022:11:09:01 +0100] "HEAD / HTTP/1.1" 404 - "-" "Mozilla/5.0 (Windows NT 6.3; WOW64) AppleWebKit/537.36 (KHTML, like Gecko) Chrome/43.0.2357.134 Safari/537.36"
194.173.174.10 - - [11/Dec/2022:11:09:01 +0100] "GET / HTTP/1.1" 404 - "-" "Mozilla/5.0 (Windows NT 6.3; WOW64) AppleWebKit/537.36 (KHTML, like Gecko) Chrome/43.0.2357.134 Safari/537.36"
34.93.61.237 - - [11/Dec/2022:11:24:57 +0100] "POST /wp-plain.php HTTP/1.1" 404 - "www.google.com" "Mozilla/5.0 (Linux; Android 7.0; SM-G892A Bulid/NRD90M; wv) AppleWebKit/537.36 (KHTML, like Gecko) Version/4.0 Chrome/60.0.3112.107 Moblie Safari/537.36"
34.93.61.237 - - [11/Dec/2022:11:24:57 +0100] "POST /ALFA_DATA/alfacgiapi/perl.alfa HTTP/1.1" 404 - "www.google.com" "Mozlila/5.0 (Linux; Android 7.0; SM-G892A Bulid/NRD90M; wv) AppleWebKit/537.36 (KHTML, like Gecko) Version/4.0 Chrome/60.0.3112.107 Moblie Safari/537.36"
34.93.61.237 - - [11/Dec/2022:11:24:57 +0100] "GET / HTTP/1.1" 404 - "-" "Mozlila/5.0 (Linux; Android 7.0; SM-G892A Bulid/NRD90M; wv) AppleWebKit/537.36 (KHTML, like Gecko) Version/4.0 Chrome/60.0.3112.107 Moblie Safari/537.36"
34.93.61.237 - - [11/Dec/2022:11:24:57 +0100] "GET /phikholp.php?Fox=d3wL7 HTTP/1.1" 404 - "www.google.com" "Mozilla/5.0 (Linux; Android 7.0; SM-G892A Bulid/NRD90M; wv) AppleWebKit/537.36 (KHTML, like Gecko) Version/4.0 Chrome/60.0.3112.107 Moblie Safari/537.36"
34.93.61.237 - - [11/Dec/2022:11:24:57 +0100] "POST /alfacgiapi/perl.alfa HTTP/1.1" 404 - "www.google.com" "Mozlila/5.0 (Linux; Android 7.0; SM-G892A Bulid/NRD90M; wv) AppleWebKit/537.36 (KHTML, like Gecko) Version/4.0 Chrome/60.0.3112.107 Moblie Safari/537.36"
65.108.75.167 - - [11/Dec/2022:11:30:54 +0100] "GET /robots.txt HTTP/1.1" 404 - "-" "Mozilla/5.0 (compatible; SeekportBot; +https://bot.seekport.com)"
65.108.75.167 - - [11/Dec/2022:11:30:54 +0100] "GET /robots.txt HTTP/1.1" 404 - "-" "Mozilla/5.0 (compatible; SeekportBot; +https://bot.seekport.com)"
65.108.75.167 - - [11/Dec/2022:11:30:54 +0100] "GET / HTTP/1.1" 404 - "http://christeninberlin.de/cgi-bin/cib_pub_webseite.pl?Detail=95" "Mozilla/5.0 (compatible; SeekportBot; +https://bot.seekport.com)"
52.156.127.202 - - [11/Dec/2022:11:44:34 +0100] "GET /robots.txt HTTP/1.1" 404 - "-" "Mozilla/5.0 (Windows NT 10.0; Win64; x64) AppleWebKit/537.36 (KHTML, like Gecko) Chrome/99.0.4844.74 Safari/537.36 Edg/99.0.1150.55"
52.156.127.202 - - [11/Dec/2022:11:44:34 +0100] "GET /buecher/gesichter/25.jpg HTTP/1.1" 404 - "-" "Mozilla/5.0 (Windows NT 10.0; Win64; x64) AppleWebKit/537.36 (KHTML, like Gecko) Chrome/99.0.4844.74 Safari/537.36 Edg/99.0.1150.55"
52.156.127.202 - - [11/Dec/2022:11:59:51 +0100] "GET /robots.txt HTTP/1.1" 404 - "-" "Mozilla/5.0 (Windows NT 10.0; Win64; x64) AppleWebKit/537.36 (KHTML, like Gecko) Chrome/99.0.4844.74 Safari/537.36 Edg/99.0.1150.55"
52.156.127.202 - - [11/Dec/2022:11:59:52 +0100] "GET /buecher/gesichter/06.jpg HTTP/1.1" 404 - "-" "Mozilla/5.0 (Windows NT 10.0; Win64; x64) AppleWebKit/537.36 (KHTML, like Gecko) Chrome/99.0.4844.74 Safari/537.36 Edg/99.0.1150.55"
2.205.45.98 - - [11/Dec/2022:12:20:48 +0100] "GET /cds/hymnos_akathistos.html HTTP/1.1" 404 - "https://de.wikipedia.org/" "Mozilla/5.0 (Macintosh; Intel Mac OS X 10.11; rv:78.0) Gecko/20100101 Firefox/78.0"
2.205.45.98 - - [11/Dec/2022:12:20:49 +0100] "GET /favicon.ico HTTP/1.1" 404 - "-" "Mozilla/5.0 (Macintosh; Intel Mac OS X 10.11; rv:78.0) Gecko/20100101 Firefox/78.0"
2.205.45.98 - - [11/Dec/2022:12:20:54 +0100] "GET / HTTP/1.1" 404 - "https://de.wikipedia.org/" "Mozilla/5.0 (Macintosh; Intel Mac OS X 10.11; rv:78.0) Gecko/20100101 Firefox/78.0"
2.205.45.98 - - [11/Dec/2022:12:20:55 +0100] "GET /favicon.ico HTTP/1.1" 404 - "-" "Mozilla/5.0 (Macintosh; Intel Mac OS X 10.11; rv:78.0) Gecko/20100101 Firefox/78.0"
64.124.8.50 - - [11/Dec/2022:13:04:36 +0100] "GET /robots.txt HTTP/1.1" 404 - "-" "Mozilla/5.0 (X11; Linux x86_64) AppleWebKit/537.36 (KHTML, like Gecko) Chrome/61.0.3163.79 Safari/537.36"
64.124.8.50 - - [11/Dec/2022:13:04:36 +0100] "GET /buecher/rezensionen_christliche_frauen.html HTTP/1.1" 404 - "-" "Mozilla/5.0 (X11; Linux x86_64) AppleWebKit/537.36 (KHTML, like Gecko) Chrome/61.0.3163.79 Safari/537.36"
64.124.8.50 - - [11/Dec/2022:13:32:32 +0100] "GET /jahrbuch/titelseiten/index.html HTTP/1.1" 404 - "-" "Mozilla/5.0 (X11; Linux x86_64) AppleWebKit/537.36 (KHTML, like Gecko) Chrome/61.0.3163.79 Safari/537.36"
64.124.8.50 - - [11/Dec/2022:13:43:42 +0100] "GET /sonderthemen/archiv.html HTTP/1.1" 404 - "-" "Mozilla/5.0 (X11; Linux x86_64) AppleWebKit/537.36 (KHTML, like Gecko) Chrome/61.0.3163.79 Safari/537.36"
87.250.224.110 - - [11/Dec/2022:16:21:18 +0100] "GET /robots.txt HTTP/1.1" 404 - "-" "Mozilla/5.0 (compatible; YandexBot/3.0; +http://yandex.com/bots)"
87.250.224.110 - - [11/Dec/2022:16:21:22 +0100] "GET /sonderthemen/sk2002.pdf HTTP/1.1" 404 - "-" "Mozilla/5.0 (compatible; YandexBot/3.0; +http://yandex.com/bots)"
65.21.226.48 - - [11/Dec/2022:16:41:51 +0100] "GET /robots.txt HTTP/1.1" 404 - "-" "Mozilla/5.0 (compatible; SEOkicks; +https://www.seokicks.de/robot.html)"
65.21.226.48 - - [11/Dec/2022:16:41:52 +0100] "GET / HTTP/1.1" 404 - "-" "Mozilla/5.0 (compatible; SEOkicks; +https://www.seokicks.de/robot.html)"
93.229.95.48 - - [11/Dec/2022:16:58:57 +0100] "GET /robots.txt HTTP/1.1" 404 - "-" "Mozilla/5.0 (Windows NT 10.0; Win64; x64) AppleWebKit/537.36 (KHTML, like Gecko) Chrome/101.0.4951.54 Safari/537.36"
93.229.95.48 - - [11/Dec/2022:16:58:57 +0100] "GET / HTTP/1.1" 404 - "-" "Mozilla/5.0 (Windows NT 10.0; Win64; x64) AppleWebKit/537.36 (KHTML, like Gecko) Chrome/101.0.4951.54 Safari/537.36"
93.229.95.48 - - [11/Dec/2022:16:58:58 +0100] "GET /magento_version HTTP/1.1" 404 - "-" "Mozilla/5.0 (Windows NT 10.0; Win64; x64) AppleWebKit/537.36 (KHTML, like Gecko) Chrome/101.0.4951.54 Safari/537.36"
64.124.8.35 - - [11/Dec/2022:17:34:40 +0100] "GET /robots.txt HTTP/1.1" 404 - "-" "Mozilla/5.0 (X11; Linux x86_64) AppleWebKit/537.36 (KHTML, like Gecko) Chrome/61.0.3163.79 Safari/537.36"
64.124.8.35 - - [11/Dec/2022:17:34:41 +0100] "GET /robots.txt HTTP/1.1" 404 - "-" "Mozilla/5.0 (X11; Linux x86_64) AppleWebKit/537.36 (KHTML, like Gecko) Chrome/61.0.3163.79 Safari/537.36"
114.119.146.88 - - [11/Dec/2022:17:41:01 +0100] "GET /robots.txt HTTP/1.1" 404 - "-" "Mozilla/5.0 (compatible;PetalBot;+https://webmaster.petalsearch.com/site/petalbot)"
79.225.32.65 - - [11/Dec/2022:17:49:30 +0100] "GET /cds/hymnos_akathistos.html HTTP/1.1" 404 - "-" "Mozilla/5.0 (Macintosh; Intel Mac OS X 10_15_7) AppleWebKit/605.1.15 (KHTML, like Gecko)"
79.225.32.65 - - [11/Dec/2022:17:49:30 +0100] "GET /apple-touch-icon-precomposed.png HTTP/1.1" 404 - "-" "Safari/18614.2.9.1.12 CFNetwork/1399.4 Darwin/22.1.0"
79.225.32.65 - - [11/Dec/2022:17:49:30 +0100] "GET /apple-touch-icon.png HTTP/1.1" 404 - "-" "Safari/18614.2.9.1.12 CFNetwork/1399.4 Darwin/22.1.0"
79.225.32.65 - - [11/Dec/2022:17:49:30 +0100] "GET /favicon.ico HTTP/1.1" 404 - "-" "Safari/18614.2.9.1.12 CFNetwork/1399.4 Darwin/22.1.0"
79.225.32.65 - - [11/Dec/2022:17:49:30 +0100] "GET /apple-touch-icon-precomposed.png HTTP/1.1" 404 - "-" "Safari/18614.2.9.1.12 CFNetwork/1399.4 Darwin/22.1.0"
79.225.32.65 - - [11/Dec/2022:17:49:30 +0100] "GET /apple-touch-icon.png HTTP/1.1" 404 - "-" "Safari/18614.2.9.1.12 CFNetwork/1399.4 Darwin/22.1.0"
79.225.32.65 - - [11/Dec/2022:17:49:30 +0100] "GET /favicon.ico HTTP/1.1" 404 - "-" "Safari/18614.2.9.1.12 CFNetwork/1399.4 Darwin/22.1.0"
79.225.32.65 - - [11/Dec/2022:17:49:30 +0100] "GET /cds/hymnos_akathistos.html HTTP/1.1" 404 - "-" "Mozilla/5.0 (iPhone; CPU iPhone OS 16_0 like Mac OS X) AppleWebKit/605.1.15 (KHTML, like Gecko) Version/16.0 Mobile/15E148 Safari/604.1"
79.225.32.65 - - [11/Dec/2022:17:49:30 +0100] "GET /apple-touch-icon-precomposed.png HTTP/1.1" 404 - "-" "Safari/18614.2.9.1.12 CFNetwork/1399.4 Darwin/22.1.0"
79.225.32.65 - - [11/Dec/2022:17:49:30 +0100] "GET /apple-touch-icon.png HTTP/1.1" 404 - "-" "Safari/18614.2.9.1.12 CFNetwork/1399.4 Darwin/22.1.0"
79.225.32.65 - - [11/Dec/2022:17:49:30 +0100] "GET /favicon.ico HTTP/1.1" 404 - "-" "Safari/18614.2.9.1.12 CFNetwork/1399.4 Darwin/22.1.0"
79.225.32.65 - - [11/Dec/2022:17:49:30 +0100] "GET /apple-touch-icon-precomposed.png HTTP/1.1" 404 - "-" "Safari/18614.2.9.1.12 CFNetwork/1399.4 Darwin/22.1.0"
79.225.32.65 - - [11/Dec/2022:17:49:30 +0100] "GET /apple-touch-icon.png HTTP/1.1" 404 - "-" "Safari/18614.2.9.1.12 CFNetwork/1399.4 Darwin/22.1.0"
79.225.32.65 - - [11/Dec/2022:17:49:30 +0100] "GET /favicon.ico HTTP/1.1" 404 - "-" "Safari/18614.2.9.1.12 CFNetwork/1399.4 Darwin/22.1.0"
198.235.24.38 - - [11/Dec/2022:18:44:37 +0100] "GET / HTTP/1.1" 404 - "-" "Expanse, a Palo Alto Networks company, searches across the global IPv4 space multiple times per day to identify customers' presences on the Internet. If you would like to be excluded from our scans, please send IP addresses/domains to: scaninfo@paloaltonetworks.com"
35.231.151.87 - - [11/Dec/2022:19:08:23 +0100] "GET /robots.txt HTTP/1.0" 404 - "-" "ZoominfoBot (zoominfobot at zoominfo dot com)"
35.231.151.87 - - [11/Dec/2022:19:08:23 +0100] "GET / HTTP/1.0" 404 - "-" "ZoominfoBot (zoominfobot at zoominfo dot com)"
213.83.37.145 - - [11/Dec/2022:19:22:54 +0100] "HEAD / HTTP/1.1" 404 - "-" "Mozilla/5.0 (Windows NT 6.1; rv:39.0) Gecko/20180101 Firefox/39.0"
213.83.37.145 - - [11/Dec/2022:19:22:56 +0100] "HEAD / HTTP/1.1" 404 - "-" "Mozilla/5.0 (Windows NT 6.1; rv:39.0) Gecko/20180101 Firefox/39.0"
17.121.112.78 - - [11/Dec/2022:19:49:32 +0100] "GET /sonderthemen/oekt_extra1.pdf HTTP/1.1" 404 - "-" "Mozilla/5.0 (Macintosh; Intel Mac OS X 10_15_5) AppleWebKit/605.1.15 (KHTML, like Gecko) Version/13.1.1 Safari/605.1.15 (Applebot/0.1; +http://www.apple.com/go/applebot)"
52.156.127.202 - - [11/Dec/2022:20:23:38 +0100] "GET /robots.txt HTTP/1.1" 404 - "-" "Mozilla/5.0 (Windows NT 10.0; Win64; x64) AppleWebKit/537.36 (KHTML, like Gecko) Chrome/99.0.4844.74 Safari/537.36 Edg/99.0.1150.55"
52.156.127.202 - - [11/Dec/2022:20:23:38 +0100] "GET /buecher/gesichter/09.jpg HTTP/1.1" 404 - "-" "Mozilla/5.0 (Windows NT 10.0; Win64; x64) AppleWebKit/537.36 (KHTML, like Gecko) Chrome/99.0.4844.74 Safari/537.36 Edg/99.0.1150.55"
51.222.253.12 - - [11/Dec/2022:21:03:39 +0100] "GET /robots.txt HTTP/1.1" 404 - "-" "Mozilla/5.0 (compatible; AhrefsBot/7.0; +http://ahrefs.com/robot/)"
20.112.10.236 - - [11/Dec/2022:22:06:07 +0100] "GET /robots.txt HTTP/1.1" 404 - "-" "Mozilla/5.0 (Windows NT 10.0; Win64; x64) AppleWebKit/537.36 (KHTML, like Gecko) Chrome/99.0.4844.74 Safari/537.36 Edg/99.0.1150.55"
20.112.10.236 - - [11/Dec/2022:22:06:08 +0100] "GET /buecher/gesichter/30.jpg HTTP/1.1" 404 - "-" "Mozilla/5.0 (Windows NT 10.0; Win64; x64) AppleWebKit/537.36 (KHTML, like Gecko) Chrome/99.0.4844.74 Safari/537.36 Edg/99.0.1150.55"
194.173.174.10 - - [11/Dec/2022:22:41:28 +0100] "HEAD / HTTP/1.1" 404 - "-" "Mozilla/5.0 (Windows NT 6.3; WOW64) AppleWebKit/537.36 (KHTML, like Gecko) Chrome/43.0.2357.134 Safari/537.36"
194.173.174.10 - - [11/Dec/2022:22:41:28 +0100] "GET / HTTP/1.1" 404 - "-" "Mozilla/5.0 (Windows NT 6.3; WOW64) AppleWebKit/537.36 (KHTML, like Gecko) Chrome/43.0.2357.134 Safari/537.36"
185.181.60.189 - - [11/Dec/2022:23:30:31 +0100] "GET / HTTP/1.1" 404 - "-" "Mozilla/5.0 (Windows NT 10.0; Win64; x64) AppleWebKit/537.36 (KHTML, like Gecko) Chrome/91.0.4472.114 Safari/537.36 Edg/91.0.864.54"
34.139.58.210 - - [12/Dec/2022:01:31:48 +0100] "GET /robots.txt HTTP/1.0" 404 - "-" "ZoominfoBot (zoominfobot at zoominfo dot com)"
34.139.58.210 - - [12/Dec/2022:01:31:48 +0100] "GET / HTTP/1.0" 404 - "-" "ZoominfoBot (zoominfobot at zoominfo dot com)"
52.156.127.202 - - [12/Dec/2022:01:34:18 +0100] "GET /robots.txt HTTP/1.1" 404 - "-" "Mozilla/5.0 (Windows NT 10.0; Win64; x64) AppleWebKit/537.36 (KHTML, like Gecko) Chrome/99.0.4844.74 Safari/537.36 Edg/99.0.1150.55"
52.156.127.202 - - [12/Dec/2022:01:34:19 +0100] "GET /buecher/gesichter/28.jpg HTTP/1.1" 404 - "-" "Mozilla/5.0 (Windows NT 10.0; Win64; x64) AppleWebKit/537.36 (KHTML, like Gecko) Chrome/99.0.4844.74 Safari/537.36 Edg/99.0.1150.55"
144.76.162.206 - - [12/Dec/2022:01:58:58 +0100] "GET /sonderthemen/oekt_extra3.pdf HTTP/1.1" 404 - "-" "Mozilla/5.0 (Windows NT 6.1; Win64; x64) AppleWebKit/537.36 (KHTML, like Gecko) Chrome/87.0.4280.88 Safari/537.36"
188.143.235.146 - - [12/Dec/2022:04:55:16 +0100] "GET / HTTP/1.0" 404 - "https://kuzovnye-servisy.ru" "Mozilla/5.0 (Windows NT 10.0; Win64; x64) AppleWebKit/537.36 (KHTML, like Gecko) Chrome/90.0.4430.85 Safari/537.36"
188.143.235.146 - - [12/Dec/2022:04:55:16 +0100] "GET / HTTP/1.0" 404 - "https://kuzovnye-servisy.ru" "Mozilla/5.0 (Windows NT 10.0; Win64; x64) AppleWebKit/537.36 (KHTML, like Gecko) Chrome/90.0.4430.85 Safari/537.36"
188.143.235.146 - - [12/Dec/2022:04:55:18 +0100] "GET / HTTP/1.0" 404 - "https://kuzovnye-servisy.ru" "Mozilla/5.0 (Windows NT 10.0; WOW64) AppleWebKit/537.36 (KHTML, like Gecko) Chrome/90.0.4430.85 Safari/537.36"
188.143.235.146 - - [12/Dec/2022:04:55:18 +0100] "GET / HTTP/1.0" 404 - "https://kuzovnye-servisy.ru" "Mozilla/5.0 (Windows NT 10.0; WOW64) AppleWebKit/537.36 (KHTML, like Gecko) Chrome/90.0.4430.85 Safari/537.36"
95.163.255.228 - - [12/Dec/2022:06:07:18 +0100] "GET /robots.txt HTTP/1.0" 404 - "-" "Mozilla/5.0 (compatible; Linux x86_64; Mail.RU_Bot/2.0; +https://help.mail.ru/webmaster/indexing/robots)"
95.163.255.209 - - [12/Dec/2022:06:07:20 +0100] "GET / HTTP/1.1" 404 - "-" "Mozilla/5.0 (compatible; Linux x86_64; Mail.RU_Bot/2.0; +https://help.mail.ru/webmaster/indexing/robots)"
52.156.127.202 - - [12/Dec/2022:07:51:44 +0100] "GET /robots.txt HTTP/1.1" 404 - "-" "Mozilla/5.0 (Windows NT 10.0; Win64; x64) AppleWebKit/537.36 (KHTML, like Gecko) Chrome/99.0.4844.74 Safari/537.36 Edg/99.0.1150.55"
52.156.127.202 - - [12/Dec/2022:07:51:44 +0100] "GET /buecher/gesichter/25.jpg HTTP/1.1" 404 - "-" "Mozilla/5.0 (Windows NT 10.0; Win64; x64) AppleWebKit/537.36 (KHTML, like Gecko) Chrome/99.0.4844.74 Safari/537.36 Edg/99.0.1150.55"
52.156.127.202 - - [12/Dec/2022:08:08:46 +0100] "GET /robots.txt HTTP/1.1" 404 - "-" "Mozilla/5.0 (Windows NT 10.0; Win64; x64) AppleWebKit/537.36 (KHTML, like Gecko) Chrome/99.0.4844.74 Safari/537.36 Edg/99.0.1150.55"
52.156.127.202 - - [12/Dec/2022:08:08:46 +0100] "GET /buecher/gesichter/06.jpg HTTP/1.1" 404 - "-" "Mozilla/5.0 (Windows NT 10.0; Win64; x64) AppleWebKit/537.36 (KHTML, like Gecko) Chrome/99.0.4844.74 Safari/537.36 Edg/99.0.1150.55"
85.93.89.122 - - [12/Dec/2022:09:36:11 +0100] "GET / HTTP/1.1" 404 - "-" "Mozilla/5.0 (compatible; seocompany/0.6; +; )"
85.93.89.122 - - [12/Dec/2022:09:36:11 +0100] "GET / HTTP/1.1" 404 - "-" "Mozilla/5.0 (Macintosh; Intel Mac OS X 10.15; rv:103.0) Gecko/20100101 Firefox/103.0"
194.173.174.10 - - [12/Dec/2022:10:50:26 +0100] "HEAD / HTTP/1.1" 404 - "-" "Mozilla/5.0 (Windows NT 6.3; WOW64) AppleWebKit/537.36 (KHTML, like Gecko) Chrome/43.0.2357.134 Safari/537.36"
194.173.174.10 - - [12/Dec/2022:10:50:26 +0100] "GET / HTTP/1.1" 404 - "-" "Mozilla/5.0 (Windows NT 6.3; WOW64) AppleWebKit/537.36 (KHTML, like Gecko) Chrome/43.0.2357.134 Safari/537.36"
85.25.177.219 - - [12/Dec/2022:11:40:23 +0100] "GET /robots.txt HTTP/1.1" 404 - "-" "Mozilla/5.0 (Macintosh; Intel Mac OS X 10.15; rv:103.0) Gecko/20100101 Firefox/103.0"
85.25.177.219 - - [12/Dec/2022:11:40:23 +0100] "GET /sitemap.xml HTTP/1.1" 404 - "-" "Mozilla/5.0 (Macintosh; Intel Mac OS X 10.15; rv:103.0) Gecko/20100101 Firefox/103.0"
85.25.177.219 - - [12/Dec/2022:11:40:24 +0100] "GET / HTTP/1.1" 404 - "-" "Mozilla/5.0 (Macintosh; Intel Mac OS X 10.15; rv:103.0) Gecko/20100101 Firefox/103.0"
4.227.220.198 - - [12/Dec/2022:12:28:29 +0100] "GET / HTTP/1.1" 404 - "-" "Mozilla/5.0 (Windows NT 10.0; Win64; x64) AppleWebKit/537.36 (KHTML, like Gecko) Chrome/86.0.4240.75 Safari/537.36"
54.36.148.199 - - [12/Dec/2022:16:19:10 +0100] "GET /robots.txt HTTP/1.1" 404 - "-" "Mozilla/5.0 (compatible; AhrefsBot/7.0; +http://ahrefs.com/robot/)"
52.156.127.202 - - [12/Dec/2022:16:33:51 +0100] "GET /robots.txt HTTP/1.1" 404 - "-" "Mozilla/5.0 (Windows NT 10.0; Win64; x64) AppleWebKit/537.36 (KHTML, like Gecko) Chrome/99.0.4844.74 Safari/537.36 Edg/99.0.1150.55"
52.156.127.202 - - [12/Dec/2022:16:33:52 +0100] "GET /buecher/gesichter/09.jpg HTTP/1.1" 404 - "-" "Mozilla/5.0 (Windows NT 10.0; Win64; x64) AppleWebKit/537.36 (KHTML, like Gecko) Chrome/99.0.4844.74 Safari/537.36 Edg/99.0.1150.55"
85.25.177.219 - - [12/Dec/2022:16:35:49 +0100] "GET /robots.txt HTTP/1.1" 404 - "-" "Mozilla/5.0 (Macintosh; Intel Mac OS X 10.15; rv:103.0) Gecko/20100101 Firefox/103.0"
85.25.177.219 - - [12/Dec/2022:16:35:49 +0100] "GET /sitemap.xml HTTP/1.1" 404 - "-" "Mozilla/5.0 (Macintosh; Intel Mac OS X 10.15; rv:103.0) Gecko/20100101 Firefox/103.0"
93.194.189.75 - - [12/Dec/2022:17:30:54 +0100] "GET /cds/hymnos_akathistos.html HTTP/1.1" 404 - "-" "Mozilla/5.0 (X11; Ubuntu; Linux x86_64; rv:107.0) Gecko/20100101 Firefox/107.0"
93.194.189.75 - - [12/Dec/2022:17:30:54 +0100] "GET /favicon.ico HTTP/1.1" 404 - "http://www.morusverlag.de/cds/hymnos_akathistos.html" "Mozilla/5.0 (X11; Ubuntu; Linux x86_64; rv:107.0) Gecko/20100101 Firefox/107.0"
85.25.177.219 - - [12/Dec/2022:17:32:12 +0100] "GET /robots.txt HTTP/1.1" 404 - "-" "Mozilla/5.0 (Macintosh; Intel Mac OS X 10.15; rv:103.0) Gecko/20100101 Firefox/103.0"
85.25.177.219 - - [12/Dec/2022:17:32:12 +0100] "GET / HTTP/1.1" 404 - "-" "Mozilla/5.0 (Macintosh; Intel Mac OS X 10.15; rv:103.0) Gecko/20100101 Firefox/103.0"
85.25.177.219 - - [12/Dec/2022:17:32:13 +0100] "GET /sitemap.xml HTTP/1.1" 404 - "-" "Mozilla/5.0 (Macintosh; Intel Mac OS X 10.15; rv:103.0) Gecko/20100101 Firefox/103.0"
93.194.189.75 - - [12/Dec/2022:17:32:35 +0100] "GET /cds/hymnos_akathistos.html HTTP/1.1" 404 - "-" "Mozilla/5.0 (X11; Ubuntu; Linux x86_64; rv:107.0) Gecko/20100101 Firefox/107.0"
93.194.189.75 - - [12/Dec/2022:17:32:35 +0100] "GET /favicon.ico HTTP/1.1" 404 - "http://www.morusverlag.de/cds/hymnos_akathistos.html" "Mozilla/5.0 (X11; Ubuntu; Linux x86_64; rv:107.0) Gecko/20100101 Firefox/107.0"
130.211.109.209 - - [12/Dec/2022:18:07:46 +0100] "HEAD / HTTP/1.1" 404 - "-" "Apache-HttpClient/4.5.5 (Java/11.0.9)"
130.211.109.209 - - [12/Dec/2022:18:07:46 +0100] "GET / HTTP/1.1" 404 - "-" "Apache-HttpClient/4.5.5 (Java/11.0.9)"
130.211.109.209 - - [12/Dec/2022:18:07:46 +0100] "GET / HTTP/1.1" 404 - "-" "Apache-HttpClient/4.5.5 (Java/11.0.9)"
130.211.109.209 - - [12/Dec/2022:18:07:47 +0100] "GET / HTTP/1.1" 404 - "-" "Apache-HttpClient/4.5.5 (Java/11.0.9)"
130.211.109.209 - - [12/Dec/2022:18:07:47 +0100] "GET / HTTP/1.1" 404 - "-" "Apache-HttpClient/4.5.5 (Java/11.0.9)"
130.211.109.209 - - [12/Dec/2022:18:07:47 +0100] "GET / HTTP/1.1" 404 - "-" "Apache-HttpClient/4.5.5 (Java/11.0.9)"
81.209.177.145 - - [12/Dec/2022:18:53:45 +0100] "GET /robots.txt HTTP/1.1" 404 - "-" "netEstate NE Crawler (+http://www.website-datenbank.de/)"
81.209.177.145 - - [12/Dec/2022:18:53:48 +0100] "GET / HTTP/1.1" 404 - "-" "netEstate NE Crawler (+http://www.website-datenbank.de/)"
114.119.154.124 - - [12/Dec/2022:19:13:08 +0100] "GET /robots.txt HTTP/1.1" 404 - "-" "Mozilla/5.0 (compatible;PetalBot;+https://webmaster.petalsearch.com/site/petalbot)"
20.112.10.236 - - [12/Dec/2022:19:59:11 +0100] "GET /robots.txt HTTP/1.1" 404 - "-" "Mozilla/5.0 (Windows NT 10.0; Win64; x64) AppleWebKit/537.36 (KHTML, like Gecko) Chrome/99.0.4844.74 Safari/537.36 Edg/99.0.1150.55"
20.112.10.236 - - [12/Dec/2022:19:59:11 +0100] "GET /buecher/gesichter/30.jpg HTTP/1.1" 404 - "-" "Mozilla/5.0 (Windows NT 10.0; Win64; x64) AppleWebKit/537.36 (KHTML, like Gecko) Chrome/99.0.4844.74 Safari/537.36 Edg/99.0.1150.55"
95.223.86.19 - - [12/Dec/2022:20:34:57 +0100] "GET /cds/hymnos_akathistos.html HTTP/1.1" 404 - "-" "Mozilla/5.0 (iPhone; CPU iPhone OS 16_1_1 like Mac OS X) AppleWebKit/605.1.15 (KHTML, like Gecko) Version/16.1 Mobile/15E148 Safari/604.1"
95.223.86.19 - - [12/Dec/2022:20:34:57 +0100] "GET /apple-touch-icon-120x120-precomposed.png HTTP/1.1" 404 - "-" "MobileSafari/8614.2.9.0.10 CFNetwork/1399 Darwin/22.1.0"
95.223.86.19 - - [12/Dec/2022:20:34:57 +0100] "GET /apple-touch-icon-120x120.png HTTP/1.1" 404 - "-" "MobileSafari/8614.2.9.0.10 CFNetwork/1399 Darwin/22.1.0"
95.223.86.19 - - [12/Dec/2022:20:34:57 +0100] "GET /apple-touch-icon-precomposed.png HTTP/1.1" 404 - "-" "MobileSafari/8614.2.9.0.10 CFNetwork/1399 Darwin/22.1.0"
95.223.86.19 - - [12/Dec/2022:20:34:57 +0100] "GET /apple-touch-icon.png HTTP/1.1" 404 - "-" "MobileSafari/8614.2.9.0.10 CFNetwork/1399 Darwin/22.1.0"
95.223.86.19 - - [12/Dec/2022:20:34:57 +0100] "GET /favicon.ico HTTP/1.1" 404 - "-" "MobileSafari/8614.2.9.0.10 CFNetwork/1399 Darwin/22.1.0"
95.223.86.19 - - [12/Dec/2022:20:34:57 +0100] "GET /apple-touch-icon-120x120-precomposed.png HTTP/1.1" 404 - "-" "MobileSafari/8614.2.9.0.10 CFNetwork/1399 Darwin/22.1.0"
95.223.86.19 - - [12/Dec/2022:20:34:57 +0100] "GET /apple-touch-icon-120x120.png HTTP/1.1" 404 - "-" "MobileSafari/8614.2.9.0.10 CFNetwork/1399 Darwin/22.1.0"
95.223.86.19 - - [12/Dec/2022:20:34:57 +0100] "GET /apple-touch-icon-precomposed.png HTTP/1.1" 404 - "-" "MobileSafari/8614.2.9.0.10 CFNetwork/1399 Darwin/22.1.0"
95.223.86.19 - - [12/Dec/2022:20:34:57 +0100] "GET /apple-touch-icon.png HTTP/1.1" 404 - "-" "MobileSafari/8614.2.9.0.10 CFNetwork/1399 Darwin/22.1.0"
95.223.86.19 - - [12/Dec/2022:20:34:57 +0100] "GET /favicon.ico HTTP/1.1" 404 - "-" "MobileSafari/8614.2.9.0.10 CFNetwork/1399 Darwin/22.1.0"
37.139.53.181 - - [12/Dec/2022:21:27:35 +0100] "GET / HTTP/1.0" 404 - "https://sofitroom.ru/" "Mozilla/5.0 (Windows NT 6.3; Win64; x64) AppleWebKit/537.36 (KHTML, like Gecko) Chrome/90.0.4430.72 Safari/537.36"
37.139.53.181 - - [12/Dec/2022:21:27:35 +0100] "GET / HTTP/1.0" 404 - "https://sofitroom.ru/" "Mozilla/5.0 (Windows NT 6.3; Win64; x64) AppleWebKit/537.36 (KHTML, like Gecko) Chrome/90.0.4430.72 Safari/537.36"
37.139.53.181 - - [12/Dec/2022:21:27:37 +0100] "GET / HTTP/1.0" 404 - "https://sofitroom.ru/" "Mozilla/5.0 (Windows NT 10.0; Win64; x64) AppleWebKit/537.36 (KHTML, like Gecko) Chrome/90.0.4430.85 Safari/537.36 Edg/90.0.818.49"
37.139.53.181 - - [12/Dec/2022:21:27:38 +0100] "GET / HTTP/1.0" 404 - "https://sofitroom.ru/" "Mozilla/5.0 (Windows NT 10.0; Win64; x64) AppleWebKit/537.36 (KHTML, like Gecko) Chrome/90.0.4430.85 Safari/537.36 Edg/90.0.818.49"
52.156.127.202 - - [12/Dec/2022:21:47:46 +0100] "GET /robots.txt HTTP/1.1" 404 - "-" "Mozilla/5.0 (Windows NT 10.0; Win64; x64) AppleWebKit/537.36 (KHTML, like Gecko) Chrome/99.0.4844.74 Safari/537.36 Edg/99.0.1150.55"
52.156.127.202 - - [12/Dec/2022:21:47:47 +0100] "GET /buecher/gesichter/28.jpg HTTP/1.1" 404 - "-" "Mozilla/5.0 (Windows NT 10.0; Win64; x64) AppleWebKit/537.36 (KHTML, like Gecko) Chrome/99.0.4844.74 Safari/537.36 Edg/99.0.1150.55"
85.25.177.219 - - [12/Dec/2022:23:07:38 +0100] "GET /robots.txt HTTP/1.1" 404 - "-" "Mozilla/5.0 (Macintosh; Intel Mac OS X 10.15; rv:103.0) Gecko/20100101 Firefox/103.0"
85.25.177.219 - - [12/Dec/2022:23:07:38 +0100] "GET /sitemap.xml HTTP/1.1" 404 - "-" "Mozilla/5.0 (Macintosh; Intel Mac OS X 10.15; rv:103.0) Gecko/20100101 Firefox/103.0"
85.25.177.219 - - [12/Dec/2022:23:07:39 +0100] "GET / HTTP/1.1" 404 - "-" "Mozilla/5.0 (Macintosh; Intel Mac OS X 10.15; rv:103.0) Gecko/20100101 Firefox/103.0"
66.249.68.45 - - [12/Dec/2022:23:55:43 +0100] "GET /robots.txt HTTP/1.1" 404 - "-" "Mozilla/5.0 (compatible; Googlebot/2.1; +http://www.google.com/bot.html)"
66.249.68.47 - - [12/Dec/2022:23:55:44 +0100] "GET /favicon.ico HTTP/1.1" 404 - "-" "Googlebot-Image/1.0"
66.249.68.42 - - [13/Dec/2022:01:27:24 +0100] "GET /buecher/rezensionen_ungeteilt.html HTTP/1.1" 404 - "-" "Mozilla/5.0 (Linux; Android 6.0.1; Nexus 5X Build/MMB29P) AppleWebKit/537.36 (KHTML, like Gecko) Chrome/107.0.5304.115 Mobile Safari/537.36 (compatible; Googlebot/2.1; +http://www.google.com/bot.html)"
173.252.95.116 - - [13/Dec/2022:01:29:52 +0100] "GET / HTTP/1.1" 404 - "-" "facebookexternalhit/1.1 (+http://www.facebook.com/externalhit_uatext.php)"
213.136.71.25 - - [13/Dec/2022:04:18:53 +0100] "GET / HTTP/1.1" 404 - "-" "Mozilla/5.0 (Windows NT 6.3; WOW64) AppleWebKit/537.36 (KHTML, like Gecko) Chrome/40.0.2214.115 Safari/537.36"
52.156.127.202 - - [13/Dec/2022:08:59:50 +0100] "GET /robots.txt HTTP/1.1" 404 - "-" "Mozilla/5.0 (Windows NT 10.0; Win64; x64) AppleWebKit/537.36 (KHTML, like Gecko) Chrome/99.0.4844.74 Safari/537.36 Edg/99.0.1150.55"
52.156.127.202 - - [13/Dec/2022:08:59:50 +0100] "GET /buecher/gesichter/25.jpg HTTP/1.1" 404 - "-" "Mozilla/5.0 (Windows NT 10.0; Win64; x64) AppleWebKit/537.36 (KHTML, like Gecko) Chrome/99.0.4844.74 Safari/537.36 Edg/99.0.1150.55"
195.113.175.41 - - [13/Dec/2022:09:09:23 +0100] "GET /robots.txt HTTP/1.1" 404 - "-" "hgfAlphaXCrawl/1.0 (+https://www.fim.uni-passau.de/data-science/forschung/open-search)"
195.113.175.41 - - [13/Dec/2022:09:09:23 +0100] "GET / HTTP/1.1" 404 - "-" "hgfAlphaXCrawl/1.0 (+https://www.fim.uni-passau.de/data-science/forschung/open-search)"
52.156.127.202 - - [13/Dec/2022:09:16:39 +0100] "GET /robots.txt HTTP/1.1" 404 - "-" "Mozilla/5.0 (Windows NT 10.0; Win64; x64) AppleWebKit/537.36 (KHTML, like Gecko) Chrome/99.0.4844.74 Safari/537.36 Edg/99.0.1150.55"
52.156.127.202 - - [13/Dec/2022:09:16:39 +0100] "GET /buecher/gesichter/06.jpg HTTP/1.1" 404 - "-" "Mozilla/5.0 (Windows NT 10.0; Win64; x64) AppleWebKit/537.36 (KHTML, like Gecko) Chrome/99.0.4844.74 Safari/537.36 Edg/99.0.1150.55"
37.139.53.181 - - [13/Dec/2022:13:45:21 +0100] "GET / HTTP/1.0" 404 - "https://petkit.kz/" "Mozilla/5.0 (Windows NT 6.1; Win64; x64) AppleWebKit/537.36 (KHTML, like Gecko) Chrome/90.0.4430.72 Safari/537.36"
37.139.53.181 - - [13/Dec/2022:13:45:21 +0100] "GET / HTTP/1.0" 404 - "https://petkit.kz/" "Mozilla/5.0 (Windows NT 6.1; Win64; x64) AppleWebKit/537.36 (KHTML, like Gecko) Chrome/90.0.4430.72 Safari/537.36"
37.139.53.181 - - [13/Dec/2022:13:45:23 +0100] "GET / HTTP/1.0" 404 - "https://petkit.kz/" "Mozilla/5.0 (Windows NT 6.1; ) AppleWebKit/537.36 (KHTML, like Gecko) Chrome/90.0.4430.72 Safari/537.36"
37.139.53.181 - - [13/Dec/2022:13:45:24 +0100] "GET / HTTP/1.0" 404 - "https://petkit.kz/" "Mozilla/5.0 (Windows NT 6.1; ) AppleWebKit/537.36 (KHTML, like Gecko) Chrome/90.0.4430.72 Safari/537.36"
209.141.51.222 - - [13/Dec/2022:13:57:13 +0100] "GET / HTTP/1.1" 404 - "-" "Mozilla/5.0 (Macintosh; Intel Mac OS X 10_15_7) AppleWebKit/537.36 (KHTML, like Gecko) Chrome/96.0.4664.110 Safari/537.36"
209.141.51.222 - - [13/Dec/2022:13:57:14 +0100] "GET /favicon.ico HTTP/1.1" 404 - "-" "Mozilla/5.0 (Macintosh; Intel Mac OS X 10_15_7) AppleWebKit/537.36 (KHTML, like Gecko) Chrome/96.0.4664.110 Safari/537.36"
85.25.177.219 - - [13/Dec/2022:14:27:39 +0100] "GET /robots.txt HTTP/1.1" 404 - "-" "Mozilla/5.0 (Macintosh; Intel Mac OS X 10.15; rv:103.0) Gecko/20100101 Firefox/103.0"
85.25.177.219 - - [13/Dec/2022:14:27:39 +0100] "GET /buecher/ HTTP/1.1" 404 - "-" "Mozilla/5.0 (Macintosh; Intel Mac OS X 10.15; rv:103.0) Gecko/20100101 Firefox/103.0"
87.250.224.92 - - [13/Dec/2022:14:45:00 +0100] "GET /robots.txt HTTP/1.1" 404 - "-" "Mozilla/5.0 (compatible; YandexBot/3.0; +http://yandex.com/bots)"
87.250.224.92 - - [13/Dec/2022:14:45:04 +0100] "GET /cds/simplay_player.swf?audiofile=hymnos2.mp3 HTTP/1.1" 404 - "-" "Mozilla/5.0 (compatible; YandexBot/3.0; +http://yandex.com/bots)"
146.148.12.228 - - [13/Dec/2022:15:20:47 +0100] "GET / HTTP/1.1" 404 - "-" "Mozilla/5.0 (Windows NT 10.0; Win64; x64) AppleWebKit/537.36 (KHTML, like Gecko) Chrome/84.0.4147.105 Safari/537.36"
87.158.72.96 - - [13/Dec/2022:16:11:43 +0100] "GET /buecher/guardini/bd6.jpg HTTP/1.1" 404 - "-" "Mozilla/5.0 (Macintosh; Intel Mac OS X 10_15_7) AppleWebKit/605.1.15 (KHTML, like Gecko) Version/15.4 Safari/605.1.15"
114.119.151.184 - - [13/Dec/2022:16:22:27 +0100] "GET /robots.txt HTTP/1.1" 404 - "-" "Mozilla/5.0 (compatible;PetalBot;+https://webmaster.petalsearch.com/site/petalbot)"
85.25.177.219 - - [13/Dec/2022:17:02:58 +0100] "GET /robots.txt HTTP/1.1" 404 - "-" "Mozilla/5.0 (Macintosh; Intel Mac OS X 10.15; rv:103.0) Gecko/20100101 Firefox/103.0"
85.25.177.219 - - [13/Dec/2022:17:02:58 +0100] "GET /buecher/ HTTP/1.1" 404 - "-" "Mozilla/5.0 (Macintosh; Intel Mac OS X 10.15; rv:103.0) Gecko/20100101 Firefox/103.0"
85.25.177.219 - - [13/Dec/2022:17:39:37 +0100] "GET /robots.txt HTTP/1.1" 404 - "-" "Mozilla/5.0 (Macintosh; Intel Mac OS X 10.15; rv:103.0) Gecko/20100101 Firefox/103.0"
85.25.177.219 - - [13/Dec/2022:17:39:37 +0100] "GET /sitemap.xml HTTP/1.1" 404 - "-" "Mozilla/5.0 (Macintosh; Intel Mac OS X 10.15; rv:103.0) Gecko/20100101 Firefox/103.0"
85.25.177.219 - - [13/Dec/2022:17:39:38 +0100] "GET / HTTP/1.1" 404 - "-" "Mozilla/5.0 (Macintosh; Intel Mac OS X 10.15; rv:103.0) Gecko/20100101 Firefox/103.0"
52.156.127.202 - - [13/Dec/2022:17:46:18 +0100] "GET /robots.txt HTTP/1.1" 404 - "-" "Mozilla/5.0 (Windows NT 10.0; Win64; x64) AppleWebKit/537.36 (KHTML, like Gecko) Chrome/99.0.4844.74 Safari/537.36 Edg/99.0.1150.55"
52.156.127.202 - - [13/Dec/2022:17:46:18 +0100] "GET /buecher/gesichter/09.jpg HTTP/1.1" 404 - "-" "Mozilla/5.0 (Windows NT 10.0; Win64; x64) AppleWebKit/537.36 (KHTML, like Gecko) Chrome/99.0.4844.74 Safari/537.36 Edg/99.0.1150.55"
65.108.76.15 - - [13/Dec/2022:18:01:54 +0100] "GET /robots.txt HTTP/1.1" 404 - "-" "Mozilla/5.0 (compatible; SEOkicks; +https://www.seokicks.de/robot.html)"
65.108.76.15 - - [13/Dec/2022:18:01:55 +0100] "GET / HTTP/1.1" 404 - "-" "Mozilla/5.0 (compatible; SEOkicks; +https://www.seokicks.de/robot.html)"
35.233.41.235 - - [13/Dec/2022:18:11:04 +0100] "HEAD / HTTP/1.1" 404 - "-" "Apache-HttpClient/4.5.5 (Java/11.0.9)"
35.233.41.235 - - [13/Dec/2022:18:11:04 +0100] "GET / HTTP/1.1" 404 - "-" "Apache-HttpClient/4.5.5 (Java/11.0.9)"
35.233.41.235 - - [13/Dec/2022:18:11:04 +0100] "GET / HTTP/1.1" 404 - "-" "Apache-HttpClient/4.5.5 (Java/11.0.9)"
35.233.41.235 - - [13/Dec/2022:18:11:04 +0100] "GET / HTTP/1.1" 404 - "-" "Apache-HttpClient/4.5.5 (Java/11.0.9)"
35.233.41.235 - - [13/Dec/2022:18:11:04 +0100] "GET / HTTP/1.1" 404 - "-" "Apache-HttpClient/4.5.5 (Java/11.0.9)"
35.233.41.235 - - [13/Dec/2022:18:11:04 +0100] "GET / HTTP/1.1" 404 - "-" "Apache-HttpClient/4.5.5 (Java/11.0.9)"
85.25.177.219 - - [13/Dec/2022:18:41:13 +0100] "GET /robots.txt HTTP/1.1" 404 - "-" "Mozilla/5.0 (Macintosh; Intel Mac OS X 10.15; rv:103.0) Gecko/20100101 Firefox/103.0"
85.25.177.219 - - [13/Dec/2022:18:41:13 +0100] "GET /jahrbuch/index.html HTTP/1.1" 404 - "-" "Mozilla/5.0 (Macintosh; Intel Mac OS X 10.15; rv:103.0) Gecko/20100101 Firefox/103.0"
205.210.31.36 - - [13/Dec/2022:18:55:00 +0100] "GET / HTTP/1.1" 404 - "-" "Expanse, a Palo Alto Networks company, searches across the global IPv4 space multiple times per day to identify customers' presences on the Internet. If you would like to be excluded from our scans, please send IP addresses/domains to: scaninfo@paloaltonetworks.com"
85.25.177.219 - - [13/Dec/2022:19:06:39 +0100] "GET /robots.txt HTTP/1.1" 404 - "-" "Mozilla/5.0 (Macintosh; Intel Mac OS X 10.15; rv:103.0) Gecko/20100101 Firefox/103.0"
85.25.177.219 - - [13/Dec/2022:19:06:39 +0100] "GET /buecher/ HTTP/1.1" 404 - "-" "Mozilla/5.0 (Macintosh; Intel Mac OS X 10.15; rv:103.0) Gecko/20100101 Firefox/103.0"
85.25.177.219 - - [13/Dec/2022:19:49:36 +0100] "GET /robots.txt HTTP/1.1" 404 - "-" "Mozilla/5.0 (Macintosh; Intel Mac OS X 10.15; rv:103.0) Gecko/20100101 Firefox/103.0"
85.25.177.219 - - [13/Dec/2022:19:49:36 +0100] "GET / HTTP/1.1" 404 - "-" "Mozilla/5.0 (Macintosh; Intel Mac OS X 10.15; rv:103.0) Gecko/20100101 Firefox/103.0"
85.25.177.219 - - [13/Dec/2022:19:49:40 +0100] "GET /sitemap.xml HTTP/1.1" 404 - "-" "Mozilla/5.0 (Macintosh; Intel Mac OS X 10.15; rv:103.0) Gecko/20100101 Firefox/103.0"
85.25.177.219 - - [13/Dec/2022:20:45:33 +0100] "GET /robots.txt HTTP/1.1" 404 - "-" "Mozilla/5.0 (Macintosh; Intel Mac OS X 10.15; rv:103.0) Gecko/20100101 Firefox/103.0"
85.25.177.219 - - [13/Dec/2022:20:45:33 +0100] "GET /jahrbuch/index.html HTTP/1.1" 404 - "-" "Mozilla/5.0 (Macintosh; Intel Mac OS X 10.15; rv:103.0) Gecko/20100101 Firefox/103.0"
20.112.10.236 - - [13/Dec/2022:21:06:20 +0100] "GET /robots.txt HTTP/1.1" 404 - "-" "Mozilla/5.0 (Windows NT 10.0; Win64; x64) AppleWebKit/537.36 (KHTML, like Gecko) Chrome/99.0.4844.74 Safari/537.36 Edg/99.0.1150.55"
20.112.10.236 - - [13/Dec/2022:21:06:21 +0100] "GET /buecher/gesichter/30.jpg HTTP/1.1" 404 - "-" "Mozilla/5.0 (Windows NT 10.0; Win64; x64) AppleWebKit/537.36 (KHTML, like Gecko) Chrome/99.0.4844.74 Safari/537.36 Edg/99.0.1150.55"
17.121.112.78 - - [13/Dec/2022:21:33:38 +0100] "GET /robots.txt HTTP/1.1" 404 - "-" "Mozilla/5.0 (Macintosh; Intel Mac OS X 10_15_5) AppleWebKit/605.1.15 (KHTML, like Gecko) Version/13.1.1 Safari/605.1.15 (Applebot/0.1; +http://www.apple.com/go/applebot)"
17.121.112.78 - - [13/Dec/2022:21:33:38 +0100] "GET /sonderthemen/oekt_extra1.pdf HTTP/1.1" 404 - "-" "Mozilla/5.0 (Macintosh; Intel Mac OS X 10_15_5) AppleWebKit/605.1.15 (KHTML, like Gecko) Version/13.1.1 Safari/605.1.15 (Applebot/0.1; +http://www.apple.com/go/applebot)"
195.113.175.41 - - [13/Dec/2022:22:01:33 +0100] "GET /robots.txt HTTP/1.1" 404 - "-" "hgfAlphaXCrawl/1.0 (+https://www.fim.uni-passau.de/data-science/forschung/open-search)"
195.113.175.41 - - [13/Dec/2022:22:01:33 +0100] "GET /buecher/ HTTP/1.1" 404 - "-" "hgfAlphaXCrawl/1.0 (+https://www.fim.uni-passau.de/data-science/forschung/open-search)"
85.25.177.219 - - [13/Dec/2022:22:07:22 +0100] "GET /robots.txt HTTP/1.1" 404 - "-" "Mozilla/5.0 (Macintosh; Intel Mac OS X 10.15; rv:103.0) Gecko/20100101 Firefox/103.0"
85.25.177.219 - - [13/Dec/2022:22:07:22 +0100] "GET / HTTP/1.1" 404 - "-" "Mozilla/5.0 (Macintosh; Intel Mac OS X 10.15; rv:103.0) Gecko/20100101 Firefox/103.0"
85.25.177.219 - - [13/Dec/2022:22:07:24 +0100] "GET /sitemap.xml HTTP/1.1" 404 - "-" "Mozilla/5.0 (Macintosh; Intel Mac OS X 10.15; rv:103.0) Gecko/20100101 Firefox/103.0"
85.25.177.219 - - [13/Dec/2022:22:47:47 +0100] "GET /robots.txt HTTP/1.1" 404 - "-" "Mozilla/5.0 (Macintosh; Intel Mac OS X 10.15; rv:103.0) Gecko/20100101 Firefox/103.0"
85.25.177.219 - - [13/Dec/2022:22:47:47 +0100] "GET /jahrbuch/index.html HTTP/1.1" 404 - "-" "Mozilla/5.0 (Macintosh; Intel Mac OS X 10.15; rv:103.0) Gecko/20100101 Firefox/103.0"
52.156.127.202 - - [13/Dec/2022:22:53:37 +0100] "GET /robots.txt HTTP/1.1" 404 - "-" "Mozilla/5.0 (Windows NT 10.0; Win64; x64) AppleWebKit/537.36 (KHTML, like Gecko) Chrome/99.0.4844.74 Safari/537.36 Edg/99.0.1150.55"
52.156.127.202 - - [13/Dec/2022:22:53:37 +0100] "GET /buecher/gesichter/28.jpg HTTP/1.1" 404 - "-" "Mozilla/5.0 (Windows NT 10.0; Win64; x64) AppleWebKit/537.36 (KHTML, like Gecko) Chrome/99.0.4844.74 Safari/537.36 Edg/99.0.1150.55"
17.121.113.14 - - [13/Dec/2022:23:41:45 +0100] "GET /sonderthemen/oekz2003_s01.pdf HTTP/1.1" 404 - "-" "Mozilla/5.0 (Macintosh; Intel Mac OS X 10_15_5) AppleWebKit/605.1.15 (KHTML, like Gecko) Version/13.1.1 Safari/605.1.15 (Applebot/0.1; +http://www.apple.com/go/applebot)"
37.139.53.181 - - [14/Dec/2022:01:59:27 +0100] "GET / HTTP/1.0" 404 - "https://levitra.global/" "Mozilla/5.0 (Windows NT 6.1) AppleWebKit/537.36 (KHTML, like Gecko) Chrome/90.0.4430.93 Safari/537.36"
37.139.53.181 - - [14/Dec/2022:01:59:27 +0100] "GET / HTTP/1.0" 404 - "https://levitra.global/" "Mozilla/5.0 (Windows NT 6.1) AppleWebKit/537.36 (KHTML, like Gecko) Chrome/90.0.4430.93 Safari/537.36"
37.139.53.181 - - [14/Dec/2022:01:59:29 +0100] "GET / HTTP/1.0" 404 - "https://levitra.global/" "Mozilla/5.0 (Windows NT 10.0; Win64; x64) AppleWebKit/537.36 (KHTML, like Gecko) Chrome/90.0.4430.93 Safari/537.36"
37.139.53.181 - - [14/Dec/2022:01:59:29 +0100] "GET / HTTP/1.0" 404 - "https://levitra.global/" "Mozilla/5.0 (Windows NT 10.0; Win64; x64) AppleWebKit/537.36 (KHTML, like Gecko) Chrome/90.0.4430.93 Safari/537.36"
184.94.240.88 - - [14/Dec/2022:07:56:56 +0100] "GET / HTTP/1.1" 404 - "-" "Mozilla/5.0 (Windows NT 10.0; Win64; x64; rv:65.0) Gecko/20100101 Firefox/65.0"
84.180.155.239 - - [14/Dec/2022:11:23:52 +0100] "GET /cds/hymnos_akathistos.html HTTP/1.1" 404 - "https://www.google.com/" "Mozilla/5.0 (Windows NT 10.0; Win64; x64; rv:108.0) Gecko/20100101 Firefox/108.0"
84.180.155.239 - - [14/Dec/2022:11:23:52 +0100] "GET /favicon.ico HTTP/1.1" 404 - "http://www.morusverlag.de/cds/hymnos_akathistos.html" "Mozilla/5.0 (Windows NT 10.0; Win64; x64; rv:108.0) Gecko/20100101 Firefox/108.0"
84.180.155.239 - - [14/Dec/2022:11:23:56 +0100] "GET /cds/hymnos_akathistos.html HTTP/1.1" 404 - "https://www.google.com/" "Mozilla/5.0 (Windows NT 10.0; Win64; x64; rv:108.0) Gecko/20100101 Firefox/108.0"
84.180.155.239 - - [14/Dec/2022:11:23:58 +0100] "GET /cds/hymnos_akathistos.html HTTP/1.1" 404 - "https://www.google.com/" "Mozilla/5.0 (Windows NT 10.0; Win64; x64; rv:108.0) Gecko/20100101 Firefox/108.0"
84.180.155.239 - - [14/Dec/2022:11:23:58 +0100] "GET /favicon.ico HTTP/1.1" 404 - "http://www.morusverlag.de/cds/hymnos_akathistos.html" "Mozilla/5.0 (Windows NT 10.0; Win64; x64; rv:108.0) Gecko/20100101 Firefox/108.0"
84.180.155.239 - - [14/Dec/2022:11:24:02 +0100] "GET / HTTP/1.1" 404 - "-" "Mozilla/5.0 (Windows NT 10.0; Win64; x64; rv:108.0) Gecko/20100101 Firefox/108.0"
51.222.253.8 - - [14/Dec/2022:12:25:41 +0100] "GET /robots.txt HTTP/1.1" 404 - "-" "Mozilla/5.0 (compatible; AhrefsBot/7.0; +http://ahrefs.com/robot/)"
54.36.148.70 - - [14/Dec/2022:13:27:45 +0100] "GET / HTTP/1.1" 404 - "-" "Mozilla/5.0 (compatible; AhrefsBot/7.0; +http://ahrefs.com/robot/)"
45.156.90.112 - - [14/Dec/2022:13:34:04 +0100] "GET / HTTP/1.0" 404 - "-" "Mozilla/5.0 (Macintosh; Intel Mac OS X 10_14_6) AppleWebKit/537.36 (KHTML, like Gecko) Chrome/103.0.0.0 Safari/537.36"
213.225.13.46 - - [14/Dec/2022:14:37:28 +0100] "GET /cds/hymnos_akathistos.html HTTP/1.1" 404 - "https://de.wikipedia.org/" "Mozilla/5.0 (Windows NT 10.0; Win64; x64) AppleWebKit/537.36 (KHTML, like Gecko) Chrome/108.0.0.0 Safari/537.36"
213.225.13.46 - - [14/Dec/2022:14:37:28 +0100] "GET /favicon.ico HTTP/1.1" 404 - "http://www.morusverlag.de/cds/hymnos_akathistos.html" "Mozilla/5.0 (Windows NT 10.0; Win64; x64) AppleWebKit/537.36 (KHTML, like Gecko) Chrome/108.0.0.0 Safari/537.36"
213.225.13.46 - - [14/Dec/2022:14:37:33 +0100] "GET / HTTP/1.1" 404 - "https://de.wikipedia.org/" "Mozilla/5.0 (Windows NT 10.0; Win64; x64) AppleWebKit/537.36 (KHTML, like Gecko) Chrome/108.0.0.0 Safari/537.36"
52.156.127.202 - - [14/Dec/2022:15:34:42 +0100] "GET /robots.txt HTTP/1.1" 404 - "-" "Mozilla/5.0 (Windows NT 10.0; Win64; x64) AppleWebKit/537.36 (KHTML, like Gecko) Chrome/99.0.4844.74 Safari/537.36 Edg/99.0.1150.55"
52.156.127.202 - - [14/Dec/2022:15:34:43 +0100] "GET /buecher/gesichter/25.jpg HTTP/1.1" 404 - "-" "Mozilla/5.0 (Windows NT 10.0; Win64; x64) AppleWebKit/537.36 (KHTML, like Gecko) Chrome/99.0.4844.74 Safari/537.36 Edg/99.0.1150.55"
194.95.75.194 - - [14/Dec/2022:15:52:12 +0100] "GET /buecher/glauben_in_welt.jpg HTTP/1.1" 404 - "-" "Mozilla/4.0 (compatible; Cache;)"
52.156.127.202 - - [14/Dec/2022:15:58:34 +0100] "GET /robots.txt HTTP/1.1" 404 - "-" "Mozilla/5.0 (Windows NT 10.0; Win64; x64) AppleWebKit/537.36 (KHTML, like Gecko) Chrome/99.0.4844.74 Safari/537.36 Edg/99.0.1150.55"
