85.25.177.219 - - [22/Dec/2022:19:42:26 +0100] "GET /robots.txt HTTP/1.1" 404 - "-" "Mozilla/5.0 (Macintosh; Intel Mac OS X 10.15; rv:103.0) Gecko/20100101 Firefox/103.0"
85.25.177.219 - - [22/Dec/2022:19:42:28 +0100] "GET /buecher/ HTTP/1.1" 404 - "-" "Mozilla/5.0 (Macintosh; Intel Mac OS X 10.15; rv:103.0) Gecko/20100101 Firefox/103.0"
114.119.157.132 - - [22/Dec/2022:19:49:48 +0100] "GET /robots.txt HTTP/1.1" 404 - "-" "Mozilla/5.0 (compatible;PetalBot;+https://webmaster.petalsearch.com/site/petalbot)"
85.25.177.219 - - [22/Dec/2022:21:56:37 +0100] "GET /robots.txt HTTP/1.1" 404 - "-" "Mozilla/5.0 (Macintosh; Intel Mac OS X 10.15; rv:103.0) Gecko/20100101 Firefox/103.0"
85.25.177.219 - - [22/Dec/2022:21:56:37 +0100] "GET /buecher/ HTTP/1.1" 404 - "-" "Mozilla/5.0 (Macintosh; Intel Mac OS X 10.15; rv:103.0) Gecko/20100101 Firefox/103.0"
85.25.177.219 - - [22/Dec/2022:22:38:52 +0100] "GET /robots.txt HTTP/1.1" 404 - "-" "Mozilla/5.0 (Macintosh; Intel Mac OS X 10.15; rv:103.0) Gecko/20100101 Firefox/103.0"
85.25.177.219 - - [22/Dec/2022:22:38:52 +0100] "GET / HTTP/1.1" 404 - "-" "Mozilla/5.0 (Macintosh; Intel Mac OS X 10.15; rv:103.0) Gecko/20100101 Firefox/103.0"
85.25.177.219 - - [22/Dec/2022:22:38:54 +0100] "GET /sitemap.xml HTTP/1.1" 404 - "-" "Mozilla/5.0 (Macintosh; Intel Mac OS X 10.15; rv:103.0) Gecko/20100101 Firefox/103.0"
3.253.0.59 - - [22/Dec/2022:23:13:34 +0100] "GET /robots.txt HTTP/1.1" 404 - "-" "Mozilla/5.0 (Macintosh; Intel Mac OS X 10_15_5) AppleWebKit/537.36 (KHTML, like Gecko) Chrome/83.0.4103.61 Safari/537.36"
3.253.0.59 - - [22/Dec/2022:23:13:38 +0100] "GET / HTTP/1.1" 404 - "http://mit-brennender-sorge.de/" "Mozilla/5.0 (Macintosh; Intel Mac OS X 10_15_5) AppleWebKit/537.36 (KHTML, like Gecko) Chrome/83.0.4103.61 Safari/537.36"
3.253.0.59 - - [22/Dec/2022:23:13:41 +0100] "GET /buecher/ HTTP/1.1" 404 - "http://www.walter-wetzler.de/portraits-ii" "Mozilla/5.0 (Macintosh; Intel Mac OS X 10_15_5) AppleWebKit/537.36 (KHTML, like Gecko) Chrome/83.0.4103.61 Safari/537.36"
37.139.53.181 - - [22/Dec/2022:23:50:46 +0100] "GET / HTTP/1.0" 404 - "https://bacg.finance/" "Mozilla/5.0 (Windows NT 10.0; Win64; x64) AppleWebKit/537.36 (KHTML, like Gecko) Chrome/90.0.4430.72 Safari/537.36 Edg/90.0.818.42"
37.139.53.181 - - [22/Dec/2022:23:50:46 +0100] "GET / HTTP/1.0" 404 - "https://bacg.finance/" "Mozilla/5.0 (Windows NT 10.0; Win64; x64) AppleWebKit/537.36 (KHTML, like Gecko) Chrome/90.0.4430.72 Safari/537.36 Edg/90.0.818.42"
37.139.53.181 - - [22/Dec/2022:23:50:48 +0100] "GET / HTTP/1.0" 404 - "https://bacg.finance/" "Mozilla/5.0 (Windows NT 6.1; WOW64) AppleWebKit/537.36 (KHTML, like Gecko) Chrome/90.0.4430.93 Safari/537.36"
37.139.53.181 - - [22/Dec/2022:23:50:48 +0100] "GET / HTTP/1.0" 404 - "https://bacg.finance/" "Mozilla/5.0 (Windows NT 6.1; WOW64) AppleWebKit/537.36 (KHTML, like Gecko) Chrome/90.0.4430.93 Safari/537.36"
85.25.177.219 - - [23/Dec/2022:00:11:40 +0100] "GET /robots.txt HTTP/1.1" 404 - "-" "Mozilla/5.0 (Macintosh; Intel Mac OS X 10.15; rv:103.0) Gecko/20100101 Firefox/103.0"
85.25.177.219 - - [23/Dec/2022:00:11:40 +0100] "GET /buecher/ HTTP/1.1" 404 - "-" "Mozilla/5.0 (Macintosh; Intel Mac OS X 10.15; rv:103.0) Gecko/20100101 Firefox/103.0"
17.241.227.67 - - [23/Dec/2022:00:26:49 +0100] "GET /sonderthemen/sk2004.pdf HTTP/1.1" 404 - "-" "Mozilla/5.0 (Macintosh; Intel Mac OS X 10_15_5) AppleWebKit/605.1.15 (KHTML, like Gecko) Version/13.1.1 Safari/605.1.15 (Applebot/0.1; +http://www.apple.com/go/applebot)"
85.25.177.219 - - [23/Dec/2022:00:42:06 +0100] "GET /robots.txt HTTP/1.1" 404 - "-" "Mozilla/5.0 (Macintosh; Intel Mac OS X 10.15; rv:103.0) Gecko/20100101 Firefox/103.0"
85.25.177.219 - - [23/Dec/2022:00:42:06 +0100] "GET / HTTP/1.1" 404 - "-" "Mozilla/5.0 (Macintosh; Intel Mac OS X 10.15; rv:103.0) Gecko/20100101 Firefox/103.0"
85.25.177.219 - - [23/Dec/2022:00:42:07 +0100] "GET /sitemap.xml HTTP/1.1" 404 - "-" "Mozilla/5.0 (Macintosh; Intel Mac OS X 10.15; rv:103.0) Gecko/20100101 Firefox/103.0"
35.190.204.246 - - [23/Dec/2022:02:32:23 +0100] "GET / HTTP/1.1" 404 - "-" "Mozilla/5.0 (Windows NT 10.0; Win64; x64) AppleWebKit/537.36 (KHTML, like Gecko) Chrome/84.0.4147.105 Safari/537.36"
85.25.177.219 - - [23/Dec/2022:02:44:36 +0100] "GET /robots.txt HTTP/1.1" 404 - "-" "Mozilla/5.0 (Macintosh; Intel Mac OS X 10.15; rv:103.0) Gecko/20100101 Firefox/103.0"
85.25.177.219 - - [23/Dec/2022:02:44:36 +0100] "GET /sitemap.xml HTTP/1.1" 404 - "-" "Mozilla/5.0 (Macintosh; Intel Mac OS X 10.15; rv:103.0) Gecko/20100101 Firefox/103.0"
85.25.177.219 - - [23/Dec/2022:02:49:47 +0100] "GET /robots.txt HTTP/1.1" 404 - "-" "Mozilla/5.0 (Macintosh; Intel Mac OS X 10.15; rv:103.0) Gecko/20100101 Firefox/103.0"
85.25.177.219 - - [23/Dec/2022:02:49:47 +0100] "GET /sitemap.xml HTTP/1.1" 404 - "-" "Mozilla/5.0 (Macintosh; Intel Mac OS X 10.15; rv:103.0) Gecko/20100101 Firefox/103.0"
85.25.177.219 - - [23/Dec/2022:02:49:48 +0100] "GET / HTTP/1.1" 404 - "-" "Mozilla/5.0 (Macintosh; Intel Mac OS X 10.15; rv:103.0) Gecko/20100101 Firefox/103.0"
87.250.224.224 - - [23/Dec/2022:03:11:36 +0100] "GET /robots.txt HTTP/1.1" 404 - "-" "Mozilla/5.0 (compatible; YandexBot/3.0; +http://yandex.com/bots)"
95.108.213.94 - - [23/Dec/2022:03:11:36 +0100] "GET /buecher/veroeffentlichungsliste.html HTTP/1.1" 404 - "-" "Mozilla/5.0 (compatible; YandexBot/3.0; +http://yandex.com/bots)"
157.55.39.47 - - [23/Dec/2022:06:04:54 +0100] "GET /sonderthemen/az2000.pdf HTTP/1.1" 404 - "-" "Mozilla/5.0 (compatible; bingbot/2.0; +http://www.bing.com/bingbot.htm)"
207.46.13.183 - - [23/Dec/2022:06:09:40 +0100] "GET /kontakt/index.html HTTP/1.1" 404 - "-" "Mozilla/5.0 (compatible; bingbot/2.0; +http://www.bing.com/bingbot.htm)"
95.108.213.86 - - [23/Dec/2022:07:11:36 +0100] "GET /robots.txt HTTP/1.1" 404 - "-" "Mozilla/5.0 (compatible; YandexBot/3.0; +http://yandex.com/bots)"
95.108.213.86 - - [23/Dec/2022:09:24:59 +0100] "GET /sonderthemen/sk2000.pdf HTTP/1.1" 404 - "-" "Mozilla/5.0 (compatible; YandexBot/3.0; +http://yandex.com/bots)"
85.25.177.219 - - [23/Dec/2022:09:49:59 +0100] "GET /robots.txt HTTP/1.1" 404 - "-" "Mozilla/5.0 (Macintosh; Intel Mac OS X 10.15; rv:103.0) Gecko/20100101 Firefox/103.0"
85.25.177.219 - - [23/Dec/2022:09:49:59 +0100] "GET /jahrbuch/index.html HTTP/1.1" 404 - "-" "Mozilla/5.0 (Macintosh; Intel Mac OS X 10.15; rv:103.0) Gecko/20100101 Firefox/103.0"
66.249.74.68 - - [23/Dec/2022:09:51:17 +0100] "GET /robots.txt HTTP/1.1" 404 - "-" "Mozilla/5.0 (compatible; Googlebot/2.1; +http://www.google.com/bot.html)"
66.249.74.71 - - [23/Dec/2022:09:51:18 +0100] "GET /buecher/ HTTP/1.1" 404 - "-" "Mozilla/5.0 (Linux; Android 6.0.1; Nexus 5X Build/MMB29P) AppleWebKit/537.36 (KHTML, like Gecko) Chrome/107.0.5304.115 Mobile Safari/537.36 (compatible; Googlebot/2.1; +http://www.google.com/bot.html)"
37.139.53.181 - - [23/Dec/2022:10:22:19 +0100] "GET / HTTP/1.0" 404 - "https://avtoservis-opel.ru/" "Mozilla/5.0 (Windows NT 6.1) AppleWebKit/537.36 (KHTML, like Gecko) Chrome/90.0.4430.93 Safari/537.36"
37.139.53.181 - - [23/Dec/2022:10:22:19 +0100] "GET / HTTP/1.0" 404 - "https://avtoservis-opel.ru/" "Mozilla/5.0 (Windows NT 6.1) AppleWebKit/537.36 (KHTML, like Gecko) Chrome/90.0.4430.93 Safari/537.36"
37.139.53.181 - - [23/Dec/2022:10:22:22 +0100] "GET / HTTP/1.0" 404 - "https://avtoservis-opel.ru/" "Mozilla/5.0 (Windows NT 6.2; Win64; x64) AppleWebKit/537.36 (KHTML, like Gecko) Chrome/90.0.4430.72 Safari/537.36"
37.139.53.181 - - [23/Dec/2022:10:22:22 +0100] "GET / HTTP/1.0" 404 - "https://avtoservis-opel.ru/" "Mozilla/5.0 (Windows NT 6.2; Win64; x64) AppleWebKit/537.36 (KHTML, like Gecko) Chrome/90.0.4430.72 Safari/537.36"
95.108.213.86 - - [23/Dec/2022:11:11:36 +0100] "GET /robots.txt HTTP/1.1" 404 - "-" "Mozilla/5.0 (compatible; YandexBot/3.0; +http://yandex.com/bots)"
66.249.74.71 - - [23/Dec/2022:11:38:00 +0100] "GET /favicon.ico HTTP/1.1" 404 - "-" "Googlebot-Image/1.0"
85.25.177.219 - - [23/Dec/2022:11:51:08 +0100] "GET /robots.txt HTTP/1.1" 404 - "-" "Mozilla/5.0 (Macintosh; Intel Mac OS X 10.15; rv:103.0) Gecko/20100101 Firefox/103.0"
85.25.177.219 - - [23/Dec/2022:11:51:08 +0100] "GET /jahrbuch/index.html HTTP/1.1" 404 - "-" "Mozilla/5.0 (Macintosh; Intel Mac OS X 10.15; rv:103.0) Gecko/20100101 Firefox/103.0"
157.55.39.47 - - [23/Dec/2022:13:32:27 +0100] "GET /cds/astazi.html HTTP/1.1" 404 - "-" "Mozilla/5.0 AppleWebKit/537.36 (KHTML, like Gecko; compatible; bingbot/2.0; +http://www.bing.com/bingbot.htm) Chrome/103.0.5060.134 Safari/537.36"
114.119.139.70 - - [23/Dec/2022:13:42:27 +0100] "GET /favicon.ico HTTP/1.1" 404 - "-" "Mozilla/5.0 (Linux; Android 7.0;) AppleWebKit/537.36 (KHTML, like Gecko) Mobile Safari/537.36 (compatible; PetalBot;+https://webmaster.petalsearch.com/site/petalbot)"
85.25.177.219 - - [23/Dec/2022:13:51:35 +0100] "GET /robots.txt HTTP/1.1" 404 - "-" "Mozilla/5.0 (Macintosh; Intel Mac OS X 10.15; rv:103.0) Gecko/20100101 Firefox/103.0"
85.25.177.219 - - [23/Dec/2022:13:51:35 +0100] "GET /jahrbuch/index.html HTTP/1.1" 404 - "-" "Mozilla/5.0 (Macintosh; Intel Mac OS X 10.15; rv:103.0) Gecko/20100101 Firefox/103.0"
157.245.36.40 - - [23/Dec/2022:14:02:24 +0100] "GET / HTTP/1.1" 404 - "-" "Mozilla/5.0 (Macintosh; Intel Mac OS X 10_11_5) AppleWebKit/537.36 (KHTML, like Gecko) Chrome/50.0.2661.102 Safari/537.36"
51.222.253.16 - - [23/Dec/2022:16:26:57 +0100] "GET /robots.txt HTTP/1.1" 404 - "-" "Mozilla/5.0 (compatible; AhrefsBot/7.0; +http://ahrefs.com/robot/)"
35.241.213.69 - - [23/Dec/2022:18:10:33 +0100] "HEAD / HTTP/1.1" 404 - "-" "Apache-HttpClient/4.5.5 (Java/11.0.9)"
35.241.213.69 - - [23/Dec/2022:18:10:33 +0100] "GET / HTTP/1.1" 404 - "-" "Apache-HttpClient/4.5.5 (Java/11.0.9)"
35.241.213.69 - - [23/Dec/2022:18:10:33 +0100] "GET / HTTP/1.1" 404 - "-" "Apache-HttpClient/4.5.5 (Java/11.0.9)"
35.241.213.69 - - [23/Dec/2022:18:10:33 +0100] "GET / HTTP/1.1" 404 - "-" "Apache-HttpClient/4.5.5 (Java/11.0.9)"
35.241.213.69 - - [23/Dec/2022:18:10:33 +0100] "GET / HTTP/1.1" 404 - "-" "Apache-HttpClient/4.5.5 (Java/11.0.9)"
35.241.213.69 - - [23/Dec/2022:18:10:33 +0100] "GET / HTTP/1.1" 404 - "-" "Apache-HttpClient/4.5.5 (Java/11.0.9)"
17.241.75.205 - - [23/Dec/2022:18:36:12 +0100] "GET /robots.txt HTTP/1.1" 404 - "-" "Mozilla/5.0 (Macintosh; Intel Mac OS X 10_15_5) AppleWebKit/605.1.15 (KHTML, like Gecko) Version/13.1.1 Safari/605.1.15 (Applebot/0.1; +http://www.apple.com/go/applebot)"
17.241.75.205 - - [23/Dec/2022:18:36:12 +0100] "GET /sonderthemen/oekt_extra1.pdf HTTP/1.1" 404 - "-" "Mozilla/5.0 (Macintosh; Intel Mac OS X 10_15_5) AppleWebKit/605.1.15 (KHTML, like Gecko) Version/13.1.1 Safari/605.1.15 (Applebot/0.1; +http://www.apple.com/go/applebot)"
17.241.75.20 - - [23/Dec/2022:19:08:07 +0100] "GET /sonderthemen/oekt_extra2.pdf HTTP/1.1" 404 - "-" "Mozilla/5.0 (Macintosh; Intel Mac OS X 10_15_5) AppleWebKit/605.1.15 (KHTML, like Gecko) Version/13.1.1 Safari/605.1.15 (Applebot/0.1; +http://www.apple.com/go/applebot)"
54.36.149.66 - - [23/Dec/2022:19:44:22 +0100] "GET / HTTP/1.1" 404 - "-" "Mozilla/5.0 (compatible; AhrefsBot/7.0; +http://ahrefs.com/robot/)"
37.139.53.181 - - [23/Dec/2022:19:56:41 +0100] "GET / HTTP/1.0" 404 - "https://helpgov.ru/" "Mozilla/5.0 (Windows NT 10.0; Win64; x64) AppleWebKit/537.36 (KHTML, like Gecko) Chrome/90.0.4430.72 Safari/537.36 Edg/90.0.818.39"
37.139.53.181 - - [23/Dec/2022:19:56:42 +0100] "GET / HTTP/1.0" 404 - "https://helpgov.ru/" "Mozilla/5.0 (Windows NT 10.0; Win64; x64) AppleWebKit/537.36 (KHTML, like Gecko) Chrome/90.0.4430.72 Safari/537.36 Edg/90.0.818.39"
37.139.53.181 - - [23/Dec/2022:19:56:44 +0100] "GET / HTTP/1.0" 404 - "https://helpgov.ru/" "Mozilla/5.0 (Windows NT 6.1) AppleWebKit/537.36 (KHTML, like Gecko) Chrome/90.0.4430.93 Safari/537.36"
37.139.53.181 - - [23/Dec/2022:19:56:44 +0100] "GET / HTTP/1.0" 404 - "https://helpgov.ru/" "Mozilla/5.0 (Windows NT 6.1) AppleWebKit/537.36 (KHTML, like Gecko) Chrome/90.0.4430.93 Safari/537.36"
35.197.159.75 - - [23/Dec/2022:22:21:42 +0100] "GET / HTTP/1.1" 404 - "-" "Mozlila/5.0 (Linux; Android 7.0; SM-G892A Bulid/NRD90M; wv) AppleWebKit/537.36 (KHTML, like Gecko) Version/4.0 Chrome/60.0.3112.107 Moblie Safari/537.36"
35.197.159.75 - - [23/Dec/2022:22:21:42 +0100] "POST /wp-plain.php HTTP/1.1" 404 - "www.google.com" "Mozilla/5.0 (Linux; Android 7.0; SM-G892A Bulid/NRD90M; wv) AppleWebKit/537.36 (KHTML, like Gecko) Version/4.0 Chrome/60.0.3112.107 Moblie Safari/537.36"
35.197.159.75 - - [23/Dec/2022:22:21:42 +0100] "GET /wp-content/themes/seotheme/db.php?u HTTP/1.1" 404 - "www.google.com" "Mozlila/5.0 (Linux; Android 7.0; SM-G892A Bulid/NRD90M; wv) AppleWebKit/537.36 (KHTML, like Gecko) Version/4.0 Chrome/60.0.3112.107 Moblie Safari/537.36"
35.197.159.75 - - [23/Dec/2022:22:21:42 +0100] "POST /ALFA_DATA/alfacgiapi/perl.alfa HTTP/1.1" 404 - "www.google.com" "Mozlila/5.0 (Linux; Android 7.0; SM-G892A Bulid/NRD90M; wv) AppleWebKit/537.36 (KHTML, like Gecko) Version/4.0 Chrome/60.0.3112.107 Moblie Safari/537.36"
35.197.159.75 - - [23/Dec/2022:22:21:43 +0100] "GET /edgrscrx.php?Fox=d3wL7 HTTP/1.1" 404 - "www.google.com" "Mozilla/5.0 (Linux; Android 7.0; SM-G892A Bulid/NRD90M; wv) AppleWebKit/537.36 (KHTML, like Gecko) Version/4.0 Chrome/60.0.3112.107 Moblie Safari/537.36"
35.197.159.75 - - [23/Dec/2022:22:21:43 +0100] "POST /alfacgiapi/perl.alfa HTTP/1.1" 404 - "www.google.com" "Mozlila/5.0 (Linux; Android 7.0; SM-G892A Bulid/NRD90M; wv) AppleWebKit/537.36 (KHTML, like Gecko) Version/4.0 Chrome/60.0.3112.107 Moblie Safari/537.36"
17.241.227.87 - - [23/Dec/2022:22:23:16 +0100] "GET /sonderthemen/sk2000.pdf HTTP/1.1" 404 - "-" "Mozilla/5.0 (Macintosh; Intel Mac OS X 10_15_5) AppleWebKit/605.1.15 (KHTML, like Gecko) Version/13.1.1 Safari/605.1.15 (Applebot/0.1; +http://www.apple.com/go/applebot)"
3.233.252.114 - - [24/Dec/2022:01:32:48 +0100] "GET / HTTP/1.1" 404 - "-" "Mozilla/5.0 (compatible; woorankreview/2.0; +https://www.woorank.com/)"
114.119.132.237 - - [24/Dec/2022:01:41:20 +0100] "GET /robots.txt HTTP/1.1" 404 - "-" "Mozilla/5.0 (compatible;PetalBot;+https://webmaster.petalsearch.com/site/petalbot)"
54.183.112.21 - - [24/Dec/2022:01:51:46 +0100] "GET /.env HTTP/1.1" 404 - "-" "curl/7.35.0"
65.108.103.108 - - [24/Dec/2022:02:56:27 +0100] "GET /robots.txt HTTP/1.1" 404 - "-" "Mozilla/5.0 (compatible; SeekportBot; +https://bot.seekport.com)"
65.108.103.108 - - [24/Dec/2022:02:56:34 +0100] "GET /robots.txt HTTP/1.1" 404 - "-" "Mozilla/5.0 (compatible; SeekportBot; +https://bot.seekport.com)"
65.108.103.108 - - [24/Dec/2022:02:56:41 +0100] "GET /sonderthemen/sk2001.pdf HTTP/1.1" 404 - "-" "Mozilla/5.0 (compatible; SeekportBot; +https://bot.seekport.com)"
65.108.103.108 - - [24/Dec/2022:02:56:48 +0100] "GET /sonderthemen/sk2002.pdf HTTP/1.1" 404 - "-" "Mozilla/5.0 (compatible; SeekportBot; +https://bot.seekport.com)"
65.108.103.108 - - [24/Dec/2022:02:56:56 +0100] "GET /sonderthemen/az2000.pdf HTTP/1.1" 404 - "-" "Mozilla/5.0 (compatible; SeekportBot; +https://bot.seekport.com)"
65.108.103.108 - - [24/Dec/2022:02:57:03 +0100] "GET /sonderthemen/oeaz2001.pdf HTTP/1.1" 404 - "-" "Mozilla/5.0 (compatible; SeekportBot; +https://bot.seekport.com)"
65.108.103.108 - - [24/Dec/2022:02:57:10 +0100] "GET /sonderthemen/sk2000.pdf HTTP/1.1" 404 - "-" "Mozilla/5.0 (compatible; SeekportBot; +https://bot.seekport.com)"
37.139.53.181 - - [24/Dec/2022:02:58:21 +0100] "GET / HTTP/1.0" 404 - "http://lrservice.info/" "Mozilla/5.0 (Windows NT 6.3; Win64; x64) AppleWebKit/537.36 (KHTML, like Gecko) Chrome/90.0.4430.72 Safari/537.36 Edg/90.0.818.42"
37.139.53.181 - - [24/Dec/2022:02:58:21 +0100] "GET / HTTP/1.0" 404 - "http://lrservice.info/" "Mozilla/5.0 (Windows NT 6.3; Win64; x64) AppleWebKit/537.36 (KHTML, like Gecko) Chrome/90.0.4430.72 Safari/537.36 Edg/90.0.818.42"
37.139.53.181 - - [24/Dec/2022:02:58:23 +0100] "GET / HTTP/1.0" 404 - "http://lrservice.info/" "Mozilla/5.0 (Windows NT 6.2; Win64; x64) AppleWebKit/537.36 (KHTML, like Gecko) Chrome/90.0.4430.93 Safari/537.36"
37.139.53.181 - - [24/Dec/2022:02:58:23 +0100] "GET / HTTP/1.0" 404 - "http://lrservice.info/" "Mozilla/5.0 (Windows NT 6.2; Win64; x64) AppleWebKit/537.36 (KHTML, like Gecko) Chrome/90.0.4430.93 Safari/537.36"
66.249.68.33 - - [24/Dec/2022:05:05:13 +0100] "GET /robots.txt HTTP/1.1" 404 - "-" "Mozilla/5.0 (compatible; Googlebot/2.1; +http://www.google.com/bot.html)"
66.249.68.33 - - [24/Dec/2022:05:05:13 +0100] "GET /gotteslob/ HTTP/1.1" 404 - "-" "Mozilla/5.0 (compatible; Googlebot/2.1; +http://www.google.com/bot.html)"
66.249.68.33 - - [24/Dec/2022:06:35:13 +0100] "GET /gotteslob/ HTTP/1.1" 404 - "-" "Mozilla/5.0 (Linux; Android 6.0.1; Nexus 5X Build/MMB29P) AppleWebKit/537.36 (KHTML, like Gecko) Chrome/107.0.5304.115 Mobile Safari/537.36 (compatible; Googlebot/2.1; +http://www.google.com/bot.html)"
216.244.66.237 - - [24/Dec/2022:09:04:45 +0100] "GET /robots.txt HTTP/1.1" 404 - "-" "Mozilla/5.0 (compatible; DotBot/1.2; +https://opensiteexplorer.org/dotbot; help@moz.com)"
216.244.66.237 - - [24/Dec/2022:09:11:25 +0100] "GET /sonderthemen/akademieprogramm/03/pro_zei_03_s15.pdf HTTP/1.1" 404 - "-" "Mozilla/5.0 (compatible; DotBot/1.2; +https://opensiteexplorer.org/dotbot; help@moz.com)"
5.102.173.71 - - [24/Dec/2022:10:20:32 +0100] "GET /robots.txt HTTP/1.1" 404 - "-" "Mozilla/5.0 (compatible; MojeekBot/0.11; +https://www.mojeek.com/bot.html)"
5.102.173.71 - - [24/Dec/2022:10:20:32 +0100] "GET /gotteslob/bestellung.php?G6=1 HTTP/1.1" 404 - "-" "Mozilla/5.0 (compatible; MojeekBot/0.11; +https://www.mojeek.com/bot.html)"
52.156.127.202 - - [24/Dec/2022:11:35:45 +0100] "GET /robots.txt HTTP/1.1" 404 - "-" "Mozilla/5.0 (Windows NT 10.0; Win64; x64) AppleWebKit/537.36 (KHTML, like Gecko) Chrome/99.0.4844.74 Safari/537.36 Edg/99.0.1150.55"
52.156.127.202 - - [24/Dec/2022:11:35:45 +0100] "GET /buecher/gesichter/25.jpg HTTP/1.1" 404 - "-" "Mozilla/5.0 (Windows NT 10.0; Win64; x64) AppleWebKit/537.36 (KHTML, like Gecko) Chrome/99.0.4844.74 Safari/537.36 Edg/99.0.1150.55"
52.156.127.202 - - [24/Dec/2022:11:47:37 +0100] "GET /robots.txt HTTP/1.1" 404 - "-" "Mozilla/5.0 (Windows NT 10.0; Win64; x64) AppleWebKit/537.36 (KHTML, like Gecko) Chrome/99.0.4844.74 Safari/537.36 Edg/99.0.1150.55"
52.156.127.202 - - [24/Dec/2022:11:47:37 +0100] "GET /buecher/gesichter/06.jpg HTTP/1.1" 404 - "-" "Mozilla/5.0 (Windows NT 10.0; Win64; x64) AppleWebKit/537.36 (KHTML, like Gecko) Chrome/99.0.4844.74 Safari/537.36 Edg/99.0.1150.55"
185.107.56.156 - - [24/Dec/2022:13:02:09 +0100] "GET / HTTP/1.0" 404 - "https://goscab.ru" "Mozilla/5.0 (Windows NT 6.3; Win64; x64) AppleWebKit/537.36 (KHTML, like Gecko) Chrome/90.0.4430.85 Safari/537.36 Edg/90.0.818.46"
185.107.56.156 - - [24/Dec/2022:13:02:09 +0100] "GET / HTTP/1.0" 404 - "https://goscab.ru" "Mozilla/5.0 (Windows NT 6.3; Win64; x64) AppleWebKit/537.36 (KHTML, like Gecko) Chrome/90.0.4430.85 Safari/537.36 Edg/90.0.818.46"
40.77.167.97 - - [24/Dec/2022:13:35:27 +0100] "GET /robots.txt HTTP/1.1" 404 - "-" "Mozilla/5.0 (compatible; bingbot/2.0; +http://www.bing.com/bingbot.htm)"
157.55.39.47 - - [24/Dec/2022:13:35:37 +0100] "GET /cds/astazi.html HTTP/1.1" 404 - "-" "Mozilla/5.0 (compatible; bingbot/2.0; +http://www.bing.com/bingbot.htm)"
95.163.255.214 - - [24/Dec/2022:13:48:07 +0100] "GET /robots.txt HTTP/1.0" 404 - "-" "Mozilla/5.0 (compatible; Linux x86_64; Mail.RU_Bot/2.0; +https://help.mail.ru/webmaster/indexing/robots)"
95.163.255.220 - - [24/Dec/2022:13:48:08 +0100] "GET / HTTP/1.1" 404 - "-" "Mozilla/5.0 (compatible; Linux x86_64; Mail.RU_Bot/2.0; +https://help.mail.ru/webmaster/indexing/robots)"
37.139.53.181 - - [24/Dec/2022:14:22:58 +0100] "GET / HTTP/1.0" 404 - "https://govinsurance.ru/" "Mozilla/5.0 (Windows NT 6.1; Win64; x64) AppleWebKit/537.36 (KHTML, like Gecko) Chrome/90.0.4430.85 Safari/537.36 Edg/90.0.818.49"
37.139.53.181 - - [24/Dec/2022:14:22:58 +0100] "GET / HTTP/1.0" 404 - "https://govinsurance.ru/" "Mozilla/5.0 (Windows NT 6.1; Win64; x64) AppleWebKit/537.36 (KHTML, like Gecko) Chrome/90.0.4430.85 Safari/537.36 Edg/90.0.818.49"
37.139.53.181 - - [24/Dec/2022:14:23:00 +0100] "GET / HTTP/1.0" 404 - "https://govinsurance.ru/" "Mozilla/5.0 (Windows NT 6.1; WOW64) AppleWebKit/537.36 (KHTML, like Gecko) Chrome/90.0.4430.72 Safari/537.36"
37.139.53.181 - - [24/Dec/2022:14:23:00 +0100] "GET / HTTP/1.0" 404 - "https://govinsurance.ru/" "Mozilla/5.0 (Windows NT 6.1; WOW64) AppleWebKit/537.36 (KHTML, like Gecko) Chrome/90.0.4430.72 Safari/537.36"
66.249.64.207 - - [24/Dec/2022:15:59:14 +0100] "GET / HTTP/1.1" 404 - "-" "Mozilla/5.0 (Linux; Android 6.0.1; Nexus 5X Build/MMB29P) AppleWebKit/537.36 (KHTML, like Gecko) Chrome/107.0.5304.115 Mobile Safari/537.36 (compatible; Googlebot/2.1; +http://www.google.com/bot.html)"
34.215.85.231 - - [24/Dec/2022:16:02:16 +0100] "GET /.env HTTP/1.1" 404 - "-" "curl/7.35.0"
66.249.64.205 - - [24/Dec/2022:17:48:13 +0100] "GET /robots.txt HTTP/1.1" 404 - "-" "Mozilla/5.0 (compatible; Googlebot/2.1; +http://www.google.com/bot.html)"
66.249.64.207 - - [24/Dec/2022:17:48:14 +0100] "GET / HTTP/1.1" 404 - "-" "Mozilla/5.0 (compatible; Googlebot/2.1; +http://www.google.com/bot.html)"
35.187.180.12 - - [24/Dec/2022:17:54:52 +0100] "HEAD / HTTP/1.1" 404 - "-" "Apache-HttpClient/4.5.5 (Java/11.0.9)"
35.187.180.12 - - [24/Dec/2022:17:54:52 +0100] "GET / HTTP/1.1" 404 - "-" "Apache-HttpClient/4.5.5 (Java/11.0.9)"
35.187.180.12 - - [24/Dec/2022:17:54:52 +0100] "GET / HTTP/1.1" 404 - "-" "Apache-HttpClient/4.5.5 (Java/11.0.9)"
35.187.180.12 - - [24/Dec/2022:17:54:52 +0100] "GET / HTTP/1.1" 404 - "-" "Apache-HttpClient/4.5.5 (Java/11.0.9)"
35.187.180.12 - - [24/Dec/2022:17:54:52 +0100] "GET / HTTP/1.1" 404 - "-" "Apache-HttpClient/4.5.5 (Java/11.0.9)"
35.187.180.12 - - [24/Dec/2022:17:54:52 +0100] "GET / HTTP/1.1" 404 - "-" "Apache-HttpClient/4.5.5 (Java/11.0.9)"
85.25.177.219 - - [24/Dec/2022:18:05:13 +0100] "GET /robots.txt HTTP/1.1" 404 - "-" "Mozilla/5.0 (Macintosh; Intel Mac OS X 10.15; rv:103.0) Gecko/20100101 Firefox/103.0"
85.25.177.219 - - [24/Dec/2022:18:05:13 +0100] "GET /sitemap.xml HTTP/1.1" 404 - "-" "Mozilla/5.0 (Macintosh; Intel Mac OS X 10.15; rv:103.0) Gecko/20100101 Firefox/103.0"
85.25.177.219 - - [24/Dec/2022:18:05:14 +0100] "GET / HTTP/1.1" 404 - "-" "Mozilla/5.0 (Macintosh; Intel Mac OS X 10.15; rv:103.0) Gecko/20100101 Firefox/103.0"
66.249.64.205 - - [24/Dec/2022:18:33:13 +0100] "GET /buecher/rezensionen_nicht_auf_sand_gebaut.html HTTP/1.1" 404 - "-" "Mozilla/5.0 (Linux; Android 6.0.1; Nexus 5X Build/MMB29P) AppleWebKit/537.36 (KHTML, like Gecko) Chrome/107.0.5304.115 Mobile Safari/537.36 (compatible; Googlebot/2.1; +http://www.google.com/bot.html)"
17.241.75.209 - - [24/Dec/2022:20:30:40 +0100] "GET /robots.txt HTTP/1.1" 404 - "-" "Mozilla/5.0 (Macintosh; Intel Mac OS X 10_15_5) AppleWebKit/605.1.15 (KHTML, like Gecko) Version/13.1.1 Safari/605.1.15 (Applebot/0.1; +http://www.apple.com/go/applebot)"
17.241.75.209 - - [24/Dec/2022:20:30:41 +0100] "GET /sonderthemen/az2003.pdf HTTP/1.1" 404 - "-" "Mozilla/5.0 (Macintosh; Intel Mac OS X 10_15_5) AppleWebKit/605.1.15 (KHTML, like Gecko) Version/13.1.1 Safari/605.1.15 (Applebot/0.1; +http://www.apple.com/go/applebot)"
85.25.177.219 - - [25/Dec/2022:00:11:57 +0100] "GET /robots.txt HTTP/1.1" 404 - "-" "Mozilla/5.0 (Macintosh; Intel Mac OS X 10.15; rv:103.0) Gecko/20100101 Firefox/103.0"
85.25.177.219 - - [25/Dec/2022:00:11:57 +0100] "GET /sitemap.xml HTTP/1.1" 404 - "-" "Mozilla/5.0 (Macintosh; Intel Mac OS X 10.15; rv:103.0) Gecko/20100101 Firefox/103.0"
85.25.177.219 - - [25/Dec/2022:00:40:16 +0100] "GET /robots.txt HTTP/1.1" 404 - "-" "Mozilla/5.0 (Macintosh; Intel Mac OS X 10.15; rv:103.0) Gecko/20100101 Firefox/103.0"
85.25.177.219 - - [25/Dec/2022:00:40:16 +0100] "GET / HTTP/1.1" 404 - "-" "Mozilla/5.0 (Macintosh; Intel Mac OS X 10.15; rv:103.0) Gecko/20100101 Firefox/103.0"
85.25.177.219 - - [25/Dec/2022:00:40:17 +0100] "GET /sitemap.xml HTTP/1.1" 404 - "-" "Mozilla/5.0 (Macintosh; Intel Mac OS X 10.15; rv:103.0) Gecko/20100101 Firefox/103.0"
85.25.177.219 - - [25/Dec/2022:01:51:53 +0100] "GET /robots.txt HTTP/1.1" 404 - "-" "Mozilla/5.0 (Macintosh; Intel Mac OS X 10.15; rv:103.0) Gecko/20100101 Firefox/103.0"
85.25.177.219 - - [25/Dec/2022:01:51:54 +0100] "GET /sitemap.xml HTTP/1.1" 404 - "-" "Mozilla/5.0 (Macintosh; Intel Mac OS X 10.15; rv:103.0) Gecko/20100101 Firefox/103.0"
85.25.177.219 - - [25/Dec/2022:01:51:56 +0100] "GET / HTTP/1.1" 404 - "-" "Mozilla/5.0 (Macintosh; Intel Mac OS X 10.15; rv:103.0) Gecko/20100101 Firefox/103.0"
37.139.53.181 - - [25/Dec/2022:02:14:24 +0100] "GET / HTTP/1.0" 404 - "https://www.indpart-shop.ru/" "Mozilla/5.0 (Windows NT 10.0; Win64; x64) AppleWebKit/537.36 (KHTML, like Gecko) Chrome/90.0.4430.85 Safari/537.36"
37.139.53.181 - - [25/Dec/2022:02:14:24 +0100] "GET / HTTP/1.0" 404 - "https://www.indpart-shop.ru/" "Mozilla/5.0 (Windows NT 10.0; Win64; x64) AppleWebKit/537.36 (KHTML, like Gecko) Chrome/90.0.4430.85 Safari/537.36"
37.139.53.181 - - [25/Dec/2022:02:14:26 +0100] "GET / HTTP/1.0" 404 - "https://www.indpart-shop.ru/" "Mozilla/5.0 (Windows NT 10.0; WOW64) AppleWebKit/537.36 (KHTML, like Gecko) Chrome/90.0.4430.72 Safari/537.36"
37.139.53.181 - - [25/Dec/2022:02:14:26 +0100] "GET / HTTP/1.0" 404 - "https://www.indpart-shop.ru/" "Mozilla/5.0 (Windows NT 10.0; WOW64) AppleWebKit/537.36 (KHTML, like Gecko) Chrome/90.0.4430.72 Safari/537.36"
85.25.177.219 - - [25/Dec/2022:03:03:04 +0100] "GET /robots.txt HTTP/1.1" 404 - "-" "Mozilla/5.0 (Macintosh; Intel Mac OS X 10.15; rv:103.0) Gecko/20100101 Firefox/103.0"
85.25.177.219 - - [25/Dec/2022:03:03:04 +0100] "GET / HTTP/1.1" 404 - "-" "Mozilla/5.0 (Macintosh; Intel Mac OS X 10.15; rv:103.0) Gecko/20100101 Firefox/103.0"
85.25.177.219 - - [25/Dec/2022:03:03:07 +0100] "GET /sitemap.xml HTTP/1.1" 404 - "-" "Mozilla/5.0 (Macintosh; Intel Mac OS X 10.15; rv:103.0) Gecko/20100101 Firefox/103.0"
194.173.174.106 - - [25/Dec/2022:03:50:23 +0100] "HEAD / HTTP/1.1" 404 - "-" "Mozilla/5.0 (Windows NT 6.3; WOW64) AppleWebKit/537.36 (KHTML, like Gecko) Chrome/43.0.2357.134 Safari/537.36"
194.173.174.106 - - [25/Dec/2022:03:50:23 +0100] "GET / HTTP/1.1" 404 - "-" "Mozilla/5.0 (Windows NT 6.3; WOW64) AppleWebKit/537.36 (KHTML, like Gecko) Chrome/43.0.2357.134 Safari/537.36"
85.25.177.219 - - [25/Dec/2022:04:14:53 +0100] "GET /robots.txt HTTP/1.1" 404 - "-" "Mozilla/5.0 (Macintosh; Intel Mac OS X 10.15; rv:103.0) Gecko/20100101 Firefox/103.0"
85.25.177.219 - - [25/Dec/2022:04:14:53 +0100] "GET / HTTP/1.1" 404 - "-" "Mozilla/5.0 (Macintosh; Intel Mac OS X 10.15; rv:103.0) Gecko/20100101 Firefox/103.0"
85.25.177.219 - - [25/Dec/2022:04:14:54 +0100] "GET /sitemap.xml HTTP/1.1" 404 - "-" "Mozilla/5.0 (Macintosh; Intel Mac OS X 10.15; rv:103.0) Gecko/20100101 Firefox/103.0"
112.175.151.110 - - [25/Dec/2022:04:40:43 +0100] "GET /buecher/gesichter/12.jpg HTTP/1.1" 404 - "-" "python-requests/2.27.1"
194.173.174.10 - - [25/Dec/2022:04:48:39 +0100] "HEAD / HTTP/1.1" 404 - "-" "Mozilla/5.0 (Windows NT 6.3; WOW64) AppleWebKit/537.36 (KHTML, like Gecko) Chrome/43.0.2357.134 Safari/537.36"
194.173.174.10 - - [25/Dec/2022:04:48:39 +0100] "GET / HTTP/1.1" 404 - "-" "Mozilla/5.0 (Windows NT 6.3; WOW64) AppleWebKit/537.36 (KHTML, like Gecko) Chrome/43.0.2357.134 Safari/537.36"
52.156.127.202 - - [25/Dec/2022:05:14:42 +0100] "GET /robots.txt HTTP/1.1" 404 - "-" "Mozilla/5.0 (Windows NT 10.0; Win64; x64) AppleWebKit/537.36 (KHTML, like Gecko) Chrome/99.0.4844.74 Safari/537.36 Edg/99.0.1150.55"
52.156.127.202 - - [25/Dec/2022:05:14:43 +0100] "GET /buecher/gesichter/09.jpg HTTP/1.1" 404 - "-" "Mozilla/5.0 (Windows NT 10.0; Win64; x64) AppleWebKit/537.36 (KHTML, like Gecko) Chrome/99.0.4844.74 Safari/537.36 Edg/99.0.1150.55"
85.25.177.219 - - [25/Dec/2022:05:35:46 +0100] "GET /robots.txt HTTP/1.1" 404 - "-" "Mozilla/5.0 (Macintosh; Intel Mac OS X 10.15; rv:103.0) Gecko/20100101 Firefox/103.0"
85.25.177.219 - - [25/Dec/2022:05:35:47 +0100] "GET /buecher/ HTTP/1.1" 404 - "-" "Mozilla/5.0 (Macintosh; Intel Mac OS X 10.15; rv:103.0) Gecko/20100101 Firefox/103.0"
52.156.127.202 - - [25/Dec/2022:06:08:49 +0100] "GET /robots.txt HTTP/1.1" 404 - "-" "Mozilla/5.0 (Windows NT 10.0; Win64; x64) AppleWebKit/537.36 (KHTML, like Gecko) Chrome/99.0.4844.74 Safari/537.36 Edg/99.0.1150.55"
52.156.127.202 - - [25/Dec/2022:06:08:49 +0100] "GET /buecher/gesichter/28.jpg HTTP/1.1" 404 - "-" "Mozilla/5.0 (Windows NT 10.0; Win64; x64) AppleWebKit/537.36 (KHTML, like Gecko) Chrome/99.0.4844.74 Safari/537.36 Edg/99.0.1150.55"
85.25.177.219 - - [25/Dec/2022:06:18:03 +0100] "GET /robots.txt HTTP/1.1" 404 - "-" "Mozilla/5.0 (Macintosh; Intel Mac OS X 10.15; rv:103.0) Gecko/20100101 Firefox/103.0"
85.25.177.219 - - [25/Dec/2022:06:18:03 +0100] "GET /sitemap.xml HTTP/1.1" 404 - "-" "Mozilla/5.0 (Macintosh; Intel Mac OS X 10.15; rv:103.0) Gecko/20100101 Firefox/103.0"
85.25.177.219 - - [25/Dec/2022:06:20:53 +0100] "GET /sitemap.xml HTTP/1.1" 404 - "-" "Mozilla/5.0 (Macintosh; Intel Mac OS X 10.15; rv:103.0) Gecko/20100101 Firefox/103.0"
85.25.177.219 - - [25/Dec/2022:06:20:54 +0100] "GET / HTTP/1.1" 404 - "-" "Mozilla/5.0 (Macintosh; Intel Mac OS X 10.15; rv:103.0) Gecko/20100101 Firefox/103.0"
85.25.177.219 - - [25/Dec/2022:07:39:25 +0100] "GET /robots.txt HTTP/1.1" 404 - "-" "Mozilla/5.0 (Macintosh; Intel Mac OS X 10.15; rv:103.0) Gecko/20100101 Firefox/103.0"
85.25.177.219 - - [25/Dec/2022:07:39:25 +0100] "GET /buecher/ HTTP/1.1" 404 - "-" "Mozilla/5.0 (Macintosh; Intel Mac OS X 10.15; rv:103.0) Gecko/20100101 Firefox/103.0"
114.119.137.80 - - [25/Dec/2022:08:15:48 +0100] "GET /robots.txt HTTP/1.1" 404 - "-" "Mozilla/5.0 (compatible;PetalBot;+https://webmaster.petalsearch.com/site/petalbot)"
216.244.66.237 - - [25/Dec/2022:08:37:55 +0100] "GET /robots.txt HTTP/1.1" 404 - "-" "Mozilla/5.0 (compatible; DotBot/1.2; +https://opensiteexplorer.org/dotbot; help@moz.com)"
216.244.66.237 - - [25/Dec/2022:08:44:36 +0100] "GET /sonderthemen/akademieprogramm/04/pro_zei_04_s15.pdf HTTP/1.1" 404 - "-" "Mozilla/5.0 (compatible; DotBot/1.2; +https://opensiteexplorer.org/dotbot; help@moz.com)"
85.25.177.219 - - [25/Dec/2022:09:44:31 +0100] "GET /robots.txt HTTP/1.1" 404 - "-" "Mozilla/5.0 (Macintosh; Intel Mac OS X 10.15; rv:103.0) Gecko/20100101 Firefox/103.0"
85.25.177.219 - - [25/Dec/2022:09:44:31 +0100] "GET /buecher/ HTTP/1.1" 404 - "-" "Mozilla/5.0 (Macintosh; Intel Mac OS X 10.15; rv:103.0) Gecko/20100101 Firefox/103.0"
35.187.31.229 - - [25/Dec/2022:11:12:57 +0100] "GET / HTTP/1.1" 404 - "-" "Mozilla/5.0 (Windows NT 10.0; Win64; x64) AppleWebKit/537.36 (KHTML, like Gecko) Chrome/84.0.4147.105 Safari/537.36"
37.139.53.181 - - [25/Dec/2022:11:32:53 +0100] "GET / HTTP/1.0" 404 - "https://www.medserv.ru/" "Mozilla/5.0 (Windows NT 6.3; Win64; x64) AppleWebKit/537.36 (KHTML, like Gecko) Chrome/90.0.4430.93 Safari/537.36"
37.139.53.181 - - [25/Dec/2022:11:32:53 +0100] "GET / HTTP/1.0" 404 - "https://www.medserv.ru/" "Mozilla/5.0 (Windows NT 6.3; Win64; x64) AppleWebKit/537.36 (KHTML, like Gecko) Chrome/90.0.4430.93 Safari/537.36"
37.139.53.181 - - [25/Dec/2022:11:32:55 +0100] "GET / HTTP/1.0" 404 - "https://www.medserv.ru/" "Mozilla/5.0 (Windows NT 10.0) AppleWebKit/537.36 (KHTML, like Gecko) Chrome/90.0.4430.93 Safari/537.36"
37.139.53.181 - - [25/Dec/2022:11:32:55 +0100] "GET / HTTP/1.0" 404 - "https://www.medserv.ru/" "Mozilla/5.0 (Windows NT 10.0) AppleWebKit/537.36 (KHTML, like Gecko) Chrome/90.0.4430.93 Safari/537.36"
135.181.138.45 - - [25/Dec/2022:11:36:19 +0100] "GET /robots.txt HTTP/1.1" 404 - "-" "Mozilla/5.0 (compatible; SeekportBot; +https://bot.seekport.com)"
135.181.138.45 - - [25/Dec/2022:11:36:20 +0100] "GET /robots.txt HTTP/1.1" 404 - "-" "Mozilla/5.0 (compatible; SeekportBot; +https://bot.seekport.com)"
135.181.138.45 - - [25/Dec/2022:11:36:21 +0100] "GET /buecher/rezensionen_nicht_auf_sand_gebaut.html HTTP/1.1" 404 - "-" "Mozilla/5.0 (compatible; SeekportBot; +https://bot.seekport.com)"
135.181.138.45 - - [25/Dec/2022:11:36:22 +0100] "GET / HTTP/1.1" 404 - "-" "Mozilla/5.0 (compatible; SeekportBot; +https://bot.seekport.com)"
135.181.138.45 - - [25/Dec/2022:11:36:23 +0100] "GET /cds/rosarium.html HTTP/1.1" 404 - "-" "Mozilla/5.0 (compatible; SeekportBot; +https://bot.seekport.com)"
135.181.138.45 - - [25/Dec/2022:11:36:24 +0100] "GET /buecher/rezensionen_le_saulchoir.html HTTP/1.1" 404 - "-" "Mozilla/5.0 (compatible; SeekportBot; +https://bot.seekport.com)"
66.249.64.202 - - [25/Dec/2022:12:36:57 +0100] "GET /robots.txt HTTP/1.1" 404 - "-" "Mozilla/5.0 (compatible; Googlebot/2.1; +http://www.google.com/bot.html)"
66.249.64.205 - - [25/Dec/2022:12:36:58 +0100] "GET /buecher/rezensionen.html HTTP/1.1" 404 - "-" "Mozilla/5.0 (Linux; Android 6.0.1; Nexus 5X Build/MMB29P) AppleWebKit/537.36 (KHTML, like Gecko) Chrome/107.0.5304.115 Mobile Safari/537.36 (compatible; Googlebot/2.1; +http://www.google.com/bot.html)"
20.112.10.236 - - [25/Dec/2022:12:41:33 +0100] "GET /robots.txt HTTP/1.1" 404 - "-" "Mozilla/5.0 (Windows NT 10.0; Win64; x64) AppleWebKit/537.36 (KHTML, like Gecko) Chrome/99.0.4844.74 Safari/537.36 Edg/99.0.1150.55"
20.112.10.236 - - [25/Dec/2022:12:41:34 +0100] "GET /buecher/gesichter/30.jpg HTTP/1.1" 404 - "-" "Mozilla/5.0 (Windows NT 10.0; Win64; x64) AppleWebKit/537.36 (KHTML, like Gecko) Chrome/99.0.4844.74 Safari/537.36 Edg/99.0.1150.55"
157.55.39.47 - - [25/Dec/2022:13:46:09 +0100] "GET /cds/astazi.html HTTP/1.1" 404 - "-" "Mozilla/5.0 (compatible; bingbot/2.0; +http://www.bing.com/bingbot.htm)"
85.25.177.219 - - [25/Dec/2022:16:17:11 +0100] "GET /robots.txt HTTP/1.1" 404 - "-" "Mozilla/5.0 (Macintosh; Intel Mac OS X 10.15; rv:103.0) Gecko/20100101 Firefox/103.0"
85.25.177.219 - - [25/Dec/2022:16:17:11 +0100] "GET /jahrbuch/index.html HTTP/1.1" 404 - "-" "Mozilla/5.0 (Macintosh; Intel Mac OS X 10.15; rv:103.0) Gecko/20100101 Firefox/103.0"
194.173.174.10 - - [25/Dec/2022:17:44:48 +0100] "HEAD / HTTP/1.1" 404 - "-" "Mozilla/5.0 (Windows NT 6.3; WOW64) AppleWebKit/537.36 (KHTML, like Gecko) Chrome/43.0.2357.134 Safari/537.36"
194.173.174.10 - - [25/Dec/2022:17:44:48 +0100] "GET / HTTP/1.1" 404 - "-" "Mozilla/5.0 (Windows NT 6.3; WOW64) AppleWebKit/537.36 (KHTML, like Gecko) Chrome/43.0.2357.134 Safari/537.36"
35.233.12.165 - - [25/Dec/2022:18:08:27 +0100] "HEAD / HTTP/1.1" 404 - "-" "Apache-HttpClient/4.5.5 (Java/11.0.9)"
35.233.12.165 - - [25/Dec/2022:18:08:27 +0100] "GET / HTTP/1.1" 404 - "-" "Apache-HttpClient/4.5.5 (Java/11.0.9)"
35.233.12.165 - - [25/Dec/2022:18:08:27 +0100] "GET / HTTP/1.1" 404 - "-" "Apache-HttpClient/4.5.5 (Java/11.0.9)"
35.233.12.165 - - [25/Dec/2022:18:08:27 +0100] "GET / HTTP/1.1" 404 - "-" "Apache-HttpClient/4.5.5 (Java/11.0.9)"
35.233.12.165 - - [25/Dec/2022:18:08:27 +0100] "GET / HTTP/1.1" 404 - "-" "Apache-HttpClient/4.5.5 (Java/11.0.9)"
35.233.12.165 - - [25/Dec/2022:18:08:27 +0100] "GET / HTTP/1.1" 404 - "-" "Apache-HttpClient/4.5.5 (Java/11.0.9)"
85.25.177.219 - - [25/Dec/2022:18:19:49 +0100] "GET /robots.txt HTTP/1.1" 404 - "-" "Mozilla/5.0 (Macintosh; Intel Mac OS X 10.15; rv:103.0) Gecko/20100101 Firefox/103.0"
85.25.177.219 - - [25/Dec/2022:18:19:49 +0100] "GET /jahrbuch/index.html HTTP/1.1" 404 - "-" "Mozilla/5.0 (Macintosh; Intel Mac OS X 10.15; rv:103.0) Gecko/20100101 Firefox/103.0"
157.55.39.47 - - [25/Dec/2022:18:49:27 +0100] "GET /sonderthemen/az2000.pdf HTTP/1.1" 404 - "-" "Mozilla/5.0 (compatible; bingbot/2.0; +http://www.bing.com/bingbot.htm)"
213.83.37.145 - - [25/Dec/2022:20:17:15 +0100] "HEAD / HTTP/1.1" 404 - "-" "Mozilla/5.0 (Windows NT 6.1; rv:39.0) Gecko/20180101 Firefox/39.0"
213.83.37.145 - - [25/Dec/2022:20:17:17 +0100] "HEAD / HTTP/1.1" 404 - "-" "Mozilla/5.0 (Windows NT 6.1; rv:39.0) Gecko/20180101 Firefox/39.0"
85.25.177.219 - - [25/Dec/2022:20:24:32 +0100] "GET /robots.txt HTTP/1.1" 404 - "-" "Mozilla/5.0 (Macintosh; Intel Mac OS X 10.15; rv:103.0) Gecko/20100101 Firefox/103.0"
85.25.177.219 - - [25/Dec/2022:20:24:32 +0100] "GET /jahrbuch/index.html HTTP/1.1" 404 - "-" "Mozilla/5.0 (Macintosh; Intel Mac OS X 10.15; rv:103.0) Gecko/20100101 Firefox/103.0"
37.139.53.181 - - [26/Dec/2022:00:19:30 +0100] "GET / HTTP/1.0" 404 - "https://alcostore.site/" "Mozilla/5.0 (Windows NT 6.1; ) AppleWebKit/537.36 (KHTML, like Gecko) Chrome/90.0.4430.85 Safari/537.36"
37.139.53.181 - - [26/Dec/2022:00:19:30 +0100] "GET / HTTP/1.0" 404 - "https://alcostore.site/" "Mozilla/5.0 (Windows NT 6.1; ) AppleWebKit/537.36 (KHTML, like Gecko) Chrome/90.0.4430.85 Safari/537.36"
37.139.53.181 - - [26/Dec/2022:00:19:32 +0100] "GET / HTTP/1.0" 404 - "https://alcostore.site/" "Mozilla/5.0 (Windows NT 6.1; Win64; x64) AppleWebKit/537.36 (KHTML, like Gecko) Chrome/90.0.4430.72 Safari/537.36"
37.139.53.181 - - [26/Dec/2022:00:19:33 +0100] "GET / HTTP/1.0" 404 - "https://alcostore.site/" "Mozilla/5.0 (Windows NT 6.1; Win64; x64) AppleWebKit/537.36 (KHTML, like Gecko) Chrome/90.0.4430.72 Safari/537.36"
5.188.86.198 - - [26/Dec/2022:00:51:39 +0100] "GET /wp-login.php HTTP/1.1" 404 - "-" "Mozilla/5.0 (Windows NT 10.0; Win64; x64) AppleWebKit/537.36 (KHTML, like Gecko) Chrome/64.0.3282.140 Safari/537.36 Edge/18.17763"
34.89.198.87 - - [26/Dec/2022:01:35:24 +0100] "GET /robots.txt HTTP/1.1" 404 - "-" "Mozilla/5.0 (compatible; Googlebot/2.1; +http://www.google.com/bot.html)"
34.89.198.80 - - [26/Dec/2022:01:35:24 +0100] "GET / HTTP/1.1" 404 - "-" "Mozilla/5.0 (compatible; Googlebot/2.1; +http://www.google.com/bot.html)"
66.249.64.207 - - [26/Dec/2022:01:35:25 +0100] "GET /robots.txt HTTP/1.1" 404 - "-" "Mozilla/5.0 (compatible; Googlebot/2.1; +http://www.google.com/bot.html)"
66.249.64.207 - - [26/Dec/2022:01:35:25 +0100] "GET / HTTP/1.1" 404 - "-" "Mozilla/5.0 (compatible; Googlebot/2.1; +http://www.google.com/bot.html)"
194.173.174.10 - - [26/Dec/2022:05:50:53 +0100] "HEAD / HTTP/1.1" 404 - "-" "Mozilla/5.0 (Windows NT 6.3; WOW64) AppleWebKit/537.36 (KHTML, like Gecko) Chrome/43.0.2357.134 Safari/537.36"
194.173.174.10 - - [26/Dec/2022:05:50:53 +0100] "GET / HTTP/1.1" 404 - "-" "Mozilla/5.0 (Windows NT 6.3; WOW64) AppleWebKit/537.36 (KHTML, like Gecko) Chrome/43.0.2357.134 Safari/537.36"
52.1.150.219 - - [26/Dec/2022:10:42:32 +0100] "GET / HTTP/1.1" 404 - "-" "Mozilla/5.0 (Macintosh; Intel Mac OS X 10_12_6) AppleWebKit/537.36 (KHTML, like Gecko) Chrome/61.0.3163.100 Safari/537.36"
40.77.167.97 - - [26/Dec/2022:13:41:29 +0100] "GET /robots.txt HTTP/1.1" 404 - "-" "Mozilla/5.0 AppleWebKit/537.36 (KHTML, like Gecko; compatible; bingbot/2.0; +http://www.bing.com/bingbot.htm) Chrome/103.0.5060.134 Safari/537.36"
157.55.39.47 - - [26/Dec/2022:13:41:40 +0100] "GET /cds/astazi.html HTTP/1.1" 404 - "-" "Mozilla/5.0 (compatible; bingbot/2.0; +http://www.bing.com/bingbot.htm)"
114.119.146.16 - - [26/Dec/2022:14:49:14 +0100] "GET /buecher/rezensionen_leiblichkeit_und_zeitlichkeit.html HTTP/1.1" 404 - "-" "Mozilla/5.0 (Linux; Android 7.0;) AppleWebKit/537.36 (KHTML, like Gecko) Mobile Safari/537.36 (compatible; PetalBot;+https://webmaster.petalsearch.com/site/petalbot)"
114.119.136.15 - - [26/Dec/2022:15:30:10 +0100] "GET /buecher/rezensionen_chateaubriand.html HTTP/1.1" 404 - "-" "Mozilla/5.0 (Linux; Android 7.0;) AppleWebKit/537.36 (KHTML, like Gecko) Mobile Safari/537.36 (compatible; PetalBot;+https://webmaster.petalsearch.com/site/petalbot)"
34.140.145.81 - - [26/Dec/2022:18:02:15 +0100] "HEAD / HTTP/1.1" 404 - "-" "Apache-HttpClient/4.5.5 (Java/11.0.9)"
34.140.145.81 - - [26/Dec/2022:18:02:15 +0100] "GET / HTTP/1.1" 404 - "-" "Apache-HttpClient/4.5.5 (Java/11.0.9)"
34.140.145.81 - - [26/Dec/2022:18:02:15 +0100] "GET / HTTP/1.1" 404 - "-" "Apache-HttpClient/4.5.5 (Java/11.0.9)"
34.140.145.81 - - [26/Dec/2022:18:02:15 +0100] "GET / HTTP/1.1" 404 - "-" "Apache-HttpClient/4.5.5 (Java/11.0.9)"
34.140.145.81 - - [26/Dec/2022:18:02:15 +0100] "GET / HTTP/1.1" 404 - "-" "Apache-HttpClient/4.5.5 (Java/11.0.9)"
34.140.145.81 - - [26/Dec/2022:18:02:15 +0100] "GET / HTTP/1.1" 404 - "-" "Apache-HttpClient/4.5.5 (Java/11.0.9)"
114.119.149.171 - - [26/Dec/2022:21:00:47 +0100] "GET /robots.txt HTTP/1.1" 404 - "-" "Mozilla/5.0 (compatible;PetalBot;+https://webmaster.petalsearch.com/site/petalbot)"
65.108.6.34 - - [26/Dec/2022:21:42:04 +0100] "GET /robots.txt HTTP/1.1" 404 - "-" "Mozilla/5.0 (compatible; SEOkicks; +https://www.seokicks.de/robot.html)"
65.108.6.34 - - [26/Dec/2022:21:42:06 +0100] "GET / HTTP/1.1" 404 - "-" "Mozilla/5.0 (compatible; SEOkicks; +https://www.seokicks.de/robot.html)"
66.249.69.196 - - [26/Dec/2022:22:16:46 +0100] "GET /robots.txt HTTP/1.1" 404 - "-" "Mozilla/5.0 (compatible; Googlebot/2.1; +http://www.google.com/bot.html)"
66.249.69.199 - - [26/Dec/2022:22:16:46 +0100] "GET /favicon.ico HTTP/1.1" 404 - "-" "Googlebot-Image/1.0"
157.55.39.209 - - [26/Dec/2022:23:25:42 +0100] "GET /buecher/rezensionen_nicht_auf_sand_gebaut.html HTTP/1.1" 404 - "-" "Mozilla/5.0 (compatible; bingbot/2.0; +http://www.bing.com/bingbot.htm)"
37.139.53.181 - - [26/Dec/2022:23:56:25 +0100] "GET / HTTP/1.0" 404 - "https://actofact.ru/" "Mozilla/5.0 (Windows NT 6.2; Win64; x64) AppleWebKit/537.36 (KHTML, like Gecko) Chrome/90.0.4430.93 Safari/537.36"
37.139.53.181 - - [26/Dec/2022:23:56:25 +0100] "GET / HTTP/1.0" 404 - "https://actofact.ru/" "Mozilla/5.0 (Windows NT 6.2; Win64; x64) AppleWebKit/537.36 (KHTML, like Gecko) Chrome/90.0.4430.93 Safari/537.36"
37.139.53.181 - - [26/Dec/2022:23:56:27 +0100] "GET / HTTP/1.0" 404 - "https://actofact.ru/" "Mozilla/5.0 (Windows NT 10.0; Win64; x64) AppleWebKit/537.36 (KHTML, like Gecko) Chrome/90.0.4430.93 Safari/537.36"
37.139.53.181 - - [26/Dec/2022:23:56:27 +0100] "GET / HTTP/1.0" 404 - "https://actofact.ru/" "Mozilla/5.0 (Windows NT 10.0; Win64; x64) AppleWebKit/537.36 (KHTML, like Gecko) Chrome/90.0.4430.93 Safari/537.36"
54.36.148.115 - - [27/Dec/2022:00:59:21 +0100] "GET /robots.txt HTTP/1.1" 404 - "-" "Mozilla/5.0 (compatible; AhrefsBot/7.0; +http://ahrefs.com/robot/)"
85.25.177.219 - - [27/Dec/2022:02:33:38 +0100] "GET /robots.txt HTTP/1.1" 404 - "-" "Mozilla/5.0 (Macintosh; Intel Mac OS X 10.15; rv:103.0) Gecko/20100101 Firefox/103.0"
85.25.177.219 - - [27/Dec/2022:02:33:38 +0100] "GET / HTTP/1.1" 404 - "-" "Mozilla/5.0 (Macintosh; Intel Mac OS X 10.15; rv:103.0) Gecko/20100101 Firefox/103.0"
85.25.177.219 - - [27/Dec/2022:02:33:39 +0100] "GET /sitemap.xml HTTP/1.1" 404 - "-" "Mozilla/5.0 (Macintosh; Intel Mac OS X 10.15; rv:103.0) Gecko/20100101 Firefox/103.0"
17.241.75.137 - - [27/Dec/2022:03:53:32 +0100] "GET /robots.txt HTTP/1.1" 404 - "-" "Mozilla/5.0 (Macintosh; Intel Mac OS X 10_15_5) AppleWebKit/605.1.15 (KHTML, like Gecko) Version/13.1.1 Safari/605.1.15 (Applebot/0.1; +http://www.apple.com/go/applebot)"
17.241.75.137 - - [27/Dec/2022:03:53:32 +0100] "GET /sonderthemen/az2003.pdf HTTP/1.1" 404 - "-" "Mozilla/5.0 (Macintosh; Intel Mac OS X 10_15_5) AppleWebKit/605.1.15 (KHTML, like Gecko) Version/13.1.1 Safari/605.1.15 (Applebot/0.1; +http://www.apple.com/go/applebot)"
85.25.177.219 - - [27/Dec/2022:04:38:13 +0100] "GET /robots.txt HTTP/1.1" 404 - "-" "Mozilla/5.0 (Macintosh; Intel Mac OS X 10.15; rv:103.0) Gecko/20100101 Firefox/103.0"
85.25.177.219 - - [27/Dec/2022:04:38:13 +0100] "GET /sitemap.xml HTTP/1.1" 404 - "-" "Mozilla/5.0 (Macintosh; Intel Mac OS X 10.15; rv:103.0) Gecko/20100101 Firefox/103.0"
85.25.177.219 - - [27/Dec/2022:04:38:16 +0100] "GET / HTTP/1.1" 404 - "-" "Mozilla/5.0 (Macintosh; Intel Mac OS X 10.15; rv:103.0) Gecko/20100101 Firefox/103.0"
85.25.177.219 - - [27/Dec/2022:06:47:07 +0100] "GET /robots.txt HTTP/1.1" 404 - "-" "Mozilla/5.0 (Macintosh; Intel Mac OS X 10.15; rv:103.0) Gecko/20100101 Firefox/103.0"
85.25.177.219 - - [27/Dec/2022:06:47:07 +0100] "GET /sitemap.xml HTTP/1.1" 404 - "-" "Mozilla/5.0 (Macintosh; Intel Mac OS X 10.15; rv:103.0) Gecko/20100101 Firefox/103.0"
17.241.227.146 - - [27/Dec/2022:06:51:43 +0100] "GET /sonderthemen/sk2004.pdf HTTP/1.1" 404 - "-" "Mozilla/5.0 (Macintosh; Intel Mac OS X 10_15_5) AppleWebKit/605.1.15 (KHTML, like Gecko) Version/13.1.1 Safari/605.1.15 (Applebot/0.1; +http://www.apple.com/go/applebot)"
85.25.177.219 - - [27/Dec/2022:07:11:54 +0100] "GET /robots.txt HTTP/1.1" 404 - "-" "Mozilla/5.0 (Macintosh; Intel Mac OS X 10.15; rv:103.0) Gecko/20100101 Firefox/103.0"
85.25.177.219 - - [27/Dec/2022:07:11:54 +0100] "GET /sitemap.xml HTTP/1.1" 404 - "-" "Mozilla/5.0 (Macintosh; Intel Mac OS X 10.15; rv:103.0) Gecko/20100101 Firefox/103.0"
85.25.177.219 - - [27/Dec/2022:07:11:57 +0100] "GET / HTTP/1.1" 404 - "-" "Mozilla/5.0 (Macintosh; Intel Mac OS X 10.15; rv:103.0) Gecko/20100101 Firefox/103.0"
194.169.175.39 - - [27/Dec/2022:08:04:55 +0100] "POST //wp-admin/admin-post.php HTTP/1.1" 404 - "www.google.com" "Mozlila/5.0 (Linux; Android 7.0; SM-G892A Bulid/NRD90M; wv) AppleWebKit/537.36 (KHTML, like Gecko) Version/4.0 Chrome/60.0.3112.107 Moblie Safari/537.36"
194.169.175.39 - - [27/Dec/2022:08:05:04 +0100] "GET //wp-content/plugins/instabuilder2/cache/up.php HTTP/1.1" 404 - "www.google.com" "Mozlila/5.0 (Linux; Android 7.0; SM-G892A Bulid/NRD90M; wv) AppleWebKit/537.36 (KHTML, like Gecko) Version/4.0 Chrome/60.0.3112.107 Moblie Safari/537.36"
17.241.227.142 - - [27/Dec/2022:08:54:13 +0100] "GET /sonderthemen/sk2000.pdf HTTP/1.1" 404 - "-" "Mozilla/5.0 (Macintosh; Intel Mac OS X 10_15_5) AppleWebKit/605.1.15 (KHTML, like Gecko) Version/13.1.1 Safari/605.1.15 (Applebot/0.1; +http://www.apple.com/go/applebot)"
35.195.236.119 - - [27/Dec/2022:11:52:21 +0100] "GET /robots.txt HTTP/1.1" 404 - "-" "DnBCrawler-Analytics"
35.195.236.119 - - [27/Dec/2022:11:52:21 +0100] "GET / HTTP/1.1" 404 - "-" "DnBCrawler-Analytics"
78.47.92.11 - - [27/Dec/2022:12:43:16 +0100] "HEAD / HTTP/1.1" 404 - "-" "auskunftbot/1.0 (+https://www.auskunft.de)"
78.47.92.11 - - [27/Dec/2022:12:43:16 +0100] "GET /robots.txt HTTP/1.1" 404 - "-" "auskunftbot/1.0 (+https://www.auskunft.de)"
78.47.92.11 - - [27/Dec/2022:12:43:16 +0100] "GET / HTTP/1.1" 404 - "-" "auskunftbot/1.0 (+https://www.auskunft.de)"
94.130.168.164 - - [27/Dec/2022:12:43:16 +0100] "GET / HTTP/1.1" 404 - "-" "Mozilla/5.0"
52.156.127.202 - - [27/Dec/2022:12:49:50 +0100] "GET /robots.txt HTTP/1.1" 404 - "-" "Mozilla/5.0 (Windows NT 10.0; Win64; x64) AppleWebKit/537.36 (KHTML, like Gecko) Chrome/99.0.4844.74 Safari/537.36 Edg/99.0.1150.55"
52.156.127.202 - - [27/Dec/2022:12:49:50 +0100] "GET /buecher/gesichter/25.jpg HTTP/1.1" 404 - "-" "Mozilla/5.0 (Windows NT 10.0; Win64; x64) AppleWebKit/537.36 (KHTML, like Gecko) Chrome/99.0.4844.74 Safari/537.36 Edg/99.0.1150.55"
52.156.127.202 - - [27/Dec/2022:12:54:40 +0100] "GET /robots.txt HTTP/1.1" 404 - "-" "Mozilla/5.0 (Windows NT 10.0; Win64; x64) AppleWebKit/537.36 (KHTML, like Gecko) Chrome/99.0.4844.74 Safari/537.36 Edg/99.0.1150.55"
52.156.127.202 - - [27/Dec/2022:12:54:40 +0100] "GET /buecher/gesichter/06.jpg HTTP/1.1" 404 - "-" "Mozilla/5.0 (Windows NT 10.0; Win64; x64) AppleWebKit/537.36 (KHTML, like Gecko) Chrome/99.0.4844.74 Safari/537.36 Edg/99.0.1150.55"
173.252.95.1 - - [27/Dec/2022:13:09:34 +0100] "GET / HTTP/1.1" 404 - "-" "facebookexternalhit/1.1 (+http://www.facebook.com/externalhit_uatext.php)"
157.55.39.47 - - [27/Dec/2022:13:31:56 +0100] "GET /cds/astazi.html HTTP/1.1" 404 - "-" "Mozilla/5.0 (compatible; bingbot/2.0; +http://www.bing.com/bingbot.htm)"
20.244.114.135 - - [27/Dec/2022:14:22:02 +0100] "HEAD /xmlrpc.php HTTP/1.1" 404 - "-" "Mozilla/5.0 (Windows NT 10.0; Win64; x64; rv:77.0) Gecko/20100101 Firefox/77.0"
20.244.114.135 - - [27/Dec/2022:14:22:09 +0100] "GET /wp-login.php HTTP/1.1" 404 - "-" "Mozilla/5.0 (Windows NT 10.0; Win64; x64) AppleWebKit/537.36 (KHTML, like Gecko) Chrome/69.0.3497.100 Safari/537.36"
20.244.114.135 - - [27/Dec/2022:14:22:17 +0100] "HEAD /wp/xmlrpc.php HTTP/1.1" 404 - "-" "Mozilla/5.0 (Windows NT 10.0) AppleWebKit/537.36 (KHTML, like Gecko) Chrome/84.0.4147.105 Safari/537.36"
20.244.114.135 - - [27/Dec/2022:14:22:27 +0100] "HEAD /wordpress/xmlrpc.php HTTP/1.1" 404 - "-" "Mozilla/5.0 (Windows NT 10.0; Win64; x64) AppleWebKit/537.36 (KHTML, like Gecko) Chrome/75.0.3770.100 Safari/537.36"
20.244.114.135 - - [27/Dec/2022:14:22:38 +0100] "HEAD /old/xmlrpc.php HTTP/1.1" 404 - "-" "Mozilla/5.0 (Windows NT 6.1; Win64; x64) AppleWebKit/537.36 (KHTML, like Gecko) Chrome/79.0.3945.130 Safari/537.36"
20.244.114.135 - - [27/Dec/2022:14:22:45 +0100] "HEAD /new/xmlrpc.php HTTP/1.1" 404 - "-" "Mozilla/5.0 (Windows NT 10.0; Win64; x64; rv:77.0) Gecko/20100101 Firefox/77.0"
20.244.114.135 - - [27/Dec/2022:14:22:50 +0100] "HEAD /blog/xmlrpc.php HTTP/1.1" 404 - "-" "Mozilla/5.0 (Macintosh; Intel Mac OS X 10_15_6) AppleWebKit/537.36 (KHTML, like Gecko) Chrome/84.0.4147.105 Safari/537.36"
52.1.150.219 - - [27/Dec/2022:15:00:22 +0100] "GET / HTTP/1.1" 404 - "-" "Mozilla/5.0 (Macintosh; Intel Mac OS X 10_12_6) AppleWebKit/537.36 (KHTML, like Gecko) Chrome/61.0.3163.100 Safari/537.36"
17.241.219.67 - - [27/Dec/2022:16:42:05 +0100] "GET / HTTP/1.1" 404 - "-" "Mozilla/5.0 (Macintosh; Intel Mac OS X 10_15_5) AppleWebKit/605.1.15 (KHTML, like Gecko) Version/13.1.1 Safari/605.1.15 (Applebot/0.1; +http://www.apple.com/go/applebot)"
51.222.253.7 - - [27/Dec/2022:16:50:16 +0100] "GET /robots.txt HTTP/1.1" 404 - "-" "Mozilla/5.0 (compatible; AhrefsBot/7.0; +http://ahrefs.com/robot/)"
37.139.53.181 - - [27/Dec/2022:16:57:00 +0100] "GET / HTTP/1.0" 404 - "https://pensinfo.ru/" "Mozilla/5.0 (Windows NT 10.0; Win64; x64) AppleWebKit/537.36 (KHTML, like Gecko) Chrome/90.0.4430.93 Safari/537.36"
37.139.53.181 - - [27/Dec/2022:16:57:00 +0100] "GET / HTTP/1.0" 404 - "https://pensinfo.ru/" "Mozilla/5.0 (Windows NT 10.0; Win64; x64) AppleWebKit/537.36 (KHTML, like Gecko) Chrome/90.0.4430.93 Safari/537.36"
37.139.53.181 - - [27/Dec/2022:16:57:02 +0100] "GET / HTTP/1.0" 404 - "https://pensinfo.ru/" "Mozilla/5.0 (Windows NT 10.0; Win64; x64) AppleWebKit/537.36 (KHTML, like Gecko) Chrome/90.0.4430.85 Safari/537.36"
37.139.53.181 - - [27/Dec/2022:16:57:05 +0100] "GET / HTTP/1.0" 404 - "https://pensinfo.ru/" "Mozilla/5.0 (Windows NT 10.0; Win64; x64) AppleWebKit/537.36 (KHTML, like Gecko) Chrome/90.0.4430.85 Safari/537.36"
