85.25.177.219 - - [18/Dec/2022:21:38:02 +0100] "GET /sitemap.xml HTTP/1.1" 404 - "-" "Mozilla/5.0 (Macintosh; Intel Mac OS X 10.15; rv:103.0) Gecko/20100101 Firefox/103.0"
85.25.177.219 - - [18/Dec/2022:21:39:22 +0100] "GET / HTTP/1.1" 404 - "-" "Mozilla/5.0 (Macintosh; Intel Mac OS X 10.15; rv:103.0) Gecko/20100101 Firefox/103.0"
85.25.177.219 - - [18/Dec/2022:21:39:23 +0100] "GET /sitemap.xml HTTP/1.1" 404 - "-" "Mozilla/5.0 (Macintosh; Intel Mac OS X 10.15; rv:103.0) Gecko/20100101 Firefox/103.0"
17.241.219.209 - - [18/Dec/2022:21:49:38 +0100] "GET /sonderthemen/az1999.pdf HTTP/1.1" 404 - "-" "Mozilla/5.0 (Macintosh; Intel Mac OS X 10_15_5) AppleWebKit/605.1.15 (KHTML, like Gecko) Version/13.1.1 Safari/605.1.15 (Applebot/0.1; +http://www.apple.com/go/applebot)"
45.58.139.158 - - [18/Dec/2022:21:59:28 +0100] "GET / HTTP/1.1" 404 - "-" "Mozilla/5.0 (X11; Linux x86_64) AppleWebKit/537.36 (KHTML, like Gecko) HeadlessChrome/78.0.3882.0 Safari/537.36"
45.61.188.225 - - [18/Dec/2022:23:02:01 +0100] "GET ////wp-login.php HTTP/1.1" 404 - "http://www.google.com.hk" "Mozilla/5.0 (Windows NT 6.1; WOW64) AppleWebKit/537.36 (KHTML, like Gecko) Chrome/42.0.2311.90 Safari/537.36"
194.173.174.10 - - [18/Dec/2022:23:33:17 +0100] "HEAD / HTTP/1.1" 404 - "-" "Mozilla/5.0 (Windows NT 6.3; WOW64) AppleWebKit/537.36 (KHTML, like Gecko) Chrome/43.0.2357.134 Safari/537.36"
194.173.174.10 - - [18/Dec/2022:23:33:17 +0100] "GET / HTTP/1.1" 404 - "-" "Mozilla/5.0 (Windows NT 6.3; WOW64) AppleWebKit/537.36 (KHTML, like Gecko) Chrome/43.0.2357.134 Safari/537.36"
85.25.177.219 - - [18/Dec/2022:23:51:49 +0100] "GET /robots.txt HTTP/1.1" 404 - "-" "Mozilla/5.0 (Macintosh; Intel Mac OS X 10.15; rv:103.0) Gecko/20100101 Firefox/103.0"
85.25.177.219 - - [18/Dec/2022:23:51:49 +0100] "GET /sitemap.xml HTTP/1.1" 404 - "-" "Mozilla/5.0 (Macintosh; Intel Mac OS X 10.15; rv:103.0) Gecko/20100101 Firefox/103.0"
85.25.177.219 - - [18/Dec/2022:23:51:50 +0100] "GET / HTTP/1.1" 404 - "-" "Mozilla/5.0 (Macintosh; Intel Mac OS X 10.15; rv:103.0) Gecko/20100101 Firefox/103.0"
216.244.66.237 - - [19/Dec/2022:00:34:21 +0100] "GET /robots.txt HTTP/1.1" 404 - "-" "Mozilla/5.0 (compatible; DotBot/1.2; +https://opensiteexplorer.org/dotbot; help@moz.com)"
95.108.213.63 - - [19/Dec/2022:00:37:15 +0100] "GET /robots.txt HTTP/1.1" 404 - "-" "Mozilla/5.0 (compatible; YandexBot/3.0; +http://yandex.com/bots)"
95.108.213.63 - - [19/Dec/2022:00:37:19 +0100] "GET /buecher/index.html HTTP/1.1" 404 - "-" "Mozilla/5.0 (compatible; YandexBot/3.0; +http://yandex.com/bots)"
216.244.66.237 - - [19/Dec/2022:00:37:56 +0100] "GET /buecher/index.html HTTP/1.1" 404 - "-" "Mozilla/5.0 (compatible; DotBot/1.2; +https://opensiteexplorer.org/dotbot; help@moz.com)"
208.67.106.125 - - [19/Dec/2022:00:52:58 +0100] "GET / HTTP/1.1" 404 - "-" "python-requests/2.27.1"
208.67.106.125 - - [19/Dec/2022:00:53:08 +0100] "GET /.env HTTP/1.1" 404 - "-" "python-requests/2.27.1"
52.156.127.202 - - [19/Dec/2022:01:06:28 +0100] "GET /robots.txt HTTP/1.1" 404 - "-" "Mozilla/5.0 (Windows NT 10.0; Win64; x64) AppleWebKit/537.36 (KHTML, like Gecko) Chrome/99.0.4844.74 Safari/537.36 Edg/99.0.1150.55"
52.156.127.202 - - [19/Dec/2022:01:06:29 +0100] "GET /buecher/gesichter/25.jpg HTTP/1.1" 404 - "-" "Mozilla/5.0 (Windows NT 10.0; Win64; x64) AppleWebKit/537.36 (KHTML, like Gecko) Chrome/99.0.4844.74 Safari/537.36 Edg/99.0.1150.55"
37.139.53.181 - - [19/Dec/2022:01:15:52 +0100] "GET / HTTP/1.0" 404 - "https://avtoservis-nissan.ru/" "Mozilla/5.0 (Windows NT 10.0; Win64; x64) AppleWebKit/537.36 (KHTML, like Gecko) Chrome/90.0.4430.72 Safari/537.36"
37.139.53.181 - - [19/Dec/2022:01:15:52 +0100] "GET / HTTP/1.0" 404 - "https://avtoservis-nissan.ru/" "Mozilla/5.0 (Windows NT 10.0; Win64; x64) AppleWebKit/537.36 (KHTML, like Gecko) Chrome/90.0.4430.72 Safari/537.36"
37.139.53.181 - - [19/Dec/2022:01:15:54 +0100] "GET / HTTP/1.0" 404 - "https://avtoservis-nissan.ru/" "Mozilla/5.0 (Windows NT 6.1; Win64; x64) AppleWebKit/537.36 (KHTML, like Gecko) Chrome/90.0.4430.85 Safari/537.36 Edg/90.0.818.49"
37.139.53.181 - - [19/Dec/2022:01:15:55 +0100] "GET / HTTP/1.0" 404 - "https://avtoservis-nissan.ru/" "Mozilla/5.0 (Windows NT 6.1; Win64; x64) AppleWebKit/537.36 (KHTML, like Gecko) Chrome/90.0.4430.85 Safari/537.36 Edg/90.0.818.49"
52.156.127.202 - - [19/Dec/2022:01:26:43 +0100] "GET /robots.txt HTTP/1.1" 404 - "-" "Mozilla/5.0 (Windows NT 10.0; Win64; x64) AppleWebKit/537.36 (KHTML, like Gecko) Chrome/99.0.4844.74 Safari/537.36 Edg/99.0.1150.55"
52.156.127.202 - - [19/Dec/2022:01:26:43 +0100] "GET /buecher/gesichter/06.jpg HTTP/1.1" 404 - "-" "Mozilla/5.0 (Windows NT 10.0; Win64; x64) AppleWebKit/537.36 (KHTML, like Gecko) Chrome/99.0.4844.74 Safari/537.36 Edg/99.0.1150.55"
216.244.66.237 - - [19/Dec/2022:02:28:33 +0100] "GET /robots.txt HTTP/1.1" 404 - "-" "Mozilla/5.0 (compatible; DotBot/1.2; +https://opensiteexplorer.org/dotbot; help@moz.com)"
216.244.66.237 - - [19/Dec/2022:02:30:54 +0100] "GET /cds/hymnos_akathistos.html HTTP/1.1" 404 - "-" "Mozilla/5.0 (compatible; DotBot/1.2; +https://opensiteexplorer.org/dotbot; help@moz.com)"
54.36.148.217 - - [19/Dec/2022:02:38:56 +0100] "GET /robots.txt HTTP/1.1" 404 - "-" "Mozilla/5.0 (compatible; AhrefsBot/7.0; +http://ahrefs.com/robot/)"
114.119.139.70 - - [19/Dec/2022:03:21:17 +0100] "GET /robots.txt HTTP/1.1" 404 - "-" "Mozilla/5.0 (compatible;PetalBot;+https://webmaster.petalsearch.com/site/petalbot)"
194.169.175.135 - - [19/Dec/2022:05:10:12 +0100] "GET /wp-content/plugins/wpputty/wpputty.php HTTP/1.1" 404 - "-" "Mozlila/5.0 (Linux; Android 7.0; SM-G892A Bulid/NRD90M; wv) AppleWebKit/537.36 (KHTML, like Gecko) Version/4.0 Chrome/60.0.3112.107 Moblie Safari/537.36"
194.169.175.135 - - [19/Dec/2022:05:10:17 +0100] "GET /wp-content/plugins/wpyii2/wpyii2.php HTTP/1.1" 404 - "-" "Mozlila/5.0 (Linux; Android 7.0; SM-G892A Bulid/NRD90M; wv) AppleWebKit/537.36 (KHTML, like Gecko) Version/4.0 Chrome/60.0.3112.107 Moblie Safari/537.36"
195.191.219.132 - - [19/Dec/2022:08:43:35 +0100] "GET /robots.txt HTTP/1.1" 404 - "-" "Mozilla/5.0 (compatible; MJ12bot/v1.4.8; http://mj12bot.com/)"
195.191.219.132 - - [19/Dec/2022:08:43:37 +0100] "GET / HTTP/1.1" 404 - "-" "Mozilla/5.0 (compatible; MJ12bot/v1.4.8; http://mj12bot.com/)"
52.156.127.202 - - [19/Dec/2022:09:27:46 +0100] "GET /robots.txt HTTP/1.1" 404 - "-" "Mozilla/5.0 (Windows NT 10.0; Win64; x64) AppleWebKit/537.36 (KHTML, like Gecko) Chrome/99.0.4844.74 Safari/537.36 Edg/99.0.1150.55"
52.156.127.202 - - [19/Dec/2022:09:27:46 +0100] "GET /buecher/gesichter/09.jpg HTTP/1.1" 404 - "-" "Mozilla/5.0 (Windows NT 10.0; Win64; x64) AppleWebKit/537.36 (KHTML, like Gecko) Chrome/99.0.4844.74 Safari/537.36 Edg/99.0.1150.55"
85.25.177.219 - - [19/Dec/2022:12:37:18 +0100] "GET /robots.txt HTTP/1.1" 404 - "-" "Mozilla/5.0 (Macintosh; Intel Mac OS X 10.15; rv:103.0) Gecko/20100101 Firefox/103.0"
85.25.177.219 - - [19/Dec/2022:12:37:19 +0100] "GET /sitemap.xml HTTP/1.1" 404 - "-" "Mozilla/5.0 (Macintosh; Intel Mac OS X 10.15; rv:103.0) Gecko/20100101 Firefox/103.0"
85.25.177.219 - - [19/Dec/2022:12:37:21 +0100] "GET / HTTP/1.1" 404 - "-" "Mozilla/5.0 (Macintosh; Intel Mac OS X 10.15; rv:103.0) Gecko/20100101 Firefox/103.0"
87.250.224.92 - - [19/Dec/2022:12:38:22 +0100] "GET /robots.txt HTTP/1.1" 404 - "-" "Mozilla/5.0 (compatible; YandexBot/3.0; +http://yandex.com/bots)"
87.250.224.92 - - [19/Dec/2022:12:38:26 +0100] "GET /cds/simplay_player.swf?audiofile=glockenspiel2.mp3 HTTP/1.1" 404 - "-" "Mozilla/5.0 (compatible; YandexBot/3.0; +http://yandex.com/bots)"
52.255.238.36 - - [19/Dec/2022:12:59:04 +0100] "GET / HTTP/1.1" 404 - "-" "Mozilla/5.0 (Windows NT 10.0; Win64; x64) AppleWebKit/537.36 (KHTML, like Gecko) Chrome/86.0.4240.75 Safari/537.36"
37.139.53.181 - - [19/Dec/2022:13:49:28 +0100] "GET / HTTP/1.0" 404 - "https://buffett.ru/" "Mozilla/5.0 (Windows NT 10.0; Win64; x64) AppleWebKit/537.36 (KHTML, like Gecko) Chrome/90.0.4430.93 Safari/537.36"
37.139.53.181 - - [19/Dec/2022:13:49:29 +0100] "GET / HTTP/1.0" 404 - "https://buffett.ru/" "Mozilla/5.0 (Windows NT 10.0; Win64; x64) AppleWebKit/537.36 (KHTML, like Gecko) Chrome/90.0.4430.93 Safari/537.36"
37.139.53.181 - - [19/Dec/2022:13:49:31 +0100] "GET / HTTP/1.0" 404 - "https://buffett.ru/" "Mozilla/5.0 (Windows NT 6.1; Win64; x64) AppleWebKit/537.36 (KHTML, like Gecko) Chrome/90.0.4430.85 Safari/537.36 Edg/90.0.818.49"
37.139.53.181 - - [19/Dec/2022:13:49:31 +0100] "GET / HTTP/1.0" 404 - "https://buffett.ru/" "Mozilla/5.0 (Windows NT 6.1; Win64; x64) AppleWebKit/537.36 (KHTML, like Gecko) Chrome/90.0.4430.85 Safari/537.36 Edg/90.0.818.49"
85.25.177.219 - - [19/Dec/2022:14:02:53 +0100] "GET /robots.txt HTTP/1.1" 404 - "-" "Mozilla/5.0 (Macintosh; Intel Mac OS X 10.15; rv:103.0) Gecko/20100101 Firefox/103.0"
85.25.177.219 - - [19/Dec/2022:14:02:54 +0100] "GET /sitemap.xml HTTP/1.1" 404 - "-" "Mozilla/5.0 (Macintosh; Intel Mac OS X 10.15; rv:103.0) Gecko/20100101 Firefox/103.0"
85.25.177.219 - - [19/Dec/2022:14:02:57 +0100] "GET / HTTP/1.1" 404 - "-" "Mozilla/5.0 (Macintosh; Intel Mac OS X 10.15; rv:103.0) Gecko/20100101 Firefox/103.0"
157.55.39.131 - - [19/Dec/2022:14:08:37 +0100] "GET /robots.txt HTTP/1.1" 404 - "-" "Mozilla/5.0 (compatible; bingbot/2.0; +http://www.bing.com/bingbot.htm)"
157.55.39.72 - - [19/Dec/2022:14:09:29 +0100] "GET /cds/astazi.html HTTP/1.1" 404 - "-" "Mozilla/5.0 AppleWebKit/537.36 (KHTML, like Gecko; compatible; bingbot/2.0; +http://www.bing.com/bingbot.htm) Chrome/103.0.5060.134 Safari/537.36"
80.148.18.172 - - [19/Dec/2022:14:22:45 +0100] "GET / HTTP/1.1" 404 - "-" "Mozilla/5.0 (Macintosh; Intel Mac OS X 10_15_7) AppleWebKit/605.1.15 (KHTML, like Gecko) Version/15.4 Safari/605.1.15"
52.156.127.202 - - [19/Dec/2022:14:36:51 +0100] "GET /robots.txt HTTP/1.1" 404 - "-" "Mozilla/5.0 (Windows NT 10.0; Win64; x64) AppleWebKit/537.36 (KHTML, like Gecko) Chrome/99.0.4844.74 Safari/537.36 Edg/99.0.1150.55"
52.156.127.202 - - [19/Dec/2022:14:36:51 +0100] "GET /buecher/gesichter/28.jpg HTTP/1.1" 404 - "-" "Mozilla/5.0 (Windows NT 10.0; Win64; x64) AppleWebKit/537.36 (KHTML, like Gecko) Chrome/99.0.4844.74 Safari/537.36 Edg/99.0.1150.55"
35.205.82.137 - - [19/Dec/2022:15:02:53 +0100] "GET /robots.txt HTTP/1.1" 404 - "-" "DnBCrawler-Analytics"
35.205.82.137 - - [19/Dec/2022:15:02:53 +0100] "GET / HTTP/1.1" 404 - "-" "DnBCrawler-Analytics"
20.112.10.236 - - [19/Dec/2022:15:16:10 +0100] "GET /robots.txt HTTP/1.1" 404 - "-" "Mozilla/5.0 (Windows NT 10.0; Win64; x64) AppleWebKit/537.36 (KHTML, like Gecko) Chrome/99.0.4844.74 Safari/537.36 Edg/99.0.1150.55"
20.112.10.236 - - [19/Dec/2022:15:16:10 +0100] "GET /buecher/gesichter/30.jpg HTTP/1.1" 404 - "-" "Mozilla/5.0 (Windows NT 10.0; Win64; x64) AppleWebKit/537.36 (KHTML, like Gecko) Chrome/99.0.4844.74 Safari/537.36 Edg/99.0.1150.55"
85.25.177.219 - - [19/Dec/2022:17:08:09 +0100] "GET /robots.txt HTTP/1.1" 404 - "-" "Mozilla/5.0 (Macintosh; Intel Mac OS X 10.15; rv:103.0) Gecko/20100101 Firefox/103.0"
85.25.177.219 - - [19/Dec/2022:17:08:09 +0100] "GET /sitemap.xml HTTP/1.1" 404 - "-" "Mozilla/5.0 (Macintosh; Intel Mac OS X 10.15; rv:103.0) Gecko/20100101 Firefox/103.0"
85.25.177.219 - - [19/Dec/2022:17:08:10 +0100] "GET / HTTP/1.1" 404 - "-" "Mozilla/5.0 (Macintosh; Intel Mac OS X 10.15; rv:103.0) Gecko/20100101 Firefox/103.0"
143.198.129.183 - - [19/Dec/2022:17:21:26 +0100] "GET / HTTP/1.1" 404 - "-" "Mozilla/5.0 (Windows NT 10.0; Win64; x64) AppleWebKit/537.36 (KHTML, like Gecko) Chrome/70.0.3538.77 Safari/537.36"
85.25.177.219 - - [19/Dec/2022:17:22:07 +0100] "GET /robots.txt HTTP/1.1" 404 - "-" "Mozilla/5.0 (Macintosh; Intel Mac OS X 10.15; rv:103.0) Gecko/20100101 Firefox/103.0"
85.25.177.219 - - [19/Dec/2022:17:22:07 +0100] "GET /sitemap.xml HTTP/1.1" 404 - "-" "Mozilla/5.0 (Macintosh; Intel Mac OS X 10.15; rv:103.0) Gecko/20100101 Firefox/103.0"
85.25.177.219 - - [19/Dec/2022:17:22:08 +0100] "GET / HTTP/1.1" 404 - "-" "Mozilla/5.0 (Macintosh; Intel Mac OS X 10.15; rv:103.0) Gecko/20100101 Firefox/103.0"
51.222.253.5 - - [19/Dec/2022:17:46:15 +0100] "GET /robots.txt HTTP/1.1" 404 - "-" "Mozilla/5.0 (compatible; AhrefsBot/7.0; +http://ahrefs.com/robot/)"
35.233.90.68 - - [19/Dec/2022:17:59:28 +0100] "HEAD / HTTP/1.1" 404 - "-" "Apache-HttpClient/4.5.5 (Java/11.0.9)"
35.233.90.68 - - [19/Dec/2022:17:59:28 +0100] "GET / HTTP/1.1" 404 - "-" "Apache-HttpClient/4.5.5 (Java/11.0.9)"
35.233.90.68 - - [19/Dec/2022:17:59:28 +0100] "GET / HTTP/1.1" 404 - "-" "Apache-HttpClient/4.5.5 (Java/11.0.9)"
35.233.90.68 - - [19/Dec/2022:17:59:28 +0100] "GET / HTTP/1.1" 404 - "-" "Apache-HttpClient/4.5.5 (Java/11.0.9)"
35.233.90.68 - - [19/Dec/2022:17:59:28 +0100] "GET / HTTP/1.1" 404 - "-" "Apache-HttpClient/4.5.5 (Java/11.0.9)"
35.233.90.68 - - [19/Dec/2022:17:59:28 +0100] "GET / HTTP/1.1" 404 - "-" "Apache-HttpClient/4.5.5 (Java/11.0.9)"
2.57.122.233 - - [19/Dec/2022:19:31:25 +0100] "GET / HTTP/1.1" 404 - "-" "Mozilla/5.0 (Macintosh; Intel Mac OS X 10_11_2) AppleWebKit/601.3.9 (KHTML, like Gecko) Version/9.0.2 Safari/601.3.9"
2.57.122.233 - - [19/Dec/2022:19:31:25 +0100] "GET /favicon.ico HTTP/1.1" 404 - "-" "Mozilla/5.0 (Macintosh; Intel Mac OS X 10_11_2) AppleWebKit/601.3.9 (KHTML, like Gecko) Version/9.0.2 Safari/601.3.9"
85.25.177.219 - - [19/Dec/2022:19:32:56 +0100] "GET /robots.txt HTTP/1.1" 404 - "-" "Mozilla/5.0 (Macintosh; Intel Mac OS X 10.15; rv:103.0) Gecko/20100101 Firefox/103.0"
85.25.177.219 - - [19/Dec/2022:19:32:56 +0100] "GET / HTTP/1.1" 404 - "-" "Mozilla/5.0 (Macintosh; Intel Mac OS X 10.15; rv:103.0) Gecko/20100101 Firefox/103.0"
85.25.177.219 - - [19/Dec/2022:19:32:58 +0100] "GET /sitemap.xml HTTP/1.1" 404 - "-" "Mozilla/5.0 (Macintosh; Intel Mac OS X 10.15; rv:103.0) Gecko/20100101 Firefox/103.0"
85.25.177.219 - - [19/Dec/2022:19:49:36 +0100] "GET /robots.txt HTTP/1.1" 404 - "-" "Mozilla/5.0 (Macintosh; Intel Mac OS X 10.15; rv:103.0) Gecko/20100101 Firefox/103.0"
85.25.177.219 - - [19/Dec/2022:19:49:36 +0100] "GET / HTTP/1.1" 404 - "-" "Mozilla/5.0 (Macintosh; Intel Mac OS X 10.15; rv:103.0) Gecko/20100101 Firefox/103.0"
85.25.177.219 - - [19/Dec/2022:19:49:37 +0100] "GET /sitemap.xml HTTP/1.1" 404 - "-" "Mozilla/5.0 (Macintosh; Intel Mac OS X 10.15; rv:103.0) Gecko/20100101 Firefox/103.0"
17.241.219.5 - - [19/Dec/2022:20:04:40 +0100] "GET /robots.txt HTTP/1.1" 404 - "-" "Mozilla/5.0 (Macintosh; Intel Mac OS X 10_15_5) AppleWebKit/605.1.15 (KHTML, like Gecko) Version/13.1.1 Safari/605.1.15 (Applebot/0.1; +http://www.apple.com/go/applebot)"
17.241.219.5 - - [19/Dec/2022:20:04:41 +0100] "GET /sonderthemen/oeaz2001.pdf HTTP/1.1" 404 - "-" "Mozilla/5.0 (Macintosh; Intel Mac OS X 10_15_5) AppleWebKit/605.1.15 (KHTML, like Gecko) Version/13.1.1 Safari/605.1.15 (Applebot/0.1; +http://www.apple.com/go/applebot)"
80.148.18.172 - - [19/Dec/2022:20:17:59 +0100] "GET / HTTP/1.1" 404 - "-" "Mozilla/5.0 (Windows NT 10.0; Win64; x64) AppleWebKit/537.36 (KHTML, like Gecko) Chrome/100.0.4896.79 Safari/537.36"
157.55.39.72 - - [19/Dec/2022:20:31:58 +0100] "GET /cds/astazi.html HTTP/1.1" 404 - "-" "Mozilla/5.0 AppleWebKit/537.36 (KHTML, like Gecko; compatible; bingbot/2.0; +http://www.bing.com/bingbot.htm) Chrome/103.0.5060.134 Safari/537.36"
157.90.91.229 - - [19/Dec/2022:22:55:08 +0100] "GET /robots.txt HTTP/1.1" 404 - "-" "Mozilla/5.0 (compatible; BLEXBot/1.0; +http://webmeup-crawler.com/)"
157.90.91.229 - - [19/Dec/2022:22:55:13 +0100] "GET /sitemap HTTP/1.1" 404 - "-" "Mozilla/5.0 (compatible; BLEXBot/1.0; +http://webmeup-crawler.com/)"
157.90.91.229 - - [19/Dec/2022:22:55:17 +0100] "GET /sitemap.txt HTTP/1.1" 404 - "-" "Mozilla/5.0 (compatible; BLEXBot/1.0; +http://webmeup-crawler.com/)"
157.90.91.229 - - [19/Dec/2022:22:55:21 +0100] "GET / HTTP/1.1" 404 - "-" "Mozilla/5.0 (compatible; BLEXBot/1.0; +http://webmeup-crawler.com/)"
157.90.91.229 - - [19/Dec/2022:22:55:27 +0100] "GET /buecher/ HTTP/1.1" 404 - "-" "Mozilla/5.0 (compatible; BLEXBot/1.0; +http://webmeup-crawler.com/)"
37.139.53.181 - - [19/Dec/2022:23:14:53 +0100] "GET / HTTP/1.0" 404 - "https://shodrazval.com/" "Mozilla/5.0 (Windows NT 6.1) AppleWebKit/537.36 (KHTML, like Gecko) Chrome/90.0.4430.72 Safari/537.36"
37.139.53.181 - - [19/Dec/2022:23:14:53 +0100] "GET / HTTP/1.0" 404 - "https://shodrazval.com/" "Mozilla/5.0 (Windows NT 6.1) AppleWebKit/537.36 (KHTML, like Gecko) Chrome/90.0.4430.72 Safari/537.36"
37.139.53.181 - - [19/Dec/2022:23:14:55 +0100] "GET / HTTP/1.0" 404 - "https://shodrazval.com/" "Mozilla/5.0 (Windows NT 6.2; Win64; x64) AppleWebKit/537.36 (KHTML, like Gecko) Chrome/90.0.4430.93 Safari/537.36"
37.139.53.181 - - [19/Dec/2022:23:14:55 +0100] "GET / HTTP/1.0" 404 - "https://shodrazval.com/" "Mozilla/5.0 (Windows NT 6.2; Win64; x64) AppleWebKit/537.36 (KHTML, like Gecko) Chrome/90.0.4430.93 Safari/537.36"
85.25.177.219 - - [20/Dec/2022:01:26:08 +0100] "GET /robots.txt HTTP/1.1" 404 - "-" "Mozilla/5.0 (Macintosh; Intel Mac OS X 10.15; rv:103.0) Gecko/20100101 Firefox/103.0"
85.25.177.219 - - [20/Dec/2022:01:26:08 +0100] "GET /buecher/ HTTP/1.1" 404 - "-" "Mozilla/5.0 (Macintosh; Intel Mac OS X 10.15; rv:103.0) Gecko/20100101 Firefox/103.0"
194.169.175.135 - - [20/Dec/2022:02:09:25 +0100] "GET /wp-content/uploads/ HTTP/1.1" 404 - "-" "Mozlila/5.0 (Linux; Android 7.0; SM-G892A Bulid/NRD90M; wv) AppleWebKit/537.36 (KHTML, like Gecko) Version/4.0 Chrome/60.0.3112.107 Moblie Safari/537.36"
194.169.175.135 - - [20/Dec/2022:02:09:29 +0100] "GET /wp-includes/ HTTP/1.1" 404 - "-" "Mozlila/5.0 (Linux; Android 7.0; SM-G892A Bulid/NRD90M; wv) AppleWebKit/537.36 (KHTML, like Gecko) Version/4.0 Chrome/60.0.3112.107 Moblie Safari/537.36"
194.169.175.135 - - [20/Dec/2022:02:09:35 +0100] "GET /.well-known/ HTTP/1.1" 404 - "-" "Mozlila/5.0 (Linux; Android 7.0; SM-G892A Bulid/NRD90M; wv) AppleWebKit/537.36 (KHTML, like Gecko) Version/4.0 Chrome/60.0.3112.107 Moblie Safari/537.36"
194.169.175.135 - - [20/Dec/2022:02:09:39 +0100] "GET /.well-knownold/ HTTP/1.1" 404 - "-" "Mozlila/5.0 (Linux; Android 7.0; SM-G892A Bulid/NRD90M; wv) AppleWebKit/537.36 (KHTML, like Gecko) Version/4.0 Chrome/60.0.3112.107 Moblie Safari/537.36"
194.169.175.135 - - [20/Dec/2022:02:10:15 +0100] "GET /.well-known/acme-challenge/ HTTP/1.1" 404 - "-" "Mozlila/5.0 (Linux; Android 7.0; SM-G892A Bulid/NRD90M; wv) AppleWebKit/537.36 (KHTML, like Gecko) Version/4.0 Chrome/60.0.3112.107 Moblie Safari/537.36"
194.169.175.135 - - [20/Dec/2022:02:10:45 +0100] "GET /wp-content/ HTTP/1.1" 404 - "-" "Mozlila/5.0 (Linux; Android 7.0; SM-G892A Bulid/NRD90M; wv) AppleWebKit/537.36 (KHTML, like Gecko) Version/4.0 Chrome/60.0.3112.107 Moblie Safari/537.36"
194.169.175.135 - - [20/Dec/2022:03:05:38 +0100] "GET /wp-admin/admin-ajax.php?action=revslider_show_image&img=../wp-config.php HTTP/1.1" 404 - "www.google.com" "Mozlila/5.0 (Linux; Android 7.0; SM-G892A Bulid/NRD90M; wv) AppleWebKit/537.36 (KHTML, like Gecko) Version/4.0 Chrome/60.0.3112.107 Moblie Safari/537.36"
85.25.177.219 - - [20/Dec/2022:03:31:07 +0100] "GET /robots.txt HTTP/1.1" 404 - "-" "Mozilla/5.0 (Macintosh; Intel Mac OS X 10.15; rv:103.0) Gecko/20100101 Firefox/103.0"
85.25.177.219 - - [20/Dec/2022:03:31:07 +0100] "GET /buecher/ HTTP/1.1" 404 - "-" "Mozilla/5.0 (Macintosh; Intel Mac OS X 10.15; rv:103.0) Gecko/20100101 Firefox/103.0"
85.25.177.219 - - [20/Dec/2022:05:35:04 +0100] "GET /robots.txt HTTP/1.1" 404 - "-" "Mozilla/5.0 (Macintosh; Intel Mac OS X 10.15; rv:103.0) Gecko/20100101 Firefox/103.0"
85.25.177.219 - - [20/Dec/2022:05:35:04 +0100] "GET /buecher/ HTTP/1.1" 404 - "-" "Mozilla/5.0 (Macintosh; Intel Mac OS X 10.15; rv:103.0) Gecko/20100101 Firefox/103.0"
114.119.130.202 - - [20/Dec/2022:06:09:07 +0100] "GET /robots.txt HTTP/1.1" 404 - "-" "Mozilla/5.0 (compatible;PetalBot;+https://webmaster.petalsearch.com/site/petalbot)"
87.250.224.92 - - [20/Dec/2022:06:29:29 +0100] "GET /robots.txt HTTP/1.1" 404 - "-" "Mozilla/5.0 (compatible; YandexBot/3.0; +http://yandex.com/bots)"
87.250.224.92 - - [20/Dec/2022:06:29:33 +0100] "GET /sonderthemen/oeaz2001.pdf HTTP/1.1" 404 - "-" "Mozilla/5.0 (compatible; YandexBot/3.0; +http://yandex.com/bots)"
157.55.39.40 - - [20/Dec/2022:06:46:33 +0100] "GET /sonderthemen/sk2004.pdf HTTP/1.1" 404 - "-" "Mozilla/5.0 (compatible; bingbot/2.0; +http://www.bing.com/bingbot.htm)"
104.238.188.102 - - [20/Dec/2022:09:57:27 +0100] "GET / HTTP/1.1" 404 - "-" "Mozilla/5.0 (Macintosh; Intel Mac OS X 10_11_5) AppleWebKit/537.36 (KHTML, like Gecko) Chrome/50.0.2661.102 Safari/537.36"
37.139.53.181 - - [20/Dec/2022:12:52:45 +0100] "GET / HTTP/1.0" 404 - "https://avtoservis-peugeot.ru/" "Mozilla/5.0 (Windows NT 6.1; Win64; x64) AppleWebKit/537.36 (KHTML, like Gecko) Chrome/90.0.4430.85 Safari/537.36 Edg/90.0.818.49"
37.139.53.181 - - [20/Dec/2022:12:52:46 +0100] "GET / HTTP/1.0" 404 - "https://avtoservis-peugeot.ru/" "Mozilla/5.0 (Windows NT 6.1; Win64; x64) AppleWebKit/537.36 (KHTML, like Gecko) Chrome/90.0.4430.85 Safari/537.36 Edg/90.0.818.49"
37.139.53.181 - - [20/Dec/2022:12:52:48 +0100] "GET / HTTP/1.0" 404 - "https://avtoservis-peugeot.ru/" "Mozilla/5.0 (Windows NT 10.0; WOW64) AppleWebKit/537.36 (KHTML, like Gecko) Chrome/90.0.4430.93 Safari/537.36"
37.139.53.181 - - [20/Dec/2022:12:52:48 +0100] "GET / HTTP/1.0" 404 - "https://avtoservis-peugeot.ru/" "Mozilla/5.0 (Windows NT 10.0; WOW64) AppleWebKit/537.36 (KHTML, like Gecko) Chrome/90.0.4430.93 Safari/537.36"
114.119.156.250 - - [20/Dec/2022:12:54:15 +0100] "GET /sonderthemen/oekt_extra1.pdf HTTP/1.1" 404 - "http://www.morusverlag.de/sonderthemen/archiv.html" "Mozilla/5.0 (Linux; Android 7.0;) AppleWebKit/537.36 (KHTML, like Gecko) Mobile Safari/537.36 (compatible; PetalBot;+https://webmaster.petalsearch.com/site/petalbot)"
157.90.144.217 - - [20/Dec/2022:13:01:17 +0100] "GET /robots.txt HTTP/1.1" 404 - "-" "mindUpBot (datenbutler.de)"
157.90.144.217 - - [20/Dec/2022:13:01:22 +0100] "GET / HTTP/1.1" 404 - "-" "mindUpBot (datenbutler.de)"
157.55.39.72 - - [20/Dec/2022:13:32:49 +0100] "GET /cds/astazi.html HTTP/1.1" 404 - "-" "Mozilla/5.0 AppleWebKit/537.36 (KHTML, like Gecko; compatible; bingbot/2.0; +http://www.bing.com/bingbot.htm) Chrome/103.0.5060.134 Safari/537.36"
47.64.145.75 - - [20/Dec/2022:13:36:55 +0100] "GET / HTTP/1.1" 404 - "https://de.wikipedia.org/" "Mozilla/5.0 (Windows NT 10.0; Win64; x64; rv:102.0) Gecko/20100101 Firefox/102.0"
47.64.145.75 - - [20/Dec/2022:13:36:55 +0100] "GET /favicon.ico HTTP/1.1" 404 - "http://www.morusverlag.de/" "Mozilla/5.0 (Windows NT 10.0; Win64; x64; rv:102.0) Gecko/20100101 Firefox/102.0"
85.25.177.219 - - [20/Dec/2022:13:40:09 +0100] "GET /robots.txt HTTP/1.1" 404 - "-" "Mozilla/5.0 (Macintosh; Intel Mac OS X 10.15; rv:103.0) Gecko/20100101 Firefox/103.0"
85.25.177.219 - - [20/Dec/2022:13:40:10 +0100] "GET /jahrbuch/index.html HTTP/1.1" 404 - "-" "Mozilla/5.0 (Macintosh; Intel Mac OS X 10.15; rv:103.0) Gecko/20100101 Firefox/103.0"
85.25.177.219 - - [20/Dec/2022:15:53:32 +0100] "GET /robots.txt HTTP/1.1" 404 - "-" "Mozilla/5.0 (Macintosh; Intel Mac OS X 10.15; rv:103.0) Gecko/20100101 Firefox/103.0"
85.25.177.219 - - [20/Dec/2022:15:53:32 +0100] "GET /jahrbuch/index.html HTTP/1.1" 404 - "-" "Mozilla/5.0 (Macintosh; Intel Mac OS X 10.15; rv:103.0) Gecko/20100101 Firefox/103.0"
195.113.175.41 - - [20/Dec/2022:16:16:33 +0100] "GET /robots.txt HTTP/1.1" 404 - "-" "hgfAlphaXCrawl/1.0 (+https://www.fim.uni-passau.de/data-science/forschung/open-search)"
195.113.175.41 - - [20/Dec/2022:16:16:33 +0100] "GET /jahrbuch/index.html HTTP/1.1" 404 - "-" "hgfAlphaXCrawl/1.0 (+https://www.fim.uni-passau.de/data-science/forschung/open-search)"
34.79.114.255 - - [20/Dec/2022:17:50:44 +0100] "GET / HTTP/1.1" 404 - "-" "Mozilla/5.0 (Windows NT 10.0; Win64; x64) AppleWebKit/537.36 (KHTML, like Gecko) Chrome/84.0.4147.105 Safari/537.36"
34.140.49.110 - - [20/Dec/2022:17:55:04 +0100] "HEAD / HTTP/1.1" 404 - "-" "Apache-HttpClient/4.5.5 (Java/11.0.9)"
34.140.49.110 - - [20/Dec/2022:17:55:04 +0100] "GET / HTTP/1.1" 404 - "-" "Apache-HttpClient/4.5.5 (Java/11.0.9)"
34.140.49.110 - - [20/Dec/2022:17:55:04 +0100] "GET / HTTP/1.1" 404 - "-" "Apache-HttpClient/4.5.5 (Java/11.0.9)"
34.140.49.110 - - [20/Dec/2022:17:55:04 +0100] "GET / HTTP/1.1" 404 - "-" "Apache-HttpClient/4.5.5 (Java/11.0.9)"
34.140.49.110 - - [20/Dec/2022:17:55:04 +0100] "GET / HTTP/1.1" 404 - "-" "Apache-HttpClient/4.5.5 (Java/11.0.9)"
34.140.49.110 - - [20/Dec/2022:17:55:04 +0100] "GET / HTTP/1.1" 404 - "-" "Apache-HttpClient/4.5.5 (Java/11.0.9)"
85.25.177.219 - - [20/Dec/2022:17:56:46 +0100] "GET /robots.txt HTTP/1.1" 404 - "-" "Mozilla/5.0 (Macintosh; Intel Mac OS X 10.15; rv:103.0) Gecko/20100101 Firefox/103.0"
85.25.177.219 - - [20/Dec/2022:17:56:46 +0100] "GET /jahrbuch/index.html HTTP/1.1" 404 - "-" "Mozilla/5.0 (Macintosh; Intel Mac OS X 10.15; rv:103.0) Gecko/20100101 Firefox/103.0"
66.249.64.201 - - [20/Dec/2022:18:08:38 +0100] "GET /robots.txt HTTP/1.1" 404 - "-" "Mozilla/5.0 (compatible; Googlebot/2.1; +http://www.google.com/bot.html)"
66.249.64.205 - - [20/Dec/2022:18:08:38 +0100] "GET /sonderthemen/archiv.html HTTP/1.1" 404 - "-" "Mozilla/5.0 (Linux; Android 6.0.1; Nexus 5X Build/MMB29P) AppleWebKit/537.36 (KHTML, like Gecko) Chrome/107.0.5304.115 Mobile Safari/537.36 (compatible; Googlebot/2.1; +http://www.google.com/bot.html)"
66.249.64.201 - - [20/Dec/2022:18:31:07 +0100] "GET /cds/hymnos_akathistos.html HTTP/1.1" 404 - "-" "Mozilla/5.0 (Linux; Android 6.0.1; Nexus 5X Build/MMB29P) AppleWebKit/537.36 (KHTML, like Gecko) Chrome/107.0.5304.115 Mobile Safari/537.36 (compatible; Googlebot/2.1; +http://www.google.com/bot.html)"
66.249.64.205 - - [20/Dec/2022:19:31:08 +0100] "GET /gotteslob/ HTTP/1.1" 404 - "-" "Mozilla/5.0 (compatible; Googlebot/2.1; +http://www.google.com/bot.html)"
95.163.255.211 - - [20/Dec/2022:20:03:56 +0100] "GET /robots.txt HTTP/1.0" 404 - "-" "Mozilla/5.0 (compatible; Linux x86_64; Mail.RU_Bot/2.0; +https://help.mail.ru/webmaster/indexing/robots)"
95.163.255.202 - - [20/Dec/2022:20:03:57 +0100] "GET / HTTP/1.1" 404 - "-" "Mozilla/5.0 (compatible; Linux x86_64; Mail.RU_Bot/2.0; +https://help.mail.ru/webmaster/indexing/robots)"
212.236.40.78 - - [20/Dec/2022:21:36:09 +0100] "GET / HTTP/1.1" 404 - "-" "Mozilla/5.0 (Windows NT 5.1; rv:52.0) Gecko/20100101 Firefox/52.0"
212.236.40.78 - - [20/Dec/2022:21:36:09 +0100] "GET /favicon.ico HTTP/1.1" 404 - "-" "Mozilla/5.0 (Windows NT 5.1; rv:52.0) Gecko/20100101 Firefox/52.0"
212.236.40.78 - - [20/Dec/2022:21:36:09 +0100] "GET /favicon.ico HTTP/1.1" 404 - "-" "Mozilla/5.0 (Windows NT 5.1; rv:52.0) Gecko/20100101 Firefox/52.0"
66.249.64.201 - - [20/Dec/2022:22:52:22 +0100] "GET /gotteslob/index.html HTTP/1.1" 404 - "-" "Mozilla/5.0 (compatible; Googlebot/2.1; +http://www.google.com/bot.html)"
37.139.53.181 - - [20/Dec/2022:23:13:36 +0100] "GET / HTTP/1.0" 404 - "https://pechi-na-zakaz.ru/" "Mozilla/5.0 (Windows NT 6.2; Win64; x64) AppleWebKit/537.36 (KHTML, like Gecko) Chrome/90.0.4430.72 Safari/537.36"
37.139.53.181 - - [20/Dec/2022:23:13:36 +0100] "GET / HTTP/1.0" 404 - "https://pechi-na-zakaz.ru/" "Mozilla/5.0 (Windows NT 6.2; Win64; x64) AppleWebKit/537.36 (KHTML, like Gecko) Chrome/90.0.4430.72 Safari/537.36"
37.139.53.181 - - [20/Dec/2022:23:13:38 +0100] "GET / HTTP/1.0" 404 - "https://pechi-na-zakaz.ru/" "Mozilla/5.0 (Windows NT 6.3; Win64; x64) AppleWebKit/537.36 (KHTML, like Gecko) Chrome/90.0.4430.93 Safari/537.36"
37.139.53.181 - - [20/Dec/2022:23:13:38 +0100] "GET / HTTP/1.0" 404 - "https://pechi-na-zakaz.ru/" "Mozilla/5.0 (Windows NT 6.3; Win64; x64) AppleWebKit/537.36 (KHTML, like Gecko) Chrome/90.0.4430.93 Safari/537.36"
5.102.173.71 - - [20/Dec/2022:23:40:43 +0100] "GET /robots.txt HTTP/1.1" 404 - "-" "Mozilla/5.0 (compatible; MojeekBot/0.11; +https://www.mojeek.com/bot.html)"
5.102.173.71 - - [20/Dec/2022:23:40:43 +0100] "GET /gotteslob/bestellung.php?G2=1 HTTP/1.1" 404 - "-" "Mozilla/5.0 (compatible; MojeekBot/0.11; +https://www.mojeek.com/bot.html)"
85.215.105.55 - - [21/Dec/2022:01:34:21 +0100] "POST /wp-content/admin.php HTTP/1.1" 404 - "www.google.com" "Mozlila/5.0 (Linux; Android 7.0; SM-G892A Bulid/NRD90M; wv) AppleWebKit/537.36 (KHTML, like Gecko) Version/4.0 Chrome/60.0.3112.107 Moblie Safari/537.36"
47.92.152.150 - - [21/Dec/2022:01:36:36 +0100] "HEAD / HTTP/1.1" 404 - "-" "Mozilla/5.0 (linux; u; android 9; zh-cn; v1816a build/pkq1.180819.001) applewebkit/537.36 (khtml, like gecko) version/4.0 chrome/57"
47.92.152.150 - - [21/Dec/2022:01:36:37 +0100] "GET / HTTP/1.1" 404 - "-" "Mozilla/5.0 (linux; u; android 9; zh-cn; v1816a build/pkq1.180819.001) applewebkit/537.36 (khtml, like gecko) version/4.0 chrome/57"
54.36.149.26 - - [21/Dec/2022:05:58:18 +0100] "GET /robots.txt HTTP/1.1" 404 - "-" "Mozilla/5.0 (compatible; AhrefsBot/7.0; +http://ahrefs.com/robot/)"
208.100.26.248 - - [21/Dec/2022:06:05:18 +0100] "GET / HTTP/1.1" 404 - "-" "Mozilla/5.0 (Macintosh; Intel Mac OS X 10_15_6) AppleWebKit/537.36 (KHTML, like Gecko) Chrome/86.0.4216.0 Safari/537.36 Edg/86.0.598.0"
209.141.55.120 - - [21/Dec/2022:06:23:36 +0100] "GET / HTTP/1.1" 404 - "-" "Mozilla/5.0 (Macintosh; Intel Mac OS X 10_15_7) AppleWebKit/537.36 (KHTML, like Gecko) Chrome/96.0.4664.110 Safari/537.36"
209.141.55.120 - - [21/Dec/2022:06:23:37 +0100] "GET /favicon.ico HTTP/1.1" 404 - "-" "Mozilla/5.0 (Macintosh; Intel Mac OS X 10_15_7) AppleWebKit/537.36 (KHTML, like Gecko) Chrome/96.0.4664.110 Safari/537.36"
185.181.60.12 - - [21/Dec/2022:10:41:03 +0100] "GET / HTTP/1.1" 404 - "-" "Mozilla/5.0 (Windows NT 10.0; Win64; x64) AppleWebKit/537.36 (KHTML, like Gecko) Chrome/91.0.4472.114 Safari/537.36 Edg/91.0.864.54"
93.241.225.56 - - [21/Dec/2022:11:44:55 +0100] "GET / HTTP/1.1" 404 - "-" "Mozilla/5.0 (Macintosh; Intel Mac OS X 10_15_7) AppleWebKit/605.1.15 (KHTML, like Gecko) Version/16.2 Safari/605.1.15"
93.241.225.56 - - [21/Dec/2022:11:44:55 +0100] "GET /favicon.ico HTTP/1.1" 404 - "http://www.morusverlag.de/" "Mozilla/5.0 (Macintosh; Intel Mac OS X 10_15_7) AppleWebKit/605.1.15 (KHTML, like Gecko) Version/16.2 Safari/605.1.15"
114.119.133.120 - - [21/Dec/2022:12:19:50 +0100] "GET /robots.txt HTTP/1.1" 404 - "-" "Mozilla/5.0 (compatible;PetalBot;+https://webmaster.petalsearch.com/site/petalbot)"
52.156.127.202 - - [21/Dec/2022:13:37:43 +0100] "GET /robots.txt HTTP/1.1" 404 - "-" "Mozilla/5.0 (Windows NT 10.0; Win64; x64) AppleWebKit/537.36 (KHTML, like Gecko) Chrome/99.0.4844.74 Safari/537.36 Edg/99.0.1150.55"
52.156.127.202 - - [21/Dec/2022:13:37:43 +0100] "GET /buecher/gesichter/25.jpg HTTP/1.1" 404 - "-" "Mozilla/5.0 (Windows NT 10.0; Win64; x64) AppleWebKit/537.36 (KHTML, like Gecko) Chrome/99.0.4844.74 Safari/537.36 Edg/99.0.1150.55"
157.55.39.72 - - [21/Dec/2022:13:40:27 +0100] "GET /cds/astazi.html HTTP/1.1" 404 - "-" "Mozilla/5.0 AppleWebKit/537.36 (KHTML, like Gecko; compatible; bingbot/2.0; +http://www.bing.com/bingbot.htm) Chrome/103.0.5060.134 Safari/537.36"
52.156.127.202 - - [21/Dec/2022:13:48:34 +0100] "GET /robots.txt HTTP/1.1" 404 - "-" "Mozilla/5.0 (Windows NT 10.0; Win64; x64) AppleWebKit/537.36 (KHTML, like Gecko) Chrome/99.0.4844.74 Safari/537.36 Edg/99.0.1150.55"
52.156.127.202 - - [21/Dec/2022:13:48:34 +0100] "GET /buecher/gesichter/06.jpg HTTP/1.1" 404 - "-" "Mozilla/5.0 (Windows NT 10.0; Win64; x64) AppleWebKit/537.36 (KHTML, like Gecko) Chrome/99.0.4844.74 Safari/537.36 Edg/99.0.1150.55"
37.139.53.181 - - [21/Dec/2022:14:42:50 +0100] "GET / HTTP/1.0" 404 - "https://avtoservis-chevrolet.ru/" "Mozilla/5.0 (Windows NT 6.3; Win64; x64) AppleWebKit/537.36 (KHTML, like Gecko) Chrome/90.0.4430.85 Safari/537.36 Edg/90.0.818.46"
37.139.53.181 - - [21/Dec/2022:14:42:50 +0100] "GET / HTTP/1.0" 404 - "https://avtoservis-chevrolet.ru/" "Mozilla/5.0 (Windows NT 6.3; Win64; x64) AppleWebKit/537.36 (KHTML, like Gecko) Chrome/90.0.4430.85 Safari/537.36 Edg/90.0.818.46"
37.139.53.181 - - [21/Dec/2022:14:42:53 +0100] "GET / HTTP/1.0" 404 - "https://avtoservis-chevrolet.ru/" "Mozilla/5.0 (Windows NT 10.0; WOW64) AppleWebKit/537.36 (KHTML, like Gecko) Chrome/90.0.4400.8 Safari/537.36"
37.139.53.181 - - [21/Dec/2022:14:42:53 +0100] "GET / HTTP/1.0" 404 - "https://avtoservis-chevrolet.ru/" "Mozilla/5.0 (Windows NT 10.0; WOW64) AppleWebKit/537.36 (KHTML, like Gecko) Chrome/90.0.4400.8 Safari/537.36"
84.112.87.140 - - [21/Dec/2022:15:09:15 +0100] "GET /sonderthemen/oeaz2002.pdf HTTP/1.1" 404 - "-" "Mozilla/5.0 (Windows NT 10.0; Win64; x64) AppleWebKit/537.36 (KHTML, like Gecko) Chrome/108.0.0.0 Safari/537.36"
84.112.87.140 - - [21/Dec/2022:15:09:15 +0100] "GET /favicon.ico HTTP/1.1" 404 - "http://www.morusverlag.de/sonderthemen/oeaz2002.pdf" "Mozilla/5.0 (Windows NT 10.0; Win64; x64) AppleWebKit/537.36 (KHTML, like Gecko) Chrome/108.0.0.0 Safari/537.36"
5.188.86.198 - - [21/Dec/2022:15:52:12 +0100] "GET /wp-login.php HTTP/1.1" 404 - "-" "Mozilla/5.0 (Windows NT 10.0; Win64; x64) AppleWebKit/537.36 (KHTML, like Gecko) Chrome/64.0.3282.140 Safari/537.36 Edge/18.17763"
34.77.78.53 - - [21/Dec/2022:17:49:19 +0100] "HEAD / HTTP/1.1" 404 - "-" "Apache-HttpClient/4.5.5 (Java/11.0.9)"
34.77.78.53 - - [21/Dec/2022:17:49:19 +0100] "GET / HTTP/1.1" 404 - "-" "Apache-HttpClient/4.5.5 (Java/11.0.9)"
34.77.78.53 - - [21/Dec/2022:17:49:19 +0100] "GET / HTTP/1.1" 404 - "-" "Apache-HttpClient/4.5.5 (Java/11.0.9)"
34.77.78.53 - - [21/Dec/2022:17:49:19 +0100] "GET / HTTP/1.1" 404 - "-" "Apache-HttpClient/4.5.5 (Java/11.0.9)"
34.77.78.53 - - [21/Dec/2022:17:49:19 +0100] "GET / HTTP/1.1" 404 - "-" "Apache-HttpClient/4.5.5 (Java/11.0.9)"
34.77.78.53 - - [21/Dec/2022:17:49:20 +0100] "GET / HTTP/1.1" 404 - "-" "Apache-HttpClient/4.5.5 (Java/11.0.9)"
34.75.101.33 - - [21/Dec/2022:19:55:05 +0100] "GET /robots.txt HTTP/1.0" 404 - "-" "ZoominfoBot (zoominfobot at zoominfo dot com)"
34.75.101.33 - - [21/Dec/2022:19:55:05 +0100] "GET / HTTP/1.0" 404 - "-" "ZoominfoBot (zoominfobot at zoominfo dot com)"
66.249.74.71 - - [21/Dec/2022:21:08:35 +0100] "GET /robots.txt HTTP/1.1" 404 - "-" "Mozilla/5.0 (compatible; Googlebot/2.1; +http://www.google.com/bot.html)"
66.249.74.68 - - [21/Dec/2022:21:08:35 +0100] "GET / HTTP/1.1" 404 - "-" "Mozilla/5.0 (Linux; Android 6.0.1; Nexus 5X Build/MMB29P) AppleWebKit/537.36 (KHTML, like Gecko) Chrome/107.0.5304.115 Mobile Safari/537.36 (compatible; Googlebot/2.1; +http://www.google.com/bot.html)"
66.249.74.71 - - [21/Dec/2022:21:53:36 +0100] "GET / HTTP/1.1" 404 - "-" "Mozilla/5.0 (compatible; Googlebot/2.1; +http://www.google.com/bot.html)"
51.222.253.5 - - [21/Dec/2022:23:13:35 +0100] "GET /robots.txt HTTP/1.1" 404 - "-" "Mozilla/5.0 (compatible; AhrefsBot/7.0; +http://ahrefs.com/robot/)"
37.139.53.181 - - [22/Dec/2022:00:30:19 +0100] "GET / HTTP/1.0" 404 - "https://aferizt.com/" "Mozilla/5.0 (Windows NT 6.2; Win64; x64) AppleWebKit/537.36 (KHTML, like Gecko) Chrome/90.0.4430.72 Safari/537.36"
37.139.53.181 - - [22/Dec/2022:00:30:20 +0100] "GET / HTTP/1.0" 404 - "https://aferizt.com/" "Mozilla/5.0 (Windows NT 6.2; Win64; x64) AppleWebKit/537.36 (KHTML, like Gecko) Chrome/90.0.4430.72 Safari/537.36"
37.139.53.181 - - [22/Dec/2022:00:30:22 +0100] "GET / HTTP/1.0" 404 - "https://aferizt.com/" "Mozilla/5.0 (Windows NT 10.0; Win64; x64) AppleWebKit/537.36 (KHTML, like Gecko) Chrome/90.0.4430.72 Safari/537.36 Edg/90.0.818.42"
37.139.53.181 - - [22/Dec/2022:00:30:22 +0100] "GET / HTTP/1.0" 404 - "https://aferizt.com/" "Mozilla/5.0 (Windows NT 10.0; Win64; x64) AppleWebKit/537.36 (KHTML, like Gecko) Chrome/90.0.4430.72 Safari/537.36 Edg/90.0.818.42"
207.180.240.189 - - [22/Dec/2022:01:11:50 +0100] "HEAD /wordpress HTTP/1.1" 404 - "-" "Mozilla/5.0 (Windows NT 10.0; Win64; x64) AppleWebKit/537.36 (KHTML, like Gecko) Chrome/74.0.3729.169 Safari/537.36"
207.180.240.189 - - [22/Dec/2022:01:11:51 +0100] "HEAD / HTTP/1.1" 404 - "-" "Mozilla/5.0 (Windows NT 10.0; Win64; x64) AppleWebKit/537.36 (KHTML, like Gecko) Chrome/74.0.3729.169 Safari/537.36"
207.180.240.189 - - [22/Dec/2022:01:11:52 +0100] "HEAD /wp HTTP/1.1" 404 - "-" "Mozilla/5.0 (Windows NT 10.0; Win64; x64) AppleWebKit/537.36 (KHTML, like Gecko) Chrome/74.0.3729.169 Safari/537.36"
207.180.240.189 - - [22/Dec/2022:01:11:53 +0100] "HEAD /bc HTTP/1.1" 404 - "-" "Mozilla/5.0 (Windows NT 10.0; Win64; x64) AppleWebKit/537.36 (KHTML, like Gecko) Chrome/74.0.3729.169 Safari/537.36"
207.180.240.189 - - [22/Dec/2022:01:11:54 +0100] "HEAD /bk HTTP/1.1" 404 - "-" "Mozilla/5.0 (Windows NT 10.0; Win64; x64) AppleWebKit/537.36 (KHTML, like Gecko) Chrome/74.0.3729.169 Safari/537.36"
207.180.240.189 - - [22/Dec/2022:01:11:55 +0100] "HEAD /backup HTTP/1.1" 404 - "-" "Mozilla/5.0 (Windows NT 10.0; Win64; x64) AppleWebKit/537.36 (KHTML, like Gecko) Chrome/74.0.3729.169 Safari/537.36"
207.180.240.189 - - [22/Dec/2022:01:11:56 +0100] "HEAD /old HTTP/1.1" 404 - "-" "Mozilla/5.0 (Windows NT 10.0; Win64; x64) AppleWebKit/537.36 (KHTML, like Gecko) Chrome/74.0.3729.169 Safari/537.36"
207.180.240.189 - - [22/Dec/2022:01:11:57 +0100] "HEAD /new HTTP/1.1" 404 - "-" "Mozilla/5.0 (Windows NT 10.0; Win64; x64) AppleWebKit/537.36 (KHTML, like Gecko) Chrome/74.0.3729.169 Safari/537.36"
207.180.240.189 - - [22/Dec/2022:01:11:58 +0100] "HEAD /main HTTP/1.1" 404 - "-" "Mozilla/5.0 (Windows NT 10.0; Win64; x64) AppleWebKit/537.36 (KHTML, like Gecko) Chrome/74.0.3729.169 Safari/537.36"
207.180.240.189 - - [22/Dec/2022:01:11:58 +0100] "HEAD /home HTTP/1.1" 404 - "-" "Mozilla/5.0 (Windows NT 10.0; Win64; x64) AppleWebKit/537.36 (KHTML, like Gecko) Chrome/74.0.3729.169 Safari/537.36"
85.25.177.219 - - [22/Dec/2022:01:57:05 +0100] "GET /robots.txt HTTP/1.1" 404 - "-" "Mozilla/5.0 (Macintosh; Intel Mac OS X 10.15; rv:103.0) Gecko/20100101 Firefox/103.0"
85.25.177.219 - - [22/Dec/2022:01:57:05 +0100] "GET /sitemap.xml HTTP/1.1" 404 - "-" "Mozilla/5.0 (Macintosh; Intel Mac OS X 10.15; rv:103.0) Gecko/20100101 Firefox/103.0"
85.25.177.219 - - [22/Dec/2022:01:57:09 +0100] "GET / HTTP/1.1" 404 - "-" "Mozilla/5.0 (Macintosh; Intel Mac OS X 10.15; rv:103.0) Gecko/20100101 Firefox/103.0"
35.196.25.245 - - [22/Dec/2022:03:40:54 +0100] "GET /robots.txt HTTP/1.0" 404 - "-" "ZoominfoBot (zoominfobot at zoominfo dot com)"
35.196.25.245 - - [22/Dec/2022:03:40:55 +0100] "GET / HTTP/1.0" 404 - "-" "ZoominfoBot (zoominfobot at zoominfo dot com)"
85.25.177.219 - - [22/Dec/2022:04:48:14 +0100] "GET /robots.txt HTTP/1.1" 404 - "-" "Mozilla/5.0 (Macintosh; Intel Mac OS X 10.15; rv:103.0) Gecko/20100101 Firefox/103.0"
85.25.177.219 - - [22/Dec/2022:04:48:14 +0100] "GET /sitemap.xml HTTP/1.1" 404 - "-" "Mozilla/5.0 (Macintosh; Intel Mac OS X 10.15; rv:103.0) Gecko/20100101 Firefox/103.0"
85.25.177.219 - - [22/Dec/2022:05:26:19 +0100] "GET /robots.txt HTTP/1.1" 404 - "-" "Mozilla/5.0 (Macintosh; Intel Mac OS X 10.15; rv:103.0) Gecko/20100101 Firefox/103.0"
85.25.177.219 - - [22/Dec/2022:05:26:19 +0100] "GET /sitemap.xml HTTP/1.1" 404 - "-" "Mozilla/5.0 (Macintosh; Intel Mac OS X 10.15; rv:103.0) Gecko/20100101 Firefox/103.0"
85.25.177.219 - - [22/Dec/2022:05:26:20 +0100] "GET / HTTP/1.1" 404 - "-" "Mozilla/5.0 (Macintosh; Intel Mac OS X 10.15; rv:103.0) Gecko/20100101 Firefox/103.0"
85.25.177.219 - - [22/Dec/2022:08:13:41 +0100] "GET /robots.txt HTTP/1.1" 404 - "-" "Mozilla/5.0 (Macintosh; Intel Mac OS X 10.15; rv:103.0) Gecko/20100101 Firefox/103.0"
85.25.177.219 - - [22/Dec/2022:08:13:41 +0100] "GET /sitemap.xml HTTP/1.1" 404 - "-" "Mozilla/5.0 (Macintosh; Intel Mac OS X 10.15; rv:103.0) Gecko/20100101 Firefox/103.0"
52.156.127.202 - - [22/Dec/2022:08:21:41 +0100] "GET /robots.txt HTTP/1.1" 404 - "-" "Mozilla/5.0 (Windows NT 10.0; Win64; x64) AppleWebKit/537.36 (KHTML, like Gecko) Chrome/99.0.4844.74 Safari/537.36 Edg/99.0.1150.55"
52.156.127.202 - - [22/Dec/2022:08:21:41 +0100] "GET /buecher/gesichter/09.jpg HTTP/1.1" 404 - "-" "Mozilla/5.0 (Windows NT 10.0; Win64; x64) AppleWebKit/537.36 (KHTML, like Gecko) Chrome/99.0.4844.74 Safari/537.36 Edg/99.0.1150.55"
95.163.255.237 - - [22/Dec/2022:08:44:58 +0100] "GET /robots.txt HTTP/1.0" 404 - "-" "Mozilla/5.0 (compatible; Linux x86_64; Mail.RU_Bot/2.0; +https://help.mail.ru/webmaster/indexing/robots)"
95.163.255.199 - - [22/Dec/2022:08:44:59 +0100] "GET / HTTP/1.1" 404 - "-" "Mozilla/5.0 (compatible; Linux x86_64; Mail.RU_Bot/2.0; +https://help.mail.ru/webmaster/indexing/robots)"
142.132.229.209 - - [22/Dec/2022:09:05:08 +0100] "GET /robots.txt HTTP/1.1" 404 - "-" "mindUpBot (datenbutler.de)"
142.132.229.209 - - [22/Dec/2022:09:05:13 +0100] "GET / HTTP/1.1" 404 - "-" "mindUpBot (datenbutler.de)"
52.156.127.202 - - [22/Dec/2022:09:14:36 +0100] "GET /robots.txt HTTP/1.1" 404 - "-" "Mozilla/5.0 (Windows NT 10.0; Win64; x64) AppleWebKit/537.36 (KHTML, like Gecko) Chrome/99.0.4844.74 Safari/537.36 Edg/99.0.1150.55"
52.156.127.202 - - [22/Dec/2022:09:14:36 +0100] "GET /buecher/gesichter/28.jpg HTTP/1.1" 404 - "-" "Mozilla/5.0 (Windows NT 10.0; Win64; x64) AppleWebKit/537.36 (KHTML, like Gecko) Chrome/99.0.4844.74 Safari/537.36 Edg/99.0.1150.55"
85.25.177.219 - - [22/Dec/2022:11:21:52 +0100] "GET /robots.txt HTTP/1.1" 404 - "-" "Mozilla/5.0 (Macintosh; Intel Mac OS X 10.15; rv:103.0) Gecko/20100101 Firefox/103.0"
85.25.177.219 - - [22/Dec/2022:11:21:52 +0100] "GET /sitemap.xml HTTP/1.1" 404 - "-" "Mozilla/5.0 (Macintosh; Intel Mac OS X 10.15; rv:103.0) Gecko/20100101 Firefox/103.0"
85.25.177.219 - - [22/Dec/2022:11:21:54 +0100] "GET / HTTP/1.1" 404 - "-" "Mozilla/5.0 (Macintosh; Intel Mac OS X 10.15; rv:103.0) Gecko/20100101 Firefox/103.0"
34.139.205.20 - - [22/Dec/2022:11:42:37 +0100] "GET /robots.txt HTTP/1.0" 404 - "-" "ZoominfoBot (zoominfobot at zoominfo dot com)"
34.139.205.20 - - [22/Dec/2022:11:42:37 +0100] "GET / HTTP/1.0" 404 - "-" "ZoominfoBot (zoominfobot at zoominfo dot com)"
86.104.10.11 - - [22/Dec/2022:13:21:03 +0100] "GET /responsive_filemanager/plugin.min.js HTTP/1.1" 404 - "-" "Mozilla/5.0 (X11; Linux x187_64) AppleWebKit/537.31 (KHTML, like Gecko) Chrome/26.0.1410.63 Safari/537.31"
86.104.10.11 - - [22/Dec/2022:13:21:03 +0100] "GET /filemanager/plugin.min.js HTTP/1.1" 404 - "-" "Mozilla/5.0 (X11; Linux x188_64) AppleWebKit/537.31 (KHTML, like Gecko) Chrome/26.0.1410.63 Safari/537.31"
86.104.10.11 - - [22/Dec/2022:13:21:04 +0100] "GET /responsive_filemanager/filemanager/plugin.min.js HTTP/1.1" 404 - "-" "Mozilla/5.0 (X11; Linux x189_64) AppleWebKit/537.31 (KHTML, like Gecko) Chrome/26.0.1410.63 Safari/537.31"
86.104.10.11 - - [22/Dec/2022:13:21:04 +0100] "GET /responsivefilemanager/plugin.min.js HTTP/1.1" 404 - "-" "Mozilla/5.0 (X11; Linux x190_64) AppleWebKit/537.31 (KHTML, like Gecko) Chrome/26.0.1410.63 Safari/537.31"
86.104.10.11 - - [22/Dec/2022:13:21:04 +0100] "GET /js/responsive_filemanager/plugin.min.js HTTP/1.1" 404 - "-" "Mozilla/5.0 (X11; Linux x191_64) AppleWebKit/537.31 (KHTML, like Gecko) Chrome/26.0.1410.63 Safari/537.31"
86.104.10.11 - - [22/Dec/2022:13:21:04 +0100] "GET /js/filemanager/plugin.min.js HTTP/1.1" 404 - "-" "Mozilla/5.0 (X11; Linux x192_64) AppleWebKit/537.31 (KHTML, like Gecko) Chrome/26.0.1410.63 Safari/537.31"
86.104.10.11 - - [22/Dec/2022:13:21:04 +0100] "GET /js/responsive_filemanager/filemanager/plugin.min.js HTTP/1.1" 404 - "-" "Mozilla/5.0 (X11; Linux x193_64) AppleWebKit/537.31 (KHTML, like Gecko) Chrome/26.0.1410.63 Safari/537.31"
86.104.10.11 - - [22/Dec/2022:13:21:04 +0100] "GET /js/responsivefilemanager/plugin.min.js HTTP/1.1" 404 - "-" "Mozilla/5.0 (X11; Linux x194_64) AppleWebKit/537.31 (KHTML, like Gecko) Chrome/26.0.1410.63 Safari/537.31"
40.77.167.97 - - [22/Dec/2022:13:32:56 +0100] "GET /robots.txt HTTP/1.1" 404 - "-" "Mozilla/5.0 AppleWebKit/537.36 (KHTML, like Gecko; compatible; bingbot/2.0; +http://www.bing.com/bingbot.htm) Chrome/103.0.5060.134 Safari/537.36"
157.55.39.139 - - [22/Dec/2022:13:33:00 +0100] "GET /cds/astazi.html HTTP/1.1" 404 - "-" "Mozilla/5.0 AppleWebKit/537.36 (KHTML, like Gecko; compatible; bingbot/2.0; +http://www.bing.com/bingbot.htm) Chrome/103.0.5060.134 Safari/537.36"
17.241.227.231 - - [22/Dec/2022:13:50:35 +0100] "GET /robots.txt HTTP/1.1" 404 - "-" "Mozilla/5.0 (Macintosh; Intel Mac OS X 10_15_5) AppleWebKit/605.1.15 (KHTML, like Gecko) Version/13.1.1 Safari/605.1.15 (Applebot/0.1; +http://www.apple.com/go/applebot)"
17.241.227.231 - - [22/Dec/2022:13:50:35 +0100] "GET / HTTP/1.1" 404 - "-" "Mozilla/5.0 (Macintosh; Intel Mac OS X 10_15_5) AppleWebKit/605.1.15 (KHTML, like Gecko) Version/13.1.1 Safari/605.1.15 (Applebot/0.1; +http://www.apple.com/go/applebot)"
37.139.53.181 - - [22/Dec/2022:13:51:58 +0100] "GET / HTTP/1.0" 404 - "https://radikal.host/" "Mozilla/5.0 (Windows NT 6.1) AppleWebKit/537.36 (KHTML, like Gecko) Chrome/90.0.4430.85 Safari/537.36"
37.139.53.181 - - [22/Dec/2022:13:51:58 +0100] "GET / HTTP/1.0" 404 - "https://radikal.host/" "Mozilla/5.0 (Windows NT 6.1) AppleWebKit/537.36 (KHTML, like Gecko) Chrome/90.0.4430.85 Safari/537.36"
37.139.53.181 - - [22/Dec/2022:13:52:00 +0100] "GET / HTTP/1.0" 404 - "https://radikal.host/" "Mozilla/5.0 (Windows NT 6.3) AppleWebKit/537.36 (KHTML, like Gecko) Chrome/90.0.4430.72 Safari/537.36"
37.139.53.181 - - [22/Dec/2022:13:52:00 +0100] "GET / HTTP/1.0" 404 - "https://radikal.host/" "Mozilla/5.0 (Windows NT 6.3) AppleWebKit/537.36 (KHTML, like Gecko) Chrome/90.0.4430.72 Safari/537.36"
20.112.10.236 - - [22/Dec/2022:14:04:07 +0100] "GET /robots.txt HTTP/1.1" 404 - "-" "Mozilla/5.0 (Windows NT 10.0; Win64; x64) AppleWebKit/537.36 (KHTML, like Gecko) Chrome/99.0.4844.74 Safari/537.36 Edg/99.0.1150.55"
20.112.10.236 - - [22/Dec/2022:14:04:07 +0100] "GET /buecher/gesichter/30.jpg HTTP/1.1" 404 - "-" "Mozilla/5.0 (Windows NT 10.0; Win64; x64) AppleWebKit/537.36 (KHTML, like Gecko) Chrome/99.0.4844.74 Safari/537.36 Edg/99.0.1150.55"
85.215.105.55 - - [22/Dec/2022:15:11:26 +0100] "GET /wp-content/uploads/ HTTP/1.1" 404 - "-" "Mozlila/5.0 (Linux; Android 7.0; SM-G892A Bulid/NRD90M; wv) AppleWebKit/537.36 (KHTML, like Gecko) Version/4.0 Chrome/60.0.3112.107 Moblie Safari/537.36"
85.215.105.55 - - [22/Dec/2022:15:11:35 +0100] "GET /wp-includes/ HTTP/1.1" 404 - "-" "Mozlila/5.0 (Linux; Android 7.0; SM-G892A Bulid/NRD90M; wv) AppleWebKit/537.36 (KHTML, like Gecko) Version/4.0 Chrome/60.0.3112.107 Moblie Safari/537.36"
85.215.105.55 - - [22/Dec/2022:15:11:43 +0100] "GET /.well-known/ HTTP/1.1" 404 - "-" "Mozlila/5.0 (Linux; Android 7.0; SM-G892A Bulid/NRD90M; wv) AppleWebKit/537.36 (KHTML, like Gecko) Version/4.0 Chrome/60.0.3112.107 Moblie Safari/537.36"
85.215.105.55 - - [22/Dec/2022:15:11:56 +0100] "GET /.well-knownold/ HTTP/1.1" 404 - "-" "Mozlila/5.0 (Linux; Android 7.0; SM-G892A Bulid/NRD90M; wv) AppleWebKit/537.36 (KHTML, like Gecko) Version/4.0 Chrome/60.0.3112.107 Moblie Safari/537.36"
85.215.105.55 - - [22/Dec/2022:15:12:00 +0100] "GET /.well-known/acme-challenge/ HTTP/1.1" 404 - "-" "Mozlila/5.0 (Linux; Android 7.0; SM-G892A Bulid/NRD90M; wv) AppleWebKit/537.36 (KHTML, like Gecko) Version/4.0 Chrome/60.0.3112.107 Moblie Safari/537.36"
85.215.105.55 - - [22/Dec/2022:15:12:02 +0100] "GET /wp-content/ HTTP/1.1" 404 - "-" "Mozlila/5.0 (Linux; Android 7.0; SM-G892A Bulid/NRD90M; wv) AppleWebKit/537.36 (KHTML, like Gecko) Version/4.0 Chrome/60.0.3112.107 Moblie Safari/537.36"
85.215.105.55 - - [22/Dec/2022:15:12:05 +0100] "GET /wp-content/plugins/ HTTP/1.1" 404 - "-" "Mozlila/5.0 (Linux; Android 7.0; SM-G892A Bulid/NRD90M; wv) AppleWebKit/537.36 (KHTML, like Gecko) Version/4.0 Chrome/60.0.3112.107 Moblie Safari/537.36"
85.215.105.55 - - [22/Dec/2022:15:12:07 +0100] "GET /wp-content/themes/ HTTP/1.1" 404 - "-" "Mozlila/5.0 (Linux; Android 7.0; SM-G892A Bulid/NRD90M; wv) AppleWebKit/537.36 (KHTML, like Gecko) Version/4.0 Chrome/60.0.3112.107 Moblie Safari/537.36"
85.215.105.55 - - [22/Dec/2022:15:12:07 +0100] "GET /wp-admin/includes/ HTTP/1.1" 404 - "-" "Mozlila/5.0 (Linux; Android 7.0; SM-G892A Bulid/NRD90M; wv) AppleWebKit/537.36 (KHTML, like Gecko) Version/4.0 Chrome/60.0.3112.107 Moblie Safari/537.36"
85.215.105.55 - - [22/Dec/2022:15:12:07 +0100] "GET /wp-admin/ HTTP/1.1" 404 - "-" "Mozlila/5.0 (Linux; Android 7.0; SM-G892A Bulid/NRD90M; wv) AppleWebKit/537.36 (KHTML, like Gecko) Version/4.0 Chrome/60.0.3112.107 Moblie Safari/537.36"
85.215.105.55 - - [22/Dec/2022:15:12:07 +0100] "GET /wp-content/upgrade/ HTTP/1.1" 404 - "-" "Mozlila/5.0 (Linux; Android 7.0; SM-G892A Bulid/NRD90M; wv) AppleWebKit/537.36 (KHTML, like Gecko) Version/4.0 Chrome/60.0.3112.107 Moblie Safari/537.36"
35.233.35.58 - - [22/Dec/2022:18:14:47 +0100] "HEAD / HTTP/1.1" 404 - "-" "Apache-HttpClient/4.5.5 (Java/11.0.9)"
35.233.35.58 - - [22/Dec/2022:18:14:47 +0100] "GET / HTTP/1.1" 404 - "-" "Apache-HttpClient/4.5.5 (Java/11.0.9)"
35.233.35.58 - - [22/Dec/2022:18:14:47 +0100] "GET / HTTP/1.1" 404 - "-" "Apache-HttpClient/4.5.5 (Java/11.0.9)"
35.233.35.58 - - [22/Dec/2022:18:14:47 +0100] "GET / HTTP/1.1" 404 - "-" "Apache-HttpClient/4.5.5 (Java/11.0.9)"
35.233.35.58 - - [22/Dec/2022:18:14:47 +0100] "GET / HTTP/1.1" 404 - "-" "Apache-HttpClient/4.5.5 (Java/11.0.9)"
35.233.35.58 - - [22/Dec/2022:18:14:47 +0100] "GET / HTTP/1.1" 404 - "-" "Apache-HttpClient/4.5.5 (Java/11.0.9)"
54.36.148.95 - - [22/Dec/2022:19:15:05 +0100] "GET /robots.txt HTTP/1.1" 404 - "-" "Mozilla/5.0 (compatible; AhrefsBot/7.0; +http://ahrefs.com/robot/)"
52.36.251.200 - - [22/Dec/2022:19:15:40 +0100] "GET /robots.txt HTTP/1.1" 404 - "-" "LightspeedSystemsCrawler Mozilla/5.0 (Windows; U; MSIE 9.0; Windows NT 9.0; en-US)"
52.36.251.200 - - [22/Dec/2022:19:15:40 +0100] "GET / HTTP/1.1" 404 - "-" "LightspeedSystemsCrawler Mozilla/5.0 (Windows; U; MSIE 9.0; Windows NT 9.0; en-US)"
52.36.251.200 - - [22/Dec/2022:19:15:40 +0100] "GET / HTTP/1.1" 404 - "-" "Mozilla/5.0 (Windows NT 10.0; Win64; x64) AppleWebKit/537.36 (KHTML, like Gecko) Chrome/85.0.4183.121 Safari/537.36"
157.55.39.47 - - [22/Dec/2022:19:38:44 +0100] "GET /cds/astazi.html HTTP/1.1" 404 - "-" "Mozilla/5.0 AppleWebKit/537.36 (KHTML, like Gecko; compatible; bingbot/2.0; +http://www.bing.com/bingbot.htm) Chrome/103.0.5060.134 Safari/537.36"
