52.156.127.202 - - [14/Dec/2022:15:58:34 +0100] "GET /buecher/gesichter/06.jpg HTTP/1.1" 404 - "-" "Mozilla/5.0 (Windows NT 10.0; Win64; x64) AppleWebKit/537.36 (KHTML, like Gecko) Chrome/99.0.4844.74 Safari/537.36 Edg/99.0.1150.55"
95.163.255.15 - - [14/Dec/2022:17:32:18 +0100] "GET /robots.txt HTTP/1.0" 404 - "-" "Mozilla/5.0 (compatible; Linux x86_64; Mail.RU_Bot/2.0; +https://help.mail.ru/webmaster/indexing/robots)"
95.163.255.12 - - [14/Dec/2022:17:32:20 +0100] "GET / HTTP/1.1" 404 - "-" "Mozilla/5.0 (compatible; Linux x86_64; Mail.RU_Bot/2.0; +https://help.mail.ru/webmaster/indexing/robots)"
146.148.10.60 - - [14/Dec/2022:17:55:23 +0100] "HEAD / HTTP/1.1" 404 - "-" "Apache-HttpClient/4.5.5 (Java/11.0.9)"
146.148.10.60 - - [14/Dec/2022:17:55:23 +0100] "GET / HTTP/1.1" 404 - "-" "Apache-HttpClient/4.5.5 (Java/11.0.9)"
146.148.10.60 - - [14/Dec/2022:17:55:23 +0100] "GET / HTTP/1.1" 404 - "-" "Apache-HttpClient/4.5.5 (Java/11.0.9)"
146.148.10.60 - - [14/Dec/2022:17:55:23 +0100] "GET / HTTP/1.1" 404 - "-" "Apache-HttpClient/4.5.5 (Java/11.0.9)"
146.148.10.60 - - [14/Dec/2022:17:55:23 +0100] "GET / HTTP/1.1" 404 - "-" "Apache-HttpClient/4.5.5 (Java/11.0.9)"
146.148.10.60 - - [14/Dec/2022:17:55:23 +0100] "GET / HTTP/1.1" 404 - "-" "Apache-HttpClient/4.5.5 (Java/11.0.9)"
114.119.137.45 - - [14/Dec/2022:18:15:18 +0100] "GET /robots.txt HTTP/1.1" 404 - "-" "Mozilla/5.0 (compatible;PetalBot;+https://webmaster.petalsearch.com/site/petalbot)"
17.121.115.159 - - [14/Dec/2022:19:59:10 +0100] "GET /sonderthemen/az2003.pdf HTTP/1.1" 404 - "-" "Mozilla/5.0 (Macintosh; Intel Mac OS X 10_15_5) AppleWebKit/605.1.15 (KHTML, like Gecko) Version/13.1.1 Safari/605.1.15 (Applebot/0.1; +http://www.apple.com/go/applebot)"
37.138.231.151 - - [14/Dec/2022:20:48:56 +0100] "GET / HTTP/1.1" 404 - "http://web2.cylex.de/" "Mozilla/5.0 (Macintosh; Intel Mac OS X 10_15_6) AppleWebKit/605.1.15 (KHTML, like Gecko) Version/14.1.1 Safari/605.1.15"
138.201.200.50 - - [14/Dec/2022:20:54:06 +0100] "GET / HTTP/1.1" 404 - "-" "Go-http-client/1.1"
17.121.114.63 - - [14/Dec/2022:20:55:55 +0100] "GET /buecher/rezension_gesichter_u_geschichten.pdf HTTP/1.1" 404 - "-" "Mozilla/5.0 (Macintosh; Intel Mac OS X 10_15_5) AppleWebKit/605.1.15 (KHTML, like Gecko) Version/13.1.1 Safari/605.1.15 (Applebot/0.1; +http://www.apple.com/go/applebot)"
157.90.91.229 - - [14/Dec/2022:22:17:43 +0100] "GET /robots.txt HTTP/1.1" 404 - "-" "Mozilla/5.0 (compatible; BLEXBot/1.0; +http://webmeup-crawler.com/)"
157.90.91.229 - - [14/Dec/2022:22:17:47 +0100] "GET /buecher/ HTTP/1.1" 404 - "-" "Mozilla/5.0 (compatible; BLEXBot/1.0; +http://webmeup-crawler.com/)"
87.250.224.92 - - [14/Dec/2022:22:44:58 +0100] "GET /robots.txt HTTP/1.1" 404 - "-" "Mozilla/5.0 (compatible; YandexBot/3.0; +http://yandex.com/bots)"
87.250.224.92 - - [14/Dec/2022:22:45:02 +0100] "GET /gotteslob/index.html HTTP/1.1" 404 - "-" "Mozilla/5.0 (compatible; YandexBot/3.0; +http://yandex.com/bots)"
17.121.115.80 - - [14/Dec/2022:23:05:03 +0100] "GET /robots.txt HTTP/1.1" 404 - "-" "Mozilla/5.0 (Macintosh; Intel Mac OS X 10_15_5) AppleWebKit/605.1.15 (KHTML, like Gecko) Version/13.1.1 Safari/605.1.15 (Applebot/0.1; +http://www.apple.com/go/applebot)"
17.121.115.80 - - [14/Dec/2022:23:05:03 +0100] "GET /sonderthemen/oekz2003_s01.pdf HTTP/1.1" 404 - "-" "Mozilla/5.0 (Macintosh; Intel Mac OS X 10_15_5) AppleWebKit/605.1.15 (KHTML, like Gecko) Version/13.1.1 Safari/605.1.15 (Applebot/0.1; +http://www.apple.com/go/applebot)"
17.121.114.161 - - [14/Dec/2022:23:22:24 +0100] "GET / HTTP/1.1" 404 - "-" "Mozilla/5.0 (Macintosh; Intel Mac OS X 10_15_5) AppleWebKit/605.1.15 (KHTML, like Gecko) Version/13.1.1 Safari/605.1.15 (Applebot/0.1; +http://www.apple.com/go/applebot)"
89.246.39.96 - - [14/Dec/2022:23:35:54 +0100] "GET /jahrbuch/index.html HTTP/1.1" 404 - "-" "Mozilla/5.0 (Windows NT 10.0; Win64; x64; rv:107.0) Gecko/20100101 Firefox/107.0 Viewer/91.9.2188.89"
89.246.39.96 - - [14/Dec/2022:23:35:54 +0100] "GET /favicon.ico HTTP/1.1" 404 - "http://www.morusverlag.de/jahrbuch/index.html" "Mozilla/5.0 (Windows NT 10.0; Win64; x64; rv:107.0) Gecko/20100101 Firefox/107.0 Viewer/91.9.2188.89"
89.246.39.96 - - [14/Dec/2022:23:36:27 +0100] "GET /buecher/index.html HTTP/1.1" 404 - "-" "Mozilla/5.0 (Windows NT 10.0; Win64; x64; rv:107.0) Gecko/20100101 Firefox/107.0 Viewer/91.9.2188.89"
89.246.39.96 - - [14/Dec/2022:23:36:27 +0100] "GET /favicon.ico HTTP/1.1" 404 - "http://www.morusverlag.de/buecher/index.html" "Mozilla/5.0 (Windows NT 10.0; Win64; x64; rv:107.0) Gecko/20100101 Firefox/107.0 Viewer/91.9.2188.89"
89.246.39.96 - - [14/Dec/2022:23:41:26 +0100] "GET / HTTP/1.1" 404 - "-" "Mozilla/5.0 (Windows NT 10.0; Win64; x64; rv:107.0) Gecko/20100101 Firefox/107.0 Viewer/91.9.2188.89"
89.246.39.96 - - [14/Dec/2022:23:41:26 +0100] "GET /favicon.ico HTTP/1.1" 404 - "http://www.morusverlag.de/" "Mozilla/5.0 (Windows NT 10.0; Win64; x64; rv:107.0) Gecko/20100101 Firefox/107.0 Viewer/91.9.2188.89"
78.47.92.11 - - [14/Dec/2022:23:47:43 +0100] "HEAD / HTTP/1.1" 404 - "-" "auskunftbot/1.0 (+https://www.auskunft.de)"
78.47.92.11 - - [14/Dec/2022:23:47:43 +0100] "GET /robots.txt HTTP/1.1" 404 - "-" "auskunftbot/1.0 (+https://www.auskunft.de)"
78.47.92.11 - - [14/Dec/2022:23:47:43 +0100] "GET / HTTP/1.1" 404 - "-" "auskunftbot/1.0 (+https://www.auskunft.de)"
159.69.88.49 - - [14/Dec/2022:23:50:54 +0100] "GET / HTTP/1.1" 404 - "-" "Mozilla/5.0"
52.156.127.202 - - [14/Dec/2022:23:59:37 +0100] "GET /robots.txt HTTP/1.1" 404 - "-" "Mozilla/5.0 (Windows NT 10.0; Win64; x64) AppleWebKit/537.36 (KHTML, like Gecko) Chrome/99.0.4844.74 Safari/537.36 Edg/99.0.1150.55"
52.156.127.202 - - [14/Dec/2022:23:59:38 +0100] "GET /buecher/gesichter/09.jpg HTTP/1.1" 404 - "-" "Mozilla/5.0 (Windows NT 10.0; Win64; x64) AppleWebKit/537.36 (KHTML, like Gecko) Chrome/99.0.4844.74 Safari/537.36 Edg/99.0.1150.55"
37.139.53.181 - - [15/Dec/2022:02:02:24 +0100] "GET / HTTP/1.0" 404 - "https://krita.su/" "Mozilla/5.0 (Windows NT 10.0; WOW64) AppleWebKit/537.36 (KHTML, like Gecko) Chrome/90.0.4430.85 Safari/537.36"
37.139.53.181 - - [15/Dec/2022:02:02:24 +0100] "GET / HTTP/1.0" 404 - "https://krita.su/" "Mozilla/5.0 (Windows NT 10.0; WOW64) AppleWebKit/537.36 (KHTML, like Gecko) Chrome/90.0.4430.85 Safari/537.36"
37.139.53.181 - - [15/Dec/2022:02:02:27 +0100] "GET / HTTP/1.0" 404 - "https://krita.su/" "Mozilla/5.0 (Windows NT 6.1; WOW64) AppleWebKit/537.36 (KHTML, like Gecko) Chrome/90.0.4430.85 Safari/537.36"
37.139.53.181 - - [15/Dec/2022:02:02:27 +0100] "GET / HTTP/1.0" 404 - "https://krita.su/" "Mozilla/5.0 (Windows NT 6.1; WOW64) AppleWebKit/537.36 (KHTML, like Gecko) Chrome/90.0.4430.85 Safari/537.36"
20.112.10.236 - - [15/Dec/2022:03:30:01 +0100] "GET /robots.txt HTTP/1.1" 404 - "-" "Mozilla/5.0 (Windows NT 10.0; Win64; x64) AppleWebKit/537.36 (KHTML, like Gecko) Chrome/99.0.4844.74 Safari/537.36 Edg/99.0.1150.55"
20.112.10.236 - - [15/Dec/2022:03:30:02 +0100] "GET /buecher/gesichter/30.jpg HTTP/1.1" 404 - "-" "Mozilla/5.0 (Windows NT 10.0; Win64; x64) AppleWebKit/537.36 (KHTML, like Gecko) Chrome/99.0.4844.74 Safari/537.36 Edg/99.0.1150.55"
52.156.127.202 - - [15/Dec/2022:05:02:40 +0100] "GET /robots.txt HTTP/1.1" 404 - "-" "Mozilla/5.0 (Windows NT 10.0; Win64; x64) AppleWebKit/537.36 (KHTML, like Gecko) Chrome/99.0.4844.74 Safari/537.36 Edg/99.0.1150.55"
52.156.127.202 - - [15/Dec/2022:05:02:41 +0100] "GET /buecher/gesichter/28.jpg HTTP/1.1" 404 - "-" "Mozilla/5.0 (Windows NT 10.0; Win64; x64) AppleWebKit/537.36 (KHTML, like Gecko) Chrome/99.0.4844.74 Safari/537.36 Edg/99.0.1150.55"
87.250.224.92 - - [15/Dec/2022:06:57:01 +0100] "GET /robots.txt HTTP/1.1" 404 - "-" "Mozilla/5.0 (compatible; YandexBot/3.0; +http://yandex.com/bots)"
87.250.224.92 - - [15/Dec/2022:06:57:05 +0100] "GET /sonderthemen/az1999.pdf HTTP/1.1" 404 - "-" "Mozilla/5.0 (compatible; YandexBot/3.0; +http://yandex.com/bots)"
95.108.213.63 - - [15/Dec/2022:08:50:15 +0100] "GET /jahrbuch/index.html HTTP/1.1" 404 - "-" "Mozilla/5.0 (compatible; YandexBot/3.0; +http://yandex.com/bots)"
5.102.173.71 - - [15/Dec/2022:09:16:09 +0100] "GET /robots.txt HTTP/1.1" 404 - "-" "Mozilla/5.0 (compatible; MojeekBot/0.11; +https://www.mojeek.com/bot.html)"
5.102.173.71 - - [15/Dec/2022:09:16:09 +0100] "GET /buecher/rezensionen_ungeteilt.html HTTP/1.1" 404 - "-" "Mozilla/5.0 (compatible; MojeekBot/0.11; +https://www.mojeek.com/bot.html)"
209.141.49.169 - - [15/Dec/2022:09:51:32 +0100] "GET / HTTP/1.1" 404 - "-" "Mozilla/5.0 (Macintosh; Intel Mac OS X 10_15_7) AppleWebKit/537.36 (KHTML, like Gecko) Chrome/96.0.4664.110 Safari/537.36"
209.141.49.169 - - [15/Dec/2022:09:51:33 +0100] "GET /favicon.ico HTTP/1.1" 404 - "-" "Mozilla/5.0 (Macintosh; Intel Mac OS X 10_15_7) AppleWebKit/537.36 (KHTML, like Gecko) Chrome/96.0.4664.110 Safari/537.36"
34.93.61.237 - - [15/Dec/2022:10:08:58 +0100] "POST /ALFA_DATA/alfacgiapi/perl.alfa HTTP/1.1" 404 - "www.google.com" "Mozlila/5.0 (Linux; Android 7.0; SM-G892A Bulid/NRD90M; wv) AppleWebKit/537.36 (KHTML, like Gecko) Version/4.0 Chrome/60.0.3112.107 Moblie Safari/537.36"
34.93.61.237 - - [15/Dec/2022:10:08:58 +0100] "POST /wp-plain.php HTTP/1.1" 404 - "www.google.com" "Mozilla/5.0 (Linux; Android 7.0; SM-G892A Bulid/NRD90M; wv) AppleWebKit/537.36 (KHTML, like Gecko) Version/4.0 Chrome/60.0.3112.107 Moblie Safari/537.36"
34.93.61.237 - - [15/Dec/2022:10:08:58 +0100] "GET / HTTP/1.1" 404 - "-" "Mozlila/5.0 (Linux; Android 7.0; SM-G892A Bulid/NRD90M; wv) AppleWebKit/537.36 (KHTML, like Gecko) Version/4.0 Chrome/60.0.3112.107 Moblie Safari/537.36"
34.93.61.237 - - [15/Dec/2022:10:08:59 +0100] "POST /alfacgiapi/perl.alfa HTTP/1.1" 404 - "www.google.com" "Mozlila/5.0 (Linux; Android 7.0; SM-G892A Bulid/NRD90M; wv) AppleWebKit/537.36 (KHTML, like Gecko) Version/4.0 Chrome/60.0.3112.107 Moblie Safari/537.36"
34.93.61.237 - - [15/Dec/2022:10:08:59 +0100] "GET /ncjkuxds.php?Fox=d3wL7 HTTP/1.1" 404 - "www.google.com" "Mozilla/5.0 (Linux; Android 7.0; SM-G892A Bulid/NRD90M; wv) AppleWebKit/537.36 (KHTML, like Gecko) Version/4.0 Chrome/60.0.3112.107 Moblie Safari/537.36"
184.94.240.88 - - [15/Dec/2022:13:30:31 +0100] "GET / HTTP/1.1" 404 - "-" "Mozilla/5.0 (Windows NT 10.0; Win64; x64; rv:104.0) Gecko/20100101 Firefox/104.0"
185.98.156.79 - - [15/Dec/2022:13:40:55 +0100] "GET / HTTP/1.1" 404 - "http://www.christen-in-berlin.de/cgi-bin/cib_pub_webseite.pl?Detail=95" "Mozilla/5.0 (Windows NT 10.0; Win64; x64) AppleWebKit/537.36 (KHTML, like Gecko) Chrome/108.0.0.0 Safari/537.36 Dlc/2.0.1"
65.108.0.150 - - [15/Dec/2022:15:12:20 +0100] "GET /robots.txt HTTP/1.1" 404 - "-" "Mozilla/5.0 (compatible; SEOkicks; +https://www.seokicks.de/robot.html)"
65.108.0.150 - - [15/Dec/2022:15:12:21 +0100] "GET / HTTP/1.1" 404 - "-" "Mozilla/5.0 (compatible; SEOkicks; +https://www.seokicks.de/robot.html)"
91.113.146.210 - - [15/Dec/2022:15:17:52 +0100] "GET / HTTP/1.1" 404 - "http://web2.cylex.de/" "Mozilla/5.0 (Windows NT 10.0; Win64; x64; rv:107.0) Gecko/20100101 Firefox/107.0"
37.139.53.181 - - [15/Dec/2022:15:33:28 +0100] "GET / HTTP/1.0" 404 - "https://abc-detali.ru/" "Mozilla/5.0 (Windows NT 6.3; Win64; x64) AppleWebKit/537.36 (KHTML, like Gecko) Chrome/90.0.4430.85 Safari/537.36"
37.139.53.181 - - [15/Dec/2022:15:33:28 +0100] "GET / HTTP/1.0" 404 - "https://abc-detali.ru/" "Mozilla/5.0 (Windows NT 6.3; Win64; x64) AppleWebKit/537.36 (KHTML, like Gecko) Chrome/90.0.4430.85 Safari/537.36"
37.139.53.181 - - [15/Dec/2022:15:33:30 +0100] "GET / HTTP/1.0" 404 - "https://abc-detali.ru/" "Mozilla/5.0 (Windows NT 10.0) AppleWebKit/537.36 (KHTML, like Gecko) Chrome/90.0.4430.85 Safari/537.36 Edg/90.0.818.46"
37.139.53.181 - - [15/Dec/2022:15:33:30 +0100] "GET / HTTP/1.0" 404 - "https://abc-detali.ru/" "Mozilla/5.0 (Windows NT 10.0) AppleWebKit/537.36 (KHTML, like Gecko) Chrome/90.0.4430.85 Safari/537.36 Edg/90.0.818.46"
66.249.69.199 - - [15/Dec/2022:15:38:13 +0100] "GET /robots.txt HTTP/1.1" 404 - "-" "Mozilla/5.0 (compatible; Googlebot/2.1; +http://www.google.com/bot.html)"
66.249.69.193 - - [15/Dec/2022:15:38:13 +0100] "GET /buecher/freiheit_und_sinnsucht.jpg HTTP/1.1" 404 - "-" "Googlebot-Image/1.0"
87.250.224.92 - - [15/Dec/2022:16:08:54 +0100] "GET /robots.txt HTTP/1.1" 404 - "-" "Mozilla/5.0 (compatible; YandexBot/3.0; +http://yandex.com/bots)"
87.250.224.92 - - [15/Dec/2022:16:08:58 +0100] "GET /sonderthemen/oekz2003.pdf HTTP/1.1" 404 - "-" "Mozilla/5.0 (compatible; YandexBot/3.0; +http://yandex.com/bots)"
157.90.91.229 - - [15/Dec/2022:16:43:45 +0100] "GET /robots.txt HTTP/1.1" 404 - "-" "Mozilla/5.0 (compatible; BLEXBot/1.0; +http://webmeup-crawler.com/)"
157.90.91.229 - - [15/Dec/2022:16:43:45 +0100] "GET / HTTP/1.1" 404 - "-" "Mozilla/5.0 (compatible; BLEXBot/1.0; +http://webmeup-crawler.com/)"
17.121.114.40 - - [15/Dec/2022:17:15:41 +0100] "GET /buecher/rezension_gesichter_u_geschichten.pdf HTTP/1.1" 404 - "-" "Mozilla/5.0 (Macintosh; Intel Mac OS X 10_15_5) AppleWebKit/605.1.15 (KHTML, like Gecko) Version/13.1.1 Safari/605.1.15 (Applebot/0.1; +http://www.apple.com/go/applebot)"
80.187.83.108 - - [15/Dec/2022:17:23:30 +0100] "GET /buecher/chateaubriand.jpg HTTP/1.1" 404 - "-" "Mozilla/5.0 (Linux; Android 13; SM-G991B Build/TP1A.220624.014; wv) AppleWebKit/537.36 (KHTML, like Gecko) Version/4.0 Chrome/108.0.5359.79 Mobile Safari/537.36"
80.187.83.108 - - [15/Dec/2022:17:23:30 +0100] "GET /buecher/engel.jpg HTTP/1.1" 404 - "-" "Mozilla/5.0 (Linux; Android 13; SM-G991B Build/TP1A.220624.014; wv) AppleWebKit/537.36 (KHTML, like Gecko) Version/4.0 Chrome/108.0.5359.79 Mobile Safari/537.36"
80.187.83.108 - - [15/Dec/2022:17:23:30 +0100] "GET /cds/ignatius_k.jpg HTTP/1.1" 404 - "-" "Mozilla/5.0 (Linux; Android 13; SM-G991B Build/TP1A.220624.014; wv) AppleWebKit/537.36 (KHTML, like Gecko) Version/4.0 Chrome/108.0.5359.79 Mobile Safari/537.36"
80.187.83.108 - - [15/Dec/2022:17:23:30 +0100] "GET /buecher/liebe_und_treue.jpg HTTP/1.1" 404 - "-" "Mozilla/5.0 (Linux; Android 13; SM-G991B Build/TP1A.220624.014; wv) AppleWebKit/537.36 (KHTML, like Gecko) Version/4.0 Chrome/108.0.5359.79 Mobile Safari/537.36"
80.187.83.108 - - [15/Dec/2022:17:23:30 +0100] "GET /cds/rosarium_k.jpg HTTP/1.1" 404 - "-" "Mozilla/5.0 (Linux; Android 13; SM-G991B Build/TP1A.220624.014; wv) AppleWebKit/537.36 (KHTML, like Gecko) Version/4.0 Chrome/108.0.5359.79 Mobile Safari/537.36"
80.187.83.108 - - [15/Dec/2022:17:23:30 +0100] "GET /buecher/preysing.jpg HTTP/1.1" 404 - "-" "Mozilla/5.0 (Linux; Android 13; SM-G991B Build/TP1A.220624.014; wv) AppleWebKit/537.36 (KHTML, like Gecko) Version/4.0 Chrome/108.0.5359.79 Mobile Safari/537.36"
80.187.83.108 - - [15/Dec/2022:17:23:30 +0100] "GET /cds/hymnos_k.jpg HTTP/1.1" 404 - "-" "Mozilla/5.0 (Linux; Android 13; SM-G991B Build/TP1A.220624.014; wv) AppleWebKit/537.36 (KHTML, like Gecko) Version/4.0 Chrome/108.0.5359.79 Mobile Safari/537.36"
130.211.84.58 - - [15/Dec/2022:18:06:21 +0100] "HEAD / HTTP/1.1" 404 - "-" "Apache-HttpClient/4.5.5 (Java/11.0.9)"
130.211.84.58 - - [15/Dec/2022:18:06:21 +0100] "GET / HTTP/1.1" 404 - "-" "Apache-HttpClient/4.5.5 (Java/11.0.9)"
130.211.84.58 - - [15/Dec/2022:18:06:21 +0100] "GET / HTTP/1.1" 404 - "-" "Apache-HttpClient/4.5.5 (Java/11.0.9)"
130.211.84.58 - - [15/Dec/2022:18:06:21 +0100] "GET / HTTP/1.1" 404 - "-" "Apache-HttpClient/4.5.5 (Java/11.0.9)"
130.211.84.58 - - [15/Dec/2022:18:06:21 +0100] "GET / HTTP/1.1" 404 - "-" "Apache-HttpClient/4.5.5 (Java/11.0.9)"
130.211.84.58 - - [15/Dec/2022:18:06:21 +0100] "GET / HTTP/1.1" 404 - "-" "Apache-HttpClient/4.5.5 (Java/11.0.9)"
17.121.112.204 - - [15/Dec/2022:19:40:22 +0100] "GET /sonderthemen/az1999.pdf HTTP/1.1" 404 - "-" "Mozilla/5.0 (Macintosh; Intel Mac OS X 10_15_5) AppleWebKit/605.1.15 (KHTML, like Gecko) Version/13.1.1 Safari/605.1.15 (Applebot/0.1; +http://www.apple.com/go/applebot)"
66.249.69.196 - - [15/Dec/2022:19:49:18 +0100] "GET /sonderthemen/oekz2003.pdf HTTP/1.1" 404 - "-" "Mozilla/5.0 (Linux; Android 6.0.1; Nexus 5X Build/MMB29P) AppleWebKit/537.36 (KHTML, like Gecko) Chrome/107.0.5304.115 Mobile Safari/537.36 (compatible; Googlebot/2.1; +http://www.google.com/bot.html)"
164.92.113.55 - - [15/Dec/2022:19:50:48 +0100] "POST /ALFA_DATA/alfacgiapi/perl.alfa HTTP/1.1" 404 - "www.google.com" "Mozlila/5.0 (Linux; Android 7.0; SM-G892A Bulid/NRD90M; wv) AppleWebKit/537.36 (KHTML, like Gecko) Version/4.0 Chrome/60.0.3112.107 Moblie Safari/537.36"
164.92.113.55 - - [15/Dec/2022:19:50:48 +0100] "POST /wp-plain.php HTTP/1.1" 404 - "www.google.com" "Mozilla/5.0 (Linux; Android 7.0; SM-G892A Bulid/NRD90M; wv) AppleWebKit/537.36 (KHTML, like Gecko) Version/4.0 Chrome/60.0.3112.107 Moblie Safari/537.36"
164.92.113.55 - - [15/Dec/2022:19:50:48 +0100] "GET / HTTP/1.1" 404 - "-" "Mozlila/5.0 (Linux; Android 7.0; SM-G892A Bulid/NRD90M; wv) AppleWebKit/537.36 (KHTML, like Gecko) Version/4.0 Chrome/60.0.3112.107 Moblie Safari/537.36"
164.92.113.55 - - [15/Dec/2022:19:50:48 +0100] "POST /alfacgiapi/perl.alfa HTTP/1.1" 404 - "www.google.com" "Mozlila/5.0 (Linux; Android 7.0; SM-G892A Bulid/NRD90M; wv) AppleWebKit/537.36 (KHTML, like Gecko) Version/4.0 Chrome/60.0.3112.107 Moblie Safari/537.36"
164.92.113.55 - - [15/Dec/2022:19:50:48 +0100] "GET /xuftkert.php?Fox=d3wL7 HTTP/1.1" 404 - "www.google.com" "Mozilla/5.0 (Linux; Android 7.0; SM-G892A Bulid/NRD90M; wv) AppleWebKit/537.36 (KHTML, like Gecko) Version/4.0 Chrome/60.0.3112.107 Moblie Safari/537.36"
66.249.69.199 - - [15/Dec/2022:19:59:18 +0100] "GET / HTTP/1.1" 404 - "-" "Mozilla/5.0 (compatible; Googlebot/2.1; +http://www.google.com/bot.html)"
54.36.149.29 - - [15/Dec/2022:20:25:59 +0100] "GET /robots.txt HTTP/1.1" 404 - "-" "Mozilla/5.0 (compatible; AhrefsBot/7.0; +http://ahrefs.com/robot/)"
114.119.134.9 - - [15/Dec/2022:20:44:17 +0100] "GET /robots.txt HTTP/1.1" 404 - "-" "Mozilla/5.0 (compatible;PetalBot;+https://webmaster.petalsearch.com/site/petalbot)"
66.249.69.199 - - [15/Dec/2022:20:44:18 +0100] "GET / HTTP/1.1" 404 - "-" "Mozilla/5.0 (Linux; Android 6.0.1; Nexus 5X Build/MMB29P) AppleWebKit/537.36 (KHTML, like Gecko) Chrome/107.0.5304.115 Mobile Safari/537.36 (compatible; Googlebot/2.1; +http://www.google.com/bot.html)"
66.249.69.196 - - [15/Dec/2022:21:19:18 +0100] "GET /sonderthemen/oekt_extra3.pdf HTTP/1.1" 404 - "-" "Mozilla/5.0 (Linux; Android 6.0.1; Nexus 5X Build/MMB29P) AppleWebKit/537.36 (KHTML, like Gecko) Chrome/107.0.5304.115 Mobile Safari/537.36 (compatible; Googlebot/2.1; +http://www.google.com/bot.html)"
17.121.115.225 - - [15/Dec/2022:22:11:46 +0100] "GET /sonderthemen/sk2000.pdf HTTP/1.1" 404 - "-" "Mozilla/5.0 (Macintosh; Intel Mac OS X 10_15_5) AppleWebKit/605.1.15 (KHTML, like Gecko) Version/13.1.1 Safari/605.1.15 (Applebot/0.1; +http://www.apple.com/go/applebot)"
87.250.224.92 - - [15/Dec/2022:22:19:38 +0100] "GET /robots.txt HTTP/1.1" 404 - "-" "Mozilla/5.0 (compatible; YandexBot/3.0; +http://yandex.com/bots)"
87.250.224.92 - - [15/Dec/2022:22:19:41 +0100] "GET /sonderthemen/oekz2003.pdf HTTP/1.1" 404 - "-" "Mozilla/5.0 (compatible; YandexBot/3.0; +http://yandex.com/bots)"
95.108.213.63 - - [16/Dec/2022:00:08:12 +0100] "GET /cds/simplay_control.swf HTTP/1.1" 404 - "-" "Mozilla/5.0 (compatible; YandexBot/3.0; +http://yandex.com/bots)"
17.121.115.239 - - [16/Dec/2022:00:35:22 +0100] "GET /robots.txt HTTP/1.1" 404 - "-" "Mozilla/5.0 (Macintosh; Intel Mac OS X 10_15_5) AppleWebKit/605.1.15 (KHTML, like Gecko) Version/13.1.1 Safari/605.1.15 (Applebot/0.1; +http://www.apple.com/go/applebot)"
17.121.115.239 - - [16/Dec/2022:00:35:22 +0100] "GET /sonderthemen/az2003.pdf HTTP/1.1" 404 - "-" "Mozilla/5.0 (Macintosh; Intel Mac OS X 10_15_5) AppleWebKit/605.1.15 (KHTML, like Gecko) Version/13.1.1 Safari/605.1.15 (Applebot/0.1; +http://www.apple.com/go/applebot)"
35.190.204.246 - - [16/Dec/2022:00:38:42 +0100] "GET / HTTP/1.1" 404 - "-" "Mozilla/5.0 (Windows NT 10.0; Win64; x64) AppleWebKit/537.36 (KHTML, like Gecko) Chrome/84.0.4147.105 Safari/537.36"
208.100.26.235 - - [16/Dec/2022:02:00:47 +0100] "GET / HTTP/1.1" 404 - "-" "Mozilla/5.0 (iPad; CPU OS 13_3_1 like Mac OS X) AppleWebKit/604.4.7 (KHTML, like Gecko) Version/12.1.12 Mobile/15C153 Safari/604.1"
116.202.106.215 - - [16/Dec/2022:05:26:45 +0100] "GET / HTTP/1.1" 404 - "-" "Mozilla/5.0 (Windows NT 10.0; Win64; x64) AppleWebKit/537.36 (KHTML, like Gecko) Chrome/46.0.2486.0 Safari/537.36 Edge/13.10586"
157.90.155.34 - - [16/Dec/2022:05:26:45 +0100] "GET / HTTP/1.1" 404 - "-" "Mozilla/5.0 (Windows NT 6.2; WOW64) AppleWebKit/534.57.2 (KHTML, like Gecko) Version/5.1.7 Safari/534.57.2"
37.139.53.181 - - [16/Dec/2022:05:26:53 +0100] "GET / HTTP/1.0" 404 - "https://maxima.school/" "Mozilla/5.0 (Windows NT 6.3; Win64; x64) AppleWebKit/537.36 (KHTML, like Gecko) Chrome/90.0.4430.72 Safari/537.36 Edg/90.0.818.42"
37.139.53.181 - - [16/Dec/2022:05:26:53 +0100] "GET / HTTP/1.0" 404 - "https://maxima.school/" "Mozilla/5.0 (Windows NT 6.3; Win64; x64) AppleWebKit/537.36 (KHTML, like Gecko) Chrome/90.0.4430.72 Safari/537.36 Edg/90.0.818.42"
37.139.53.181 - - [16/Dec/2022:05:26:55 +0100] "GET / HTTP/1.0" 404 - "https://maxima.school/" "Mozilla/5.0 (Windows NT 10.0; Win64; x64) AppleWebKit/537.36 (KHTML, like Gecko) Chrome/90.0.4430.93 Safari/537.36"
37.139.53.181 - - [16/Dec/2022:05:26:55 +0100] "GET / HTTP/1.0" 404 - "https://maxima.school/" "Mozilla/5.0 (Windows NT 10.0; Win64; x64) AppleWebKit/537.36 (KHTML, like Gecko) Chrome/90.0.4430.93 Safari/537.36"
157.90.91.229 - - [16/Dec/2022:06:55:56 +0100] "GET /robots.txt HTTP/1.1" 404 - "-" "Mozilla/5.0 (compatible; BLEXBot/1.0; +http://webmeup-crawler.com/)"
157.90.91.229 - - [16/Dec/2022:06:56:00 +0100] "GET /sitemap HTTP/1.1" 404 - "-" "Mozilla/5.0 (compatible; BLEXBot/1.0; +http://webmeup-crawler.com/)"
157.90.91.229 - - [16/Dec/2022:06:56:06 +0100] "GET /sitemap.txt HTTP/1.1" 404 - "-" "Mozilla/5.0 (compatible; BLEXBot/1.0; +http://webmeup-crawler.com/)"
157.90.91.229 - - [16/Dec/2022:06:56:09 +0100] "GET / HTTP/1.1" 404 - "-" "Mozilla/5.0 (compatible; BLEXBot/1.0; +http://webmeup-crawler.com/)"
157.90.91.229 - - [16/Dec/2022:06:56:13 +0100] "GET /buecher/ HTTP/1.1" 404 - "-" "Mozilla/5.0 (compatible; BLEXBot/1.0; +http://webmeup-crawler.com/)"
66.249.69.199 - - [16/Dec/2022:07:40:21 +0100] "GET /robots.txt HTTP/1.1" 404 - "-" "Mozilla/5.0 (compatible; Googlebot/2.1; +http://www.google.com/bot.html)"
66.249.69.199 - - [16/Dec/2022:07:40:21 +0100] "GET /sonderthemen/oekz2003_s01.pdf HTTP/1.1" 404 - "-" "Mozilla/5.0 (Linux; Android 6.0.1; Nexus 5X Build/MMB29P) AppleWebKit/537.36 (KHTML, like Gecko) Chrome/107.0.5304.115 Mobile Safari/537.36 (compatible; Googlebot/2.1; +http://www.google.com/bot.html)"
66.249.69.199 - - [16/Dec/2022:09:10:21 +0100] "GET /sonderthemen/oeaz2001.pdf HTTP/1.1" 404 - "-" "Mozilla/5.0 (Linux; Android 6.0.1; Nexus 5X Build/MMB29P) AppleWebKit/537.36 (KHTML, like Gecko) Chrome/107.0.5304.115 Mobile Safari/537.36 (compatible; Googlebot/2.1; +http://www.google.com/bot.html)"
194.26.182.16 - - [16/Dec/2022:09:21:50 +0100] "GET / HTTP/1.1" 404 - "-" "Mozilla/4.0 (compatible; MSIE 8.0; Windows NT 6.1; Trident/4.0; SLCC2; .NET CLR 2.0.50727; .NET CLR 3.5.30729; .NET CLR 3.0.30729; Media Center PC 6.0; .NET4.0C; InfoPath.2)"
185.216.178.27 - - [16/Dec/2022:09:21:55 +0100] "GET / HTTP/1.1" 404 - "http://www.google.de" "Mozilla/5.0 (Windows NT 6.1; WOW64; rv:13.0) Gecko/20100101 Firefox/13.0.1"
157.55.39.131 - - [16/Dec/2022:10:36:54 +0100] "GET /robots.txt HTTP/1.1" 404 - "-" "Mozilla/5.0 (compatible; bingbot/2.0; +http://www.bing.com/bingbot.htm)"
157.55.39.40 - - [16/Dec/2022:10:36:59 +0100] "GET /index.html HTTP/1.1" 404 - "-" "Mozilla/5.0 AppleWebKit/537.36 (KHTML, like Gecko; compatible; bingbot/2.0; +http://www.bing.com/bingbot.htm) Chrome/103.0.5060.134 Safari/537.36"
104.28.40.47 - - [16/Dec/2022:11:11:38 +0100] "GET / HTTP/1.1" 404 - "-" "Mozilla/5.0 (iPhone; CPU iPhone OS 16_2 like Mac OS X) AppleWebKit/605.1.15 (KHTML, like Gecko) Version/16.2 Mobile/15E148 Safari/604.1"
104.28.40.47 - - [16/Dec/2022:11:11:38 +0100] "GET /favicon.ico HTTP/1.1" 404 - "http://www.morusverlag.de/" "Mozilla/5.0 (iPhone; CPU iPhone OS 16_2 like Mac OS X) AppleWebKit/605.1.15 (KHTML, like Gecko) Version/16.2 Mobile/15E148 Safari/604.1"
95.108.213.63 - - [16/Dec/2022:14:46:44 +0100] "GET /robots.txt HTTP/1.1" 404 - "-" "Mozilla/5.0 (compatible; YandexBot/3.0; +http://yandex.com/bots)"
95.108.213.63 - - [16/Dec/2022:14:46:48 +0100] "GET /aktuell.html HTTP/1.1" 404 - "-" "Mozilla/5.0 (compatible; YandexBot/3.0; +http://yandex.com/bots)"
37.139.53.181 - - [16/Dec/2022:16:12:06 +0100] "GET / HTTP/1.0" 404 - "https://avtoservis-renault.ru/" "Mozilla/5.0 (Windows NT 6.1; ) AppleWebKit/537.36 (KHTML, like Gecko) Chrome/90.0.4430.85 Safari/537.36"
37.139.53.181 - - [16/Dec/2022:16:12:09 +0100] "GET / HTTP/1.0" 404 - "https://avtoservis-renault.ru/" "Mozilla/5.0 (Windows NT 6.1; ) AppleWebKit/537.36 (KHTML, like Gecko) Chrome/90.0.4430.85 Safari/537.36"
37.139.53.181 - - [16/Dec/2022:16:12:11 +0100] "GET / HTTP/1.0" 404 - "https://avtoservis-renault.ru/" "Mozilla/5.0 (Windows NT 6.3; Win64; x64) AppleWebKit/537.36 (KHTML, like Gecko) Chrome/90.0.4430.72 Safari/537.36 Edg/90.0.818.42"
37.139.53.181 - - [16/Dec/2022:16:12:11 +0100] "GET / HTTP/1.0" 404 - "https://avtoservis-renault.ru/" "Mozilla/5.0 (Windows NT 6.3; Win64; x64) AppleWebKit/537.36 (KHTML, like Gecko) Chrome/90.0.4430.72 Safari/537.36 Edg/90.0.818.42"
17.121.112.223 - - [16/Dec/2022:17:37:44 +0100] "GET /sonderthemen/oeaz2001.pdf HTTP/1.1" 404 - "-" "Mozilla/5.0 (Macintosh; Intel Mac OS X 10_15_5) AppleWebKit/605.1.15 (KHTML, like Gecko) Version/13.1.1 Safari/605.1.15 (Applebot/0.1; +http://www.apple.com/go/applebot)"
17.121.113.64 - - [16/Dec/2022:17:37:53 +0100] "GET /sonderthemen/oeaz2002.pdf HTTP/1.1" 404 - "-" "Mozilla/5.0 (Macintosh; Intel Mac OS X 10_15_5) AppleWebKit/605.1.15 (KHTML, like Gecko) Version/13.1.1 Safari/605.1.15 (Applebot/0.1; +http://www.apple.com/go/applebot)"
52.156.127.202 - - [16/Dec/2022:17:50:24 +0100] "GET /robots.txt HTTP/1.1" 404 - "-" "Mozilla/5.0 (Windows NT 10.0; Win64; x64) AppleWebKit/537.36 (KHTML, like Gecko) Chrome/99.0.4844.74 Safari/537.36 Edg/99.0.1150.55"
52.156.127.202 - - [16/Dec/2022:17:50:24 +0100] "GET /buecher/gesichter/25.jpg HTTP/1.1" 404 - "-" "Mozilla/5.0 (Windows NT 10.0; Win64; x64) AppleWebKit/537.36 (KHTML, like Gecko) Chrome/99.0.4844.74 Safari/537.36 Edg/99.0.1150.55"
34.78.12.18 - - [16/Dec/2022:18:02:43 +0100] "HEAD / HTTP/1.1" 404 - "-" "Apache-HttpClient/4.5.5 (Java/11.0.9)"
34.78.12.18 - - [16/Dec/2022:18:02:43 +0100] "GET / HTTP/1.1" 404 - "-" "Apache-HttpClient/4.5.5 (Java/11.0.9)"
34.78.12.18 - - [16/Dec/2022:18:02:43 +0100] "GET / HTTP/1.1" 404 - "-" "Apache-HttpClient/4.5.5 (Java/11.0.9)"
34.78.12.18 - - [16/Dec/2022:18:02:43 +0100] "GET / HTTP/1.1" 404 - "-" "Apache-HttpClient/4.5.5 (Java/11.0.9)"
34.78.12.18 - - [16/Dec/2022:18:02:43 +0100] "GET / HTTP/1.1" 404 - "-" "Apache-HttpClient/4.5.5 (Java/11.0.9)"
34.78.12.18 - - [16/Dec/2022:18:02:43 +0100] "GET / HTTP/1.1" 404 - "-" "Apache-HttpClient/4.5.5 (Java/11.0.9)"
52.156.127.202 - - [16/Dec/2022:18:12:23 +0100] "GET /robots.txt HTTP/1.1" 404 - "-" "Mozilla/5.0 (Windows NT 10.0; Win64; x64) AppleWebKit/537.36 (KHTML, like Gecko) Chrome/99.0.4844.74 Safari/537.36 Edg/99.0.1150.55"
52.156.127.202 - - [16/Dec/2022:18:12:23 +0100] "GET /buecher/gesichter/06.jpg HTTP/1.1" 404 - "-" "Mozilla/5.0 (Windows NT 10.0; Win64; x64) AppleWebKit/537.36 (KHTML, like Gecko) Chrome/99.0.4844.74 Safari/537.36 Edg/99.0.1150.55"
101.68.211.2 - - [16/Dec/2022:19:18:57 +0100] "GET / HTTP/1.1" 404 - "-" "Mozilla/5.0 (Macintosh; Intel Mac OS X 10.11; rv:47.0) Gecko/20100101 Firefox/47.0"
177.234.142.173 - - [16/Dec/2022:19:20:14 +0100] "GET / HTTP/1.1" 404 - "-" "Mozilla/5.0 (Windows NT 10.0; Win64; x64) AppleWebKit/537.36 (KHTML, like Gecko) Chrome/93.0.4577.82 Safari/537.36"
45.61.127.80 - - [16/Dec/2022:19:20:23 +0100] "GET / HTTP/1.1" 404 - "-" "Mozilla/5.0 (Windows NT 10.0; Win64; x64) AppleWebKit/537.36 (KHTML, like Gecko) Chrome/93.0.4577.82 Safari/537.36"
195.201.25.225 - - [16/Dec/2022:19:20:32 +0100] "GET / HTTP/1.1" 404 - "-" "Mozilla/5.0 (Windows NT 10.0; Win64; x64) AppleWebKit/537.36 (KHTML, like Gecko) Chrome/93.0.4577.82 Safari/537.36"
51.222.253.2 - - [16/Dec/2022:19:29:02 +0100] "GET /robots.txt HTTP/1.1" 404 - "-" "Mozilla/5.0 (compatible; AhrefsBot/7.0; +http://ahrefs.com/robot/)"
205.210.31.146 - - [16/Dec/2022:20:10:53 +0100] "GET / HTTP/1.1" 404 - "-" "Expanse, a Palo Alto Networks company, searches across the global IPv4 space multiple times per day to identify customers' presences on the Internet. If you would like to be excluded from our scans, please send IP addresses/domains to: scaninfo@paloaltonetworks.com"
114.119.130.40 - - [17/Dec/2022:00:20:20 +0100] "GET /robots.txt HTTP/1.1" 404 - "-" "Mozilla/5.0 (compatible;PetalBot;+https://webmaster.petalsearch.com/site/petalbot)"
37.139.53.181 - - [17/Dec/2022:01:34:46 +0100] "GET / HTTP/1.0" 404 - "https://bitok.blog/" "Mozilla/5.0 (Windows NT 6.1) AppleWebKit/537.36 (KHTML, like Gecko) Chrome/90.0.4430.72 Safari/537.36"
37.139.53.181 - - [17/Dec/2022:01:34:46 +0100] "GET / HTTP/1.0" 404 - "https://bitok.blog/" "Mozilla/5.0 (Windows NT 6.1) AppleWebKit/537.36 (KHTML, like Gecko) Chrome/90.0.4430.72 Safari/537.36"
37.139.53.181 - - [17/Dec/2022:01:34:49 +0100] "GET / HTTP/1.0" 404 - "https://bitok.blog/" "Mozilla/5.0 (Windows NT 6.3; Win64; x64) AppleWebKit/537.36 (KHTML, like Gecko) Chrome/90.0.4430.93 Safari/537.36"
37.139.53.181 - - [17/Dec/2022:01:34:49 +0100] "GET / HTTP/1.0" 404 - "https://bitok.blog/" "Mozilla/5.0 (Windows NT 6.3; Win64; x64) AppleWebKit/537.36 (KHTML, like Gecko) Chrome/90.0.4430.93 Safari/537.36"
52.156.127.202 - - [17/Dec/2022:02:11:19 +0100] "GET /robots.txt HTTP/1.1" 404 - "-" "Mozilla/5.0 (Windows NT 10.0; Win64; x64) AppleWebKit/537.36 (KHTML, like Gecko) Chrome/99.0.4844.74 Safari/537.36 Edg/99.0.1150.55"
52.156.127.202 - - [17/Dec/2022:02:11:20 +0100] "GET /buecher/gesichter/09.jpg HTTP/1.1" 404 - "-" "Mozilla/5.0 (Windows NT 10.0; Win64; x64) AppleWebKit/537.36 (KHTML, like Gecko) Chrome/99.0.4844.74 Safari/537.36 Edg/99.0.1150.55"
34.89.198.89 - - [17/Dec/2022:02:54:17 +0100] "GET /robots.txt HTTP/1.1" 404 - "-" "Mozilla/5.0 (compatible; Googlebot/2.1; +http://www.google.com/bot.html)"
34.89.198.83 - - [17/Dec/2022:02:54:18 +0100] "GET / HTTP/1.1" 404 - "-" "Mozilla/5.0 (compatible; Googlebot/2.1; +http://www.google.com/bot.html)"
66.249.64.207 - - [17/Dec/2022:02:54:18 +0100] "GET /robots.txt HTTP/1.1" 404 - "-" "Mozilla/5.0 (compatible; Googlebot/2.1; +http://www.google.com/bot.html)"
66.249.64.201 - - [17/Dec/2022:02:54:19 +0100] "GET / HTTP/1.1" 404 - "-" "Mozilla/5.0 (compatible; Googlebot/2.1; +http://www.google.com/bot.html)"
46.4.107.145 - - [17/Dec/2022:03:27:28 +0100] "GET /robots.txt HTTP/1.1" 404 - "-" "Mozilla/5.0 (compatible; BLEXBot/1.0; +http://webmeup-crawler.com/)"
46.4.107.145 - - [17/Dec/2022:03:27:28 +0100] "GET /sitemap HTTP/1.1" 404 - "-" "Mozilla/5.0 (compatible; BLEXBot/1.0; +http://webmeup-crawler.com/)"
46.4.107.145 - - [17/Dec/2022:03:27:51 +0100] "GET /sitemap.txt HTTP/1.1" 404 - "-" "Mozilla/5.0 (compatible; BLEXBot/1.0; +http://webmeup-crawler.com/)"
46.4.107.145 - - [17/Dec/2022:03:27:58 +0100] "GET / HTTP/1.1" 404 - "-" "Mozilla/5.0 (compatible; BLEXBot/1.0; +http://webmeup-crawler.com/)"
46.4.107.145 - - [17/Dec/2022:03:28:32 +0100] "GET /buecher/ HTTP/1.1" 404 - "-" "Mozilla/5.0 (compatible; BLEXBot/1.0; +http://webmeup-crawler.com/)"
85.25.177.219 - - [17/Dec/2022:04:21:48 +0100] "GET /robots.txt HTTP/1.1" 404 - "-" "Mozilla/5.0 (Macintosh; Intel Mac OS X 10.15; rv:103.0) Gecko/20100101 Firefox/103.0"
85.25.177.219 - - [17/Dec/2022:04:21:48 +0100] "GET /sitemap.xml HTTP/1.1" 404 - "-" "Mozilla/5.0 (Macintosh; Intel Mac OS X 10.15; rv:103.0) Gecko/20100101 Firefox/103.0"
85.25.177.219 - - [17/Dec/2022:04:21:49 +0100] "GET / HTTP/1.1" 404 - "-" "Mozilla/5.0 (Macintosh; Intel Mac OS X 10.15; rv:103.0) Gecko/20100101 Firefox/103.0"
20.112.10.236 - - [17/Dec/2022:05:49:19 +0100] "GET /robots.txt HTTP/1.1" 404 - "-" "Mozilla/5.0 (Windows NT 10.0; Win64; x64) AppleWebKit/537.36 (KHTML, like Gecko) Chrome/99.0.4844.74 Safari/537.36 Edg/99.0.1150.55"
20.112.10.236 - - [17/Dec/2022:05:49:20 +0100] "GET /buecher/gesichter/30.jpg HTTP/1.1" 404 - "-" "Mozilla/5.0 (Windows NT 10.0; Win64; x64) AppleWebKit/537.36 (KHTML, like Gecko) Chrome/99.0.4844.74 Safari/537.36 Edg/99.0.1150.55"
142.132.229.209 - - [17/Dec/2022:06:01:58 +0100] "GET /robots.txt HTTP/1.1" 404 - "-" "mindUpBot (datenbutler.de)"
142.132.229.209 - - [17/Dec/2022:06:02:03 +0100] "GET / HTTP/1.1" 404 - "-" "mindUpBot (datenbutler.de)"
52.156.127.202 - - [17/Dec/2022:07:23:08 +0100] "GET /robots.txt HTTP/1.1" 404 - "-" "Mozilla/5.0 (Windows NT 10.0; Win64; x64) AppleWebKit/537.36 (KHTML, like Gecko) Chrome/99.0.4844.74 Safari/537.36 Edg/99.0.1150.55"
52.156.127.202 - - [17/Dec/2022:07:23:08 +0100] "GET /buecher/gesichter/28.jpg HTTP/1.1" 404 - "-" "Mozilla/5.0 (Windows NT 10.0; Win64; x64) AppleWebKit/537.36 (KHTML, like Gecko) Chrome/99.0.4844.74 Safari/537.36 Edg/99.0.1150.55"
5.188.86.198 - - [17/Dec/2022:09:24:41 +0100] "GET /wp-login.php HTTP/1.1" 404 - "-" "Mozilla/5.0 (Windows NT 10.0; Win64; x64) AppleWebKit/537.36 (KHTML, like Gecko) Chrome/64.0.3282.140 Safari/537.36 Edge/18.17763"
54.36.149.52 - - [17/Dec/2022:09:46:28 +0100] "GET /robots.txt HTTP/1.1" 404 - "-" "Mozilla/5.0 (compatible; AhrefsBot/7.0; +http://ahrefs.com/robot/)"
85.25.177.219 - - [17/Dec/2022:10:51:39 +0100] "GET /robots.txt HTTP/1.1" 404 - "-" "Mozilla/5.0 (Macintosh; Intel Mac OS X 10.15; rv:103.0) Gecko/20100101 Firefox/103.0"
85.25.177.219 - - [17/Dec/2022:10:51:39 +0100] "GET /sitemap.xml HTTP/1.1" 404 - "-" "Mozilla/5.0 (Macintosh; Intel Mac OS X 10.15; rv:103.0) Gecko/20100101 Firefox/103.0"
85.25.177.219 - - [17/Dec/2022:10:51:40 +0100] "GET / HTTP/1.1" 404 - "-" "Mozilla/5.0 (Macintosh; Intel Mac OS X 10.15; rv:103.0) Gecko/20100101 Firefox/103.0"
80.187.120.141 - - [17/Dec/2022:11:06:12 +0100] "GET / HTTP/1.1" 404 - "https://de.wikipedia.org/" "Mozilla/5.0 (Windows NT 10.0; Win64; x64) AppleWebKit/537.36 (KHTML, like Gecko) Chrome/108.0.0.0 Safari/537.36 Edg/108.0.1462.46"
80.187.120.141 - - [17/Dec/2022:11:06:13 +0100] "GET /favicon.ico HTTP/1.1" 404 - "http://www.morusverlag.de/" "Mozilla/5.0 (Windows NT 10.0; Win64; x64) AppleWebKit/537.36 (KHTML, like Gecko) Chrome/108.0.0.0 Safari/537.36 Edg/108.0.1462.46"
80.187.120.141 - - [17/Dec/2022:11:06:27 +0100] "GET /cds/hymnos_akathistos.html HTTP/1.1" 404 - "https://de.wikipedia.org/" "Mozilla/5.0 (Windows NT 10.0; Win64; x64) AppleWebKit/537.36 (KHTML, like Gecko) Chrome/108.0.0.0 Safari/537.36 Edg/108.0.1462.46"
80.187.120.141 - - [17/Dec/2022:11:06:32 +0100] "GET / HTTP/1.1" 404 - "https://de.wikipedia.org/" "Mozilla/5.0 (Windows NT 10.0; Win64; x64) AppleWebKit/537.36 (KHTML, like Gecko) Chrome/108.0.0.0 Safari/537.36 Edg/108.0.1462.46"
80.187.120.141 - - [17/Dec/2022:11:06:43 +0100] "GET / HTTP/1.1" 404 - "-" "Mozilla/5.0 (Windows NT 10.0; Win64; x64) AppleWebKit/537.36 (KHTML, like Gecko) Chrome/108.0.0.0 Safari/537.36 Edg/108.0.1462.46"
80.187.120.141 - - [17/Dec/2022:11:07:29 +0100] "GET / HTTP/1.1" 404 - "http://urlm.de/" "Mozilla/5.0 (Windows NT 10.0; Win64; x64) AppleWebKit/537.36 (KHTML, like Gecko) Chrome/108.0.0.0 Safari/537.36 Edg/108.0.1462.46"
80.187.120.141 - - [17/Dec/2022:11:07:32 +0100] "GET / HTTP/1.1" 404 - "http://urlm.de/" "Mozilla/5.0 (Windows NT 10.0; Win64; x64) AppleWebKit/537.36 (KHTML, like Gecko) Chrome/108.0.0.0 Safari/537.36 Edg/108.0.1462.46"
65.108.0.150 - - [17/Dec/2022:12:58:39 +0100] "GET /robots.txt HTTP/1.1" 404 - "-" "Mozilla/5.0 (compatible; SEOkicks; +https://www.seokicks.de/robot.html)"
65.108.0.150 - - [17/Dec/2022:12:58:40 +0100] "GET / HTTP/1.1" 404 - "-" "Mozilla/5.0 (compatible; SEOkicks; +https://www.seokicks.de/robot.html)"
37.139.53.181 - - [17/Dec/2022:14:27:11 +0100] "GET / HTTP/1.0" 404 - "https://kamagra-kaufensie.com/" "Mozilla/5.0 (Windows NT 6.1; Win64; x64) AppleWebKit/537.36 (KHTML, like Gecko) Chrome/90.0.4430.93 Safari/537.36"
37.139.53.181 - - [17/Dec/2022:14:27:11 +0100] "GET / HTTP/1.0" 404 - "https://kamagra-kaufensie.com/" "Mozilla/5.0 (Windows NT 6.1; Win64; x64) AppleWebKit/537.36 (KHTML, like Gecko) Chrome/90.0.4430.93 Safari/537.36"
37.139.53.181 - - [17/Dec/2022:14:27:13 +0100] "GET / HTTP/1.0" 404 - "https://kamagra-kaufensie.com/" "Mozilla/5.0 (Windows NT 6.3) AppleWebKit/537.36 (KHTML, like Gecko) Chrome/90.0.4430.72 Safari/537.36"
37.139.53.181 - - [17/Dec/2022:14:27:16 +0100] "GET / HTTP/1.0" 404 - "https://kamagra-kaufensie.com/" "Mozilla/5.0 (Windows NT 6.3) AppleWebKit/537.36 (KHTML, like Gecko) Chrome/90.0.4430.72 Safari/537.36"
87.250.224.92 - - [17/Dec/2022:14:43:48 +0100] "GET /robots.txt HTTP/1.1" 404 - "-" "Mozilla/5.0 (compatible; YandexBot/3.0; +http://yandex.com/bots)"
87.250.224.92 - - [17/Dec/2022:14:43:52 +0100] "GET /gotteslob/ HTTP/1.1" 404 - "-" "Mozilla/5.0 (compatible; YandexBot/3.0; +http://yandex.com/bots)"
157.90.91.229 - - [17/Dec/2022:15:42:37 +0100] "GET /robots.txt HTTP/1.1" 404 - "-" "Mozilla/5.0 (compatible; BLEXBot/1.0; +http://webmeup-crawler.com/)"
157.90.91.229 - - [17/Dec/2022:15:42:39 +0100] "GET /sitemap HTTP/1.1" 404 - "-" "Mozilla/5.0 (compatible; BLEXBot/1.0; +http://webmeup-crawler.com/)"
157.90.91.229 - - [17/Dec/2022:15:42:46 +0100] "GET /sitemap.txt HTTP/1.1" 404 - "-" "Mozilla/5.0 (compatible; BLEXBot/1.0; +http://webmeup-crawler.com/)"
157.90.91.229 - - [17/Dec/2022:15:42:50 +0100] "GET / HTTP/1.1" 404 - "-" "Mozilla/5.0 (compatible; BLEXBot/1.0; +http://webmeup-crawler.com/)"
66.249.64.207 - - [17/Dec/2022:15:53:05 +0100] "GET /robots.txt HTTP/1.1" 404 - "-" "Mozilla/5.0 (compatible; Googlebot/2.1; +http://www.google.com/bot.html)"
66.249.64.207 - - [17/Dec/2022:15:53:05 +0100] "GET /sonderthemen/az2000.pdf HTTP/1.1" 404 - "-" "Mozilla/5.0 (compatible; Googlebot/2.1; +http://www.google.com/bot.html)"
85.25.177.219 - - [17/Dec/2022:16:10:22 +0100] "GET /robots.txt HTTP/1.1" 404 - "-" "Mozilla/5.0 (Macintosh; Intel Mac OS X 10.15; rv:103.0) Gecko/20100101 Firefox/103.0"
85.25.177.219 - - [17/Dec/2022:16:10:22 +0100] "GET /sitemap.xml HTTP/1.1" 404 - "-" "Mozilla/5.0 (Macintosh; Intel Mac OS X 10.15; rv:103.0) Gecko/20100101 Firefox/103.0"
85.25.177.219 - - [17/Dec/2022:16:10:23 +0100] "GET / HTTP/1.1" 404 - "-" "Mozilla/5.0 (Macintosh; Intel Mac OS X 10.15; rv:103.0) Gecko/20100101 Firefox/103.0"
66.249.64.203 - - [17/Dec/2022:16:38:04 +0100] "GET /sonderthemen/oekt_extra1.pdf HTTP/1.1" 404 - "-" "Mozilla/5.0 (Linux; Android 6.0.1; Nexus 5X Build/MMB29P) AppleWebKit/537.36 (KHTML, like Gecko) Chrome/107.0.5304.115 Mobile Safari/537.36 (compatible; Googlebot/2.1; +http://www.google.com/bot.html)"
87.250.224.92 - - [17/Dec/2022:17:52:56 +0100] "GET /robots.txt HTTP/1.1" 404 - "-" "Mozilla/5.0 (compatible; YandexBot/3.0; +http://yandex.com/bots)"
87.250.224.92 - - [17/Dec/2022:17:53:00 +0100] "GET /sonderthemen/oekt_extra3.pdf HTTP/1.1" 404 - "-" "Mozilla/5.0 (compatible; YandexBot/3.0; +http://yandex.com/bots)"
35.241.206.118 - - [17/Dec/2022:19:02:22 +0100] "HEAD / HTTP/1.1" 404 - "-" "Apache-HttpClient/4.5.5 (Java/11.0.9)"
35.241.206.118 - - [17/Dec/2022:19:02:22 +0100] "GET / HTTP/1.1" 404 - "-" "Apache-HttpClient/4.5.5 (Java/11.0.9)"
35.241.206.118 - - [17/Dec/2022:19:02:22 +0100] "GET / HTTP/1.1" 404 - "-" "Apache-HttpClient/4.5.5 (Java/11.0.9)"
35.241.206.118 - - [17/Dec/2022:19:02:22 +0100] "GET / HTTP/1.1" 404 - "-" "Apache-HttpClient/4.5.5 (Java/11.0.9)"
35.241.206.118 - - [17/Dec/2022:19:02:22 +0100] "GET / HTTP/1.1" 404 - "-" "Apache-HttpClient/4.5.5 (Java/11.0.9)"
35.241.206.118 - - [17/Dec/2022:19:02:22 +0100] "GET / HTTP/1.1" 404 - "-" "Apache-HttpClient/4.5.5 (Java/11.0.9)"
216.145.5.42 - - [17/Dec/2022:20:23:36 +0100] "GET /robots.txt HTTP/1.0" 404 - "-" "Mozilla/5.0 (Macintosh; Intel Mac OS X 10.10; rv:59.0) Gecko/20100101 Firefox/59.0"
216.145.5.42 - - [17/Dec/2022:20:23:37 +0100] "GET / HTTP/1.1" 404 - "-" "Mozilla/5.0 (Macintosh; Intel Mac OS X 10.10; rv:59.0) Gecko/20100101 Firefox/59.0"
108.174.5.112 - - [17/Dec/2022:20:53:41 +0100] "GET /mv_gr_w.gif HTTP/1.1" 404 - "-" "LinkedInBot/1.0 (compatible; Mozilla/5.0; Apache-HttpClient +http://www.linkedin.com)"
178.62.82.141 - - [17/Dec/2022:21:19:28 +0100] "GET / HTTP/1.1" 404 - "-" "Mozilla/5.0 (Windows NT 6.0) AppleWebKit/537.36 (KHTML, like Gecko) Chrome/34.0.1847.116 Safari/537.36"
91.10.242.107 - - [17/Dec/2022:22:22:16 +0100] "GET / HTTP/1.1" 404 - "https://de.m.wikipedia.org/" "Mozilla/5.0 (iPhone; CPU iPhone OS 16_1_2 like Mac OS X) AppleWebKit/605.1.15 (KHTML, like Gecko) Version/16.1 Mobile/15E148 Safari/604.1"
91.10.242.107 - - [17/Dec/2022:22:22:16 +0100] "GET /favicon.ico HTTP/1.1" 404 - "http://www.morusverlag.de/" "Mozilla/5.0 (iPhone; CPU iPhone OS 16_1_2 like Mac OS X) AppleWebKit/605.1.15 (KHTML, like Gecko) Version/16.1 Mobile/15E148 Safari/604.1"
194.173.174.10 - - [17/Dec/2022:22:37:29 +0100] "HEAD / HTTP/1.1" 404 - "-" "Mozilla/5.0 (Windows NT 6.3; WOW64) AppleWebKit/537.36 (KHTML, like Gecko) Chrome/43.0.2357.134 Safari/537.36"
194.173.174.10 - - [17/Dec/2022:22:37:29 +0100] "GET / HTTP/1.1" 404 - "-" "Mozilla/5.0 (Windows NT 6.3; WOW64) AppleWebKit/537.36 (KHTML, like Gecko) Chrome/43.0.2357.134 Safari/537.36"
85.25.177.219 - - [17/Dec/2022:23:07:46 +0100] "GET /robots.txt HTTP/1.1" 404 - "-" "Mozilla/5.0 (Macintosh; Intel Mac OS X 10.15; rv:103.0) Gecko/20100101 Firefox/103.0"
85.25.177.219 - - [17/Dec/2022:23:07:46 +0100] "GET /buecher/ HTTP/1.1" 404 - "-" "Mozilla/5.0 (Macintosh; Intel Mac OS X 10.15; rv:103.0) Gecko/20100101 Firefox/103.0"
37.139.53.181 - - [18/Dec/2022:00:03:25 +0100] "GET / HTTP/1.0" 404 - "https://bitok.news/" "Mozilla/5.0 (Windows NT 10.0) AppleWebKit/537.36 (KHTML, like Gecko) Chrome/90.0.4430.72 Safari/537.36"
37.139.53.181 - - [18/Dec/2022:00:03:25 +0100] "GET / HTTP/1.0" 404 - "https://bitok.news/" "Mozilla/5.0 (Windows NT 10.0) AppleWebKit/537.36 (KHTML, like Gecko) Chrome/90.0.4430.72 Safari/537.36"
37.139.53.181 - - [18/Dec/2022:00:03:27 +0100] "GET / HTTP/1.0" 404 - "https://bitok.news/" "Mozilla/5.0 (Windows NT 6.1) AppleWebKit/537.36 (KHTML, like Gecko) Chrome/90.0.4430.85 Safari/537.36"
37.139.53.181 - - [18/Dec/2022:00:03:28 +0100] "GET / HTTP/1.0" 404 - "https://bitok.news/" "Mozilla/5.0 (Windows NT 6.1) AppleWebKit/537.36 (KHTML, like Gecko) Chrome/90.0.4430.85 Safari/537.36"
114.119.142.132 - - [18/Dec/2022:01:06:27 +0100] "GET /robots.txt HTTP/1.1" 404 - "-" "Mozilla/5.0 (compatible;PetalBot;+https://webmaster.petalsearch.com/site/petalbot)"
87.250.224.92 - - [18/Dec/2022:01:10:13 +0100] "GET /robots.txt HTTP/1.1" 404 - "-" "Mozilla/5.0 (compatible; YandexBot/3.0; +http://yandex.com/bots)"
87.250.224.92 - - [18/Dec/2022:01:10:16 +0100] "GET /cds/glockenspiel1.html HTTP/1.1" 404 - "-" "Mozilla/5.0 (compatible; YandexBot/3.0; +http://yandex.com/bots)"
103.148.245.53 - - [18/Dec/2022:01:10:32 +0100] "GET / HTTP/1.1" 404 - "-" "BaiduSpider"
85.25.177.219 - - [18/Dec/2022:01:14:49 +0100] "GET /robots.txt HTTP/1.1" 404 - "-" "Mozilla/5.0 (Macintosh; Intel Mac OS X 10.15; rv:103.0) Gecko/20100101 Firefox/103.0"
85.25.177.219 - - [18/Dec/2022:01:14:49 +0100] "GET /buecher/ HTTP/1.1" 404 - "-" "Mozilla/5.0 (Macintosh; Intel Mac OS X 10.15; rv:103.0) Gecko/20100101 Firefox/103.0"
85.25.177.219 - - [18/Dec/2022:02:14:44 +0100] "GET /robots.txt HTTP/1.1" 404 - "-" "Mozilla/5.0 (Macintosh; Intel Mac OS X 10.15; rv:103.0) Gecko/20100101 Firefox/103.0"
85.25.177.219 - - [18/Dec/2022:02:14:45 +0100] "GET /jahrbuch/index.html HTTP/1.1" 404 - "-" "Mozilla/5.0 (Macintosh; Intel Mac OS X 10.15; rv:103.0) Gecko/20100101 Firefox/103.0"
142.132.237.249 - - [18/Dec/2022:03:06:42 +0100] "GET /robots.txt HTTP/1.1" 404 - "-" "mindUpBot (datenbutler.de)"
142.132.237.249 - - [18/Dec/2022:03:06:47 +0100] "GET / HTTP/1.1" 404 - "-" "mindUpBot (datenbutler.de)"
194.173.174.106 - - [18/Dec/2022:03:36:37 +0100] "HEAD / HTTP/1.1" 404 - "-" "Mozilla/5.0 (Windows NT 6.3; WOW64) AppleWebKit/537.36 (KHTML, like Gecko) Chrome/43.0.2357.134 Safari/537.36"
194.173.174.106 - - [18/Dec/2022:03:36:37 +0100] "GET / HTTP/1.1" 404 - "-" "Mozilla/5.0 (Windows NT 6.3; WOW64) AppleWebKit/537.36 (KHTML, like Gecko) Chrome/43.0.2357.134 Safari/537.36"
85.25.177.219 - - [18/Dec/2022:04:08:54 +0100] "GET /robots.txt HTTP/1.1" 404 - "-" "Mozilla/5.0 (Macintosh; Intel Mac OS X 10.15; rv:103.0) Gecko/20100101 Firefox/103.0"
85.25.177.219 - - [18/Dec/2022:04:08:54 +0100] "GET /buecher/ HTTP/1.1" 404 - "-" "Mozilla/5.0 (Macintosh; Intel Mac OS X 10.15; rv:103.0) Gecko/20100101 Firefox/103.0"
85.25.177.219 - - [18/Dec/2022:04:27:12 +0100] "GET /robots.txt HTTP/1.1" 404 - "-" "Mozilla/5.0 (Macintosh; Intel Mac OS X 10.15; rv:103.0) Gecko/20100101 Firefox/103.0"
85.25.177.219 - - [18/Dec/2022:04:27:12 +0100] "GET /jahrbuch/index.html HTTP/1.1" 404 - "-" "Mozilla/5.0 (Macintosh; Intel Mac OS X 10.15; rv:103.0) Gecko/20100101 Firefox/103.0"
51.222.253.7 - - [18/Dec/2022:04:33:52 +0100] "GET /robots.txt HTTP/1.1" 404 - "-" "Mozilla/5.0 (compatible; AhrefsBot/7.0; +http://ahrefs.com/robot/)"
85.25.177.219 - - [18/Dec/2022:07:06:36 +0100] "GET /robots.txt HTTP/1.1" 404 - "-" "Mozilla/5.0 (Macintosh; Intel Mac OS X 10.15; rv:103.0) Gecko/20100101 Firefox/103.0"
85.25.177.219 - - [18/Dec/2022:07:06:36 +0100] "GET /jahrbuch/index.html HTTP/1.1" 404 - "-" "Mozilla/5.0 (Macintosh; Intel Mac OS X 10.15; rv:103.0) Gecko/20100101 Firefox/103.0"
34.78.128.92 - - [18/Dec/2022:09:14:47 +0100] "GET / HTTP/1.1" 404 - "-" "Mozilla/5.0 (Windows NT 10.0; Win64; x64) AppleWebKit/537.36 (KHTML, like Gecko) Chrome/84.0.4147.105 Safari/537.36"
198.235.24.163 - - [18/Dec/2022:11:10:36 +0100] "GET / HTTP/1.1" 404 - "-" "Expanse, a Palo Alto Networks company, searches across the global IPv4 space multiple times per day to identify customers' presences on the Internet. If you would like to be excluded from our scans, please send IP addresses/domains to: scaninfo@paloaltonetworks.com"
194.173.174.10 - - [18/Dec/2022:11:37:20 +0100] "HEAD / HTTP/1.1" 404 - "-" "Mozilla/5.0 (Windows NT 6.3; WOW64) AppleWebKit/537.36 (KHTML, like Gecko) Chrome/43.0.2357.134 Safari/537.36"
194.173.174.10 - - [18/Dec/2022:11:37:20 +0100] "GET / HTTP/1.1" 404 - "-" "Mozilla/5.0 (Windows NT 6.3; WOW64) AppleWebKit/537.36 (KHTML, like Gecko) Chrome/43.0.2357.134 Safari/537.36"
114.119.148.120 - - [18/Dec/2022:13:17:13 +0100] "GET /sonderthemen/oekt_extra3.pdf HTTP/1.1" 404 - "http://www.morusverlag.de/sonderthemen/archiv.html" "Mozilla/5.0 (Linux; Android 7.0;) AppleWebKit/537.36 (KHTML, like Gecko) Mobile Safari/537.36 (compatible; PetalBot;+https://webmaster.petalsearch.com/site/petalbot)"
37.139.53.181 - - [18/Dec/2022:15:48:27 +0100] "GET / HTTP/1.0" 404 - "http://pro-activehealthorlando.com/" "Mozilla/5.0 (Windows NT 6.1; WOW64) AppleWebKit/537.36 (KHTML, like Gecko) Chrome/90.0.4430.93 Safari/537.36"
37.139.53.181 - - [18/Dec/2022:15:48:27 +0100] "GET / HTTP/1.0" 404 - "http://pro-activehealthorlando.com/" "Mozilla/5.0 (Windows NT 6.1; WOW64) AppleWebKit/537.36 (KHTML, like Gecko) Chrome/90.0.4430.93 Safari/537.36"
37.139.53.181 - - [18/Dec/2022:15:48:29 +0100] "GET / HTTP/1.0" 404 - "http://pro-activehealthorlando.com/" "Mozilla/5.0 (Windows NT 6.1; ) AppleWebKit/537.36 (KHTML, like Gecko) Chrome/90.0.4430.85 Safari/537.36"
37.139.53.181 - - [18/Dec/2022:15:48:29 +0100] "GET / HTTP/1.0" 404 - "http://pro-activehealthorlando.com/" "Mozilla/5.0 (Windows NT 6.1; ) AppleWebKit/537.36 (KHTML, like Gecko) Chrome/90.0.4430.85 Safari/537.36"
17.241.227.82 - - [18/Dec/2022:17:54:01 +0100] "GET /robots.txt HTTP/1.1" 404 - "-" "Mozilla/5.0 (Macintosh; Intel Mac OS X 10_15_5) AppleWebKit/605.1.15 (KHTML, like Gecko) Version/13.1.1 Safari/605.1.15 (Applebot/0.1; +http://www.apple.com/go/applebot)"
17.241.227.82 - - [18/Dec/2022:17:54:02 +0100] "GET /sonderthemen/oekt_extra1.pdf HTTP/1.1" 404 - "-" "Mozilla/5.0 (Macintosh; Intel Mac OS X 10_15_5) AppleWebKit/605.1.15 (KHTML, like Gecko) Version/13.1.1 Safari/605.1.15 (Applebot/0.1; +http://www.apple.com/go/applebot)"
213.83.37.145 - - [18/Dec/2022:19:11:19 +0100] "HEAD / HTTP/1.1" 404 - "-" "Mozilla/5.0 (Windows NT 6.1; rv:39.0) Gecko/20180101 Firefox/39.0"
213.83.37.145 - - [18/Dec/2022:19:11:21 +0100] "HEAD / HTTP/1.1" 404 - "-" "Mozilla/5.0 (Windows NT 6.1; rv:39.0) Gecko/20180101 Firefox/39.0"
85.25.177.219 - - [18/Dec/2022:19:26:58 +0100] "GET /robots.txt HTTP/1.1" 404 - "-" "Mozilla/5.0 (Macintosh; Intel Mac OS X 10.15; rv:103.0) Gecko/20100101 Firefox/103.0"
85.25.177.219 - - [18/Dec/2022:19:26:58 +0100] "GET /sitemap.xml HTTP/1.1" 404 - "-" "Mozilla/5.0 (Macintosh; Intel Mac OS X 10.15; rv:103.0) Gecko/20100101 Firefox/103.0"
85.25.177.219 - - [18/Dec/2022:19:26:59 +0100] "GET / HTTP/1.1" 404 - "-" "Mozilla/5.0 (Macintosh; Intel Mac OS X 10.15; rv:103.0) Gecko/20100101 Firefox/103.0"
130.211.104.39 - - [18/Dec/2022:19:28:12 +0100] "HEAD / HTTP/1.1" 404 - "-" "Apache-HttpClient/4.5.5 (Java/11.0.9)"
130.211.104.39 - - [18/Dec/2022:19:28:12 +0100] "GET / HTTP/1.1" 404 - "-" "Apache-HttpClient/4.5.5 (Java/11.0.9)"
130.211.104.39 - - [18/Dec/2022:19:28:12 +0100] "GET / HTTP/1.1" 404 - "-" "Apache-HttpClient/4.5.5 (Java/11.0.9)"
130.211.104.39 - - [18/Dec/2022:19:28:12 +0100] "GET / HTTP/1.1" 404 - "-" "Apache-HttpClient/4.5.5 (Java/11.0.9)"
130.211.104.39 - - [18/Dec/2022:19:28:12 +0100] "GET / HTTP/1.1" 404 - "-" "Apache-HttpClient/4.5.5 (Java/11.0.9)"
130.211.104.39 - - [18/Dec/2022:19:28:12 +0100] "GET / HTTP/1.1" 404 - "-" "Apache-HttpClient/4.5.5 (Java/11.0.9)"
85.25.177.219 - - [18/Dec/2022:21:38:02 +0100] "GET /robots.txt HTTP/1.1" 404 - "-" "Mozilla/5.0 (Macintosh; Intel Mac OS X 10.15; rv:103.0) Gecko/20100101 Firefox/103.0"
