213.61.218.57 - - [01/Dec/2022:00:00:22 +0100] "GET / HTTP/1.1" 404 - "http://www.google.de/" "finbot"
66.249.66.7 - - [01/Dec/2022:00:42:28 +0100] "GET /robots.txt HTTP/1.1" 404 - "-" "Mozilla/5.0 (compatible; Googlebot/2.1; +http://www.google.com/bot.html)"
66.249.66.2 - - [01/Dec/2022:00:42:28 +0100] "GET /buecher/freiheit_und_sinnsucht.jpg HTTP/1.1" 404 - "-" "Googlebot-Image/1.0"
51.222.253.2 - - [01/Dec/2022:01:39:05 +0100] "GET /robots.txt HTTP/1.1" 404 - "-" "Mozilla/5.0 (compatible; AhrefsBot/7.0; +http://ahrefs.com/robot/)"
54.36.148.131 - - [01/Dec/2022:01:39:07 +0100] "GET / HTTP/1.1" 404 - "-" "Mozilla/5.0 (compatible; AhrefsBot/7.0; +http://ahrefs.com/robot/)"
85.25.177.219 - - [01/Dec/2022:01:41:57 +0100] "GET /robots.txt HTTP/1.1" 404 - "-" "Mozilla/5.0 (Macintosh; Intel Mac OS X 10.15; rv:103.0) Gecko/20100101 Firefox/103.0"
85.25.177.219 - - [01/Dec/2022:01:41:57 +0100] "GET /jahrbuch/index.html HTTP/1.1" 404 - "-" "Mozilla/5.0 (Macintosh; Intel Mac OS X 10.15; rv:103.0) Gecko/20100101 Firefox/103.0"
188.143.235.146 - - [01/Dec/2022:01:57:27 +0100] "GET / HTTP/1.0" 404 - "https://www.vse-avtoservisy.ru/" "Mozilla/5.0 (Windows NT 6.1) AppleWebKit/537.36 (KHTML, like Gecko) Chrome/90.0.4430.93 Safari/537.36"
188.143.235.146 - - [01/Dec/2022:01:57:27 +0100] "GET / HTTP/1.0" 404 - "https://www.vse-avtoservisy.ru/" "Mozilla/5.0 (Windows NT 6.1) AppleWebKit/537.36 (KHTML, like Gecko) Chrome/90.0.4430.93 Safari/537.36"
188.143.235.146 - - [01/Dec/2022:01:57:29 +0100] "GET / HTTP/1.0" 404 - "https://www.vse-avtoservisy.ru/" "Mozilla/5.0 (Windows NT 10.0) AppleWebKit/537.36 (KHTML, like Gecko) Chrome/90.0.4430.85 Safari/537.36"
188.143.235.146 - - [01/Dec/2022:01:57:29 +0100] "GET / HTTP/1.0" 404 - "https://www.vse-avtoservisy.ru/" "Mozilla/5.0 (Windows NT 10.0) AppleWebKit/537.36 (KHTML, like Gecko) Chrome/90.0.4430.85 Safari/537.36"
65.21.206.45 - - [01/Dec/2022:03:34:53 +0100] "GET /buecher/rezensionen_chateaubriand.html HTTP/1.1" 404 - "-" "Mozilla/5.0 (Windows NT 10.0; Win64; x64) AppleWebKit/537.36 (KHTML, like Gecko) Chrome/91.0.4472.114 Safari/537.36 Edg/91.0.864.54"
95.108.213.11 - - [01/Dec/2022:05:47:03 +0100] "GET /robots.txt HTTP/1.1" 404 - "-" "Mozilla/5.0 (compatible; YandexBot/3.0; +http://yandex.com/bots)"
95.108.213.11 - - [01/Dec/2022:05:47:07 +0100] "GET /buecher/veroeffentlichungsliste.html HTTP/1.1" 404 - "-" "Mozilla/5.0 (compatible; YandexBot/3.0; +http://yandex.com/bots)"
66.249.66.7 - - [01/Dec/2022:11:26:38 +0100] "GET /buecher/rezensionen.html HTTP/1.1" 404 - "-" "Mozilla/5.0 (Linux; Android 6.0.1; Nexus 5X Build/MMB29P) AppleWebKit/537.36 (KHTML, like Gecko) Chrome/107.0.5304.110 Mobile Safari/537.36 (compatible; Googlebot/2.1; +http://www.google.com/bot.html)"
66.249.68.39 - - [01/Dec/2022:13:33:11 +0100] "GET /robots.txt HTTP/1.1" 404 - "-" "Mozilla/5.0 (compatible; Googlebot/2.1; +http://www.google.com/bot.html)"
66.249.68.33 - - [01/Dec/2022:13:33:11 +0100] "GET /buecher/diskussion.html HTTP/1.1" 404 - "-" "Mozilla/5.0 (Linux; Android 6.0.1; Nexus 5X Build/MMB29P) AppleWebKit/537.36 (KHTML, like Gecko) Chrome/107.0.5304.110 Mobile Safari/537.36 (compatible; Googlebot/2.1; +http://www.google.com/bot.html)"
157.90.91.229 - - [01/Dec/2022:14:47:14 +0100] "GET /robots.txt HTTP/1.1" 404 - "-" "Mozilla/5.0 (compatible; BLEXBot/1.0; +http://webmeup-crawler.com/)"
157.90.91.229 - - [01/Dec/2022:14:47:17 +0100] "GET / HTTP/1.1" 404 - "-" "Mozilla/5.0 (compatible; BLEXBot/1.0; +http://webmeup-crawler.com/)"
95.163.255.15 - - [01/Dec/2022:14:58:57 +0100] "GET /robots.txt HTTP/1.0" 404 - "-" "Mozilla/5.0 (compatible; Linux x86_64; Mail.RU_Bot/2.0; +https://help.mail.ru/webmaster/indexing/robots)"
95.163.255.12 - - [01/Dec/2022:14:58:58 +0100] "GET /sonderthemen/archiv.html HTTP/1.1" 404 - "-" "Mozilla/5.0 (compatible; Linux x86_64; Mail.RU_Bot/2.0; +https://help.mail.ru/webmaster/indexing/robots)"
185.181.60.39 - - [01/Dec/2022:16:47:29 +0100] "GET / HTTP/1.1" 404 - "-" "Mozilla/5.0 (Windows NT 10.0; Win64; x64) AppleWebKit/537.36 (KHTML, like Gecko) Chrome/91.0.4472.114 Safari/537.36 Edg/91.0.864.54"
34.244.43.57 - - [01/Dec/2022:16:55:18 +0100] "GET /robots.txt HTTP/1.1" 404 - "-" "Mozilla/5.0 (Macintosh; Intel Mac OS X 10_15_5) AppleWebKit/537.36 (KHTML, like Gecko) Chrome/83.0.4103.61 Safari/537.36"
46.4.78.218 - - [01/Dec/2022:17:45:40 +0100] "GET / HTTP/1.1" 404 - "-" "Mozilla/5.0 (Windows NT 10.0; Win64; x64) AppleWebKit/537.36 (KHTML, like Gecko) Chrome/70.0.3538.102 Safari/537.36"
17.121.113.49 - - [01/Dec/2022:17:48:16 +0100] "GET /sonderthemen/oeaz2001.pdf HTTP/1.1" 404 - "-" "Mozilla/5.0 (Macintosh; Intel Mac OS X 10_15_5) AppleWebKit/605.1.15 (KHTML, like Gecko) Version/13.1.1 Safari/605.1.15 (Applebot/0.1; +http://www.apple.com/go/applebot)"
95.108.213.11 - - [01/Dec/2022:18:00:02 +0100] "GET /robots.txt HTTP/1.1" 404 - "-" "Mozilla/5.0 (compatible; YandexBot/3.0; +http://yandex.com/bots)"
95.108.213.11 - - [01/Dec/2022:18:00:06 +0100] "GET /sonderthemen/presse.html HTTP/1.1" 404 - "-" "Mozilla/5.0 (compatible; YandexBot/3.0; +http://yandex.com/bots)"
65.21.206.44 - - [01/Dec/2022:18:00:13 +0100] "GET /jahrbuch/index.html HTTP/1.1" 404 - "-" "Mozilla/5.0 (Windows NT 10.0; Win64; x64) AppleWebKit/537.36 (KHTML, like Gecko) Chrome/91.0.4472.114 Safari/537.36 Edg/91.0.864.54"
34.76.0.9 - - [01/Dec/2022:18:04:34 +0100] "HEAD / HTTP/1.1" 404 - "-" "Apache-HttpClient/4.5.5 (Java/11.0.9)"
34.76.0.9 - - [01/Dec/2022:18:04:34 +0100] "GET / HTTP/1.1" 404 - "-" "Apache-HttpClient/4.5.5 (Java/11.0.9)"
34.76.0.9 - - [01/Dec/2022:18:04:34 +0100] "GET / HTTP/1.1" 404 - "-" "Apache-HttpClient/4.5.5 (Java/11.0.9)"
34.76.0.9 - - [01/Dec/2022:18:04:34 +0100] "GET / HTTP/1.1" 404 - "-" "Apache-HttpClient/4.5.5 (Java/11.0.9)"
34.76.0.9 - - [01/Dec/2022:18:04:34 +0100] "GET / HTTP/1.1" 404 - "-" "Apache-HttpClient/4.5.5 (Java/11.0.9)"
34.76.0.9 - - [01/Dec/2022:18:04:34 +0100] "GET / HTTP/1.1" 404 - "-" "Apache-HttpClient/4.5.5 (Java/11.0.9)"
89.247.162.37 - - [01/Dec/2022:18:42:17 +0100] "GET /cds/hymnos_akathistos.html HTTP/1.1" 404 - "-" "Mozilla/5.0 (Android 10; Mobile; rv:107.0) Gecko/107.0 Firefox/107.0"
17.121.112.62 - - [01/Dec/2022:19:17:24 +0100] "GET /sonderthemen/oekt_extra2.pdf HTTP/1.1" 404 - "-" "Mozilla/5.0 (Macintosh; Intel Mac OS X 10_15_5) AppleWebKit/605.1.15 (KHTML, like Gecko) Version/13.1.1 Safari/605.1.15 (Applebot/0.1; +http://www.apple.com/go/applebot)"
35.189.215.79 - - [01/Dec/2022:20:22:51 +0100] "GET / HTTP/1.1" 404 - "-" "Mozilla/5.0 (Windows NT 10.0; Win64; x64) AppleWebKit/537.36 (KHTML, like Gecko) Chrome/84.0.4147.105 Safari/537.36"
54.36.149.59 - - [01/Dec/2022:20:59:13 +0100] "GET /robots.txt HTTP/1.1" 404 - "-" "Mozilla/5.0 (compatible; AhrefsBot/7.0; +http://ahrefs.com/robot/)"
65.21.206.46 - - [01/Dec/2022:21:09:28 +0100] "GET /rosarium.html HTTP/1.1" 404 - "-" "Mozilla/5.0 (Windows NT 10.0; Win64; x64) AppleWebKit/537.36 (KHTML, like Gecko) Chrome/91.0.4472.114 Safari/537.36 Edg/91.0.864.54"
66.249.68.33 - - [01/Dec/2022:22:33:31 +0100] "GET /buecher/rezensionen_nicht_auf_sand_gebaut.html HTTP/1.1" 404 - "-" "Mozilla/5.0 (Linux; Android 6.0.1; Nexus 5X Build/MMB29P) AppleWebKit/537.36 (KHTML, like Gecko) Chrome/107.0.5304.110 Mobile Safari/537.36 (compatible; Googlebot/2.1; +http://www.google.com/bot.html)"
95.108.213.11 - - [01/Dec/2022:23:09:59 +0100] "GET /robots.txt HTTP/1.1" 404 - "-" "Mozilla/5.0 (compatible; YandexBot/3.0; +http://yandex.com/bots)"
95.108.213.11 - - [01/Dec/2022:23:10:03 +0100] "GET / HTTP/1.1" 404 - "-" "Mozilla/5.0 (compatible; YandexBot/3.0; +http://yandex.com/bots)"
87.250.224.168 - - [01/Dec/2022:23:43:26 +0100] "GET /buecher/rezensionen.html HTTP/1.1" 404 - "-" "Mozilla/5.0 (compatible; YandexBot/3.0; +http://yandex.com/bots)"
35.187.113.17 - - [01/Dec/2022:23:58:31 +0100] "HEAD / HTTP/1.1" 404 - "-" "Apache-HttpClient/4.5.5 (Java/11.0.9)"
35.187.113.17 - - [01/Dec/2022:23:58:31 +0100] "GET / HTTP/1.1" 404 - "-" "Apache-HttpClient/4.5.5 (Java/11.0.9)"
35.187.113.17 - - [01/Dec/2022:23:58:31 +0100] "GET / HTTP/1.1" 404 - "-" "Apache-HttpClient/4.5.5 (Java/11.0.9)"
35.187.113.17 - - [01/Dec/2022:23:58:31 +0100] "GET / HTTP/1.1" 404 - "-" "Apache-HttpClient/4.5.5 (Java/11.0.9)"
35.187.113.17 - - [01/Dec/2022:23:58:31 +0100] "GET / HTTP/1.1" 404 - "-" "Apache-HttpClient/4.5.5 (Java/11.0.9)"
35.187.113.17 - - [01/Dec/2022:23:58:31 +0100] "GET / HTTP/1.1" 404 - "-" "Apache-HttpClient/4.5.5 (Java/11.0.9)"
216.244.66.237 - - [02/Dec/2022:01:40:11 +0100] "GET /robots.txt HTTP/1.1" 404 - "-" "Mozilla/5.0 (compatible; DotBot/1.2; +https://opensiteexplorer.org/dotbot; help@moz.com)"
216.244.66.237 - - [02/Dec/2022:01:47:46 +0100] "GET /buecher/gesichter/20.jpg HTTP/1.1" 404 - "-" "Mozilla/5.0 (compatible; DotBot/1.2; +https://opensiteexplorer.org/dotbot; help@moz.com)"
95.108.213.11 - - [02/Dec/2022:01:51:10 +0100] "GET /robots.txt HTTP/1.1" 404 - "-" "Mozilla/5.0 (compatible; YandexBot/3.0; +http://yandex.com/bots)"
95.108.213.11 - - [02/Dec/2022:01:51:14 +0100] "GET /sonderthemen/akademieprogramm/03/pro_zei_03_s15.pdf HTTP/1.1" 404 - "-" "Mozilla/5.0 (compatible; YandexBot/3.0; +http://yandex.com/bots)"
95.163.255.12 - - [02/Dec/2022:02:09:32 +0100] "GET /robots.txt HTTP/1.0" 404 - "-" "Mozilla/5.0 (compatible; Linux x86_64; Mail.RU_Bot/2.0; +https://help.mail.ru/webmaster/indexing/robots)"
95.163.255.19 - - [02/Dec/2022:02:09:35 +0100] "GET / HTTP/1.1" 404 - "-" "Mozilla/5.0 (compatible; Linux x86_64; Mail.RU_Bot/2.0; +https://help.mail.ru/webmaster/indexing/robots)"
85.25.177.219 - - [02/Dec/2022:05:52:06 +0100] "GET /robots.txt HTTP/1.1" 404 - "-" "Mozilla/5.0 (Macintosh; Intel Mac OS X 10.15; rv:103.0) Gecko/20100101 Firefox/103.0"
85.25.177.219 - - [02/Dec/2022:05:52:06 +0100] "GET /sitemap.xml HTTP/1.1" 404 - "-" "Mozilla/5.0 (Macintosh; Intel Mac OS X 10.15; rv:103.0) Gecko/20100101 Firefox/103.0"
85.25.177.219 - - [02/Dec/2022:05:52:11 +0100] "GET / HTTP/1.1" 404 - "-" "Mozilla/5.0 (Macintosh; Intel Mac OS X 10.15; rv:103.0) Gecko/20100101 Firefox/103.0"
81.209.177.145 - - [02/Dec/2022:08:04:44 +0100] "GET /robots.txt HTTP/1.1" 404 - "-" "netEstate NE Crawler (+http://www.website-datenbank.de/)"
81.209.177.145 - - [02/Dec/2022:08:04:45 +0100] "GET / HTTP/1.1" 404 - "-" "netEstate NE Crawler (+http://www.website-datenbank.de/)"
85.25.177.219 - - [02/Dec/2022:08:38:48 +0100] "GET /robots.txt HTTP/1.1" 404 - "-" "Mozilla/5.0 (Macintosh; Intel Mac OS X 10.15; rv:103.0) Gecko/20100101 Firefox/103.0"
85.25.177.219 - - [02/Dec/2022:08:38:48 +0100] "GET / HTTP/1.1" 404 - "-" "Mozilla/5.0 (Macintosh; Intel Mac OS X 10.15; rv:103.0) Gecko/20100101 Firefox/103.0"
85.25.177.219 - - [02/Dec/2022:08:38:49 +0100] "GET /sitemap.xml HTTP/1.1" 404 - "-" "Mozilla/5.0 (Macintosh; Intel Mac OS X 10.15; rv:103.0) Gecko/20100101 Firefox/103.0"
66.249.68.33 - - [02/Dec/2022:09:26:34 +0100] "GET /robots.txt HTTP/1.1" 404 - "-" "Mozilla/5.0 (compatible; Googlebot/2.1; +http://www.google.com/bot.html)"
66.249.68.33 - - [02/Dec/2022:09:26:34 +0100] "GET /sonderthemen/sk2004_s01.pdf HTTP/1.1" 404 - "-" "Mozilla/5.0 (Windows NT 10.0; Win64; x64)AppleWebKit/537.36 (KHTML, like Gecko) Chrome/91.0.4472.101 Safari/537.36 (compatible; GoogleOther)"
23.88.77.150 - - [02/Dec/2022:09:36:23 +0100] "GET / HTTP/1.1" 404 - "-" "Mozilla/5.0 (X11; Linux x86_64) AppleWebKit/537.36 (KHTML, like Gecko) Chrome/87.0.4280.88 Safari/537.36"
23.88.77.150 - - [02/Dec/2022:09:36:24 +0100] "GET /impressum.html HTTP/1.1" 404 - "-" "Mozilla/5.0 (Windows NT 6.1; Win64; x64) AppleWebKit/537.36 (KHTML, like Gecko) Chrome/86.0.4240.198 Safari/537.36"
23.88.77.150 - - [02/Dec/2022:09:36:24 +0100] "GET /kontakt/index.html HTTP/1.1" 404 - "-" "Mozilla/5.0 (Windows NT 10.0; WOW64) AppleWebKit/537.36 (KHTML, like Gecko) Chrome/86.0.4240.198 Safari/537.36"
23.88.77.150 - - [02/Dec/2022:09:36:24 +0100] "GET /impressum.html HTTP/1.1" 404 - "-" "Mozilla/5.0 (X11; Linux x86_64) AppleWebKit/537.36 (KHTML, like Gecko) Chrome/86.0.4240.198 Safari/537.36"
23.88.77.150 - - [02/Dec/2022:09:36:24 +0100] "GET /impressum.html HTTP/1.1" 404 - "-" "Mozilla/5.0 (compatible; Googlebot/2.1; +http://www.google.com/bot.html)"
23.88.77.150 - - [02/Dec/2022:09:36:24 +0100] "GET /impressum.html HTTP/1.1" 404 - "-" "Mozilla/5.0 (compatible; Googlebot/2.1; +http://www.google.com/bot.html)"
188.143.235.146 - - [02/Dec/2022:09:49:34 +0100] "GET / HTTP/1.0" 404 - "https://dvigateley-remont.ru/" "Mozilla/5.0 (Windows NT 6.3; Win64; x64) AppleWebKit/537.36 (KHTML, like Gecko) Chrome/90.0.4430.72 Safari/537.36"
188.143.235.146 - - [02/Dec/2022:09:49:34 +0100] "GET / HTTP/1.0" 404 - "https://dvigateley-remont.ru/" "Mozilla/5.0 (Windows NT 6.3; Win64; x64) AppleWebKit/537.36 (KHTML, like Gecko) Chrome/90.0.4430.72 Safari/537.36"
188.143.235.146 - - [02/Dec/2022:09:49:36 +0100] "GET / HTTP/1.0" 404 - "https://dvigateley-remont.ru/" "Mozilla/5.0 (Windows NT 6.1; Win64; x64) AppleWebKit/537.36 (KHTML, like Gecko) Chrome/90.0.4430.93 Safari/537.36"
188.143.235.146 - - [02/Dec/2022:09:49:36 +0100] "GET / HTTP/1.0" 404 - "https://dvigateley-remont.ru/" "Mozilla/5.0 (Windows NT 6.1; Win64; x64) AppleWebKit/537.36 (KHTML, like Gecko) Chrome/90.0.4430.93 Safari/537.36"
35.91.124.245 - - [02/Dec/2022:11:21:51 +0100] "GET / HTTP/1.1" 404 - "-" "Mozilla/5.0 (X11; U; Linux x86_64; en-ca) AppleWebKit/531.2+ (KHTML, like Gecko) Version/5.0 Safari/531.2+"
51.222.253.16 - - [02/Dec/2022:11:50:10 +0100] "GET /robots.txt HTTP/1.1" 404 - "-" "Mozilla/5.0 (compatible; AhrefsBot/7.0; +http://ahrefs.com/robot/)"
108.174.8.20 - - [02/Dec/2022:12:33:37 +0100] "GET /mv_gr_w.gif HTTP/1.1" 404 - "-" "LinkedInBot/1.0 (compatible; Mozilla/5.0; Apache-HttpClient +http://www.linkedin.com)"
85.25.177.219 - - [02/Dec/2022:13:36:59 +0100] "GET /robots.txt HTTP/1.1" 404 - "-" "Mozilla/5.0 (Macintosh; Intel Mac OS X 10.15; rv:103.0) Gecko/20100101 Firefox/103.0"
85.25.177.219 - - [02/Dec/2022:13:36:59 +0100] "GET / HTTP/1.1" 404 - "-" "Mozilla/5.0 (Macintosh; Intel Mac OS X 10.15; rv:103.0) Gecko/20100101 Firefox/103.0"
85.25.177.219 - - [02/Dec/2022:13:37:00 +0100] "GET /sitemap.xml HTTP/1.1" 404 - "-" "Mozilla/5.0 (Macintosh; Intel Mac OS X 10.15; rv:103.0) Gecko/20100101 Firefox/103.0"
66.249.68.39 - - [02/Dec/2022:13:56:35 +0100] "GET /sonderthemen/oeaz2002.pdf HTTP/1.1" 404 - "-" "Mozilla/5.0 (Windows NT 10.0; Win64; x64)AppleWebKit/537.36 (KHTML, like Gecko) Chrome/91.0.4472.101 Safari/537.36 (compatible; GoogleOther)"
157.55.39.131 - - [02/Dec/2022:14:22:05 +0100] "GET /robots.txt HTTP/1.1" 404 - "-" "Mozilla/5.0 (compatible; bingbot/2.0; +http://www.bing.com/bingbot.htm)"
40.77.167.74 - - [02/Dec/2022:14:22:13 +0100] "GET /sonderthemen/sk2004.pdf HTTP/1.1" 404 - "-" "Mozilla/5.0 (compatible; bingbot/2.0; +http://www.bing.com/bingbot.htm)"
157.90.91.229 - - [02/Dec/2022:15:49:38 +0100] "GET /robots.txt HTTP/1.1" 404 - "-" "Mozilla/5.0 (compatible; BLEXBot/1.0; +http://webmeup-crawler.com/)"
157.90.91.229 - - [02/Dec/2022:15:49:42 +0100] "GET /buecher/ HTTP/1.1" 404 - "-" "Mozilla/5.0 (compatible; BLEXBot/1.0; +http://webmeup-crawler.com/)"
34.140.180.160 - - [02/Dec/2022:18:01:56 +0100] "HEAD / HTTP/1.1" 404 - "-" "Apache-HttpClient/4.5.5 (Java/11.0.9)"
34.140.180.160 - - [02/Dec/2022:18:01:56 +0100] "GET / HTTP/1.1" 404 - "-" "Apache-HttpClient/4.5.5 (Java/11.0.9)"
34.140.180.160 - - [02/Dec/2022:18:01:56 +0100] "GET / HTTP/1.1" 404 - "-" "Apache-HttpClient/4.5.5 (Java/11.0.9)"
34.140.180.160 - - [02/Dec/2022:18:01:56 +0100] "GET / HTTP/1.1" 404 - "-" "Apache-HttpClient/4.5.5 (Java/11.0.9)"
34.140.180.160 - - [02/Dec/2022:18:01:56 +0100] "GET / HTTP/1.1" 404 - "-" "Apache-HttpClient/4.5.5 (Java/11.0.9)"
34.140.180.160 - - [02/Dec/2022:18:01:56 +0100] "GET / HTTP/1.1" 404 - "-" "Apache-HttpClient/4.5.5 (Java/11.0.9)"
17.121.115.155 - - [02/Dec/2022:18:19:52 +0100] "GET /robots.txt HTTP/1.1" 404 - "-" "Mozilla/5.0 (Macintosh; Intel Mac OS X 10_15_5) AppleWebKit/605.1.15 (KHTML, like Gecko) Version/13.1.1 Safari/605.1.15 (Applebot/0.1; +http://www.apple.com/go/applebot)"
17.121.115.155 - - [02/Dec/2022:18:19:52 +0100] "GET /sonderthemen/oeaz2002.pdf HTTP/1.1" 404 - "-" "Mozilla/5.0 (Macintosh; Intel Mac OS X 10_15_5) AppleWebKit/605.1.15 (KHTML, like Gecko) Version/13.1.1 Safari/605.1.15 (Applebot/0.1; +http://www.apple.com/go/applebot)"
66.249.66.7 - - [02/Dec/2022:19:26:37 +0100] "GET /impressum.html HTTP/1.1" 404 - "-" "Mozilla/5.0 (compatible; Googlebot/2.1; +http://www.google.com/bot.html)"
109.250.162.160 - - [02/Dec/2022:19:31:48 +0100] "HEAD /buecher/ HTTP/1.1" 404 - "http://google.de" "Mozilla/5.0 (Macintosh; Intel Mac OS X 10.15; rv:77.0) Gecko/20100101 Firefox/77.0"
23.236.197.134 - - [02/Dec/2022:20:39:02 +0100] "GET / HTTP/1.1" 404 - "-" "Mozilla/5.0 (X11; Linux x86_64) AppleWebKit/537.36 (KHTML, like Gecko) Chrome/103.0.0.0 Safari/537.36 Vivaldi/5.3.2679.68"
23.27.240.109 - - [02/Dec/2022:20:39:03 +0100] "GET / HTTP/1.1" 404 - "-" "Mozilla/5.0 (X11; Linux x86_64) AppleWebKit/537.36 (KHTML, like Gecko) Chrome/103.0.0.0 Safari/537.36 Vivaldi/5.3.2679.68"
38.15.148.179 - - [02/Dec/2022:20:39:05 +0100] "GET / HTTP/1.1" 404 - "-" "Mozilla/5.0 (X11; Linux x86_64) AppleWebKit/537.36 (KHTML, like Gecko) Chrome/103.0.0.0 Safari/537.36 Vivaldi/5.3.2679.68"
45.57.197.243 - - [02/Dec/2022:20:39:07 +0100] "GET / HTTP/1.1" 404 - "-" "Mozilla/5.0 (X11; Linux x86_64) AppleWebKit/537.36 (KHTML, like Gecko) Chrome/103.0.0.0 Safari/537.36 Vivaldi/5.3.2679.68"
173.252.95.19 - - [02/Dec/2022:21:06:36 +0100] "GET / HTTP/1.1" 404 - "-" "facebookexternalhit/1.1 (+http://www.facebook.com/externalhit_uatext.php)"
17.121.112.152 - - [02/Dec/2022:21:49:54 +0100] "GET /sonderthemen/az1999.pdf HTTP/1.1" 404 - "-" "Mozilla/5.0 (Macintosh; Intel Mac OS X 10_15_5) AppleWebKit/605.1.15 (KHTML, like Gecko) Version/13.1.1 Safari/605.1.15 (Applebot/0.1; +http://www.apple.com/go/applebot)"
17.121.115.48 - - [02/Dec/2022:22:21:46 +0100] "GET /buecher/rezension_gesichter_u_geschichten.pdf HTTP/1.1" 404 - "-" "Mozilla/5.0 (Macintosh; Intel Mac OS X 10_15_5) AppleWebKit/605.1.15 (KHTML, like Gecko) Version/13.1.1 Safari/605.1.15 (Applebot/0.1; +http://www.apple.com/go/applebot)"
17.121.113.57 - - [02/Dec/2022:22:52:34 +0100] "GET /sonderthemen/sk2004.pdf HTTP/1.1" 404 - "-" "Mozilla/5.0 (Macintosh; Intel Mac OS X 10_15_5) AppleWebKit/605.1.15 (KHTML, like Gecko) Version/13.1.1 Safari/605.1.15 (Applebot/0.1; +http://www.apple.com/go/applebot)"
34.244.43.57 - - [02/Dec/2022:23:21:13 +0100] "GET /robots.txt HTTP/1.1" 404 - "-" "Mozilla/5.0 (Macintosh; Intel Mac OS X 10_15_5) AppleWebKit/537.36 (KHTML, like Gecko) Chrome/83.0.4103.61 Safari/537.36"
34.244.43.57 - - [02/Dec/2022:23:21:16 +0100] "GET /jahrbuch/index.html HTTP/1.1" 404 - "http://bela-loewenherz.de/schreiben-reden-handeln/statements-veroeffentlichungen/" "Mozilla/5.0 (Macintosh; Intel Mac OS X 10_15_5) AppleWebKit/537.36 (KHTML, like Gecko) Chrome/83.0.4103.61 Safari/537.36"
85.25.177.219 - - [03/Dec/2022:00:24:06 +0100] "GET /robots.txt HTTP/1.1" 404 - "-" "Mozilla/5.0 (Macintosh; Intel Mac OS X 10.15; rv:103.0) Gecko/20100101 Firefox/103.0"
85.25.177.219 - - [03/Dec/2022:00:24:06 +0100] "GET /buecher/ HTTP/1.1" 404 - "-" "Mozilla/5.0 (Macintosh; Intel Mac OS X 10.15; rv:103.0) Gecko/20100101 Firefox/103.0"
85.25.177.219 - - [03/Dec/2022:02:24:55 +0100] "GET /robots.txt HTTP/1.1" 404 - "-" "Mozilla/5.0 (Macintosh; Intel Mac OS X 10.15; rv:103.0) Gecko/20100101 Firefox/103.0"
85.25.177.219 - - [03/Dec/2022:02:24:55 +0100] "GET /buecher/ HTTP/1.1" 404 - "-" "Mozilla/5.0 (Macintosh; Intel Mac OS X 10.15; rv:103.0) Gecko/20100101 Firefox/103.0"
114.119.135.245 - - [03/Dec/2022:04:22:16 +0100] "GET /robots.txt HTTP/1.1" 404 - "-" "Mozilla/5.0 (compatible;PetalBot;+https://webmaster.petalsearch.com/site/petalbot)"
85.25.177.219 - - [03/Dec/2022:04:31:28 +0100] "GET /robots.txt HTTP/1.1" 404 - "-" "Mozilla/5.0 (Macintosh; Intel Mac OS X 10.15; rv:103.0) Gecko/20100101 Firefox/103.0"
85.25.177.219 - - [03/Dec/2022:04:31:28 +0100] "GET /buecher/ HTTP/1.1" 404 - "-" "Mozilla/5.0 (Macintosh; Intel Mac OS X 10.15; rv:103.0) Gecko/20100101 Firefox/103.0"
18.142.116.142 - - [03/Dec/2022:05:10:53 +0100] "GET /api2/.git/config HTTP/1.1" 404 - "-" "python-requests/2.18.4"
18.142.116.142 - - [03/Dec/2022:05:10:53 +0100] "GET /apiv4/.git/config HTTP/1.1" 404 - "-" "python-requests/2.18.4"
18.142.116.142 - - [03/Dec/2022:05:10:53 +0100] "GET /apiv2/.git/config HTTP/1.1" 404 - "-" "python-requests/2.18.4"
18.142.116.142 - - [03/Dec/2022:05:10:53 +0100] "GET /home/.git/config HTTP/1.1" 404 - "-" "python-requests/2.18.4"
18.142.116.142 - - [03/Dec/2022:05:10:53 +0100] "GET /lang/.git/config HTTP/1.1" 404 - "-" "python-requests/2.18.4"
18.142.116.142 - - [03/Dec/2022:05:10:53 +0100] "GET //.git/config HTTP/1.1" 404 - "-" "python-requests/2.18.4"
18.142.116.142 - - [03/Dec/2022:05:10:53 +0100] "GET /front/.git/config HTTP/1.1" 404 - "-" "python-requests/2.18.4"
18.142.116.142 - - [03/Dec/2022:05:10:53 +0100] "GET /api3/.git/config HTTP/1.1" 404 - "-" "python-requests/2.18.4"
18.142.116.142 - - [03/Dec/2022:05:10:53 +0100] "GET /rest/.git/config HTTP/1.1" 404 - "-" "python-requests/2.18.4"
18.142.116.142 - - [03/Dec/2022:05:10:53 +0100] "GET /hub/.git/config HTTP/1.1" 404 - "-" "python-requests/2.18.4"
18.142.116.142 - - [03/Dec/2022:05:10:54 +0100] "GET /apiv5/.git/config HTTP/1.1" 404 - "-" "python-requests/2.18.4"
18.142.116.142 - - [03/Dec/2022:05:10:54 +0100] "GET /api1/.git/config HTTP/1.1" 404 - "-" "python-requests/2.18.4"
18.142.116.142 - - [03/Dec/2022:05:10:54 +0100] "GET /apiv1/.git/config HTTP/1.1" 404 - "-" "python-requests/2.18.4"
18.142.116.142 - - [03/Dec/2022:05:10:54 +0100] "GET /admin/.git/config HTTP/1.1" 404 - "-" "python-requests/2.18.4"
18.142.116.142 - - [03/Dec/2022:05:10:54 +0100] "GET /prod/.git/config HTTP/1.1" 404 - "-" "python-requests/2.18.4"
18.142.116.142 - - [03/Dec/2022:05:10:54 +0100] "GET /apiv3/.git/config HTTP/1.1" 404 - "-" "python-requests/2.18.4"
18.142.116.142 - - [03/Dec/2022:05:10:54 +0100] "GET /backend/.git/config HTTP/1.1" 404 - "-" "python-requests/2.18.4"
18.142.116.142 - - [03/Dec/2022:05:10:54 +0100] "GET /model/.git/config HTTP/1.1" 404 - "-" "python-requests/2.18.4"
18.142.116.142 - - [03/Dec/2022:05:10:54 +0100] "GET /api/.git/config HTTP/1.1" 404 - "-" "python-requests/2.18.4"
18.142.116.142 - - [03/Dec/2022:05:10:54 +0100] "GET /web/.git/config HTTP/1.1" 404 - "-" "python-requests/2.18.4"
18.142.116.142 - - [03/Dec/2022:05:10:55 +0100] "GET /pro/.git/config HTTP/1.1" 404 - "-" "python-requests/2.18.4"
18.142.116.142 - - [03/Dec/2022:05:10:55 +0100] "GET /stag/.git/config HTTP/1.1" 404 - "-" "python-requests/2.18.4"
18.142.116.142 - - [03/Dec/2022:05:10:55 +0100] "GET /V2/.git/config HTTP/1.1" 404 - "-" "python-requests/2.18.4"
18.142.116.142 - - [03/Dec/2022:05:10:55 +0100] "GET /deployment/.git/config HTTP/1.1" 404 - "-" "python-requests/2.18.4"
18.142.116.142 - - [03/Dec/2022:05:10:55 +0100] "GET /dev/.git/config HTTP/1.1" 404 - "-" "python-requests/2.18.4"
18.142.116.142 - - [03/Dec/2022:05:10:55 +0100] "GET /V3/.git/config HTTP/1.1" 404 - "-" "python-requests/2.18.4"
18.142.116.142 - - [03/Dec/2022:05:10:55 +0100] "GET /V4/.git/config HTTP/1.1" 404 - "-" "python-requests/2.18.4"
18.142.116.142 - - [03/Dec/2022:05:10:55 +0100] "GET /V1/.git/config HTTP/1.1" 404 - "-" "python-requests/2.18.4"
18.142.116.142 - - [03/Dec/2022:05:10:55 +0100] "GET /V5/.git/config HTTP/1.1" 404 - "-" "python-requests/2.18.4"
18.142.116.142 - - [03/Dec/2022:05:10:55 +0100] "GET /tests/.git/config HTTP/1.1" 404 - "-" "python-requests/2.18.4"
18.142.116.142 - - [03/Dec/2022:05:10:55 +0100] "GET /staging/.git/config HTTP/1.1" 404 - "-" "python-requests/2.18.4"
18.142.116.142 - - [03/Dec/2022:05:10:55 +0100] "GET /development/.git/config HTTP/1.1" 404 - "-" "python-requests/2.18.4"
18.142.116.142 - - [03/Dec/2022:05:10:55 +0100] "GET /deploy/.git/config HTTP/1.1" 404 - "-" "python-requests/2.18.4"
18.142.116.142 - - [03/Dec/2022:05:10:55 +0100] "GET /v5/.git/config HTTP/1.1" 404 - "-" "python-requests/2.18.4"
18.142.116.142 - - [03/Dec/2022:05:10:55 +0100] "GET /test/.git/config HTTP/1.1" 404 - "-" "python-requests/2.18.4"
18.142.116.142 - - [03/Dec/2022:05:10:55 +0100] "GET /deploy/.git/config HTTP/1.1" 404 - "-" "python-requests/2.18.4"
18.142.116.142 - - [03/Dec/2022:05:10:55 +0100] "GET /v2/.git/config HTTP/1.1" 404 - "-" "python-requests/2.18.4"
18.142.116.142 - - [03/Dec/2022:05:10:55 +0100] "GET /v4/.git/config HTTP/1.1" 404 - "-" "python-requests/2.18.4"
18.142.116.142 - - [03/Dec/2022:05:10:55 +0100] "GET /v3/.git/config HTTP/1.1" 404 - "-" "python-requests/2.18.4"
18.142.116.142 - - [03/Dec/2022:05:10:55 +0100] "GET /v6/.git/config HTTP/1.1" 404 - "-" "python-requests/2.18.4"
18.142.116.142 - - [03/Dec/2022:05:10:56 +0100] "GET /V6/.git/config HTTP/1.1" 404 - "-" "python-requests/2.18.4"
18.142.116.142 - - [03/Dec/2022:05:10:56 +0100] "GET /repo/.git/config HTTP/1.1" 404 - "-" "python-requests/2.18.4"
18.142.116.142 - - [03/Dec/2022:05:10:56 +0100] "GET /bq/.git/config HTTP/1.1" 404 - "-" "python-requests/2.18.4"
18.142.116.142 - - [03/Dec/2022:05:10:56 +0100] "GET /sources/.git/config HTTP/1.1" 404 - "-" "python-requests/2.18.4"
18.142.116.142 - - [03/Dec/2022:05:10:56 +0100] "GET /main/.git/config HTTP/1.1" 404 - "-" "python-requests/2.18.4"
18.142.116.142 - - [03/Dec/2022:05:10:56 +0100] "GET /v1/.git/config HTTP/1.1" 404 - "-" "python-requests/2.18.4"
18.142.116.142 - - [03/Dec/2022:05:10:56 +0100] "GET /git/.git/config HTTP/1.1" 404 - "-" "python-requests/2.18.4"
18.142.116.142 - - [03/Dec/2022:05:10:56 +0100] "GET /backup/.git/config HTTP/1.1" 404 - "-" "python-requests/2.18.4"
18.142.116.142 - - [03/Dec/2022:05:10:56 +0100] "GET /source/.git/config HTTP/1.1" 404 - "-" "python-requests/2.18.4"
18.142.116.142 - - [03/Dec/2022:05:10:56 +0100] "GET /master/.git/config HTTP/1.1" 404 - "-" "python-requests/2.18.4"
18.142.116.142 - - [03/Dec/2022:05:10:56 +0100] "GET /production/.git/config HTTP/1.1" 404 - "-" "python-requests/2.18.4"
205.210.31.155 - - [03/Dec/2022:08:01:29 +0100] "GET / HTTP/1.1" 404 - "-" "Expanse, a Palo Alto Networks company, searches across the global IPv4 space multiple times per day to identify customers' presences on the Internet. If you would like to be excluded from our scans, please send IP addresses/domains to: scaninfo@paloaltonetworks.com"
66.249.66.5 - - [03/Dec/2022:08:25:04 +0100] "GET /robots.txt HTTP/1.1" 404 - "-" "Mozilla/5.0 (compatible; Googlebot/2.1; +http://www.google.com/bot.html)"
66.249.66.7 - - [03/Dec/2022:08:25:04 +0100] "GET /buecher/rezensionen_ignatius.html HTTP/1.1" 404 - "-" "Mozilla/5.0 (Linux; Android 6.0.1; Nexus 5X Build/MMB29P) AppleWebKit/537.36 (KHTML, like Gecko) Chrome/107.0.5304.110 Mobile Safari/537.36 (compatible; Googlebot/2.1; +http://www.google.com/bot.html)"
95.163.255.16 - - [03/Dec/2022:10:46:01 +0100] "GET /robots.txt HTTP/1.0" 404 - "-" "Mozilla/5.0 (compatible; Linux x86_64; Mail.RU_Bot/2.0; +https://help.mail.ru/webmaster/indexing/robots)"
95.163.255.18 - - [03/Dec/2022:10:46:03 +0100] "GET / HTTP/1.1" 404 - "-" "Mozilla/5.0 (compatible; Linux x86_64; Mail.RU_Bot/2.0; +https://help.mail.ru/webmaster/indexing/robots)"
208.100.26.235 - - [03/Dec/2022:11:41:58 +0100] "GET / HTTP/1.1" 404 - "-" "Mozilla/5.0 (iPhone; CPU iPhone OS 11_4 like Mac OS X) AppleWebKit/604.1.34 (KHTML, like Gecko) Mobile/15F79 Safari/604.1"
64.124.8.41 - - [03/Dec/2022:12:05:33 +0100] "GET /robots.txt HTTP/1.1" 404 - "-" "Mozilla/5.0 (X11; Linux x86_64) AppleWebKit/537.36 (KHTML, like Gecko) Chrome/61.0.3163.79 Safari/537.36"
64.124.8.41 - - [03/Dec/2022:12:05:33 +0100] "GET / HTTP/1.1" 404 - "-" "Mozilla/5.0 (X11; Linux x86_64) AppleWebKit/537.36 (KHTML, like Gecko) Chrome/61.0.3163.79 Safari/537.36"
66.249.66.5 - - [03/Dec/2022:12:56:45 +0100] "GET /sonderthemen/az2003.pdf HTTP/1.1" 404 - "-" "Mozilla/5.0 (Windows NT 10.0; Win64; x64)AppleWebKit/537.36 (KHTML, like Gecko) Chrome/91.0.4472.101 Safari/537.36 (compatible; GoogleOther)"
114.119.147.58 - - [03/Dec/2022:13:56:12 +0100] "GET /robots.txt HTTP/1.1" 404 - "-" "Mozilla/5.0 (compatible;PetalBot;+https://webmaster.petalsearch.com/site/petalbot)"
17.121.115.5 - - [03/Dec/2022:17:31:22 +0100] "GET /sonderthemen/az2003.pdf HTTP/1.1" 404 - "-" "Mozilla/5.0 (Macintosh; Intel Mac OS X 10_15_5) AppleWebKit/605.1.15 (KHTML, like Gecko) Version/13.1.1 Safari/605.1.15 (Applebot/0.1; +http://www.apple.com/go/applebot)"
78.47.92.11 - - [03/Dec/2022:17:57:37 +0100] "HEAD / HTTP/1.1" 404 - "-" "auskunftbot/1.0 (+https://www.auskunft.de)"
78.47.92.11 - - [03/Dec/2022:17:57:37 +0100] "GET /robots.txt HTTP/1.1" 404 - "-" "auskunftbot/1.0 (+https://www.auskunft.de)"
78.47.92.11 - - [03/Dec/2022:17:57:37 +0100] "GET / HTTP/1.1" 404 - "-" "auskunftbot/1.0 (+https://www.auskunft.de)"
94.130.168.164 - - [03/Dec/2022:18:00:37 +0100] "GET / HTTP/1.1" 404 - "-" "Mozilla/5.0"
35.205.35.94 - - [03/Dec/2022:18:03:44 +0100] "HEAD / HTTP/1.1" 404 - "-" "Apache-HttpClient/4.5.5 (Java/11.0.9)"
35.205.35.94 - - [03/Dec/2022:18:03:44 +0100] "GET / HTTP/1.1" 404 - "-" "Apache-HttpClient/4.5.5 (Java/11.0.9)"
35.205.35.94 - - [03/Dec/2022:18:03:44 +0100] "GET / HTTP/1.1" 404 - "-" "Apache-HttpClient/4.5.5 (Java/11.0.9)"
35.205.35.94 - - [03/Dec/2022:18:03:44 +0100] "GET / HTTP/1.1" 404 - "-" "Apache-HttpClient/4.5.5 (Java/11.0.9)"
35.205.35.94 - - [03/Dec/2022:18:03:44 +0100] "GET / HTTP/1.1" 404 - "-" "Apache-HttpClient/4.5.5 (Java/11.0.9)"
35.205.35.94 - - [03/Dec/2022:18:03:44 +0100] "GET / HTTP/1.1" 404 - "-" "Apache-HttpClient/4.5.5 (Java/11.0.9)"
144.76.168.111 - - [03/Dec/2022:19:10:24 +0100] "GET / HTTP/1.1" 404 - "-" "Mozilla/5.0 (Windows NT 10.0; Win64; x64) AppleWebKit/537.36 (KHTML, like Gecko) Chrome/86.0.4240.183 Safari/537.36 OPR/72.0.3815.320"
144.76.168.111 - - [03/Dec/2022:19:10:26 +0100] "GET /impressum.html HTTP/1.1" 404 - "-" "Mozilla/5.0 (Macintosh; Intel Mac OS X 10.14; rv:82.0) Gecko/20100101 Firefox/82.0"
144.76.168.111 - - [03/Dec/2022:19:10:27 +0100] "GET /kontakt/index.html HTTP/1.1" 404 - "-" "Mozilla/5.0 (Macintosh; Intel Mac OS X 10.15; rv:83.0) Gecko/20100101 Firefox/83.0"
66.249.74.71 - - [03/Dec/2022:19:35:10 +0100] "GET /sonderthemen/sk2004_s01.pdf HTTP/1.1" 404 - "-" "Mozilla/5.0 (Linux; Android 6.0.1; Nexus 5X Build/MMB29P) AppleWebKit/537.36 (KHTML, like Gecko) Chrome/107.0.5304.110 Mobile Safari/537.36 (compatible; Googlebot/2.1; +http://www.google.com/bot.html)"
85.25.177.219 - - [03/Dec/2022:19:40:00 +0100] "GET /robots.txt HTTP/1.1" 404 - "-" "Mozilla/5.0 (Macintosh; Intel Mac OS X 10.15; rv:103.0) Gecko/20100101 Firefox/103.0"
85.25.177.219 - - [03/Dec/2022:19:40:00 +0100] "GET /jahrbuch/index.html HTTP/1.1" 404 - "-" "Mozilla/5.0 (Macintosh; Intel Mac OS X 10.15; rv:103.0) Gecko/20100101 Firefox/103.0"
194.173.174.10 - - [03/Dec/2022:19:46:38 +0100] "HEAD / HTTP/1.1" 404 - "-" "Mozilla/5.0 (Windows NT 6.3; WOW64) AppleWebKit/537.36 (KHTML, like Gecko) Chrome/43.0.2357.134 Safari/537.36"
194.173.174.10 - - [03/Dec/2022:19:46:38 +0100] "GET / HTTP/1.1" 404 - "-" "Mozilla/5.0 (Windows NT 6.3; WOW64) AppleWebKit/537.36 (KHTML, like Gecko) Chrome/43.0.2357.134 Safari/537.36"
17.121.114.222 - - [03/Dec/2022:20:02:51 +0100] "GET /robots.txt HTTP/1.1" 404 - "-" "Mozilla/5.0 (Macintosh; Intel Mac OS X 10_15_5) AppleWebKit/605.1.15 (KHTML, like Gecko) Version/13.1.1 Safari/605.1.15 (Applebot/0.1; +http://www.apple.com/go/applebot)"
17.121.114.222 - - [03/Dec/2022:20:02:52 +0100] "GET /sonderthemen/oekt_extra1.pdf HTTP/1.1" 404 - "-" "Mozilla/5.0 (Macintosh; Intel Mac OS X 10_15_5) AppleWebKit/605.1.15 (KHTML, like Gecko) Version/13.1.1 Safari/605.1.15 (Applebot/0.1; +http://www.apple.com/go/applebot)"
114.119.140.56 - - [03/Dec/2022:20:10:24 +0100] "GET /robots.txt HTTP/1.1" 404 - "-" "Mozilla/5.0 (compatible;PetalBot;+https://webmaster.petalsearch.com/site/petalbot)"
40.77.167.74 - - [03/Dec/2022:20:16:23 +0100] "GET /sonderthemen/ HTTP/1.1" 404 - "-" "Mozilla/5.0 AppleWebKit/537.36 (KHTML, like Gecko; compatible; bingbot/2.0; +http://www.bing.com/bingbot.htm) Chrome/103.0.5060.134 Safari/537.36"
85.25.177.219 - - [03/Dec/2022:20:59:53 +0100] "GET /robots.txt HTTP/1.1" 404 - "-" "Mozilla/5.0 (Macintosh; Intel Mac OS X 10.15; rv:103.0) Gecko/20100101 Firefox/103.0"
85.25.177.219 - - [03/Dec/2022:20:59:53 +0100] "GET / HTTP/1.1" 404 - "-" "Mozilla/5.0 (Macintosh; Intel Mac OS X 10.15; rv:103.0) Gecko/20100101 Firefox/103.0"
85.25.177.219 - - [03/Dec/2022:20:59:57 +0100] "GET /sitemap.xml HTTP/1.1" 404 - "-" "Mozilla/5.0 (Macintosh; Intel Mac OS X 10.15; rv:103.0) Gecko/20100101 Firefox/103.0"
35.212.145.229 - - [03/Dec/2022:21:07:46 +0100] "GET / HTTP/1.1" 404 - "-" "Mozilla/5.0 (Windows NT 10.0; Win64; x64) AppleWebKit/537.36 (KHTML, like Gecko; compatible; BW/1.1; bit.ly/3eZNDnO; 564aad4da8) Chrome/84.0.4147.105 Safari/537.36"
17.121.115.26 - - [03/Dec/2022:21:26:00 +0100] "GET /sonderthemen/oekt_extra2.pdf HTTP/1.1" 404 - "-" "Mozilla/5.0 (Macintosh; Intel Mac OS X 10_15_5) AppleWebKit/605.1.15 (KHTML, like Gecko) Version/13.1.1 Safari/605.1.15 (Applebot/0.1; +http://www.apple.com/go/applebot)"
85.25.177.219 - - [03/Dec/2022:21:43:50 +0100] "GET /robots.txt HTTP/1.1" 404 - "-" "Mozilla/5.0 (Macintosh; Intel Mac OS X 10.15; rv:103.0) Gecko/20100101 Firefox/103.0"
85.25.177.219 - - [03/Dec/2022:21:43:50 +0100] "GET /jahrbuch/index.html HTTP/1.1" 404 - "-" "Mozilla/5.0 (Macintosh; Intel Mac OS X 10.15; rv:103.0) Gecko/20100101 Firefox/103.0"
54.36.148.222 - - [03/Dec/2022:22:40:58 +0100] "GET /robots.txt HTTP/1.1" 404 - "-" "Mozilla/5.0 (compatible; AhrefsBot/7.0; +http://ahrefs.com/robot/)"
85.25.177.219 - - [03/Dec/2022:23:00:37 +0100] "GET /robots.txt HTTP/1.1" 404 - "-" "Mozilla/5.0 (Macintosh; Intel Mac OS X 10.15; rv:103.0) Gecko/20100101 Firefox/103.0"
85.25.177.219 - - [03/Dec/2022:23:00:37 +0100] "GET /sitemap.xml HTTP/1.1" 404 - "-" "Mozilla/5.0 (Macintosh; Intel Mac OS X 10.15; rv:103.0) Gecko/20100101 Firefox/103.0"
85.25.177.219 - - [03/Dec/2022:23:01:31 +0100] "GET /sitemap.xml HTTP/1.1" 404 - "-" "Mozilla/5.0 (Macintosh; Intel Mac OS X 10.15; rv:103.0) Gecko/20100101 Firefox/103.0"
85.25.177.219 - - [03/Dec/2022:23:01:32 +0100] "GET / HTTP/1.1" 404 - "-" "Mozilla/5.0 (Macintosh; Intel Mac OS X 10.15; rv:103.0) Gecko/20100101 Firefox/103.0"
17.121.112.137 - - [03/Dec/2022:23:04:11 +0100] "GET /sonderthemen/sk2004.pdf HTTP/1.1" 404 - "-" "Mozilla/5.0 (Macintosh; Intel Mac OS X 10_15_5) AppleWebKit/605.1.15 (KHTML, like Gecko) Version/13.1.1 Safari/605.1.15 (Applebot/0.1; +http://www.apple.com/go/applebot)"
198.235.24.59 - - [03/Dec/2022:23:13:12 +0100] "GET / HTTP/1.1" 404 - "-" "Expanse, a Palo Alto Networks company, searches across the global IPv4 space multiple times per day to identify customers' presences on the Internet. If you would like to be excluded from our scans, please send IP addresses/domains to: scaninfo@paloaltonetworks.com"
85.25.177.219 - - [03/Dec/2022:23:48:42 +0100] "GET /robots.txt HTTP/1.1" 404 - "-" "Mozilla/5.0 (Macintosh; Intel Mac OS X 10.15; rv:103.0) Gecko/20100101 Firefox/103.0"
85.25.177.219 - - [03/Dec/2022:23:48:42 +0100] "GET /jahrbuch/index.html HTTP/1.1" 404 - "-" "Mozilla/5.0 (Macintosh; Intel Mac OS X 10.15; rv:103.0) Gecko/20100101 Firefox/103.0"
85.25.177.219 - - [04/Dec/2022:01:11:59 +0100] "GET /robots.txt HTTP/1.1" 404 - "-" "Mozilla/5.0 (Macintosh; Intel Mac OS X 10.15; rv:103.0) Gecko/20100101 Firefox/103.0"
85.25.177.219 - - [04/Dec/2022:01:11:59 +0100] "GET /sitemap.xml HTTP/1.1" 404 - "-" "Mozilla/5.0 (Macintosh; Intel Mac OS X 10.15; rv:103.0) Gecko/20100101 Firefox/103.0"
85.25.177.219 - - [04/Dec/2022:01:15:02 +0100] "GET /sitemap.xml HTTP/1.1" 404 - "-" "Mozilla/5.0 (Macintosh; Intel Mac OS X 10.15; rv:103.0) Gecko/20100101 Firefox/103.0"
85.25.177.219 - - [04/Dec/2022:01:15:04 +0100] "GET / HTTP/1.1" 404 - "-" "Mozilla/5.0 (Macintosh; Intel Mac OS X 10.15; rv:103.0) Gecko/20100101 Firefox/103.0"
194.173.174.10 - - [04/Dec/2022:02:32:20 +0100] "HEAD / HTTP/1.1" 404 - "-" "Mozilla/5.0 (Windows NT 6.3; WOW64) AppleWebKit/537.36 (KHTML, like Gecko) Chrome/43.0.2357.134 Safari/537.36"
194.173.174.10 - - [04/Dec/2022:02:32:20 +0100] "GET / HTTP/1.1" 404 - "-" "Mozilla/5.0 (Windows NT 6.3; WOW64) AppleWebKit/537.36 (KHTML, like Gecko) Chrome/43.0.2357.134 Safari/537.36"
194.173.174.106 - - [04/Dec/2022:02:59:16 +0100] "HEAD / HTTP/1.1" 404 - "-" "Mozilla/5.0 (Windows NT 6.3; WOW64) AppleWebKit/537.36 (KHTML, like Gecko) Chrome/43.0.2357.134 Safari/537.36"
194.173.174.106 - - [04/Dec/2022:02:59:16 +0100] "GET / HTTP/1.1" 404 - "-" "Mozilla/5.0 (Windows NT 6.3; WOW64) AppleWebKit/537.36 (KHTML, like Gecko) Chrome/43.0.2357.134 Safari/537.36"
34.79.174.58 - - [04/Dec/2022:04:58:30 +0100] "GET / HTTP/1.1" 404 - "-" "Mozilla/5.0 (Windows NT 10.0; Win64; x64) AppleWebKit/537.36 (KHTML, like Gecko) Chrome/84.0.4147.105 Safari/537.36"
114.119.147.152 - - [04/Dec/2022:05:58:32 +0100] "GET /robots.txt HTTP/1.1" 404 - "-" "Mozilla/5.0 (compatible;PetalBot;+https://webmaster.petalsearch.com/site/petalbot)"
54.36.148.50 - - [04/Dec/2022:06:59:41 +0100] "GET / HTTP/1.1" 404 - "-" "Mozilla/5.0 (compatible; AhrefsBot/7.0; +http://ahrefs.com/robot/)"
157.90.91.229 - - [04/Dec/2022:08:01:19 +0100] "GET /robots.txt HTTP/1.1" 404 - "-" "Mozilla/5.0 (compatible; BLEXBot/1.0; +http://webmeup-crawler.com/)"
157.90.91.229 - - [04/Dec/2022:08:01:23 +0100] "GET / HTTP/1.1" 404 - "-" "Mozilla/5.0 (compatible; BLEXBot/1.0; +http://webmeup-crawler.com/)"
54.36.149.30 - - [04/Dec/2022:08:16:46 +0100] "GET /cds/hymnos_akathistos.html HTTP/1.1" 404 - "-" "Mozilla/5.0 (compatible; AhrefsBot/7.0; +http://ahrefs.com/robot/)"
194.173.174.10 - - [04/Dec/2022:09:46:13 +0100] "HEAD / HTTP/1.1" 404 - "-" "Mozilla/5.0 (Windows NT 6.3; WOW64) AppleWebKit/537.36 (KHTML, like Gecko) Chrome/43.0.2357.134 Safari/537.36"
194.173.174.10 - - [04/Dec/2022:09:46:13 +0100] "GET / HTTP/1.1" 404 - "-" "Mozilla/5.0 (Windows NT 6.3; WOW64) AppleWebKit/537.36 (KHTML, like Gecko) Chrome/43.0.2357.134 Safari/537.36"
91.242.162.4 - - [04/Dec/2022:10:03:29 +0100] "GET /robots.txt HTTP/1.1" 404 - "-" "Mozilla/5.0 (compatible; Qwantify/2.4w; +https://www.qwant.com/)"
91.242.162.4 - - [04/Dec/2022:10:03:29 +0100] "GET /impressum.html HTTP/1.1" 404 - "-" "Mozilla/5.0 (compatible; Qwantify/2.4w; +https://www.qwant.com/)"
188.143.235.146 - - [04/Dec/2022:10:44:47 +0100] "GET / HTTP/1.0" 404 - "https://alcomoscow01.site" "Mozilla/5.0 (Windows NT 10.0; Win64; x64) AppleWebKit/537.36 (KHTML, like Gecko) Chrome/90.0.4430.86 Safari/537.36"
188.143.235.146 - - [04/Dec/2022:10:44:47 +0100] "GET / HTTP/1.0" 404 - "https://alcomoscow01.site" "Mozilla/5.0 (Windows NT 10.0; Win64; x64) AppleWebKit/537.36 (KHTML, like Gecko) Chrome/90.0.4430.86 Safari/537.36"
188.143.235.146 - - [04/Dec/2022:10:44:49 +0100] "GET / HTTP/1.0" 404 - "https://alcomoscow01.site" "Mozilla/5.0 (Windows NT 6.2; Win64; x64) AppleWebKit/537.36 (KHTML, like Gecko) Chrome/90.0.4430.72 Safari/537.36"
188.143.235.146 - - [04/Dec/2022:10:44:49 +0100] "GET / HTTP/1.0" 404 - "https://alcomoscow01.site" "Mozilla/5.0 (Windows NT 6.2; Win64; x64) AppleWebKit/537.36 (KHTML, like Gecko) Chrome/90.0.4430.72 Safari/537.36"
51.222.253.1 - - [04/Dec/2022:11:57:07 +0100] "GET /robots.txt HTTP/1.1" 404 - "-" "Mozilla/5.0 (compatible; AhrefsBot/7.0; +http://ahrefs.com/robot/)"
114.119.136.199 - - [04/Dec/2022:14:08:58 +0100] "GET /robots.txt HTTP/1.1" 404 - "-" "Mozilla/5.0 (compatible;PetalBot;+https://webmaster.petalsearch.com/site/petalbot)"
114.119.148.208 - - [04/Dec/2022:15:38:26 +0100] "GET /cds/ignatius.html HTTP/1.1" 404 - "http://www.morusverlag.de/" "Mozilla/5.0 (Linux; Android 7.0;) AppleWebKit/537.36 (KHTML, like Gecko) Mobile Safari/537.36 (compatible; PetalBot;+https://webmaster.petalsearch.com/site/petalbot)"
85.25.177.219 - - [04/Dec/2022:17:04:19 +0100] "GET /robots.txt HTTP/1.1" 404 - "-" "Mozilla/5.0 (Macintosh; Intel Mac OS X 10.15; rv:103.0) Gecko/20100101 Firefox/103.0"
85.25.177.219 - - [04/Dec/2022:17:04:19 +0100] "GET /sitemap.xml HTTP/1.1" 404 - "-" "Mozilla/5.0 (Macintosh; Intel Mac OS X 10.15; rv:103.0) Gecko/20100101 Firefox/103.0"
85.25.177.219 - - [04/Dec/2022:17:04:21 +0100] "GET / HTTP/1.1" 404 - "-" "Mozilla/5.0 (Macintosh; Intel Mac OS X 10.15; rv:103.0) Gecko/20100101 Firefox/103.0"
35.233.86.113 - - [04/Dec/2022:17:59:17 +0100] "HEAD / HTTP/1.1" 404 - "-" "Apache-HttpClient/4.5.5 (Java/11.0.9)"
35.233.86.113 - - [04/Dec/2022:17:59:17 +0100] "GET / HTTP/1.1" 404 - "-" "Apache-HttpClient/4.5.5 (Java/11.0.9)"
35.233.86.113 - - [04/Dec/2022:17:59:17 +0100] "GET / HTTP/1.1" 404 - "-" "Apache-HttpClient/4.5.5 (Java/11.0.9)"
35.233.86.113 - - [04/Dec/2022:17:59:17 +0100] "GET / HTTP/1.1" 404 - "-" "Apache-HttpClient/4.5.5 (Java/11.0.9)"
35.233.86.113 - - [04/Dec/2022:17:59:17 +0100] "GET / HTTP/1.1" 404 - "-" "Apache-HttpClient/4.5.5 (Java/11.0.9)"
35.233.86.113 - - [04/Dec/2022:17:59:17 +0100] "GET / HTTP/1.1" 404 - "-" "Apache-HttpClient/4.5.5 (Java/11.0.9)"
85.25.177.219 - - [04/Dec/2022:19:27:08 +0100] "GET /robots.txt HTTP/1.1" 404 - "-" "Mozilla/5.0 (Macintosh; Intel Mac OS X 10.15; rv:103.0) Gecko/20100101 Firefox/103.0"
85.25.177.219 - - [04/Dec/2022:19:27:08 +0100] "GET / HTTP/1.1" 404 - "-" "Mozilla/5.0 (Macintosh; Intel Mac OS X 10.15; rv:103.0) Gecko/20100101 Firefox/103.0"
85.25.177.219 - - [04/Dec/2022:19:27:10 +0100] "GET /sitemap.xml HTTP/1.1" 404 - "-" "Mozilla/5.0 (Macintosh; Intel Mac OS X 10.15; rv:103.0) Gecko/20100101 Firefox/103.0"
213.83.37.145 - - [04/Dec/2022:20:49:54 +0100] "HEAD / HTTP/1.1" 404 - "-" "Mozilla/5.0 (Windows NT 6.1; rv:39.0) Gecko/20180101 Firefox/39.0"
213.83.37.145 - - [04/Dec/2022:20:49:56 +0100] "HEAD / HTTP/1.1" 404 - "-" "Mozilla/5.0 (Windows NT 6.1; rv:39.0) Gecko/20180101 Firefox/39.0"
85.25.177.219 - - [04/Dec/2022:21:41:18 +0100] "GET /robots.txt HTTP/1.1" 404 - "-" "Mozilla/5.0 (Macintosh; Intel Mac OS X 10.15; rv:103.0) Gecko/20100101 Firefox/103.0"
85.25.177.219 - - [04/Dec/2022:21:41:18 +0100] "GET /sitemap.xml HTTP/1.1" 404 - "-" "Mozilla/5.0 (Macintosh; Intel Mac OS X 10.15; rv:103.0) Gecko/20100101 Firefox/103.0"
85.25.177.219 - - [04/Dec/2022:21:41:19 +0100] "GET / HTTP/1.1" 404 - "-" "Mozilla/5.0 (Macintosh; Intel Mac OS X 10.15; rv:103.0) Gecko/20100101 Firefox/103.0"
114.119.139.88 - - [04/Dec/2022:22:25:51 +0100] "GET /robots.txt HTTP/1.1" 404 - "-" "Mozilla/5.0 (compatible;PetalBot;+https://webmaster.petalsearch.com/site/petalbot)"
17.121.112.41 - - [04/Dec/2022:22:42:27 +0100] "GET /robots.txt HTTP/1.1" 404 - "-" "Mozilla/5.0 (Macintosh; Intel Mac OS X 10_15_5) AppleWebKit/605.1.15 (KHTML, like Gecko) Version/13.1.1 Safari/605.1.15 (Applebot/0.1; +http://www.apple.com/go/applebot)"
17.121.112.41 - - [04/Dec/2022:22:42:27 +0100] "GET /sonderthemen/oekz2003_s01.pdf HTTP/1.1" 404 - "-" "Mozilla/5.0 (Macintosh; Intel Mac OS X 10_15_5) AppleWebKit/605.1.15 (KHTML, like Gecko) Version/13.1.1 Safari/605.1.15 (Applebot/0.1; +http://www.apple.com/go/applebot)"
95.108.213.11 - - [04/Dec/2022:23:35:12 +0100] "GET /robots.txt HTTP/1.1" 404 - "-" "Mozilla/5.0 (compatible; YandexBot/3.0; +http://yandex.com/bots)"
95.108.213.11 - - [04/Dec/2022:23:35:16 +0100] "GET /sonderthemen/sk2001.pdf HTTP/1.1" 404 - "-" "Mozilla/5.0 (compatible; YandexBot/3.0; +http://yandex.com/bots)"
54.36.148.13 - - [04/Dec/2022:23:58:53 +0100] "GET /robots.txt HTTP/1.1" 404 - "-" "Mozilla/5.0 (compatible; AhrefsBot/7.0; +http://ahrefs.com/robot/)"
85.25.177.219 - - [05/Dec/2022:02:14:47 +0100] "GET /robots.txt HTTP/1.1" 404 - "-" "Mozilla/5.0 (Macintosh; Intel Mac OS X 10.15; rv:103.0) Gecko/20100101 Firefox/103.0"
85.25.177.219 - - [05/Dec/2022:02:14:47 +0100] "GET /sitemap.xml HTTP/1.1" 404 - "-" "Mozilla/5.0 (Macintosh; Intel Mac OS X 10.15; rv:103.0) Gecko/20100101 Firefox/103.0"
85.25.177.219 - - [05/Dec/2022:02:14:49 +0100] "GET / HTTP/1.1" 404 - "-" "Mozilla/5.0 (Macintosh; Intel Mac OS X 10.15; rv:103.0) Gecko/20100101 Firefox/103.0"
46.4.107.145 - - [05/Dec/2022:02:37:18 +0100] "GET /robots.txt HTTP/1.1" 404 - "-" "Mozilla/5.0 (compatible; BLEXBot/1.0; +http://webmeup-crawler.com/)"
46.4.107.145 - - [05/Dec/2022:02:37:18 +0100] "GET / HTTP/1.1" 404 - "-" "Mozilla/5.0 (compatible; BLEXBot/1.0; +http://webmeup-crawler.com/)"
95.108.213.11 - - [05/Dec/2022:03:09:03 +0100] "GET /robots.txt HTTP/1.1" 404 - "-" "Mozilla/5.0 (compatible; YandexBot/3.0; +http://yandex.com/bots)"
95.108.213.11 - - [05/Dec/2022:03:09:07 +0100] "GET /sonderthemen/az2000.pdf HTTP/1.1" 404 - "-" "Mozilla/5.0 (compatible; YandexBot/3.0; +http://yandex.com/bots)"
85.25.177.219 - - [05/Dec/2022:04:40:26 +0100] "GET /robots.txt HTTP/1.1" 404 - "-" "Mozilla/5.0 (Macintosh; Intel Mac OS X 10.15; rv:103.0) Gecko/20100101 Firefox/103.0"
85.25.177.219 - - [05/Dec/2022:04:40:26 +0100] "GET /sitemap.xml HTTP/1.1" 404 - "-" "Mozilla/5.0 (Macintosh; Intel Mac OS X 10.15; rv:103.0) Gecko/20100101 Firefox/103.0"
85.25.177.219 - - [05/Dec/2022:04:40:27 +0100] "GET / HTTP/1.1" 404 - "-" "Mozilla/5.0 (Macintosh; Intel Mac OS X 10.15; rv:103.0) Gecko/20100101 Firefox/103.0"
66.249.69.193 - - [05/Dec/2022:05:56:59 +0100] "GET /robots.txt HTTP/1.1" 404 - "-" "Mozilla/5.0 (compatible; Googlebot/2.1; +http://www.google.com/bot.html)"
66.249.69.199 - - [05/Dec/2022:05:56:59 +0100] "GET /sonderthemen/oekt_extra3.pdf HTTP/1.1" 404 - "-" "Mozilla/5.0 (Windows NT 10.0; Win64; x64)AppleWebKit/537.36 (KHTML, like Gecko) Chrome/91.0.4472.101 Safari/537.36 (compatible; GoogleOther)"
85.25.177.219 - - [05/Dec/2022:06:42:18 +0100] "GET /robots.txt HTTP/1.1" 404 - "-" "Mozilla/5.0 (Macintosh; Intel Mac OS X 10.15; rv:103.0) Gecko/20100101 Firefox/103.0"
85.25.177.219 - - [05/Dec/2022:06:42:18 +0100] "GET /sitemap.xml HTTP/1.1" 404 - "-" "Mozilla/5.0 (Macintosh; Intel Mac OS X 10.15; rv:103.0) Gecko/20100101 Firefox/103.0"
88.216.34.177 - - [05/Dec/2022:07:08:56 +0100] "GET / HTTP/1.1" 404 - "-" "-"
95.163.255.14 - - [05/Dec/2022:07:09:31 +0100] "GET /robots.txt HTTP/1.0" 404 - "-" "Mozilla/5.0 (compatible; Linux x86_64; Mail.RU_Bot/2.0; +https://help.mail.ru/webmaster/indexing/robots)"
95.163.255.12 - - [05/Dec/2022:07:09:32 +0100] "GET / HTTP/1.1" 404 - "-" "Mozilla/5.0 (compatible; Linux x86_64; Mail.RU_Bot/2.0; +https://help.mail.ru/webmaster/indexing/robots)"
85.25.177.219 - - [05/Dec/2022:07:48:22 +0100] "GET /robots.txt HTTP/1.1" 404 - "-" "Mozilla/5.0 (Macintosh; Intel Mac OS X 10.15; rv:103.0) Gecko/20100101 Firefox/103.0"
85.25.177.219 - - [05/Dec/2022:07:48:22 +0100] "GET / HTTP/1.1" 404 - "-" "Mozilla/5.0 (Macintosh; Intel Mac OS X 10.15; rv:103.0) Gecko/20100101 Firefox/103.0"
85.25.177.219 - - [05/Dec/2022:07:48:27 +0100] "GET /sitemap.xml HTTP/1.1" 404 - "-" "Mozilla/5.0 (Macintosh; Intel Mac OS X 10.15; rv:103.0) Gecko/20100101 Firefox/103.0"
85.25.177.219 - - [05/Dec/2022:09:01:51 +0100] "GET /robots.txt HTTP/1.1" 404 - "-" "Mozilla/5.0 (Macintosh; Intel Mac OS X 10.15; rv:103.0) Gecko/20100101 Firefox/103.0"
85.25.177.219 - - [05/Dec/2022:09:01:51 +0100] "GET /buecher/ HTTP/1.1" 404 - "-" "Mozilla/5.0 (Macintosh; Intel Mac OS X 10.15; rv:103.0) Gecko/20100101 Firefox/103.0"
136.243.83.54 - - [05/Dec/2022:10:39:01 +0100] "GET /robots.txt HTTP/1.1" 404 - "-" "Mozilla/5.0 (compatible; MetaJobBot; https://www.metajob.de/crawler)"
136.243.83.54 - - [05/Dec/2022:10:39:01 +0100] "GET / HTTP/1.1" 404 - "-" "Mozilla/5.0 (compatible; MetaJobBot; https://www.metajob.de/crawler)"
85.25.177.219 - - [05/Dec/2022:11:23:46 +0100] "GET /robots.txt HTTP/1.1" 404 - "-" "Mozilla/5.0 (Macintosh; Intel Mac OS X 10.15; rv:103.0) Gecko/20100101 Firefox/103.0"
85.25.177.219 - - [05/Dec/2022:11:23:46 +0100] "GET /buecher/ HTTP/1.1" 404 - "-" "Mozilla/5.0 (Macintosh; Intel Mac OS X 10.15; rv:103.0) Gecko/20100101 Firefox/103.0"
85.25.177.219 - - [05/Dec/2022:13:34:24 +0100] "GET /robots.txt HTTP/1.1" 404 - "-" "Mozilla/5.0 (Macintosh; Intel Mac OS X 10.15; rv:103.0) Gecko/20100101 Firefox/103.0"
85.25.177.219 - - [05/Dec/2022:13:34:24 +0100] "GET /buecher/ HTTP/1.1" 404 - "-" "Mozilla/5.0 (Macintosh; Intel Mac OS X 10.15; rv:103.0) Gecko/20100101 Firefox/103.0"
157.90.91.229 - - [05/Dec/2022:13:51:29 +0100] "GET /robots.txt HTTP/1.1" 404 - "-" "Mozilla/5.0 (compatible; BLEXBot/1.0; +http://webmeup-crawler.com/)"
157.90.91.229 - - [05/Dec/2022:13:51:31 +0100] "GET / HTTP/1.1" 404 - "-" "Mozilla/5.0 (compatible; BLEXBot/1.0; +http://webmeup-crawler.com/)"
95.108.213.11 - - [05/Dec/2022:14:09:11 +0100] "GET /robots.txt HTTP/1.1" 404 - "-" "Mozilla/5.0 (compatible; YandexBot/3.0; +http://yandex.com/bots)"
95.108.213.11 - - [05/Dec/2022:14:09:15 +0100] "GET /sonderthemen/index.html HTTP/1.1" 404 - "-" "Mozilla/5.0 (compatible; YandexBot/3.0; +http://yandex.com/bots)"
66.249.64.199 - - [05/Dec/2022:14:43:28 +0100] "GET /buecher/rezensionen_nicht_auf_sand_gebaut.html HTTP/1.1" 404 - "-" "Mozilla/5.0 (Linux; Android 6.0.1; Nexus 5X Build/MMB29P) AppleWebKit/537.36 (KHTML, like Gecko) Chrome/107.0.5304.110 Mobile Safari/537.36 (compatible; Googlebot/2.1; +http://www.google.com/bot.html)"
87.250.224.168 - - [05/Dec/2022:16:11:10 +0100] "GET /kontakt/index.html HTTP/1.1" 404 - "-" "Mozilla/5.0 (compatible; YandexBot/3.0; +http://yandex.com/bots)"
54.91.219.252 - - [05/Dec/2022:17:20:43 +0100] "GET /.env HTTP/1.1" 404 - "-" "Mozilla/5.0 (X11; Linux x86_64; rv:83.0) Gecko/20100101 Firefox/83.0"
54.91.219.252 - - [05/Dec/2022:17:20:44 +0100] "POST / HTTP/1.1" 404 - "-" "Mozilla/5.0 (X11; Linux x86_64; rv:83.0) Gecko/20100101 Firefox/83.0"
17.121.115.81 - - [05/Dec/2022:19:27:02 +0100] "GET /sonderthemen/oeaz2002.pdf HTTP/1.1" 404 - "-" "Mozilla/5.0 (Macintosh; Intel Mac OS X 10_15_5) AppleWebKit/605.1.15 (KHTML, like Gecko) Version/13.1.1 Safari/605.1.15 (Applebot/0.1; +http://www.apple.com/go/applebot)"
195.191.219.132 - - [05/Dec/2022:19:33:57 +0100] "GET /robots.txt HTTP/1.1" 404 - "-" "Mozilla/5.0 (compatible; MJ12bot/v1.4.8; http://mj12bot.com/)"
