178.137.87.154 - - [06/Jul/2019:01:51:17 +0200] "GET /buecher/ HTTP/1.1" 200 25885 "http://golden-praga.ru/" "Mozilla/4.0 (compatible; MSIE 6.0; America Online Browser 1.1; rev1.2; Windows NT 5.1; SV1; .NET CLR 1.1.4322)"
178.137.87.154 - - [06/Jul/2019:01:51:17 +0200] "GET /buecher/ HTTP/1.1" 200 25885 "http://golden-praga.ru/" "Mozilla/4.0 (compatible; MSIE 6.0; America Online Browser 1.1; rev1.2; Windows NT 5.1; SV1; .NET CLR 1.1.4322)"
178.137.83.216 - - [06/Jul/2019:02:23:28 +0200] "GET /buecher/ HTTP/1.1" 200 25885 "http://levdekor.ru/" "Opera/9.0 (Windows NT 5.1; U; en)"
178.137.83.216 - - [06/Jul/2019:02:23:28 +0200] "GET /buecher/ HTTP/1.1" 200 25885 "http://levdekor.ru/" "Opera/9.0 (Windows NT 5.1; U; en)"
178.137.83.216 - - [06/Jul/2019:02:23:29 +0200] "GET /buecher/ HTTP/1.1" 200 25885 "http://levdekor.ru/" "Opera/9.0 (Windows NT 5.1; U; en)"
85.209.89.216 - - [06/Jul/2019:03:00:32 +0200] "HEAD / HTTP/1.1" 200 - "https://bki-online.com/news/vkontakte-vyiasnila-kak-malyi-biznes-vedet-svoi-socialnye-seti" "Mozilla/4.0 (compatible; MSIE7.00; Windows 2009)"
95.216.96.254 - - [06/Jul/2019:03:47:57 +0200] "GET /robots.txt HTTP/1.1" 200 100 "-" "Mozilla/5.0 (compatible; SEOkicks; +https://www.seokicks.de/robot.html)"
95.216.96.254 - - [06/Jul/2019:03:47:58 +0200] "GET / HTTP/1.1" 200 9360 "-" "Mozilla/5.0 (compatible; SEOkicks; +https://www.seokicks.de/robot.html)"
95.216.96.254 - - [06/Jul/2019:03:47:59 +0200] "GET /buecher/index.html HTTP/1.1" 200 25885 "http://www.morusverlag.de/" "Mozilla/5.0 (compatible; SEOkicks; +https://www.seokicks.de/robot.html)"
95.216.96.254 - - [06/Jul/2019:03:48:01 +0200] "GET /cds/index.html HTTP/1.1" 200 7987 "http://www.morusverlag.de/" "Mozilla/5.0 (compatible; SEOkicks; +https://www.seokicks.de/robot.html)"
95.216.96.254 - - [06/Jul/2019:03:48:02 +0200] "GET /gotteslob/index.html HTTP/1.1" 200 2770 "http://www.morusverlag.de/" "Mozilla/5.0 (compatible; SEOkicks; +https://www.seokicks.de/robot.html)"
95.216.96.254 - - [06/Jul/2019:03:48:03 +0200] "GET /jahrbuch/index.html HTTP/1.1" 200 3956 "http://www.morusverlag.de/" "Mozilla/5.0 (compatible; SEOkicks; +https://www.seokicks.de/robot.html)"
95.216.96.254 - - [06/Jul/2019:03:48:05 +0200] "GET /sonderthemen/index.html HTTP/1.1" 200 7102 "http://www.morusverlag.de/" "Mozilla/5.0 (compatible; SEOkicks; +https://www.seokicks.de/robot.html)"
95.216.96.254 - - [06/Jul/2019:03:48:08 +0200] "GET /kontakt/index.html HTTP/1.1" 200 2896 "http://www.morusverlag.de/" "Mozilla/5.0 (compatible; SEOkicks; +https://www.seokicks.de/robot.html)"
95.216.96.254 - - [06/Jul/2019:03:48:10 +0200] "GET /impressum.html HTTP/1.1" 200 2808 "http://www.morusverlag.de/" "Mozilla/5.0 (compatible; SEOkicks; +https://www.seokicks.de/robot.html)"
40.77.167.24 - - [06/Jul/2019:04:06:30 +0200] "GET /kontakt/index.html HTTP/1.1" 304 - "-" "Mozilla/5.0 (compatible; bingbot/2.0; +http://www.bing.com/bingbot.htm)"
162.210.196.100 - - [06/Jul/2019:05:05:39 +0200] "GET /robots.txt HTTP/1.1" 200 100 "-" "Mozilla/5.0 (compatible; MJ12bot/v1.4.8; http://mj12bot.com/)"
162.210.196.100 - - [06/Jul/2019:05:05:43 +0200] "GET / HTTP/1.1" 200 9360 "-" "Mozilla/5.0 (compatible; MJ12bot/v1.4.8; http://mj12bot.com/)"
140.203.12.9 - - [06/Jul/2019:05:09:45 +0200] "HEAD / HTTP/1.1" 200 - "-" "Java/1.6.0_23"
157.55.39.204 - - [06/Jul/2019:05:30:50 +0200] "GET /buecher/mein_atem.jpg HTTP/1.1" 200 4118 "-" "Mozilla/5.0 (compatible; bingbot/2.0; +http://www.bing.com/bingbot.htm)"
85.209.89.205 - - [06/Jul/2019:05:35:16 +0200] "HEAD / HTTP/1.1" 200 - "https://avicennaclinic.ru" "Mozilla/7.0 (compatible; MSIE7.00; Windows 2004)"
85.209.89.241 - - [06/Jul/2019:05:35:16 +0200] "HEAD / HTTP/1.1" 200 - "https://domprestarelyh-yut.ru/pansionat-anapa/" "Mozilla/3.0 (compatible; MSIE5.00; Windows 2009)"
17.58.102.89 - - [06/Jul/2019:06:01:29 +0200] "GET /robots.txt HTTP/1.1" 200 100 "-" "Mozilla/5.0 (Macintosh; Intel Mac OS X 10_10_1) AppleWebKit/600.2.5 (KHTML, like Gecko) Version/8.0.2 Safari/600.2.5 (Applebot/0.1; +http://www.apple.com/go/applebot)"
17.58.102.89 - - [06/Jul/2019:06:01:31 +0200] "GET /buecher/index.html HTTP/1.1" 200 25885 "-" "Mozilla/5.0 (Macintosh; Intel Mac OS X 10_10_1) AppleWebKit/600.2.5 (KHTML, like Gecko) Version/8.0.2 Safari/600.2.5 (Applebot/0.1; +http://www.apple.com/go/applebot)"
5.9.17.118 - - [06/Jul/2019:06:38:54 +0200] "GET /sonderthemen/oekz2003.pdf HTTP/1.1" 200 4017017 "-" "Mozilla/5.0 (Windows NT 6.1; Win64; x64) AppleWebKit/537.36 (KHTML, like Gecko) Chrome/63.0.3239.132 Safari/537.36"
144.76.162.206 - - [06/Jul/2019:06:38:54 +0200] "GET /sonderthemen/az2003.pdf HTTP/1.1" 200 4864675 "-" "Mozilla/5.0 (Macintosh; Intel Mac OS X 10.13; rv:57.0) Gecko/20100101 Firefox/57.0"
85.93.88.91 - - [06/Jul/2019:06:45:08 +0200] "GET /robots.txt HTTP/1.1" 200 100 "-" "Mozilla/5.0 (compatible; adscanner/)/1.0 (Mozilla/5.0 (compatible; seoscanners.net/1.0; +spider@seoscanners.net); http://seoscanners.net; spider@seoscanners.net)"
85.93.88.91 - - [06/Jul/2019:06:45:08 +0200] "GET /sonderthemen/archiv.html HTTP/1.1" 200 6959 "-" "Mozilla/5.0 (compatible; adscanner/)/1.0 (Mozilla/5.0 (compatible; seoscanners.net/1.0; +spider@seoscanners.net); http://seoscanners.net; spider@seoscanners.net)"
194.67.207.9 - - [06/Jul/2019:06:51:51 +0200] "HEAD / HTTP/1.1" 200 - "https://europacenter.org.ua/lechenie-narkomanii-uman/" "Mozilla/2.0 (compatible; MSIE3.00; Windows 2006)"
77.220.215.153 - - [06/Jul/2019:06:52:13 +0200] "HEAD / HTTP/1.1" 200 - "https://alter-zdrav.ru/izyum-polza-i-vred-dlya-organizma/" "Mozilla/3.0 (compatible; MSIE2.00; Windows 2003)"
157.55.39.204 - - [06/Jul/2019:07:07:08 +0200] "GET /buecher/le_saulchoir.jpg HTTP/1.1" 200 2734 "-" "Mozilla/5.0 (compatible; bingbot/2.0; +http://www.bing.com/bingbot.htm)"
88.65.180.64 - - [06/Jul/2019:07:38:09 +0200] "GET /cds/hymnos_akathistos.html HTTP/1.1" 200 11061 "http://www.google.de/url?sa=t&rct=j&q=&esrc=s&source=web&cd=13&ved=2ahUKEwj62dTRyZ_jAhXC_KQKHY2WD6cQFjAMegQIBBAB&url=http%3A%2F%2Fwww.morusverlag.de%2Fcds%2Fhymnos_akathistos.html&usg=AOvVaw1cZ5w2FDSBB-pLXYKZqX5T" "Mozilla/5.0 (Windows NT 6.3; Win64; x64; Trident/7.0; MATMJS; rv:11.0) like Gecko"
88.65.180.64 - - [06/Jul/2019:07:38:09 +0200] "GET /main.css HTTP/1.1" 200 1439 "http://www.morusverlag.de/cds/hymnos_akathistos.html" "Mozilla/5.0 (Windows NT 6.3; Win64; x64; Trident/7.0; MATMJS; rv:11.0) like Gecko"
88.65.180.64 - - [06/Jul/2019:07:38:09 +0200] "GET /logo_g.gif HTTP/1.1" 200 1301 "http://www.morusverlag.de/cds/hymnos_akathistos.html" "Mozilla/5.0 (Windows NT 6.3; Win64; x64; Trident/7.0; MATMJS; rv:11.0) like Gecko"
88.65.180.64 - - [06/Jul/2019:07:38:09 +0200] "GET /mv_g.gif HTTP/1.1" 200 4070 "http://www.morusverlag.de/cds/hymnos_akathistos.html" "Mozilla/5.0 (Windows NT 6.3; Win64; x64; Trident/7.0; MATMJS; rv:11.0) like Gecko"
88.65.180.64 - - [06/Jul/2019:07:38:09 +0200] "GET /strich.gif HTTP/1.1" 200 45 "http://www.morusverlag.de/cds/hymnos_akathistos.html" "Mozilla/5.0 (Windows NT 6.3; Win64; x64; Trident/7.0; MATMJS; rv:11.0) like Gecko"
88.65.180.64 - - [06/Jul/2019:07:38:09 +0200] "GET /m.gif HTTP/1.1" 200 95 "http://www.morusverlag.de/cds/hymnos_akathistos.html" "Mozilla/5.0 (Windows NT 6.3; Win64; x64; Trident/7.0; MATMJS; rv:11.0) like Gecko"
88.65.180.64 - - [06/Jul/2019:07:38:09 +0200] "GET /pf.gif HTTP/1.1" 200 62 "http://www.morusverlag.de/cds/hymnos_akathistos.html" "Mozilla/5.0 (Windows NT 6.3; Win64; x64; Trident/7.0; MATMJS; rv:11.0) like Gecko"
88.65.180.64 - - [06/Jul/2019:07:38:09 +0200] "GET /cds/hymnos.jpg HTTP/1.1" 200 27752 "http://www.morusverlag.de/cds/hymnos_akathistos.html" "Mozilla/5.0 (Windows NT 6.3; Win64; x64; Trident/7.0; MATMJS; rv:11.0) like Gecko"
88.65.180.64 - - [06/Jul/2019:07:38:09 +0200] "GET /cds/hymnos_heft.jpg HTTP/1.1" 200 8653 "http://www.morusverlag.de/cds/hymnos_akathistos.html" "Mozilla/5.0 (Windows NT 6.3; Win64; x64; Trident/7.0; MATMJS; rv:11.0) like Gecko"
88.65.180.64 - - [06/Jul/2019:07:38:10 +0200] "GET /cds/simplay_player.swf?audiofile=hymnos1.mp3 HTTP/1.1" 200 6377 "http://www.morusverlag.de/cds/hymnos_akathistos.html" "Mozilla/5.0 (Windows NT 6.3; Win64; x64; Trident/7.0; MATMJS; rv:11.0) like Gecko"
88.65.180.64 - - [06/Jul/2019:07:38:10 +0200] "GET /cds/simplay_control.swf HTTP/1.1" 200 1243 "http://www.morusverlag.de/cds/hymnos_akathistos.html" "Mozilla/5.0 (Windows NT 6.3; Win64; x64; Trident/7.0; MATMJS; rv:11.0) like Gecko"
88.65.180.64 - - [06/Jul/2019:07:38:10 +0200] "GET /cds/simplay_player.swf?audiofile=hymnos2.mp3 HTTP/1.1" 200 6377 "http://www.morusverlag.de/cds/hymnos_akathistos.html" "Mozilla/5.0 (Windows NT 6.3; Win64; x64; Trident/7.0; MATMJS; rv:11.0) like Gecko"
88.65.180.64 - - [06/Jul/2019:07:38:10 +0200] "GET /favicon.ico HTTP/1.1" 200 4286 "-" "Mozilla/5.0 (Windows NT 6.3; Win64; x64; Trident/7.0; MATMJS; rv:11.0) like Gecko"
88.65.180.64 - - [06/Jul/2019:07:38:18 +0200] "GET /cds/simplaydata/playerconfig.xml?nocache=1562391491124 HTTP/1.1" 200 149 "http://www.morusverlag.de/cds/simplay_player.swf?audiofile=hymnos2.mp3" "Mozilla/5.0 (Windows NT 6.3; Win64; x64; Trident/7.0; MATMJS; rv:11.0) like Gecko"
88.65.180.64 - - [06/Jul/2019:07:38:18 +0200] "GET /cds/simplaydata/controlconfig.xml?nocache=1562391490687 HTTP/1.1" 200 121 "http://www.morusverlag.de/cds/simplay_control.swf" "Mozilla/5.0 (Windows NT 6.3; Win64; x64; Trident/7.0; MATMJS; rv:11.0) like Gecko"
88.65.180.64 - - [06/Jul/2019:07:38:18 +0200] "GET /cds/simplaydata/playerconfig.xml?nocache=1562391498997 HTTP/1.1" 200 149 "http://www.morusverlag.de/cds/simplay_player.swf?audiofile=hymnos1.mp3" "Mozilla/5.0 (Windows NT 6.3; Win64; x64; Trident/7.0; MATMJS; rv:11.0) like Gecko"
88.65.180.64 - - [06/Jul/2019:07:38:18 +0200] "GET /cds/simplaydata/playerskins/default/skin.xml?nocache=1562391499153 HTTP/1.1" 200 649 "http://www.morusverlag.de/cds/simplay_player.swf?audiofile=hymnos2.mp3" "Mozilla/5.0 (Windows NT 6.3; Win64; x64; Trident/7.0; MATMJS; rv:11.0) like Gecko"
88.65.180.64 - - [06/Jul/2019:07:38:18 +0200] "GET /cds/simplaydata/controlskins/default/skin.xml HTTP/1.1" 200 349 "http://www.morusverlag.de/cds/simplay_control.swf" "Mozilla/5.0 (Windows NT 6.3; Win64; x64; Trident/7.0; MATMJS; rv:11.0) like Gecko"
88.65.180.64 - - [06/Jul/2019:07:38:18 +0200] "GET /cds/simplaydata/playerskins/default/skin.xml?nocache=1562391499185 HTTP/1.1" 200 649 "http://www.morusverlag.de/cds/simplay_player.swf?audiofile=hymnos1.mp3" "Mozilla/5.0 (Windows NT 6.3; Win64; x64; Trident/7.0; MATMJS; rv:11.0) like Gecko"
88.65.180.64 - - [06/Jul/2019:07:38:19 +0200] "GET /cds/simplaydata/playerskins/default/background.jpg HTTP/1.1" 200 340 "http://www.morusverlag.de/cds/simplay_player.swf?audiofile=hymnos2.mp3" "Mozilla/5.0 (Windows NT 6.3; Win64; x64; Trident/7.0; MATMJS; rv:11.0) like Gecko"
88.65.180.64 - - [06/Jul/2019:07:38:19 +0200] "GET /cds/simplaydata/playerskins/default/play_up.jpg HTTP/1.1" 200 643 "http://www.morusverlag.de/cds/simplay_player.swf?audiofile=hymnos2.mp3" "Mozilla/5.0 (Windows NT 6.3; Win64; x64; Trident/7.0; MATMJS; rv:11.0) like Gecko"
88.65.180.64 - - [06/Jul/2019:07:38:19 +0200] "GET /cds/simplaydata/playerskins/default/play_over.jpg HTTP/1.1" 200 986 "http://www.morusverlag.de/cds/simplay_player.swf?audiofile=hymnos2.mp3" "Mozilla/5.0 (Windows NT 6.3; Win64; x64; Trident/7.0; MATMJS; rv:11.0) like Gecko"
88.65.180.64 - - [06/Jul/2019:07:38:19 +0200] "GET /cds/simplaydata/playerskins/default/play_down.jpg HTTP/1.1" 200 972 "http://www.morusverlag.de/cds/simplay_player.swf?audiofile=hymnos2.mp3" "Mozilla/5.0 (Windows NT 6.3; Win64; x64; Trident/7.0; MATMJS; rv:11.0) like Gecko"
88.65.180.64 - - [06/Jul/2019:07:38:19 +0200] "GET /cds/simplaydata/playerskins/default/pause_up.jpg HTTP/1.1" 200 649 "http://www.morusverlag.de/cds/simplay_player.swf?audiofile=hymnos2.mp3" "Mozilla/5.0 (Windows NT 6.3; Win64; x64; Trident/7.0; MATMJS; rv:11.0) like Gecko"
88.65.180.64 - - [06/Jul/2019:07:38:19 +0200] "GET /cds/simplaydata/playerskins/default/pause_over.jpg HTTP/1.1" 200 988 "http://www.morusverlag.de/cds/simplay_player.swf?audiofile=hymnos2.mp3" "Mozilla/5.0 (Windows NT 6.3; Win64; x64; Trident/7.0; MATMJS; rv:11.0) like Gecko"
88.65.180.64 - - [06/Jul/2019:07:38:19 +0200] "GET /cds/simplaydata/playerskins/default/pause_down.jpg HTTP/1.1" 200 939 "http://www.morusverlag.de/cds/simplay_player.swf?audiofile=hymnos2.mp3" "Mozilla/5.0 (Windows NT 6.3; Win64; x64; Trident/7.0; MATMJS; rv:11.0) like Gecko"
88.65.180.64 - - [06/Jul/2019:07:38:19 +0200] "GET /cds/simplaydata/playerskins/default/background.jpg HTTP/1.1" 200 340 "http://www.morusverlag.de/cds/simplay_player.swf?audiofile=hymnos1.mp3" "Mozilla/5.0 (Windows NT 6.3; Win64; x64; Trident/7.0; MATMJS; rv:11.0) like Gecko"
88.65.180.64 - - [06/Jul/2019:07:38:19 +0200] "GET /cds/simplaydata/playerskins/default/play_up.jpg HTTP/1.1" 200 643 "http://www.morusverlag.de/cds/simplay_player.swf?audiofile=hymnos1.mp3" "Mozilla/5.0 (Windows NT 6.3; Win64; x64; Trident/7.0; MATMJS; rv:11.0) like Gecko"
88.65.180.64 - - [06/Jul/2019:07:38:19 +0200] "GET /cds/simplaydata/playerskins/default/play_over.jpg HTTP/1.1" 200 986 "http://www.morusverlag.de/cds/simplay_player.swf?audiofile=hymnos1.mp3" "Mozilla/5.0 (Windows NT 6.3; Win64; x64; Trident/7.0; MATMJS; rv:11.0) like Gecko"
88.65.180.64 - - [06/Jul/2019:07:38:19 +0200] "GET /cds/simplaydata/playerskins/default/play_down.jpg HTTP/1.1" 200 972 "http://www.morusverlag.de/cds/simplay_player.swf?audiofile=hymnos1.mp3" "Mozilla/5.0 (Windows NT 6.3; Win64; x64; Trident/7.0; MATMJS; rv:11.0) like Gecko"
88.65.180.64 - - [06/Jul/2019:07:38:19 +0200] "GET /cds/simplaydata/playerskins/default/pause_up.jpg HTTP/1.1" 200 649 "http://www.morusverlag.de/cds/simplay_player.swf?audiofile=hymnos1.mp3" "Mozilla/5.0 (Windows NT 6.3; Win64; x64; Trident/7.0; MATMJS; rv:11.0) like Gecko"
88.65.180.64 - - [06/Jul/2019:07:38:19 +0200] "GET /cds/simplaydata/playerskins/default/pause_over.jpg HTTP/1.1" 200 988 "http://www.morusverlag.de/cds/simplay_player.swf?audiofile=hymnos1.mp3" "Mozilla/5.0 (Windows NT 6.3; Win64; x64; Trident/7.0; MATMJS; rv:11.0) like Gecko"
88.65.180.64 - - [06/Jul/2019:07:38:19 +0200] "GET /cds/simplaydata/playerskins/default/pause_down.jpg HTTP/1.1" 200 939 "http://www.morusverlag.de/cds/simplay_player.swf?audiofile=hymnos1.mp3" "Mozilla/5.0 (Windows NT 6.3; Win64; x64; Trident/7.0; MATMJS; rv:11.0) like Gecko"
88.65.180.64 - - [06/Jul/2019:07:38:19 +0200] "GET /cds/simplaydata/controlskins/default/background.jpg HTTP/1.1" 200 772 "http://www.morusverlag.de/cds/simplay_control.swf" "Mozilla/5.0 (Windows NT 6.3; Win64; x64; Trident/7.0; MATMJS; rv:11.0) like Gecko"
88.65.180.64 - - [06/Jul/2019:07:38:19 +0200] "GET /cds/simplaydata/controlskins/default/handle.jpg HTTP/1.1" 200 387 "http://www.morusverlag.de/cds/simplay_control.swf" "Mozilla/5.0 (Windows NT 6.3; Win64; x64; Trident/7.0; MATMJS; rv:11.0) like Gecko"
88.65.180.64 - - [06/Jul/2019:07:38:19 +0200] "GET /cds/simplaydata/controlskins/default/on.jpg HTTP/1.1" 200 986 "http://www.morusverlag.de/cds/simplay_control.swf" "Mozilla/5.0 (Windows NT 6.3; Win64; x64; Trident/7.0; MATMJS; rv:11.0) like Gecko"
88.65.180.64 - - [06/Jul/2019:07:38:19 +0200] "GET /cds/simplaydata/controlskins/default/off.jpg HTTP/1.1" 200 608 "http://www.morusverlag.de/cds/simplay_control.swf" "Mozilla/5.0 (Windows NT 6.3; Win64; x64; Trident/7.0; MATMJS; rv:11.0) like Gecko"
157.55.39.204 - - [06/Jul/2019:07:55:17 +0200] "GET /buecher/gesichter/16.jpg HTTP/1.1" 200 8367 "-" "Mozilla/5.0 (compatible; bingbot/2.0; +http://www.bing.com/bingbot.htm)"
85.93.88.91 - - [06/Jul/2019:08:30:36 +0200] "GET /robots.txt HTTP/1.1" 200 100 "-" "Mozilla/5.0 (compatible; adscanner/)/1.0 (Mozilla/5.0 (compatible; seoscanners.net/1.0; +spider@seoscanners.net); http://seoscanners.net; spider@seoscanners.net)"
85.93.88.91 - - [06/Jul/2019:08:30:36 +0200] "GET /sonderthemen/oekz2003_s01.pdf HTTP/1.1" 200 66807 "-" "Mozilla/5.0 (compatible; adscanner/)/1.0 (Mozilla/5.0 (compatible; seoscanners.net/1.0; +spider@seoscanners.net); http://seoscanners.net; spider@seoscanners.net)"
194.173.174.106 - - [06/Jul/2019:08:43:48 +0200] "HEAD / HTTP/1.1" 200 - "-" "Mozilla/5.0 (Windows NT 6.3; WOW64) AppleWebKit/537.36 (KHTML, like Gecko) Chrome/43.0.2357.134 Safari/537.36"
18.206.159.236 - - [06/Jul/2019:08:44:22 +0200] "GET / HTTP/1.1" 200 9360 "-" "Mozilla/5.0 (Windows NT 6.1; Win64; x64) AppleWebKit/537.36 (KHTML, like Gecko) Chrome/72.0.3626.109 Safari/537.36"
193.124.191.92 - - [06/Jul/2019:09:06:44 +0200] "HEAD / HTTP/1.1" 200 - "http://pstut.ru/turfirms" "Mozilla/7.0 (compatible; MSIE6.00; Windows 2009)"
193.124.188.188 - - [06/Jul/2019:09:06:44 +0200] "HEAD / HTTP/1.1" 200 - "https://fuzion-tires.com/about.html" "Mozilla/8.0 (compatible; MSIE3.00; Windows 2009)"
193.124.190.18 - - [06/Jul/2019:09:06:44 +0200] "HEAD / HTTP/1.1" 200 - "http://klining55.ru/uslugi/4-generalnaya-uborka-ofisov-kvartir-i-domov.html" "Mozilla/5.0 (compatible; MSIE2.00; Windows 2008)"
193.124.188.83 - - [06/Jul/2019:09:06:44 +0200] "HEAD / HTTP/1.1" 200 - "https://khorth.com/product/gorehowl-axe-replica-pendant-necklace-grommash-hellscream-inspired-by-warcraft" "Mozilla/4.0 (compatible; MSIE4.00; Windows 2003)"
185.5.249.185 - - [06/Jul/2019:09:06:45 +0200] "HEAD / HTTP/1.1" 200 - "https://protivpota.ru/category/linejki-sredstv-ot-pota" "Mozilla/8.0 (compatible; MSIE3.00; Windows 2005)"
178.137.87.154 - - [06/Jul/2019:10:02:47 +0200] "GET /buecher/ HTTP/1.1" 200 25885 "https://ukr.belreferatov.net/" "Mozilla/4.0 (compatible; MSIE 6.0; Windows NT 5.1; SV1; .NET CLR 1.0.3705; .NET CLR 1.1.4322; .NET CLR 2.0.40607)"
178.137.87.154 - - [06/Jul/2019:10:02:48 +0200] "GET /buecher/ HTTP/1.1" 200 25885 "https://ukr.belreferatov.net/" "Mozilla/4.0 (compatible; MSIE 6.0; Windows NT 5.1; SV1; .NET CLR 1.0.3705; .NET CLR 1.1.4322; .NET CLR 2.0.40607)"
178.137.87.154 - - [06/Jul/2019:10:02:49 +0200] "GET /buecher/ HTTP/1.1" 200 25885 "https://ukr.belreferatov.net/" "Mozilla/4.0 (compatible; MSIE 6.0; Windows NT 5.1; SV1; .NET CLR 1.0.3705; .NET CLR 1.1.4322; .NET CLR 2.0.40607)"
207.46.13.126 - - [06/Jul/2019:10:13:11 +0200] "GET /buecher/rezensionen_leiblichkeit_und_zeitlichkeit.html HTTP/1.1" 304 - "-" "Mozilla/5.0 (compatible; bingbot/2.0; +http://www.bing.com/bingbot.htm)"
88.65.180.64 - - [06/Jul/2019:10:49:05 +0200] "GET /browserconfig.xml HTTP/1.1" 404 2381 "-" "Mozilla/5.0 (Windows NT 6.3; Win64; x64; Trident/7.0; MATMJS; rv:11.0) like Gecko"
88.65.180.64 - - [06/Jul/2019:10:49:10 +0200] "GET /cds/simplaydata/playerconfig.xml?nocache=1562402946981 HTTP/1.1" 200 149 "http://www.morusverlag.de/cds/simplay_player.swf?audiofile=hymnos1.mp3" "Mozilla/5.0 (Windows NT 6.3; Win64; x64; Trident/7.0; MATMJS; rv:11.0) like Gecko"
88.65.180.64 - - [06/Jul/2019:10:49:10 +0200] "GET /cds/simplaydata/playerconfig.xml?nocache=1562402950840 HTTP/1.1" 200 149 "http://www.morusverlag.de/cds/simplay_player.swf?audiofile=hymnos2.mp3" "Mozilla/5.0 (Windows NT 6.3; Win64; x64; Trident/7.0; MATMJS; rv:11.0) like Gecko"
88.65.180.64 - - [06/Jul/2019:10:49:10 +0200] "GET /cds/simplaydata/controlconfig.xml?nocache=1562402945792 HTTP/1.1" 200 121 "http://www.morusverlag.de/cds/simplay_control.swf" "Mozilla/5.0 (Windows NT 6.3; Win64; x64; Trident/7.0; MATMJS; rv:11.0) like Gecko"
88.65.180.64 - - [06/Jul/2019:10:49:10 +0200] "GET /cds/simplaydata/playerskins/default/skin.xml?nocache=1562402950887 HTTP/1.1" 200 649 "http://www.morusverlag.de/cds/simplay_player.swf?audiofile=hymnos2.mp3" "Mozilla/5.0 (Windows NT 6.3; Win64; x64; Trident/7.0; MATMJS; rv:11.0) like Gecko"
88.65.180.64 - - [06/Jul/2019:10:49:10 +0200] "GET /cds/simplaydata/playerskins/default/skin.xml?nocache=1562402950871 HTTP/1.1" 200 649 "http://www.morusverlag.de/cds/simplay_player.swf?audiofile=hymnos1.mp3" "Mozilla/5.0 (Windows NT 6.3; Win64; x64; Trident/7.0; MATMJS; rv:11.0) like Gecko"
157.55.39.191 - - [06/Jul/2019:11:07:21 +0200] "GET /buecher/chateaubriand.jpg HTTP/1.1" 200 2272 "-" "Mozilla/5.0 (compatible; bingbot/2.0; +http://www.bing.com/bingbot.htm)"
95.216.96.244 - - [06/Jul/2019:11:12:04 +0200] "GET /robots.txt HTTP/1.1" 200 100 "-" "Mozilla/5.0 (compatible; SEOkicks; +https://www.seokicks.de/robot.html)"
95.216.96.244 - - [06/Jul/2019:11:12:05 +0200] "GET / HTTP/1.1" 200 9360 "-" "Mozilla/5.0 (compatible; SEOkicks; +https://www.seokicks.de/robot.html)"
95.216.96.244 - - [06/Jul/2019:11:12:06 +0200] "GET /buecher/index.html HTTP/1.1" 200 25885 "http://www.morusverlag.de/" "Mozilla/5.0 (compatible; SEOkicks; +https://www.seokicks.de/robot.html)"
95.216.96.244 - - [06/Jul/2019:11:12:08 +0200] "GET /cds/index.html HTTP/1.1" 200 7987 "http://www.morusverlag.de/" "Mozilla/5.0 (compatible; SEOkicks; +https://www.seokicks.de/robot.html)"
95.216.96.244 - - [06/Jul/2019:11:12:10 +0200] "GET /gotteslob/index.html HTTP/1.1" 200 2770 "http://www.morusverlag.de/" "Mozilla/5.0 (compatible; SEOkicks; +https://www.seokicks.de/robot.html)"
95.216.96.244 - - [06/Jul/2019:11:12:12 +0200] "GET /jahrbuch/index.html HTTP/1.1" 200 3956 "http://www.morusverlag.de/" "Mozilla/5.0 (compatible; SEOkicks; +https://www.seokicks.de/robot.html)"
95.216.96.244 - - [06/Jul/2019:11:12:15 +0200] "GET /sonderthemen/index.html HTTP/1.1" 200 7102 "http://www.morusverlag.de/" "Mozilla/5.0 (compatible; SEOkicks; +https://www.seokicks.de/robot.html)"
95.216.96.244 - - [06/Jul/2019:11:12:16 +0200] "GET /kontakt/index.html HTTP/1.1" 200 2896 "http://www.morusverlag.de/" "Mozilla/5.0 (compatible; SEOkicks; +https://www.seokicks.de/robot.html)"
95.216.96.244 - - [06/Jul/2019:11:12:17 +0200] "GET /impressum.html HTTP/1.1" 200 2808 "http://www.morusverlag.de/" "Mozilla/5.0 (compatible; SEOkicks; +https://www.seokicks.de/robot.html)"
79.210.248.56 - - [06/Jul/2019:11:24:44 +0200] "GET /cds/hymnos_akathistos.html HTTP/1.1" 200 11061 "-" "Mozilla/5.0 (Macintosh; Intel Mac OS X 10_14_5) AppleWebKit/605.1.15 (KHTML, like Gecko)"
79.210.248.56 - - [06/Jul/2019:11:24:45 +0200] "GET /apple-touch-icon-precomposed.png HTTP/1.1" 404 2381 "-" "Safari/14607.2.6.1.1 CFNetwork/978.0.7 Darwin/18.6.0 (x86_64)"
79.210.248.56 - - [06/Jul/2019:11:24:45 +0200] "GET /apple-touch-icon.png HTTP/1.1" 404 2381 "-" "Safari/14607.2.6.1.1 CFNetwork/978.0.7 Darwin/18.6.0 (x86_64)"
79.210.248.56 - - [06/Jul/2019:11:24:45 +0200] "GET /favicon.ico HTTP/1.1" 200 4286 "-" "Safari/14607.2.6.1.1 CFNetwork/978.0.7 Darwin/18.6.0 (x86_64)"
79.210.248.56 - - [06/Jul/2019:11:24:45 +0200] "GET /cds/hymnos_akathistos.html HTTP/1.1" 200 11061 "-" "Mozilla/5.0 (iPhone; CPU iPhone OS 12_1_3 like Mac OS X) AppleWebKit/605.1.15 (KHTML, like Gecko) Version/12.0 Mobile/15E148 Safari/604.1"
79.210.248.56 - - [06/Jul/2019:11:24:46 +0200] "GET /apple-touch-icon-precomposed.png HTTP/1.1" 404 2381 "-" "Safari/14607.2.6.1.1 CFNetwork/978.0.7 Darwin/18.6.0 (x86_64)"
79.210.248.56 - - [06/Jul/2019:11:24:46 +0200] "GET /apple-touch-icon.png HTTP/1.1" 404 2381 "-" "Safari/14607.2.6.1.1 CFNetwork/978.0.7 Darwin/18.6.0 (x86_64)"
79.210.248.56 - - [06/Jul/2019:11:24:46 +0200] "GET /favicon.ico HTTP/1.1" 200 4286 "-" "Safari/14607.2.6.1.1 CFNetwork/978.0.7 Darwin/18.6.0 (x86_64)"
207.46.13.47 - - [06/Jul/2019:11:35:23 +0200] "GET /jahrbuch/index.html HTTP/1.1" 200 3956 "-" "Mozilla/5.0 (compatible; bingbot/2.0; +http://www.bing.com/bingbot.htm)"
207.46.13.126 - - [06/Jul/2019:12:15:49 +0200] "GET /buecher/gesichter/07.jpg HTTP/1.1" 200 7301 "-" "Mozilla/5.0 (compatible; bingbot/2.0; +http://www.bing.com/bingbot.htm)"
136.243.17.161 - - [06/Jul/2019:12:40:53 +0200] "GET /sonderthemen/oekt_extra2.pdf HTTP/1.1" 200 1939949 "-" "Mozilla/5.0 (Macintosh; Intel Mac OS X 10_6_8) AppleWebKit/534.59.8 (KHTML, like Gecko) Version/5.1.9 Safari/534.59.8"
85.93.88.91 - - [06/Jul/2019:12:51:36 +0200] "GET /robots.txt HTTP/1.1" 200 100 "-" "Mozilla/5.0 (compatible; adscanner/)/1.0 (Mozilla/5.0 (compatible; seoscanners.net/1.0; +spider@seoscanners.net); http://seoscanners.net; spider@seoscanners.net)"
85.93.88.91 - - [06/Jul/2019:12:51:36 +0200] "GET /sonderthemen/sk2004_s01.pdf HTTP/1.1" 200 162742 "-" "Mozilla/5.0 (compatible; adscanner/)/1.0 (Mozilla/5.0 (compatible; seoscanners.net/1.0; +spider@seoscanners.net); http://seoscanners.net; spider@seoscanners.net)"
46.119.118.164 - - [06/Jul/2019:13:08:30 +0200] "GET /buecher/ HTTP/1.1" 200 25885 "http://greenshop.su/" "Mozilla/4.0 (compatible; MSIE 6.0; Windows 98; Win 9x 4.90)"
46.119.118.164 - - [06/Jul/2019:13:08:30 +0200] "GET /buecher/ HTTP/1.1" 200 25885 "http://greenshop.su/" "Mozilla/4.0 (compatible; MSIE 6.0; Windows 98; Win 9x 4.90)"
46.119.118.164 - - [06/Jul/2019:13:08:31 +0200] "GET /buecher/ HTTP/1.1" 200 25885 "http://greenshop.su/" "Mozilla/4.0 (compatible; MSIE 6.0; Windows 98; Win 9x 4.90)"
185.209.20.147 - - [06/Jul/2019:13:40:16 +0200] "HEAD / HTTP/1.1" 200 - "https://www.topalit.org.ua/product/podokonnik-topalit-messina-oak-227-mono-design/" "Mozilla/3.0 (compatible; MSIE4.00; Windows 2003)"
85.209.89.224 - - [06/Jul/2019:13:40:16 +0200] "HEAD / HTTP/1.1" 200 - "https://domamed24.ru/category/vsyo-o-vitaminax/" "Mozilla/7.0 (compatible; MSIE5.00; Windows 2005)"
185.203.240.129 - - [06/Jul/2019:13:40:16 +0200] "HEAD / HTTP/1.1" 200 - "https://brauzernieigri.ru/catalog/ekonomicheskie/" "Mozilla/8.0 (compatible; MSIE5.00; Windows 2005)"
212.86.109.31 - - [06/Jul/2019:13:46:18 +0200] "HEAD / HTTP/1.1" 200 - "https://milady.today" "Mozilla/6.0 (compatible; MSIE3.00; Windows 2004)"
54.255.188.140 - - [06/Jul/2019:14:20:21 +0200] "GET / HTTP/1.0" 200 9360 "https://ccc.sb/topic/1750-%d0%b4%d0%b5%d0%bb%d0%b0%d0%b5%d0%bc-%d0%b7%d0%b0%d0%bb%d0%b8%d0%b2%d1%8b-%d0%bd%d0%b0-%d0%ba%d0%b0%d1%80%d1%82%d1%8b-%d0%b1%d0%b0%d0%bd%d0%ba%d0%be%d0%b2-%d0%b8%d1%89%d0%b5%d0%bc-%d0%bf%d0%b0%d1%80%d1%82%d0%bd%d0%b5%d1%80%d0%be%d0%b2-%d0%b4/" "Mozilla/5.0 (Windows NT 6.3; Win64; x64) AppleWebKit/537.36 (KHTML, like Gecko) Chrome/67.0.3396.99 Safari/537.36"
148.251.237.246 - - [06/Jul/2019:14:44:35 +0200] "GET /sonderthemen/sk2002.pdf HTTP/1.1" 200 2628923 "-" "Mozilla/5.0 (Macintosh; Intel Mac OS X 10_13_2) AppleWebKit/604.4.7 (KHTML, like Gecko) Version/11.0.2 Safari/604.4.7"
109.102.111.88 - - [06/Jul/2019:14:53:28 +0200] "GET / HTTP/1.1" 200 9360 "-" "Java/1.6.0_04"
109.102.111.88 - - [06/Jul/2019:14:53:29 +0200] "GET /impressum.html HTTP/1.1" 200 2808 "-" "Java/1.6.0_04"
109.102.111.88 - - [06/Jul/2019:14:53:29 +0200] "GET /search.php HTTP/1.1" 200 2027 "-" "Java/1.6.0_04"
109.102.111.88 - - [06/Jul/2019:14:53:29 +0200] "GET /index.html HTTP/1.1" 200 9360 "-" "Java/1.6.0_04"
109.102.111.88 - - [06/Jul/2019:14:53:29 +0200] "GET /buecher/index.html HTTP/1.1" 200 25885 "-" "Java/1.6.0_04"
109.102.111.88 - - [06/Jul/2019:14:53:29 +0200] "GET /buecher/rezensionen_chateaubriand.html HTTP/1.1" 200 47317 "-" "Java/1.6.0_04"
109.102.111.88 - - [06/Jul/2019:14:53:29 +0200] "GET /buecher/veroeffentlichungsliste.html HTTP/1.1" 200 129779 "-" "Java/1.6.0_04"
109.102.111.88 - - [06/Jul/2019:14:53:30 +0200] "GET /cds/hymnos_akathistos.html HTTP/1.1" 200 11061 "-" "Java/1.6.0_04"
109.102.111.88 - - [06/Jul/2019:14:53:30 +0200] "GET /cds/ignatius.html HTTP/1.1" 200 6576 "-" "Java/1.6.0_04"
109.102.111.88 - - [06/Jul/2019:14:53:30 +0200] "GET /cds/index.html HTTP/1.1" 200 7987 "-" "Java/1.6.0_04"
109.102.111.88 - - [06/Jul/2019:14:53:30 +0200] "GET /cds/rosarium.html HTTP/1.1" 200 6680 "-" "Java/1.6.0_04"
109.102.111.88 - - [06/Jul/2019:14:53:30 +0200] "GET /gotteslob/index.html HTTP/1.1" 200 2770 "-" "Java/1.6.0_04"
109.102.111.88 - - [06/Jul/2019:14:53:30 +0200] "GET /jahrbuch/index.html HTTP/1.1" 200 3956 "-" "Java/1.6.0_04"
109.102.111.88 - - [06/Jul/2019:14:53:30 +0200] "GET /kontakt/index.html HTTP/1.1" 200 2896 "-" "Java/1.6.0_04"
109.102.111.88 - - [06/Jul/2019:14:53:30 +0200] "GET /sonderthemen/index.html HTTP/1.1" 200 7102 "-" "Java/1.6.0_04"
109.102.111.88 - - [06/Jul/2019:14:53:30 +0200] "GET /buecher/bestellung.php HTTP/1.1" 200 10142 "-" "Java/1.6.0_04"
109.102.111.88 - - [06/Jul/2019:14:53:30 +0200] "GET /buecher/diskussion.html HTTP/1.1" 200 9925 "-" "Java/1.6.0_04"
109.102.111.88 - - [06/Jul/2019:14:53:30 +0200] "GET /buecher/rezensionen_engel.html HTTP/1.1" 200 6598 "-" "Java/1.6.0_04"
109.102.111.88 - - [06/Jul/2019:14:53:30 +0200] "GET /buecher/rezensionen_krise_zum_heil.html HTTP/1.1" 200 9828 "-" "Java/1.6.0_04"
109.102.111.88 - - [06/Jul/2019:14:53:31 +0200] "GET /buecher/rezensionen_le_saulchoir.html HTTP/1.1" 200 34009 "-" "Java/1.6.0_04"
109.102.111.88 - - [06/Jul/2019:14:53:31 +0200] "GET /buecher/rezensionen_leiblichkeit_und_zeitlichkeit.html HTTP/1.1" 200 8821 "-" "Java/1.6.0_04"
109.102.111.88 - - [06/Jul/2019:14:53:31 +0200] "GET /buecher/rezensionen_nicht_auf_sand_gebaut.html HTTP/1.1" 200 6594 "-" "Java/1.6.0_04"
109.102.111.88 - - [06/Jul/2019:14:53:31 +0200] "GET /buecher/rezensionen_preysing.html HTTP/1.1" 200 9502 "-" "Java/1.6.0_04"
109.102.111.88 - - [06/Jul/2019:14:53:31 +0200] "GET /buecher/rezensionen_psalmen.html HTTP/1.1" 200 6787 "-" "Java/1.6.0_04"
109.102.111.88 - - [06/Jul/2019:14:53:31 +0200] "GET /contentflow/contentflow.js HTTP/1.1" 200 42064 "-" "Java/1.6.0_04"
109.102.111.88 - - [06/Jul/2019:14:53:31 +0200] "GET /buecher/rezensionen.html HTTP/1.1" 200 6964 "-" "Java/1.6.0_04"
109.102.111.88 - - [06/Jul/2019:14:53:31 +0200] "GET /buecher/rezensionen_ignatius.html HTTP/1.1" 200 8182 "-" "Java/1.6.0_04"
109.102.111.88 - - [06/Jul/2019:14:53:31 +0200] "GET /cds/astazi.html HTTP/1.1" 200 8453 "-" "Java/1.6.0_04"
109.102.111.88 - - [06/Jul/2019:14:53:31 +0200] "GET /cds/glockenspiel1.html HTTP/1.1" 200 9736 "-" "Java/1.6.0_04"
109.102.111.88 - - [06/Jul/2019:14:53:31 +0200] "GET /cds/glockenspiel2.html HTTP/1.1" 200 9831 "-" "Java/1.6.0_04"
109.102.111.88 - - [06/Jul/2019:14:53:31 +0200] "GET /cds/lumina.html HTTP/1.1" 200 9000 "-" "Java/1.6.0_04"
109.102.111.88 - - [06/Jul/2019:14:53:31 +0200] "GET /jahrbuch/bestellung.php HTTP/1.1" 200 10316 "-" "Java/1.6.0_04"
109.102.111.88 - - [06/Jul/2019:14:53:32 +0200] "GET /sonderthemen/archiv.html HTTP/1.1" 200 6959 "-" "Java/1.6.0_04"
109.102.111.88 - - [06/Jul/2019:14:53:32 +0200] "GET /sonderthemen/presse.html HTTP/1.1" 200 5772 "-" "Java/1.6.0_04"
109.102.111.88 - - [06/Jul/2019:14:53:32 +0200] "GET /contentflow/\"+K.src+\" HTTP/1.1" 404 2381 "-" "Java/1.6.0_04"
88.198.43.207 - - [06/Jul/2019:15:15:53 +0200] "GET /sonderthemen/az2000.pdf HTTP/1.1" 200 2253581 "-" "Mozilla/5.0 (Windows NT 10.0; Win64; x64) AppleWebKit/537.36 (KHTML, like Gecko) Chrome/64.0.3282.140 Safari/537.36"
157.55.39.18 - - [06/Jul/2019:15:47:14 +0200] "GET /robots.txt HTTP/1.1" 200 100 "-" "Mozilla/5.0 (compatible; bingbot/2.0; +http://www.bing.com/bingbot.htm)"
157.55.39.60 - - [06/Jul/2019:15:47:15 +0200] "GET /buecher/index.html HTTP/1.1" 304 - "-" "Mozilla/5.0 (compatible; bingbot/2.0; +http://www.bing.com/bingbot.htm)"
194.173.174.106 - - [06/Jul/2019:15:50:18 +0200] "HEAD / HTTP/1.1" 200 - "-" "Mozilla/5.0 (Windows NT 6.3; WOW64) AppleWebKit/537.36 (KHTML, like Gecko) Chrome/43.0.2357.134 Safari/537.36"
52.32.223.140 - - [06/Jul/2019:15:51:41 +0200] "GET / HTTP/1.1" 200 9360 "-" "Mozilla/5.0 (Windows NT 6.1; Win64; x64) AppleWebKit/537.36 (KHTML, like Gecko) Chrome/72.0.3626.109 Safari/537.36"
109.102.226.187 - - [06/Jul/2019:16:28:34 +0200] "GET / HTTP/1.1" 200 9360 "-" "Mozilla/5.0 (compatible& Googlebot/2.1& +http://www.google.com/bot.html)"
109.102.226.187 - - [06/Jul/2019:16:28:34 +0200] "GET / HTTP/1.1" 200 9360 "-" "Mozilla/5.0 (Linux; U; Android 4.0.3; ko-kr; LG-L160L Build/IML74K) AppleWebkit/534.30 (KHTML, like Gecko) Version/4.0 Mobile Safari/534.30"
91.242.162.79 - - [06/Jul/2019:17:27:28 +0200] "GET /robots.txt HTTP/1.1" 200 100 "-" "Mozilla/5.0 (compatible; Qwantify/2.4w; +https://www.qwant.com/)/2.4w"
91.242.162.79 - - [06/Jul/2019:17:27:28 +0200] "GET /buecher/bestellung.php HTTP/1.1" 200 10142 "-" "Mozilla/5.0 (compatible; Qwantify/2.4w; +https://www.qwant.com/)/2.4w"
77.75.78.166 - - [06/Jul/2019:18:04:46 +0200] "GET /robots.txt HTTP/1.1" 200 100 "-" "Mozilla/5.0 (compatible; SeznamBot/3.2; +http://napoveda.seznam.cz/en/seznambot-intro/)"
77.75.78.166 - - [06/Jul/2019:18:04:46 +0200] "GET /buecher/gesichter/01.jpg HTTP/1.1" 200 7981 "-" "Mozilla/5.0 (compatible; SeznamBot/3.2; +http://napoveda.seznam.cz/en/seznambot-intro/)"
95.216.96.254 - - [06/Jul/2019:18:11:57 +0200] "GET /robots.txt HTTP/1.1" 200 100 "-" "Mozilla/5.0 (compatible; SEOkicks; +https://www.seokicks.de/robot.html)"
95.216.96.254 - - [06/Jul/2019:18:11:58 +0200] "GET / HTTP/1.1" 200 9360 "-" "Mozilla/5.0 (compatible; SEOkicks; +https://www.seokicks.de/robot.html)"
95.216.96.254 - - [06/Jul/2019:18:11:59 +0200] "GET /buecher/index.html HTTP/1.1" 200 25885 "http://www.morusverlag.de/" "Mozilla/5.0 (compatible; SEOkicks; +https://www.seokicks.de/robot.html)"
95.216.96.254 - - [06/Jul/2019:18:12:01 +0200] "GET /cds/index.html HTTP/1.1" 200 7987 "http://www.morusverlag.de/" "Mozilla/5.0 (compatible; SEOkicks; +https://www.seokicks.de/robot.html)"
95.216.96.254 - - [06/Jul/2019:18:12:02 +0200] "GET /gotteslob/index.html HTTP/1.1" 200 2770 "http://www.morusverlag.de/" "Mozilla/5.0 (compatible; SEOkicks; +https://www.seokicks.de/robot.html)"
95.216.96.254 - - [06/Jul/2019:18:12:03 +0200] "GET /jahrbuch/index.html HTTP/1.1" 200 3956 "http://www.morusverlag.de/" "Mozilla/5.0 (compatible; SEOkicks; +https://www.seokicks.de/robot.html)"
95.216.96.254 - - [06/Jul/2019:18:12:05 +0200] "GET /sonderthemen/index.html HTTP/1.1" 200 7102 "http://www.morusverlag.de/" "Mozilla/5.0 (compatible; SEOkicks; +https://www.seokicks.de/robot.html)"
95.216.96.254 - - [06/Jul/2019:18:12:06 +0200] "GET /kontakt/index.html HTTP/1.1" 200 2896 "http://www.morusverlag.de/" "Mozilla/5.0 (compatible; SEOkicks; +https://www.seokicks.de/robot.html)"
95.216.96.254 - - [06/Jul/2019:18:12:07 +0200] "GET /impressum.html HTTP/1.1" 200 2808 "http://www.morusverlag.de/" "Mozilla/5.0 (compatible; SEOkicks; +https://www.seokicks.de/robot.html)"
78.46.90.120 - - [06/Jul/2019:18:22:41 +0200] "GET /sonderthemen/az1999.pdf HTTP/1.1" 200 1842982 "-" "Mozilla/5.0 (Macintosh; Intel Mac OS X 10_10_5) AppleWebKit/537.36 (KHTML, like Gecko) Chrome/63.0.3239.132 Safari/537.36"
79.143.176.124 - - [06/Jul/2019:18:31:49 +0200] "GET /robots.txt HTTP/1.1" 200 100 "-" "Mozilla/5.0 (Macintosh; Intel Mac OS X 10_14_4) AppleWebKit/537.36 (KHTML, like Gecko) Chrome/74.0.3729.169 Safari/537.36"
79.143.176.124 - - [06/Jul/2019:18:31:49 +0200] "GET / HTTP/1.1" 200 9360 "-" "Mozilla/5.0 (Macintosh; Intel Mac OS X 10_14_4) AppleWebKit/537.36 (KHTML, like Gecko) Chrome/74.0.3729.169 Safari/537.36"
79.143.176.124 - - [06/Jul/2019:18:31:50 +0200] "GET /kontakt/index.html HTTP/1.1" 200 2896 "http://www.morusverlag.de/" "Mozilla/5.0 (Macintosh; Intel Mac OS X 10_14_4) AppleWebKit/537.36 (KHTML, like Gecko) Chrome/74.0.3729.169 Safari/537.36"
79.143.176.124 - - [06/Jul/2019:18:31:51 +0200] "GET /impressum.html HTTP/1.1" 200 2808 "http://www.morusverlag.de/" "Mozilla/5.0 (Macintosh; Intel Mac OS X 10_14_4) AppleWebKit/537.36 (KHTML, like Gecko) Chrome/74.0.3729.169 Safari/537.36"
79.143.176.124 - - [06/Jul/2019:18:31:51 +0200] "GET /index.html HTTP/1.1" 200 9360 "http://www.morusverlag.de/kontakt/index.html" "Mozilla/5.0 (Macintosh; Intel Mac OS X 10_14_4) AppleWebKit/537.36 (KHTML, like Gecko) Chrome/74.0.3729.169 Safari/537.36"
79.143.176.124 - - [06/Jul/2019:18:31:51 +0200] "GET /gotteslob/index.html HTTP/1.1" 200 2770 "http://www.morusverlag.de/" "Mozilla/5.0 (Macintosh; Intel Mac OS X 10_14_4) AppleWebKit/537.36 (KHTML, like Gecko) Chrome/74.0.3729.169 Safari/537.36"
79.143.176.124 - - [06/Jul/2019:18:31:52 +0200] "GET /cds/ignatius.html HTTP/1.1" 200 6576 "http://www.morusverlag.de/" "Mozilla/5.0 (Macintosh; Intel Mac OS X 10_14_4) AppleWebKit/537.36 (KHTML, like Gecko) Chrome/74.0.3729.169 Safari/537.36"
79.143.176.124 - - [06/Jul/2019:18:31:52 +0200] "GET /buecher/veroeffentlichungsliste.html HTTP/1.1" 200 129779 "http://www.morusverlag.de/" "Mozilla/5.0 (Macintosh; Intel Mac OS X 10_14_4) AppleWebKit/537.36 (KHTML, like Gecko) Chrome/74.0.3729.169 Safari/537.36"
79.143.176.124 - - [06/Jul/2019:18:31:54 +0200] "GET /buecher/rezensionen_ignatius.html HTTP/1.1" 200 8182 "http://www.morusverlag.de/cds/ignatius.html" "Mozilla/5.0 (Macintosh; Intel Mac OS X 10_14_4) AppleWebKit/537.36 (KHTML, like Gecko) Chrome/74.0.3729.169 Safari/537.36"
79.143.176.124 - - [06/Jul/2019:18:31:55 +0200] "GET /jahrbuch/index.html HTTP/1.1" 200 3956 "http://www.morusverlag.de/" "Mozilla/5.0 (Macintosh; Intel Mac OS X 10_14_4) AppleWebKit/537.36 (KHTML, like Gecko) Chrome/74.0.3729.169 Safari/537.36"
79.143.176.124 - - [06/Jul/2019:18:31:55 +0200] "GET /buecher/rezensionen.html HTTP/1.1" 200 6964 "http://www.morusverlag.de/buecher/rezensionen_ignatius.html" "Mozilla/5.0 (Macintosh; Intel Mac OS X 10_14_4) AppleWebKit/537.36 (KHTML, like Gecko) Chrome/74.0.3729.169 Safari/537.36"
79.143.176.124 - - [06/Jul/2019:18:31:56 +0200] "GET /jahrbuch/titelseiten/index.html HTTP/1.1" 200 6735 "http://www.morusverlag.de/jahrbuch/index.html" "Mozilla/5.0 (Macintosh; Intel Mac OS X 10_14_4) AppleWebKit/537.36 (KHTML, like Gecko) Chrome/74.0.3729.169 Safari/537.36"
79.143.176.124 - - [06/Jul/2019:18:31:56 +0200] "GET /buecher/rezensionen_preysing.html HTTP/1.1" 200 9502 "http://www.morusverlag.de/buecher/rezensionen.html" "Mozilla/5.0 (Macintosh; Intel Mac OS X 10_14_4) AppleWebKit/537.36 (KHTML, like Gecko) Chrome/74.0.3729.169 Safari/537.36"
79.143.176.124 - - [06/Jul/2019:18:31:57 +0200] "GET /buecher/rezensionen_psalmen.html HTTP/1.1" 200 6787 "http://www.morusverlag.de/buecher/rezensionen.html" "Mozilla/5.0 (Macintosh; Intel Mac OS X 10_14_4) AppleWebKit/537.36 (KHTML, like Gecko) Chrome/74.0.3729.169 Safari/537.36"
79.143.176.124 - - [06/Jul/2019:18:31:57 +0200] "GET /buecher/rezensionen_krise_zum_heil.html HTTP/1.1" 200 9828 "http://www.morusverlag.de/buecher/rezensionen.html" "Mozilla/5.0 (Macintosh; Intel Mac OS X 10_14_4) AppleWebKit/537.36 (KHTML, like Gecko) Chrome/74.0.3729.169 Safari/537.36"
103.125.189.141 - - [06/Jul/2019:18:31:58 +0200] "GET / HTTP/1.1" 200 9360 "-" "Java/1.6.0_04"
79.143.176.124 - - [06/Jul/2019:18:31:58 +0200] "GET /buecher/rezensionen_ungeteilt.html HTTP/1.1" 200 9764 "http://www.morusverlag.de/buecher/rezensionen.html" "Mozilla/5.0 (Macintosh; Intel Mac OS X 10_14_4) AppleWebKit/537.36 (KHTML, like Gecko) Chrome/74.0.3729.169 Safari/537.36"
103.125.189.141 - - [06/Jul/2019:18:31:59 +0200] "GET /impressum.html HTTP/1.1" 200 2808 "-" "Java/1.6.0_04"
79.143.176.124 - - [06/Jul/2019:18:31:59 +0200] "GET /buecher/rezensionen_leiblichkeit_und_zeitlichkeit.html HTTP/1.1" 200 8821 "http://www.morusverlag.de/buecher/rezensionen.html" "Mozilla/5.0 (Macintosh; Intel Mac OS X 10_14_4) AppleWebKit/537.36 (KHTML, like Gecko) Chrome/74.0.3729.169 Safari/537.36"
103.125.189.141 - - [06/Jul/2019:18:31:59 +0200] "GET /search.php HTTP/1.1" 200 2027 "-" "Java/1.6.0_04"
103.125.189.141 - - [06/Jul/2019:18:32:00 +0200] "GET /index.html HTTP/1.1" 200 9360 "-" "Java/1.6.0_04"
79.143.176.124 - - [06/Jul/2019:18:32:00 +0200] "GET /buecher/rezensionen_engel.html HTTP/1.1" 200 6598 "http://www.morusverlag.de/buecher/rezensionen.html" "Mozilla/5.0 (Macintosh; Intel Mac OS X 10_14_4) AppleWebKit/537.36 (KHTML, like Gecko) Chrome/74.0.3729.169 Safari/537.36"
103.125.189.141 - - [06/Jul/2019:18:32:00 +0200] "GET /buecher/index.html HTTP/1.1" 200 25885 "-" "Java/1.6.0_04"
79.143.176.124 - - [06/Jul/2019:18:32:01 +0200] "GET /buecher/rezensionen_nicht_auf_sand_gebaut.html HTTP/1.1" 200 6594 "http://www.morusverlag.de/buecher/rezensionen.html" "Mozilla/5.0 (Macintosh; Intel Mac OS X 10_14_4) AppleWebKit/537.36 (KHTML, like Gecko) Chrome/74.0.3729.169 Safari/537.36"
103.125.189.141 - - [06/Jul/2019:18:32:01 +0200] "GET /buecher/rezensionen_chateaubriand.html HTTP/1.1" 200 47317 "-" "Java/1.6.0_04"
79.143.176.124 - - [06/Jul/2019:18:32:01 +0200] "GET /buecher/rezensionen_le_saulchoir.html HTTP/1.1" 200 34009 "http://www.morusverlag.de/buecher/rezensionen.html" "Mozilla/5.0 (Macintosh; Intel Mac OS X 10_14_4) AppleWebKit/537.36 (KHTML, like Gecko) Chrome/74.0.3729.169 Safari/537.36"
79.143.176.124 - - [06/Jul/2019:18:32:01 +0200] "GET /jahrbuch/bestellung.php HTTP/1.1" 200 10316 "http://www.morusverlag.de/jahrbuch/index.html" "Mozilla/5.0 (Macintosh; Intel Mac OS X 10_14_4) AppleWebKit/537.36 (KHTML, like Gecko) Chrome/74.0.3729.169 Safari/537.36"
79.143.176.124 - - [06/Jul/2019:18:32:02 +0200] "GET /cds/rosarium.html HTTP/1.1" 200 6680 "http://www.morusverlag.de/" "Mozilla/5.0 (Macintosh; Intel Mac OS X 10_14_4) AppleWebKit/537.36 (KHTML, like Gecko) Chrome/74.0.3729.169 Safari/537.36"
103.125.189.141 - - [06/Jul/2019:18:32:02 +0200] "GET /buecher/veroeffentlichungsliste.html HTTP/1.1" 200 129779 "-" "Java/1.6.0_04"
79.143.176.124 - - [06/Jul/2019:18:32:03 +0200] "GET /sonderthemen/index.html HTTP/1.1" 200 7102 "http://www.morusverlag.de/" "Mozilla/5.0 (Macintosh; Intel Mac OS X 10_14_4) AppleWebKit/537.36 (KHTML, like Gecko) Chrome/74.0.3729.169 Safari/537.36"
103.125.189.141 - - [06/Jul/2019:18:32:04 +0200] "GET /cds/hymnos_akathistos.html HTTP/1.1" 200 11061 "-" "Java/1.6.0_04"
79.143.176.124 - - [06/Jul/2019:18:32:04 +0200] "GET /cds/index.html HTTP/1.1" 200 7987 "http://www.morusverlag.de/" "Mozilla/5.0 (Macintosh; Intel Mac OS X 10_14_4) AppleWebKit/537.36 (KHTML, like Gecko) Chrome/74.0.3729.169 Safari/537.36"
103.125.189.141 - - [06/Jul/2019:18:32:04 +0200] "GET /cds/ignatius.html HTTP/1.1" 200 6576 "-" "Java/1.6.0_04"
103.125.189.141 - - [06/Jul/2019:18:32:04 +0200] "GET /cds/index.html HTTP/1.1" 200 7987 "-" "Java/1.6.0_04"
103.125.189.141 - - [06/Jul/2019:18:32:04 +0200] "GET /cds/rosarium.html HTTP/1.1" 200 6680 "-" "Java/1.6.0_04"
79.143.176.124 - - [06/Jul/2019:18:32:05 +0200] "GET /sonderthemen/archiv.html HTTP/1.1" 200 6959 "http://www.morusverlag.de/sonderthemen/index.html" "Mozilla/5.0 (Macintosh; Intel Mac OS X 10_14_4) AppleWebKit/537.36 (KHTML, like Gecko) Chrome/74.0.3729.169 Safari/537.36"
103.125.189.141 - - [06/Jul/2019:18:32:05 +0200] "GET /gotteslob/index.html HTTP/1.1" 200 2770 "-" "Java/1.6.0_04"
103.125.189.141 - - [06/Jul/2019:18:32:05 +0200] "GET /jahrbuch/index.html HTTP/1.1" 200 3956 "-" "Java/1.6.0_04"
103.125.189.141 - - [06/Jul/2019:18:32:05 +0200] "GET /kontakt/index.html HTTP/1.1" 200 2896 "-" "Java/1.6.0_04"
79.143.176.124 - - [06/Jul/2019:18:32:06 +0200] "GET /cds/glockenspiel1.html HTTP/1.1" 200 9736 "http://www.morusverlag.de/cds/index.html" "Mozilla/5.0 (Macintosh; Intel Mac OS X 10_14_4) AppleWebKit/537.36 (KHTML, like Gecko) Chrome/74.0.3729.169 Safari/537.36"
103.125.189.141 - - [06/Jul/2019:18:32:06 +0200] "GET /sonderthemen/index.html HTTP/1.1" 200 7102 "-" "Java/1.6.0_04"
79.143.176.124 - - [06/Jul/2019:18:32:06 +0200] "GET /cds/lumina.html HTTP/1.1" 200 9000 "http://www.morusverlag.de/cds/index.html" "Mozilla/5.0 (Macintosh; Intel Mac OS X 10_14_4) AppleWebKit/537.36 (KHTML, like Gecko) Chrome/74.0.3729.169 Safari/537.36"
103.125.189.141 - - [06/Jul/2019:18:32:06 +0200] "GET /buecher/bestellung.php HTTP/1.1" 200 10142 "-" "Java/1.6.0_04"
103.125.189.141 - - [06/Jul/2019:18:32:06 +0200] "GET /buecher/diskussion.html HTTP/1.1" 200 9925 "-" "Java/1.6.0_04"
79.143.176.124 - - [06/Jul/2019:18:32:06 +0200] "GET /cds/astazi.html HTTP/1.1" 200 8453 "http://www.morusverlag.de/cds/index.html" "Mozilla/5.0 (Macintosh; Intel Mac OS X 10_14_4) AppleWebKit/537.36 (KHTML, like Gecko) Chrome/74.0.3729.169 Safari/537.36"
103.125.189.141 - - [06/Jul/2019:18:32:07 +0200] "GET /buecher/rezensionen_engel.html HTTP/1.1" 200 6598 "-" "Java/1.6.0_04"
79.143.176.124 - - [06/Jul/2019:18:32:07 +0200] "GET /cds/glockenspiel2.html HTTP/1.1" 200 9831 "http://www.morusverlag.de/cds/index.html" "Mozilla/5.0 (Macintosh; Intel Mac OS X 10_14_4) AppleWebKit/537.36 (KHTML, like Gecko) Chrome/74.0.3729.169 Safari/537.36"
103.125.189.141 - - [06/Jul/2019:18:32:07 +0200] "GET /buecher/rezensionen_krise_zum_heil.html HTTP/1.1" 200 9828 "-" "Java/1.6.0_04"
79.143.176.124 - - [06/Jul/2019:18:32:07 +0200] "GET /sonderthemen/presse.html HTTP/1.1" 200 5772 "http://www.morusverlag.de/sonderthemen/index.html" "Mozilla/5.0 (Macintosh; Intel Mac OS X 10_14_4) AppleWebKit/537.36 (KHTML, like Gecko) Chrome/74.0.3729.169 Safari/537.36"
103.125.189.141 - - [06/Jul/2019:18:32:07 +0200] "GET /buecher/rezensionen_le_saulchoir.html HTTP/1.1" 200 34009 "-" "Java/1.6.0_04"
79.143.176.124 - - [06/Jul/2019:18:32:08 +0200] "GET /cds/hymnos_akathistos.html HTTP/1.1" 200 11061 "http://www.morusverlag.de/" "Mozilla/5.0 (Macintosh; Intel Mac OS X 10_14_4) AppleWebKit/537.36 (KHTML, like Gecko) Chrome/74.0.3729.169 Safari/537.36"
103.125.189.141 - - [06/Jul/2019:18:32:08 +0200] "GET /buecher/rezensionen_leiblichkeit_und_zeitlichkeit.html HTTP/1.1" 200 8821 "-" "Java/1.6.0_04"
79.143.176.124 - - [06/Jul/2019:18:32:08 +0200] "GET /buecher/index.html HTTP/1.1" 200 25885 "http://www.morusverlag.de/" "Mozilla/5.0 (Macintosh; Intel Mac OS X 10_14_4) AppleWebKit/537.36 (KHTML, like Gecko) Chrome/74.0.3729.169 Safari/537.36"
103.125.189.141 - - [06/Jul/2019:18:32:08 +0200] "GET /buecher/rezensionen_nicht_auf_sand_gebaut.html HTTP/1.1" 200 6594 "-" "Java/1.6.0_04"
103.125.189.141 - - [06/Jul/2019:18:32:09 +0200] "GET /buecher/rezensionen_preysing.html HTTP/1.1" 200 9502 "-" "Java/1.6.0_04"
103.125.189.141 - - [06/Jul/2019:18:32:09 +0200] "GET /buecher/rezensionen_psalmen.html HTTP/1.1" 200 6787 "-" "Java/1.6.0_04"
79.143.176.124 - - [06/Jul/2019:18:32:09 +0200] "GET /buecher/rezensionen_chateaubriand.html HTTP/1.1" 200 47317 "http://www.morusverlag.de/" "Mozilla/5.0 (Macintosh; Intel Mac OS X 10_14_4) AppleWebKit/537.36 (KHTML, like Gecko) Chrome/74.0.3729.169 Safari/537.36"
103.125.189.141 - - [06/Jul/2019:18:32:09 +0200] "GET /contentflow/contentflow.js HTTP/1.1" 200 42064 "-" "Java/1.6.0_04"
79.143.176.124 - - [06/Jul/2019:18:32:09 +0200] "GET /buecher/diskussion.html HTTP/1.1" 200 9925 "http://www.morusverlag.de/buecher/index.html" "Mozilla/5.0 (Macintosh; Intel Mac OS X 10_14_4) AppleWebKit/537.36 (KHTML, like Gecko) Chrome/74.0.3729.169 Safari/537.36"
103.125.189.141 - - [06/Jul/2019:18:32:10 +0200] "GET /buecher/rezensionen.html HTTP/1.1" 200 6964 "-" "Java/1.6.0_04"
79.143.176.124 - - [06/Jul/2019:18:32:10 +0200] "GET /buecher/bestellung.php HTTP/1.1" 200 10142 "http://www.morusverlag.de/buecher/index.html" "Mozilla/5.0 (Macintosh; Intel Mac OS X 10_14_4) AppleWebKit/537.36 (KHTML, like Gecko) Chrome/74.0.3729.169 Safari/537.36"
103.125.189.141 - - [06/Jul/2019:18:32:10 +0200] "GET /buecher/rezensionen_ignatius.html HTTP/1.1" 200 8182 "-" "Java/1.6.0_04"
103.125.189.141 - - [06/Jul/2019:18:32:10 +0200] "GET /cds/astazi.html HTTP/1.1" 200 8453 "-" "Java/1.6.0_04"
103.125.189.141 - - [06/Jul/2019:18:32:11 +0200] "GET /cds/glockenspiel1.html HTTP/1.1" 200 9736 "-" "Java/1.6.0_04"
103.125.189.141 - - [06/Jul/2019:18:32:11 +0200] "GET /cds/glockenspiel2.html HTTP/1.1" 200 9831 "-" "Java/1.6.0_04"
103.125.189.141 - - [06/Jul/2019:18:32:11 +0200] "GET /cds/lumina.html HTTP/1.1" 200 9000 "-" "Java/1.6.0_04"
103.125.189.141 - - [06/Jul/2019:18:32:12 +0200] "GET /jahrbuch/bestellung.php HTTP/1.1" 200 10316 "-" "Java/1.6.0_04"
103.125.189.141 - - [06/Jul/2019:18:32:12 +0200] "GET /sonderthemen/archiv.html HTTP/1.1" 200 6959 "-" "Java/1.6.0_04"
103.125.189.141 - - [06/Jul/2019:18:32:12 +0200] "GET /sonderthemen/presse.html HTTP/1.1" 200 5772 "-" "Java/1.6.0_04"
103.125.189.141 - - [06/Jul/2019:18:32:13 +0200] "GET /contentflow/\"+K.src+\" HTTP/1.1" 404 2381 "-" "Java/1.6.0_04"
144.76.162.206 - - [06/Jul/2019:19:12:00 +0200] "GET /sonderthemen/sk2001.pdf HTTP/1.1" 200 3098589 "-" "Mozilla/5.0 (Windows; U; Windows NT 6.1; en-US) AppleWebKit/533.19.4 (KHTML, like Gecko) Version/5.0.2 Safari/533.18.5"
178.255.215.84 - - [06/Jul/2019:19:43:54 +0200] "GET /robots.txt HTTP/1.1" 200 100 "-" "Mozilla/5.0 (compatible; Exabot/3.0; +http://www.exabot.com/go/robot)"
178.255.215.84 - - [06/Jul/2019:19:43:54 +0200] "GET / HTTP/1.1" 200 9360 "-" "Mozilla/5.0 (compatible; Exabot/3.0; +http://www.exabot.com/go/robot)"
157.55.39.67 - - [06/Jul/2019:19:46:29 +0200] "GET /buecher/rezensionen_chateaubriand.html HTTP/1.1" 200 47317 "-" "Mozilla/5.0 (compatible; bingbot/2.0; +http://www.bing.com/bingbot.htm)"
77.75.77.32 - - [06/Jul/2019:19:48:03 +0200] "GET /robots.txt HTTP/1.1" 200 100 "-" "Mozilla/5.0 (compatible; SeznamBot/3.2; +http://napoveda.seznam.cz/en/seznambot-intro/)"
77.75.77.32 - - [06/Jul/2019:19:48:04 +0200] "GET /buecher/gesichter/04.jpg HTTP/1.1" 200 7078 "-" "Mozilla/5.0 (compatible; SeznamBot/3.2; +http://napoveda.seznam.cz/en/seznambot-intro/)"
66.249.64.191 - - [06/Jul/2019:20:32:13 +0200] "GET /robots.txt HTTP/1.1" 200 100 "-" "Mozilla/5.0 (compatible; Googlebot/2.1; +http://www.google.com/bot.html)"
66.249.64.191 - - [06/Jul/2019:20:32:14 +0200] "GET /buecher/rezensionen_chateaubriand.html HTTP/1.1" 304 - "-" "Mozilla/5.0 (Linux; Android 6.0.1; Nexus 5X Build/MMB29P) AppleWebKit/537.36 (KHTML, like Gecko) Chrome/41.0.2272.96 Mobile Safari/537.36 (compatible; Googlebot/2.1; +http://www.google.com/bot.html)"
77.75.76.168 - - [06/Jul/2019:20:43:12 +0200] "GET /robots.txt HTTP/1.1" 200 100 "-" "Mozilla/5.0 (compatible; SeznamBot/3.2; +http://napoveda.seznam.cz/en/seznambot-intro/)"
77.75.76.168 - - [06/Jul/2019:20:43:13 +0200] "GET /buecher/gesichter/22.jpg HTTP/1.1" 200 8837 "-" "Mozilla/5.0 (compatible; SeznamBot/3.2; +http://napoveda.seznam.cz/en/seznambot-intro/)"
193.124.191.92 - - [06/Jul/2019:21:01:12 +0200] "HEAD / HTTP/1.1" 200 - "https://kabinet-mosenergosbyt.ru" "Mozilla/8.0 (compatible; MSIE7.00; Windows 2004)"
193.124.188.83 - - [06/Jul/2019:21:01:12 +0200] "HEAD / HTTP/1.1" 200 - "https://nedorogo.by/posadochnyj-material/" "Mozilla/5.0 (compatible; MSIE4.00; Windows 2006)"
194.67.210.77 - - [06/Jul/2019:21:01:13 +0200] "HEAD / HTTP/1.1" 200 - "https://mir-peska.com.ua/keramzit/" "Mozilla/6.0 (compatible; MSIE5.00; Windows 2002)"
