141.8.141.131 - - [12/Jan/2018:14:56:14 +0100] "GET /sonderthemen/oekz2003_s01.pdf HTTP/1.1" 200 66807 "-" "Mozilla/5.0 (compatible; YandexBot/3.0; +http://yandex.com/bots)"
141.8.141.131 - - [12/Jan/2018:15:10:04 +0100] "GET /sonderthemen/oekt_extra3.pdf HTTP/1.1" 200 2109745 "-" "Mozilla/5.0 (compatible; YandexBot/3.0; +http://yandex.com/bots)"
141.8.141.131 - - [12/Jan/2018:15:25:13 +0100] "GET /sonderthemen/oekt_extra2.pdf HTTP/1.1" 200 1939949 "-" "Mozilla/5.0 (compatible; YandexBot/3.0; +http://yandex.com/bots)"
88.73.7.114 - - [12/Jan/2018:15:30:45 +0100] "GET / HTTP/1.1" 200 9360 "-" "Mozilla/5.0 (Windows NT 10.0; Win64; x64; rv:57.0) Gecko/20100101 Firefox/57.0"
88.73.7.114 - - [12/Jan/2018:15:30:46 +0100] "GET /main.css HTTP/1.1" 200 1439 "http://www.morusverlag.de/" "Mozilla/5.0 (Windows NT 10.0; Win64; x64; rv:57.0) Gecko/20100101 Firefox/57.0"
88.73.7.114 - - [12/Jan/2018:15:30:46 +0100] "GET /logo_g.gif HTTP/1.1" 200 1301 "http://www.morusverlag.de/" "Mozilla/5.0 (Windows NT 10.0; Win64; x64; rv:57.0) Gecko/20100101 Firefox/57.0"
88.73.7.114 - - [12/Jan/2018:15:30:46 +0100] "GET /mv_g.gif HTTP/1.1" 200 4070 "http://www.morusverlag.de/" "Mozilla/5.0 (Windows NT 10.0; Win64; x64; rv:57.0) Gecko/20100101 Firefox/57.0"
88.73.7.114 - - [12/Jan/2018:15:30:46 +0100] "GET /mv_gr_w.gif HTTP/1.1" 200 2005 "http://www.morusverlag.de/" "Mozilla/5.0 (Windows NT 10.0; Win64; x64; rv:57.0) Gecko/20100101 Firefox/57.0"
88.73.7.114 - - [12/Jan/2018:15:30:46 +0100] "GET /jahrbuch_k.jpg HTTP/1.1" 200 3719 "http://www.morusverlag.de/" "Mozilla/5.0 (Windows NT 10.0; Win64; x64; rv:57.0) Gecko/20100101 Firefox/57.0"
88.73.7.114 - - [12/Jan/2018:15:30:46 +0100] "GET /pf.gif HTTP/1.1" 200 62 "http://www.morusverlag.de/" "Mozilla/5.0 (Windows NT 10.0; Win64; x64; rv:57.0) Gecko/20100101 Firefox/57.0"
88.73.7.114 - - [12/Jan/2018:15:30:46 +0100] "GET /buecher/gesichter.jpg HTTP/1.1" 200 7271 "http://www.morusverlag.de/" "Mozilla/5.0 (Windows NT 10.0; Win64; x64; rv:57.0) Gecko/20100101 Firefox/57.0"
88.73.7.114 - - [12/Jan/2018:15:30:46 +0100] "GET /cds/rosarium_k.jpg HTTP/1.1" 200 3972 "http://www.morusverlag.de/" "Mozilla/5.0 (Windows NT 10.0; Win64; x64; rv:57.0) Gecko/20100101 Firefox/57.0"
88.73.7.114 - - [12/Jan/2018:15:30:46 +0100] "GET /gotteslob.jpg HTTP/1.1" 200 9390 "http://www.morusverlag.de/" "Mozilla/5.0 (Windows NT 10.0; Win64; x64; rv:57.0) Gecko/20100101 Firefox/57.0"
88.73.7.114 - - [12/Jan/2018:15:30:46 +0100] "GET /buecher/engel.jpg HTTP/1.1" 200 5414 "http://www.morusverlag.de/" "Mozilla/5.0 (Windows NT 10.0; Win64; x64; rv:57.0) Gecko/20100101 Firefox/57.0"
88.73.7.114 - - [12/Jan/2018:15:30:46 +0100] "GET /buecher/chateaubriand.jpg HTTP/1.1" 200 2272 "http://www.morusverlag.de/" "Mozilla/5.0 (Windows NT 10.0; Win64; x64; rv:57.0) Gecko/20100101 Firefox/57.0"
88.73.7.114 - - [12/Jan/2018:15:30:46 +0100] "GET /cds/ignatius_k.jpg HTTP/1.1" 200 3965 "http://www.morusverlag.de/" "Mozilla/5.0 (Windows NT 10.0; Win64; x64; rv:57.0) Gecko/20100101 Firefox/57.0"
88.73.7.114 - - [12/Jan/2018:15:30:46 +0100] "GET /cds/hymnos_k.jpg HTTP/1.1" 200 4986 "http://www.morusverlag.de/" "Mozilla/5.0 (Windows NT 10.0; Win64; x64; rv:57.0) Gecko/20100101 Firefox/57.0"
88.73.7.114 - - [12/Jan/2018:15:30:46 +0100] "GET /cds/astazi_k.jpg HTTP/1.1" 200 6049 "http://www.morusverlag.de/" "Mozilla/5.0 (Windows NT 10.0; Win64; x64; rv:57.0) Gecko/20100101 Firefox/57.0"
88.73.7.114 - - [12/Jan/2018:15:30:46 +0100] "GET /buch_k.jpg HTTP/1.1" 200 4591 "http://www.morusverlag.de/" "Mozilla/5.0 (Windows NT 10.0; Win64; x64; rv:57.0) Gecko/20100101 Firefox/57.0"
88.73.7.114 - - [12/Jan/2018:15:30:46 +0100] "GET /strich.gif HTTP/1.1" 200 45 "http://www.morusverlag.de/" "Mozilla/5.0 (Windows NT 10.0; Win64; x64; rv:57.0) Gecko/20100101 Firefox/57.0"
88.73.7.114 - - [12/Jan/2018:15:30:46 +0100] "GET /favicon.ico HTTP/1.1" 200 4286 "-" "Mozilla/5.0 (Windows NT 10.0; Win64; x64; rv:57.0) Gecko/20100101 Firefox/57.0"
88.73.7.114 - - [12/Jan/2018:15:30:48 +0100] "GET /sonderthemen/index.html HTTP/1.1" 200 7102 "http://www.morusverlag.de/" "Mozilla/5.0 (Windows NT 10.0; Win64; x64; rv:57.0) Gecko/20100101 Firefox/57.0"
88.73.7.114 - - [12/Jan/2018:15:30:48 +0100] "GET /sonderthemen/az2003.jpg HTTP/1.1" 200 12396 "http://www.morusverlag.de/sonderthemen/index.html" "Mozilla/5.0 (Windows NT 10.0; Win64; x64; rv:57.0) Gecko/20100101 Firefox/57.0"
88.73.7.114 - - [12/Jan/2018:15:30:48 +0100] "GET /sonderthemen/sk2004_sz.jpg HTTP/1.1" 200 17884 "http://www.morusverlag.de/sonderthemen/index.html" "Mozilla/5.0 (Windows NT 10.0; Win64; x64; rv:57.0) Gecko/20100101 Firefox/57.0"
88.73.7.114 - - [12/Jan/2018:15:30:48 +0100] "GET /sonderthemen/oekt_extra.jpg HTTP/1.1" 200 12801 "http://www.morusverlag.de/sonderthemen/index.html" "Mozilla/5.0 (Windows NT 10.0; Win64; x64; rv:57.0) Gecko/20100101 Firefox/57.0"
88.73.7.114 - - [12/Jan/2018:15:30:48 +0100] "GET /sonderthemen/radioparadiso.gif HTTP/1.1" 200 934 "http://www.morusverlag.de/sonderthemen/index.html" "Mozilla/5.0 (Windows NT 10.0; Win64; x64; rv:57.0) Gecko/20100101 Firefox/57.0"
88.73.7.114 - - [12/Jan/2018:15:30:48 +0100] "GET /sonderthemen/wichern.jpg HTTP/1.1" 200 1994 "http://www.morusverlag.de/sonderthemen/index.html" "Mozilla/5.0 (Windows NT 10.0; Win64; x64; rv:57.0) Gecko/20100101 Firefox/57.0"
88.73.7.114 - - [12/Jan/2018:15:30:48 +0100] "GET /sonderthemen/mv.gif HTTP/1.1" 200 700 "http://www.morusverlag.de/sonderthemen/index.html" "Mozilla/5.0 (Windows NT 10.0; Win64; x64; rv:57.0) Gecko/20100101 Firefox/57.0"
88.73.7.114 - - [12/Jan/2018:15:30:48 +0100] "GET /sonderthemen/oekz2003.jpg HTTP/1.1" 200 14100 "http://www.morusverlag.de/sonderthemen/index.html" "Mozilla/5.0 (Windows NT 10.0; Win64; x64; rv:57.0) Gecko/20100101 Firefox/57.0"
88.73.7.114 - - [12/Jan/2018:15:30:48 +0100] "GET /sonderthemen/pro_zei.jpg HTTP/1.1" 200 16791 "http://www.morusverlag.de/sonderthemen/index.html" "Mozilla/5.0 (Windows NT 10.0; Win64; x64; rv:57.0) Gecko/20100101 Firefox/57.0"
157.55.39.6 - - [12/Jan/2018:15:36:25 +0100] "GET /robots.txt HTTP/1.1" 200 100 "-" "Mozilla/5.0 (compatible; bingbot/2.0; +http://www.bing.com/bingbot.htm)"
207.46.13.39 - - [12/Jan/2018:15:36:30 +0100] "GET / HTTP/1.1" 200 9360 "-" "Mozilla/5.0 (compatible; bingbot/2.0; +http://www.bing.com/bingbot.htm)"
77.220.213.173 - - [12/Jan/2018:15:38:14 +0100] "HEAD / HTTP/1.1" 200 - "https://www.bufetout.ru/catering/furshet/furshetnoe-menu-zakaz/" "Mozilla/5.0 (compatible; MSIE2.00; Windows 2004)"
185.209.20.147 - - [12/Jan/2018:15:38:14 +0100] "HEAD / HTTP/1.1" 200 - "http://parklift.ru/stati" "Mozilla/6.0 (compatible; MSIE6.00; Windows 2004)"
178.159.39.237 - - [12/Jan/2018:15:38:14 +0100] "HEAD / HTTP/1.1" 200 - "http://m.c-b-b.ru/detektorlzhi-poligraf-v-magadane.html" "Mozilla/4.0 (compatible; MSIE6.00; Windows 2004)"
178.159.43.212 - - [12/Jan/2018:15:38:16 +0100] "HEAD / HTTP/1.1" 200 - "https://idecobar.ru" "Mozilla/6.0 (compatible; MSIE5.00; Windows 2002)"
40.77.177.240 - - [12/Jan/2018:15:41:24 +0100] "GET /main.css HTTP/1.1" 200 1439 "http://www.morusverlag.de/cds/index.html" "Mozilla/5.0 (iPhone; CPU iPhone OS 7_0 like Mac OS X) AppleWebKit/537.51.1 (KHTML, like Gecko) Version/7.0 Mobile/11A465 Safari/9537.53 BingPreview/1.0b"
40.77.177.240 - - [12/Jan/2018:15:41:24 +0100] "GET /logo_g.gif HTTP/1.1" 200 1301 "http://www.morusverlag.de/cds/index.html" "Mozilla/5.0 (iPhone; CPU iPhone OS 7_0 like Mac OS X) AppleWebKit/537.51.1 (KHTML, like Gecko) Version/7.0 Mobile/11A465 Safari/9537.53 BingPreview/1.0b"
40.77.177.240 - - [12/Jan/2018:15:41:24 +0100] "GET /mv_g.gif HTTP/1.1" 200 4070 "http://www.morusverlag.de/cds/index.html" "Mozilla/5.0 (iPhone; CPU iPhone OS 7_0 like Mac OS X) AppleWebKit/537.51.1 (KHTML, like Gecko) Version/7.0 Mobile/11A465 Safari/9537.53 BingPreview/1.0b"
40.77.177.240 - - [12/Jan/2018:15:41:24 +0100] "GET /strich.gif HTTP/1.1" 200 45 "http://www.morusverlag.de/cds/index.html" "Mozilla/5.0 (iPhone; CPU iPhone OS 7_0 like Mac OS X) AppleWebKit/537.51.1 (KHTML, like Gecko) Version/7.0 Mobile/11A465 Safari/9537.53 BingPreview/1.0b"
141.8.141.131 - - [12/Jan/2018:15:41:57 +0100] "GET /sonderthemen/az2003.pdf HTTP/1.1" 200 4864675 "-" "Mozilla/5.0 (compatible; YandexBot/3.0; +http://yandex.com/bots)"
24.134.16.205 - - [12/Jan/2018:15:42:45 +0100] "GET / HTTP/1.1" 200 9360 "https://www.shop365.biz/" "Mozilla/5.0 (Windows NT 10.0; Win64; x64; rv:57.0) Gecko/20100101 Firefox/57.0"
185.154.13.6 - - [12/Jan/2018:15:45:39 +0100] "HEAD / HTTP/1.1" 200 - "http://dvk-stroi.ru/montazh-falcevoj-krovli/" "Mozilla/8.0 (compatible; MSIE6.00; Windows 2005)"
207.46.13.39 - - [12/Jan/2018:15:46:19 +0100] "GET /sonderthemen/az2003.pdf HTTP/1.1" 200 4864675 "-" "Mozilla/5.0 (iPhone; CPU iPhone OS 7_0 like Mac OS X) AppleWebKit/537.51.1 (KHTML, like Gecko) Version/7.0 Mobile/11A465 Safari/9537.53 (compatible; bingbot/2.0; +http://www.bing.com/bingbot.htm)"
195.133.145.199 - - [12/Jan/2018:15:54:22 +0100] "HEAD / HTTP/1.1" 200 - "http://sud-jurist.ru/category/zhilishhnye-spory/" "Mozilla/4.0 (compatible; MSIE5.00; Windows 2006)"
194.87.103.12 - - [12/Jan/2018:15:54:23 +0100] "HEAD / HTTP/1.1" 200 - "http://samara-comfort.ru/o-kompanii" "Mozilla/6.0 (compatible; MSIE6.00; Windows 2004)"
193.124.131.168 - - [12/Jan/2018:15:54:23 +0100] "HEAD / HTTP/1.1" 200 - "https://www.findguide.org" "Mozilla/7.0 (compatible; MSIE6.00; Windows 2004)"
195.133.201.163 - - [12/Jan/2018:15:54:23 +0100] "HEAD / HTTP/1.1" 200 - "http://dogovorpodryada.ru/obraztsy-dogovorov" "Mozilla/5.0 (compatible; MSIE2.00; Windows 2005)"
194.87.94.251 - - [12/Jan/2018:15:54:23 +0100] "HEAD / HTTP/1.1" 200 - "http://gidvtokio.ru/hotel.html" "Mozilla/3.0 (compatible; MSIE6.00; Windows 2005)"
194.87.236.223 - - [12/Jan/2018:15:54:24 +0100] "HEAD / HTTP/1.1" 200 - "http://arendadogovor.ru/category/kommentarij-k-stat-yam-gk-rf/" "Mozilla/8.0 (compatible; MSIE4.00; Windows 2007)"
195.133.147.6 - - [12/Jan/2018:15:54:24 +0100] "HEAD / HTTP/1.1" 200 - "http://balticamberteethingnecklaces.net/product/baltic-amber-baby-teething-necklace-lapis-lazuli-collection-32cm/" "Mozilla/2.0 (compatible; MSIE2.00; Windows 2006)"
141.8.141.131 - - [12/Jan/2018:15:55:57 +0100] "GET /robots.txt HTTP/1.1" 200 100 "-" "Mozilla/5.0 (compatible; YandexBot/3.0; +http://yandex.com/bots)"
141.8.141.131 - - [12/Jan/2018:15:56:01 +0100] "GET /sonderthemen/oekt_extra1.jpg HTTP/1.1" 200 12628 "-" "Mozilla/5.0 (compatible; YandexImages/3.0; +http://yandex.com/bots)"
5.9.112.6 - - [12/Jan/2018:16:07:36 +0100] "GET /sonderthemen/az2000.pdf HTTP/1.1" 200 2253581 "-" "Mozilla/5.0 (Macintosh; Intel Mac OS X 10_8_2) AppleWebKit/536.26.17 (KHTML, like Gecko) Version/6.0.2 Safari/536.26.17"
193.124.176.156 - - [12/Jan/2018:16:13:10 +0100] "HEAD / HTTP/1.1" 200 - "http://otzovikavto.ru/silverstone-f1-monaco-s-otzyivyi-obzor-tsena-harakteristiki/" "Mozilla/4.0 (compatible; MSIE3.00; Windows 2009)"
193.124.190.64 - - [12/Jan/2018:16:13:10 +0100] "HEAD / HTTP/1.1" 200 - "http://televisionmania.ru/kakoy-televizor-luchshe-vyibrat-mnenie-spetsialista/" "Mozilla/2.0 (compatible; MSIE2.00; Windows 2007)"
185.125.219.134 - - [12/Jan/2018:16:13:10 +0100] "HEAD / HTTP/1.1" 200 - "http://planshetomania.ru/kakoy-planshet-kupit-nedorogoy-i-horoshiy/" "Mozilla/5.0 (compatible; MSIE6.00; Windows 2008)"
185.5.249.185 - - [12/Jan/2018:16:13:10 +0100] "HEAD / HTTP/1.1" 200 - "https://shop.techno-maxi.com.ua/smazki" "Mozilla/8.0 (compatible; MSIE7.00; Windows 2006)"
194.67.210.77 - - [12/Jan/2018:16:13:11 +0100] "HEAD / HTTP/1.1" 200 - "http://noutboouk.ru/noutbuk-asus-vivobook-max-x541sa-otzyivyi-harakteristiki-tsena-obzor/" "Mozilla/4.0 (compatible; MSIE4.00; Windows 2003)"
193.124.179.180 - - [12/Jan/2018:16:13:12 +0100] "HEAD / HTTP/1.1" 200 - "http://remont-smartwatch.in.ua/zapchasti" "Mozilla/6.0 (compatible; MSIE7.00; Windows 2006)"
13.56.229.65 - - [12/Jan/2018:16:24:08 +0100] "GET / HTTP/1.1" 200 9360 "-" "Mozilla/5.0 (Macintosh; Intel Mac OS X 10_12_6) AppleWebKit/537.36 (KHTML, like Gecko) Chrome/61.0.3163.100 Safari/537.36"
141.8.141.131 - - [12/Jan/2018:16:24:59 +0100] "GET /buecher/rezensionen_chateaubriand.html HTTP/1.1" 200 47317 "-" "Mozilla/5.0 (compatible; YandexBot/3.0; +http://yandex.com/bots)"
77.75.77.54 - - [12/Jan/2018:17:00:09 +0100] "GET /robots.txt HTTP/1.1" 200 100 "-" "Mozilla/5.0 (compatible; SeznamBot/3.2; +http://napoveda.seznam.cz/en/seznambot-intro/)"
77.75.77.54 - - [12/Jan/2018:17:00:10 +0100] "GET /buecher/gesichter/14.jpg HTTP/1.1" 304 - "-" "Mozilla/5.0 (compatible; SeznamBot/3.2; +http://napoveda.seznam.cz/en/seznambot-intro/)"
77.75.77.54 - - [12/Jan/2018:17:00:10 +0100] "GET /buecher/gesichter/19.jpg HTTP/1.1" 304 - "-" "Mozilla/5.0 (compatible; SeznamBot/3.2; +http://napoveda.seznam.cz/en/seznambot-intro/)"
109.91.147.244 - - [12/Jan/2018:17:32:12 +0100] "GET /cds/hymnos_akathistos.html HTTP/1.1" 200 11061 "https://www.bing.com/" "Mozilla/5.0 (Linux; Android 5.1.1; KFFOWI Build/LVY48F) AppleWebKit/537.36 (KHTML, like Gecko) Silk/50.2.1 like Chrome/50.0.2661.89 Safari/537.36"
109.91.147.244 - - [12/Jan/2018:17:32:12 +0100] "GET /main.css HTTP/1.1" 200 1439 "http://www.morusverlag.de/cds/hymnos_akathistos.html" "Mozilla/5.0 (Linux; Android 5.1.1; KFFOWI Build/LVY48F) AppleWebKit/537.36 (KHTML, like Gecko) Silk/50.2.1 like Chrome/50.0.2661.89 Safari/537.36"
109.91.147.244 - - [12/Jan/2018:17:32:12 +0100] "GET /logo_g.gif HTTP/1.1" 200 1301 "http://www.morusverlag.de/cds/hymnos_akathistos.html" "Mozilla/5.0 (Linux; Android 5.1.1; KFFOWI Build/LVY48F) AppleWebKit/537.36 (KHTML, like Gecko) Silk/50.2.1 like Chrome/50.0.2661.89 Safari/537.36"
109.91.147.244 - - [12/Jan/2018:17:32:12 +0100] "GET /mv_g.gif HTTP/1.1" 200 4070 "http://www.morusverlag.de/cds/hymnos_akathistos.html" "Mozilla/5.0 (Linux; Android 5.1.1; KFFOWI Build/LVY48F) AppleWebKit/537.36 (KHTML, like Gecko) Silk/50.2.1 like Chrome/50.0.2661.89 Safari/537.36"
109.91.147.244 - - [12/Jan/2018:17:32:12 +0100] "GET /cds/hymnos.jpg HTTP/1.1" 200 27752 "http://www.morusverlag.de/cds/hymnos_akathistos.html" "Mozilla/5.0 (Linux; Android 5.1.1; KFFOWI Build/LVY48F) AppleWebKit/537.36 (KHTML, like Gecko) Silk/50.2.1 like Chrome/50.0.2661.89 Safari/537.36"
109.91.147.244 - - [12/Jan/2018:17:32:12 +0100] "GET /pf.gif HTTP/1.1" 200 62 "http://www.morusverlag.de/cds/hymnos_akathistos.html" "Mozilla/5.0 (Linux; Android 5.1.1; KFFOWI Build/LVY48F) AppleWebKit/537.36 (KHTML, like Gecko) Silk/50.2.1 like Chrome/50.0.2661.89 Safari/537.36"
109.91.147.244 - - [12/Jan/2018:17:32:12 +0100] "GET /cds/hymnos_heft.jpg HTTP/1.1" 200 8653 "http://www.morusverlag.de/cds/hymnos_akathistos.html" "Mozilla/5.0 (Linux; Android 5.1.1; KFFOWI Build/LVY48F) AppleWebKit/537.36 (KHTML, like Gecko) Silk/50.2.1 like Chrome/50.0.2661.89 Safari/537.36"
109.91.147.244 - - [12/Jan/2018:17:32:12 +0100] "GET /m.gif HTTP/1.1" 200 95 "http://www.morusverlag.de/cds/hymnos_akathistos.html" "Mozilla/5.0 (Linux; Android 5.1.1; KFFOWI Build/LVY48F) AppleWebKit/537.36 (KHTML, like Gecko) Silk/50.2.1 like Chrome/50.0.2661.89 Safari/537.36"
109.91.147.244 - - [12/Jan/2018:17:32:12 +0100] "GET /strich.gif HTTP/1.1" 200 45 "http://www.morusverlag.de/cds/hymnos_akathistos.html" "Mozilla/5.0 (Linux; Android 5.1.1; KFFOWI Build/LVY48F) AppleWebKit/537.36 (KHTML, like Gecko) Silk/50.2.1 like Chrome/50.0.2661.89 Safari/537.36"
109.91.147.244 - - [12/Jan/2018:17:32:13 +0100] "GET /favicon.ico HTTP/1.1" 200 4286 "http://www.morusverlag.de/cds/hymnos_akathistos.html" "Mozilla/5.0 (Linux; Android 5.1.1; KFFOWI Build/LVY48F) AppleWebKit/537.36 (KHTML, like Gecko) Silk/50.2.1 like Chrome/50.0.2661.89 Safari/537.36"
207.46.13.66 - - [12/Jan/2018:18:09:29 +0100] "GET /sonderthemen/az2000.pdf HTTP/1.1" 200 2253581 "-" "Mozilla/5.0 (iPhone; CPU iPhone OS 7_0 like Mac OS X) AppleWebKit/537.51.1 (KHTML, like Gecko) Version/7.0 Mobile/11A465 Safari/9537.53 (compatible; bingbot/2.0; +http://www.bing.com/bingbot.htm)"
188.103.23.55 - - [12/Jan/2018:19:02:15 +0100] "GET / HTTP/1.1" 200 9360 "-" "Mozilla/5.0 (Macintosh; Intel Mac OS X 10_10_3) AppleWebKit/537.36 (KHTML, like Gecko) Chrome/41.0.2272.89 Safari/537.36"
141.8.141.131 - - [12/Jan/2018:19:28:47 +0100] "GET /robots.txt HTTP/1.1" 200 100 "-" "Mozilla/5.0 (compatible; YandexBot/3.0; +http://yandex.com/bots)"
141.8.141.131 - - [12/Jan/2018:19:28:51 +0100] "GET /buecher/diskussion.html HTTP/1.1" 200 9925 "-" "Mozilla/5.0 (compatible; YandexBot/3.0; +http://yandex.com/bots)"
141.8.141.131 - - [12/Jan/2018:19:30:26 +0100] "GET /buecher/rezensionen_leiblichkeit_und_zeitlichkeit.html HTTP/1.1" 200 8821 "-" "Mozilla/5.0 (compatible; YandexBot/3.0; +http://yandex.com/bots)"
207.46.13.66 - - [12/Jan/2018:19:33:24 +0100] "GET /robots.txt HTTP/1.1" 200 100 "-" "Mozilla/5.0 (compatible; bingbot/2.0; +http://www.bing.com/bingbot.htm)"
207.46.13.75 - - [12/Jan/2018:19:34:49 +0100] "GET /cds/ignatius.html HTTP/1.1" 200 6576 "-" "Mozilla/5.0 (iPhone; CPU iPhone OS 7_0 like Mac OS X) AppleWebKit/537.51.1 (KHTML, like Gecko) Version/7.0 Mobile/11A465 Safari/9537.53 (compatible; bingbot/2.0; +http://www.bing.com/bingbot.htm)"
194.173.174.106 - - [12/Jan/2018:19:46:42 +0100] "HEAD / HTTP/1.1" 200 - "-" "Mozilla/5.0 (Windows NT 6.3; WOW64) AppleWebKit/537.36 (KHTML, like Gecko) Chrome/43.0.2357.134 Safari/537.36"
207.46.13.75 - - [12/Jan/2018:19:58:50 +0100] "GET /sonderthemen/oekt_extra1.pdf HTTP/1.1" 200 1849015 "-" "Mozilla/5.0 (iPhone; CPU iPhone OS 7_0 like Mac OS X) AppleWebKit/537.51.1 (KHTML, like Gecko) Version/7.0 Mobile/11A465 Safari/9537.53 (compatible; bingbot/2.0; +http://www.bing.com/bingbot.htm)"
93.160.60.32 - - [12/Jan/2018:20:05:20 +0100] "GET / HTTP/1.1" 200 9360 "-" "Mozilla/4.0 (compatible; MSIE 7.0; Windows NT 5.0) Match by Siteimprove.com"
91.44.238.128 - - [12/Jan/2018:20:07:41 +0100] "GET /cds/hymnos_akathistos.html HTTP/1.1" 200 11061 "-" "Mozilla/5.0 (Macintosh; Intel Mac OS X 10_13_2) AppleWebKit/604.4.7 (KHTML, like Gecko)"
91.44.238.128 - - [12/Jan/2018:20:07:41 +0100] "GET /apple-touch-icon-precomposed.png HTTP/1.1" 404 2381 "-" "Safari/13604.4.7.1.3 CFNetwork/893.13.1 Darwin/17.3.0 (x86_64)"
91.44.238.128 - - [12/Jan/2018:20:07:41 +0100] "GET /apple-touch-icon.png HTTP/1.1" 404 2381 "-" "Safari/13604.4.7.1.3 CFNetwork/893.13.1 Darwin/17.3.0 (x86_64)"
91.44.238.128 - - [12/Jan/2018:20:07:41 +0100] "GET /favicon.ico HTTP/1.1" 200 4286 "-" "Safari/13604.4.7.1.3 CFNetwork/893.13.1 Darwin/17.3.0 (x86_64)"
91.44.238.128 - - [12/Jan/2018:20:07:41 +0100] "GET /cds/hymnos_akathistos.html HTTP/1.1" 200 11061 "-" "\"Mozilla/5.0 (iPhone; CPU iPhone OS 11_0 like Mac OS X) AppleWebKit/604.1.38 (KHTML, like Gecko) Version/11.0 Mobile/15A372 Safari/604.1\""
91.44.238.128 - - [12/Jan/2018:20:07:42 +0100] "GET /apple-touch-icon-precomposed.png HTTP/1.1" 404 2381 "-" "Safari/13604.4.7.1.3 CFNetwork/893.13.1 Darwin/17.3.0 (x86_64)"
91.44.238.128 - - [12/Jan/2018:20:07:42 +0100] "GET /apple-touch-icon.png HTTP/1.1" 404 2381 "-" "Safari/13604.4.7.1.3 CFNetwork/893.13.1 Darwin/17.3.0 (x86_64)"
91.44.238.128 - - [12/Jan/2018:20:07:42 +0100] "GET /favicon.ico HTTP/1.1" 200 4286 "-" "Safari/13604.4.7.1.3 CFNetwork/893.13.1 Darwin/17.3.0 (x86_64)"
199.30.24.2 - - [12/Jan/2018:20:29:00 +0100] "GET /sonderthemen/az2003.pdf HTTP/1.1" 200 4864675 "-" "Mozilla/5.0 (iPhone; CPU iPhone OS 7_0 like Mac OS X) AppleWebKit/537.51.1 (KHTML, like Gecko) Version/7.0 Mobile/11A465 Safari/9537.53 BingPreview/1.0b"
207.46.13.75 - - [12/Jan/2018:20:29:01 +0100] "GET /sonderthemen/oekt_extra1.pdf HTTP/1.1" 200 1849015 "-" "Mozilla/5.0 (iPhone; CPU iPhone OS 7_0 like Mac OS X) AppleWebKit/537.51.1 (KHTML, like Gecko) Version/7.0 Mobile/11A465 Safari/9537.53 (compatible; bingbot/2.0; +http://www.bing.com/bingbot.htm)"
66.249.64.211 - - [12/Jan/2018:20:47:50 +0100] "GET /robots.txt HTTP/1.1" 200 100 "-" "Mozilla/5.0 (compatible; Googlebot/2.1; +http://www.google.com/bot.html)"
66.249.64.209 - - [12/Jan/2018:20:47:50 +0100] "GET /sonderthemen/az2003.pdf HTTP/1.1" 200 4864675 "-" "Mozilla/5.0 (compatible; Googlebot/2.1; +http://www.google.com/bot.html)"
207.46.13.118 - - [12/Jan/2018:21:19:13 +0100] "GET /kontakt/index.html HTTP/1.1" 200 2896 "-" "Mozilla/5.0 (iPhone; CPU iPhone OS 7_0 like Mac OS X) AppleWebKit/537.51.1 (KHTML, like Gecko) Version/7.0 Mobile/11A465 Safari/9537.53 (compatible; bingbot/2.0; +http://www.bing.com/bingbot.htm)"
82.208.160.181 - - [12/Jan/2018:21:25:15 +0100] "GET /impressum.html HTTP/1.1" 200 2808 "-" "Mozilla/5.0 (compatible& Googlebot/2.1& +http://www.google.com/bot.html)"
82.208.160.181 - - [12/Jan/2018:21:25:15 +0100] "GET /impressum.html HTTP/1.1" 200 2808 "-" "Mozilla/5.0 (Linux; U; Android 4.0.3; ko-kr; LG-L160L Build/IML74K) AppleWebkit/534.30 (KHTML, like Gecko) Version/4.0 Mobile Safari/534.30"
54.36.150.134 - - [12/Jan/2018:21:43:11 +0100] "GET /robots.txt HTTP/1.1" 200 100 "-" "Mozilla/5.0 (compatible; AhrefsBot/5.2; +http://ahrefs.com/robot/)"
216.244.66.198 - - [12/Jan/2018:22:21:25 +0100] "GET /robots.txt HTTP/1.1" 200 100 "-" "Mozilla/5.0 (compatible; DotBot/1.1; http://www.opensiteexplorer.org/dotbot, help@moz.com)"
216.244.66.198 - - [12/Jan/2018:22:23:08 +0100] "GET /sonderthemen/akademieprogramm/ HTTP/1.1" 404 2381 "-" "Mozilla/5.0 (compatible; DotBot/1.1; http://www.opensiteexplorer.org/dotbot, help@moz.com)"
66.249.65.156 - - [12/Jan/2018:22:45:10 +0100] "GET /jahrbuch/index.html HTTP/1.1" 200 3956 "-" "Mozilla/5.0 (compatible; Googlebot/2.1; +http://www.google.com/bot.html)"
194.187.170.127 - - [12/Jan/2018:23:01:25 +0100] "GET /robots.txt HTTP/1.0" 200 100 "-" "Mozilla/5.0 (compatible; Qwantify/2.4w; +https://www.qwant.com/)/2.4w"
194.187.170.127 - - [12/Jan/2018:23:01:25 +0100] "GET /sonderthemen/oekt_extra3.pdf HTTP/1.0" 200 2109745 "-" "Mozilla/5.0 (compatible; Qwantify/2.4w; +https://www.qwant.com/)/2.4w"
207.46.13.39 - - [12/Jan/2018:23:29:55 +0100] "GET /cds/simplay_control.swf HTTP/1.1" 200 1243 "-" "Mozilla/5.0 (iPhone; CPU iPhone OS 7_0 like Mac OS X) AppleWebKit/537.51.1 (KHTML, like Gecko) Version/7.0 Mobile/11A465 Safari/9537.53 (compatible; bingbot/2.0; +http://www.bing.com/bingbot.htm)"
207.46.13.39 - - [12/Jan/2018:23:29:55 +0100] "GET /cds/simplay_player.swf?audiofile=der_mensch.mp3 HTTP/1.1" 200 6377 "-" "Mozilla/5.0 (iPhone; CPU iPhone OS 7_0 like Mac OS X) AppleWebKit/537.51.1 (KHTML, like Gecko) Version/7.0 Mobile/11A465 Safari/9537.53 (compatible; bingbot/2.0; +http://www.bing.com/bingbot.htm)"
207.46.13.66 - - [12/Jan/2018:23:29:59 +0100] "GET /strich.gif HTTP/1.1" 200 45 "-" "Mozilla/5.0 (iPhone; CPU iPhone OS 7_0 like Mac OS X) AppleWebKit/537.51.1 (KHTML, like Gecko) Version/7.0 Mobile/11A465 Safari/9537.53 (compatible; bingbot/2.0; +http://www.bing.com/bingbot.htm)"
207.46.13.118 - - [12/Jan/2018:23:30:00 +0100] "GET /cds/ignatius.jpg HTTP/1.1" 200 18712 "-" "Mozilla/5.0 (iPhone; CPU iPhone OS 7_0 like Mac OS X) AppleWebKit/537.51.1 (KHTML, like Gecko) Version/7.0 Mobile/11A465 Safari/9537.53 (compatible; bingbot/2.0; +http://www.bing.com/bingbot.htm)"
207.46.13.66 - - [12/Jan/2018:23:33:52 +0100] "GET /sonderthemen/oeaz2001.pdf HTTP/1.1" 200 4496626 "-" "Mozilla/5.0 (compatible; bingbot/2.0; +http://www.bing.com/bingbot.htm)"
216.244.66.250 - - [13/Jan/2018:00:04:29 +0100] "GET /robots.txt HTTP/1.1" 200 100 "-" "Mozilla/5.0 (compatible; DotBot/1.1; http://www.opensiteexplorer.org/dotbot, help@moz.com)"
216.244.66.250 - - [13/Jan/2018:00:06:35 +0100] "GET /sonderthemen/index.html HTTP/1.1" 200 7102 "-" "Mozilla/5.0 (compatible; DotBot/1.1; http://www.opensiteexplorer.org/dotbot, help@moz.com)"
46.166.176.166 - - [13/Jan/2018:00:17:00 +0100] "POST /cgi-bin/php?%2D%64+%61%6C%6C%6F%77%5F%75%72%6C%5F%69%6E%63%6C%75%64%65%3D%6F%6E+%2D%64+%73%61%66%65%5F%6D%6F%64%65%3D%6F%66%66+%2D%64+%73%75%68%6F%73%69%6E%2E%73%69%6D%75%6C%61%74%69%6F%6E%3D%6F%6E+%2D%64+%64%69%73%61%62%6C%65%5F%66%75%6E%63%74%69%6F%6E%73%3D%22%22+%2D%64+%6F%70%65%6E%5F%62%61%73%65%64%69%72%3D%6E%6F%6E%65+%2D%64+%61%75%74%6F%5F%70%72%65%70%65%6E%64%5F%66%69%6C%65%3D%70%68%70%3A%2F%2F%69%6E%70%75%74+%2D%64+%63%67%69%2E%66%6F%72%63%65%5F%72%65%64%69%72%65%63%74%3D%30+%2D%64+%63%67%69%2E%72%65%64%69%72%65%63%74%5F%73%74%61%74%75%73%5F%65%6E%76%3D%30+%2D%6E HTTP/1.1" 404 2381 "-" "Mozilla/5.0 (Windows NT 10.0; Win64; x64) AppleWebKit/537.36 (KHTML, like Gecko) Chrome/56.0.2924.87 Safari/537.36"
207.46.13.118 - - [13/Jan/2018:00:17:29 +0100] "GET /gotteslob.jpg HTTP/1.1" 200 9390 "-" "Mozilla/5.0 (compatible; bingbot/2.0; +http://www.bing.com/bingbot.htm)"
65.55.210.76 - - [13/Jan/2018:00:18:21 +0100] "GET /main.css HTTP/1.1" 200 1439 "-" "Mozilla/5.0 (iPhone; CPU iPhone OS 7_0 like Mac OS X) AppleWebKit/537.51.1 (KHTML, like Gecko) Version/7.0 Mobile/11A465 Safari/9537.53 BingPreview/1.0b"
65.55.210.76 - - [13/Jan/2018:00:18:21 +0100] "GET /logo_g.gif HTTP/1.1" 200 1301 "-" "Mozilla/5.0 (iPhone; CPU iPhone OS 7_0 like Mac OS X) AppleWebKit/537.51.1 (KHTML, like Gecko) Version/7.0 Mobile/11A465 Safari/9537.53 BingPreview/1.0b"
65.55.210.76 - - [13/Jan/2018:00:18:22 +0100] "GET /mv_g.gif HTTP/1.1" 200 4070 "-" "Mozilla/5.0 (iPhone; CPU iPhone OS 7_0 like Mac OS X) AppleWebKit/537.51.1 (KHTML, like Gecko) Version/7.0 Mobile/11A465 Safari/9537.53 BingPreview/1.0b"
65.55.210.76 - - [13/Jan/2018:00:18:22 +0100] "GET /m.gif HTTP/1.1" 200 95 "-" "Mozilla/5.0 (iPhone; CPU iPhone OS 7_0 like Mac OS X) AppleWebKit/537.51.1 (KHTML, like Gecko) Version/7.0 Mobile/11A465 Safari/9537.53 BingPreview/1.0b"
65.55.210.76 - - [13/Jan/2018:00:18:23 +0100] "GET /pf.gif HTTP/1.1" 200 62 "-" "Mozilla/5.0 (iPhone; CPU iPhone OS 7_0 like Mac OS X) AppleWebKit/537.51.1 (KHTML, like Gecko) Version/7.0 Mobile/11A465 Safari/9537.53 BingPreview/1.0b"
65.55.210.76 - - [13/Jan/2018:00:18:35 +0100] "GET /cds/simplaydata/controlconfig.xml?nocache=1515798841706 HTTP/1.1" 200 121 "-" "Mozilla/5.0 (iPhone; CPU iPhone OS 7_0 like Mac OS X) AppleWebKit/537.51.1 (KHTML, like Gecko) Version/7.0 Mobile/11A465 Safari/9537.53 BingPreview/1.0b"
65.55.210.76 - - [13/Jan/2018:00:18:37 +0100] "GET /cds/simplaydata/playerconfig.xml?nocache=1515798843106 HTTP/1.1" 200 149 "-" "Mozilla/5.0 (iPhone; CPU iPhone OS 7_0 like Mac OS X) AppleWebKit/537.51.1 (KHTML, like Gecko) Version/7.0 Mobile/11A465 Safari/9537.53 BingPreview/1.0b"
65.55.210.76 - - [13/Jan/2018:00:18:38 +0100] "GET /cds/simplaydata/controlskins/default/skin.xml HTTP/1.1" 200 349 "-" "Mozilla/5.0 (iPhone; CPU iPhone OS 7_0 like Mac OS X) AppleWebKit/537.51.1 (KHTML, like Gecko) Version/7.0 Mobile/11A465 Safari/9537.53 BingPreview/1.0b"
65.55.210.76 - - [13/Jan/2018:00:18:39 +0100] "GET /cds/simplaydata/playerskins/default/skin.xml?nocache=1515798844922 HTTP/1.1" 200 649 "-" "Mozilla/5.0 (iPhone; CPU iPhone OS 7_0 like Mac OS X) AppleWebKit/537.51.1 (KHTML, like Gecko) Version/7.0 Mobile/11A465 Safari/9537.53 BingPreview/1.0b"
65.55.210.76 - - [13/Jan/2018:00:18:41 +0100] "GET /cds/simplaydata/controlskins/default/background.jpg HTTP/1.1" 200 772 "-" "Mozilla/5.0 (iPhone; CPU iPhone OS 7_0 like Mac OS X) AppleWebKit/537.51.1 (KHTML, like Gecko) Version/7.0 Mobile/11A465 Safari/9537.53 BingPreview/1.0b"
65.55.210.76 - - [13/Jan/2018:00:18:41 +0100] "GET /cds/simplaydata/controlskins/default/handle.jpg HTTP/1.1" 200 387 "-" "Mozilla/5.0 (iPhone; CPU iPhone OS 7_0 like Mac OS X) AppleWebKit/537.51.1 (KHTML, like Gecko) Version/7.0 Mobile/11A465 Safari/9537.53 BingPreview/1.0b"
65.55.210.76 - - [13/Jan/2018:00:18:43 +0100] "GET /cds/simplaydata/controlskins/default/on.jpg HTTP/1.1" 200 986 "-" "Mozilla/5.0 (iPhone; CPU iPhone OS 7_0 like Mac OS X) AppleWebKit/537.51.1 (KHTML, like Gecko) Version/7.0 Mobile/11A465 Safari/9537.53 BingPreview/1.0b"
65.55.210.76 - - [13/Jan/2018:00:18:43 +0100] "GET /cds/simplaydata/playerskins/default/background.jpg HTTP/1.1" 200 340 "-" "Mozilla/5.0 (iPhone; CPU iPhone OS 7_0 like Mac OS X) AppleWebKit/537.51.1 (KHTML, like Gecko) Version/7.0 Mobile/11A465 Safari/9537.53 BingPreview/1.0b"
65.55.210.76 - - [13/Jan/2018:00:18:44 +0100] "GET /cds/simplaydata/controlskins/default/off.jpg HTTP/1.1" 200 608 "-" "Mozilla/5.0 (iPhone; CPU iPhone OS 7_0 like Mac OS X) AppleWebKit/537.51.1 (KHTML, like Gecko) Version/7.0 Mobile/11A465 Safari/9537.53 BingPreview/1.0b"
65.55.210.76 - - [13/Jan/2018:00:18:45 +0100] "GET /cds/simplaydata/playerskins/default/play_up.jpg HTTP/1.1" 200 643 "-" "Mozilla/5.0 (iPhone; CPU iPhone OS 7_0 like Mac OS X) AppleWebKit/537.51.1 (KHTML, like Gecko) Version/7.0 Mobile/11A465 Safari/9537.53 BingPreview/1.0b"
65.55.210.76 - - [13/Jan/2018:00:18:45 +0100] "GET /cds/simplaydata/controlconfig.xml?nocache=1515798846056 HTTP/1.1" 200 121 "-" "Mozilla/5.0 (iPhone; CPU iPhone OS 7_0 like Mac OS X) AppleWebKit/537.51.1 (KHTML, like Gecko) Version/7.0 Mobile/11A465 Safari/9537.53 BingPreview/1.0b"
65.55.210.76 - - [13/Jan/2018:00:18:46 +0100] "GET /cds/simplaydata/playerskins/default/play_over.jpg HTTP/1.1" 200 986 "-" "Mozilla/5.0 (iPhone; CPU iPhone OS 7_0 like Mac OS X) AppleWebKit/537.51.1 (KHTML, like Gecko) Version/7.0 Mobile/11A465 Safari/9537.53 BingPreview/1.0b"
185.220.101.25 - - [13/Jan/2018:00:19:09 +0100] "POST /cgi-bin/php-cgi?%2D%64+%61%6C%6C%6F%77%5F%75%72%6C%5F%69%6E%63%6C%75%64%65%3D%6F%6E+%2D%64+%73%61%66%65%5F%6D%6F%64%65%3D%6F%66%66+%2D%64+%73%75%68%6F%73%69%6E%2E%73%69%6D%75%6C%61%74%69%6F%6E%3D%6F%6E+%2D%64+%64%69%73%61%62%6C%65%5F%66%75%6E%63%74%69%6F%6E%73%3D%22%22+%2D%64+%6F%70%65%6E%5F%62%61%73%65%64%69%72%3D%6E%6F%6E%65+%2D%64+%61%75%74%6F%5F%70%72%65%70%65%6E%64%5F%66%69%6C%65%3D%70%68%70%3A%2F%2F%69%6E%70%75%74+%2D%64+%63%67%69%2E%66%6F%72%63%65%5F%72%65%64%69%72%65%63%74%3D%30+%2D%64+%63%67%69%2E%72%65%64%69%72%65%63%74%5F%73%74%61%74%75%73%5F%65%6E%76%3D%30+%2D%6E HTTP/1.1" 404 2381 "-" "Mozilla/5.0 (Windows NT 10.0; Win64; x64) AppleWebKit/537.36 (KHTML, like Gecko) Chrome/56.0.2924.87 Safari/537.36"
91.219.239.114 - - [13/Jan/2018:00:20:02 +0100] "POST /cgi-bin/php.cgi?%2D%64+%61%6C%6C%6F%77%5F%75%72%6C%5F%69%6E%63%6C%75%64%65%3D%6F%6E+%2D%64+%73%61%66%65%5F%6D%6F%64%65%3D%6F%66%66+%2D%64+%73%75%68%6F%73%69%6E%2E%73%69%6D%75%6C%61%74%69%6F%6E%3D%6F%6E+%2D%64+%64%69%73%61%62%6C%65%5F%66%75%6E%63%74%69%6F%6E%73%3D%22%22+%2D%64+%6F%70%65%6E%5F%62%61%73%65%64%69%72%3D%6E%6F%6E%65+%2D%64+%61%75%74%6F%5F%70%72%65%70%65%6E%64%5F%66%69%6C%65%3D%70%68%70%3A%2F%2F%69%6E%70%75%74+%2D%64+%63%67%69%2E%66%6F%72%63%65%5F%72%65%64%69%72%65%63%74%3D%30+%2D%64+%63%67%69%2E%72%65%64%69%72%65%63%74%5F%73%74%61%74%75%73%5F%65%6E%76%3D%30+%2D%6E HTTP/1.1" 404 2381 "-" "Mozilla/5.0 (Windows NT 10.0; Win64; x64) AppleWebKit/537.36 (KHTML, like Gecko) Chrome/56.0.2924.87 Safari/537.36"
207.46.13.39 - - [13/Jan/2018:00:57:04 +0100] "GET /cds/rosarium.html HTTP/1.1" 200 6680 "-" "Mozilla/5.0 (iPhone; CPU iPhone OS 7_0 like Mac OS X) AppleWebKit/537.51.1 (KHTML, like Gecko) Version/7.0 Mobile/11A465 Safari/9537.53 (compatible; bingbot/2.0; +http://www.bing.com/bingbot.htm)"
216.244.66.198 - - [13/Jan/2018:01:08:03 +0100] "GET /robots.txt HTTP/1.1" 200 100 "-" "Mozilla/5.0 (compatible; DotBot/1.1; http://www.opensiteexplorer.org/dotbot, help@moz.com)"
216.244.66.198 - - [13/Jan/2018:01:10:07 +0100] "GET /buecher/rezensionen_psalmen.html HTTP/1.1" 200 6787 "-" "Mozilla/5.0 (compatible; DotBot/1.1; http://www.opensiteexplorer.org/dotbot, help@moz.com)"
40.77.177.29 - - [13/Jan/2018:01:13:10 +0100] "GET /sonderthemen/oeaz2001.pdf HTTP/1.1" 200 4496626 "-" "Mozilla/5.0 (Windows NT 6.1; WOW64) AppleWebKit/534+ (KHTML, like Gecko) BingPreview/1.0b"
131.253.27.59 - - [13/Jan/2018:01:44:07 +0100] "GET /kontakt/index.html HTTP/1.1" 200 2896 "-" "Mozilla/5.0 (iPhone; CPU iPhone OS 7_0 like Mac OS X) AppleWebKit/537.51.1 (KHTML, like Gecko) Version/7.0 Mobile/11A465 Safari/9537.53 BingPreview/1.0b"
131.253.27.65 - - [13/Jan/2018:01:44:13 +0100] "GET /main.css HTTP/1.1" 200 1439 "-" "Mozilla/5.0 (iPhone; CPU iPhone OS 7_0 like Mac OS X) AppleWebKit/537.51.1 (KHTML, like Gecko) Version/7.0 Mobile/11A465 Safari/9537.53 BingPreview/1.0b"
77.220.213.173 - - [13/Jan/2018:02:19:57 +0100] "HEAD / HTTP/1.1" 200 - "http://moltechno.ru/katalog-oborudovaniya/yomkostnoe-oborudovanie/emkosti-dlya-hraneniya-moloka-omg-goriz/" "Mozilla/8.0 (compatible; MSIE2.00; Windows 2003)"
185.209.20.147 - - [13/Jan/2018:02:19:57 +0100] "HEAD / HTTP/1.1" 200 - "https://kvakva.kz/about/" "Mozilla/6.0 (compatible; MSIE5.00; Windows 2002)"
185.154.13.6 - - [13/Jan/2018:02:19:57 +0100] "HEAD / HTTP/1.1" 200 - "http://kabinet-domru.ru/" "Mozilla/5.0 (compatible; MSIE5.00; Windows 2002)"
178.159.39.237 - - [13/Jan/2018:02:19:57 +0100] "HEAD / HTTP/1.1" 200 - "http://kabinet-uchi.ru/category/%d1%82%d1%83%d1%80%d1%8b/" "Mozilla/4.0 (compatible; MSIE7.00; Windows 2003)"
178.159.43.212 - - [13/Jan/2018:02:19:58 +0100] "HEAD / HTTP/1.1" 200 - "http://kabinet-mosenergosbyt.ru/category/%d1%81%d1%87%d0%b5%d1%87%d0%b8%d0%ba%d0%b8/" "Mozilla/7.0 (compatible; MSIE4.00; Windows 2004)"
194.87.236.223 - - [13/Jan/2018:02:33:58 +0100] "HEAD / HTTP/1.1" 200 - "http://sud-jurist.ru" "Mozilla/2.0 (compatible; MSIE7.00; Windows 2003)"
193.124.131.168 - - [13/Jan/2018:02:33:58 +0100] "HEAD / HTTP/1.1" 200 - "https://www.tripzaza.com/countries/e" "Mozilla/5.0 (compatible; MSIE6.00; Windows 2007)"
194.87.94.251 - - [13/Jan/2018:02:33:58 +0100] "HEAD / HTTP/1.1" 200 - "http://gidvtokio.ru/hotel.html" "Mozilla/6.0 (compatible; MSIE2.00; Windows 2006)"
194.87.103.12 - - [13/Jan/2018:02:33:58 +0100] "HEAD / HTTP/1.1" 200 - "http://dogovorpodryada.ru/kommentarii-k-gk-rf" "Mozilla/6.0 (compatible; MSIE3.00; Windows 2004)"
195.133.145.199 - - [13/Jan/2018:02:33:58 +0100] "HEAD / HTTP/1.1" 200 - "http://dommdom.com/alladv/dlya-sada/" "Mozilla/6.0 (compatible; MSIE6.00; Windows 2005)"
195.133.201.163 - - [13/Jan/2018:02:33:58 +0100] "HEAD / HTTP/1.1" 200 - "http://arendadogovor.ru/category/vidy-dogovorov-arendy/" "Mozilla/4.0 (compatible; MSIE4.00; Windows 2008)"
195.133.147.6 - - [13/Jan/2018:02:33:59 +0100] "HEAD / HTTP/1.1" 200 - "http://balticamberteethingnecklaces.net/product/baltic-amber-teething-bracelet-multi-mixed-collection-14cm/" "Mozilla/4.0 (compatible; MSIE3.00; Windows 2006)"
216.244.66.198 - - [13/Jan/2018:02:34:28 +0100] "GET /robots.txt HTTP/1.1" 200 100 "-" "Mozilla/5.0 (compatible; DotBot/1.1; http://www.opensiteexplorer.org/dotbot, help@moz.com)"
216.244.66.198 - - [13/Jan/2018:02:36:25 +0100] "GET /index.html HTTP/1.1" 200 9360 "-" "Mozilla/5.0 (compatible; DotBot/1.1; http://www.opensiteexplorer.org/dotbot, help@moz.com)"
185.5.249.185 - - [13/Jan/2018:02:47:57 +0100] "HEAD / HTTP/1.1" 200 - "http://kabinet-my-yota.ru/category/%d1%81%d0%b8%d0%bc-%d0%ba%d0%b0%d1%80%d1%82%d1%8b-%d0%b9%d0%be%d1%82%d0%b0/" "Mozilla/7.0 (compatible; MSIE6.00; Windows 2002)"
216.244.66.198 - - [13/Jan/2018:03:12:16 +0100] "GET /robots.txt HTTP/1.1" 200 100 "-" "Mozilla/5.0 (compatible; DotBot/1.1; http://www.opensiteexplorer.org/dotbot, help@moz.com)"
216.244.66.198 - - [13/Jan/2018:03:14:22 +0100] "GET /buecher/rezensionen_nicht_auf_sand_gebaut.html HTTP/1.1" 200 6594 "-" "Mozilla/5.0 (compatible; DotBot/1.1; http://www.opensiteexplorer.org/dotbot, help@moz.com)"
144.76.162.206 - - [13/Jan/2018:03:40:26 +0100] "GET /sonderthemen/sk2002.pdf HTTP/1.1" 200 2628923 "-" "Mozilla/5.0 (Windows NT 5.1; rv:12.0) Gecko/20120403211507 Firefox/12.0"
42.236.55.41 - - [13/Jan/2018:03:43:11 +0100] "GET / HTTP/1.1" 200 9360 "http://www.morusverlag.de/" "Mozilla/5.0 (Windows NT 6.1; WOW64) AppleWebKit/537.36 (KHTML, like Gecko) Chrome/50.0.2661.102 Safari/537.36; 360Spider"
54.91.48.104 - - [13/Jan/2018:03:44:23 +0100] "GET /robots.txt HTTP/1.0" 200 100 "-" "CCBot/2.0 (http://commoncrawl.org/faq/)"
54.91.48.104 - - [13/Jan/2018:03:44:23 +0100] "GET /cds/index.html HTTP/1.0" 200 7987 "-" "CCBot/2.0 (http://commoncrawl.org/faq/)"
193.1.218.163 - - [13/Jan/2018:03:58:27 +0100] "HEAD / HTTP/1.1" 200 - "-" "Java/1.6.0_23"
207.46.13.39 - - [13/Jan/2018:04:05:49 +0100] "GET /cds/rosarium.jpg HTTP/1.1" 200 21032 "-" "Mozilla/5.0 (iPhone; CPU iPhone OS 7_0 like Mac OS X) AppleWebKit/537.51.1 (KHTML, like Gecko) Version/7.0 Mobile/11A465 Safari/9537.53 (compatible; bingbot/2.0; +http://www.bing.com/bingbot.htm)"
207.46.13.66 - - [13/Jan/2018:04:05:51 +0100] "GET /cds/simplay_player.swf?audiofile=avemaria.mp3 HTTP/1.1" 200 6377 "-" "Mozilla/5.0 (iPhone; CPU iPhone OS 7_0 like Mac OS X) AppleWebKit/537.51.1 (KHTML, like Gecko) Version/7.0 Mobile/11A465 Safari/9537.53 (compatible; bingbot/2.0; +http://www.bing.com/bingbot.htm)"
207.46.13.39 - - [13/Jan/2018:04:22:51 +0100] "GET /sonderthemen/az1999.pdf HTTP/1.1" 200 1842982 "-" "Mozilla/5.0 (iPhone; CPU iPhone OS 7_0 like Mac OS X) AppleWebKit/537.51.1 (KHTML, like Gecko) Version/7.0 Mobile/11A465 Safari/9537.53 (compatible; bingbot/2.0; +http://www.bing.com/bingbot.htm)"
65.55.210.127 - - [13/Jan/2018:05:12:59 +0100] "GET /cds/rosarium.html HTTP/1.1" 200 6680 "-" "Mozilla/5.0 (iPhone; CPU iPhone OS 7_0 like Mac OS X) AppleWebKit/537.51.1 (KHTML, like Gecko) Version/7.0 Mobile/11A465 Safari/9537.53 BingPreview/1.0b"
199.30.24.53 - - [13/Jan/2018:05:13:02 +0100] "GET /cds/rosarium.jpg HTTP/1.1" 200 21032 "-" "Mozilla/5.0 (iPhone; CPU iPhone OS 7_0 like Mac OS X) AppleWebKit/537.51.1 (KHTML, like Gecko) Version/7.0 Mobile/11A465 Safari/9537.53 BingPreview/1.0b"
199.30.25.72 - - [13/Jan/2018:05:13:05 +0100] "GET /cds/simplay_player.swf?audiofile=avemaria.mp3 HTTP/1.1" 200 6377 "-" "Mozilla/5.0 (iPhone; CPU iPhone OS 7_0 like Mac OS X) AppleWebKit/537.51.1 (KHTML, like Gecko) Version/7.0 Mobile/11A465 Safari/9537.53 BingPreview/1.0b"
65.55.210.153 - - [13/Jan/2018:05:13:06 +0100] "GET /cds/simplaydata/controlconfig.xml?nocache=1515816512498 HTTP/1.1" 200 121 "-" "Mozilla/5.0 (iPhone; CPU iPhone OS 7_0 like Mac OS X) AppleWebKit/537.51.1 (KHTML, like Gecko) Version/7.0 Mobile/11A465 Safari/9537.53 BingPreview/1.0b"
65.55.210.153 - - [13/Jan/2018:05:13:08 +0100] "GET /cds/simplaydata/controlskins/default/handle.jpg HTTP/1.1" 200 387 "-" "Mozilla/5.0 (iPhone; CPU iPhone OS 7_0 like Mac OS X) AppleWebKit/537.51.1 (KHTML, like Gecko) Version/7.0 Mobile/11A465 Safari/9537.53 BingPreview/1.0b"
199.30.25.84 - - [13/Jan/2018:05:13:08 +0100] "GET /cds/simplaydata/controlskins/default/on.jpg HTTP/1.1" 200 986 "-" "Mozilla/5.0 (iPhone; CPU iPhone OS 7_0 like Mac OS X) AppleWebKit/537.51.1 (KHTML, like Gecko) Version/7.0 Mobile/11A465 Safari/9537.53 BingPreview/1.0b"
199.30.24.111 - - [13/Jan/2018:05:13:09 +0100] "GET /cds/simplaydata/controlskins/default/off.jpg HTTP/1.1" 200 608 "-" "Mozilla/5.0 (iPhone; CPU iPhone OS 7_0 like Mac OS X) AppleWebKit/537.51.1 (KHTML, like Gecko) Version/7.0 Mobile/11A465 Safari/9537.53 BingPreview/1.0b"
46.229.168.77 - - [13/Jan/2018:05:19:14 +0100] "GET /cds/rosarium.html HTTP/1.1" 200 6680 "-" "Mozilla/5.0 (compatible; SemrushBot/1.2~bl; +http://www.semrush.com/bot.html)"
46.229.168.65 - - [13/Jan/2018:05:19:21 +0100] "GET /buecher/rezensionen_leiblichkeit_und_zeitlichkeit.html HTTP/1.1" 200 8821 "-" "Mozilla/5.0 (compatible; SemrushBot/1.2~bl; +http://www.semrush.com/bot.html)"
46.229.168.65 - - [13/Jan/2018:05:19:36 +0100] "GET /buecher/rezensionen_leiblichkeit_und_zeitlichkeit.html HTTP/1.1" 200 8821 "-" "Mozilla/5.0 (compatible; SemrushBot/1.2~bl; +http://www.semrush.com/bot.html)"
46.229.168.70 - - [13/Jan/2018:05:19:47 +0100] "GET /buecher/rezensionen_preysing.html HTTP/1.1" 200 9502 "-" "Mozilla/5.0 (compatible; SemrushBot/1.2~bl; +http://www.semrush.com/bot.html)"
46.229.168.79 - - [13/Jan/2018:05:19:56 +0100] "GET / HTTP/1.1" 200 9360 "-" "Mozilla/5.0 (compatible; SemrushBot/1.2~bl; +http://www.semrush.com/bot.html)"
46.229.168.80 - - [13/Jan/2018:05:20:19 +0100] "GET /buecher/diskussion.html HTTP/1.1" 200 9925 "-" "Mozilla/5.0 (compatible; SemrushBot/1.2~bl; +http://www.semrush.com/bot.html)"
46.229.168.75 - - [13/Jan/2018:05:20:38 +0100] "GET /buecher/rezensionen_leiblichkeit_und_zeitlichkeit.html HTTP/1.1" 200 8821 "-" "Mozilla/5.0 (compatible; SemrushBot/1.2~bl; +http://www.semrush.com/bot.html)"
46.229.168.75 - - [13/Jan/2018:05:20:54 +0100] "GET /buecher/rezensionen_leiblichkeit_und_zeitlichkeit.html HTTP/1.1" 200 8821 "-" "Mozilla/5.0 (compatible; SemrushBot/1.2~bl; +http://www.semrush.com/bot.html)"
46.229.168.66 - - [13/Jan/2018:05:21:21 +0100] "GET /buecher/rezensionen_chateaubriand.html HTTP/1.1" 200 47317 "-" "Mozilla/5.0 (compatible; SemrushBot/1.2~bl; +http://www.semrush.com/bot.html)"
46.229.168.71 - - [13/Jan/2018:05:21:28 +0100] "GET /kontakt/index.html HTTP/1.1" 200 2896 "-" "Mozilla/5.0 (compatible; SemrushBot/1.2~bl; +http://www.semrush.com/bot.html)"
5.9.145.132 - - [13/Jan/2018:05:21:34 +0100] "GET /sonderthemen/oekt_extra3.pdf HTTP/1.1" 200 2109745 "-" "Mozilla/5.0 (Windows NT 6.1; rv:12.0) Gecko/ 20120405 Firefox/14.0.1"
46.229.168.66 - - [13/Jan/2018:05:21:35 +0100] "GET /buecher/rezensionen_chateaubriand.html HTTP/1.1" 200 47317 "-" "Mozilla/5.0 (compatible; SemrushBot/1.2~bl; +http://www.semrush.com/bot.html)"
46.229.168.65 - - [13/Jan/2018:05:21:43 +0100] "GET /buecher/rezensionen_ungeteilt.html HTTP/1.1" 200 9764 "-" "Mozilla/5.0 (compatible; SemrushBot/1.2~bl; +http://www.semrush.com/bot.html)"
46.229.168.71 - - [13/Jan/2018:05:21:44 +0100] "GET /kontakt/index.html HTTP/1.1" 200 2896 "-" "Mozilla/5.0 (compatible; SemrushBot/1.2~bl; +http://www.semrush.com/bot.html)"
46.229.168.65 - - [13/Jan/2018:05:21:53 +0100] "GET /buecher/rezensionen_ungeteilt.html HTTP/1.1" 200 9764 "-" "Mozilla/5.0 (compatible; SemrushBot/1.2~bl; +http://www.semrush.com/bot.html)"
46.229.168.66 - - [13/Jan/2018:05:22:00 +0100] "GET /buecher/rezensionen_chateaubriand.html HTTP/1.1" 200 47317 "-" "Mozilla/5.0 (compatible; SemrushBot/1.2~bl; +http://www.semrush.com/bot.html)"
46.229.168.73 - - [13/Jan/2018:05:22:03 +0100] "GET /search.php HTTP/1.1" 200 2027 "-" "Mozilla/5.0 (compatible; SemrushBot/1.2~bl; +http://www.semrush.com/bot.html)"
46.229.168.67 - - [13/Jan/2018:05:22:11 +0100] "GET /buecher/index.html HTTP/1.1" 200 25885 "-" "Mozilla/5.0 (compatible; SemrushBot/1.2~bl; +http://www.semrush.com/bot.html)"
46.229.168.67 - - [13/Jan/2018:05:22:31 +0100] "GET /buecher/index.html HTTP/1.1" 200 25885 "-" "Mozilla/5.0 (compatible; SemrushBot/1.2~bl; +http://www.semrush.com/bot.html)"
46.229.168.79 - - [13/Jan/2018:05:22:39 +0100] "GET /buecher/rezensionen_engel.html HTTP/1.1" 200 6598 "-" "Mozilla/5.0 (compatible; SemrushBot/1.2~bl; +http://www.semrush.com/bot.html)"
46.229.168.77 - - [13/Jan/2018:05:22:59 +0100] "GET /buecher/index.html HTTP/1.1" 200 25885 "-" "Mozilla/5.0 (compatible; SemrushBot/1.2~bl; +http://www.semrush.com/bot.html)"
46.229.168.66 - - [13/Jan/2018:05:23:14 +0100] "GET /cds/hymnos_akathistos.html HTTP/1.1" 200 11061 "-" "Mozilla/5.0 (compatible; SemrushBot/1.2~bl; +http://www.semrush.com/bot.html)"
46.229.168.77 - - [13/Jan/2018:05:23:23 +0100] "GET /buecher/index.html HTTP/1.1" 200 25885 "-" "Mozilla/5.0 (compatible; SemrushBot/1.2~bl; +http://www.semrush.com/bot.html)"
46.229.168.69 - - [13/Jan/2018:05:23:25 +0100] "GET /buecher/rezensionen.html HTTP/1.1" 200 6964 "-" "Mozilla/5.0 (compatible; SemrushBot/1.2~bl; +http://www.semrush.com/bot.html)"
46.229.168.77 - - [13/Jan/2018:05:23:51 +0100] "GET /buecher/index.html HTTP/1.1" 200 25885 "-" "Mozilla/5.0 (compatible; SemrushBot/1.2~bl; +http://www.semrush.com/bot.html)"
207.46.13.66 - - [13/Jan/2018:05:25:43 +0100] "GET /cds/astazi.html HTTP/1.1" 200 8453 "-" "Mozilla/5.0 (iPhone; CPU iPhone OS 7_0 like Mac OS X) AppleWebKit/537.51.1 (KHTML, like Gecko) Version/7.0 Mobile/11A465 Safari/9537.53 (compatible; bingbot/2.0; +http://www.bing.com/bingbot.htm)"
207.46.13.39 - - [13/Jan/2018:05:28:20 +0100] "GET / HTTP/1.1" 200 9360 "-" "Mozilla/5.0 (compatible; bingbot/2.0; +http://www.bing.com/bingbot.htm)"
81.209.177.189 - - [13/Jan/2018:05:48:54 +0100] "GET /robots.txt HTTP/1.1" 200 100 "-" "netEstate NE Crawler (+http://www.website-datenbank.de/)"
81.209.177.189 - - [13/Jan/2018:05:48:58 +0100] "GET / HTTP/1.1" 200 9360 "-" "netEstate NE Crawler (+http://www.website-datenbank.de/)"
81.209.177.189 - - [13/Jan/2018:05:49:10 +0100] "GET /gotteslob/index.html HTTP/1.1" 200 2770 "-" "netEstate NE Crawler (+http://www.website-datenbank.de/)"
81.209.177.189 - - [13/Jan/2018:05:49:23 +0100] "GET /impressum.html HTTP/1.1" 200 2808 "-" "netEstate NE Crawler (+http://www.website-datenbank.de/)"
81.209.177.189 - - [13/Jan/2018:05:49:36 +0100] "GET /buecher/rezensionen_chateaubriand.html HTTP/1.1" 200 47317 "-" "netEstate NE Crawler (+http://www.website-datenbank.de/)"
81.209.177.189 - - [13/Jan/2018:05:49:50 +0100] "GET /cds/index.html HTTP/1.1" 200 7987 "-" "netEstate NE Crawler (+http://www.website-datenbank.de/)"
81.209.177.189 - - [13/Jan/2018:05:50:02 +0100] "GET /buecher/rezensionen.html HTTP/1.1" 200 6964 "-" "netEstate NE Crawler (+http://www.website-datenbank.de/)"
81.209.177.189 - - [13/Jan/2018:05:50:14 +0100] "GET /buecher/index.html HTTP/1.1" 200 25885 "-" "netEstate NE Crawler (+http://www.website-datenbank.de/)"
81.209.177.136 - - [13/Jan/2018:05:50:23 +0100] "GET /buecher/diskussion.html HTTP/1.1" 200 9925 "-" "netEstate NE Crawler (+http://www.website-datenbank.de/)"
81.209.177.189 - - [13/Jan/2018:05:50:33 +0100] "GET /buecher/rezensionen_psalmen.html HTTP/1.1" 200 6787 "-" "netEstate NE Crawler (+http://www.website-datenbank.de/)"
81.209.177.189 - - [13/Jan/2018:05:50:45 +0100] "GET /buecher/rezensionen_le_saulchoir.html HTTP/1.1" 200 34009 "-" "netEstate NE Crawler (+http://www.website-datenbank.de/)"
81.209.177.189 - - [13/Jan/2018:05:50:58 +0100] "GET /cds/lumina.html HTTP/1.1" 200 9000 "-" "netEstate NE Crawler (+http://www.website-datenbank.de/)"
81.209.177.189 - - [13/Jan/2018:05:51:10 +0100] "GET /buecher/rezensionen_krise_zum_heil.html HTTP/1.1" 200 9828 "-" "netEstate NE Crawler (+http://www.website-datenbank.de/)"
81.209.177.136 - - [13/Jan/2018:05:51:18 +0100] "GET /cds/hymnos_akathistos.html HTTP/1.1" 200 11061 "-" "netEstate NE Crawler (+http://www.website-datenbank.de/)"
81.209.177.189 - - [13/Jan/2018:05:51:27 +0100] "GET /buecher/bestellung.php HTTP/1.1" 200 10142 "-" "netEstate NE Crawler (+http://www.website-datenbank.de/)"
81.209.177.136 - - [13/Jan/2018:05:51:42 +0100] "GET /buecher/veroeffentlichungsliste.html HTTP/1.1" 200 129779 "-" "netEstate NE Crawler (+http://www.website-datenbank.de/)"
81.209.177.189 - - [13/Jan/2018:05:51:52 +0100] "GET /buecher/rezensionen_leiblichkeit_und_zeitlichkeit.html HTTP/1.1" 200 8821 "-" "netEstate NE Crawler (+http://www.website-datenbank.de/)"
81.209.177.189 - - [13/Jan/2018:05:52:04 +0100] "GET /cds/glockenspiel2.html HTTP/1.1" 200 9831 "-" "netEstate NE Crawler (+http://www.website-datenbank.de/)"
81.209.177.189 - - [13/Jan/2018:05:52:18 +0100] "GET / HTTP/1.1" 200 9360 "-" "netEstate NE Crawler (+http://www.website-datenbank.de/)"
81.209.177.136 - - [13/Jan/2018:05:52:26 +0100] "GET /buecher/rezensionen_ungeteilt.html HTTP/1.1" 200 9764 "-" "netEstate NE Crawler (+http://www.website-datenbank.de/)"
81.209.177.189 - - [13/Jan/2018:05:52:36 +0100] "GET /cds/astazi.html HTTP/1.1" 200 8453 "-" "netEstate NE Crawler (+http://www.website-datenbank.de/)"
207.46.13.39 - - [13/Jan/2018:05:52:46 +0100] "GET /sonderthemen/archiv.html HTTP/1.1" 200 6959 "-" "Mozilla/5.0 (compatible; bingbot/2.0; +http://www.bing.com/bingbot.htm)"
81.209.177.189 - - [13/Jan/2018:05:52:48 +0100] "GET /cds/rosarium.html HTTP/1.1" 200 6680 "-" "netEstate NE Crawler (+http://www.website-datenbank.de/)"
81.209.177.189 - - [13/Jan/2018:05:53:02 +0100] "GET /buecher/rezensionen_nicht_auf_sand_gebaut.html HTTP/1.1" 200 6594 "-" "netEstate NE Crawler (+http://www.website-datenbank.de/)"
81.209.177.189 - - [13/Jan/2018:05:53:15 +0100] "GET /index.html HTTP/1.1" 200 9360 "-" "netEstate NE Crawler (+http://www.website-datenbank.de/)"
81.209.177.136 - - [13/Jan/2018:05:53:23 +0100] "GET /buecher/rezensionen_engel.html HTTP/1.1" 200 6598 "-" "netEstate NE Crawler (+http://www.website-datenbank.de/)"
81.209.177.189 - - [13/Jan/2018:05:53:33 +0100] "GET /sonderthemen/index.html HTTP/1.1" 200 7102 "-" "netEstate NE Crawler (+http://www.website-datenbank.de/)"
81.209.177.189 - - [13/Jan/2018:05:53:45 +0100] "GET /buecher/rezensionen_preysing.html HTTP/1.1" 200 9502 "-" "netEstate NE Crawler (+http://www.website-datenbank.de/)"
81.209.177.189 - - [13/Jan/2018:05:53:56 +0100] "GET /sonderthemen/presse.html HTTP/1.1" 200 5772 "-" "netEstate NE Crawler (+http://www.website-datenbank.de/)"
81.209.177.189 - - [13/Jan/2018:05:54:08 +0100] "GET /jahrbuch/index.html HTTP/1.1" 200 3956 "-" "netEstate NE Crawler (+http://www.website-datenbank.de/)"
81.209.177.189 - - [13/Jan/2018:05:54:20 +0100] "GET /kontakt/index.html HTTP/1.1" 200 2896 "-" "netEstate NE Crawler (+http://www.website-datenbank.de/)"
81.209.177.136 - - [13/Jan/2018:05:54:28 +0100] "GET /sonderthemen/archiv.html HTTP/1.1" 200 6959 "-" "netEstate NE Crawler (+http://www.website-datenbank.de/)"
81.209.177.189 - - [13/Jan/2018:05:54:38 +0100] "GET /jahrbuch/titelseiten/index.html HTTP/1.1" 200 6735 "-" "netEstate NE Crawler (+http://www.website-datenbank.de/)"
81.209.177.189 - - [13/Jan/2018:05:54:50 +0100] "GET /cds/glockenspiel1.html HTTP/1.1" 200 9736 "-" "netEstate NE Crawler (+http://www.website-datenbank.de/)"
81.209.177.189 - - [13/Jan/2018:05:55:02 +0100] "GET /jahrbuch/bestellung.php HTTP/1.1" 200 10316 "-" "netEstate NE Crawler (+http://www.website-datenbank.de/)"
81.209.177.189 - - [13/Jan/2018:05:55:42 +0100] "GET /cds/ignatius.html HTTP/1.1" 200 6576 "-" "netEstate NE Crawler (+http://www.website-datenbank.de/)"
81.209.177.189 - - [13/Jan/2018:05:55:54 +0100] "GET /buecher/rezensionen_ignatius.html HTTP/1.1" 200 8182 "-" "netEstate NE Crawler (+http://www.website-datenbank.de/)"
82.208.160.181 - - [13/Jan/2018:06:12:20 +0100] "GET /sonderthemen/archiv.html HTTP/1.1" 200 6959 "-" "Mozilla/5.0 (compatible& Googlebot/2.1& +http://www.google.com/bot.html)"
