193.124.131.168 - - [11/Jan/2018:23:31:27 +0100] "HEAD / HTTP/1.1" 200 - "http://m.c-b-b.ru/detektorlzhi-poligraf-v-kurske.html" "Mozilla/3.0 (compatible; MSIE5.00; Windows 2009)"
42.236.99.58 - - [11/Jan/2018:23:39:25 +0100] "GET / HTTP/1.1" 200 9360 "http://www.morusverlag.de/" "Mozilla/5.0 (Windows NT 6.1; WOW64) AppleWebKit/537.36 (KHTML, like Gecko) Chrome/50.0.2661.102 Safari/537.36; 360Spider"
216.244.66.198 - - [12/Jan/2018:00:14:06 +0100] "GET /robots.txt HTTP/1.1" 200 100 "-" "Mozilla/5.0 (compatible; DotBot/1.1; http://www.opensiteexplorer.org/dotbot, help@moz.com)"
216.244.66.198 - - [12/Jan/2018:00:16:13 +0100] "GET /buecher/rezensionen_psalmen.html HTTP/1.1" 200 6787 "-" "Mozilla/5.0 (compatible; DotBot/1.1; http://www.opensiteexplorer.org/dotbot, help@moz.com)"
207.46.13.66 - - [12/Jan/2018:00:16:43 +0100] "GET /sonderthemen/sk2002.pdf HTTP/1.1" 200 2628923 "-" "Mozilla/5.0 (iPhone; CPU iPhone OS 7_0 like Mac OS X) AppleWebKit/537.51.1 (KHTML, like Gecko) Version/7.0 Mobile/11A465 Safari/9537.53 (compatible; bingbot/2.0; +http://www.bing.com/bingbot.htm)"
207.46.13.66 - - [12/Jan/2018:00:32:58 +0100] "GET /index.html HTTP/1.1" 200 9360 "-" "Mozilla/5.0 (compatible; bingbot/2.0; +http://www.bing.com/bingbot.htm)"
144.76.168.111 - - [12/Jan/2018:00:50:20 +0100] "GET / HTTP/1.1" 200 9360 "-" "Mozilla/5.0 (Windows NT 6.0; rv:14.0) Gecko/20100101 Firefox/14.0.1"
144.76.168.111 - - [12/Jan/2018:00:50:41 +0100] "GET /cds/rosarium.html HTTP/1.1" 200 6680 "-" "Mozilla/5.0 (compatible; Windows; U; Windows NT 6.2; WOW64; en-US; rv:12.0) Gecko/20120403211507 Firefox/12.0"
144.76.168.111 - - [12/Jan/2018:00:50:41 +0100] "GET /jahrbuch/index.html HTTP/1.1" 200 3956 "-" "Mozilla/5.0 (X11; Ubuntu; Linux x86_64; rv:21.0) Gecko/20100101 Firefox/21.0"
144.76.168.111 - - [12/Jan/2018:00:50:41 +0100] "GET /cds/ignatius.html HTTP/1.1" 200 6576 "-" "Mozilla/5.0 (Windows NT 6.2; rv:21.0) Gecko/20130326 Firefox/21.0"
144.76.168.111 - - [12/Jan/2018:00:50:41 +0100] "GET /cds/hymnos_akathistos.html HTTP/1.1" 200 11061 "-" "Mozilla/5.0 (Windows NT 6.1; WOW64; rv:18.0) Gecko/20100101 Firefox/18.0"
144.76.168.111 - - [12/Jan/2018:00:50:41 +0100] "GET /buecher/index.html HTTP/1.1" 200 25885 "-" "Mozilla/5.0 (Windows NT 6.1; WOW64; rv:21.0) Gecko/20130330 Firefox/21.0"
144.76.168.111 - - [12/Jan/2018:00:50:41 +0100] "GET /buecher/rezensionen_chateaubriand.html HTTP/1.1" 200 47317 "-" "Mozilla/5.0 (Windows NT 6.2; rv:16.0) Gecko/20100101 Firefox/16.0"
144.76.168.111 - - [12/Jan/2018:00:50:41 +0100] "GET /gotteslob/index.html HTTP/1.1" 200 2770 "-" "Mozilla/5.0 (Macintosh; Intel Mac OS X 10_6_8) AppleWebKit/534.59.8 (KHTML, like Gecko) Version/5.1.9 Safari/534.59.8"
144.76.168.111 - - [12/Jan/2018:00:50:42 +0100] "GET /cds/index.html HTTP/1.1" 200 7987 "-" "Mozilla/5.0 (Windows NT 5.1; rv:21.0) Gecko/20130401 Firefox/21.0"
144.76.168.111 - - [12/Jan/2018:00:50:42 +0100] "GET /sonderthemen/index.html HTTP/1.1" 200 7102 "-" "Mozilla/5.0 (Windows NT 5.1) AppleWebKit/537.36 (KHTML, like Gecko) Chrome/27.0.1453.93 Safari/537.36"
144.76.168.111 - - [12/Jan/2018:00:50:44 +0100] "GET /buecher/veroeffentlichungsliste.html HTTP/1.1" 200 129779 "-" "Mozilla/5.0 (Macintosh; Intel Mac OS X 10_8) AppleWebKit/536.25 (KHTML, like Gecko) Version/6.0 Safari/536.25"
144.76.168.111 - - [12/Jan/2018:00:50:44 +0100] "GET /impressum.html HTTP/1.1" 200 2808 "-" "Mozilla/5.0 (Windows NT 6.2; WOW64) AppleWebKit/537.31 (KHTML, like Gecko) Chrome/26.0.1410.58 Safari/537.31"
144.76.168.111 - - [12/Jan/2018:00:50:44 +0100] "GET /kontakt/index.html HTTP/1.1" 200 2896 "-" "Mozilla/5.0 (Windows NT 6.1; WOW64) AppleWebKit/537.36 (KHTML, like Gecko) Chrome/43.0.2357.134 Safari/537.36"
144.76.168.111 - - [12/Jan/2018:00:50:50 +0100] "GET /index.html HTTP/1.1" 200 9360 "-" "Mozilla/5.0 (Windows NT 5.1; rv:11.0) Gecko Firefox/11.0"
144.76.168.111 - - [12/Jan/2018:00:50:50 +0100] "GET /buecher/bestellung.php HTTP/1.1" 200 10142 "-" "Mozilla/5.0 (Windows NT 6.1; WOW64; rv:11.0) Gecko Firefox/11.0"
144.76.168.111 - - [12/Jan/2018:00:50:51 +0100] "GET /buecher/rezensionen_psalmen.html HTTP/1.1" 200 6787 "-" "Mozilla/5.0 (compatible; MSIE 10.0; Windows NT 6.1; Trident/5.0)"
144.76.168.111 - - [12/Jan/2018:00:50:51 +0100] "GET /buecher/rezensionen_engel.html HTTP/1.1" 200 6598 "-" "Mozilla/5.0 (Macintosh; U; Intel Mac OS X 10_5_8; zh-cn) AppleWebKit/533.18.1 (KHTML, like Gecko) Version/5.0.2 Safari/533.18.5"
144.76.168.111 - - [12/Jan/2018:00:50:51 +0100] "GET /buecher/diskussion.html HTTP/1.1" 200 9925 "-" "Mozilla/5.0 (Windows NT 6.2; WOW64) AppleWebKit/537.31 (KHTML, like Gecko) Chrome/26.0.1410.58 Safari/537.31"
144.76.168.111 - - [12/Jan/2018:00:50:51 +0100] "GET /sonderthemen/presse.html HTTP/1.1" 200 5772 "-" "Mozilla/5.0 (Windows NT 6.0; WOW64) AppleWebKit/534.24 (KHTML, like Gecko) Chrome/11.0.696.34 Safari/534.24"
144.76.168.111 - - [12/Jan/2018:00:50:51 +0100] "GET /buecher/rezensionen_le_saulchoir.html HTTP/1.1" 200 34009 "-" "Mozilla/5.0 (X11; Ubuntu; Linux x86_64; rv:14.0) Gecko/20100101 Firefox/14.0.1"
144.76.168.111 - - [12/Jan/2018:00:50:52 +0100] "GET /buecher/rezensionen_krise_zum_heil.html HTTP/1.1" 200 9828 "-" "Mozilla/5.0 (Windows NT 6.1; WOW64; rv:21.0) Gecko/20130331 Firefox/21.0"
144.76.168.111 - - [12/Jan/2018:00:50:52 +0100] "GET /buecher/rezensionen_nicht_auf_sand_gebaut.html HTTP/1.1" 200 6594 "-" "Mozilla/5.0 (Windows NT 5.1; rv:11.0) Gecko Firefox/11.0"
144.76.168.111 - - [12/Jan/2018:00:50:52 +0100] "GET /buecher/rezensionen_leiblichkeit_und_zeitlichkeit.html HTTP/1.1" 200 8821 "-" "Mozilla/5.0 (Windows NT 6.1; WOW64) AppleWebKit/537.11 (KHTML, like Gecko) Chrome/23.0.1271.97 Safari/537.11"
144.76.168.111 - - [12/Jan/2018:00:50:53 +0100] "GET /buecher/rezensionen_preysing.html HTTP/1.1" 200 9502 "-" "Mozilla/5.0 (Windows NT 6.1; WOW64) AppleWebKit/537.36 (KHTML, like Gecko) Chrome/27.0.1453.93 Safari/537.36"
144.76.168.111 - - [12/Jan/2018:00:51:25 +0100] "GET /kontakt/ HTTP/1.1" 200 2896 "-" "Mozilla/5.0 (Windows NT 6.1) AppleWebKit/537.22 (KHTML, like Gecko) Chrome/25.0.1364.169 Safari/537.22"
144.76.168.111 - - [12/Jan/2018:00:51:39 +0100] "GET /sonderthemen/presse.html HTTP/1.1" 200 5772 "-" "Mozilla/5.0 (Windows NT 5.0; rv:21.0) Gecko/20100101 Firefox/21.0"
207.46.13.75 - - [12/Jan/2018:00:54:46 +0100] "GET /sonderthemen/sk2000.pdf HTTP/1.1" 200 2925489 "-" "Mozilla/5.0 (iPhone; CPU iPhone OS 7_0 like Mac OS X) AppleWebKit/537.51.1 (KHTML, like Gecko) Version/7.0 Mobile/11A465 Safari/9537.53 (compatible; bingbot/2.0; +http://www.bing.com/bingbot.htm)"
207.46.13.66 - - [12/Jan/2018:00:58:44 +0100] "GET /sonderthemen/sk2004.pdf HTTP/1.1" 200 1967215 "-" "Mozilla/5.0 (iPhone; CPU iPhone OS 7_0 like Mac OS X) AppleWebKit/537.51.1 (KHTML, like Gecko) Version/7.0 Mobile/11A465 Safari/9537.53 (compatible; bingbot/2.0; +http://www.bing.com/bingbot.htm)"
207.46.13.39 - - [12/Jan/2018:00:58:55 +0100] "GET /sonderthemen/sk2001.pdf HTTP/1.1" 200 3098589 "-" "Mozilla/5.0 (iPhone; CPU iPhone OS 7_0 like Mac OS X) AppleWebKit/537.51.1 (KHTML, like Gecko) Version/7.0 Mobile/11A465 Safari/9537.53 (compatible; bingbot/2.0; +http://www.bing.com/bingbot.htm)"
77.75.79.11 - - [12/Jan/2018:01:07:43 +0100] "GET /robots.txt HTTP/1.1" 200 100 "-" "Mozilla/5.0 (compatible; SeznamBot/3.2; +http://napoveda.seznam.cz/en/seznambot-intro/)"
77.75.79.11 - - [12/Jan/2018:01:07:44 +0100] "GET /buecher/gesichter/08.jpg HTTP/1.1" 304 - "-" "Mozilla/5.0 (compatible; SeznamBot/3.2; +http://napoveda.seznam.cz/en/seznambot-intro/)"
77.75.79.11 - - [12/Jan/2018:01:07:44 +0100] "GET /buecher/index.html HTTP/1.1" 304 - "-" "Mozilla/5.0 (compatible; SeznamBot/3.2; +http://napoveda.seznam.cz/en/seznambot-intro/)"
216.244.66.250 - - [12/Jan/2018:01:10:02 +0100] "GET /robots.txt HTTP/1.1" 200 100 "-" "Mozilla/5.0 (compatible; DotBot/1.1; http://www.opensiteexplorer.org/dotbot, help@moz.com)"
207.46.13.39 - - [12/Jan/2018:01:10:10 +0100] "GET / HTTP/1.1" 200 9360 "-" "Mozilla/5.0 (compatible; bingbot/2.0; +http://www.bing.com/bingbot.htm)"
216.244.66.250 - - [12/Jan/2018:01:12:20 +0100] "GET /impressum.html HTTP/1.1" 200 2808 "-" "Mozilla/5.0 (compatible; DotBot/1.1; http://www.opensiteexplorer.org/dotbot, help@moz.com)"
216.244.66.198 - - [12/Jan/2018:01:39:41 +0100] "GET /robots.txt HTTP/1.1" 200 100 "-" "Mozilla/5.0 (compatible; DotBot/1.1; http://www.opensiteexplorer.org/dotbot, help@moz.com)"
216.244.66.198 - - [12/Jan/2018:01:41:38 +0100] "GET /index.html HTTP/1.1" 200 9360 "-" "Mozilla/5.0 (compatible; DotBot/1.1; http://www.opensiteexplorer.org/dotbot, help@moz.com)"
207.46.13.66 - - [12/Jan/2018:01:45:02 +0100] "GET /sonderthemen/oeaz2001.pdf HTTP/1.1" 200 4496626 "-" "Mozilla/5.0 (iPhone; CPU iPhone OS 7_0 like Mac OS X) AppleWebKit/537.51.1 (KHTML, like Gecko) Version/7.0 Mobile/11A465 Safari/9537.53 (compatible; bingbot/2.0; +http://www.bing.com/bingbot.htm)"
77.75.77.62 - - [12/Jan/2018:01:48:45 +0100] "GET /robots.txt HTTP/1.1" 200 100 "-" "Mozilla/5.0 (compatible; SeznamBot/3.2; +http://napoveda.seznam.cz/en/seznambot-intro/)"
77.75.77.62 - - [12/Jan/2018:01:48:46 +0100] "GET /buecher/gesichter/07.jpg HTTP/1.1" 304 - "-" "Mozilla/5.0 (compatible; SeznamBot/3.2; +http://napoveda.seznam.cz/en/seznambot-intro/)"
69.64.40.177 - - [12/Jan/2018:02:20:30 +0100] "GET /buecher/gesichter/10.jpg HTTP/1.1" 200 7686 "-" "Googlebot-Image/1.0"
40.77.177.172 - - [12/Jan/2018:02:46:39 +0100] "GET /sonderthemen/oeaz2001.pdf HTTP/1.1" 200 4496626 "-" "Mozilla/5.0 (iPhone; CPU iPhone OS 7_0 like Mac OS X) AppleWebKit/537.51.1 (KHTML, like Gecko) Version/7.0 Mobile/11A465 Safari/9537.53 BingPreview/1.0b"
207.46.13.75 - - [12/Jan/2018:02:57:15 +0100] "GET /impressum.html HTTP/1.1" 200 2808 "-" "Mozilla/5.0 (iPhone; CPU iPhone OS 7_0 like Mac OS X) AppleWebKit/537.51.1 (KHTML, like Gecko) Version/7.0 Mobile/11A465 Safari/9537.53 (compatible; bingbot/2.0; +http://www.bing.com/bingbot.htm)"
136.243.59.237 - - [12/Jan/2018:02:59:47 +0100] "GET /cds/rosarium.html HTTP/1.1" 200 6680 "-" "DomainStatsBot/1.0 (http://domainstats.io/our-bot)"
207.46.13.39 - - [12/Jan/2018:03:11:08 +0100] "GET /sonderthemen/oeaz2002.pdf HTTP/1.1" 200 3161455 "-" "Mozilla/5.0 (iPhone; CPU iPhone OS 7_0 like Mac OS X) AppleWebKit/537.51.1 (KHTML, like Gecko) Version/7.0 Mobile/11A465 Safari/9537.53 (compatible; bingbot/2.0; +http://www.bing.com/bingbot.htm)"
207.46.13.39 - - [12/Jan/2018:03:16:04 +0100] "GET /search.php HTTP/1.1" 200 2027 "-" "Mozilla/5.0 (iPhone; CPU iPhone OS 7_0 like Mac OS X) AppleWebKit/537.51.1 (KHTML, like Gecko) Version/7.0 Mobile/11A465 Safari/9537.53 (compatible; bingbot/2.0; +http://www.bing.com/bingbot.htm)"
5.9.106.81 - - [12/Jan/2018:03:22:55 +0100] "GET /buecher/ HTTP/1.1" 200 25885 "-" "Mozilla/5.0 (Windows NT 5.1; rv:21.0) Gecko/20130401 Firefox/21.0"
77.75.77.101 - - [12/Jan/2018:03:38:05 +0100] "GET /robots.txt HTTP/1.1" 200 100 "-" "Mozilla/5.0 (compatible; SeznamBot/3.2; +http://napoveda.seznam.cz/en/seznambot-intro/)"
77.75.77.101 - - [12/Jan/2018:03:38:06 +0100] "GET /buecher/gesichter/16.jpg HTTP/1.1" 304 - "-" "Mozilla/5.0 (compatible; SeznamBot/3.2; +http://napoveda.seznam.cz/en/seznambot-intro/)"
193.1.218.163 - - [12/Jan/2018:03:59:29 +0100] "HEAD / HTTP/1.1" 200 - "-" "Java/1.6.0_23"
77.220.213.173 - - [12/Jan/2018:04:14:35 +0100] "HEAD / HTTP/1.1" 200 - "https://www.bufetout.ru/catering/zavtrak/" "Mozilla/4.0 (compatible; MSIE2.00; Windows 2009)"
185.209.20.147 - - [12/Jan/2018:04:14:35 +0100] "HEAD / HTTP/1.1" 200 - "https://kvakva.kz/product-category/timberland/" "Mozilla/7.0 (compatible; MSIE2.00; Windows 2003)"
178.159.43.212 - - [12/Jan/2018:04:14:35 +0100] "HEAD / HTTP/1.1" 200 - "http://best-accs.org/" "Mozilla/8.0 (compatible; MSIE7.00; Windows 2003)"
178.159.39.237 - - [12/Jan/2018:04:14:35 +0100] "HEAD / HTTP/1.1" 200 - "http://parklift.ru/konsultatsii" "Mozilla/7.0 (compatible; MSIE5.00; Windows 2008)"
216.244.66.198 - - [12/Jan/2018:04:23:09 +0100] "GET /robots.txt HTTP/1.1" 200 100 "-" "Mozilla/5.0 (compatible; DotBot/1.1; http://www.opensiteexplorer.org/dotbot, help@moz.com)"
216.244.66.198 - - [12/Jan/2018:04:25:16 +0100] "GET /buecher/rezensionen_nicht_auf_sand_gebaut.html HTTP/1.1" 200 6594 "-" "Mozilla/5.0 (compatible; DotBot/1.1; http://www.opensiteexplorer.org/dotbot, help@moz.com)"
195.133.201.163 - - [12/Jan/2018:04:26:56 +0100] "HEAD / HTTP/1.1" 200 - "http://moltechno.ru/katalog-oborudovaniya/yomkostnoe-oborudovanie/emkosti-dlya-hraneniya-moloka-omg-goriz/" "Mozilla/8.0 (compatible; MSIE2.00; Windows 2008)"
195.133.145.199 - - [12/Jan/2018:04:26:57 +0100] "HEAD / HTTP/1.1" 200 - "http://arendadogovor.ru/category/kommentarij-k-stat-yam-gk-rf/" "Mozilla/4.0 (compatible; MSIE5.00; Windows 2008)"
194.87.103.12 - - [12/Jan/2018:04:26:57 +0100] "HEAD / HTTP/1.1" 200 - "http://samara-comfort.ru/o-kompanii" "Mozilla/4.0 (compatible; MSIE5.00; Windows 2002)"
193.124.131.168 - - [12/Jan/2018:04:26:57 +0100] "HEAD / HTTP/1.1" 200 - "https://www.tripzaza.com/countries/e" "Mozilla/7.0 (compatible; MSIE7.00; Windows 2008)"
194.87.236.223 - - [12/Jan/2018:04:26:57 +0100] "HEAD / HTTP/1.1" 200 - "http://dogovorpodryada.ru/vidy-podryada" "Mozilla/3.0 (compatible; MSIE3.00; Windows 2009)"
194.87.94.251 - - [12/Jan/2018:04:26:57 +0100] "HEAD / HTTP/1.1" 200 - "http://dommdom.com/alladv/arenda-nedvizhimosti/" "Mozilla/3.0 (compatible; MSIE2.00; Windows 2003)"
195.133.147.6 - - [12/Jan/2018:04:26:58 +0100] "HEAD / HTTP/1.1" 200 - "http://sud-jurist.ru/category/zhilishhnye-spory/" "Mozilla/7.0 (compatible; MSIE5.00; Windows 2002)"
185.154.13.6 - - [12/Jan/2018:04:27:41 +0100] "HEAD / HTTP/1.1" 200 - "http://get-shop.net/" "Mozilla/4.0 (compatible; MSIE7.00; Windows 2006)"
141.8.141.131 - - [12/Jan/2018:04:30:11 +0100] "GET /robots.txt HTTP/1.1" 200 100 "-" "Mozilla/5.0 (compatible; YandexBot/3.0; +http://yandex.com/bots)"
141.8.141.131 - - [12/Jan/2018:04:30:15 +0100] "GET /sonderthemen/oekt_extra1.pdf HTTP/1.1" 200 1849015 "-" "Mozilla/5.0 (compatible; YandexBot/3.0; +http://yandex.com/bots)"
207.46.13.39 - - [12/Jan/2018:04:33:44 +0100] "GET /sonderthemen/sk2001.pdf HTTP/1.1" 200 3098589 "-" "Mozilla/5.0 (iPhone; CPU iPhone OS 7_0 like Mac OS X) AppleWebKit/537.51.1 (KHTML, like Gecko) Version/7.0 Mobile/11A465 Safari/9537.53 (compatible; bingbot/2.0; +http://www.bing.com/bingbot.htm)"
193.124.176.156 - - [12/Jan/2018:04:43:26 +0100] "HEAD / HTTP/1.1" 200 - "https://dinki.ru/brands/VERITAS/" "Mozilla/6.0 (compatible; MSIE5.00; Windows 2002)"
185.5.249.185 - - [12/Jan/2018:04:43:27 +0100] "HEAD / HTTP/1.1" 200 - "https://idecobar.ru/blog" "Mozilla/5.0 (compatible; MSIE6.00; Windows 2003)"
194.67.210.77 - - [12/Jan/2018:04:43:27 +0100] "HEAD / HTTP/1.1" 200 - "https://shop.techno-maxi.com.ua/podshipniki-vyzhimnye" "Mozilla/5.0 (compatible; MSIE4.00; Windows 2009)"
5.9.145.132 - - [12/Jan/2018:05:04:08 +0100] "GET /sonderthemen/az2000.pdf HTTP/1.1" 200 2253581 "-" "Mozilla/5.0 (Windows NT 6.1; rv:6.0) Gecko/20100101 Firefox/19.0"
144.76.162.206 - - [12/Jan/2018:05:04:16 +0100] "GET /sonderthemen/az2000.pdf HTTP/1.1" 200 2253581 "-" "Mozilla/5.0 (Macintosh; Intel Mac OS X 10_6_8) AppleWebKit/535.19 (KHTML, like Gecko) Chrome/18.0.1025.166 Safari/535.19"
78.46.156.169 - - [12/Jan/2018:05:04:31 +0100] "GET /sonderthemen/az2000.pdf HTTP/1.1" 200 2253581 "-" "Mozilla/5.0 (Windows NT 6.1; rv:12.0) Gecko/20120403211507 Firefox/14.0.1"
199.30.24.62 - - [12/Jan/2018:05:26:36 +0100] "GET /sonderthemen/sk2001.pdf HTTP/1.1" 200 3098589 "-" "Mozilla/5.0 (iPhone; CPU iPhone OS 7_0 like Mac OS X) AppleWebKit/537.51.1 (KHTML, like Gecko) Version/7.0 Mobile/11A465 Safari/9537.53 BingPreview/1.0b"
136.243.59.237 - - [12/Jan/2018:05:33:16 +0100] "GET /buecher/veroeffentlichungsliste.html HTTP/1.1" 200 129779 "-" "DomainStatsBot/1.0 (http://domainstats.io/our-bot)"
136.243.89.157 - - [12/Jan/2018:05:51:07 +0100] "GET /robots.txt HTTP/1.0" 200 100 "-" "Mozilla/5.0 (compatible; SEOkicks-Robot; +http://www.seokicks.de/robot.html)"
136.243.89.157 - - [12/Jan/2018:05:51:08 +0100] "GET / HTTP/1.0" 200 9360 "-" "Mozilla/5.0 (compatible; SEOkicks-Robot; +http://www.seokicks.de/robot.html)"
136.243.89.157 - - [12/Jan/2018:05:51:09 +0100] "GET /main.css HTTP/1.0" 200 1439 "http://www.morusverlag.de/" "Mozilla/5.0 (compatible; SEOkicks-Robot; +http://www.seokicks.de/robot.html)"
136.243.89.157 - - [12/Jan/2018:05:51:10 +0100] "GET /buecher/index.html HTTP/1.0" 200 25885 "http://www.morusverlag.de/" "Mozilla/5.0 (compatible; SEOkicks-Robot; +http://www.seokicks.de/robot.html)"
136.243.89.157 - - [12/Jan/2018:05:51:12 +0100] "GET /contentflow/contentflow.js HTTP/1.0" 200 42064 "http://www.morusverlag.de/buecher/index.html" "Mozilla/5.0 (compatible; SEOkicks-Robot; +http://www.seokicks.de/robot.html)"
136.243.89.157 - - [12/Jan/2018:05:51:13 +0100] "GET /cds/index.html HTTP/1.0" 200 7987 "http://www.morusverlag.de/" "Mozilla/5.0 (compatible; SEOkicks-Robot; +http://www.seokicks.de/robot.html)"
136.243.89.157 - - [12/Jan/2018:05:51:14 +0100] "GET /gotteslob/index.html HTTP/1.0" 200 2770 "http://www.morusverlag.de/" "Mozilla/5.0 (compatible; SEOkicks-Robot; +http://www.seokicks.de/robot.html)"
136.243.89.157 - - [12/Jan/2018:05:51:15 +0100] "GET /jahrbuch/index.html HTTP/1.0" 200 3956 "http://www.morusverlag.de/" "Mozilla/5.0 (compatible; SEOkicks-Robot; +http://www.seokicks.de/robot.html)"
136.243.89.157 - - [12/Jan/2018:05:51:16 +0100] "GET /sonderthemen/index.html HTTP/1.0" 200 7102 "http://www.morusverlag.de/" "Mozilla/5.0 (compatible; SEOkicks-Robot; +http://www.seokicks.de/robot.html)"
207.46.13.39 - - [12/Jan/2018:05:59:01 +0100] "GET /sonderthemen/az1999.pdf HTTP/1.1" 200 1842982 "-" "Mozilla/5.0 (compatible; bingbot/2.0; +http://www.bing.com/bingbot.htm)"
62.80.104.2 - - [12/Jan/2018:06:04:44 +0100] "GET /cds/hymnos_akathistos.html HTTP/1.1" 200 11061 "https://www.google.de/" "Mozilla/5.0 (Windows NT 6.1; Win64; x64; rv:57.0) Gecko/20100101 Firefox/57.0"
62.80.104.2 - - [12/Jan/2018:06:04:44 +0100] "GET /main.css HTTP/1.1" 200 1439 "http://www.morusverlag.de/cds/hymnos_akathistos.html" "Mozilla/5.0 (Windows NT 6.1; Win64; x64; rv:57.0) Gecko/20100101 Firefox/57.0"
62.80.104.2 - - [12/Jan/2018:06:04:45 +0100] "GET /m.gif HTTP/1.1" 200 95 "http://www.morusverlag.de/cds/hymnos_akathistos.html" "Mozilla/5.0 (Windows NT 6.1; Win64; x64; rv:57.0) Gecko/20100101 Firefox/57.0"
62.80.104.2 - - [12/Jan/2018:06:04:45 +0100] "GET /cds/simplay_player.swf?audiofile=hymnos2.mp3 HTTP/1.1" 200 6377 "http://www.morusverlag.de/cds/hymnos_akathistos.html" "Mozilla/5.0 (Windows NT 6.1; Win64; x64; rv:57.0) Gecko/20100101 Firefox/57.0"
62.80.104.2 - - [12/Jan/2018:06:04:45 +0100] "GET /logo_g.gif HTTP/1.1" 200 1301 "http://www.morusverlag.de/cds/hymnos_akathistos.html" "Mozilla/5.0 (Windows NT 6.1; Win64; x64; rv:57.0) Gecko/20100101 Firefox/57.0"
62.80.104.2 - - [12/Jan/2018:06:04:45 +0100] "GET /cds/simplay_player.swf?audiofile=hymnos1.mp3 HTTP/1.1" 200 6377 "http://www.morusverlag.de/cds/hymnos_akathistos.html" "Mozilla/5.0 (Windows NT 6.1; Win64; x64; rv:57.0) Gecko/20100101 Firefox/57.0"
62.80.104.2 - - [12/Jan/2018:06:04:45 +0100] "GET /cds/simplay_control.swf HTTP/1.1" 200 1243 "http://www.morusverlag.de/cds/hymnos_akathistos.html" "Mozilla/5.0 (Windows NT 6.1; Win64; x64; rv:57.0) Gecko/20100101 Firefox/57.0"
62.80.104.2 - - [12/Jan/2018:06:04:45 +0100] "GET /mv_g.gif HTTP/1.1" 200 4070 "http://www.morusverlag.de/cds/hymnos_akathistos.html" "Mozilla/5.0 (Windows NT 6.1; Win64; x64; rv:57.0) Gecko/20100101 Firefox/57.0"
62.80.104.2 - - [12/Jan/2018:06:04:45 +0100] "GET /pf.gif HTTP/1.1" 200 62 "http://www.morusverlag.de/cds/hymnos_akathistos.html" "Mozilla/5.0 (Windows NT 6.1; Win64; x64; rv:57.0) Gecko/20100101 Firefox/57.0"
62.80.104.2 - - [12/Jan/2018:06:04:45 +0100] "GET /cds/hymnos_heft.jpg HTTP/1.1" 200 8653 "http://www.morusverlag.de/cds/hymnos_akathistos.html" "Mozilla/5.0 (Windows NT 6.1; Win64; x64; rv:57.0) Gecko/20100101 Firefox/57.0"
62.80.104.2 - - [12/Jan/2018:06:04:45 +0100] "GET /strich.gif HTTP/1.1" 200 45 "http://www.morusverlag.de/cds/hymnos_akathistos.html" "Mozilla/5.0 (Windows NT 6.1; Win64; x64; rv:57.0) Gecko/20100101 Firefox/57.0"
62.80.104.2 - - [12/Jan/2018:06:04:45 +0100] "GET /cds/hymnos.jpg HTTP/1.1" 200 27752 "http://www.morusverlag.de/cds/hymnos_akathistos.html" "Mozilla/5.0 (Windows NT 6.1; Win64; x64; rv:57.0) Gecko/20100101 Firefox/57.0"
62.80.104.2 - - [12/Jan/2018:06:04:45 +0100] "GET /favicon.ico HTTP/1.1" 200 4286 "-" "Mozilla/5.0 (Windows NT 6.1; Win64; x64; rv:57.0) Gecko/20100101 Firefox/57.0"
207.244.157.139 - - [12/Jan/2018:06:16:25 +0100] "GET /wp-content/themes/headway-165/style.css HTTP/1.1" 404 2381 "http://www.morusverlag.de/wp-content/themes/headway-165/style.css" "Mozilla/5.0 (Windows NT 6.1; WOW64) AppleWebKit/537.36 (KHTML, like Gecko) Chrome/42.0.2311.152 Safari/537.36"
207.46.13.39 - - [12/Jan/2018:06:53:16 +0100] "GET /buecher/le_saulchoir.jpg HTTP/1.1" 200 2734 "-" "Mozilla/5.0 (compatible; bingbot/2.0; +http://www.bing.com/bingbot.htm)"
207.46.13.75 - - [12/Jan/2018:06:57:57 +0100] "GET /main.css HTTP/1.1" 200 1439 "-" "Mozilla/5.0 (iPhone; CPU iPhone OS 7_0 like Mac OS X) AppleWebKit/537.51.1 (KHTML, like Gecko) Version/7.0 Mobile/11A465 Safari/9537.53 (compatible; bingbot/2.0; +http://www.bing.com/bingbot.htm)"
207.46.13.66 - - [12/Jan/2018:06:57:58 +0100] "GET /mv_g.gif HTTP/1.1" 200 4070 "-" "Mozilla/5.0 (iPhone; CPU iPhone OS 7_0 like Mac OS X) AppleWebKit/537.51.1 (KHTML, like Gecko) Version/7.0 Mobile/11A465 Safari/9537.53 (compatible; bingbot/2.0; +http://www.bing.com/bingbot.htm)"
207.46.13.118 - - [12/Jan/2018:06:58:01 +0100] "GET /logo_g.gif HTTP/1.1" 200 1301 "-" "Mozilla/5.0 (iPhone; CPU iPhone OS 7_0 like Mac OS X) AppleWebKit/537.51.1 (KHTML, like Gecko) Version/7.0 Mobile/11A465 Safari/9537.53 (compatible; bingbot/2.0; +http://www.bing.com/bingbot.htm)"
65.55.210.91 - - [12/Jan/2018:07:23:17 +0100] "GET /strich.gif HTTP/1.1" 200 45 "-" "Mozilla/5.0 (iPhone; CPU iPhone OS 7_0 like Mac OS X) AppleWebKit/537.51.1 (KHTML, like Gecko) Version/7.0 Mobile/11A465 Safari/9537.53 BingPreview/1.0b"
66.249.64.213 - - [12/Jan/2018:07:27:36 +0100] "GET /jahrbuch/index.html HTTP/1.1" 200 3956 "-" "Mozilla/5.0 (Linux; Android 6.0.1; Nexus 5X Build/MMB29P) AppleWebKit/537.36 (KHTML, like Gecko) Chrome/41.0.2272.96 Mobile Safari/537.36 (compatible; Googlebot/2.1; +http://www.google.com/bot.html)"
207.46.13.39 - - [12/Jan/2018:07:36:41 +0100] "GET /buecher/engel.jpg HTTP/1.1" 200 5414 "-" "Mozilla/5.0 (compatible; bingbot/2.0; +http://www.bing.com/bingbot.htm)"
136.243.59.237 - - [12/Jan/2018:07:36:43 +0100] "GET /impressum.html HTTP/1.1" 200 2808 "-" "DomainStatsBot/1.0 (http://domainstats.io/our-bot)"
162.210.196.100 - - [12/Jan/2018:07:39:03 +0100] "GET /robots.txt HTTP/1.1" 200 100 "-" "Mozilla/5.0 (compatible; MJ12bot/v1.4.8; http://mj12bot.com/)"
162.210.196.100 - - [12/Jan/2018:07:39:04 +0100] "GET / HTTP/1.1" 200 9360 "-" "Mozilla/5.0 (compatible; MJ12bot/v1.4.8; http://mj12bot.com/)"
68.180.229.103 - - [12/Jan/2018:07:48:59 +0100] "GET /robots.txt HTTP/1.1" 200 100 "-" "Mozilla/5.0 (compatible; Yahoo! Slurp; http://help.yahoo.com/help/us/ysearch/slurp)"
68.180.229.103 - - [12/Jan/2018:07:48:59 +0100] "GET /buecher/bestellung.php HTTP/1.1" 200 10142 "-" "Mozilla/5.0 (compatible; Yahoo! Slurp; http://help.yahoo.com/help/us/ysearch/slurp)"
185.125.219.134 - - [12/Jan/2018:08:09:35 +0100] "HEAD / HTTP/1.1" 200 - "https://www.samara-airport.com/stranyi/samara.html" "Mozilla/4.0 (compatible; MSIE7.00; Windows 2003)"
193.124.179.180 - - [12/Jan/2018:08:09:36 +0100] "HEAD / HTTP/1.1" 200 - "https://kruiz-sochi.ru/taksi-iz-aeroporta-sochi/" "Mozilla/3.0 (compatible; MSIE3.00; Windows 2002)"
193.124.190.64 - - [12/Jan/2018:08:09:36 +0100] "HEAD / HTTP/1.1" 200 - "http://dotagames.ru/publ/gajdy/vsjo_o_predmete_eaglehorn_luk_lovkosti/2-1-0-325" "Mozilla/2.0 (compatible; MSIE2.00; Windows 2008)"
144.76.162.206 - - [12/Jan/2018:08:10:45 +0100] "GET /buecher/rezensionen_krise_zum_heil.html HTTP/1.1" 200 9828 "-" "Mozilla/5.0 (Windows NT 6.1; rv:21.0) Gecko/20100101 Firefox/21.0"
136.243.59.237 - - [12/Jan/2018:08:11:14 +0100] "GET /cds/hymnos_akathistos.html HTTP/1.1" 200 11061 "-" "DomainStatsBot/1.0 (http://domainstats.io/our-bot)"
144.76.153.198 - - [12/Jan/2018:08:21:34 +0100] "GET /sonderthemen/oeaz2001.pdf HTTP/1.1" 200 4496626 "-" "Mozilla/5.0 (Windows NT 5.0; rv:21.0) Gecko/20100101 Firefox/21.0"
144.76.153.198 - - [12/Jan/2018:08:21:44 +0100] "GET /sonderthemen/oeaz2001.pdf HTTP/1.1" 200 4496626 "-" "Mozilla/5.0 (X11; Ubuntu; Linux x86_64; rv:21.0) Gecko/20100101 Firefox/21.0"
148.251.54.44 - - [12/Jan/2018:08:39:45 +0100] "GET /sonderthemen/sk2001.pdf HTTP/1.1" 200 3098589 "-" "Mozilla/5.0 (Macintosh; Intel Mac OS X 10_6_8) AppleWebKit/534.59.8 (KHTML, like Gecko) Version/5.1.9 Safari/534.59.8"
216.244.66.250 - - [12/Jan/2018:08:47:19 +0100] "GET /robots.txt HTTP/1.1" 200 100 "-" "Mozilla/5.0 (compatible; DotBot/1.1; http://www.opensiteexplorer.org/dotbot, help@moz.com)"
216.244.66.250 - - [12/Jan/2018:08:49:22 +0100] "GET /buecher/rezensionen_preysing.html HTTP/1.1" 200 9502 "-" "Mozilla/5.0 (compatible; DotBot/1.1; http://www.opensiteexplorer.org/dotbot, help@moz.com)"
77.220.213.173 - - [12/Jan/2018:08:52:57 +0100] "HEAD / HTTP/1.1" 200 - "https://www.bufetout.ru/catering/zavtrak/" "Mozilla/6.0 (compatible; MSIE2.00; Windows 2007)"
185.209.20.147 - - [12/Jan/2018:08:52:58 +0100] "HEAD / HTTP/1.1" 200 - "https://kvakva.kz/about/" "Mozilla/8.0 (compatible; MSIE6.00; Windows 2009)"
178.159.39.237 - - [12/Jan/2018:08:52:59 +0100] "HEAD / HTTP/1.1" 200 - "http://parklift.ru/puzzle-2l" "Mozilla/5.0 (compatible; MSIE2.00; Windows 2009)"
178.159.43.212 - - [12/Jan/2018:08:53:00 +0100] "HEAD / HTTP/1.1" 200 - "http://best-accs.org/" "Mozilla/3.0 (compatible; MSIE5.00; Windows 2003)"
141.8.141.131 - - [12/Jan/2018:08:58:46 +0100] "GET /robots.txt HTTP/1.1" 200 100 "-" "Mozilla/5.0 (compatible; YandexBot/3.0; +http://yandex.com/bots)"
141.8.141.131 - - [12/Jan/2018:08:58:49 +0100] "GET /sonderthemen/oekz2003.pdf HTTP/1.1" 200 4017017 "-" "Mozilla/5.0 (compatible; YandexBot/3.0; +http://yandex.com/bots)"
136.243.59.237 - - [12/Jan/2018:09:04:24 +0100] "GET /cds/ignatius.html HTTP/1.1" 200 6576 "-" "DomainStatsBot/1.0 (http://domainstats.io/our-bot)"
66.249.64.213 - - [12/Jan/2018:09:10:27 +0100] "GET /cds/ignatius.html HTTP/1.1" 200 6576 "-" "Mozilla/5.0 (Linux; Android 6.0.1; Nexus 5X Build/MMB29P) AppleWebKit/537.36 (KHTML, like Gecko) Chrome/41.0.2272.96 Mobile Safari/537.36 (compatible; Googlebot/2.1; +http://www.google.com/bot.html)"
185.154.13.6 - - [12/Jan/2018:09:24:14 +0100] "HEAD / HTTP/1.1" 200 - "http://get-shop.net/" "Mozilla/8.0 (compatible; MSIE4.00; Windows 2003)"
194.87.236.223 - - [12/Jan/2018:09:24:14 +0100] "HEAD / HTTP/1.1" 200 - "http://dogovorpodryada.ru/vidy-podryada" "Mozilla/2.0 (compatible; MSIE7.00; Windows 2003)"
194.87.103.12 - - [12/Jan/2018:09:24:48 +0100] "HEAD / HTTP/1.1" 200 - "http://samara-comfort.ru/news/prikurit-mashinu-v-samare" "Mozilla/5.0 (compatible; MSIE3.00; Windows 2004)"
195.133.145.199 - - [12/Jan/2018:09:24:48 +0100] "HEAD / HTTP/1.1" 200 - "http://arendadogovor.ru/category/stat-i-gk-rf-o-arende/" "Mozilla/5.0 (compatible; MSIE6.00; Windows 2005)"
195.133.201.163 - - [12/Jan/2018:09:24:49 +0100] "HEAD / HTTP/1.1" 200 - "http://moltechno.ru/katalog-oborudovaniya/yomkostnoe-oborudovanie/rezervuar-dla-piva/" "Mozilla/2.0 (compatible; MSIE7.00; Windows 2007)"
193.124.131.168 - - [12/Jan/2018:09:24:49 +0100] "HEAD / HTTP/1.1" 200 - "https://www.tripzaza.com" "Mozilla/2.0 (compatible; MSIE6.00; Windows 2002)"
194.87.94.251 - - [12/Jan/2018:09:24:50 +0100] "HEAD / HTTP/1.1" 200 - "http://dommdom.com" "Mozilla/5.0 (compatible; MSIE7.00; Windows 2002)"
195.133.147.6 - - [12/Jan/2018:09:27:39 +0100] "HEAD / HTTP/1.1" 200 - "http://sud-jurist.ru/category/semejnye-spory/" "Mozilla/8.0 (compatible; MSIE3.00; Windows 2003)"
207.46.13.66 - - [12/Jan/2018:09:35:10 +0100] "GET /index.html HTTP/1.1" 304 - "-" "Mozilla/5.0 (compatible; bingbot/2.0; +http://www.bing.com/bingbot.htm)"
54.165.59.7 - - [12/Jan/2018:09:52:53 +0100] "GET /robots.txt HTTP/1.0" 200 100 "-" "ia_archiver"
54.165.59.7 - - [12/Jan/2018:09:52:53 +0100] "GET /cds/hymnos_akathistos.html HTTP/1.0" 200 11061 "-" "ia_archiver"
185.5.249.185 - - [12/Jan/2018:09:53:16 +0100] "HEAD / HTTP/1.1" 200 - "https://idecobar.ru/content/Dupen" "Mozilla/8.0 (compatible; MSIE3.00; Windows 2006)"
193.124.176.156 - - [12/Jan/2018:09:53:16 +0100] "HEAD / HTTP/1.1" 200 - "https://dinki.ru/" "Mozilla/3.0 (compatible; MSIE4.00; Windows 2005)"
194.67.210.77 - - [12/Jan/2018:09:53:17 +0100] "HEAD / HTTP/1.1" 200 - "https://shop.techno-maxi.com.ua/podshipniki-ibc" "Mozilla/3.0 (compatible; MSIE5.00; Windows 2007)"
84.161.219.53 - - [12/Jan/2018:10:17:51 +0100] "GET /cds/hymnos_akathistos.html HTTP/1.1" 200 11061 "http://www.google.de/url?sa=t&rct=j&q=&esrc=s&source=web&cd=1&ved=0ahUKEwjI2tbgitLYAhXKA8AKHU3VCOMQFggnMAA&url=http%3A%2F%2Fwww.morusverlag.de%2Fcds%2Fhymnos_akathistos.html&usg=AOvVaw1cZ5w2FDSBB-pLXYKZqX5T" "Mozilla/5.0 (Windows NT 6.1; WOW64; Trident/7.0; rv:11.0) like Gecko"
84.161.219.53 - - [12/Jan/2018:10:17:51 +0100] "GET /main.css HTTP/1.1" 200 1439 "http://www.morusverlag.de/cds/hymnos_akathistos.html" "Mozilla/5.0 (Windows NT 6.1; WOW64; Trident/7.0; rv:11.0) like Gecko"
84.161.219.53 - - [12/Jan/2018:10:17:51 +0100] "GET /logo_g.gif HTTP/1.1" 200 1301 "http://www.morusverlag.de/cds/hymnos_akathistos.html" "Mozilla/5.0 (Windows NT 6.1; WOW64; Trident/7.0; rv:11.0) like Gecko"
84.161.219.53 - - [12/Jan/2018:10:17:51 +0100] "GET /mv_g.gif HTTP/1.1" 200 4070 "http://www.morusverlag.de/cds/hymnos_akathistos.html" "Mozilla/5.0 (Windows NT 6.1; WOW64; Trident/7.0; rv:11.0) like Gecko"
84.161.219.53 - - [12/Jan/2018:10:17:51 +0100] "GET /pf.gif HTTP/1.1" 200 62 "http://www.morusverlag.de/cds/hymnos_akathistos.html" "Mozilla/5.0 (Windows NT 6.1; WOW64; Trident/7.0; rv:11.0) like Gecko"
84.161.219.53 - - [12/Jan/2018:10:17:51 +0100] "GET /strich.gif HTTP/1.1" 200 45 "http://www.morusverlag.de/cds/hymnos_akathistos.html" "Mozilla/5.0 (Windows NT 6.1; WOW64; Trident/7.0; rv:11.0) like Gecko"
84.161.219.53 - - [12/Jan/2018:10:17:51 +0100] "GET /cds/hymnos.jpg HTTP/1.1" 200 27752 "http://www.morusverlag.de/cds/hymnos_akathistos.html" "Mozilla/5.0 (Windows NT 6.1; WOW64; Trident/7.0; rv:11.0) like Gecko"
84.161.219.53 - - [12/Jan/2018:10:17:51 +0100] "GET /m.gif HTTP/1.1" 200 95 "http://www.morusverlag.de/cds/hymnos_akathistos.html" "Mozilla/5.0 (Windows NT 6.1; WOW64; Trident/7.0; rv:11.0) like Gecko"
84.161.219.53 - - [12/Jan/2018:10:17:51 +0100] "GET /cds/hymnos_heft.jpg HTTP/1.1" 200 8653 "http://www.morusverlag.de/cds/hymnos_akathistos.html" "Mozilla/5.0 (Windows NT 6.1; WOW64; Trident/7.0; rv:11.0) like Gecko"
84.161.219.53 - - [12/Jan/2018:10:17:52 +0100] "GET /cds/simplay_player.swf?audiofile=hymnos1.mp3 HTTP/1.1" 200 6377 "http://www.morusverlag.de/cds/hymnos_akathistos.html" "Mozilla/5.0 (Windows NT 6.1; WOW64; Trident/7.0; rv:11.0) like Gecko"
84.161.219.53 - - [12/Jan/2018:10:17:52 +0100] "GET /cds/simplay_control.swf HTTP/1.1" 200 1243 "http://www.morusverlag.de/cds/hymnos_akathistos.html" "Mozilla/5.0 (Windows NT 6.1; WOW64; Trident/7.0; rv:11.0) like Gecko"
84.161.219.53 - - [12/Jan/2018:10:17:52 +0100] "GET /cds/simplay_player.swf?audiofile=hymnos2.mp3 HTTP/1.1" 200 6377 "http://www.morusverlag.de/cds/hymnos_akathistos.html" "Mozilla/5.0 (Windows NT 6.1; WOW64; Trident/7.0; rv:11.0) like Gecko"
84.161.219.53 - - [12/Jan/2018:10:17:52 +0100] "GET /strich.gif HTTP/1.1" 200 45 "http://www.morusverlag.de/cds/hymnos_akathistos.html" "Mozilla/5.0 (Windows NT 6.1; WOW64; Trident/7.0; rv:11.0) like Gecko"
84.161.219.53 - - [12/Jan/2018:10:17:53 +0100] "GET /cds/simplaydata/playerconfig.xml?nocache=1515748402649 HTTP/1.1" 200 149 "http://www.morusverlag.de/cds/simplay_player.swf?audiofile=hymnos2.mp3" "Mozilla/5.0 (Windows NT 6.1; WOW64; Trident/7.0; rv:11.0) like Gecko"
84.161.219.53 - - [12/Jan/2018:10:17:53 +0100] "GET /cds/simplaydata/playerconfig.xml?nocache=1515748403962 HTTP/1.1" 200 149 "http://www.morusverlag.de/cds/simplay_player.swf?audiofile=hymnos1.mp3" "Mozilla/5.0 (Windows NT 6.1; WOW64; Trident/7.0; rv:11.0) like Gecko"
84.161.219.53 - - [12/Jan/2018:10:17:53 +0100] "GET /cds/simplaydata/controlconfig.xml?nocache=1515748402534 HTTP/1.1" 200 121 "http://www.morusverlag.de/cds/simplay_control.swf" "Mozilla/5.0 (Windows NT 6.1; WOW64; Trident/7.0; rv:11.0) like Gecko"
84.161.219.53 - - [12/Jan/2018:10:17:53 +0100] "GET /cds/simplaydata/playerskins/default/skin.xml?nocache=1515748404022 HTTP/1.1" 200 649 "http://www.morusverlag.de/cds/simplay_player.swf?audiofile=hymnos1.mp3" "Mozilla/5.0 (Windows NT 6.1; WOW64; Trident/7.0; rv:11.0) like Gecko"
84.161.219.53 - - [12/Jan/2018:10:17:53 +0100] "GET /cds/simplaydata/controlskins/default/skin.xml HTTP/1.1" 200 349 "http://www.morusverlag.de/cds/simplay_control.swf" "Mozilla/5.0 (Windows NT 6.1; WOW64; Trident/7.0; rv:11.0) like Gecko"
84.161.219.53 - - [12/Jan/2018:10:17:53 +0100] "GET /cds/simplaydata/playerskins/default/skin.xml?nocache=1515748404019 HTTP/1.1" 200 649 "http://www.morusverlag.de/cds/simplay_player.swf?audiofile=hymnos2.mp3" "Mozilla/5.0 (Windows NT 6.1; WOW64; Trident/7.0; rv:11.0) like Gecko"
84.161.219.53 - - [12/Jan/2018:10:17:53 +0100] "GET /cds/simplaydata/playerskins/default/background.jpg HTTP/1.1" 200 340 "http://www.morusverlag.de/cds/simplay_player.swf?audiofile=hymnos1.mp3" "Mozilla/5.0 (Windows NT 6.1; WOW64; Trident/7.0; rv:11.0) like Gecko"
84.161.219.53 - - [12/Jan/2018:10:17:53 +0100] "GET /cds/simplaydata/playerskins/default/play_up.jpg HTTP/1.1" 200 643 "http://www.morusverlag.de/cds/simplay_player.swf?audiofile=hymnos1.mp3" "Mozilla/5.0 (Windows NT 6.1; WOW64; Trident/7.0; rv:11.0) like Gecko"
84.161.219.53 - - [12/Jan/2018:10:17:53 +0100] "GET /cds/simplaydata/playerskins/default/play_over.jpg HTTP/1.1" 200 986 "http://www.morusverlag.de/cds/simplay_player.swf?audiofile=hymnos1.mp3" "Mozilla/5.0 (Windows NT 6.1; WOW64; Trident/7.0; rv:11.0) like Gecko"
84.161.219.53 - - [12/Jan/2018:10:17:53 +0100] "GET /cds/simplaydata/playerskins/default/pause_up.jpg HTTP/1.1" 200 649 "http://www.morusverlag.de/cds/simplay_player.swf?audiofile=hymnos1.mp3" "Mozilla/5.0 (Windows NT 6.1; WOW64; Trident/7.0; rv:11.0) like Gecko"
84.161.219.53 - - [12/Jan/2018:10:17:53 +0100] "GET /cds/simplaydata/playerskins/default/play_down.jpg HTTP/1.1" 200 972 "http://www.morusverlag.de/cds/simplay_player.swf?audiofile=hymnos1.mp3" "Mozilla/5.0 (Windows NT 6.1; WOW64; Trident/7.0; rv:11.0) like Gecko"
84.161.219.53 - - [12/Jan/2018:10:17:54 +0100] "GET /cds/simplaydata/playerskins/default/pause_over.jpg HTTP/1.1" 200 988 "http://www.morusverlag.de/cds/simplay_player.swf?audiofile=hymnos1.mp3" "Mozilla/5.0 (Windows NT 6.1; WOW64; Trident/7.0; rv:11.0) like Gecko"
84.161.219.53 - - [12/Jan/2018:10:17:54 +0100] "GET /cds/simplaydata/playerskins/default/background.jpg HTTP/1.1" 200 340 "http://www.morusverlag.de/cds/simplay_player.swf?audiofile=hymnos2.mp3" "Mozilla/5.0 (Windows NT 6.1; WOW64; Trident/7.0; rv:11.0) like Gecko"
84.161.219.53 - - [12/Jan/2018:10:17:54 +0100] "GET /cds/simplaydata/playerskins/default/pause_down.jpg HTTP/1.1" 200 939 "http://www.morusverlag.de/cds/simplay_player.swf?audiofile=hymnos1.mp3" "Mozilla/5.0 (Windows NT 6.1; WOW64; Trident/7.0; rv:11.0) like Gecko"
84.161.219.53 - - [12/Jan/2018:10:17:54 +0100] "GET /cds/simplaydata/playerskins/default/play_up.jpg HTTP/1.1" 200 643 "http://www.morusverlag.de/cds/simplay_player.swf?audiofile=hymnos2.mp3" "Mozilla/5.0 (Windows NT 6.1; WOW64; Trident/7.0; rv:11.0) like Gecko"
84.161.219.53 - - [12/Jan/2018:10:17:54 +0100] "GET /cds/simplaydata/playerskins/default/play_down.jpg HTTP/1.1" 200 972 "http://www.morusverlag.de/cds/simplay_player.swf?audiofile=hymnos2.mp3" "Mozilla/5.0 (Windows NT 6.1; WOW64; Trident/7.0; rv:11.0) like Gecko"
84.161.219.53 - - [12/Jan/2018:10:17:54 +0100] "GET /cds/simplaydata/playerskins/default/pause_up.jpg HTTP/1.1" 200 649 "http://www.morusverlag.de/cds/simplay_player.swf?audiofile=hymnos2.mp3" "Mozilla/5.0 (Windows NT 6.1; WOW64; Trident/7.0; rv:11.0) like Gecko"
84.161.219.53 - - [12/Jan/2018:10:17:54 +0100] "GET /cds/simplaydata/playerskins/default/pause_over.jpg HTTP/1.1" 200 988 "http://www.morusverlag.de/cds/simplay_player.swf?audiofile=hymnos2.mp3" "Mozilla/5.0 (Windows NT 6.1; WOW64; Trident/7.0; rv:11.0) like Gecko"
84.161.219.53 - - [12/Jan/2018:10:17:54 +0100] "GET /cds/simplaydata/playerskins/default/pause_down.jpg HTTP/1.1" 200 939 "http://www.morusverlag.de/cds/simplay_player.swf?audiofile=hymnos2.mp3" "Mozilla/5.0 (Windows NT 6.1; WOW64; Trident/7.0; rv:11.0) like Gecko"
84.161.219.53 - - [12/Jan/2018:10:17:54 +0100] "GET /cds/simplaydata/playerskins/default/play_over.jpg HTTP/1.1" 200 986 "http://www.morusverlag.de/cds/simplay_player.swf?audiofile=hymnos2.mp3" "Mozilla/5.0 (Windows NT 6.1; WOW64; Trident/7.0; rv:11.0) like Gecko"
84.161.219.53 - - [12/Jan/2018:10:17:54 +0100] "GET /cds/simplaydata/controlskins/default/background.jpg HTTP/1.1" 200 772 "http://www.morusverlag.de/cds/simplay_control.swf" "Mozilla/5.0 (Windows NT 6.1; WOW64; Trident/7.0; rv:11.0) like Gecko"
84.161.219.53 - - [12/Jan/2018:10:17:54 +0100] "GET /cds/simplaydata/controlskins/default/handle.jpg HTTP/1.1" 200 387 "http://www.morusverlag.de/cds/simplay_control.swf" "Mozilla/5.0 (Windows NT 6.1; WOW64; Trident/7.0; rv:11.0) like Gecko"
84.161.219.53 - - [12/Jan/2018:10:17:54 +0100] "GET /cds/simplaydata/controlskins/default/on.jpg HTTP/1.1" 200 986 "http://www.morusverlag.de/cds/simplay_control.swf" "Mozilla/5.0 (Windows NT 6.1; WOW64; Trident/7.0; rv:11.0) like Gecko"
84.161.219.53 - - [12/Jan/2018:10:17:54 +0100] "GET /cds/simplaydata/controlskins/default/off.jpg HTTP/1.1" 200 608 "http://www.morusverlag.de/cds/simplay_control.swf" "Mozilla/5.0 (Windows NT 6.1; WOW64; Trident/7.0; rv:11.0) like Gecko"
207.46.13.118 - - [12/Jan/2018:10:26:58 +0100] "GET /sonderthemen/oekt_extra2.pdf HTTP/1.1" 200 1939949 "-" "Mozilla/5.0 (iPhone; CPU iPhone OS 7_0 like Mac OS X) AppleWebKit/537.51.1 (KHTML, like Gecko) Version/7.0 Mobile/11A465 Safari/9537.53 (compatible; bingbot/2.0; +http://www.bing.com/bingbot.htm)"
141.8.141.131 - - [12/Jan/2018:10:57:03 +0100] "GET /sonderthemen/az2003_s01.pdf HTTP/1.1" 200 120642 "-" "Mozilla/5.0 (compatible; YandexBot/3.0; +http://yandex.com/bots)"
141.8.141.131 - - [12/Jan/2018:11:11:28 +0100] "GET /buecher/rezensionen_preysing.html HTTP/1.1" 200 9502 "-" "Mozilla/5.0 (compatible; YandexBot/3.0; +http://yandex.com/bots)"
141.8.141.131 - - [12/Jan/2018:11:12:13 +0100] "GET /sonderthemen/sk2004.pdf HTTP/1.1" 200 1967215 "-" "Mozilla/5.0 (compatible; YandexBot/3.0; +http://yandex.com/bots)"
141.8.141.131 - - [12/Jan/2018:11:12:47 +0100] "GET /sonderthemen/sk2004_s01.pdf HTTP/1.1" 200 162742 "-" "Mozilla/5.0 (compatible; YandexBot/3.0; +http://yandex.com/bots)"
148.251.75.46 - - [12/Jan/2018:11:40:59 +0100] "GET /sonderthemen/az2000.pdf HTTP/1.1" 200 2253581 "-" "Mozilla/5.0 (X11; Ubuntu; Linux x86_64; rv:21.0) Gecko/20100101 Firefox/21.0"
5.9.145.132 - - [12/Jan/2018:11:41:36 +0100] "GET /sonderthemen/az2000.pdf HTTP/1.1" 200 2253581 "-" "Mozilla/5.0 (X11; Ubuntu; Linux armv7l; rv:17.0) Gecko/20100101 Firefox/17.0"
207.46.13.39 - - [12/Jan/2018:12:00:14 +0100] "GET /sonderthemen/oekz2003.pdf HTTP/1.1" 200 4017017 "-" "Mozilla/5.0 (iPhone; CPU iPhone OS 7_0 like Mac OS X) AppleWebKit/537.51.1 (KHTML, like Gecko) Version/7.0 Mobile/11A465 Safari/9537.53 (compatible; bingbot/2.0; +http://www.bing.com/bingbot.htm)"
216.244.66.198 - - [12/Jan/2018:12:00:38 +0100] "GET /robots.txt HTTP/1.1" 200 100 "-" "Mozilla/5.0 (compatible; DotBot/1.1; http://www.opensiteexplorer.org/dotbot, help@moz.com)"
216.244.66.198 - - [12/Jan/2018:12:02:39 +0100] "GET /buecher/bestellung.php HTTP/1.1" 200 10142 "-" "Mozilla/5.0 (compatible; DotBot/1.1; http://www.opensiteexplorer.org/dotbot, help@moz.com)"
134.93.102.94 - - [12/Jan/2018:12:02:49 +0100] "GET /cds/hymnos_akathistos.html HTTP/1.1" 200 11061 "https://de.wikipedia.org/" "Mozilla/5.0 (Windows NT 10.0; Win64; x64; rv:57.0) Gecko/20100101 Firefox/57.0"
134.93.102.94 - - [12/Jan/2018:12:02:49 +0100] "GET /main.css HTTP/1.1" 200 1439 "http://www.morusverlag.de/cds/hymnos_akathistos.html" "Mozilla/5.0 (Windows NT 10.0; Win64; x64; rv:57.0) Gecko/20100101 Firefox/57.0"
134.93.102.94 - - [12/Jan/2018:12:02:49 +0100] "GET /logo_g.gif HTTP/1.1" 200 1301 "http://www.morusverlag.de/cds/hymnos_akathistos.html" "Mozilla/5.0 (Windows NT 10.0; Win64; x64; rv:57.0) Gecko/20100101 Firefox/57.0"
134.93.102.94 - - [12/Jan/2018:12:02:49 +0100] "GET /mv_g.gif HTTP/1.1" 200 4070 "http://www.morusverlag.de/cds/hymnos_akathistos.html" "Mozilla/5.0 (Windows NT 10.0; Win64; x64; rv:57.0) Gecko/20100101 Firefox/57.0"
134.93.102.94 - - [12/Jan/2018:12:02:49 +0100] "GET /cds/hymnos_heft.jpg HTTP/1.1" 200 8653 "http://www.morusverlag.de/cds/hymnos_akathistos.html" "Mozilla/5.0 (Windows NT 10.0; Win64; x64; rv:57.0) Gecko/20100101 Firefox/57.0"
134.93.102.94 - - [12/Jan/2018:12:02:49 +0100] "GET /m.gif HTTP/1.1" 200 95 "http://www.morusverlag.de/cds/hymnos_akathistos.html" "Mozilla/5.0 (Windows NT 10.0; Win64; x64; rv:57.0) Gecko/20100101 Firefox/57.0"
134.93.102.94 - - [12/Jan/2018:12:02:49 +0100] "GET /cds/hymnos.jpg HTTP/1.1" 200 27752 "http://www.morusverlag.de/cds/hymnos_akathistos.html" "Mozilla/5.0 (Windows NT 10.0; Win64; x64; rv:57.0) Gecko/20100101 Firefox/57.0"
134.93.102.94 - - [12/Jan/2018:12:02:49 +0100] "GET /pf.gif HTTP/1.1" 200 62 "http://www.morusverlag.de/cds/hymnos_akathistos.html" "Mozilla/5.0 (Windows NT 10.0; Win64; x64; rv:57.0) Gecko/20100101 Firefox/57.0"
134.93.102.94 - - [12/Jan/2018:12:02:49 +0100] "GET /strich.gif HTTP/1.1" 200 45 "http://www.morusverlag.de/cds/hymnos_akathistos.html" "Mozilla/5.0 (Windows NT 10.0; Win64; x64; rv:57.0) Gecko/20100101 Firefox/57.0"
134.93.102.94 - - [12/Jan/2018:12:02:49 +0100] "GET /favicon.ico HTTP/1.1" 200 4286 "-" "Mozilla/5.0 (Windows NT 10.0; Win64; x64; rv:57.0) Gecko/20100101 Firefox/57.0"
148.251.54.44 - - [12/Jan/2018:12:17:28 +0100] "GET /buecher/ HTTP/1.1" 200 25885 "-" "Mozilla/5.0 (Macintosh; Intel Mac OS X 1084) AppleWebKit/536.28.10 (KHTML like Gecko) Version/6.0.3 Safari/536.28.10"
5.9.106.81 - - [12/Jan/2018:12:17:29 +0100] "GET /buecher/index.html HTTP/1.1" 200 25885 "-" "Mozilla/5.0 (compatible; MSIE 10.0; Windows NT 6.1; Trident/4.0; InfoPath.2; SV1; .NET CLR 2.0.50727; WOW64)"
82.208.160.181 - - [12/Jan/2018:12:34:59 +0100] "GET / HTTP/1.1" 200 9360 "-" "Mozilla/5.0 (compatible& Googlebot/2.1& +http://www.google.com/bot.html)"
82.208.160.181 - - [12/Jan/2018:12:34:59 +0100] "GET / HTTP/1.1" 200 9360 "-" "Mozilla/5.0 (Linux; U; Android 4.0.3; ko-kr; LG-L160L Build/IML74K) AppleWebkit/534.30 (KHTML, like Gecko) Version/4.0 Mobile Safari/534.30"
141.8.141.131 - - [12/Jan/2018:13:25:33 +0100] "GET /robots.txt HTTP/1.1" 200 100 "-" "Mozilla/5.0 (compatible; YandexBot/3.0; +http://yandex.com/bots)"
141.8.141.131 - - [12/Jan/2018:13:25:37 +0100] "GET /buecher/rezensionen_nicht_auf_sand_gebaut.html HTTP/1.1" 200 6594 "-" "Mozilla/5.0 (compatible; YandexBot/3.0; +http://yandex.com/bots)"
216.244.66.250 - - [12/Jan/2018:13:41:34 +0100] "GET /robots.txt HTTP/1.1" 200 100 "-" "Mozilla/5.0 (compatible; DotBot/1.1; http://www.opensiteexplorer.org/dotbot, help@moz.com)"
216.244.66.250 - - [12/Jan/2018:13:43:16 +0100] "GET /buecher/index.html HTTP/1.1" 200 25885 "-" "Mozilla/5.0 (compatible; DotBot/1.1; http://www.opensiteexplorer.org/dotbot, help@moz.com)"
93.114.154.106 - - [12/Jan/2018:13:51:29 +0100] "GET / HTTP/1.1" 200 9360 "-" "Java/1.8.0_131"
93.114.154.106 - - [12/Jan/2018:13:51:30 +0100] "GET /impressum.html HTTP/1.1" 200 2808 "-" "Java/1.8.0_131"
93.114.154.106 - - [12/Jan/2018:13:51:30 +0100] "GET /search.php HTTP/1.1" 200 2027 "-" "Java/1.8.0_131"
93.114.154.106 - - [12/Jan/2018:13:51:30 +0100] "GET /index.html HTTP/1.1" 200 9360 "-" "Java/1.8.0_131"
93.114.154.106 - - [12/Jan/2018:13:51:31 +0100] "GET /buecher/index.html HTTP/1.1" 200 25885 "-" "Java/1.8.0_131"
93.114.154.106 - - [12/Jan/2018:13:51:33 +0100] "GET /buecher/rezensionen_chateaubriand.html HTTP/1.1" 200 47317 "-" "Java/1.8.0_131"
93.114.154.106 - - [12/Jan/2018:13:51:38 +0100] "GET /buecher/veroeffentlichungsliste.html HTTP/1.1" 200 129779 "-" "Java/1.8.0_131"
93.114.154.106 - - [12/Jan/2018:13:51:41 +0100] "GET /cds/hymnos_akathistos.html HTTP/1.1" 200 11061 "-" "Java/1.8.0_131"
93.114.154.106 - - [12/Jan/2018:13:51:42 +0100] "GET /cds/ignatius.html HTTP/1.1" 200 6576 "-" "Java/1.8.0_131"
93.114.154.106 - - [12/Jan/2018:13:51:43 +0100] "GET /cds/index.html HTTP/1.1" 200 7987 "-" "Java/1.8.0_131"
93.114.154.106 - - [12/Jan/2018:13:51:43 +0100] "GET /cds/rosarium.html HTTP/1.1" 200 6680 "-" "Java/1.8.0_131"
93.114.154.106 - - [12/Jan/2018:13:51:43 +0100] "GET /gotteslob/index.html HTTP/1.1" 200 2770 "-" "Java/1.8.0_131"
93.114.154.106 - - [12/Jan/2018:13:51:44 +0100] "GET /jahrbuch/index.html HTTP/1.1" 200 3956 "-" "Java/1.8.0_131"
93.114.154.106 - - [12/Jan/2018:13:51:44 +0100] "GET /kontakt/index.html HTTP/1.1" 200 2896 "-" "Java/1.8.0_131"
93.114.154.106 - - [12/Jan/2018:13:51:44 +0100] "GET /sonderthemen/index.html HTTP/1.1" 200 7102 "-" "Java/1.8.0_131"
93.114.154.106 - - [12/Jan/2018:13:51:45 +0100] "GET /buecher/bestellung.php HTTP/1.1" 200 10142 "-" "Java/1.8.0_131"
93.114.154.106 - - [12/Jan/2018:13:51:46 +0100] "GET /buecher/diskussion.html HTTP/1.1" 200 9925 "-" "Java/1.8.0_131"
93.114.154.106 - - [12/Jan/2018:13:51:46 +0100] "GET /buecher/rezensionen_engel.html HTTP/1.1" 200 6598 "-" "Java/1.8.0_131"
93.114.154.106 - - [12/Jan/2018:13:51:47 +0100] "GET /buecher/rezensionen_krise_zum_heil.html HTTP/1.1" 200 9828 "-" "Java/1.8.0_131"
93.114.154.106 - - [12/Jan/2018:13:51:47 +0100] "GET /buecher/rezensionen_le_saulchoir.html HTTP/1.1" 200 34009 "-" "Java/1.8.0_131"
93.114.154.106 - - [12/Jan/2018:13:51:49 +0100] "GET /buecher/rezensionen_leiblichkeit_und_zeitlichkeit.html HTTP/1.1" 200 8821 "-" "Java/1.8.0_131"
93.114.154.106 - - [12/Jan/2018:13:51:50 +0100] "GET /buecher/rezensionen_nicht_auf_sand_gebaut.html HTTP/1.1" 200 6594 "-" "Java/1.8.0_131"
93.114.154.106 - - [12/Jan/2018:13:51:51 +0100] "GET /buecher/rezensionen_preysing.html HTTP/1.1" 200 9502 "-" "Java/1.8.0_131"
93.114.154.106 - - [12/Jan/2018:13:51:52 +0100] "GET /buecher/rezensionen_psalmen.html HTTP/1.1" 200 6787 "-" "Java/1.8.0_131"
93.114.154.106 - - [12/Jan/2018:13:51:52 +0100] "GET /contentflow/contentflow.js HTTP/1.1" 200 42064 "-" "Java/1.8.0_131"
93.114.154.106 - - [12/Jan/2018:13:51:54 +0100] "GET /buecher/rezensionen.html HTTP/1.1" 200 6964 "-" "Java/1.8.0_131"
93.114.154.106 - - [12/Jan/2018:13:51:54 +0100] "GET /buecher/rezensionen_ignatius.html HTTP/1.1" 200 8182 "-" "Java/1.8.0_131"
93.114.154.106 - - [12/Jan/2018:13:51:55 +0100] "GET /cds/astazi.html HTTP/1.1" 200 8453 "-" "Java/1.8.0_131"
93.114.154.106 - - [12/Jan/2018:13:51:55 +0100] "GET /cds/glockenspiel1.html HTTP/1.1" 200 9736 "-" "Java/1.8.0_131"
93.114.154.106 - - [12/Jan/2018:13:51:56 +0100] "GET /cds/glockenspiel2.html HTTP/1.1" 200 9831 "-" "Java/1.8.0_131"
93.114.154.106 - - [12/Jan/2018:13:51:57 +0100] "GET /cds/lumina.html HTTP/1.1" 200 9000 "-" "Java/1.8.0_131"
93.114.154.106 - - [12/Jan/2018:13:51:57 +0100] "GET /jahrbuch/bestellung.php HTTP/1.1" 200 10316 "-" "Java/1.8.0_131"
93.114.154.106 - - [12/Jan/2018:13:51:59 +0100] "GET /sonderthemen/archiv.html HTTP/1.1" 200 6959 "-" "Java/1.8.0_131"
93.114.154.106 - - [12/Jan/2018:13:51:59 +0100] "GET /sonderthemen/presse.html HTTP/1.1" 200 5772 "-" "Java/1.8.0_131"
93.114.154.106 - - [12/Jan/2018:13:52:00 +0100] "GET /contentflow/\"+K.src+\" HTTP/1.1" 404 2381 "-" "Java/1.8.0_131"
207.46.13.66 - - [12/Jan/2018:14:20:13 +0100] "GET /sonderthemen/oekt_extra3.pdf HTTP/1.1" 200 2109745 "-" "Mozilla/5.0 (iPhone; CPU iPhone OS 7_0 like Mac OS X) AppleWebKit/537.51.1 (KHTML, like Gecko) Version/7.0 Mobile/11A465 Safari/9537.53 (compatible; bingbot/2.0; +http://www.bing.com/bingbot.htm)"
136.243.17.161 - - [12/Jan/2018:14:28:48 +0100] "GET /sonderthemen/sk2001.pdf HTTP/1.1" 200 3098589 "-" "Mozilla/5.0 (Windows; U; Windows NT 6.1; WOW64; en-US; rv:2.0.4) Gecko/20120718 AskTbAVR-IDW/3.12.5.17700 Firefox/14.0.1"
78.46.90.120 - - [12/Jan/2018:14:28:48 +0100] "GET /sonderthemen/az2000.pdf HTTP/1.1" 200 2253581 "-" "Mozilla/5.0 (X11; Ubuntu; Linux i686; rv:15.0) Gecko/20100101 Firefox/15.0.1"
148.251.237.246 - - [12/Jan/2018:14:28:50 +0100] "GET /sonderthemen/oeaz2001.pdf HTTP/1.1" 200 4496626 "-" "Mozilla/5.0 (Windows NT 6.1; WOW64) AppleWebKit/537.31 (KHTML, like Gecko) Chrome/26.0.1410.64 Safari/537.31"
207.46.13.66 - - [12/Jan/2018:14:40:10 +0100] "GET /cds/index.html HTTP/1.1" 200 7987 "-" "Mozilla/5.0 (iPhone; CPU iPhone OS 7_0 like Mac OS X) AppleWebKit/537.51.1 (KHTML, like Gecko) Version/7.0 Mobile/11A465 Safari/9537.53 (compatible; bingbot/2.0; +http://www.bing.com/bingbot.htm)"
207.46.13.66 - - [12/Jan/2018:14:40:24 +0100] "GET /m.gif HTTP/1.1" 200 95 "-" "Mozilla/5.0 (iPhone; CPU iPhone OS 7_0 like Mac OS X) AppleWebKit/537.51.1 (KHTML, like Gecko) Version/7.0 Mobile/11A465 Safari/9537.53 (compatible; bingbot/2.0; +http://www.bing.com/bingbot.htm)"
207.46.13.75 - - [12/Jan/2018:14:40:25 +0100] "GET /cds/ignatius_k.jpg HTTP/1.1" 200 3965 "-" "Mozilla/5.0 (iPhone; CPU iPhone OS 7_0 like Mac OS X) AppleWebKit/537.51.1 (KHTML, like Gecko) Version/7.0 Mobile/11A465 Safari/9537.53 (compatible; bingbot/2.0; +http://www.bing.com/bingbot.htm)"
207.46.13.118 - - [12/Jan/2018:14:40:29 +0100] "GET /pf.gif HTTP/1.1" 200 62 "-" "Mozilla/5.0 (iPhone; CPU iPhone OS 7_0 like Mac OS X) AppleWebKit/537.51.1 (KHTML, like Gecko) Version/7.0 Mobile/11A465 Safari/9537.53 (compatible; bingbot/2.0; +http://www.bing.com/bingbot.htm)"
