141.8.141.131 - - [21/Jan/2018:18:49:02 +0100] "GET /buecher/gesichter/14.jpg HTTP/1.1" 304 - "-" "Mozilla/5.0 (compatible; YandexImages/3.0; +http://yandex.com/bots)"
141.8.141.131 - - [21/Jan/2018:19:25:37 +0100] "GET /sonderthemen/sk2004.pdf HTTP/1.1" 200 1967215 "-" "Mozilla/5.0 (compatible; YandexBot/3.0; +http://yandex.com/bots)"
143.159.96.194 - - [21/Jan/2018:19:58:23 +0100] "GET /wp-login.php HTTP/1.1" 404 2381 "-" "Mozilla/5.0 (Windows NT 6.1; WOW64; rv:40.0) Gecko/20100101 Firefox/40.1"
143.159.96.194 - - [21/Jan/2018:19:58:23 +0100] "GET / HTTP/1.1" 200 9360 "-" "Mozilla/5.0 (Windows NT 6.1; WOW64; rv:40.0) Gecko/20100101 Firefox/40.1"
188.238.234.90 - - [21/Jan/2018:20:00:55 +0100] "GET / HTTP/1.1" 200 9360 "http://www.bing.com/search?q=morus+verlag&form=APIPA1" "Mozilla/5.0 (iPad; CPU OS 6_1_3 like Mac OS X) AppleWebKit/536.26 (KHTML, like Gecko) Version/6.0 Mobile/10B329 Safari/8536.25"
188.238.234.90 - - [21/Jan/2018:20:00:56 +0100] "GET /main.css HTTP/1.1" 200 1439 "http://www.morusverlag.de/" "Mozilla/5.0 (iPad; CPU OS 6_1_3 like Mac OS X) AppleWebKit/536.26 (KHTML, like Gecko) Version/6.0 Mobile/10B329 Safari/8536.25"
188.238.234.90 - - [21/Jan/2018:20:00:56 +0100] "GET /logo_g.gif HTTP/1.1" 200 1301 "http://www.morusverlag.de/" "Mozilla/5.0 (iPad; CPU OS 6_1_3 like Mac OS X) AppleWebKit/536.26 (KHTML, like Gecko) Version/6.0 Mobile/10B329 Safari/8536.25"
188.238.234.90 - - [21/Jan/2018:20:00:56 +0100] "GET /mv_g.gif HTTP/1.1" 200 4070 "http://www.morusverlag.de/" "Mozilla/5.0 (iPad; CPU OS 6_1_3 like Mac OS X) AppleWebKit/536.26 (KHTML, like Gecko) Version/6.0 Mobile/10B329 Safari/8536.25"
188.238.234.90 - - [21/Jan/2018:20:00:56 +0100] "GET /cds/astazi_k.jpg HTTP/1.1" 200 6049 "http://www.morusverlag.de/" "Mozilla/5.0 (iPad; CPU OS 6_1_3 like Mac OS X) AppleWebKit/536.26 (KHTML, like Gecko) Version/6.0 Mobile/10B329 Safari/8536.25"
188.238.234.90 - - [21/Jan/2018:20:00:56 +0100] "GET /buecher/gesichter.jpg HTTP/1.1" 200 7271 "http://www.morusverlag.de/" "Mozilla/5.0 (iPad; CPU OS 6_1_3 like Mac OS X) AppleWebKit/536.26 (KHTML, like Gecko) Version/6.0 Mobile/10B329 Safari/8536.25"
188.238.234.90 - - [21/Jan/2018:20:00:57 +0100] "GET /strich.gif HTTP/1.1" 200 45 "http://www.morusverlag.de/" "Mozilla/5.0 (iPad; CPU OS 6_1_3 like Mac OS X) AppleWebKit/536.26 (KHTML, like Gecko) Version/6.0 Mobile/10B329 Safari/8536.25"
188.238.234.90 - - [21/Jan/2018:20:00:57 +0100] "GET /gotteslob.jpg HTTP/1.1" 200 9390 "http://www.morusverlag.de/" "Mozilla/5.0 (iPad; CPU OS 6_1_3 like Mac OS X) AppleWebKit/536.26 (KHTML, like Gecko) Version/6.0 Mobile/10B329 Safari/8536.25"
188.238.234.90 - - [21/Jan/2018:20:00:57 +0100] "GET /mv_gr_w.gif HTTP/1.1" 200 2005 "http://www.morusverlag.de/" "Mozilla/5.0 (iPad; CPU OS 6_1_3 like Mac OS X) AppleWebKit/536.26 (KHTML, like Gecko) Version/6.0 Mobile/10B329 Safari/8536.25"
188.238.234.90 - - [21/Jan/2018:20:00:57 +0100] "GET /jahrbuch_k.jpg HTTP/1.1" 200 3719 "http://www.morusverlag.de/" "Mozilla/5.0 (iPad; CPU OS 6_1_3 like Mac OS X) AppleWebKit/536.26 (KHTML, like Gecko) Version/6.0 Mobile/10B329 Safari/8536.25"
188.238.234.90 - - [21/Jan/2018:20:00:57 +0100] "GET /pf.gif HTTP/1.1" 200 62 "http://www.morusverlag.de/" "Mozilla/5.0 (iPad; CPU OS 6_1_3 like Mac OS X) AppleWebKit/536.26 (KHTML, like Gecko) Version/6.0 Mobile/10B329 Safari/8536.25"
188.238.234.90 - - [21/Jan/2018:20:00:58 +0100] "GET /cds/rosarium_k.jpg HTTP/1.1" 200 3972 "http://www.morusverlag.de/" "Mozilla/5.0 (iPad; CPU OS 6_1_3 like Mac OS X) AppleWebKit/536.26 (KHTML, like Gecko) Version/6.0 Mobile/10B329 Safari/8536.25"
188.238.234.90 - - [21/Jan/2018:20:00:58 +0100] "GET /cds/hymnos_k.jpg HTTP/1.1" 200 4986 "http://www.morusverlag.de/" "Mozilla/5.0 (iPad; CPU OS 6_1_3 like Mac OS X) AppleWebKit/536.26 (KHTML, like Gecko) Version/6.0 Mobile/10B329 Safari/8536.25"
188.238.234.90 - - [21/Jan/2018:20:00:58 +0100] "GET /cds/ignatius_k.jpg HTTP/1.1" 200 3965 "http://www.morusverlag.de/" "Mozilla/5.0 (iPad; CPU OS 6_1_3 like Mac OS X) AppleWebKit/536.26 (KHTML, like Gecko) Version/6.0 Mobile/10B329 Safari/8536.25"
188.238.234.90 - - [21/Jan/2018:20:00:58 +0100] "GET /buecher/engel.jpg HTTP/1.1" 200 5414 "http://www.morusverlag.de/" "Mozilla/5.0 (iPad; CPU OS 6_1_3 like Mac OS X) AppleWebKit/536.26 (KHTML, like Gecko) Version/6.0 Mobile/10B329 Safari/8536.25"
188.238.234.90 - - [21/Jan/2018:20:00:59 +0100] "GET /buch_k.jpg HTTP/1.1" 200 4591 "http://www.morusverlag.de/" "Mozilla/5.0 (iPad; CPU OS 6_1_3 like Mac OS X) AppleWebKit/536.26 (KHTML, like Gecko) Version/6.0 Mobile/10B329 Safari/8536.25"
188.238.234.90 - - [21/Jan/2018:20:00:59 +0100] "GET /buecher/chateaubriand.jpg HTTP/1.1" 200 2272 "http://www.morusverlag.de/" "Mozilla/5.0 (iPad; CPU OS 6_1_3 like Mac OS X) AppleWebKit/536.26 (KHTML, like Gecko) Version/6.0 Mobile/10B329 Safari/8536.25"
188.238.234.90 - - [21/Jan/2018:20:01:32 +0100] "GET /buecher/veroeffentlichungsliste.html HTTP/1.1" 200 129779 "http://www.morusverlag.de/" "Mozilla/5.0 (iPad; CPU OS 6_1_3 like Mac OS X) AppleWebKit/536.26 (KHTML, like Gecko) Version/6.0 Mobile/10B329 Safari/8536.25"
188.238.234.90 - - [21/Jan/2018:20:01:57 +0100] "GET /buecher/index.html HTTP/1.1" 200 25885 "http://www.morusverlag.de/buecher/veroeffentlichungsliste.html" "Mozilla/5.0 (iPad; CPU OS 6_1_3 like Mac OS X) AppleWebKit/536.26 (KHTML, like Gecko) Version/6.0 Mobile/10B329 Safari/8536.25"
188.238.234.90 - - [21/Jan/2018:20:01:57 +0100] "GET /contentflow/contentflow.js HTTP/1.1" 200 42064 "http://www.morusverlag.de/buecher/index.html" "Mozilla/5.0 (iPad; CPU OS 6_1_3 like Mac OS X) AppleWebKit/536.26 (KHTML, like Gecko) Version/6.0 Mobile/10B329 Safari/8536.25"
188.238.234.90 - - [21/Jan/2018:20:01:58 +0100] "GET /m.gif HTTP/1.1" 200 95 "http://www.morusverlag.de/buecher/index.html" "Mozilla/5.0 (iPad; CPU OS 6_1_3 like Mac OS X) AppleWebKit/536.26 (KHTML, like Gecko) Version/6.0 Mobile/10B329 Safari/8536.25"
188.238.234.90 - - [21/Jan/2018:20:01:58 +0100] "GET /buecher/gesichter/01.jpg HTTP/1.1" 200 7981 "http://www.morusverlag.de/buecher/index.html" "Mozilla/5.0 (iPad; CPU OS 6_1_3 like Mac OS X) AppleWebKit/536.26 (KHTML, like Gecko) Version/6.0 Mobile/10B329 Safari/8536.25"
188.238.234.90 - - [21/Jan/2018:20:01:58 +0100] "GET /buecher/gesichter/10.jpg HTTP/1.1" 200 7686 "http://www.morusverlag.de/buecher/index.html" "Mozilla/5.0 (iPad; CPU OS 6_1_3 like Mac OS X) AppleWebKit/536.26 (KHTML, like Gecko) Version/6.0 Mobile/10B329 Safari/8536.25"
188.238.234.90 - - [21/Jan/2018:20:01:58 +0100] "GET /buecher/gesichter/05.jpg HTTP/1.1" 200 8981 "http://www.morusverlag.de/buecher/index.html" "Mozilla/5.0 (iPad; CPU OS 6_1_3 like Mac OS X) AppleWebKit/536.26 (KHTML, like Gecko) Version/6.0 Mobile/10B329 Safari/8536.25"
188.238.234.90 - - [21/Jan/2018:20:01:59 +0100] "GET /buecher/gesichter/02.jpg HTTP/1.1" 200 9266 "http://www.morusverlag.de/buecher/index.html" "Mozilla/5.0 (iPad; CPU OS 6_1_3 like Mac OS X) AppleWebKit/536.26 (KHTML, like Gecko) Version/6.0 Mobile/10B329 Safari/8536.25"
188.238.234.90 - - [21/Jan/2018:20:01:59 +0100] "GET /buecher/gesichter/03.jpg HTTP/1.1" 200 10026 "http://www.morusverlag.de/buecher/index.html" "Mozilla/5.0 (iPad; CPU OS 6_1_3 like Mac OS X) AppleWebKit/536.26 (KHTML, like Gecko) Version/6.0 Mobile/10B329 Safari/8536.25"
188.238.234.90 - - [21/Jan/2018:20:01:59 +0100] "GET /buecher/gesichter/04.jpg HTTP/1.1" 200 7078 "http://www.morusverlag.de/buecher/index.html" "Mozilla/5.0 (iPad; CPU OS 6_1_3 like Mac OS X) AppleWebKit/536.26 (KHTML, like Gecko) Version/6.0 Mobile/10B329 Safari/8536.25"
188.238.234.90 - - [21/Jan/2018:20:01:59 +0100] "GET /contentflow/contentflow.css HTTP/1.1" 200 3109 "http://www.morusverlag.de/buecher/index.html" "Mozilla/5.0 (iPad; CPU OS 6_1_3 like Mac OS X) AppleWebKit/536.26 (KHTML, like Gecko) Version/6.0 Mobile/10B329 Safari/8536.25"
188.238.234.90 - - [21/Jan/2018:20:01:59 +0100] "GET /buecher/gesichter/15.jpg HTTP/1.1" 200 7253 "http://www.morusverlag.de/buecher/index.html" "Mozilla/5.0 (iPad; CPU OS 6_1_3 like Mac OS X) AppleWebKit/536.26 (KHTML, like Gecko) Version/6.0 Mobile/10B329 Safari/8536.25"
188.238.234.90 - - [21/Jan/2018:20:01:59 +0100] "GET /buecher/gesichter/09.jpg HTTP/1.1" 200 9739 "http://www.morusverlag.de/buecher/index.html" "Mozilla/5.0 (iPad; CPU OS 6_1_3 like Mac OS X) AppleWebKit/536.26 (KHTML, like Gecko) Version/6.0 Mobile/10B329 Safari/8536.25"
188.238.234.90 - - [21/Jan/2018:20:02:00 +0100] "GET /contentflow/mycontentflow.css HTTP/1.1" 404 2381 "http://www.morusverlag.de/buecher/index.html" "Mozilla/5.0 (iPad; CPU OS 6_1_3 like Mac OS X) AppleWebKit/536.26 (KHTML, like Gecko) Version/6.0 Mobile/10B329 Safari/8536.25"
188.238.234.90 - - [21/Jan/2018:20:02:00 +0100] "GET /buecher/gesichter/20.jpg HTTP/1.1" 200 8785 "http://www.morusverlag.de/buecher/index.html" "Mozilla/5.0 (iPad; CPU OS 6_1_3 like Mac OS X) AppleWebKit/536.26 (KHTML, like Gecko) Version/6.0 Mobile/10B329 Safari/8536.25"
188.238.234.90 - - [21/Jan/2018:20:02:00 +0100] "GET /buecher/gesichter/06.jpg HTTP/1.1" 200 8732 "http://www.morusverlag.de/buecher/index.html" "Mozilla/5.0 (iPad; CPU OS 6_1_3 like Mac OS X) AppleWebKit/536.26 (KHTML, like Gecko) Version/6.0 Mobile/10B329 Safari/8536.25"
188.238.234.90 - - [21/Jan/2018:20:02:00 +0100] "GET /buecher/gesichter/07.jpg HTTP/1.1" 200 7301 "http://www.morusverlag.de/buecher/index.html" "Mozilla/5.0 (iPad; CPU OS 6_1_3 like Mac OS X) AppleWebKit/536.26 (KHTML, like Gecko) Version/6.0 Mobile/10B329 Safari/8536.25"
188.238.234.90 - - [21/Jan/2018:20:02:00 +0100] "GET /buecher/gesichter/08.jpg HTTP/1.1" 200 10437 "http://www.morusverlag.de/buecher/index.html" "Mozilla/5.0 (iPad; CPU OS 6_1_3 like Mac OS X) AppleWebKit/536.26 (KHTML, like Gecko) Version/6.0 Mobile/10B329 Safari/8536.25"
188.238.234.90 - - [21/Jan/2018:20:02:00 +0100] "GET /buecher/gesichter/25.jpg HTTP/1.1" 200 7280 "http://www.morusverlag.de/buecher/index.html" "Mozilla/5.0 (iPad; CPU OS 6_1_3 like Mac OS X) AppleWebKit/536.26 (KHTML, like Gecko) Version/6.0 Mobile/10B329 Safari/8536.25"
188.238.234.90 - - [21/Jan/2018:20:02:00 +0100] "GET /buecher/gesichter/14.jpg HTTP/1.1" 200 7847 "http://www.morusverlag.de/buecher/index.html" "Mozilla/5.0 (iPad; CPU OS 6_1_3 like Mac OS X) AppleWebKit/536.26 (KHTML, like Gecko) Version/6.0 Mobile/10B329 Safari/8536.25"
188.238.234.90 - - [21/Jan/2018:20:02:00 +0100] "GET /buecher/gesichter/12.jpg HTTP/1.1" 200 6460 "http://www.morusverlag.de/buecher/index.html" "Mozilla/5.0 (iPad; CPU OS 6_1_3 like Mac OS X) AppleWebKit/536.26 (KHTML, like Gecko) Version/6.0 Mobile/10B329 Safari/8536.25"
188.238.234.90 - - [21/Jan/2018:20:02:00 +0100] "GET /buecher/gesichter/30.jpg HTTP/1.1" 200 8702 "http://www.morusverlag.de/buecher/index.html" "Mozilla/5.0 (iPad; CPU OS 6_1_3 like Mac OS X) AppleWebKit/536.26 (KHTML, like Gecko) Version/6.0 Mobile/10B329 Safari/8536.25"
188.238.234.90 - - [21/Jan/2018:20:02:00 +0100] "GET /buecher/gesichter/11.jpg HTTP/1.1" 200 6175 "http://www.morusverlag.de/buecher/index.html" "Mozilla/5.0 (iPad; CPU OS 6_1_3 like Mac OS X) AppleWebKit/536.26 (KHTML, like Gecko) Version/6.0 Mobile/10B329 Safari/8536.25"
188.238.234.90 - - [21/Jan/2018:20:02:00 +0100] "GET /buecher/gesichter/19.jpg HTTP/1.1" 200 8281 "http://www.morusverlag.de/buecher/index.html" "Mozilla/5.0 (iPad; CPU OS 6_1_3 like Mac OS X) AppleWebKit/536.26 (KHTML, like Gecko) Version/6.0 Mobile/10B329 Safari/8536.25"
188.238.234.90 - - [21/Jan/2018:20:02:01 +0100] "GET /buecher/gesichter/17.jpg HTTP/1.1" 200 7587 "http://www.morusverlag.de/buecher/index.html" "Mozilla/5.0 (iPad; CPU OS 6_1_3 like Mac OS X) AppleWebKit/536.26 (KHTML, like Gecko) Version/6.0 Mobile/10B329 Safari/8536.25"
188.238.234.90 - - [21/Jan/2018:20:02:01 +0100] "GET /buecher/gesichter/13.jpg HTTP/1.1" 200 8373 "http://www.morusverlag.de/buecher/index.html" "Mozilla/5.0 (iPad; CPU OS 6_1_3 like Mac OS X) AppleWebKit/536.26 (KHTML, like Gecko) Version/6.0 Mobile/10B329 Safari/8536.25"
188.238.234.90 - - [21/Jan/2018:20:02:01 +0100] "GET /buecher/gesichter/16.jpg HTTP/1.1" 200 8367 "http://www.morusverlag.de/buecher/index.html" "Mozilla/5.0 (iPad; CPU OS 6_1_3 like Mac OS X) AppleWebKit/536.26 (KHTML, like Gecko) Version/6.0 Mobile/10B329 Safari/8536.25"
188.238.234.90 - - [21/Jan/2018:20:02:01 +0100] "GET /buecher/gesichter/24.jpg HTTP/1.1" 200 8021 "http://www.morusverlag.de/buecher/index.html" "Mozilla/5.0 (iPad; CPU OS 6_1_3 like Mac OS X) AppleWebKit/536.26 (KHTML, like Gecko) Version/6.0 Mobile/10B329 Safari/8536.25"
188.238.234.90 - - [21/Jan/2018:20:02:01 +0100] "GET /buecher/gesichter/22.jpg HTTP/1.1" 200 8837 "http://www.morusverlag.de/buecher/index.html" "Mozilla/5.0 (iPad; CPU OS 6_1_3 like Mac OS X) AppleWebKit/536.26 (KHTML, like Gecko) Version/6.0 Mobile/10B329 Safari/8536.25"
188.238.234.90 - - [21/Jan/2018:20:02:01 +0100] "GET /buecher/gesichter/18.jpg HTTP/1.1" 200 8757 "http://www.morusverlag.de/buecher/index.html" "Mozilla/5.0 (iPad; CPU OS 6_1_3 like Mac OS X) AppleWebKit/536.26 (KHTML, like Gecko) Version/6.0 Mobile/10B329 Safari/8536.25"
188.238.234.90 - - [21/Jan/2018:20:02:01 +0100] "GET /buecher/le_saulchoir.jpg HTTP/1.1" 200 2734 "http://www.morusverlag.de/buecher/index.html" "Mozilla/5.0 (iPad; CPU OS 6_1_3 like Mac OS X) AppleWebKit/536.26 (KHTML, like Gecko) Version/6.0 Mobile/10B329 Safari/8536.25"
188.238.234.90 - - [21/Jan/2018:20:02:01 +0100] "GET /buecher/gesichter/21.jpg HTTP/1.1" 200 7433 "http://www.morusverlag.de/buecher/index.html" "Mozilla/5.0 (iPad; CPU OS 6_1_3 like Mac OS X) AppleWebKit/536.26 (KHTML, like Gecko) Version/6.0 Mobile/10B329 Safari/8536.25"
188.238.234.90 - - [21/Jan/2018:20:02:01 +0100] "GET /buecher/gesichter/29.jpg HTTP/1.1" 200 9282 "http://www.morusverlag.de/buecher/index.html" "Mozilla/5.0 (iPad; CPU OS 6_1_3 like Mac OS X) AppleWebKit/536.26 (KHTML, like Gecko) Version/6.0 Mobile/10B329 Safari/8536.25"
188.238.234.90 - - [21/Jan/2018:20:02:02 +0100] "GET /buecher/gesichter/27.jpg HTTP/1.1" 200 8110 "http://www.morusverlag.de/buecher/index.html" "Mozilla/5.0 (iPad; CPU OS 6_1_3 like Mac OS X) AppleWebKit/536.26 (KHTML, like Gecko) Version/6.0 Mobile/10B329 Safari/8536.25"
188.238.234.90 - - [21/Jan/2018:20:02:02 +0100] "GET /buecher/gesichter/23.jpg HTTP/1.1" 200 8706 "http://www.morusverlag.de/buecher/index.html" "Mozilla/5.0 (iPad; CPU OS 6_1_3 like Mac OS X) AppleWebKit/536.26 (KHTML, like Gecko) Version/6.0 Mobile/10B329 Safari/8536.25"
188.238.234.90 - - [21/Jan/2018:20:02:02 +0100] "GET /buecher/leiblichkeit.jpg HTTP/1.1" 200 3929 "http://www.morusverlag.de/buecher/index.html" "Mozilla/5.0 (iPad; CPU OS 6_1_3 like Mac OS X) AppleWebKit/536.26 (KHTML, like Gecko) Version/6.0 Mobile/10B329 Safari/8536.25"
188.238.234.90 - - [21/Jan/2018:20:02:02 +0100] "GET /buecher/gesichter/26.jpg HTTP/1.1" 200 8027 "http://www.morusverlag.de/buecher/index.html" "Mozilla/5.0 (iPad; CPU OS 6_1_3 like Mac OS X) AppleWebKit/536.26 (KHTML, like Gecko) Version/6.0 Mobile/10B329 Safari/8536.25"
188.238.234.90 - - [21/Jan/2018:20:02:02 +0100] "GET /buecher/liebe_und_treue.jpg HTTP/1.1" 200 3067 "http://www.morusverlag.de/buecher/index.html" "Mozilla/5.0 (iPad; CPU OS 6_1_3 like Mac OS X) AppleWebKit/536.26 (KHTML, like Gecko) Version/6.0 Mobile/10B329 Safari/8536.25"
188.238.234.90 - - [21/Jan/2018:20:02:02 +0100] "GET /buecher/gesichter/32.jpg HTTP/1.1" 200 8010 "http://www.morusverlag.de/buecher/index.html" "Mozilla/5.0 (iPad; CPU OS 6_1_3 like Mac OS X) AppleWebKit/536.26 (KHTML, like Gecko) Version/6.0 Mobile/10B329 Safari/8536.25"
188.238.234.90 - - [21/Jan/2018:20:02:02 +0100] "GET /buecher/gesichter/28.jpg HTTP/1.1" 200 7684 "http://www.morusverlag.de/buecher/index.html" "Mozilla/5.0 (iPad; CPU OS 6_1_3 like Mac OS X) AppleWebKit/536.26 (KHTML, like Gecko) Version/6.0 Mobile/10B329 Safari/8536.25"
188.238.234.90 - - [21/Jan/2018:20:02:02 +0100] "GET /buecher/gesichter/31.jpg HTTP/1.1" 200 8424 "http://www.morusverlag.de/buecher/index.html" "Mozilla/5.0 (iPad; CPU OS 6_1_3 like Mac OS X) AppleWebKit/536.26 (KHTML, like Gecko) Version/6.0 Mobile/10B329 Safari/8536.25"
188.238.234.90 - - [21/Jan/2018:20:02:02 +0100] "GET /buecher/islam.jpg HTTP/1.1" 200 4080 "http://www.morusverlag.de/buecher/index.html" "Mozilla/5.0 (iPad; CPU OS 6_1_3 like Mac OS X) AppleWebKit/536.26 (KHTML, like Gecko) Version/6.0 Mobile/10B329 Safari/8536.25"
188.238.234.90 - - [21/Jan/2018:20:02:02 +0100] "GET /buecher/krise_zum_heil.jpg HTTP/1.1" 200 1930 "http://www.morusverlag.de/buecher/index.html" "Mozilla/5.0 (iPad; CPU OS 6_1_3 like Mac OS X) AppleWebKit/536.26 (KHTML, like Gecko) Version/6.0 Mobile/10B329 Safari/8536.25"
188.238.234.90 - - [21/Jan/2018:20:02:02 +0100] "GET /buecher/mein_atem.jpg HTTP/1.1" 200 4118 "http://www.morusverlag.de/buecher/index.html" "Mozilla/5.0 (iPad; CPU OS 6_1_3 like Mac OS X) AppleWebKit/536.26 (KHTML, like Gecko) Version/6.0 Mobile/10B329 Safari/8536.25"
188.238.234.90 - - [21/Jan/2018:20:02:03 +0100] "GET /buecher/staatsaufgaben.jpg HTTP/1.1" 200 2204 "http://www.morusverlag.de/buecher/index.html" "Mozilla/5.0 (iPad; CPU OS 6_1_3 like Mac OS X) AppleWebKit/536.26 (KHTML, like Gecko) Version/6.0 Mobile/10B329 Safari/8536.25"
188.238.234.90 - - [21/Jan/2018:20:02:03 +0100] "GET /buecher/nichtaufsand.jpg HTTP/1.1" 200 3733 "http://www.morusverlag.de/buecher/index.html" "Mozilla/5.0 (iPad; CPU OS 6_1_3 like Mac OS X) AppleWebKit/536.26 (KHTML, like Gecko) Version/6.0 Mobile/10B329 Safari/8536.25"
188.238.234.90 - - [21/Jan/2018:20:02:03 +0100] "GET /buecher/preysing.jpg HTTP/1.1" 200 3799 "http://www.morusverlag.de/buecher/index.html" "Mozilla/5.0 (iPad; CPU OS 6_1_3 like Mac OS X) AppleWebKit/536.26 (KHTML, like Gecko) Version/6.0 Mobile/10B329 Safari/8536.25"
188.238.234.90 - - [21/Jan/2018:20:02:03 +0100] "GET /contentflow/ContentFlowAddOn_white.js HTTP/1.1" 200 471 "http://www.morusverlag.de/buecher/index.html" "Mozilla/5.0 (iPad; CPU OS 6_1_3 like Mac OS X) AppleWebKit/536.26 (KHTML, like Gecko) Version/6.0 Mobile/10B329 Safari/8536.25"
188.238.234.90 - - [21/Jan/2018:20:02:03 +0100] "GET /contentflow/ContentFlowAddOn_white.css HTTP/1.1" 200 3174 "http://www.morusverlag.de/buecher/index.html" "Mozilla/5.0 (iPad; CPU OS 6_1_3 like Mac OS X) AppleWebKit/536.26 (KHTML, like Gecko) Version/6.0 Mobile/10B329 Safari/8536.25"
188.238.234.90 - - [21/Jan/2018:20:02:03 +0100] "GET /contentflow/img/loader.gif HTTP/1.1" 200 8238 "http://www.morusverlag.de/buecher/index.html" "Mozilla/5.0 (iPad; CPU OS 6_1_3 like Mac OS X) AppleWebKit/536.26 (KHTML, like Gecko) Version/6.0 Mobile/10B329 Safari/8536.25"
188.238.234.90 - - [21/Jan/2018:20:02:03 +0100] "GET /contentflow/img/scrollbar_white.png HTTP/1.1" 200 82 "http://www.morusverlag.de/buecher/index.html" "Mozilla/5.0 (iPad; CPU OS 6_1_3 like Mac OS X) AppleWebKit/536.26 (KHTML, like Gecko) Version/6.0 Mobile/10B329 Safari/8536.25"
188.238.234.90 - - [21/Jan/2018:20:02:03 +0100] "GET /contentflow/img/slider_white.png HTTP/1.1" 200 178 "http://www.morusverlag.de/buecher/index.html" "Mozilla/5.0 (iPad; CPU OS 6_1_3 like Mac OS X) AppleWebKit/536.26 (KHTML, like Gecko) Version/6.0 Mobile/10B329 Safari/8536.25"
188.238.234.90 - - [21/Jan/2018:20:02:04 +0100] "GET /contentflow/img/1x1_0.5_white.png HTTP/1.1" 200 82 "http://www.morusverlag.de/buecher/index.html" "Mozilla/5.0 (iPad; CPU OS 6_1_3 like Mac OS X) AppleWebKit/536.26 (KHTML, like Gecko) Version/6.0 Mobile/10B329 Safari/8536.25"
188.238.234.90 - - [21/Jan/2018:20:02:04 +0100] "GET /contentflow/img/loader_white.gif HTTP/1.1" 200 8238 "http://www.morusverlag.de/buecher/index.html" "Mozilla/5.0 (iPad; CPU OS 6_1_3 like Mac OS X) AppleWebKit/536.26 (KHTML, like Gecko) Version/6.0 Mobile/10B329 Safari/8536.25"
188.238.234.90 - - [21/Jan/2018:20:02:04 +0100] "GET /contentflow/img/scrollbar_black.png HTTP/1.1" 200 82 "http://www.morusverlag.de/buecher/index.html" "Mozilla/5.0 (iPad; CPU OS 6_1_3 like Mac OS X) AppleWebKit/536.26 (KHTML, like Gecko) Version/6.0 Mobile/10B329 Safari/8536.25"
188.238.234.90 - - [21/Jan/2018:20:02:04 +0100] "GET /contentflow/img/slider_black.png HTTP/1.1" 200 175 "http://www.morusverlag.de/buecher/index.html" "Mozilla/5.0 (iPad; CPU OS 6_1_3 like Mac OS X) AppleWebKit/536.26 (KHTML, like Gecko) Version/6.0 Mobile/10B329 Safari/8536.25"
216.244.66.198 - - [21/Jan/2018:20:23:47 +0100] "GET /robots.txt HTTP/1.1" 200 100 "-" "Mozilla/5.0 (compatible; DotBot/1.1; http://www.opensiteexplorer.org/dotbot, help@moz.com)"
66.249.64.211 - - [21/Jan/2018:20:55:09 +0100] "GET / HTTP/1.1" 200 9360 "-" "Mozilla/5.0 (Linux; Android 6.0.1; Nexus 5X Build/MMB29P) AppleWebKit/537.36 (KHTML, like Gecko) Chrome/41.0.2272.96 Mobile Safari/537.36 (compatible; Googlebot/2.1; +http://www.google.com/bot.html)"
141.8.141.131 - - [21/Jan/2018:21:04:18 +0100] "GET /robots.txt HTTP/1.1" 200 100 "-" "Mozilla/5.0 (compatible; YandexBot/3.0; +http://yandex.com/bots)"
141.8.141.131 - - [21/Jan/2018:21:04:22 +0100] "GET / HTTP/1.1" 200 9360 "-" "Mozilla/5.0 (compatible; YandexBot/3.0; +http://yandex.com/bots)"
216.244.66.198 - - [21/Jan/2018:21:35:31 +0100] "GET /buecher/bestellung.php HTTP/1.1" 200 10142 "-" "Mozilla/5.0 (compatible; DotBot/1.1; http://www.opensiteexplorer.org/dotbot, help@moz.com)"
141.8.141.131 - - [21/Jan/2018:21:46:51 +0100] "GET /buecher/rezensionen_ungeteilt.html HTTP/1.1" 200 9764 "-" "Mozilla/5.0 (compatible; YandexBot/3.0; +http://yandex.com/bots)"
141.8.141.131 - - [21/Jan/2018:21:53:56 +0100] "GET /sonderthemen/oeaz2001.pdf HTTP/1.1" 200 4496626 "-" "Mozilla/5.0 (compatible; YandexBot/3.0; +http://yandex.com/bots)"
91.57.7.139 - - [21/Jan/2018:22:14:04 +0100] "GET /cds/hymnos_akathistos.html HTTP/1.1" 200 11061 "https://de.wikipedia.org/" "Mozilla/5.0 (Windows NT 10.0; Win64; x64) AppleWebKit/537.36 (KHTML, like Gecko) Chrome/63.0.3239.132 Safari/537.36"
91.57.7.139 - - [21/Jan/2018:22:14:04 +0100] "GET /main.css HTTP/1.1" 200 1439 "http://www.morusverlag.de/cds/hymnos_akathistos.html" "Mozilla/5.0 (Windows NT 10.0; Win64; x64) AppleWebKit/537.36 (KHTML, like Gecko) Chrome/63.0.3239.132 Safari/537.36"
91.57.7.139 - - [21/Jan/2018:22:14:04 +0100] "GET /logo_g.gif HTTP/1.1" 200 1301 "http://www.morusverlag.de/cds/hymnos_akathistos.html" "Mozilla/5.0 (Windows NT 10.0; Win64; x64) AppleWebKit/537.36 (KHTML, like Gecko) Chrome/63.0.3239.132 Safari/537.36"
91.57.7.139 - - [21/Jan/2018:22:14:04 +0100] "GET /mv_g.gif HTTP/1.1" 200 4070 "http://www.morusverlag.de/cds/hymnos_akathistos.html" "Mozilla/5.0 (Windows NT 10.0; Win64; x64) AppleWebKit/537.36 (KHTML, like Gecko) Chrome/63.0.3239.132 Safari/537.36"
91.57.7.139 - - [21/Jan/2018:22:14:04 +0100] "GET /m.gif HTTP/1.1" 200 95 "http://www.morusverlag.de/cds/hymnos_akathistos.html" "Mozilla/5.0 (Windows NT 10.0; Win64; x64) AppleWebKit/537.36 (KHTML, like Gecko) Chrome/63.0.3239.132 Safari/537.36"
91.57.7.139 - - [21/Jan/2018:22:14:04 +0100] "GET /pf.gif HTTP/1.1" 200 62 "http://www.morusverlag.de/cds/hymnos_akathistos.html" "Mozilla/5.0 (Windows NT 10.0; Win64; x64) AppleWebKit/537.36 (KHTML, like Gecko) Chrome/63.0.3239.132 Safari/537.36"
91.57.7.139 - - [21/Jan/2018:22:14:05 +0100] "GET /cds/hymnos.jpg HTTP/1.1" 200 27752 "http://www.morusverlag.de/cds/hymnos_akathistos.html" "Mozilla/5.0 (Windows NT 10.0; Win64; x64) AppleWebKit/537.36 (KHTML, like Gecko) Chrome/63.0.3239.132 Safari/537.36"
91.57.7.139 - - [21/Jan/2018:22:14:05 +0100] "GET /cds/hymnos_heft.jpg HTTP/1.1" 200 8653 "http://www.morusverlag.de/cds/hymnos_akathistos.html" "Mozilla/5.0 (Windows NT 10.0; Win64; x64) AppleWebKit/537.36 (KHTML, like Gecko) Chrome/63.0.3239.132 Safari/537.36"
91.57.7.139 - - [21/Jan/2018:22:14:05 +0100] "GET /strich.gif HTTP/1.1" 200 45 "http://www.morusverlag.de/cds/hymnos_akathistos.html" "Mozilla/5.0 (Windows NT 10.0; Win64; x64) AppleWebKit/537.36 (KHTML, like Gecko) Chrome/63.0.3239.132 Safari/537.36"
91.57.7.139 - - [21/Jan/2018:22:14:05 +0100] "GET /favicon.ico HTTP/1.1" 200 4286 "http://www.morusverlag.de/cds/hymnos_akathistos.html" "Mozilla/5.0 (Windows NT 10.0; Win64; x64) AppleWebKit/537.36 (KHTML, like Gecko) Chrome/63.0.3239.132 Safari/537.36"
141.8.141.131 - - [21/Jan/2018:22:47:45 +0100] "GET /cds/ignatius.html HTTP/1.1" 200 6576 "-" "Mozilla/5.0 (compatible; YandexBot/3.0; +http://yandex.com/bots)"
216.244.66.250 - - [21/Jan/2018:22:51:16 +0100] "GET /robots.txt HTTP/1.1" 200 100 "-" "Mozilla/5.0 (compatible; DotBot/1.1; http://www.opensiteexplorer.org/dotbot, help@moz.com)"
157.55.39.44 - - [21/Jan/2018:22:55:54 +0100] "GET /buecher/rezensionen_preysing.html HTTP/1.1" 200 9502 "-" "Mozilla/5.0 (compatible; bingbot/2.0; +http://www.bing.com/bingbot.htm)"
141.8.141.131 - - [21/Jan/2018:23:10:37 +0100] "GET /jahrbuch/titelseiten/index.html HTTP/1.1" 200 6735 "-" "Mozilla/5.0 (compatible; YandexBot/3.0; +http://yandex.com/bots)"
144.76.168.111 - - [21/Jan/2018:23:11:41 +0100] "GET /sonderthemen/oekt_extra1.pdf HTTP/1.1" 200 1849015 "-" "Mozilla/5.0 (Windows NT 5.0; rv:21.0) Gecko/20100101 Firefox/21.0"
46.229.164.99 - - [21/Jan/2018:23:19:07 +0100] "GET /robots.txt HTTP/1.1" 200 100 "-" "Mozilla/5.0 (compatible; SemrushBot/1.2~bl; +http://www.semrush.com/bot.html)"
157.55.39.241 - - [21/Jan/2018:23:27:22 +0100] "GET /sonderthemen/sk2001.pdf HTTP/1.1" 200 3098589 "-" "Mozilla/5.0 (iPhone; CPU iPhone OS 7_0 like Mac OS X) AppleWebKit/537.51.1 (KHTML, like Gecko) Version/7.0 Mobile/11A465 Safari/9537.53 (compatible; bingbot/2.0; +http://www.bing.com/bingbot.htm)"
157.55.39.224 - - [21/Jan/2018:23:43:53 +0100] "GET /sonderthemen/sk2002.pdf HTTP/1.1" 200 2628923 "-" "Mozilla/5.0 (iPhone; CPU iPhone OS 7_0 like Mac OS X) AppleWebKit/537.51.1 (KHTML, like Gecko) Version/7.0 Mobile/11A465 Safari/9537.53 (compatible; bingbot/2.0; +http://www.bing.com/bingbot.htm)"
141.8.141.131 - - [21/Jan/2018:23:58:16 +0100] "GET /robots.txt HTTP/1.1" 200 100 "-" "Mozilla/5.0 (compatible; YandexBot/3.0; +http://yandex.com/bots)"
141.8.141.131 - - [21/Jan/2018:23:58:20 +0100] "GET /buecher/rezensionen_le_saulchoir.html HTTP/1.1" 200 34009 "-" "Mozilla/5.0 (compatible; YandexBot/3.0; +http://yandex.com/bots)"
216.244.66.250 - - [22/Jan/2018:00:09:11 +0100] "GET /sonderthemen/index.html HTTP/1.1" 200 7102 "-" "Mozilla/5.0 (compatible; DotBot/1.1; http://www.opensiteexplorer.org/dotbot, help@moz.com)"
141.8.141.131 - - [22/Jan/2018:00:27:47 +0100] "GET /buecher/rezensionen_krise_zum_heil.html HTTP/1.1" 200 9828 "-" "Mozilla/5.0 (compatible; YandexBot/3.0; +http://yandex.com/bots)"
78.46.156.169 - - [22/Jan/2018:00:35:46 +0100] "GET /sonderthemen/oekt_extra1.pdf HTTP/1.1" 200 1849015 "-" "Mozilla/5.0 (Windows NT 6.1; WOW64; rv:21.0) Gecko/20100101 Firefox/21.0"
42.236.10.115 - - [22/Jan/2018:00:41:06 +0100] "GET / HTTP/1.1" 200 9360 "http://www.morusverlag.de/" "Mozilla/5.0 (Windows NT 6.1; WOW64) AppleWebKit/537.36 (KHTML, like Gecko) Chrome/50.0.2661.102 Safari/537.36; 360Spider"
77.75.77.32 - - [22/Jan/2018:00:52:59 +0100] "GET /robots.txt HTTP/1.1" 200 100 "-" "Mozilla/5.0 (compatible; SeznamBot/3.2; +http://napoveda.seznam.cz/en/seznambot-intro/)"
77.75.77.32 - - [22/Jan/2018:00:53:00 +0100] "GET /sonderthemen/presse.html HTTP/1.1" 304 - "-" "Mozilla/5.0 (compatible; SeznamBot/3.2; +http://napoveda.seznam.cz/en/seznambot-intro/)"
87.163.73.212 - - [22/Jan/2018:01:05:59 +0100] "GET /sonderthemen/sk2002.pdf HTTP/1.1" 200 2628923 "-" "Mozilla/5.0 (Windows NT 6.1; rv:57.0) Gecko/20100101 Firefox/57.0"
157.55.39.241 - - [22/Jan/2018:01:10:50 +0100] "GET /buecher/ HTTP/1.1" 200 25885 "-" "Mozilla/5.0 (compatible; bingbot/2.0; +http://www.bing.com/bingbot.htm)"
157.55.39.224 - - [22/Jan/2018:01:26:17 +0100] "GET /buecher/gesichter/19.jpg HTTP/1.1" 200 8281 "-" "Mozilla/5.0 (compatible; bingbot/2.0; +http://www.bing.com/bingbot.htm)"
144.76.153.198 - - [22/Jan/2018:01:30:39 +0100] "GET /buecher/rezensionen_le_saulchoir.html HTTP/1.1" 200 34009 "-" "Mozilla/5.0 (Macintosh; Intel Mac OS X 10_6_8) AppleWebKit/534.59.8 (KHTML, like Gecko) Version/5.1.9 Safari/534.59.8"
95.73.14.185 - - [22/Jan/2018:01:36:11 +0100] "GET /buecher/gesichter/32.jpg HTTP/1.1" 200 8010 "-" "Mozilla/5.0 (Windows NT 10.0; WOW64) AppleWebKit/537.36 (KHTML, like Gecko) Chrome/63.0.3239.132 Safari/537.36 OPR/50.0.2762.58"
144.76.153.198 - - [22/Jan/2018:01:39:33 +0100] "GET /sonderthemen/oeaz2002.pdf HTTP/1.1" 200 3161455 "-" "Mozilla/5.0 (Windows NT 6.2; Win64; x64;) Gecko/20100101 Firefox/20.0"
178.159.39.237 - - [22/Jan/2018:01:41:38 +0100] "HEAD / HTTP/1.1" 200 - "https://frauplus.ru/blusen/index.html" "Mozilla/8.0 (compatible; MSIE7.00; Windows 2005)"
88.198.43.207 - - [22/Jan/2018:01:46:45 +0100] "GET /buecher/ HTTP/1.1" 200 25885 "-" "Mozilla/5.0 (Macintosh; Intel Mac OS X 10_8_3) AppleWebKit/537.36 (KHTML, like Gecko) Chrome/27.0.1453.93 Safari/537.36"
167.160.123.22 - - [22/Jan/2018:01:46:45 +0100] "GET /buecher/index.html HTTP/1.1" 200 25885 "-" "Mozilla/5.0 (X11; Ubuntu; Linux x86_64; rv:21.0) Gecko/20100101 Firefox/21.0"
144.76.168.111 - - [22/Jan/2018:01:46:59 +0100] "GET /buecher/index.html HTTP/1.1" 200 25885 "-" "Mozilla/5.0 (Windows NT 6.1; WOW64) AppleWebKit/537.11 (KHTML, like Gecko) Chrome/23.0.1271.97 Safari/537.11"
194.87.103.12 - - [22/Jan/2018:01:59:24 +0100] "HEAD / HTTP/1.1" 200 - "https://svaikin.ru/svajnyj-fundament-v-domodedovo/" "Mozilla/5.0 (compatible; MSIE2.00; Windows 2009)"
194.87.236.223 - - [22/Jan/2018:01:59:25 +0100] "HEAD / HTTP/1.1" 200 - "https://www.dna-sklad.ru/Chto_lechim/sustavy.htm" "Mozilla/3.0 (compatible; MSIE7.00; Windows 2008)"
195.133.201.163 - - [22/Jan/2018:01:59:26 +0100] "HEAD / HTTP/1.1" 200 - "http://gaming-technology.ru/igornye-avtomaty-dlya-igornogo-biznesa" "Mozilla/8.0 (compatible; MSIE3.00; Windows 2006)"
193.124.131.168 - - [22/Jan/2018:01:59:26 +0100] "HEAD / HTTP/1.1" 200 - "https://alfa-gnb.ru/services/perekhod-dorogi-metodom-gnb/" "Mozilla/8.0 (compatible; MSIE6.00; Windows 2009)"
194.87.94.251 - - [22/Jan/2018:01:59:26 +0100] "HEAD / HTTP/1.1" 200 - "https://amaron.ru/krasota/vse_dlya_manikura/" "Mozilla/5.0 (compatible; MSIE2.00; Windows 2003)"
195.133.145.199 - - [22/Jan/2018:01:59:26 +0100] "HEAD / HTTP/1.1" 200 - "http://ukrainianbridesagency.info/2017/06/10/30000-cheap-tickets-to-europe-for-ukrainians-from-usd-29/" "Mozilla/2.0 (compatible; MSIE2.00; Windows 2002)"
195.133.147.6 - - [22/Jan/2018:01:59:27 +0100] "HEAD / HTTP/1.1" 200 - "https://dienai.ru/tag/preparat-dlya-ukrepleniya-setchatki-glaza/" "Mozilla/6.0 (compatible; MSIE2.00; Windows 2009)"
77.75.77.95 - - [22/Jan/2018:02:00:37 +0100] "GET /robots.txt HTTP/1.1" 200 100 "-" "Mozilla/5.0 (compatible; SeznamBot/3.2; +http://napoveda.seznam.cz/en/seznambot-intro/)"
77.75.77.95 - - [22/Jan/2018:02:00:38 +0100] "GET /kontakt/index.html HTTP/1.1" 304 - "-" "Mozilla/5.0 (compatible; SeznamBot/3.2; +http://napoveda.seznam.cz/en/seznambot-intro/)"
141.8.141.131 - - [22/Jan/2018:02:07:40 +0100] "GET /buecher/rezensionen_psalmen.html HTTP/1.1" 200 6787 "-" "Mozilla/5.0 (compatible; YandexBot/3.0; +http://yandex.com/bots)"
141.8.141.131 - - [22/Jan/2018:02:08:06 +0100] "GET /buecher/rezensionen_ignatius.html HTTP/1.1" 200 8182 "-" "Mozilla/5.0 (compatible; YandexBot/3.0; +http://yandex.com/bots)"
157.55.39.224 - - [22/Jan/2018:02:15:32 +0100] "GET /buecher/gesichter/19.jpg HTTP/1.1" 200 8281 "-" "Mozilla/5.0 (compatible; bingbot/2.0; +http://www.bing.com/bingbot.htm)"
5.9.145.132 - - [22/Jan/2018:02:28:59 +0100] "GET /sonderthemen/sk2002.pdf HTTP/1.1" 200 2628923 "-" "Mozilla/5.0 (Windows NT 5.1) AppleWebKit/537.31 (KHTML, like Gecko) Chrome/26.0.1410.43 Safari/537.31"
173.44.13.4 - - [22/Jan/2018:02:28:45 +0100] "GET /sonderthemen/sk2002.pdf HTTP/1.1" 200 2628923 "-" "Mozilla/5.0 (Macintosh; Intel Mac OS X 10_8_2) AppleWebKit/536.26.17 (KHTML, like Gecko) Version/6.0.2 Safari/536.26.17"
141.8.141.131 - - [22/Jan/2018:02:42:30 +0100] "GET /robots.txt HTTP/1.1" 200 100 "-" "Mozilla/5.0 (compatible; YandexBot/3.0; +http://yandex.com/bots)"
141.8.141.131 - - [22/Jan/2018:02:42:34 +0100] "GET /sonderthemen/sk2001.pdf HTTP/1.1" 200 3098589 "-" "Mozilla/5.0 (compatible; YandexBot/3.0; +http://yandex.com/bots)"
141.8.141.131 - - [22/Jan/2018:02:45:05 +0100] "GET /buecher/rezensionen_engel.html HTTP/1.1" 200 6598 "-" "Mozilla/5.0 (compatible; YandexBot/3.0; +http://yandex.com/bots)"
216.244.66.198 - - [22/Jan/2018:03:08:32 +0100] "GET /robots.txt HTTP/1.1" 200 100 "-" "Mozilla/5.0 (compatible; DotBot/1.1; http://www.opensiteexplorer.org/dotbot, help@moz.com)"
157.55.39.224 - - [22/Jan/2018:03:23:15 +0100] "GET /buecher/gesichter/13.jpg HTTP/1.1" 200 8373 "-" "Mozilla/5.0 (compatible; bingbot/2.0; +http://www.bing.com/bingbot.htm)"
193.1.218.163 - - [22/Jan/2018:03:55:56 +0100] "HEAD / HTTP/1.1" 200 - "-" "Java/1.6.0_23"
157.55.39.224 - - [22/Jan/2018:04:15:00 +0100] "GET /robots.txt HTTP/1.1" 200 100 "-" "Mozilla/5.0 (compatible; bingbot/2.0; +http://www.bing.com/bingbot.htm)"
157.55.39.224 - - [22/Jan/2018:04:19:30 +0100] "GET /sonderthemen/sk2002.pdf HTTP/1.1" 200 2628923 "-" "Mozilla/5.0 (iPhone; CPU iPhone OS 7_0 like Mac OS X) AppleWebKit/537.51.1 (KHTML, like Gecko) Version/7.0 Mobile/11A465 Safari/9537.53 (compatible; bingbot/2.0; +http://www.bing.com/bingbot.htm)"
77.75.76.169 - - [22/Jan/2018:04:23:10 +0100] "GET /robots.txt HTTP/1.1" 200 100 "-" "Mozilla/5.0 (compatible; SeznamBot/3.2; +http://napoveda.seznam.cz/en/seznambot-intro/)"
77.75.76.169 - - [22/Jan/2018:04:23:10 +0100] "GET /buecher/rezensionen_engel.html HTTP/1.1" 304 - "-" "Mozilla/5.0 (compatible; SeznamBot/3.2; +http://napoveda.seznam.cz/en/seznambot-intro/)"
78.46.156.169 - - [22/Jan/2018:04:51:05 +0100] "GET /sonderthemen/az2000.pdf HTTP/1.1" 200 2253581 "-" "Mozilla/5.0 (Windows NT 6.1; rv:12.0) Gecko/20120403211507 Firefox/12.0"
157.55.39.144 - - [22/Jan/2018:05:09:04 +0100] "GET /robots.txt HTTP/1.1" 200 100 "-" "Mozilla/5.0 (compatible; bingbot/2.0; +http://www.bing.com/bingbot.htm)"
207.46.13.63 - - [22/Jan/2018:05:09:05 +0100] "GET /cds/lumina_k.jpg HTTP/1.1" 200 6053 "-" "Mozilla/5.0 (compatible; bingbot/2.0; +http://www.bing.com/bingbot.htm)"
157.55.39.241 - - [22/Jan/2018:05:12:52 +0100] "GET /buecher/gesichter/29.jpg HTTP/1.1" 200 9282 "-" "Mozilla/5.0 (compatible; bingbot/2.0; +http://www.bing.com/bingbot.htm)"
141.8.141.131 - - [22/Jan/2018:05:14:25 +0100] "GET /robots.txt HTTP/1.1" 200 100 "-" "Mozilla/5.0 (compatible; YandexBot/3.0; +http://yandex.com/bots)"
141.8.141.131 - - [22/Jan/2018:05:14:29 +0100] "GET /sonderthemen/sk2004_s01.pdf HTTP/1.1" 200 162742 "-" "Mozilla/5.0 (compatible; YandexBot/3.0; +http://yandex.com/bots)"
178.159.43.212 - - [22/Jan/2018:05:33:36 +0100] "HEAD / HTTP/1.1" 200 - "http://krasnoyarsk-att-dip.ru/" "Mozilla/8.0 (compatible; MSIE7.00; Windows 2006)"
141.8.141.131 - - [22/Jan/2018:05:38:12 +0100] "GET /buecher/rezensionen.html HTTP/1.1" 200 6964 "-" "Mozilla/5.0 (compatible; YandexBot/3.0; +http://yandex.com/bots)"
157.55.39.224 - - [22/Jan/2018:05:47:03 +0100] "GET /buecher/gesichter/15.jpg HTTP/1.1" 200 7253 "-" "Mozilla/5.0 (compatible; bingbot/2.0; +http://www.bing.com/bingbot.htm)"
193.124.190.64 - - [22/Jan/2018:06:14:53 +0100] "HEAD / HTTP/1.1" 200 - "http://zamkow.ru/perekodirovka-zamkov.html" "Mozilla/2.0 (compatible; MSIE3.00; Windows 2006)"
185.125.219.134 - - [22/Jan/2018:06:14:53 +0100] "HEAD / HTTP/1.1" 200 - "http://shirmamos.ru/" "Mozilla/5.0 (compatible; MSIE7.00; Windows 2005)"
194.67.210.77 - - [22/Jan/2018:06:14:53 +0100] "HEAD / HTTP/1.1" 200 - "http://aqua-magazin.ru/catalogue/types/21/" "Mozilla/3.0 (compatible; MSIE2.00; Windows 2004)"
193.124.179.180 - - [22/Jan/2018:06:14:53 +0100] "HEAD / HTTP/1.1" 200 - "https://stroykapress.ru/tehnologia-stroitelstva-derevyannyh-domov/" "Mozilla/3.0 (compatible; MSIE7.00; Windows 2007)"
185.5.249.185 - - [22/Jan/2018:06:14:53 +0100] "HEAD / HTTP/1.1" 200 - "http://tslltd.ru/tamozhennoye-oformleniye-gruzov-v-moskve" "Mozilla/6.0 (compatible; MSIE4.00; Windows 2008)"
193.124.176.156 - - [22/Jan/2018:06:14:53 +0100] "HEAD / HTTP/1.1" 200 - "http://remont-stiralnyh-mashin.org/remont-stiralnyh-mashin-candy.html" "Mozilla/8.0 (compatible; MSIE6.00; Windows 2002)"
157.55.39.241 - - [22/Jan/2018:06:28:55 +0100] "GET / HTTP/1.1" 200 9360 "-" "Mozilla/5.0 (compatible; bingbot/2.0; +http://www.bing.com/bingbot.htm)"
178.159.39.237 - - [22/Jan/2018:06:58:59 +0100] "HEAD / HTTP/1.1" 200 - "https://frauplus.ru/blazer/index.html" "Mozilla/3.0 (compatible; MSIE7.00; Windows 2003)"
74.208.217.119 - - [22/Jan/2018:07:20:36 +0100] "GET / HTTP/1.1" 200 9360 "-" "Java/1.4.1_04"
74.208.217.119 - - [22/Jan/2018:07:20:36 +0100] "GET /impressum.html HTTP/1.1" 200 2808 "-" "Java/1.4.1_04"
74.208.217.119 - - [22/Jan/2018:07:20:36 +0100] "GET /index.html HTTP/1.1" 200 9360 "-" "Java/1.4.1_04"
74.208.217.119 - - [22/Jan/2018:07:20:37 +0100] "GET /buecher/index.html HTTP/1.1" 200 25885 "-" "Java/1.4.1_04"
74.208.217.119 - - [22/Jan/2018:07:20:37 +0100] "GET /buecher/rezensionen_chateaubriand.html HTTP/1.1" 200 47317 "-" "Java/1.4.1_04"
74.208.217.119 - - [22/Jan/2018:07:20:37 +0100] "GET /buecher/veroeffentlichungsliste.html HTTP/1.1" 200 129779 "-" "Java/1.4.1_04"
74.208.217.119 - - [22/Jan/2018:07:20:38 +0100] "GET /cds/hymnos_akathistos.html HTTP/1.1" 200 11061 "-" "Java/1.4.1_04"
74.208.217.119 - - [22/Jan/2018:07:20:38 +0100] "GET /cds/ignatius.html HTTP/1.1" 200 6576 "-" "Java/1.4.1_04"
74.208.217.119 - - [22/Jan/2018:07:20:38 +0100] "GET /cds/index.html HTTP/1.1" 200 7987 "-" "Java/1.4.1_04"
74.208.217.119 - - [22/Jan/2018:07:20:39 +0100] "GET /cds/rosarium.html HTTP/1.1" 200 6680 "-" "Java/1.4.1_04"
74.208.217.119 - - [22/Jan/2018:07:20:39 +0100] "GET /gotteslob/index.html HTTP/1.1" 200 2770 "-" "Java/1.4.1_04"
74.208.217.119 - - [22/Jan/2018:07:20:39 +0100] "GET /jahrbuch/index.html HTTP/1.1" 200 3956 "-" "Java/1.4.1_04"
74.208.217.119 - - [22/Jan/2018:07:20:39 +0100] "GET /kontakt/index.html HTTP/1.1" 200 2896 "-" "Java/1.4.1_04"
74.208.217.119 - - [22/Jan/2018:07:20:39 +0100] "GET /sonderthemen/index.html HTTP/1.1" 200 7102 "-" "Java/1.4.1_04"
74.208.217.119 - - [22/Jan/2018:07:20:39 +0100] "GET /buecher/bestellung.php HTTP/1.1" 200 10142 "-" "Java/1.4.1_04"
74.208.217.119 - - [22/Jan/2018:07:20:40 +0100] "GET /buecher/diskussion.html HTTP/1.1" 200 9925 "-" "Java/1.4.1_04"
74.208.217.119 - - [22/Jan/2018:07:20:40 +0100] "GET /buecher/rezensionen_engel.html HTTP/1.1" 200 6598 "-" "Java/1.4.1_04"
74.208.217.119 - - [22/Jan/2018:07:20:40 +0100] "GET /buecher/rezensionen_krise_zum_heil.html HTTP/1.1" 200 9828 "-" "Java/1.4.1_04"
74.208.217.119 - - [22/Jan/2018:07:20:40 +0100] "GET /buecher/rezensionen_le_saulchoir.html HTTP/1.1" 200 34009 "-" "Java/1.4.1_04"
74.208.217.119 - - [22/Jan/2018:07:20:40 +0100] "GET /buecher/rezensionen_leiblichkeit_und_zeitlichkeit.html HTTP/1.1" 200 8821 "-" "Java/1.4.1_04"
74.208.217.119 - - [22/Jan/2018:07:20:40 +0100] "GET /buecher/rezensionen_nicht_auf_sand_gebaut.html HTTP/1.1" 200 6594 "-" "Java/1.4.1_04"
74.208.217.119 - - [22/Jan/2018:07:20:41 +0100] "GET /buecher/rezensionen_preysing.html HTTP/1.1" 200 9502 "-" "Java/1.4.1_04"
74.208.217.119 - - [22/Jan/2018:07:20:41 +0100] "GET /buecher/rezensionen_psalmen.html HTTP/1.1" 200 6787 "-" "Java/1.4.1_04"
74.208.217.119 - - [22/Jan/2018:07:20:41 +0100] "GET /contentflow/contentflow.js HTTP/1.1" 200 42064 "-" "Java/1.4.1_04"
74.208.217.119 - - [22/Jan/2018:07:20:41 +0100] "GET /buecher/rezensionen.html HTTP/1.1" 200 6964 "-" "Java/1.4.1_04"
74.208.217.119 - - [22/Jan/2018:07:20:41 +0100] "GET /buecher/rezensionen_ignatius.html HTTP/1.1" 200 8182 "-" "Java/1.4.1_04"
74.208.217.119 - - [22/Jan/2018:07:20:42 +0100] "GET /cds/astazi.html HTTP/1.1" 200 8453 "-" "Java/1.4.1_04"
74.208.217.119 - - [22/Jan/2018:07:20:42 +0100] "GET /cds/glockenspiel1.html HTTP/1.1" 200 9736 "-" "Java/1.4.1_04"
74.208.217.119 - - [22/Jan/2018:07:20:42 +0100] "GET /cds/glockenspiel2.html HTTP/1.1" 200 9831 "-" "Java/1.4.1_04"
74.208.217.119 - - [22/Jan/2018:07:20:42 +0100] "GET /cds/lumina.html HTTP/1.1" 200 9000 "-" "Java/1.4.1_04"
74.208.217.119 - - [22/Jan/2018:07:20:42 +0100] "GET /jahrbuch/bestellung.php HTTP/1.1" 200 10316 "-" "Java/1.4.1_04"
74.208.217.119 - - [22/Jan/2018:07:20:43 +0100] "GET /sonderthemen/archiv.html HTTP/1.1" 200 6959 "-" "Java/1.4.1_04"
74.208.217.119 - - [22/Jan/2018:07:20:43 +0100] "GET /sonderthemen/presse.html HTTP/1.1" 200 5772 "-" "Java/1.4.1_04"
74.208.217.119 - - [22/Jan/2018:07:20:43 +0100] "GET /contentflow/\"+K.src+\" HTTP/1.1" 404 2381 "-" "Java/1.4.1_04"
199.30.24.157 - - [22/Jan/2018:07:30:22 +0100] "GET /buecher/ HTTP/1.1" 200 25885 "-" "Mozilla/5.0 (Windows NT 6.1; WOW64) AppleWebKit/534+ (KHTML, like Gecko) BingPreview/1.0b"
195.133.201.163 - - [22/Jan/2018:07:53:46 +0100] "HEAD / HTTP/1.1" 200 - "http://gaming-technology.ru" "Mozilla/6.0 (compatible; MSIE4.00; Windows 2005)"
193.124.131.168 - - [22/Jan/2018:07:53:46 +0100] "HEAD / HTTP/1.1" 200 - "https://alfa-gnb.ru/services/perekhod-dorogi-metodom-gnb/" "Mozilla/5.0 (compatible; MSIE5.00; Windows 2003)"
194.87.103.12 - - [22/Jan/2018:07:53:46 +0100] "HEAD / HTTP/1.1" 200 - "https://svaikin.ru/zabivnoi-fundament-dla-doma/" "Mozilla/7.0 (compatible; MSIE3.00; Windows 2007)"
195.133.145.199 - - [22/Jan/2018:07:53:47 +0100] "HEAD / HTTP/1.1" 200 - "http://ukrainianbridesagency.info/2017/06/22/what-does-that-mean/" "Mozilla/8.0 (compatible; MSIE7.00; Windows 2009)"
194.87.94.251 - - [22/Jan/2018:07:53:47 +0100] "HEAD / HTTP/1.1" 200 - "https://amaron.ru/krasota/vse_dlya_manikura/" "Mozilla/6.0 (compatible; MSIE4.00; Windows 2004)"
194.87.236.223 - - [22/Jan/2018:07:53:47 +0100] "HEAD / HTTP/1.1" 200 - "https://www.dna-sklad.ru/Katalog/venomax.htm" "Mozilla/3.0 (compatible; MSIE3.00; Windows 2007)"
195.133.147.6 - - [22/Jan/2018:07:53:48 +0100] "HEAD / HTTP/1.1" 200 - "https://dienai.ru/tag/vosstanovleniye-plechevogo-sustava/" "Mozilla/8.0 (compatible; MSIE6.00; Windows 2007)"
216.244.66.198 - - [22/Jan/2018:08:22:52 +0100] "GET /robots.txt HTTP/1.1" 200 100 "-" "Mozilla/5.0 (compatible; DotBot/1.1; http://www.opensiteexplorer.org/dotbot, help@moz.com)"
151.19.63.33 - - [22/Jan/2018:09:26:42 +0100] "GET /gotteslob/gotteslob_alle.jpg HTTP/1.1" 200 24560 "https://www.google.it/" "Mozilla/5.0 (Linux; Android 6.0; HUAWEI CRR-L09 Build/HUAWEICRR-L09) AppleWebKit/537.36 (KHTML, like Gecko) Chrome/63.0.3239.111 Mobile Safari/537.36"
216.244.66.198 - - [22/Jan/2018:09:32:17 +0100] "GET /buecher/rezensionen_psalmen.html HTTP/1.1" 200 6787 "-" "Mozilla/5.0 (compatible; DotBot/1.1; http://www.opensiteexplorer.org/dotbot, help@moz.com)"
91.22.197.175 - - [22/Jan/2018:09:33:53 +0100] "GET /sonderthemen/sk2000.pdf HTTP/1.1" 206 65536 "https://www.google.de/" "Mozilla/5.0 (Windows NT 10.0; Win64; x64; rv:57.0) Gecko/20100101 Firefox/57.0"
91.22.197.175 - - [22/Jan/2018:09:33:53 +0100] "GET /sonderthemen/sk2000.pdf HTTP/1.1" 206 41905 "https://www.google.de/" "Mozilla/5.0 (Windows NT 10.0; Win64; x64; rv:57.0) Gecko/20100101 Firefox/57.0"
91.22.197.175 - - [22/Jan/2018:09:33:56 +0100] "GET /sonderthemen/sk2000.pdf HTTP/1.1" 206 65536 "https://www.google.de/" "Mozilla/5.0 (Windows NT 10.0; Win64; x64; rv:57.0) Gecko/20100101 Firefox/57.0"
91.22.197.175 - - [22/Jan/2018:09:33:56 +0100] "GET /sonderthemen/sk2000.pdf HTTP/1.1" 206 65536 "https://www.google.de/" "Mozilla/5.0 (Windows NT 10.0; Win64; x64; rv:57.0) Gecko/20100101 Firefox/57.0"
91.22.197.175 - - [22/Jan/2018:09:33:56 +0100] "GET /sonderthemen/sk2000.pdf HTTP/1.1" 206 65536 "https://www.google.de/" "Mozilla/5.0 (Windows NT 10.0; Win64; x64; rv:57.0) Gecko/20100101 Firefox/57.0"
91.22.197.175 - - [22/Jan/2018:09:33:56 +0100] "GET /sonderthemen/sk2000.pdf HTTP/1.1" 206 65536 "https://www.google.de/" "Mozilla/5.0 (Windows NT 10.0; Win64; x64; rv:57.0) Gecko/20100101 Firefox/57.0"
91.22.197.175 - - [22/Jan/2018:09:33:56 +0100] "GET /sonderthemen/sk2000.pdf HTTP/1.1" 206 65536 "https://www.google.de/" "Mozilla/5.0 (Windows NT 10.0; Win64; x64; rv:57.0) Gecko/20100101 Firefox/57.0"
91.22.197.175 - - [22/Jan/2018:09:33:57 +0100] "GET /sonderthemen/sk2000.pdf HTTP/1.1" 206 65536 "https://www.google.de/" "Mozilla/5.0 (Windows NT 10.0; Win64; x64; rv:57.0) Gecko/20100101 Firefox/57.0"
91.22.197.175 - - [22/Jan/2018:09:33:57 +0100] "GET /sonderthemen/sk2000.pdf HTTP/1.1" 206 65536 "https://www.google.de/" "Mozilla/5.0 (Windows NT 10.0; Win64; x64; rv:57.0) Gecko/20100101 Firefox/57.0"
91.22.197.175 - - [22/Jan/2018:09:33:57 +0100] "GET /sonderthemen/sk2000.pdf HTTP/1.1" 206 65536 "https://www.google.de/" "Mozilla/5.0 (Windows NT 10.0; Win64; x64; rv:57.0) Gecko/20100101 Firefox/57.0"
91.22.197.175 - - [22/Jan/2018:09:33:56 +0100] "GET /sonderthemen/sk2000.pdf HTTP/1.1" 206 65536 "https://www.google.de/" "Mozilla/5.0 (Windows NT 10.0; Win64; x64; rv:57.0) Gecko/20100101 Firefox/57.0"
91.22.197.175 - - [22/Jan/2018:09:33:58 +0100] "GET /sonderthemen/sk2000.pdf HTTP/1.1" 206 65536 "https://www.google.de/" "Mozilla/5.0 (Windows NT 10.0; Win64; x64; rv:57.0) Gecko/20100101 Firefox/57.0"
91.22.197.175 - - [22/Jan/2018:09:33:58 +0100] "GET /sonderthemen/sk2000.pdf HTTP/1.1" 206 65536 "https://www.google.de/" "Mozilla/5.0 (Windows NT 10.0; Win64; x64; rv:57.0) Gecko/20100101 Firefox/57.0"
91.22.197.175 - - [22/Jan/2018:09:33:58 +0100] "GET /sonderthemen/sk2000.pdf HTTP/1.1" 206 65536 "https://www.google.de/" "Mozilla/5.0 (Windows NT 10.0; Win64; x64; rv:57.0) Gecko/20100101 Firefox/57.0"
91.22.197.175 - - [22/Jan/2018:09:33:59 +0100] "GET /sonderthemen/sk2000.pdf HTTP/1.1" 206 65536 "https://www.google.de/" "Mozilla/5.0 (Windows NT 10.0; Win64; x64; rv:57.0) Gecko/20100101 Firefox/57.0"
91.22.197.175 - - [22/Jan/2018:09:33:53 +0100] "GET /sonderthemen/sk2000.pdf HTTP/1.1" 200 2925489 "https://www.google.de/" "Mozilla/5.0 (Windows NT 10.0; Win64; x64; rv:57.0) Gecko/20100101 Firefox/57.0"
91.22.197.175 - - [22/Jan/2018:09:34:01 +0100] "GET /favicon.ico HTTP/1.1" 200 4286 "-" "Mozilla/5.0 (Windows NT 10.0; Win64; x64; rv:57.0) Gecko/20100101 Firefox/57.0"
88.99.27.172 - - [22/Jan/2018:09:40:30 +0100] "GET /sonderthemen/oekt_extra3.pdf HTTP/1.1" 200 2109745 "-" "Mozilla/5.0 (Macintosh; Intel Mac OS X 10_6_8) AppleWebKit/535.19 (KHTML, like Gecko) Chrome/18.0.1025.166 Safari/535.19"
157.55.39.44 - - [22/Jan/2018:09:42:40 +0100] "GET /buecher/gesichter/30.jpg HTTP/1.1" 200 8702 "-" "Mozilla/5.0 (compatible; bingbot/2.0; +http://www.bing.com/bingbot.htm)"
88.198.43.207 - - [22/Jan/2018:09:44:54 +0100] "GET /sonderthemen/oekt_extra3.pdf HTTP/1.1" 200 2109745 "-" "Mozilla/5.0 (Windows NT 6.1; WOW64; rv:18.0) Gecko/20100101 Firefox/18.0"
84.144.55.248 - - [22/Jan/2018:09:50:54 +0100] "GET /cds/hymnos_akathistos.html HTTP/1.1" 200 11061 "https://www.google.de/" "Mozilla/5.0 (Windows NT 6.3; WOW64; rv:49.0) Gecko/20100101 Firefox/49.0"
84.144.55.248 - - [22/Jan/2018:09:50:55 +0100] "GET /main.css HTTP/1.1" 200 1439 "http://www.morusverlag.de/cds/hymnos_akathistos.html" "Mozilla/5.0 (Windows NT 6.3; WOW64; rv:49.0) Gecko/20100101 Firefox/49.0"
84.144.55.248 - - [22/Jan/2018:09:50:55 +0100] "GET /logo_g.gif HTTP/1.1" 200 1301 "http://www.morusverlag.de/cds/hymnos_akathistos.html" "Mozilla/5.0 (Windows NT 6.3; WOW64; rv:49.0) Gecko/20100101 Firefox/49.0"
84.144.55.248 - - [22/Jan/2018:09:50:55 +0100] "GET /mv_g.gif HTTP/1.1" 200 4070 "http://www.morusverlag.de/cds/hymnos_akathistos.html" "Mozilla/5.0 (Windows NT 6.3; WOW64; rv:49.0) Gecko/20100101 Firefox/49.0"
84.144.55.248 - - [22/Jan/2018:09:50:55 +0100] "GET /m.gif HTTP/1.1" 200 95 "http://www.morusverlag.de/cds/hymnos_akathistos.html" "Mozilla/5.0 (Windows NT 6.3; WOW64; rv:49.0) Gecko/20100101 Firefox/49.0"
84.144.55.248 - - [22/Jan/2018:09:50:55 +0100] "GET /pf.gif HTTP/1.1" 200 62 "http://www.morusverlag.de/cds/hymnos_akathistos.html" "Mozilla/5.0 (Windows NT 6.3; WOW64; rv:49.0) Gecko/20100101 Firefox/49.0"
84.144.55.248 - - [22/Jan/2018:09:50:55 +0100] "GET /cds/hymnos.jpg HTTP/1.1" 200 27752 "http://www.morusverlag.de/cds/hymnos_akathistos.html" "Mozilla/5.0 (Windows NT 6.3; WOW64; rv:49.0) Gecko/20100101 Firefox/49.0"
84.144.55.248 - - [22/Jan/2018:09:50:55 +0100] "GET /cds/hymnos_heft.jpg HTTP/1.1" 200 8653 "http://www.morusverlag.de/cds/hymnos_akathistos.html" "Mozilla/5.0 (Windows NT 6.3; WOW64; rv:49.0) Gecko/20100101 Firefox/49.0"
84.144.55.248 - - [22/Jan/2018:09:50:55 +0100] "GET /cds/simplay_player.swf?audiofile=hymnos1.mp3 HTTP/1.1" 200 6377 "http://www.morusverlag.de/cds/hymnos_akathistos.html" "Mozilla/5.0 (Windows NT 6.3; WOW64; rv:49.0) Gecko/20100101 Firefox/49.0"
84.144.55.248 - - [22/Jan/2018:09:50:55 +0100] "GET /cds/simplay_control.swf HTTP/1.1" 200 1243 "http://www.morusverlag.de/cds/hymnos_akathistos.html" "Mozilla/5.0 (Windows NT 6.3; WOW64; rv:49.0) Gecko/20100101 Firefox/49.0"
84.144.55.248 - - [22/Jan/2018:09:50:55 +0100] "GET /cds/simplay_player.swf?audiofile=hymnos2.mp3 HTTP/1.1" 200 6377 "http://www.morusverlag.de/cds/hymnos_akathistos.html" "Mozilla/5.0 (Windows NT 6.3; WOW64; rv:49.0) Gecko/20100101 Firefox/49.0"
84.144.55.248 - - [22/Jan/2018:09:50:55 +0100] "GET /strich.gif HTTP/1.1" 200 45 "http://www.morusverlag.de/cds/hymnos_akathistos.html" "Mozilla/5.0 (Windows NT 6.3; WOW64; rv:49.0) Gecko/20100101 Firefox/49.0"
84.144.55.248 - - [22/Jan/2018:09:50:55 +0100] "GET /cds/simplaydata/playerconfig.xml?nocache=1516611191063 HTTP/1.1" 200 149 "http://www.morusverlag.de/cds/simplay_player.swf?audiofile=hymnos1.mp3" "Mozilla/5.0 (Windows NT 6.3; WOW64; rv:49.0) Gecko/20100101 Firefox/49.0"
84.144.55.248 - - [22/Jan/2018:09:50:55 +0100] "GET /cds/simplaydata/controlconfig.xml?nocache=1516611191114 HTTP/1.1" 200 121 "http://www.morusverlag.de/cds/simplay_control.swf" "Mozilla/5.0 (Windows NT 6.3; WOW64; rv:49.0) Gecko/20100101 Firefox/49.0"
84.144.55.248 - - [22/Jan/2018:09:50:55 +0100] "GET /favicon.ico HTTP/1.1" 200 4286 "-" "Mozilla/5.0 (Windows NT 6.3; WOW64; rv:49.0) Gecko/20100101 Firefox/49.0"
