87.185.203.146 - - [24/Jan/2018:07:51:44 +0100] "GET /apple-touch-icon.png HTTP/1.1" 404 2381 "-" "Safari/13604.4.7.1.6 CFNetwork/893.13.1 Darwin/17.3.0 (x86_64)"
87.185.203.146 - - [24/Jan/2018:07:51:45 +0100] "GET /favicon.ico HTTP/1.1" 200 4286 "-" "Safari/13604.4.7.1.6 CFNetwork/893.13.1 Darwin/17.3.0 (x86_64)"
87.185.203.146 - - [24/Jan/2018:07:51:45 +0100] "GET /cds/hymnos_akathistos.html HTTP/1.1" 200 11061 "-" "\"Mozilla/5.0 (iPhone; CPU iPhone OS 11_0 like Mac OS X) AppleWebKit/604.1.38 (KHTML, like Gecko) Version/11.0 Mobile/15A372 Safari/604.1\""
87.185.203.146 - - [24/Jan/2018:07:51:45 +0100] "GET /apple-touch-icon-precomposed.png HTTP/1.1" 404 2381 "-" "Safari/13604.4.7.1.6 CFNetwork/893.13.1 Darwin/17.3.0 (x86_64)"
87.185.203.146 - - [24/Jan/2018:07:51:45 +0100] "GET /apple-touch-icon.png HTTP/1.1" 404 2381 "-" "Safari/13604.4.7.1.6 CFNetwork/893.13.1 Darwin/17.3.0 (x86_64)"
87.185.203.146 - - [24/Jan/2018:07:51:45 +0100] "GET /favicon.ico HTTP/1.1" 200 4286 "-" "Safari/13604.4.7.1.6 CFNetwork/893.13.1 Darwin/17.3.0 (x86_64)"
85.93.91.84 - - [24/Jan/2018:08:04:38 +0100] "GET /robots.txt HTTP/1.0" 200 100 "-" "Mozilla/5.0 (compatible; DeuSu/5.0.2; +https://deusu.de/robot.html)"
85.93.91.84 - - [24/Jan/2018:08:04:39 +0100] "GET /impressum.html HTTP/1.0" 200 2808 "-" "Mozilla/5.0 (compatible; DeuSu/5.0.2; +https://deusu.de/robot.html)"
180.76.15.151 - - [24/Jan/2018:08:05:46 +0100] "GET /sonderthemen/az1999.pdf HTTP/1.1" 200 1842982 "-" "Mozilla/5.0 (compatible; Baiduspider/2.0; +http://www.baidu.com/search/spider.html)"
216.244.66.250 - - [24/Jan/2018:08:11:14 +0100] "GET /cds/hymnos_akathistos.html HTTP/1.1" 200 11061 "-" "Mozilla/5.0 (compatible; DotBot/1.1; http://www.opensiteexplorer.org/dotbot, help@moz.com)"
185.209.20.147 - - [24/Jan/2018:08:17:13 +0100] "HEAD / HTTP/1.1" 200 - "http://www.bettergames.ru/solitaire.php" "Mozilla/3.0 (compatible; MSIE4.00; Windows 2007)"
178.159.39.237 - - [24/Jan/2018:08:17:13 +0100] "HEAD / HTTP/1.1" 200 - "http://tocan.com.ua/gotovoe-po/sistema-upravleniya-skladom-tocan-wms/" "Mozilla/4.0 (compatible; MSIE4.00; Windows 2006)"
185.154.13.6 - - [24/Jan/2018:08:17:16 +0100] "HEAD / HTTP/1.1" 200 - "https://lakiikraski.ru/catalog/sredstva_protiv_nasekomykh/" "Mozilla/4.0 (compatible; MSIE6.00; Windows 2002)"
77.220.213.173 - - [24/Jan/2018:08:17:29 +0100] "HEAD / HTTP/1.1" 200 - "http://avtoelektriki24.ru/remont-avtonomnogo-otopitelya-vebasto/" "Mozilla/6.0 (compatible; MSIE2.00; Windows 2002)"
195.133.201.163 - - [24/Jan/2018:08:53:28 +0100] "HEAD / HTTP/1.1" 200 - "https://amaron.ru/detskie-tovari/dlja-doma/" "Mozilla/8.0 (compatible; MSIE5.00; Windows 2003)"
195.133.145.199 - - [24/Jan/2018:08:53:29 +0100] "HEAD / HTTP/1.1" 200 - "https://ekb.dienai.ru/tag/maska-ot-morschin/" "Mozilla/6.0 (compatible; MSIE2.00; Windows 2006)"
194.87.94.251 - - [24/Jan/2018:08:53:30 +0100] "HEAD / HTTP/1.1" 200 - "https://pokupaylegko.ru/" "Mozilla/5.0 (compatible; MSIE5.00; Windows 2003)"
194.87.103.12 - - [24/Jan/2018:08:53:31 +0100] "HEAD / HTTP/1.1" 200 - "https://dienai.ru/tag/omolazhivayuschaya-maska-dlya-lica/" "Mozilla/5.0 (compatible; MSIE5.00; Windows 2008)"
195.133.147.6 - - [24/Jan/2018:08:53:32 +0100] "HEAD / HTTP/1.1" 200 - "http://www.laptop-nn.ru/" "Mozilla/6.0 (compatible; MSIE4.00; Windows 2009)"
14.202.250.89 - - [24/Jan/2018:09:09:51 +0100] "GET / HTTP/1.1" 200 9360 "-" "Mozilla/5.0 (Linux; Android 5.0; SM-G900P Build/LRX21T) AppleWebKit/537.36 (KHTML, like Gecko) Chrome/48.0.2564.23 Mobile Safari/537.36"
207.46.13.59 - - [24/Jan/2018:10:04:29 +0100] "GET /buecher/gesichter/31.jpg HTTP/1.1" 200 8424 "-" "Mozilla/5.0 (compatible; bingbot/2.0; +http://www.bing.com/bingbot.htm)"
216.244.66.250 - - [24/Jan/2018:10:15:01 +0100] "GET /robots.txt HTTP/1.1" 200 100 "-" "Mozilla/5.0 (compatible; DotBot/1.1; http://www.opensiteexplorer.org/dotbot, help@moz.com)"
68.180.229.103 - - [24/Jan/2018:10:23:23 +0100] "GET /robots.txt HTTP/1.1" 200 100 "-" "Mozilla/5.0 (compatible; Yahoo! Slurp; http://help.yahoo.com/help/us/ysearch/slurp)"
68.180.229.103 - - [24/Jan/2018:10:23:23 +0100] "GET /sonderthemen/archiv.html HTTP/1.1" 304 - "-" "Mozilla/5.0 (compatible; Yahoo! Slurp; http://help.yahoo.com/help/us/ysearch/slurp)"
144.76.153.198 - - [24/Jan/2018:10:37:20 +0100] "GET /sonderthemen/oekz2003.pdf HTTP/1.1" 200 4017017 "-" "Mozilla/5.0 (Windows NT 6.2; rv:21.0) Gecko/20130326 Firefox/21.0"
108.59.8.70 - - [24/Jan/2018:10:51:19 +0100] "GET /robots.txt HTTP/1.1" 200 100 "-" "Mozilla/5.0 (compatible; MJ12bot/v1.4.8; http://mj12bot.com/)"
108.59.8.70 - - [24/Jan/2018:10:51:32 +0100] "GET / HTTP/1.1" 200 9360 "-" "Mozilla/5.0 (compatible; MJ12bot/v1.4.8; http://mj12bot.com/)"
217.69.133.29 - - [24/Jan/2018:10:58:26 +0100] "GET /robots.txt HTTP/1.0" 200 100 "-" "Mozilla/5.0 (compatible; Linux x86_64; Mail.RU_Bot/2.0; +http://go.mail.ru/help/robots)"
217.69.133.29 - - [24/Jan/2018:10:58:27 +0100] "GET /sonderthemen/oeaz2001.pdf HTTP/1.1" 200 4496626 "-" "Mozilla/5.0 (compatible; Linux x86_64; Mail.RU_Bot/2.0; +http://go.mail.ru/help/robots)"
5.9.17.118 - - [24/Jan/2018:11:04:11 +0100] "GET /sonderthemen/oekt_extra1.pdf HTTP/1.1" 200 1849015 "-" "Mozilla/5.0 (Macintosh; Intel Mac OS X 10_5_8) AppleWebKit/534.50.2 (KHTML, like Gecko) Version/5.0.6 Safari/533.22.3"
66.249.64.213 - - [24/Jan/2018:11:09:26 +0100] "GET /robots.txt HTTP/1.1" 200 100 "-" "Mozilla/5.0 (compatible; Googlebot/2.1; +http://www.google.com/bot.html)"
66.249.64.211 - - [24/Jan/2018:11:09:26 +0100] "GET /buecher/rezensionen_krise_zum_heil.html HTTP/1.1" 304 - "-" "Mozilla/5.0 (compatible; Googlebot/2.1; +http://www.google.com/bot.html)"
216.244.66.250 - - [24/Jan/2018:11:25:54 +0100] "GET /buecher/index.html HTTP/1.1" 200 25885 "-" "Mozilla/5.0 (compatible; DotBot/1.1; http://www.opensiteexplorer.org/dotbot, help@moz.com)"
109.41.67.39 - - [24/Jan/2018:12:15:57 +0100] "GET / HTTP/1.1" 200 9360 "https://www.google.de/" "Mozilla/5.0 (Linux; Android 8.0.0; G8441 Build/47.1.A.12.34) AppleWebKit/537.36 (KHTML, like Gecko) Chrome/63.0.3239.111 Mobile Safari/537.36"
109.41.67.39 - - [24/Jan/2018:12:15:57 +0100] "GET /main.css HTTP/1.1" 200 1439 "http://www.morusverlag.de/" "Mozilla/5.0 (Linux; Android 8.0.0; G8441 Build/47.1.A.12.34) AppleWebKit/537.36 (KHTML, like Gecko) Chrome/63.0.3239.111 Mobile Safari/537.36"
109.41.67.39 - - [24/Jan/2018:12:15:57 +0100] "GET /logo_g.gif HTTP/1.1" 200 1301 "http://www.morusverlag.de/" "Mozilla/5.0 (Linux; Android 8.0.0; G8441 Build/47.1.A.12.34) AppleWebKit/537.36 (KHTML, like Gecko) Chrome/63.0.3239.111 Mobile Safari/537.36"
109.41.67.39 - - [24/Jan/2018:12:15:57 +0100] "GET /gotteslob.jpg HTTP/1.1" 200 9390 "http://www.morusverlag.de/" "Mozilla/5.0 (Linux; Android 8.0.0; G8441 Build/47.1.A.12.34) AppleWebKit/537.36 (KHTML, like Gecko) Chrome/63.0.3239.111 Mobile Safari/537.36"
109.41.67.39 - - [24/Jan/2018:12:15:57 +0100] "GET /buecher/engel.jpg HTTP/1.1" 200 5414 "http://www.morusverlag.de/" "Mozilla/5.0 (Linux; Android 8.0.0; G8441 Build/47.1.A.12.34) AppleWebKit/537.36 (KHTML, like Gecko) Chrome/63.0.3239.111 Mobile Safari/537.36"
109.41.67.39 - - [24/Jan/2018:12:15:57 +0100] "GET /buecher/gesichter.jpg HTTP/1.1" 200 7271 "http://www.morusverlag.de/" "Mozilla/5.0 (Linux; Android 8.0.0; G8441 Build/47.1.A.12.34) AppleWebKit/537.36 (KHTML, like Gecko) Chrome/63.0.3239.111 Mobile Safari/537.36"
109.41.67.39 - - [24/Jan/2018:12:15:57 +0100] "GET /mv_g.gif HTTP/1.1" 200 4070 "http://www.morusverlag.de/" "Mozilla/5.0 (Linux; Android 8.0.0; G8441 Build/47.1.A.12.34) AppleWebKit/537.36 (KHTML, like Gecko) Chrome/63.0.3239.111 Mobile Safari/537.36"
109.41.67.39 - - [24/Jan/2018:12:15:57 +0100] "GET /mv_gr_w.gif HTTP/1.1" 200 2005 "http://www.morusverlag.de/" "Mozilla/5.0 (Linux; Android 8.0.0; G8441 Build/47.1.A.12.34) AppleWebKit/537.36 (KHTML, like Gecko) Chrome/63.0.3239.111 Mobile Safari/537.36"
109.41.67.39 - - [24/Jan/2018:12:15:57 +0100] "GET /jahrbuch_k.jpg HTTP/1.1" 200 3719 "http://www.morusverlag.de/" "Mozilla/5.0 (Linux; Android 8.0.0; G8441 Build/47.1.A.12.34) AppleWebKit/537.36 (KHTML, like Gecko) Chrome/63.0.3239.111 Mobile Safari/537.36"
109.41.67.39 - - [24/Jan/2018:12:15:57 +0100] "GET /cds/rosarium_k.jpg HTTP/1.1" 200 3972 "http://www.morusverlag.de/" "Mozilla/5.0 (Linux; Android 8.0.0; G8441 Build/47.1.A.12.34) AppleWebKit/537.36 (KHTML, like Gecko) Chrome/63.0.3239.111 Mobile Safari/537.36"
109.41.67.39 - - [24/Jan/2018:12:15:57 +0100] "GET /strich.gif HTTP/1.1" 200 45 "http://www.morusverlag.de/" "Mozilla/5.0 (Linux; Android 8.0.0; G8441 Build/47.1.A.12.34) AppleWebKit/537.36 (KHTML, like Gecko) Chrome/63.0.3239.111 Mobile Safari/537.36"
109.41.67.39 - - [24/Jan/2018:12:15:57 +0100] "GET /cds/ignatius_k.jpg HTTP/1.1" 200 3965 "http://www.morusverlag.de/" "Mozilla/5.0 (Linux; Android 8.0.0; G8441 Build/47.1.A.12.34) AppleWebKit/537.36 (KHTML, like Gecko) Chrome/63.0.3239.111 Mobile Safari/537.36"
109.41.67.39 - - [24/Jan/2018:12:15:57 +0100] "GET /cds/hymnos_k.jpg HTTP/1.1" 200 4986 "http://www.morusverlag.de/" "Mozilla/5.0 (Linux; Android 8.0.0; G8441 Build/47.1.A.12.34) AppleWebKit/537.36 (KHTML, like Gecko) Chrome/63.0.3239.111 Mobile Safari/537.36"
109.41.67.39 - - [24/Jan/2018:12:15:57 +0100] "GET /pf.gif HTTP/1.1" 200 62 "http://www.morusverlag.de/" "Mozilla/5.0 (Linux; Android 8.0.0; G8441 Build/47.1.A.12.34) AppleWebKit/537.36 (KHTML, like Gecko) Chrome/63.0.3239.111 Mobile Safari/537.36"
109.41.67.39 - - [24/Jan/2018:12:15:57 +0100] "GET /cds/astazi_k.jpg HTTP/1.1" 200 6049 "http://www.morusverlag.de/" "Mozilla/5.0 (Linux; Android 8.0.0; G8441 Build/47.1.A.12.34) AppleWebKit/537.36 (KHTML, like Gecko) Chrome/63.0.3239.111 Mobile Safari/537.36"
109.41.67.39 - - [24/Jan/2018:12:15:58 +0100] "GET /buecher/chateaubriand.jpg HTTP/1.1" 200 2272 "http://www.morusverlag.de/" "Mozilla/5.0 (Linux; Android 8.0.0; G8441 Build/47.1.A.12.34) AppleWebKit/537.36 (KHTML, like Gecko) Chrome/63.0.3239.111 Mobile Safari/537.36"
109.41.67.39 - - [24/Jan/2018:12:15:58 +0100] "GET /buch_k.jpg HTTP/1.1" 200 4591 "http://www.morusverlag.de/" "Mozilla/5.0 (Linux; Android 8.0.0; G8441 Build/47.1.A.12.34) AppleWebKit/537.36 (KHTML, like Gecko) Chrome/63.0.3239.111 Mobile Safari/537.36"
109.41.67.39 - - [24/Jan/2018:12:15:58 +0100] "GET /favicon.ico HTTP/1.1" 200 4286 "http://www.morusverlag.de/" "Mozilla/5.0 (Linux; Android 8.0.0; G8441 Build/47.1.A.12.34) AppleWebKit/537.36 (KHTML, like Gecko) Chrome/63.0.3239.111 Mobile Safari/537.36"
18.195.132.207 - - [24/Jan/2018:12:51:22 +0100] "GET /robots.txt HTTP/1.1" 200 100 "-" "Mozilla/5.0 (compatible; Cliqzbot/2.0; +http://cliqz.com/company/cliqzbot)"
18.195.132.207 - - [24/Jan/2018:12:51:25 +0100] "GET /kontakt HTTP/1.1" 301 354 "-" "Mozilla/5.0 (compatible; Cliqzbot/2.0; +http://cliqz.com/company/cliqzbot)"
18.195.132.207 - - [24/Jan/2018:12:51:28 +0100] "GET /kontakt/ HTTP/1.1" 200 2896 "-" "Mozilla/5.0 (compatible; Cliqzbot/2.0; +http://cliqz.com/company/cliqzbot)"
80.153.122.192 - - [24/Jan/2018:13:08:36 +0100] "GET / HTTP/1.0" 200 9360 "https://www.google.de/" "Mozilla/5.0 (Windows NT 6.1; Win64; x64; rv:57.0) Gecko/20100101 Firefox/57.0"
80.153.122.192 - - [24/Jan/2018:13:08:36 +0100] "GET /main.css HTTP/1.0" 200 1439 "http://www.morusverlag.de/" "Mozilla/5.0 (Windows NT 6.1; Win64; x64; rv:57.0) Gecko/20100101 Firefox/57.0"
80.153.122.192 - - [24/Jan/2018:13:08:36 +0100] "GET /pf.gif HTTP/1.0" 200 62 "http://www.morusverlag.de/" "Mozilla/5.0 (Windows NT 6.1; Win64; x64; rv:57.0) Gecko/20100101 Firefox/57.0"
80.153.122.192 - - [24/Jan/2018:13:08:36 +0100] "GET /logo_g.gif HTTP/1.0" 200 1301 "http://www.morusverlag.de/" "Mozilla/5.0 (Windows NT 6.1; Win64; x64; rv:57.0) Gecko/20100101 Firefox/57.0"
80.153.122.192 - - [24/Jan/2018:13:08:36 +0100] "GET /jahrbuch_k.jpg HTTP/1.0" 200 3719 "http://www.morusverlag.de/" "Mozilla/5.0 (Windows NT 6.1; Win64; x64; rv:57.0) Gecko/20100101 Firefox/57.0"
80.153.122.192 - - [24/Jan/2018:13:08:36 +0100] "GET /mv_g.gif HTTP/1.0" 200 4070 "http://www.morusverlag.de/" "Mozilla/5.0 (Windows NT 6.1; Win64; x64; rv:57.0) Gecko/20100101 Firefox/57.0"
80.153.122.192 - - [24/Jan/2018:13:08:36 +0100] "GET /mv_gr_w.gif HTTP/1.0" 200 2005 "http://www.morusverlag.de/" "Mozilla/5.0 (Windows NT 6.1; Win64; x64; rv:57.0) Gecko/20100101 Firefox/57.0"
80.153.122.192 - - [24/Jan/2018:13:08:36 +0100] "GET /buecher/gesichter.jpg HTTP/1.0" 200 7271 "http://www.morusverlag.de/" "Mozilla/5.0 (Windows NT 6.1; Win64; x64; rv:57.0) Gecko/20100101 Firefox/57.0"
80.153.122.192 - - [24/Jan/2018:13:08:37 +0100] "GET /gotteslob.jpg HTTP/1.0" 200 9390 "http://www.morusverlag.de/" "Mozilla/5.0 (Windows NT 6.1; Win64; x64; rv:57.0) Gecko/20100101 Firefox/57.0"
80.153.122.192 - - [24/Jan/2018:13:08:37 +0100] "GET /cds/ignatius_k.jpg HTTP/1.0" 200 3965 "http://www.morusverlag.de/" "Mozilla/5.0 (Windows NT 6.1; Win64; x64; rv:57.0) Gecko/20100101 Firefox/57.0"
80.153.122.192 - - [24/Jan/2018:13:08:37 +0100] "GET /buch_k.jpg HTTP/1.0" 200 4591 "http://www.morusverlag.de/" "Mozilla/5.0 (Windows NT 6.1; Win64; x64; rv:57.0) Gecko/20100101 Firefox/57.0"
80.153.122.192 - - [24/Jan/2018:13:08:37 +0100] "GET /cds/rosarium_k.jpg HTTP/1.0" 200 3972 "http://www.morusverlag.de/" "Mozilla/5.0 (Windows NT 6.1; Win64; x64; rv:57.0) Gecko/20100101 Firefox/57.0"
80.153.122.192 - - [24/Jan/2018:13:08:37 +0100] "GET /cds/astazi_k.jpg HTTP/1.0" 200 6049 "http://www.morusverlag.de/" "Mozilla/5.0 (Windows NT 6.1; Win64; x64; rv:57.0) Gecko/20100101 Firefox/57.0"
80.153.122.192 - - [24/Jan/2018:13:08:37 +0100] "GET /strich.gif HTTP/1.0" 200 45 "http://www.morusverlag.de/" "Mozilla/5.0 (Windows NT 6.1; Win64; x64; rv:57.0) Gecko/20100101 Firefox/57.0"
80.153.122.192 - - [24/Jan/2018:13:08:37 +0100] "GET /cds/hymnos_k.jpg HTTP/1.0" 200 4986 "http://www.morusverlag.de/" "Mozilla/5.0 (Windows NT 6.1; Win64; x64; rv:57.0) Gecko/20100101 Firefox/57.0"
80.153.122.192 - - [24/Jan/2018:13:08:37 +0100] "GET /buecher/engel.jpg HTTP/1.0" 200 5414 "http://www.morusverlag.de/" "Mozilla/5.0 (Windows NT 6.1; Win64; x64; rv:57.0) Gecko/20100101 Firefox/57.0"
80.153.122.192 - - [24/Jan/2018:13:08:37 +0100] "GET /buecher/chateaubriand.jpg HTTP/1.0" 200 2272 "http://www.morusverlag.de/" "Mozilla/5.0 (Windows NT 6.1; Win64; x64; rv:57.0) Gecko/20100101 Firefox/57.0"
80.153.122.192 - - [24/Jan/2018:13:08:37 +0100] "GET /favicon.ico HTTP/1.0" 200 4286 "-" "Mozilla/5.0 (Windows NT 6.1; Win64; x64; rv:57.0) Gecko/20100101 Firefox/57.0"
107.21.1.8 - - [24/Jan/2018:13:25:10 +0100] "GET / HTTP/1.1" 200 9360 "http://www.morusverlag.de/" "Mozilla/5.0 (compatible; DuckDuckGo-Favicons-Bot/1.0; +http://duckduckgo.com)"
107.21.1.8 - - [24/Jan/2018:13:25:10 +0100] "GET /favicon.ico HTTP/1.1" 200 4286 "http://www.morusverlag.de/favicon.ico" "Mozilla/5.0 (compatible; DuckDuckGo-Favicons-Bot/1.0; +http://duckduckgo.com)"
66.249.64.209 - - [24/Jan/2018:15:33:59 +0100] "GET /sonderthemen/ HTTP/1.1" 200 7102 "-" "Mozilla/5.0 (compatible; Googlebot/2.1; +http://www.google.com/bot.html)"
207.46.13.57 - - [24/Jan/2018:15:41:50 +0100] "GET / HTTP/1.1" 200 9360 "-" "Mozilla/5.0 (compatible; bingbot/2.0; +http://www.bing.com/bingbot.htm)"
207.46.13.57 - - [24/Jan/2018:15:42:50 +0100] "GET /buecher/ HTTP/1.1" 200 25885 "-" "Mozilla/5.0 (compatible; bingbot/2.0; +http://www.bing.com/bingbot.htm)"
144.76.153.198 - - [24/Jan/2018:15:56:52 +0100] "GET /sonderthemen/oekt_extra3.pdf HTTP/1.1" 200 2109745 "-" "Mozilla/5.0 (Macintosh; Intel Mac OS X 10_5_8) AppleWebKit/534.50.2 (KHTML, like Gecko) Version/5.0.6 Safari/533.22.3"
136.243.17.161 - - [24/Jan/2018:16:02:09 +0100] "GET /buecher/rezensionen_chateaubriand.html HTTP/1.1" 200 47317 "-" "Mozilla/5.0 (Macintosh; Intel Mac OS X 10_5_8) AppleWebKit/534.50.2 (KHTML, like Gecko) Version/5.0.6 Safari/533.22.3"
5.9.112.6 - - [24/Jan/2018:16:02:53 +0100] "GET /sonderthemen/oekt_extra3.pdf HTTP/1.1" 200 2109745 "-" "Mozilla/5.0 (X11; Ubuntu; Linux i686; rv:14.0) Gecko/20100101 Firefox/14.0.1"
136.243.17.161 - - [24/Jan/2018:16:02:53 +0100] "GET /sonderthemen/oekz2003.pdf HTTP/1.1" 200 4017017 "-" "Mozilla/5.0 (Windows NT 6.1; WOW64) AppleWebKit/537.36 (KHTML, like Gecko) Chrome/27.0.1453.93 Safari/537.36"
78.46.156.169 - - [24/Jan/2018:16:32:44 +0100] "GET /sonderthemen/az1999.pdf HTTP/1.1" 200 1842982 "-" "Mozilla/5.0 (Windows NT 6.1; WOW64; rv:18.0) Gecko/20100101 Firefox/18.0"
31.207.44.30 - - [24/Jan/2018:17:25:56 +0100] "GET / HTTP/1.1" 200 9360 "-" "Mozilla/5.0 (X11; Linux x86_64) AppleWebKit/537.31 (KHTML, like Gecko) Chrome/26.0.1410.63 Safari/537.31"
185.5.172.162 - - [24/Jan/2018:18:18:38 +0100] "GET / HTTP/1.1" 200 9360 "-" "Mozilla/4.0 (compatible; MSIE 8.0; Win32)"
207.46.13.59 - - [24/Jan/2018:18:23:29 +0100] "GET /robots.txt HTTP/1.1" 200 100 "-" "Mozilla/5.0 (compatible; bingbot/2.0; +http://www.bing.com/bingbot.htm)"
134.119.26.31 - - [24/Jan/2018:18:48:30 +0100] "GET / HTTP/1.1" 200 9360 "-" "User-Agent: Mozilla/5.0 (Windows NT 10.0; WOW64; rv:52.0) Gecko/20100101 Firefox/52.0"
212.227.24.42 - - [24/Jan/2018:19:34:50 +0100] "GET /wp-admin/setup-config.php?step=1 HTTP/1.1" 404 2381 "-" "libwww-perl/6.08"
212.227.24.42 - - [24/Jan/2018:19:34:50 +0100] "GET /wordpress/wp-admin/setup-config.php?step=1 HTTP/1.1" 404 2381 "-" "libwww-perl/6.08"
212.227.24.42 - - [24/Jan/2018:19:34:50 +0100] "GET /site/wp-admin/setup-config.php?step=1 HTTP/1.1" 404 2381 "-" "libwww-perl/6.08"
212.227.24.42 - - [24/Jan/2018:19:34:50 +0100] "GET /old/wp-admin/setup-config.php?step=1 HTTP/1.1" 404 2381 "-" "libwww-perl/6.08"
212.227.24.42 - - [24/Jan/2018:19:34:50 +0100] "GET /wp/wp-admin/setup-config.php?step=1 HTTP/1.1" 404 2381 "-" "libwww-perl/6.08"
207.46.13.57 - - [24/Jan/2018:19:47:30 +0100] "GET / HTTP/1.1" 200 9360 "-" "Mozilla/5.0 (compatible; bingbot/2.0; +http://www.bing.com/bingbot.htm)"
178.255.41.251 - - [24/Jan/2018:19:52:16 +0100] "GET /sonderthemen/oekt_extra1.pdf HTTP/1.1" 200 1849015 "-" "Mozilla/5.0 (X11; Linux i686; rv:21.0) Gecko/20100101 Firefox/21.0"
43.252.231.127 - - [24/Jan/2018:20:16:05 +0100] "GET / HTTP/1.1" 200 9360 "-" "-"
43.252.231.127 - - [24/Jan/2018:20:16:06 +0100] "GET /xmlrpc.php HTTP/1.1" 404 2381 "-" "-"
43.252.231.127 - - [24/Jan/2018:20:16:06 +0100] "HEAD /wp-login.php HTTP/1.1" 404 - "-" "-"
5.9.145.132 - - [24/Jan/2018:20:44:38 +0100] "GET /buecher/rezensionen_le_saulchoir.html HTTP/1.1" 200 34009 "-" "Mozilla/5.0 (Macintosh; Intel Mac OS X 10_8) AppleWebKit/536.25 (KHTML, like Gecko) Version/6.0 Safari/536.25"
66.249.64.209 - - [24/Jan/2018:21:39:39 +0100] "GET /cds/hymnos_heft.jpg HTTP/1.1" 200 8653 "-" "Googlebot-Image/1.0"
216.244.66.250 - - [24/Jan/2018:21:55:57 +0100] "GET /robots.txt HTTP/1.1" 200 100 "-" "Mozilla/5.0 (compatible; DotBot/1.1; http://www.opensiteexplorer.org/dotbot, help@moz.com)"
77.75.76.172 - - [24/Jan/2018:21:56:02 +0100] "GET /robots.txt HTTP/1.1" 200 100 "-" "Mozilla/5.0 (compatible; SeznamBot/3.2; +http://napoveda.seznam.cz/en/seznambot-intro/)"
77.75.76.172 - - [24/Jan/2018:21:56:03 +0100] "GET /cds/ignatius.jpg HTTP/1.1" 304 - "-" "Mozilla/5.0 (compatible; SeznamBot/3.2; +http://napoveda.seznam.cz/en/seznambot-intro/)"
87.144.226.136 - - [24/Jan/2018:22:19:14 +0100] "GET /main.css HTTP/1.1" 200 1439 "http://www.morusverlag.de/buecher/rezensionen_chateaubriand.html" "Mozilla/5.0 (Windows NT 6.1; Win64; x64; rv:57.0) Gecko/20100101 Firefox/57.0"
87.144.226.136 - - [24/Jan/2018:22:19:14 +0100] "GET /logo_g.gif HTTP/1.1" 200 1301 "http://www.morusverlag.de/buecher/rezensionen_chateaubriand.html" "Mozilla/5.0 (Windows NT 6.1; Win64; x64; rv:57.0) Gecko/20100101 Firefox/57.0"
87.144.226.136 - - [24/Jan/2018:22:19:14 +0100] "GET /mv_g.gif HTTP/1.1" 200 4070 "http://www.morusverlag.de/buecher/rezensionen_chateaubriand.html" "Mozilla/5.0 (Windows NT 6.1; Win64; x64; rv:57.0) Gecko/20100101 Firefox/57.0"
87.144.226.136 - - [24/Jan/2018:22:19:14 +0100] "GET /pf.gif HTTP/1.1" 200 62 "http://www.morusverlag.de/buecher/rezensionen_chateaubriand.html" "Mozilla/5.0 (Windows NT 6.1; Win64; x64; rv:57.0) Gecko/20100101 Firefox/57.0"
87.144.226.136 - - [24/Jan/2018:22:19:14 +0100] "GET /strich.gif HTTP/1.1" 200 45 "http://www.morusverlag.de/buecher/rezensionen_chateaubriand.html" "Mozilla/5.0 (Windows NT 6.1; Win64; x64; rv:57.0) Gecko/20100101 Firefox/57.0"
87.144.226.136 - - [24/Jan/2018:22:19:14 +0100] "GET /buecher/rezensionen_chateaubriand.html HTTP/1.1" 200 47317 "https://www.google.de/" "Mozilla/5.0 (Windows NT 6.1; Win64; x64; rv:57.0) Gecko/20100101 Firefox/57.0"
87.144.226.136 - - [24/Jan/2018:22:19:14 +0100] "GET /buecher/chateaubriand.jpg HTTP/1.1" 200 2272 "http://www.morusverlag.de/buecher/rezensionen_chateaubriand.html" "Mozilla/5.0 (Windows NT 6.1; Win64; x64; rv:57.0) Gecko/20100101 Firefox/57.0"
87.144.226.136 - - [24/Jan/2018:22:19:14 +0100] "GET /buecher/schenuit.jpg HTTP/1.1" 200 2024 "http://www.morusverlag.de/buecher/rezensionen_chateaubriand.html" "Mozilla/5.0 (Windows NT 6.1; Win64; x64; rv:57.0) Gecko/20100101 Firefox/57.0"
87.144.226.136 - - [24/Jan/2018:22:19:14 +0100] "GET /m.gif HTTP/1.1" 200 95 "http://www.morusverlag.de/buecher/rezensionen_chateaubriand.html" "Mozilla/5.0 (Windows NT 6.1; Win64; x64; rv:57.0) Gecko/20100101 Firefox/57.0"
87.144.226.136 - - [24/Jan/2018:22:19:15 +0100] "GET /favicon.ico HTTP/1.1" 200 4286 "-" "Mozilla/5.0 (Windows NT 6.1; Win64; x64; rv:57.0) Gecko/20100101 Firefox/57.0"
216.244.66.250 - - [24/Jan/2018:22:56:58 +0100] "GET /sonderthemen/index.html HTTP/1.1" 200 7102 "-" "Mozilla/5.0 (compatible; DotBot/1.1; http://www.opensiteexplorer.org/dotbot, help@moz.com)"
66.249.64.211 - - [24/Jan/2018:23:05:53 +0100] "GET /logo_g.gif HTTP/1.1" 200 1301 "-" "Googlebot-Image/1.0"
66.249.64.211 - - [24/Jan/2018:23:15:58 +0100] "GET /cds/hymnos.jpg HTTP/1.1" 200 27752 "-" "Googlebot-Image/1.0"
42.236.54.22 - - [25/Jan/2018:00:42:15 +0100] "GET / HTTP/1.1" 200 9360 "http://www.morusverlag.de/" "Mozilla/5.0 (Windows NT 6.1; WOW64) AppleWebKit/537.36 (KHTML, like Gecko) Chrome/50.0.2661.102 Safari/537.36; 360Spider"
216.244.66.198 - - [25/Jan/2018:02:10:30 +0100] "GET /robots.txt HTTP/1.1" 200 100 "-" "Mozilla/5.0 (compatible; DotBot/1.1; http://www.opensiteexplorer.org/dotbot, help@moz.com)"
66.249.64.211 - - [25/Jan/2018:02:14:33 +0100] "GET /mv_g.gif HTTP/1.1" 304 - "-" "Googlebot-Image/1.0"
77.75.77.62 - - [25/Jan/2018:02:20:56 +0100] "GET /robots.txt HTTP/1.1" 200 100 "-" "Mozilla/5.0 (compatible; SeznamBot/3.2; +http://napoveda.seznam.cz/en/seznambot-intro/)"
77.75.77.62 - - [25/Jan/2018:02:20:56 +0100] "GET /buecher/gesichter/27.jpg HTTP/1.1" 304 - "-" "Mozilla/5.0 (compatible; SeznamBot/3.2; +http://napoveda.seznam.cz/en/seznambot-intro/)"
216.244.66.198 - - [25/Jan/2018:03:15:56 +0100] "GET /index.html HTTP/1.1" 200 9360 "-" "Mozilla/5.0 (compatible; DotBot/1.1; http://www.opensiteexplorer.org/dotbot, help@moz.com)"
195.133.201.163 - - [25/Jan/2018:03:35:59 +0100] "HEAD / HTTP/1.1" 200 - "http://sladko-em.ru/supyi" "Mozilla/8.0 (compatible; MSIE7.00; Windows 2006)"
46.188.52.89 - - [25/Jan/2018:03:41:49 +0100] "GET /cds/hymnos_akathistos.html HTTP/1.1" 200 11061 "http://yandex.ru/clck/jsredir?from=yandex.ru%3Bsearch%3Bweb%3B%3B&text=&etext=1676.PHTDVzi5UQsicS-iEcDaWwHpOR1JuRTK8DoJxG2MUjJLLW-VDWaeQcgMK7OH9etr.477befcbdc8a5c7f6f7654f526159e2dd5d71db9&uuid=&state=_BLhILn4SxNIvvL0W45KSic66uCIg23qh8iRG98qeIXmeppkgUc0YHRNgn3KsbHJbmUkku86_mY&data=UlNrNmk5WktYejR0eWJFYk1Ldmtxb1l1RXpOMFBlbUJZSF9LZnpSZ1JYa2xNWnRjRWtpeEtCRk1KbDZsM0JCLUE0NDM3STRrVW9kS0ZnMWF1LUFjSHVkc21kNkI0MjhmalFjMDRfYmdWQ0gzaGFQRVJKd1pYWUFjZUVyNFVEQ1duRW9aQkM5VGtpYw&b64e=2&sign=ef162aca21395ff1d5612477a16f357c&keyno=0&cst=AiuY0DBWFJ7IXge4WdYJQaYgAYq7Jarrsp7atKeS2gzaTvws1p-PFtsG901-TqdbrJs7xH4qxs70ccoUSgRE7GlEoLFPGobVxtOMp_7TYCuovyXLvr5dLOkkY0TajXAhCTrs2Jl6ZEjXMV10DlE79Eo4Gbcv0CJr&ref=orjY4mGPRjk5boDnW0uvlrrd71vZw9kp5uQozpMtKCXmyCrj7VrKuFxLmDng4GAAGdzJoMWMdt-isoOQj_uKBhQpE6tx94N4h3fzYSCqQuyzvmjeOA7ht8r6cau8rzp9&l10n=ru&cts=1516847155774&mc=6.08188971121" "Mozilla/5.0 (Windows NT 6.3; Win64; x64) AppleWebKit/537.36 (KHTML, like Gecko) Chrome/61.0.3163.100 Safari/537.36"
46.188.52.89 - - [25/Jan/2018:03:41:49 +0100] "GET /mv_g.gif HTTP/1.1" 200 4070 "http://www.morusverlag.de/cds/hymnos_akathistos.html" "Mozilla/5.0 (Windows NT 6.3; Win64; x64) AppleWebKit/537.36 (KHTML, like Gecko) Chrome/61.0.3163.100 Safari/537.36"
46.188.52.89 - - [25/Jan/2018:03:41:49 +0100] "GET /strich.gif HTTP/1.1" 200 45 "http://www.morusverlag.de/cds/hymnos_akathistos.html" "Mozilla/5.0 (Windows NT 6.3; Win64; x64) AppleWebKit/537.36 (KHTML, like Gecko) Chrome/61.0.3163.100 Safari/537.36"
46.188.52.89 - - [25/Jan/2018:03:41:49 +0100] "GET /pf.gif HTTP/1.1" 200 62 "http://www.morusverlag.de/cds/hymnos_akathistos.html" "Mozilla/5.0 (Windows NT 6.3; Win64; x64) AppleWebKit/537.36 (KHTML, like Gecko) Chrome/61.0.3163.100 Safari/537.36"
46.188.52.89 - - [25/Jan/2018:03:41:49 +0100] "GET /m.gif HTTP/1.1" 200 95 "http://www.morusverlag.de/cds/hymnos_akathistos.html" "Mozilla/5.0 (Windows NT 6.3; Win64; x64) AppleWebKit/537.36 (KHTML, like Gecko) Chrome/61.0.3163.100 Safari/537.36"
46.188.52.89 - - [25/Jan/2018:03:41:50 +0100] "GET /main.css HTTP/1.1" 200 1439 "http://www.morusverlag.de/cds/hymnos_akathistos.html" "Mozilla/5.0 (Windows NT 6.3; Win64; x64) AppleWebKit/537.36 (KHTML, like Gecko) Chrome/61.0.3163.100 Safari/537.36"
46.188.52.89 - - [25/Jan/2018:03:41:49 +0100] "GET /cds/hymnos.jpg HTTP/1.1" 200 27752 "http://www.morusverlag.de/cds/hymnos_akathistos.html" "Mozilla/5.0 (Windows NT 6.3; Win64; x64) AppleWebKit/537.36 (KHTML, like Gecko) Chrome/61.0.3163.100 Safari/537.36"
46.188.52.89 - - [25/Jan/2018:03:41:50 +0100] "GET /cds/hymnos_heft.jpg HTTP/1.1" 200 8653 "http://www.morusverlag.de/cds/hymnos_akathistos.html" "Mozilla/5.0 (Windows NT 6.3; Win64; x64) AppleWebKit/537.36 (KHTML, like Gecko) Chrome/61.0.3163.100 Safari/537.36"
46.188.52.89 - - [25/Jan/2018:03:41:50 +0100] "GET /logo_g.gif HTTP/1.1" 200 1301 "http://www.morusverlag.de/cds/hymnos_akathistos.html" "Mozilla/5.0 (Windows NT 6.3; Win64; x64) AppleWebKit/537.36 (KHTML, like Gecko) Chrome/61.0.3163.100 Safari/537.36"
46.188.52.89 - - [25/Jan/2018:03:41:50 +0100] "GET /strich.gif HTTP/1.1" 200 45 "http://www.morusverlag.de/cds/hymnos_akathistos.html" "Mozilla/5.0 (Windows NT 6.3; Win64; x64) AppleWebKit/537.36 (KHTML, like Gecko) Chrome/61.0.3163.100 Safari/537.36"
85.93.91.84 - - [25/Jan/2018:03:42:53 +0100] "GET /robots.txt HTTP/1.0" 200 100 "-" "Mozilla/5.0 (compatible; DeuSu/5.0.2; +https://deusu.de/robot.html)"
85.93.91.84 - - [25/Jan/2018:03:42:54 +0100] "GET / HTTP/1.0" 200 9360 "-" "Mozilla/5.0 (compatible; DeuSu/5.0.2; +https://deusu.de/robot.html)"
207.46.13.200 - - [25/Jan/2018:03:54:47 +0100] "GET /robots.txt HTTP/1.1" 200 100 "-" "Mozilla/5.0 (compatible; bingbot/2.0; +http://www.bing.com/bingbot.htm)"
207.46.13.57 - - [25/Jan/2018:03:54:52 +0100] "GET / HTTP/1.1" 200 9360 "-" "Mozilla/5.0 (compatible; bingbot/2.0; +http://www.bing.com/bingbot.htm)"
88.198.43.207 - - [25/Jan/2018:03:56:06 +0100] "GET /sonderthemen/oekt_extra1.pdf HTTP/1.1" 200 1849015 "-" "Mozilla/5.0 (Windows NT 5.1; rv:11.0) Gecko Firefox/11.0"
88.198.90.9 - - [25/Jan/2018:03:56:06 +0100] "GET /sonderthemen/oekt_extra3.pdf HTTP/1.1" 200 2109745 "-" "Mozilla/5.0 (Macintosh; Intel Mac OS X 1084) AppleWebKit/536.29.13 (KHTML like Gecko) Version/6.0.4 Safari/536.29.13"
193.1.218.163 - - [25/Jan/2018:04:07:45 +0100] "HEAD / HTTP/1.1" 200 - "-" "Java/1.6.0_23"
178.159.43.212 - - [25/Jan/2018:04:11:50 +0100] "HEAD / HTTP/1.1" 200 - "https://bavariagid.de/ekskursiya-v-zamok-neuschwanstein-iz-myunkhena.html" "Mozilla/3.0 (compatible; MSIE4.00; Windows 2004)"
77.220.213.173 - - [25/Jan/2018:04:12:33 +0100] "HEAD / HTTP/1.1" 200 - "http://www.svoimi-rukamy.com/delayem_kofeynoye_derevo_domashnih_usloviyah.html" "Mozilla/5.0 (compatible; MSIE5.00; Windows 2008)"
194.87.103.12 - - [25/Jan/2018:04:19:58 +0100] "HEAD / HTTP/1.1" 200 - "http://www.laptop-nn.ru/" "Mozilla/3.0 (compatible; MSIE5.00; Windows 2004)"
195.133.145.199 - - [25/Jan/2018:04:19:59 +0100] "HEAD / HTTP/1.1" 200 - "http://www.skidku.org.ua/rozetka" "Mozilla/2.0 (compatible; MSIE6.00; Windows 2008)"
193.124.131.168 - - [25/Jan/2018:04:19:59 +0100] "HEAD / HTTP/1.1" 200 - "https://ekb.dienai.ru/category/ukreplenie-sosudov-i-ven/" "Mozilla/6.0 (compatible; MSIE6.00; Windows 2008)"
194.87.94.251 - - [25/Jan/2018:04:19:59 +0100] "HEAD / HTTP/1.1" 200 - "https://www.elegante-vitrage.ru/about-us" "Mozilla/5.0 (compatible; MSIE2.00; Windows 2006)"
194.87.236.223 - - [25/Jan/2018:04:19:59 +0100] "HEAD / HTTP/1.1" 200 - "https://locks-master.ru/ustanovka-zamkov/" "Mozilla/7.0 (compatible; MSIE2.00; Windows 2002)"
195.133.147.6 - - [25/Jan/2018:04:20:00 +0100] "HEAD / HTTP/1.1" 200 - "http://mifepriston.net/clauses/4/" "Mozilla/7.0 (compatible; MSIE3.00; Windows 2005)"
185.5.249.185 - - [25/Jan/2018:04:30:13 +0100] "HEAD / HTTP/1.1" 200 - "https://gruzchiki24.ru/ceny" "Mozilla/3.0 (compatible; MSIE5.00; Windows 2007)"
194.67.210.77 - - [25/Jan/2018:04:30:13 +0100] "HEAD / HTTP/1.1" 200 - "http://tocan.com.ua/nashi-kejsy/" "Mozilla/7.0 (compatible; MSIE7.00; Windows 2007)"
141.8.141.131 - - [25/Jan/2018:04:54:56 +0100] "GET /robots.txt HTTP/1.1" 200 100 "-" "Mozilla/5.0 (compatible; YandexBot/3.0; +http://yandex.com/bots)"
141.8.141.131 - - [25/Jan/2018:04:55:00 +0100] "GET /sonderthemen/sk2004_sz.jpg HTTP/1.1" 304 - "-" "Mozilla/5.0 (compatible; YandexImages/3.0; +http://yandex.com/bots)"
78.46.90.120 - - [25/Jan/2018:05:12:07 +0100] "GET /sonderthemen/oekt_extra3.pdf HTTP/1.1" 200 2109745 "-" "Mozilla/5.0 (compatible; MSIE 10.0; Windows NT 6.1; Trident/4.0; InfoPath.2; SV1; .NET CLR 2.0.50727; WOW64)"
217.69.143.69 - - [25/Jan/2018:05:46:57 +0100] "GET /robots.txt HTTP/1.0" 200 100 "-" "Mozilla/5.0 (compatible; Linux x86_64; Mail.RU_Bot/Robots/2.0; +http://go.mail.ru/help/robots)"
217.69.143.71 - - [25/Jan/2018:05:46:58 +0100] "GET / HTTP/1.1" 200 9360 "-" "Mozilla/5.0 (compatible; Linux x86_64; Mail.RU_Bot/Robots/2.0; +http://go.mail.ru/help/robots)"
17.142.155.163 - - [25/Jan/2018:05:49:12 +0100] "GET / HTTP/1.1" 200 9360 "-" "Mozilla/5.0 (Macintosh; Intel Mac OS X 10_10_1) AppleWebKit/600.2.5 (KHTML, like Gecko) Version/8.0.2 Safari/600.2.5 (Applebot/0.1; +http://www.apple.com/go/applebot)"
54.36.150.134 - - [25/Jan/2018:05:50:42 +0100] "GET /robots.txt HTTP/1.1" 200 100 "-" "Mozilla/5.0 (compatible; AhrefsBot/5.2; +http://ahrefs.com/robot/)"
54.36.148.86 - - [25/Jan/2018:05:50:43 +0100] "GET /impressum.html HTTP/1.1" 200 2808 "-" "Mozilla/5.0 (compatible; AhrefsBot/5.2; +http://ahrefs.com/robot/)"
207.46.13.96 - - [25/Jan/2018:06:26:50 +0100] "GET /buecher/gesichter/05.jpg HTTP/1.1" 200 8981 "-" "Mozilla/5.0 (compatible; bingbot/2.0; +http://www.bing.com/bingbot.htm)"
207.46.13.96 - - [25/Jan/2018:06:28:25 +0100] "GET /buecher/gesichter/18.jpg HTTP/1.1" 200 8757 "-" "Mozilla/5.0 (compatible; bingbot/2.0; +http://www.bing.com/bingbot.htm)"
85.93.91.84 - - [25/Jan/2018:06:47:24 +0100] "GET /buecher/rezensionen_preysing.html HTTP/1.0" 200 9502 "-" "Mozilla/5.0 (compatible; DeuSu/5.0.2; +https://deusu.de/robot.html)"
185.209.20.147 - - [25/Jan/2018:07:22:23 +0100] "HEAD / HTTP/1.1" 200 - "https://amaron.ru/krasota/uhod-za-licom/" "Mozilla/6.0 (compatible; MSIE5.00; Windows 2008)"
178.159.39.237 - - [25/Jan/2018:07:22:23 +0100] "HEAD / HTTP/1.1" 200 - "https://dienai.ru/helpdesk/katarakta/" "Mozilla/8.0 (compatible; MSIE5.00; Windows 2002)"
185.154.13.6 - - [25/Jan/2018:07:22:23 +0100] "HEAD / HTTP/1.1" 200 - "http://ukrainianbridesagency.info/2017/06/09/how-to-use-emoticons-to-succeed-in-dating-online/" "Mozilla/2.0 (compatible; MSIE7.00; Windows 2002)"
207.46.13.59 - - [25/Jan/2018:07:39:23 +0100] "GET /buecher/gesichter/08.jpg HTTP/1.1" 200 10437 "-" "Mozilla/5.0 (compatible; bingbot/2.0; +http://www.bing.com/bingbot.htm)"
40.77.167.196 - - [25/Jan/2018:07:56:17 +0100] "GET /buecher/gesichter/25.jpg HTTP/1.1" 200 7280 "-" "Mozilla/5.0 (compatible; bingbot/2.0; +http://www.bing.com/bingbot.htm)"
193.124.176.156 - - [25/Jan/2018:08:07:45 +0100] "HEAD / HTTP/1.1" 200 - "http://aerosys.ru/srochnaya-otpravka-gruza" "Mozilla/4.0 (compatible; MSIE7.00; Windows 2003)"
193.124.190.64 - - [25/Jan/2018:08:07:45 +0100] "HEAD / HTTP/1.1" 200 - "http://www.plkcargo.ru/aviadostavka-gruzov-iz-kitaya/" "Mozilla/6.0 (compatible; MSIE2.00; Windows 2004)"
73.6.98.65 - - [25/Jan/2018:08:11:09 +0100] "HEAD / HTTP/1.1" 200 - "-" "Mozilla/5.0 (compatible; pmoz.info ODP link checker; +http://pmoz.info/doc/botinfo.htm)"
216.244.66.198 - - [25/Jan/2018:08:24:20 +0100] "GET /robots.txt HTTP/1.1" 200 100 "-" "Mozilla/5.0 (compatible; DotBot/1.1; http://www.opensiteexplorer.org/dotbot, help@moz.com)"
5.9.17.118 - - [25/Jan/2018:08:40:38 +0100] "GET /sonderthemen/oeaz2002.pdf HTTP/1.1" 200 3161455 "-" "Mozilla/5.0 (Windows NT 6.1; rv:6.0) Gecko/20100101 Firefox/19.0"
148.251.237.246 - - [25/Jan/2018:08:40:38 +0100] "GET /sonderthemen/sk2002.pdf HTTP/1.1" 200 2628923 "-" "Mozilla/5.0 (Windows NT 6.2; WOW64) AppleWebKit/537.31 (KHTML, like Gecko) Chrome/26.0.1410.58 Safari/537.31"
198.27.68.69 - - [25/Jan/2018:08:42:25 +0100] "GET /up.php HTTP/1.0" 404 2381 "-" "Mozilla/5.0 (Windows NT 6.1; Win64; x64) AppleWebKit/537.36 (KHTML, like Gecko) Chrome/62.0.3202.94 Safari/537.36"
198.27.68.69 - - [25/Jan/2018:08:42:25 +0100] "GET /up.php HTTP/1.0" 404 2381 "-" "Mozilla/5.0 (Windows NT 6.1; Win64; x64) AppleWebKit/537.36 (KHTML, like Gecko) Chrome/62.0.3202.94 Safari/537.36"
207.46.13.96 - - [25/Jan/2018:08:42:32 +0100] "GET /cds/glockenspiel1_k.jpg HTTP/1.1" 200 5641 "-" "Mozilla/5.0 (compatible; bingbot/2.0; +http://www.bing.com/bingbot.htm)"
68.180.229.103 - - [25/Jan/2018:08:43:26 +0100] "GET /robots.txt HTTP/1.1" 200 100 "-" "Mozilla/5.0 (compatible; Yahoo! Slurp; http://help.yahoo.com/help/us/ysearch/slurp)"
68.180.229.103 - - [25/Jan/2018:08:43:26 +0100] "GET / HTTP/1.1" 304 - "-" "Mozilla/5.0 (compatible; Yahoo! Slurp; http://help.yahoo.com/help/us/ysearch/slurp)"
195.133.201.163 - - [25/Jan/2018:08:58:26 +0100] "HEAD / HTTP/1.1" 200 - "http://sladko-em.ru/vyipechka-sladkaya" "Mozilla/6.0 (compatible; MSIE6.00; Windows 2002)"
178.159.43.212 - - [25/Jan/2018:09:07:11 +0100] "HEAD / HTTP/1.1" 200 - "https://bavariagid.de/bavarskie-kozhanye-shtany.html" "Mozilla/3.0 (compatible; MSIE7.00; Windows 2007)"
77.220.213.173 - - [25/Jan/2018:09:08:27 +0100] "HEAD / HTTP/1.1" 200 - "http://www.svoimi-rukamy.com/zinnia-vurashivanie-kogda-sagat.html" "Mozilla/5.0 (compatible; MSIE7.00; Windows 2007)"
144.76.153.198 - - [25/Jan/2018:09:16:08 +0100] "GET /sonderthemen/oekt_extra3.pdf HTTP/1.1" 200 2109745 "-" "Mozilla/5.0 (Macintosh; Intel Mac OS X 10_8_2) AppleWebKit/536.26.17 (KHTML, like Gecko) Version/6.0.2 Safari/536.26.17"
162.210.196.130 - - [25/Jan/2018:09:17:04 +0100] "GET /robots.txt HTTP/1.1" 200 100 "-" "Mozilla/5.0 (compatible; MJ12bot/v1.4.8; http://mj12bot.com/)"
162.210.196.130 - - [25/Jan/2018:09:17:07 +0100] "GET / HTTP/1.1" 200 9360 "-" "Mozilla/5.0 (compatible; MJ12bot/v1.4.8; http://mj12bot.com/)"
207.46.13.96 - - [25/Jan/2018:09:31:17 +0100] "GET /buecher/gesichter/09.jpg HTTP/1.1" 200 9739 "-" "Mozilla/5.0 (compatible; bingbot/2.0; +http://www.bing.com/bingbot.htm)"
216.244.66.198 - - [25/Jan/2018:09:33:16 +0100] "GET /buecher/rezensionen_engel.html HTTP/1.1" 200 6598 "-" "Mozilla/5.0 (compatible; DotBot/1.1; http://www.opensiteexplorer.org/dotbot, help@moz.com)"
193.124.131.168 - - [25/Jan/2018:09:42:30 +0100] "HEAD / HTTP/1.1" 200 - "https://ekb.dienai.ru/tag/preparaty-dlya-povysheniya-umstvennoy-rabotosposobnosti/" "Mozilla/4.0 (compatible; MSIE3.00; Windows 2005)"
194.87.103.12 - - [25/Jan/2018:09:42:30 +0100] "HEAD / HTTP/1.1" 200 - "http://www.laptop-nn.ru/" "Mozilla/4.0 (compatible; MSIE4.00; Windows 2003)"
194.87.94.251 - - [25/Jan/2018:09:42:30 +0100] "HEAD / HTTP/1.1" 200 - "https://www.elegante-vitrage.ru/sostarennoe-zerkalo" "Mozilla/5.0 (compatible; MSIE5.00; Windows 2005)"
195.133.145.199 - - [25/Jan/2018:09:42:30 +0100] "HEAD / HTTP/1.1" 200 - "http://www.skidku.org.ua/coupons/silpo-kiev-akcii" "Mozilla/5.0 (compatible; MSIE4.00; Windows 2003)"
194.87.236.223 - - [25/Jan/2018:09:42:30 +0100] "HEAD / HTTP/1.1" 200 - "https://locks-master.ru/paneli-mdf/" "Mozilla/6.0 (compatible; MSIE3.00; Windows 2002)"
195.133.147.6 - - [25/Jan/2018:09:42:31 +0100] "HEAD / HTTP/1.1" 200 - "http://mifepriston.net/" "Mozilla/4.0 (compatible; MSIE7.00; Windows 2009)"
185.5.249.185 - - [25/Jan/2018:09:50:03 +0100] "HEAD / HTTP/1.1" 200 - "https://gruzchiki24.ru/ofisnyj-pereezd" "Mozilla/5.0 (compatible; MSIE5.00; Windows 2002)"
194.67.210.77 - - [25/Jan/2018:09:50:08 +0100] "HEAD / HTTP/1.1" 200 - "http://tocan.com.ua/gotovoe-po/sistema-upravleniya-ohranoj-i-inkassatsiej/" "Mozilla/8.0 (compatible; MSIE5.00; Windows 2003)"
141.8.141.131 - - [25/Jan/2018:09:55:07 +0100] "GET /robots.txt HTTP/1.1" 200 100 "-" "Mozilla/5.0 (compatible; YandexBot/3.0; +http://yandex.com/bots)"
141.8.141.131 - - [25/Jan/2018:09:55:11 +0100] "GET /buecher/gesichter/07.jpg HTTP/1.1" 200 7301 "-" "Mozilla/5.0 (compatible; YandexImages/3.0; +http://yandex.com/bots)"
40.77.167.196 - - [25/Jan/2018:10:59:34 +0100] "GET /buecher/gesichter/32.jpg HTTP/1.1" 200 8010 "-" "Mozilla/5.0 (compatible; bingbot/2.0; +http://www.bing.com/bingbot.htm)"
141.8.141.131 - - [25/Jan/2018:11:19:51 +0100] "GET /buecher/gesichter/01.jpg HTTP/1.1" 200 7981 "-" "Mozilla/5.0 (compatible; YandexImages/3.0; +http://yandex.com/bots)"
216.244.66.198 - - [25/Jan/2018:11:42:01 +0100] "GET /robots.txt HTTP/1.1" 200 100 "-" "Mozilla/5.0 (compatible; DotBot/1.1; http://www.opensiteexplorer.org/dotbot, help@moz.com)"
194.187.171.44 - - [25/Jan/2018:11:53:39 +0100] "GET /favicon.ico HTTP/1.1" 200 4286 "https://www.qwant.com/" "Qwantify/1.0"
91.34.43.89 - - [25/Jan/2018:12:04:01 +0100] "GET /cds/hymnos_akathistos.html HTTP/1.1" 200 11061 "-" "Mozilla/5.0 (Windows NT 10.0; WOW64; rv:58.0) Gecko/20100101 Firefox/58.0"
91.34.43.89 - - [25/Jan/2018:12:04:01 +0100] "GET /main.css HTTP/1.1" 200 1439 "http://www.morusverlag.de/cds/hymnos_akathistos.html" "Mozilla/5.0 (Windows NT 10.0; WOW64; rv:58.0) Gecko/20100101 Firefox/58.0"
91.34.43.89 - - [25/Jan/2018:12:04:01 +0100] "GET /logo_g.gif HTTP/1.1" 200 1301 "http://www.morusverlag.de/cds/hymnos_akathistos.html" "Mozilla/5.0 (Windows NT 10.0; WOW64; rv:58.0) Gecko/20100101 Firefox/58.0"
91.34.43.89 - - [25/Jan/2018:12:04:01 +0100] "GET /mv_g.gif HTTP/1.1" 200 4070 "http://www.morusverlag.de/cds/hymnos_akathistos.html" "Mozilla/5.0 (Windows NT 10.0; WOW64; rv:58.0) Gecko/20100101 Firefox/58.0"
91.34.43.89 - - [25/Jan/2018:12:04:01 +0100] "GET /m.gif HTTP/1.1" 200 95 "http://www.morusverlag.de/cds/hymnos_akathistos.html" "Mozilla/5.0 (Windows NT 10.0; WOW64; rv:58.0) Gecko/20100101 Firefox/58.0"
91.34.43.89 - - [25/Jan/2018:12:04:01 +0100] "GET /pf.gif HTTP/1.1" 200 62 "http://www.morusverlag.de/cds/hymnos_akathistos.html" "Mozilla/5.0 (Windows NT 10.0; WOW64; rv:58.0) Gecko/20100101 Firefox/58.0"
91.34.43.89 - - [25/Jan/2018:12:04:01 +0100] "GET /cds/hymnos_heft.jpg HTTP/1.1" 200 8653 "http://www.morusverlag.de/cds/hymnos_akathistos.html" "Mozilla/5.0 (Windows NT 10.0; WOW64; rv:58.0) Gecko/20100101 Firefox/58.0"
91.34.43.89 - - [25/Jan/2018:12:04:01 +0100] "GET /cds/hymnos.jpg HTTP/1.1" 200 27752 "http://www.morusverlag.de/cds/hymnos_akathistos.html" "Mozilla/5.0 (Windows NT 10.0; WOW64; rv:58.0) Gecko/20100101 Firefox/58.0"
91.34.43.89 - - [25/Jan/2018:12:04:01 +0100] "GET /strich.gif HTTP/1.1" 200 45 "http://www.morusverlag.de/cds/hymnos_akathistos.html" "Mozilla/5.0 (Windows NT 10.0; WOW64; rv:58.0) Gecko/20100101 Firefox/58.0"
91.34.43.89 - - [25/Jan/2018:12:04:02 +0100] "GET /favicon.ico HTTP/1.1" 200 4286 "-" "Mozilla/5.0 (Windows NT 10.0; WOW64; rv:58.0) Gecko/20100101 Firefox/58.0"
40.77.167.196 - - [25/Jan/2018:12:05:45 +0100] "GET /buecher/gesichter/23.jpg HTTP/1.1" 200 8706 "-" "Mozilla/5.0 (compatible; bingbot/2.0; +http://www.bing.com/bingbot.htm)"
216.244.66.198 - - [25/Jan/2018:12:44:20 +0100] "GET /buecher/bestellung.php HTTP/1.1" 200 10142 "-" "Mozilla/5.0 (compatible; DotBot/1.1; http://www.opensiteexplorer.org/dotbot, help@moz.com)"
173.252.90.117 - - [25/Jan/2018:12:49:20 +0100] "GET /cds/hymnos.jpg HTTP/1.1" 200 27752 "-" "facebookexternalhit/1.1 (+http://www.facebook.com/externalhit_uatext.php)"
54.36.148.231 - - [25/Jan/2018:12:57:58 +0100] "GET /buecher/rezensionen.html HTTP/1.1" 200 6964 "-" "Mozilla/5.0 (compatible; AhrefsBot/5.2; +http://ahrefs.com/robot/)"
87.163.70.174 - - [25/Jan/2018:13:02:29 +0100] "GET /sonderthemen/sk2002.pdf HTTP/1.1" 200 2628923 "-" "Mozilla/5.0 (Windows NT 6.1; rv:57.0) Gecko/20100101 Firefox/57.0"
118.100.87.18 - - [25/Jan/2018:13:02:48 +0100] "GET /wp-login.php HTTP/1.1" 404 2381 "-" "Mozilla/5.0 (Windows NT 6.1; WOW64; rv:40.0) Gecko/20100101 Firefox/40.1"
118.100.87.18 - - [25/Jan/2018:13:02:48 +0100] "GET / HTTP/1.1" 200 9360 "-" "Mozilla/5.0 (Windows NT 6.1; WOW64; rv:40.0) Gecko/20100101 Firefox/40.1"
207.46.13.59 - - [25/Jan/2018:13:13:31 +0100] "GET /cds/astazi.html HTTP/1.1" 200 8453 "-" "Mozilla/5.0 (iPhone; CPU iPhone OS 7_0 like Mac OS X) AppleWebKit/537.51.1 (KHTML, like Gecko) Version/7.0 Mobile/11A465 Safari/9537.53 (compatible; bingbot/2.0; +http://www.bing.com/bingbot.htm)"
157.55.39.72 - - [25/Jan/2018:13:13:43 +0100] "GET /main.css HTTP/1.1" 200 1439 "-" "Mozilla/5.0 (iPhone; CPU iPhone OS 7_0 like Mac OS X) AppleWebKit/537.51.1 (KHTML, like Gecko) Version/7.0 Mobile/11A465 Safari/9537.53 (compatible; bingbot/2.0; +http://www.bing.com/bingbot.htm)"
40.77.167.196 - - [25/Jan/2018:13:13:49 +0100] "GET /cds/simplay_control.swf HTTP/1.1" 200 1243 "-" "Mozilla/5.0 (iPhone; CPU iPhone OS 7_0 like Mac OS X) AppleWebKit/537.51.1 (KHTML, like Gecko) Version/7.0 Mobile/11A465 Safari/9537.53 (compatible; bingbot/2.0; +http://www.bing.com/bingbot.htm)"
40.77.167.196 - - [25/Jan/2018:13:13:49 +0100] "GET /cds/simplay_player.swf?audiofile=astazi.mp3 HTTP/1.1" 200 6377 "-" "Mozilla/5.0 (iPhone; CPU iPhone OS 7_0 like Mac OS X) AppleWebKit/537.51.1 (KHTML, like Gecko) Version/7.0 Mobile/11A465 Safari/9537.53 (compatible; bingbot/2.0; +http://www.bing.com/bingbot.htm)"
5.9.112.6 - - [25/Jan/2018:13:26:33 +0100] "GET /sonderthemen/oekt_extra3.pdf HTTP/1.1" 200 2109745 "-" "Mozilla/5.0 (X11; Linux i686; rv:21.0) Gecko/20100101 Firefox/21.0"
144.76.71.83 - - [25/Jan/2018:13:31:01 +0100] "GET /sonderthemen/oekt_extra2.pdf HTTP/1.1" 200 1939949 "-" "Mozilla/5.0 (Windows NT 5.1; rv:21.0) Gecko/20130401 Firefox/21.0"
148.251.54.44 - - [25/Jan/2018:13:34:20 +0100] "GET /sonderthemen/oekt_extra2.pdf HTTP/1.1" 200 1939949 "-" "Mozilla/5.0 (Windows NT 6.2; rv:21.0) Gecko/20130326 Firefox/21.0"
40.77.167.196 - - [25/Jan/2018:14:13:34 +0100] "GET /buecher/gesichter/01.jpg HTTP/1.1" 200 7981 "-" "Mozilla/5.0 (compatible; bingbot/2.0; +http://www.bing.com/bingbot.htm)"
207.46.13.96 - - [25/Jan/2018:14:13:42 +0100] "GET /buecher/gesichter/14.jpg HTTP/1.1" 200 7847 "-" "Mozilla/5.0 (compatible; bingbot/2.0; +http://www.bing.com/bingbot.htm)"
199.30.25.39 - - [25/Jan/2018:14:14:48 +0100] "GET /cds/simplaydata/playerconfig.xml?nocache=1516885842608 HTTP/1.1" 200 149 "-" "Mozilla/5.0 (iPhone; CPU iPhone OS 7_0 like Mac OS X) AppleWebKit/537.51.1 (KHTML, like Gecko) Version/7.0 Mobile/11A465 Safari/9537.53 BingPreview/1.0b"
65.55.210.156 - - [25/Jan/2018:14:14:49 +0100] "GET /cds/simplaydata/controlconfig.xml?nocache=1516885842630 HTTP/1.1" 200 121 "-" "Mozilla/5.0 (iPhone; CPU iPhone OS 7_0 like Mac OS X) AppleWebKit/537.51.1 (KHTML, like Gecko) Version/7.0 Mobile/11A465 Safari/9537.53 BingPreview/1.0b"
199.30.25.47 - - [25/Jan/2018:14:14:50 +0100] "GET /cds/simplaydata/playerskins/default/skin.xml?nocache=1516885843686 HTTP/1.1" 200 649 "-" "Mozilla/5.0 (iPhone; CPU iPhone OS 7_0 like Mac OS X) AppleWebKit/537.51.1 (KHTML, like Gecko) Version/7.0 Mobile/11A465 Safari/9537.53 BingPreview/1.0b"
65.55.210.156 - - [25/Jan/2018:14:14:50 +0100] "GET /cds/simplaydata/controlskins/default/skin.xml HTTP/1.1" 200 349 "-" "Mozilla/5.0 (iPhone; CPU iPhone OS 7_0 like Mac OS X) AppleWebKit/537.51.1 (KHTML, like Gecko) Version/7.0 Mobile/11A465 Safari/9537.53 BingPreview/1.0b"
93.217.204.146 - - [25/Jan/2018:14:27:12 +0100] "GET /cds/hymnos_akathistos.html HTTP/1.1" 200 11061 "https://www.google.de/" "Mozilla/5.0 (Windows NT 6.1; Win64; x64; rv:57.0) Gecko/20100101 Firefox/57.0"
93.217.204.146 - - [25/Jan/2018:14:27:12 +0100] "GET /main.css HTTP/1.1" 200 1439 "http://www.morusverlag.de/cds/hymnos_akathistos.html" "Mozilla/5.0 (Windows NT 6.1; Win64; x64; rv:57.0) Gecko/20100101 Firefox/57.0"
93.217.204.146 - - [25/Jan/2018:14:27:12 +0100] "GET /logo_g.gif HTTP/1.1" 200 1301 "http://www.morusverlag.de/cds/hymnos_akathistos.html" "Mozilla/5.0 (Windows NT 6.1; Win64; x64; rv:57.0) Gecko/20100101 Firefox/57.0"
93.217.204.146 - - [25/Jan/2018:14:27:12 +0100] "GET /mv_g.gif HTTP/1.1" 200 4070 "http://www.morusverlag.de/cds/hymnos_akathistos.html" "Mozilla/5.0 (Windows NT 6.1; Win64; x64; rv:57.0) Gecko/20100101 Firefox/57.0"
93.217.204.146 - - [25/Jan/2018:14:27:12 +0100] "GET /m.gif HTTP/1.1" 200 95 "http://www.morusverlag.de/cds/hymnos_akathistos.html" "Mozilla/5.0 (Windows NT 6.1; Win64; x64; rv:57.0) Gecko/20100101 Firefox/57.0"
93.217.204.146 - - [25/Jan/2018:14:27:12 +0100] "GET /pf.gif HTTP/1.1" 200 62 "http://www.morusverlag.de/cds/hymnos_akathistos.html" "Mozilla/5.0 (Windows NT 6.1; Win64; x64; rv:57.0) Gecko/20100101 Firefox/57.0"
93.217.204.146 - - [25/Jan/2018:14:27:12 +0100] "GET /cds/hymnos.jpg HTTP/1.1" 200 27752 "http://www.morusverlag.de/cds/hymnos_akathistos.html" "Mozilla/5.0 (Windows NT 6.1; Win64; x64; rv:57.0) Gecko/20100101 Firefox/57.0"
93.217.204.146 - - [25/Jan/2018:14:27:12 +0100] "GET /cds/hymnos_heft.jpg HTTP/1.1" 200 8653 "http://www.morusverlag.de/cds/hymnos_akathistos.html" "Mozilla/5.0 (Windows NT 6.1; Win64; x64; rv:57.0) Gecko/20100101 Firefox/57.0"
93.217.204.146 - - [25/Jan/2018:14:27:12 +0100] "GET /strich.gif HTTP/1.1" 200 45 "http://www.morusverlag.de/cds/hymnos_akathistos.html" "Mozilla/5.0 (Windows NT 6.1; Win64; x64; rv:57.0) Gecko/20100101 Firefox/57.0"
93.217.204.146 - - [25/Jan/2018:14:27:13 +0100] "GET /favicon.ico HTTP/1.1" 200 4286 "-" "Mozilla/5.0 (Windows NT 6.1; Win64; x64; rv:57.0) Gecko/20100101 Firefox/57.0"
93.217.204.146 - - [25/Jan/2018:14:27:35 +0100] "GET /cds/index.html HTTP/1.1" 200 7987 "http://www.morusverlag.de/cds/hymnos_akathistos.html" "Mozilla/5.0 (Windows NT 6.1; Win64; x64; rv:57.0) Gecko/20100101 Firefox/57.0"
93.217.204.146 - - [25/Jan/2018:14:27:36 +0100] "GET /cds/ignatius_k.jpg HTTP/1.1" 200 3965 "http://www.morusverlag.de/cds/index.html" "Mozilla/5.0 (Windows NT 6.1; Win64; x64; rv:57.0) Gecko/20100101 Firefox/57.0"
93.217.204.146 - - [25/Jan/2018:14:27:36 +0100] "GET /cds/rosarium_k.jpg HTTP/1.1" 200 3972 "http://www.morusverlag.de/cds/index.html" "Mozilla/5.0 (Windows NT 6.1; Win64; x64; rv:57.0) Gecko/20100101 Firefox/57.0"
93.217.204.146 - - [25/Jan/2018:14:27:36 +0100] "GET /cds/hymnos_k.jpg HTTP/1.1" 200 4986 "http://www.morusverlag.de/cds/index.html" "Mozilla/5.0 (Windows NT 6.1; Win64; x64; rv:57.0) Gecko/20100101 Firefox/57.0"
93.217.204.146 - - [25/Jan/2018:14:27:36 +0100] "GET /cds/glockenspiel1_k.jpg HTTP/1.1" 200 5641 "http://www.morusverlag.de/cds/index.html" "Mozilla/5.0 (Windows NT 6.1; Win64; x64; rv:57.0) Gecko/20100101 Firefox/57.0"
93.217.204.146 - - [25/Jan/2018:14:27:36 +0100] "GET /cds/glockenspiel2_k.jpg HTTP/1.1" 200 5265 "http://www.morusverlag.de/cds/index.html" "Mozilla/5.0 (Windows NT 6.1; Win64; x64; rv:57.0) Gecko/20100101 Firefox/57.0"
93.217.204.146 - - [25/Jan/2018:14:27:36 +0100] "GET /cds/lumina_k.jpg HTTP/1.1" 200 6053 "http://www.morusverlag.de/cds/index.html" "Mozilla/5.0 (Windows NT 6.1; Win64; x64; rv:57.0) Gecko/20100101 Firefox/57.0"
93.217.204.146 - - [25/Jan/2018:14:27:36 +0100] "GET /cds/astazi_k.jpg HTTP/1.1" 200 6049 "http://www.morusverlag.de/cds/index.html" "Mozilla/5.0 (Windows NT 6.1; Win64; x64; rv:57.0) Gecko/20100101 Firefox/57.0"
212.83.78.113 - - [25/Jan/2018:15:00:38 +0100] "GET / HTTP/1.1" 200 9360 "-" "Java/1.8.0_121"
212.83.78.113 - - [25/Jan/2018:15:00:39 +0100] "GET /impressum.html HTTP/1.1" 200 2808 "-" "Java/1.8.0_121"
212.83.78.113 - - [25/Jan/2018:15:00:39 +0100] "GET /index.html HTTP/1.1" 200 9360 "-" "Java/1.8.0_121"
212.83.78.113 - - [25/Jan/2018:15:00:39 +0100] "GET /buecher/index.html HTTP/1.1" 200 25885 "-" "Java/1.8.0_121"
212.83.78.113 - - [25/Jan/2018:15:00:39 +0100] "GET /buecher/rezensionen_chateaubriand.html HTTP/1.1" 200 47317 "-" "Java/1.8.0_121"
212.83.78.113 - - [25/Jan/2018:15:00:39 +0100] "GET /buecher/veroeffentlichungsliste.html HTTP/1.1" 200 129779 "-" "Java/1.8.0_121"
212.83.78.113 - - [25/Jan/2018:15:00:39 +0100] "GET /cds/hymnos_akathistos.html HTTP/1.1" 200 11061 "-" "Java/1.8.0_121"
212.83.78.113 - - [25/Jan/2018:15:00:39 +0100] "GET /cds/ignatius.html HTTP/1.1" 200 6576 "-" "Java/1.8.0_121"
212.83.78.113 - - [25/Jan/2018:15:00:39 +0100] "GET /cds/index.html HTTP/1.1" 200 7987 "-" "Java/1.8.0_121"
212.83.78.113 - - [25/Jan/2018:15:00:40 +0100] "GET /cds/rosarium.html HTTP/1.1" 200 6680 "-" "Java/1.8.0_121"
212.83.78.113 - - [25/Jan/2018:15:00:40 +0100] "GET /gotteslob/index.html HTTP/1.1" 200 2770 "-" "Java/1.8.0_121"
212.83.78.113 - - [25/Jan/2018:15:00:40 +0100] "GET /jahrbuch/index.html HTTP/1.1" 200 3956 "-" "Java/1.8.0_121"
212.83.78.113 - - [25/Jan/2018:15:00:40 +0100] "GET /kontakt/index.html HTTP/1.1" 200 2896 "-" "Java/1.8.0_121"
212.83.78.113 - - [25/Jan/2018:15:00:40 +0100] "GET /sonderthemen/index.html HTTP/1.1" 200 7102 "-" "Java/1.8.0_121"
212.83.78.113 - - [25/Jan/2018:15:00:40 +0100] "GET /buecher/bestellung.php HTTP/1.1" 200 10142 "-" "Java/1.8.0_121"
212.83.78.113 - - [25/Jan/2018:15:00:40 +0100] "GET /buecher/diskussion.html HTTP/1.1" 200 9925 "-" "Java/1.8.0_121"
212.83.78.113 - - [25/Jan/2018:15:00:40 +0100] "GET /buecher/rezensionen_engel.html HTTP/1.1" 200 6598 "-" "Java/1.8.0_121"
