66.249.64.97 - - [01/Mar/2015:05:25:02 +0100] "GET /robots.txt HTTP/1.1" 200 317 "-" "Mozilla/5.0 (compatible; Googlebot/2.1; +http://www.google.com/bot.html)"
66.249.64.89 - - [01/Mar/2015:05:25:02 +0100] "GET /retourenbeleg/ HTTP/1.1" 200 9054 "-" "Mozilla/5.0 (compatible; Googlebot/2.1; +http://www.google.com/bot.html)"
66.249.78.69 - - [01/Mar/2015:08:13:26 +0100] "GET / HTTP/1.1" 200 9384 "-" "Mozilla/5.0 (iPhone; CPU iPhone OS 6_0 like Mac OS X) AppleWebKit/536.26 (KHTML, like Gecko) Version/6.0 Mobile/10A5376e Safari/8536.25 (compatible; Googlebot/2.1; +http://www.google.com/bot.html)"
66.249.78.69 - - [01/Mar/2015:08:21:25 +0100] "GET /kunden.html HTTP/1.1" 200 11357 "-" "Mozilla/5.0 (iPhone; CPU iPhone OS 6_0 like Mac OS X) AppleWebKit/536.26 (KHTML, like Gecko) Version/6.0 Mobile/10A5376e Safari/8536.25 (compatible; Googlebot/2.1; +http://www.google.com/bot.html)"
66.249.78.62 - - [01/Mar/2015:16:21:22 +0100] "GET /dienstkleidung/ HTTP/1.1" 304 - "-" "Mozilla/5.0 (compatible; Googlebot/2.1; +http://www.google.com/bot.html)"
66.249.78.76 - - [01/Mar/2015:19:58:40 +0100] "GET /aeb.html HTTP/1.1" 200 20161 "-" "Mozilla/5.0 (iPhone; CPU iPhone OS 6_0 like Mac OS X) AppleWebKit/536.26 (KHTML, like Gecko) Version/6.0 Mobile/10A5376e Safari/8536.25 (compatible; Googlebot/2.1; +http://www.google.com/bot.html)"
66.249.78.76 - - [01/Mar/2015:20:05:03 +0100] "GET /bestellungen.html HTTP/1.1" 200 9578 "-" "Mozilla/5.0 (iPhone; CPU iPhone OS 6_0 like Mac OS X) AppleWebKit/536.26 (KHTML, like Gecko) Version/6.0 Mobile/10A5376e Safari/8536.25 (compatible; Googlebot/2.1; +http://www.google.com/bot.html)"
66.249.64.93 - - [01/Mar/2015:20:10:19 +0100] "GET /anspruch.html HTTP/1.1" 200 9615 "-" "Mozilla/5.0 (iPhone; CPU iPhone OS 6_0 like Mac OS X) AppleWebKit/536.26 (KHTML, like Gecko) Version/6.0 Mobile/10A5376e Safari/8536.25 (compatible; Googlebot/2.1; +http://www.google.com/bot.html)"
66.249.78.69 - - [01/Mar/2015:23:57:02 +0100] "GET /service-schoeneberg.html HTTP/1.1" 304 - "-" "Mozilla/5.0 (iPhone; CPU iPhone OS 6_0 like Mac OS X) AppleWebKit/536.26 (KHTML, like Gecko) Version/6.0 Mobile/10A5376e Safari/8536.25 (compatible; Googlebot/2.1; +http://www.google.com/bot.html)"
66.249.78.76 - - [02/Mar/2015:01:13:02 +0100] "GET /service-schoeneberg.html HTTP/1.1" 304 - "-" "Mozilla/5.0 (iPhone; CPU iPhone OS 6_0 like Mac OS X) AppleWebKit/536.26 (KHTML, like Gecko) Version/6.0 Mobile/10A5376e Safari/8536.25 (compatible; Googlebot/2.1; +http://www.google.com/bot.html)"
66.249.64.93 - - [02/Mar/2015:01:22:57 +0100] "GET /service-pankow.html HTTP/1.1" 304 - "-" "Mozilla/5.0 (iPhone; CPU iPhone OS 6_0 like Mac OS X) AppleWebKit/536.26 (KHTML, like Gecko) Version/6.0 Mobile/10A5376e Safari/8536.25 (compatible; Googlebot/2.1; +http://www.google.com/bot.html)"
66.249.78.62 - - [02/Mar/2015:06:28:17 +0100] "GET /robots.txt HTTP/1.1" 200 317 "-" "Mozilla/5.0 (compatible; Googlebot/2.1; +http://www.google.com/bot.html)"
66.249.78.69 - - [02/Mar/2015:06:28:17 +0100] "GET / HTTP/1.1" 200 9384 "-" "Mozilla/5.0 (iPhone; CPU iPhone OS 6_0 like Mac OS X) AppleWebKit/536.26 (KHTML, like Gecko) Version/6.0 Mobile/10A5376e Safari/8536.25 (compatible; Googlebot/2.1; +http://www.google.com/bot.html)"
167.114.162.107 - - [02/Mar/2015:09:08:44 +0100] "GET / HTTP/1.1" 200 9384 "-" "Mozilla/5.0 (Macintosh; Intel Mac OS X 10_10_2) AppleWebKit/537.36 (KHTML, like Gecko) Chrome/40.0.2214.111 Safari/537.36"
66.249.78.76 - - [03/Mar/2015:01:25:56 +0100] "GET / HTTP/1.1" 200 9384 "-" "Mozilla/5.0 (iPhone; CPU iPhone OS 6_0 like Mac OS X) AppleWebKit/536.26 (KHTML, like Gecko) Version/6.0 Mobile/10A5376e Safari/8536.25 (compatible; Googlebot/2.1; +http://www.google.com/bot.html)"
207.46.13.135 - - [03/Mar/2015:05:54:24 +0100] "GET /robots.txt HTTP/1.1" 200 317 "-" "Mozilla/5.0 (compatible; bingbot/2.0; +http://www.bing.com/bingbot.htm)"
207.46.13.135 - - [03/Mar/2015:05:54:29 +0100] "GET /service-frankfurt.html HTTP/1.1" 200 12295 "-" "Mozilla/5.0 (compatible; bingbot/2.0; +http://www.bing.com/bingbot.htm)"
157.55.39.144 - - [03/Mar/2015:05:54:33 +0100] "GET /robots.txt HTTP/1.1" 200 317 "-" "Mozilla/5.0 (compatible; bingbot/2.0; +http://www.bing.com/bingbot.htm)"
157.55.39.55 - - [03/Mar/2015:06:01:07 +0100] "GET /images/karte-sc-leipzig.png HTTP/1.1" 200 58466 "-" "Mozilla/5.0 (compatible; bingbot/2.0; +http://www.bing.com/bingbot.htm)"
157.55.39.55 - - [03/Mar/2015:06:01:09 +0100] "GET /images/karte-sc-pankow.png HTTP/1.1" 200 58562 "-" "Mozilla/5.0 (compatible; bingbot/2.0; +http://www.bing.com/bingbot.htm)"
207.46.13.49 - - [03/Mar/2015:06:21:30 +0100] "GET /images/karte-sc-bochum.png HTTP/1.1" 200 58432 "-" "Mozilla/5.0 (compatible; bingbot/2.0; +http://www.bing.com/bingbot.htm)"
207.46.13.49 - - [03/Mar/2015:06:21:32 +0100] "GET /images/karte-sc-koeln.png HTTP/1.1" 200 58474 "-" "Mozilla/5.0 (compatible; bingbot/2.0; +http://www.bing.com/bingbot.htm)"
207.46.13.49 - - [03/Mar/2015:06:21:33 +0100] "GET /images/karte-sc-schoeneberg.png HTTP/1.1" 200 58411 "-" "Mozilla/5.0 (compatible; bingbot/2.0; +http://www.bing.com/bingbot.htm)"
199.30.16.162 - - [03/Mar/2015:06:55:45 +0100] "GET /css/normalize.css HTTP/1.1" 200 3753 "http://www.hotelkleidung.com/service-frankfurt.html" "Mozilla/5.0 (Windows NT 6.1; WOW64) AppleWebKit/534+ (KHTML, like Gecko) BingPreview/1.0b"
199.30.16.162 - - [03/Mar/2015:06:55:45 +0100] "GET /js/modernizr.custom.js HTTP/1.1" 200 9226 "http://www.hotelkleidung.com/service-frankfurt.html" "Mozilla/5.0 (Windows NT 6.1; WOW64) AppleWebKit/534+ (KHTML, like Gecko) BingPreview/1.0b"
199.30.16.162 - - [03/Mar/2015:06:55:45 +0100] "GET /css/default.css HTTP/1.1" 200 25906 "http://www.hotelkleidung.com/service-frankfurt.html" "Mozilla/5.0 (Windows NT 6.1; WOW64) AppleWebKit/534+ (KHTML, like Gecko) BingPreview/1.0b"
199.30.16.162 - - [03/Mar/2015:06:55:47 +0100] "GET /images/top.png HTTP/1.1" 200 1633 "http://www.hotelkleidung.com/service-frankfurt.html" "Mozilla/5.0 (Windows NT 6.1; WOW64) AppleWebKit/534+ (KHTML, like Gecko) BingPreview/1.0b"
199.30.16.162 - - [03/Mar/2015:06:55:47 +0100] "GET /images/dashed.png HTTP/1.1" 200 936 "http://www.hotelkleidung.com/service-frankfurt.html" "Mozilla/5.0 (Windows NT 6.1; WOW64) AppleWebKit/534+ (KHTML, like Gecko) BingPreview/1.0b"
199.30.16.162 - - [03/Mar/2015:06:55:47 +0100] "GET /images/logo-sign-mini.png HTTP/1.1" 200 1953 "http://www.hotelkleidung.com/service-frankfurt.html" "Mozilla/5.0 (Windows NT 6.1; WOW64) AppleWebKit/534+ (KHTML, like Gecko) BingPreview/1.0b"
199.30.16.162 - - [03/Mar/2015:06:55:47 +0100] "GET /js/jquery.stickyPanel.min.js HTTP/1.1" 200 1563 "http://www.hotelkleidung.com/service-frankfurt.html" "Mozilla/5.0 (Windows NT 6.1; WOW64) AppleWebKit/534+ (KHTML, like Gecko) BingPreview/1.0b"
199.30.16.162 - - [03/Mar/2015:06:55:47 +0100] "GET /fonts/2A905F_0_0.ttf HTTP/1.1" 200 32636 "http://www.hotelkleidung.com/service-frankfurt.html" "Mozilla/5.0 (Windows NT 6.1; WOW64) AppleWebKit/534+ (KHTML, like Gecko) BingPreview/1.0b"
199.30.16.162 - - [03/Mar/2015:06:55:47 +0100] "GET /js/HorizontalMenu.min.js HTTP/1.1" 200 457 "http://www.hotelkleidung.com/service-frankfurt.html" "Mozilla/5.0 (Windows NT 6.1; WOW64) AppleWebKit/534+ (KHTML, like Gecko) BingPreview/1.0b"
199.30.16.162 - - [03/Mar/2015:06:55:47 +0100] "GET /js/jquery.rwdImageMaps.min.js HTTP/1.1" 302 341 "http://www.hotelkleidung.com/service-frankfurt.html" "Mozilla/5.0 (Windows NT 6.1; WOW64) AppleWebKit/534+ (KHTML, like Gecko) BingPreview/1.0b"
207.46.13.135 - - [03/Mar/2015:08:43:42 +0100] "GET /service-schoeneberg.html HTTP/1.1" 200 12331 "-" "Mozilla/5.0 (compatible; bingbot/2.0; +http://www.bing.com/bingbot.htm)"
199.30.25.6 - - [03/Mar/2015:08:43:45 +0100] "GET /js/HorizontalMenu.min.js HTTP/1.1" 200 457 "http://www.hotelkleidung.com/service-schoeneberg.html" "Mozilla/5.0 (Windows NT 6.1; WOW64) AppleWebKit/534+ (KHTML, like Gecko) BingPreview/1.0b"
207.46.13.135 - - [03/Mar/2015:08:44:01 +0100] "GET /images/karte-sc-frankfurt.png HTTP/1.1" 200 58400 "-" "Mozilla/5.0 (compatible; bingbot/2.0; +http://www.bing.com/bingbot.htm)"
207.46.13.135 - - [03/Mar/2015:10:37:47 +0100] "GET /service-pankow.html HTTP/1.1" 200 12282 "-" "Mozilla/5.0 (compatible; bingbot/2.0; +http://www.bing.com/bingbot.htm)"
157.55.39.144 - - [03/Mar/2015:13:30:04 +0100] "GET /qualitaet.html HTTP/1.1" 200 10291 "-" "Mozilla/5.0 (compatible; bingbot/2.0; +http://www.bing.com/bingbot.htm)"
66.249.79.121 - - [03/Mar/2015:19:45:43 +0100] "GET /robots.txt HTTP/1.1" 200 317 "-" "Mozilla/5.0 (compatible; Googlebot/2.1; +http://www.google.com/bot.html)"
66.249.79.105 - - [03/Mar/2015:19:45:43 +0100] "GET / HTTP/1.1" 200 9384 "-" "Mozilla/5.0 (iPhone; CPU iPhone OS 6_0 like Mac OS X) AppleWebKit/536.26 (KHTML, like Gecko) Version/6.0 Mobile/10A5376e Safari/8536.25 (compatible; Googlebot/2.1; +http://www.google.com/bot.html)"
207.46.13.135 - - [03/Mar/2015:20:07:38 +0100] "GET /unternehmensbekleidung/ HTTP/1.1" 200 13096 "-" "Mozilla/5.0 (compatible; bingbot/2.0; +http://www.bing.com/bingbot.htm)"
141.8.189.114 - - [04/Mar/2015:07:06:58 +0100] "GET /robots.txt HTTP/1.1" 200 317 "-" "Mozilla/5.0 (compatible; YandexBot/3.0; +http://yandex.com/bots)"
141.8.147.12 - - [04/Mar/2015:07:07:00 +0100] "GET / HTTP/1.1" 200 9384 "-" "Mozilla/5.0 (compatible; YandexBot/3.0; +http://yandex.com/bots)"
141.8.147.12 - - [04/Mar/2015:07:07:03 +0100] "GET / HTTP/1.1" 200 9384 "-" "Mozilla/5.0 (compatible; YandexBot/3.0; +http://yandex.com/bots)"
207.46.13.135 - - [04/Mar/2015:15:46:11 +0100] "GET /service-pankow.html HTTP/1.1" 200 12282 "-" "Mozilla/5.0 (compatible; bingbot/2.0; +http://www.bing.com/bingbot.htm)"
199.30.16.170 - - [04/Mar/2015:15:46:13 +0100] "GET /js/HorizontalMenu.min.js HTTP/1.1" 200 457 "http://www.hotelkleidung.com/service-pankow.html" "Mozilla/5.0 (Windows NT 6.1; WOW64) AppleWebKit/534+ (KHTML, like Gecko) BingPreview/1.0b"
157.55.39.50 - - [04/Mar/2015:15:51:03 +0100] "GET /fonts/2A905F_0_0.ttf HTTP/1.1" 200 32636 "-" "Mozilla/5.0 (compatible; bingbot/2.0; +http://www.bing.com/bingbot.htm)"
199.30.16.170 - - [04/Mar/2015:16:47:29 +0100] "GET /images/top.png HTTP/1.1" 200 1633 "http://www.hotelkleidung.com/service-pankow.html" "Mozilla/5.0 (Windows NT 6.1; WOW64) AppleWebKit/534+ (KHTML, like Gecko) BingPreview/1.0b"
199.30.16.170 - - [04/Mar/2015:16:47:29 +0100] "GET /fonts/2A905F_0_0.ttf HTTP/1.1" 200 32636 "http://www.hotelkleidung.com/service-pankow.html" "Mozilla/5.0 (Windows NT 6.1; WOW64) AppleWebKit/534+ (KHTML, like Gecko) BingPreview/1.0b"
66.249.78.76 - - [05/Mar/2015:00:51:31 +0100] "GET /robots.txt HTTP/1.1" 200 317 "-" "Mozilla/5.0 (compatible; Googlebot/2.1; +http://www.google.com/bot.html)"
66.249.78.69 - - [05/Mar/2015:00:51:31 +0100] "GET / HTTP/1.1" 200 9384 "-" "Mozilla/5.0 (iPhone; CPU iPhone OS 6_0 like Mac OS X) AppleWebKit/536.26 (KHTML, like Gecko) Version/6.0 Mobile/10A5376e Safari/8536.25 (compatible; Googlebot/2.1; +http://www.google.com/bot.html)"
66.249.78.62 - - [05/Mar/2015:09:03:28 +0100] "GET /statements.html HTTP/1.1" 200 17111 "-" "Mozilla/5.0 (iPhone; CPU iPhone OS 6_0 like Mac OS X) AppleWebKit/536.26 (KHTML, like Gecko) Version/6.0 Mobile/10A5376e Safari/8536.25 (compatible; Googlebot/2.1; +http://www.google.com/bot.html)"
157.55.39.58 - - [05/Mar/2015:10:37:14 +0100] "GET /service-schoeneberg.html HTTP/1.1" 304 - "-" "Mozilla/5.0 (compatible; bingbot/2.0; +http://www.bing.com/bingbot.htm)"
66.249.78.76 - - [05/Mar/2015:18:58:36 +0100] "GET /beratung.html HTTP/1.1" 200 11140 "-" "Mozilla/5.0 (iPhone; CPU iPhone OS 6_0 like Mac OS X) AppleWebKit/536.26 (KHTML, like Gecko) Version/6.0 Mobile/10A5376e Safari/8536.25 (compatible; Googlebot/2.1; +http://www.google.com/bot.html)"
66.249.78.76 - - [05/Mar/2015:22:12:12 +0100] "GET /robots.txt HTTP/1.1" 200 317 "-" "Mozilla/5.0 (compatible; Googlebot/2.1; +http://www.google.com/bot.html)"
66.249.78.62 - - [05/Mar/2015:22:12:12 +0100] "GET /karriere.html HTTP/1.1" 304 - "-" "Mozilla/5.0 (iPhone; CPU iPhone OS 6_0 like Mac OS X) AppleWebKit/536.26 (KHTML, like Gecko) Version/6.0 Mobile/10A5376e Safari/8536.25 (compatible; Googlebot/2.1; +http://www.google.com/bot.html)"
66.249.78.62 - - [06/Mar/2015:00:02:02 +0100] "GET / HTTP/1.1" 200 9384 "-" "Mozilla/5.0 (iPhone; CPU iPhone OS 6_0 like Mac OS X) AppleWebKit/536.26 (KHTML, like Gecko) Version/6.0 Mobile/10A5376e Safari/8536.25 (compatible; Googlebot/2.1; +http://www.google.com/bot.html)"
107.170.164.163 - - [06/Mar/2015:00:11:01 +0100] "GET / HTTP/1.0" 200 9384 "-" "Mozilla/5.0 (compatible; NetcraftSurveyAgent/1.0; +info@netcraft.com)"
141.8.147.12 - - [06/Mar/2015:10:06:27 +0100] "GET /robots.txt HTTP/1.1" 200 317 "-" "Mozilla/5.0 (compatible; YandexBot/3.0; +http://yandex.com/bots)"
141.8.147.12 - - [06/Mar/2015:10:06:29 +0100] "GET / HTTP/1.1" 200 9384 "-" "Mozilla/5.0 (compatible; YandexBot/3.0; +http://yandex.com/bots)"
141.8.147.12 - - [06/Mar/2015:10:06:33 +0100] "GET / HTTP/1.1" 200 9384 "-" "Mozilla/5.0 (compatible; YandexBot/3.0; +http://yandex.com/bots)"
66.249.78.62 - - [06/Mar/2015:18:25:56 +0100] "GET /karriere.html HTTP/1.1" 304 - "-" "Mozilla/5.0 (iPhone; CPU iPhone OS 6_0 like Mac OS X) AppleWebKit/536.26 (KHTML, like Gecko) Version/6.0 Mobile/10A5376e Safari/8536.25 (compatible; Googlebot/2.1; +http://www.google.com/bot.html)"
157.55.39.58 - - [07/Mar/2015:00:15:15 +0100] "GET /robots.txt HTTP/1.1" 200 317 "-" "Mozilla/5.0 (compatible; bingbot/2.0; +http://www.bing.com/bingbot.htm)"
157.55.39.58 - - [07/Mar/2015:00:15:20 +0100] "GET /haftungsausschluss.html HTTP/1.1" 304 - "-" "Mozilla/5.0 (compatible; bingbot/2.0; +http://www.bing.com/bingbot.htm)"
66.249.64.97 - - [07/Mar/2015:00:36:27 +0100] "GET /robots.txt HTTP/1.1" 200 317 "-" "Mozilla/5.0 (compatible; Googlebot/2.1; +http://www.google.com/bot.html)"
66.249.64.93 - - [07/Mar/2015:00:36:27 +0100] "GET / HTTP/1.1" 200 9384 "-" "Mozilla/5.0 (iPhone; CPU iPhone OS 6_0 like Mac OS X) AppleWebKit/536.26 (KHTML, like Gecko) Version/6.0 Mobile/10A5376e Safari/8536.25 (compatible; Googlebot/2.1; +http://www.google.com/bot.html)"
93.186.202.241 - - [07/Mar/2015:01:39:42 +0100] "GET / HTTP/1.1" 200 9384 "-" "Mozilla/5.0 (Windows NT 6.1) AppleWebKit/537.22 (KHTML, like Gecko) Chrome/25.0.1364.169 Safari/537.22"
93.186.202.241 - - [07/Mar/2015:01:39:43 +0100] "GET /karriere.html HTTP/1.1" 200 10442 "-" "Mozilla/5.0 (X11; Ubuntu; Linux x86_64; rv:21.0) Gecko/20100101 Firefox/21.0"
93.186.202.241 - - [07/Mar/2015:01:39:43 +0100] "GET /berufsbekleidung-ready-to-wear.html HTTP/1.1" 200 13745 "-" "Mozilla/5.0 (Macintosh; Intel Mac OS X 107) AppleWebKit/534.48.3 (KHTML like Gecko) Version/5.1 Safari/534.48.3"
93.186.202.241 - - [07/Mar/2015:01:39:43 +0100] "GET /impressum.html HTTP/1.1" 200 9131 "-" "Mozilla/5.0 (Windows NT 6.1; WOW64; rv:18.0) Gecko/20100101 Firefox/18.0"
93.186.202.241 - - [07/Mar/2015:01:39:44 +0100] "GET /ansprechpartner.html HTTP/1.1" 200 11819 "-" "Mozilla/5.0 (X11; Ubuntu; Linux i686; rv:15.0) Gecko/20100101 Firefox/15.0.1"
93.186.202.241 - - [07/Mar/2015:01:39:46 +0100] "GET /service-pankow.html HTTP/1.1" 200 12282 "-" "Mozilla/5.0 (X11; Ubuntu; Linux armv7l; rv:17.0) Gecko/20100101 Firefox/17.0"
207.46.13.33 - - [07/Mar/2015:08:51:30 +0100] "GET /karriere.html HTTP/1.1" 200 10442 "-" "Mozilla/5.0 (compatible; bingbot/2.0; +http://www.bing.com/bingbot.htm)"
66.249.78.69 - - [07/Mar/2015:18:15:00 +0100] "GET /karriere.html HTTP/1.1" 304 - "-" "Mozilla/5.0 (iPhone; CPU iPhone OS 6_0 like Mac OS X) AppleWebKit/536.26 (KHTML, like Gecko) Version/6.0 Mobile/10A5376e Safari/8536.25 (compatible; Googlebot/2.1; +http://www.google.com/bot.html)"
46.229.170.197 - - [07/Mar/2015:20:31:14 +0100] "GET / HTTP/1.1" 200 9384 "-" "Mozilla/5.0 (X11; Linux i686; rv:6.0) Gecko/20100101 Firefox/6.0"
27.151.73.73 - - [07/Mar/2015:22:09:04 +0100] "GET /admin/templates/fckeditor/editor/fckeditor.html HTTP/1.1" 302 341 "-" "-"
27.151.73.73 - - [07/Mar/2015:22:09:05 +0100] "GET /editor/editor/fckeditor.html HTTP/1.1" 302 341 "-" "-"
27.151.73.73 - - [07/Mar/2015:22:09:05 +0100] "GET /cms/HTMLEditor/editor/fckeditor.html HTTP/1.1" 302 341 "-" "-"
27.151.73.73 - - [07/Mar/2015:22:09:06 +0100] "GET /javascripts/fckeditor/editor/fckeditor.html HTTP/1.1" 302 341 "-" "-"
27.151.73.73 - - [07/Mar/2015:22:09:08 +0100] "GET /news/fckeditor/editor/fckeditor.html HTTP/1.1" 302 341 "-" "-"
27.151.73.73 - - [07/Mar/2015:22:09:09 +0100] "GET /html/js/editor/fckeditor/editor/fckeditor.html HTTP/1.1" 302 341 "-" "-"
27.151.73.73 - - [07/Mar/2015:22:09:10 +0100] "GET /_engine/fckeditor/editor/fckeditor.html HTTP/1.1" 302 341 "-" "-"
27.151.73.73 - - [07/Mar/2015:22:09:10 +0100] "GET /include/fckeditor/editor/fckeditor.html HTTP/1.1" 302 341 "-" "-"
27.151.73.73 - - [07/Mar/2015:22:09:11 +0100] "GET /HTMLEditor/editor/fckeditor.html HTTP/1.1" 302 341 "-" "-"
27.151.73.73 - - [07/Mar/2015:22:09:11 +0100] "GET /Backend/FCKeditor/editor/fckeditor.html HTTP/1.1" 302 341 "-" "-"
27.151.73.73 - - [07/Mar/2015:22:09:12 +0100] "GET /admin/classes/components/formattedTextArea/fckeditor/editor/fckeditor.html HTTP/1.1" 302 341 "-" "-"
27.151.73.73 - - [07/Mar/2015:22:09:12 +0100] "GET /news_script/fckeditor/editor/fckeditor.html HTTP/1.1" 302 341 "-" "-"
27.151.73.73 - - [07/Mar/2015:22:09:12 +0100] "GET /admin/view/javascript/fckeditor/editor/fckeditor.html HTTP/1.1" 302 341 "-" "-"
27.151.73.73 - - [07/Mar/2015:22:09:13 +0100] "GET /wp-content/plugins/chenpress/FCKeditor/editor/fckeditor.html HTTP/1.1" 302 341 "-" "-"
27.151.73.73 - - [07/Mar/2015:22:09:13 +0100] "GET /wp-content/plugins/fckeditor-for-wordpress-plugin/fckeditor/editor/fckeditor.html HTTP/1.1" 302 341 "-" "-"
27.151.73.73 - - [07/Mar/2015:22:09:14 +0100] "GET /community/mambots/editors/fckeditor/editor/fckeditor.html HTTP/1.1" 302 341 "-" "-"
27.151.73.73 - - [07/Mar/2015:22:09:15 +0100] "GET /scripts/fckeditor/editor/fckeditor.html HTTP/1.1" 302 341 "-" "-"
27.151.73.73 - - [07/Mar/2015:22:09:16 +0100] "GET /assets/js/fckeditor/editor/fckeditor.html HTTP/1.1" 302 341 "-" "-"
27.151.73.73 - - [07/Mar/2015:22:09:16 +0100] "GET /main/inc/lib/fckeditor/editor/fckeditor.html HTTP/1.1" 302 341 "-" "-"
27.151.73.73 - - [07/Mar/2015:22:09:17 +0100] "GET /php/fckeditor/editor/fckeditor.html HTTP/1.1" 302 341 "-" "-"
27.151.73.73 - - [07/Mar/2015:22:09:17 +0100] "GET /register/fckeditor/editor/fckeditor.html HTTP/1.1" 302 341 "-" "-"
27.151.73.73 - - [07/Mar/2015:22:09:18 +0100] "GET /admin/includes/rte/editor/fckeditor.html HTTP/1.1" 302 341 "-" "-"
27.151.73.73 - - [07/Mar/2015:22:09:18 +0100] "GET /CFIDE/scripts/ajax/FCKeditor/editor/fckeditor.html HTTP/1.1" 302 341 "-" "-"
27.151.73.73 - - [07/Mar/2015:22:09:19 +0100] "GET /fckeditor/jscripts/editor/fckeditor.html HTTP/1.1" 302 341 "-" "-"
27.151.73.73 - - [07/Mar/2015:22:09:19 +0100] "GET /inurl-/fckeditor/editor/fckeditor.html HTTP/1.1" 302 341 "-" "-"
27.151.73.73 - - [07/Mar/2015:22:09:20 +0100] "GET /pub/mambots/editors/fckeditor/editor/fckeditor.html HTTP/1.1" 302 341 "-" "-"
27.151.73.73 - - [07/Mar/2015:22:09:20 +0100] "GET /Manage/Include/fckeditor/editor/fckeditor.html HTTP/1.1" 302 341 "-" "-"
27.151.73.73 - - [07/Mar/2015:22:09:21 +0100] "GET /public/fckeditor/editor/fckeditor.html HTTP/1.1" 302 341 "-" "-"
27.151.73.73 - - [07/Mar/2015:22:09:21 +0100] "GET /asetrack/includes/fckeditor/editor/fckeditor.html HTTP/1.1" 302 341 "-" "-"
27.151.73.73 - - [07/Mar/2015:22:09:22 +0100] "GET /js/krte/editor/fckeditor.html HTTP/1.1" 302 341 "-" "-"
27.151.73.73 - - [07/Mar/2015:22:09:22 +0100] "GET /wp-content/plugins/wp-insert/fckeditor/editor/fckeditor.html HTTP/1.1" 302 341 "-" "-"
27.151.73.73 - - [07/Mar/2015:22:09:23 +0100] "GET /fckphp/editor/fckeditor.html HTTP/1.1" 302 341 "-" "-"
27.151.73.73 - - [07/Mar/2015:22:09:23 +0100] "GET /site/modules/fckeditor/fckeditor.html HTTP/1.1" 302 341 "-" "-"
27.151.73.73 - - [07/Mar/2015:22:09:24 +0100] "GET /AWT/editor/fckeditor.html HTTP/1.1" 302 341 "-" "-"
27.151.73.73 - - [07/Mar/2015:22:09:24 +0100] "GET /admin/produtos/fckeditor/editor/fckeditor.html HTTP/1.1" 302 341 "-" "-"
27.151.73.73 - - [07/Mar/2015:22:09:25 +0100] "GET /fronteiranorte/editor/editor/fckeditor.html HTTP/1.1" 302 341 "-" "-"
27.151.73.73 - - [07/Mar/2015:22:09:25 +0100] "GET /app/webroot/js/fckeditor/editor/fckeditor.html HTTP/1.1" 302 341 "-" "-"
27.151.73.73 - - [07/Mar/2015:22:09:26 +0100] "GET /cart/admin/htmleditor/editor/fckeditor.html HTTP/1.1" 302 341 "-" "-"
27.151.73.73 - - [07/Mar/2015:22:09:26 +0100] "GET /paginas/fckeditor/editor/fckeditor.html HTTP/1.1" 302 341 "-" "-"
27.151.73.73 - - [07/Mar/2015:22:09:27 +0100] "GET /util/FCKeditor/editor/fckeditor.html HTTP/1.1" 302 341 "-" "-"
27.151.73.73 - - [07/Mar/2015:22:09:27 +0100] "GET /extensions/FCKeditor/fckeditor/editor/fckeditor.html HTTP/1.1" 302 341 "-" "-"
27.151.73.73 - - [07/Mar/2015:22:09:28 +0100] "GET /mambots/editors/fckeditor/editor/fckeditor.html HTTP/1.1" 302 341 "-" "-"
27.151.73.73 - - [07/Mar/2015:22:09:28 +0100] "GET /blog/admin/FCKeditor/editor/fckeditor.html HTTP/1.1" 302 341 "-" "-"
27.151.73.73 - - [07/Mar/2015:22:09:29 +0100] "GET /classifieds/submit/FCKeditor/editor/fckeditor.html HTTP/1.1" 302 341 "-" "-"
27.151.73.73 - - [07/Mar/2015:22:09:30 +0100] "GET /data/fckeditor/editor/fckeditor.html HTTP/1.1" 302 341 "-" "-"
27.151.73.73 - - [07/Mar/2015:22:09:30 +0100] "GET /adminweb/util/fckeditor/editor/fckeditor.html HTTP/1.1" 302 341 "-" "-"
27.151.73.73 - - [07/Mar/2015:22:09:31 +0100] "GET /jsincludes/FCKeditor/editor/fckeditor.html HTTP/1.1" 302 341 "-" "-"
27.151.73.73 - - [07/Mar/2015:22:09:31 +0100] "GET /modules/fckeditor/fckeditor/editor/fckeditor.html HTTP/1.1" 302 341 "-" "-"
27.151.73.73 - - [07/Mar/2015:22:09:32 +0100] "GET /resources/fckeditor/editor/fckeditor.html HTTP/1.1" 302 341 "-" "-"
27.151.73.73 - - [07/Mar/2015:22:09:32 +0100] "GET /common/htmlarea/editor/fckeditor.html HTTP/1.1" 302 341 "-" "-"
27.151.73.73 - - [07/Mar/2015:22:09:33 +0100] "GET /library/editor/fckeditor/editor/fckeditor.html HTTP/1.1" 302 341 "-" "-"
27.151.73.73 - - [07/Mar/2015:22:09:33 +0100] "GET /multicms/packages/fckeditor/editor/fckeditor.html HTTP/1.1" 302 341 "-" "-"
27.151.73.73 - - [07/Mar/2015:22:09:34 +0100] "GET /administrator/php/editor/fckeditor.html HTTP/1.1" 302 341 "-" "-"
27.151.73.73 - - [07/Mar/2015:22:09:35 +0100] "GET /plugins/HTMLeditor/FCKeditor/editor/fckeditor.html HTTP/1.1" 302 341 "-" "-"
27.151.73.73 - - [07/Mar/2015:22:09:36 +0100] "GET /html/proudphufah/admin/fckeditor/editor/fckeditor.html HTTP/1.1" 302 341 "-" "-"
27.151.73.73 - - [07/Mar/2015:22:09:36 +0100] "GET /js/lib/fckeditor/editor/fckeditor.html HTTP/1.1" 302 341 "-" "-"
27.151.73.73 - - [07/Mar/2015:22:09:36 +0100] "GET /javascripts/fckeditor/editor/fckeditor.html HTTP/1.1" 302 341 "-" "-"
27.151.73.73 - - [07/Mar/2015:22:09:37 +0100] "GET /joomla/Medkorp/mambots/editors/fckeditor/editor/fckeditor.html HTTP/1.1" 302 341 "-" "-"
27.151.73.73 - - [07/Mar/2015:22:09:37 +0100] "GET /assets/includes/fckeditor/editor/fckeditor.html HTTP/1.1" 302 341 "-" "-"
27.151.73.73 - - [07/Mar/2015:22:09:38 +0100] "GET /v1/plugins/editors/fckeditor/editor/fckeditor.html HTTP/1.1" 302 341 "-" "-"
27.151.73.73 - - [07/Mar/2015:22:09:38 +0100] "GET /core/php/fckeditor/editor/fckeditor.html HTTP/1.1" 302 341 "-" "-"
27.151.73.73 - - [07/Mar/2015:22:09:39 +0100] "GET /db/include/class/fckeditor/editor/fckeditor.html HTTP/1.1" 302 341 "-" "-"
27.151.73.73 - - [07/Mar/2015:22:09:39 +0100] "GET /dhtml_editor/editor/fckeditor.html HTTP/1.1" 302 341 "-" "-"
27.151.73.73 - - [07/Mar/2015:22:09:40 +0100] "GET /blogscript/fckeditor/editor/fckeditor.html HTTP/1.1" 302 341 "-" "-"
27.151.73.73 - - [07/Mar/2015:22:09:40 +0100] "GET /gallery/fckeditor/editor/fckeditor.html HTTP/1.1" 302 341 "-" "-"
27.151.73.73 - - [07/Mar/2015:22:09:41 +0100] "GET /control/editor/fckeditor.html HTTP/1.1" 302 341 "-" "-"
27.151.73.73 - - [07/Mar/2015:22:09:41 +0100] "GET /gateweb/scripts/fckeditor/editor/fckeditor.html HTTP/1.1" 302 341 "-" "-"
27.151.73.73 - - [07/Mar/2015:22:09:42 +0100] "GET /static/scripts/ajax/FCKeditor/editor/fckeditor.html HTTP/1.1" 302 341 "-" "-"
66.249.78.62 - - [07/Mar/2015:22:37:36 +0100] "GET / HTTP/1.1" 200 9384 "-" "Mozilla/5.0 (iPhone; CPU iPhone OS 6_0 like Mac OS X) AppleWebKit/536.26 (KHTML, like Gecko) Version/6.0 Mobile/10A5376e Safari/8536.25 (compatible; Googlebot/2.1; +http://www.google.com/bot.html)"
141.8.147.12 - - [08/Mar/2015:01:29:23 +0100] "GET /robots.txt HTTP/1.1" 200 317 "-" "Mozilla/5.0 (compatible; YandexBot/3.0; +http://yandex.com/bots)"
141.8.147.12 - - [08/Mar/2015:01:29:25 +0100] "GET / HTTP/1.1" 200 9384 "-" "Mozilla/5.0 (compatible; YandexBot/3.0; +http://yandex.com/bots)"
141.8.147.12 - - [08/Mar/2015:01:29:29 +0100] "GET / HTTP/1.1" 200 9384 "-" "Mozilla/5.0 (compatible; YandexBot/3.0; +http://yandex.com/bots)"
69.58.178.57 - - [08/Mar/2015:03:43:39 +0100] "GET /robots.txt HTTP/1.1" 200 317 "-" "Mozilla/5.0 (X11; Ubuntu; Linux i686; rv:14.0; ips-agent) Gecko/20100101 Firefox/14.0.1"
69.58.178.57 - - [08/Mar/2015:03:43:40 +0100] "GET / HTTP/1.1" 200 9384 "-" "Mozilla/5.0 (X11; Ubuntu; Linux i686; rv:14.0; ips-agent) Gecko/20100101 Firefox/14.0.1"
69.58.178.57 - - [08/Mar/2015:03:43:52 +0100] "GET / HTTP/1.1" 200 9384 "-" "BlackBerry9000/4.6.0.167 Profile/MIDP-2.0 Configuration/CLDC-1.1 VendorID/102 ips-agent"
69.58.178.57 - - [08/Mar/2015:03:43:53 +0100] "GET /datenschutz.html HTTP/1.1" 200 16547 "-" "Mozilla/5.0 (X11; Ubuntu; Linux i686; rv:14.0; ips-agent) Gecko/20100101 Firefox/14.0.1"
69.58.178.57 - - [08/Mar/2015:03:43:54 +0100] "GET /firmenprofil.html HTTP/1.1" 200 10980 "-" "Mozilla/5.0 (X11; Ubuntu; Linux i686; rv:14.0; ips-agent) Gecko/20100101 Firefox/14.0.1"
69.58.178.57 - - [08/Mar/2015:03:43:55 +0100] "GET /anspruch.html HTTP/1.1" 200 9615 "-" "Mozilla/5.0 (X11; Ubuntu; Linux i686; rv:14.0; ips-agent) Gecko/20100101 Firefox/14.0.1"
69.58.178.57 - - [08/Mar/2015:03:43:57 +0100] "GET /zertifizierungen.html HTTP/1.1" 200 11982 "-" "Mozilla/5.0 (X11; Ubuntu; Linux i686; rv:14.0; ips-agent) Gecko/20100101 Firefox/14.0.1"
69.58.178.57 - - [08/Mar/2015:03:43:58 +0100] "GET /aktuelles.html HTTP/1.1" 200 8954 "-" "Mozilla/5.0 (X11; Ubuntu; Linux i686; rv:14.0; ips-agent) Gecko/20100101 Firefox/14.0.1"
69.58.178.57 - - [08/Mar/2015:03:43:59 +0100] "GET /karriere.html HTTP/1.1" 200 10442 "-" "Mozilla/5.0 (X11; Ubuntu; Linux i686; rv:14.0; ips-agent) Gecko/20100101 Firefox/14.0.1"
69.58.178.57 - - [08/Mar/2015:03:44:00 +0100] "GET /kunden.html HTTP/1.1" 200 11357 "-" "Mozilla/5.0 (X11; Ubuntu; Linux i686; rv:14.0; ips-agent) Gecko/20100101 Firefox/14.0.1"
69.58.178.57 - - [08/Mar/2015:03:44:02 +0100] "GET /statements.html HTTP/1.1" 200 17111 "-" "Mozilla/5.0 (X11; Ubuntu; Linux i686; rv:14.0; ips-agent) Gecko/20100101 Firefox/14.0.1"
69.58.178.57 - - [08/Mar/2015:03:44:03 +0100] "GET /awards.html HTTP/1.1" 200 10766 "-" "Mozilla/5.0 (X11; Ubuntu; Linux i686; rv:14.0; ips-agent) Gecko/20100101 Firefox/14.0.1"
66.249.78.69 - - [08/Mar/2015:06:29:40 +0100] "GET /robots.txt HTTP/1.1" 200 317 "-" "Mozilla/5.0 (compatible; Googlebot/2.1; +http://www.google.com/bot.html)"
66.249.64.97 - - [08/Mar/2015:06:29:41 +0100] "GET /retourenbeleg/ HTTP/1.1" 200 9054 "-" "Mozilla/5.0 (compatible; Googlebot/2.1; +http://www.google.com/bot.html)"
89.145.95.2 - - [08/Mar/2015:12:34:15 +0100] "GET / HTTP/1.1" 200 9384 "-" "Mozilla/5.0 (compatible; GrapeshotCrawler/2.0; +http://www.grapeshot.co.uk/crawler.php)"
66.249.65.189 - - [08/Mar/2015:22:39:16 +0100] "GET /robots.txt HTTP/1.1" 200 317 "-" "Mozilla/5.0 (compatible; Googlebot/2.1; +http://www.google.com/bot.html)"
66.249.65.197 - - [08/Mar/2015:22:39:16 +0100] "GET /dienstkleidung/ HTTP/1.1" 304 - "-" "Mozilla/5.0 (iPhone; CPU iPhone OS 6_0 like Mac OS X) AppleWebKit/536.26 (KHTML, like Gecko) Version/6.0 Mobile/10A5376e Safari/8536.25 (compatible; Googlebot/2.1; +http://www.google.com/bot.html)"
66.249.65.193 - - [08/Mar/2015:23:35:51 +0100] "GET / HTTP/1.1" 200 9384 "-" "Mozilla/5.0 (iPhone; CPU iPhone OS 6_0 like Mac OS X) AppleWebKit/536.26 (KHTML, like Gecko) Version/6.0 Mobile/10A5376e Safari/8536.25 (compatible; Googlebot/2.1; +http://www.google.com/bot.html)"
66.249.65.197 - - [09/Mar/2015:10:10:06 +0100] "GET /firmenkleidung/ HTTP/1.1" 304 - "-" "Mozilla/5.0 (iPhone; CPU iPhone OS 6_0 like Mac OS X) AppleWebKit/536.26 (KHTML, like Gecko) Version/6.0 Mobile/10A5376e Safari/8536.25 (compatible; Googlebot/2.1; +http://www.google.com/bot.html)"
157.55.39.55 - - [09/Mar/2015:15:04:00 +0100] "GET /robots.txt HTTP/1.1" 200 317 "-" "Mozilla/5.0 (compatible; bingbot/2.0; +http://www.bing.com/bingbot.htm)"
157.55.39.55 - - [09/Mar/2015:15:05:10 +0100] "GET /images/karte-sc-leipzig.png HTTP/1.1" 200 58466 "-" "Mozilla/5.0 (compatible; bingbot/2.0; +http://www.bing.com/bingbot.htm)"
82.146.32.60 - - [09/Mar/2015:15:37:01 +0100] "GET /wp-login.php HTTP/1.0" 302 341 "-" "Mozilla/5.0 (Windows NT 6.1; rv:19.0) Gecko/20100101 Firefox/19.0"
66.249.78.69 - - [09/Mar/2015:15:51:24 +0100] "GET /robots.txt HTTP/1.1" 200 317 "-" "Mozilla/5.0 (compatible; Googlebot/2.1; +http://www.google.com/bot.html)"
66.249.78.69 - - [09/Mar/2015:15:51:24 +0100] "GET /dienstkleidung/ HTTP/1.1" 304 - "-" "Mozilla/5.0 (iPhone; CPU iPhone OS 6_0 like Mac OS X) AppleWebKit/536.26 (KHTML, like Gecko) Version/6.0 Mobile/10A5376e Safari/8536.25 (compatible; Googlebot/2.1; +http://www.google.com/bot.html)"
66.249.75.81 - - [09/Mar/2015:16:30:05 +0100] "GET / HTTP/1.1" 200 9384 "-" "Mozilla/5.0 (iPhone; CPU iPhone OS 6_0 like Mac OS X) AppleWebKit/536.26 (KHTML, like Gecko) Version/6.0 Mobile/10A5376e Safari/8536.25 (compatible; Googlebot/2.1; +http://www.google.com/bot.html)"
157.55.39.55 - - [09/Mar/2015:16:33:53 +0100] "GET /images/karte-sc-leipzig.png HTTP/1.1" 200 58466 "-" "Mozilla/5.0 (compatible; bingbot/2.0; +http://www.bing.com/bingbot.htm)"
141.8.189.114 - - [10/Mar/2015:01:57:32 +0100] "GET /robots.txt HTTP/1.1" 200 317 "-" "Mozilla/5.0 (compatible; YandexBot/3.0; +http://yandex.com/bots)"
141.8.147.12 - - [10/Mar/2015:01:57:34 +0100] "GET / HTTP/1.1" 200 9384 "-" "Mozilla/5.0 (compatible; YandexBot/3.0; +http://yandex.com/bots)"
141.8.147.12 - - [10/Mar/2015:01:57:38 +0100] "GET / HTTP/1.1" 200 9384 "-" "Mozilla/5.0 (compatible; YandexBot/3.0; +http://yandex.com/bots)"
66.249.78.62 - - [10/Mar/2015:02:15:55 +0100] "GET /dienstkleidung/ HTTP/1.1" 304 - "-" "Mozilla/5.0 (iPhone; CPU iPhone OS 6_0 like Mac OS X) AppleWebKit/536.26 (KHTML, like Gecko) Version/6.0 Mobile/10A5376e Safari/8536.25 (compatible; Googlebot/2.1; +http://www.google.com/bot.html)"
167.114.162.202 - - [10/Mar/2015:04:30:54 +0100] "GET / HTTP/1.1" 200 9384 "-" "Mozilla/5.0 (Macintosh; Intel Mac OS X 10_10_2) AppleWebKit/537.36 (KHTML, like Gecko) Chrome/40.0.2214.111 Safari/537.36"
66.249.78.69 - - [10/Mar/2015:05:08:00 +0100] "GET /firmenkleidung/ HTTP/1.1" 304 - "-" "Mozilla/5.0 (iPhone; CPU iPhone OS 6_0 like Mac OS X) AppleWebKit/536.26 (KHTML, like Gecko) Version/6.0 Mobile/10A5376e Safari/8536.25 (compatible; Googlebot/2.1; +http://www.google.com/bot.html)"
66.249.78.62 - - [10/Mar/2015:05:15:23 +0100] "GET / HTTP/1.1" 200 9384 "-" "Mozilla/5.0 (iPhone; CPU iPhone OS 6_0 like Mac OS X) AppleWebKit/536.26 (KHTML, like Gecko) Version/6.0 Mobile/10A5376e Safari/8536.25 (compatible; Googlebot/2.1; +http://www.google.com/bot.html)"
66.249.78.76 - - [10/Mar/2015:05:59:45 +0100] "GET /dienstkleidung/ HTTP/1.1" 304 - "-" "Mozilla/5.0 (iPhone; CPU iPhone OS 6_0 like Mac OS X) AppleWebKit/536.26 (KHTML, like Gecko) Version/6.0 Mobile/10A5376e Safari/8536.25 (compatible; Googlebot/2.1; +http://www.google.com/bot.html)"
64.246.165.150 - - [10/Mar/2015:14:10:21 +0100] "GET /robots.txt HTTP/1.0" 200 317 "-" "Mozilla/5.0 (Windows; U; Windows NT 5.1; en; rv:1.9.0.13) Gecko/2009073022 Firefox/3.5.2 (.NET CLR 3.5.30729) SurveyBot/2.3 (DomainTools)"
64.246.165.150 - - [10/Mar/2015:14:10:21 +0100] "GET / HTTP/1.1" 200 9384 "http://whois.domaintools.com/hotelkleidung.com" "Mozilla/5.0 (Windows; U; Windows NT 5.1; en; rv:1.9.0.13) Gecko/2009073022 Firefox/3.5.2 (.NET CLR 3.5.30729) SurveyBot/2.3 (DomainTools)"
167.114.162.212 - - [10/Mar/2015:20:06:34 +0100] "GET / HTTP/1.1" 200 9384 "-" "Mozilla/5.0 (Macintosh; Intel Mac OS X 10_10_2) AppleWebKit/537.36 (KHTML, like Gecko) Chrome/40.0.2214.111 Safari/537.36"
162.243.100.40 - - [11/Mar/2015:02:05:03 +0100] "GET /robots.txt HTTP/1.1" 200 317 "-" "Mozilla/5.0 (compatible; spbot/4.4.2; +http://OpenLinkProfiler.org/bot )"
162.243.100.40 - - [11/Mar/2015:02:05:09 +0100] "GET / HTTP/1.1" 200 9384 "-" "Mozilla/5.0 (compatible; spbot/4.4.2; +http://OpenLinkProfiler.org/bot )"
162.243.100.40 - - [11/Mar/2015:02:05:11 +0100] "GET /aeb.html HTTP/1.1" 200 20161 "http://www.hotelkleidung.com/" "Mozilla/5.0 (compatible; spbot/4.4.2; +http://OpenLinkProfiler.org/bot )"
162.243.100.40 - - [11/Mar/2015:02:05:13 +0100] "GET /agb.html HTTP/1.1" 200 15721 "http://www.hotelkleidung.com/" "Mozilla/5.0 (compatible; spbot/4.4.2; +http://OpenLinkProfiler.org/bot )"
162.243.100.40 - - [11/Mar/2015:02:05:18 +0100] "GET /index.html HTTP/1.1" 200 9384 "http://www.hotelkleidung.com/" "Mozilla/5.0 (compatible; spbot/4.4.2; +http://OpenLinkProfiler.org/bot )"
162.243.100.40 - - [11/Mar/2015:02:05:23 +0100] "GET /kunden.html HTTP/1.1" 200 11357 "http://www.hotelkleidung.com/" "Mozilla/5.0 (compatible; spbot/4.4.2; +http://OpenLinkProfiler.org/bot )"
162.243.100.40 - - [11/Mar/2015:02:05:28 +0100] "GET /awards.html HTTP/1.1" 200 10766 "http://www.hotelkleidung.com/" "Mozilla/5.0 (compatible; spbot/4.4.2; +http://OpenLinkProfiler.org/bot )"
162.243.100.40 - - [11/Mar/2015:02:05:33 +0100] "GET /glossar.html HTTP/1.1" 302 341 "http://www.hotelkleidung.com/" "Mozilla/5.0 (compatible; spbot/4.4.2; +http://OpenLinkProfiler.org/bot )"
162.243.100.40 - - [11/Mar/2015:02:05:38 +0100] "GET /anfahrt.html HTTP/1.1" 200 9647 "http://www.hotelkleidung.com/" "Mozilla/5.0 (compatible; spbot/4.4.2; +http://OpenLinkProfiler.org/bot )"
162.243.100.40 - - [11/Mar/2015:02:05:43 +0100] "GET /anfrage.html HTTP/1.1" 200 9972 "http://www.hotelkleidung.com/" "Mozilla/5.0 (compatible; spbot/4.4.2; +http://OpenLinkProfiler.org/bot )"
162.243.100.40 - - [11/Mar/2015:02:05:48 +0100] "GET /versand.html HTTP/1.1" 200 10079 "http://www.hotelkleidung.com/" "Mozilla/5.0 (compatible; spbot/4.4.2; +http://OpenLinkProfiler.org/bot )"
162.243.100.40 - - [11/Mar/2015:02:05:54 +0100] "GET /support.html HTTP/1.1" 200 9968 "http://www.hotelkleidung.com/" "Mozilla/5.0 (compatible; spbot/4.4.2; +http://OpenLinkProfiler.org/bot )"
162.243.100.40 - - [11/Mar/2015:02:05:58 +0100] "GET /anspruch.html HTTP/1.1" 200 9615 "http://www.hotelkleidung.com/" "Mozilla/5.0 (compatible; spbot/4.4.2; +http://OpenLinkProfiler.org/bot )"
162.243.100.40 - - [11/Mar/2015:02:06:03 +0100] "GET /beratung.html HTTP/1.1" 200 11140 "http://www.hotelkleidung.com/" "Mozilla/5.0 (compatible; spbot/4.4.2; +http://OpenLinkProfiler.org/bot )"
162.243.100.40 - - [11/Mar/2015:02:06:08 +0100] "GET /karriere.html HTTP/1.1" 200 10442 "http://www.hotelkleidung.com/" "Mozilla/5.0 (compatible; spbot/4.4.2; +http://OpenLinkProfiler.org/bot )"
162.243.100.40 - - [11/Mar/2015:02:06:13 +0100] "GET /reporting.html HTTP/1.1" 200 9380 "http://www.hotelkleidung.com/" "Mozilla/5.0 (compatible; spbot/4.4.2; +http://OpenLinkProfiler.org/bot )"
162.243.100.40 - - [11/Mar/2015:02:06:18 +0100] "GET /impressum.html HTTP/1.1" 200 9131 "http://www.hotelkleidung.com/" "Mozilla/5.0 (compatible; spbot/4.4.2; +http://OpenLinkProfiler.org/bot )"
162.243.100.40 - - [11/Mar/2015:02:06:23 +0100] "GET /qualitaet.html HTTP/1.1" 200 10291 "http://www.hotelkleidung.com/" "Mozilla/5.0 (compatible; spbot/4.4.2; +http://OpenLinkProfiler.org/bot )"
162.243.100.40 - - [11/Mar/2015:02:06:28 +0100] "GET /aktuelles.html HTTP/1.1" 200 8954 "http://www.hotelkleidung.com/" "Mozilla/5.0 (compatible; spbot/4.4.2; +http://OpenLinkProfiler.org/bot )"
162.243.100.40 - - [11/Mar/2015:02:06:33 +0100] "GET /retourenbeleg/ HTTP/1.1" 200 9054 "http://www.hotelkleidung.com/" "Mozilla/5.0 (compatible; spbot/4.4.2; +http://OpenLinkProfiler.org/bot )"
162.243.100.40 - - [11/Mar/2015:02:06:39 +0100] "GET /anmeldung.html HTTP/1.1" 200 8885 "http://www.hotelkleidung.com/" "Mozilla/5.0 (compatible; spbot/4.4.2; +http://OpenLinkProfiler.org/bot )"
162.243.100.40 - - [11/Mar/2015:02:06:43 +0100] "GET /dienstkleidung/ HTTP/1.1" 200 15484 "http://www.hotelkleidung.com/" "Mozilla/5.0 (compatible; spbot/4.4.2; +http://OpenLinkProfiler.org/bot )"
162.243.100.40 - - [11/Mar/2015:02:06:48 +0100] "GET /statements.html HTTP/1.1" 200 17111 "http://www.hotelkleidung.com/" "Mozilla/5.0 (compatible; spbot/4.4.2; +http://OpenLinkProfiler.org/bot )"
162.243.100.40 - - [11/Mar/2015:02:06:53 +0100] "GET /firmenkleidung/ HTTP/1.1" 200 13960 "http://www.hotelkleidung.com/" "Mozilla/5.0 (compatible; spbot/4.4.2; +http://OpenLinkProfiler.org/bot )"
162.243.100.40 - - [11/Mar/2015:02:06:58 +0100] "GET /datenschutz.html HTTP/1.1" 200 16547 "http://www.hotelkleidung.com/" "Mozilla/5.0 (compatible; spbot/4.4.2; +http://OpenLinkProfiler.org/bot )"
162.243.100.40 - - [11/Mar/2015:02:07:03 +0100] "GET /abg.html HTTP/1.1" 302 341 "http://www.hotelkleidung.com/datenschutz.html" "Mozilla/5.0 (compatible; spbot/4.4.2; +http://OpenLinkProfiler.org/bot )"
162.243.100.40 - - [11/Mar/2015:02:07:09 +0100] "GET /bestellungen.html HTTP/1.1" 200 9578 "http://www.hotelkleidung.com/" "Mozilla/5.0 (compatible; spbot/4.4.2; +http://OpenLinkProfiler.org/bot )"
162.243.100.40 - - [11/Mar/2015:02:07:13 +0100] "GET /berufsbekleidung/ HTTP/1.1" 200 16641 "http://www.hotelkleidung.com/" "Mozilla/5.0 (compatible; spbot/4.4.2; +http://OpenLinkProfiler.org/bot )"
162.243.100.40 - - [11/Mar/2015:02:07:19 +0100] "GET /firmenprofil.html HTTP/1.1" 200 10980 "http://www.hotelkleidung.com/" "Mozilla/5.0 (compatible; spbot/4.4.2; +http://OpenLinkProfiler.org/bot )"
162.243.100.40 - - [11/Mar/2015:02:07:23 +0100] "GET /service-koeln.html HTTP/1.1" 200 11830 "http://www.hotelkleidung.com/" "Mozilla/5.0 (compatible; spbot/4.4.2; +http://OpenLinkProfiler.org/bot )"
162.243.100.40 - - [11/Mar/2015:02:07:29 +0100] "GET /corporate-fashion/ HTTP/1.1" 200 17204 "http://www.hotelkleidung.com/" "Mozilla/5.0 (compatible; spbot/4.4.2; +http://OpenLinkProfiler.org/bot )"
162.243.100.40 - - [11/Mar/2015:02:07:33 +0100] "GET /verfuegbarkeit.html HTTP/1.1" 200 9592 "http://www.hotelkleidung.com/" "Mozilla/5.0 (compatible; spbot/4.4.2; +http://OpenLinkProfiler.org/bot )"
162.243.100.40 - - [11/Mar/2015:02:07:38 +0100] "GET /service-bochum.html HTTP/1.1" 200 11866 "http://www.hotelkleidung.com/" "Mozilla/5.0 (compatible; spbot/4.4.2; +http://OpenLinkProfiler.org/bot )"
162.243.100.40 - - [11/Mar/2015:02:07:43 +0100] "GET /service-pankow.html HTTP/1.1" 200 12282 "http://www.hotelkleidung.com/" "Mozilla/5.0 (compatible; spbot/4.4.2; +http://OpenLinkProfiler.org/bot )"
162.243.100.40 - - [11/Mar/2015:02:07:48 +0100] "GET /service-leipzig.html HTTP/1.1" 200 11965 "http://www.hotelkleidung.com/" "Mozilla/5.0 (compatible; spbot/4.4.2; +http://OpenLinkProfiler.org/bot )"
162.243.100.40 - - [11/Mar/2015:02:07:54 +0100] "GET /service-schoeneberg HTTP/1.1" 302 341 "http://www.hotelkleidung.com/service-leipzig.html" "Mozilla/5.0 (compatible; spbot/4.4.2; +http://OpenLinkProfiler.org/bot )"
162.243.100.40 - - [11/Mar/2015:02:07:58 +0100] "GET /ansprechpartner.html HTTP/1.1" 200 11819 "http://www.hotelkleidung.com/" "Mozilla/5.0 (compatible; spbot/4.4.2; +http://OpenLinkProfiler.org/bot )"
162.243.100.40 - - [11/Mar/2015:02:08:03 +0100] "GET /zertifizierungen.html HTTP/1.1" 200 11982 "http://www.hotelkleidung.com/" "Mozilla/5.0 (compatible; spbot/4.4.2; +http://OpenLinkProfiler.org/bot )"
162.243.100.40 - - [11/Mar/2015:02:08:08 +0100] "GET /service-frankfurt.html HTTP/1.1" 200 12295 "http://www.hotelkleidung.com/" "Mozilla/5.0 (compatible; spbot/4.4.2; +http://OpenLinkProfiler.org/bot )"
162.243.100.40 - - [11/Mar/2015:02:08:13 +0100] "GET /unternehmensbekleidung/ HTTP/1.1" 200 13096 "http://www.hotelkleidung.com/" "Mozilla/5.0 (compatible; spbot/4.4.2; +http://OpenLinkProfiler.org/bot )"
162.243.100.40 - - [11/Mar/2015:02:08:18 +0100] "GET /haftungsausschluss.html HTTP/1.1" 200 11100 "http://www.hotelkleidung.com/" "Mozilla/5.0 (compatible; spbot/4.4.2; +http://OpenLinkProfiler.org/bot )"
162.243.100.40 - - [11/Mar/2015:02:08:23 +0100] "GET /service-schoeneberg.html HTTP/1.1" 200 12331 "http://www.hotelkleidung.com/" "Mozilla/5.0 (compatible; spbot/4.4.2; +http://OpenLinkProfiler.org/bot )"
162.243.100.40 - - [11/Mar/2015:02:08:28 +0100] "GET /dienstkleidung-image-to-wear.html HTTP/1.1" 200 13779 "http://www.hotelkleidung.com/" "Mozilla/5.0 (compatible; spbot/4.4.2; +http://OpenLinkProfiler.org/bot )"
162.243.100.40 - - [11/Mar/2015:02:08:33 +0100] "GET /berufsbekleidung-ready-to-wear.html HTTP/1.1" 200 13745 "http://www.hotelkleidung.com/" "Mozilla/5.0 (compatible; spbot/4.4.2; +http://OpenLinkProfiler.org/bot )"
167.114.162.206 - - [11/Mar/2015:02:13:32 +0100] "GET / HTTP/1.1" 200 9384 "-" "Mozilla/5.0 (Macintosh; Intel Mac OS X 10_10_2) AppleWebKit/537.36 (KHTML, like Gecko) Chrome/40.0.2214.111 Safari/537.36"
66.249.78.76 - - [11/Mar/2015:04:23:01 +0100] "GET /robots.txt HTTP/1.1" 200 317 "-" "Mozilla/5.0 (compatible; Googlebot/2.1; +http://www.google.com/bot.html)"
66.249.78.62 - - [11/Mar/2015:04:23:01 +0100] "GET / HTTP/1.1" 200 9384 "-" "Mozilla/5.0 (compatible; Googlebot/2.1; +http://www.google.com/bot.html)"
66.249.78.69 - - [11/Mar/2015:05:11:00 +0100] "GET /dienstkleidung/ HTTP/1.1" 304 - "-" "Mozilla/5.0 (iPhone; CPU iPhone OS 6_0 like Mac OS X) AppleWebKit/536.26 (KHTML, like Gecko) Version/6.0 Mobile/10A5376e Safari/8536.25 (compatible; Googlebot/2.1; +http://www.google.com/bot.html)"
66.249.78.62 - - [11/Mar/2015:08:51:58 +0100] "GET / HTTP/1.1" 200 9384 "-" "Mozilla/5.0 (iPhone; CPU iPhone OS 6_0 like Mac OS X) AppleWebKit/536.26 (KHTML, like Gecko) Version/6.0 Mobile/10A5376e Safari/8536.25 (compatible; Googlebot/2.1; +http://www.google.com/bot.html)"
66.249.78.62 - - [11/Mar/2015:09:07:14 +0100] "GET / HTTP/1.1" 200 9384 "-" "Mozilla/5.0 (compatible; Googlebot/2.1; +http://www.google.com/bot.html)"
66.249.78.69 - - [11/Mar/2015:10:42:15 +0100] "GET / HTTP/1.1" 200 9384 "-" "Mozilla/5.0 (compatible; Googlebot/2.1; +http://www.google.com/bot.html)"
66.249.78.76 - - [11/Mar/2015:14:12:30 +0100] "GET /robots.txt HTTP/1.1" 200 317 "-" "Mozilla/5.0 (compatible; Googlebot/2.1; +http://www.google.com/bot.html)"
66.249.78.62 - - [11/Mar/2015:14:12:30 +0100] "GET / HTTP/1.1" 200 9384 "-" "Mozilla/5.0 (compatible; Googlebot/2.1; +http://www.google.com/bot.html)"
180.76.5.22 - - [11/Mar/2015:15:49:03 +0100] "GET /robots.txt HTTP/1.1" 200 317 "-" "Mozilla/5.0 (Windows NT 5.1; rv:6.0.2) Gecko/20100101 Firefox/6.0.2"
180.76.5.194 - - [11/Mar/2015:15:52:46 +0100] "GET / HTTP/1.1" 200 9384 "-" "Mozilla/5.0 (compatible; Baiduspider/2.0; +http://www.baidu.com/search/spider.html)"
66.249.78.76 - - [11/Mar/2015:17:02:19 +0100] "GET / HTTP/1.1" 200 9384 "-" "Mozilla/5.0 (compatible; Googlebot/2.1; +http://www.google.com/bot.html)"
207.46.13.33 - - [11/Mar/2015:20:24:56 +0100] "GET /robots.txt HTTP/1.1" 200 317 "-" "Mozilla/5.0 (compatible; bingbot/2.0; +http://www.bing.com/bingbot.htm)"
207.46.13.33 - - [11/Mar/2015:20:26:11 +0100] "GET /images/karte-sc-bochum.png HTTP/1.1" 200 58432 "-" "Mozilla/5.0 (compatible; bingbot/2.0; +http://www.bing.com/bingbot.htm)"
66.249.78.69 - - [11/Mar/2015:20:53:15 +0100] "GET /anmeldung.html HTTP/1.1" 304 - "-" "Mozilla/5.0 (iPhone; CPU iPhone OS 6_0 like Mac OS X) AppleWebKit/536.26 (KHTML, like Gecko) Version/6.0 Mobile/10A5376e Safari/8536.25 (compatible; Googlebot/2.1; +http://www.google.com/bot.html)"
157.55.39.83 - - [12/Mar/2015:04:32:15 +0100] "GET /retourenbeleg/ HTTP/1.1" 200 9054 "-" "Mozilla/5.0 (compatible; bingbot/2.0; +http://www.bing.com/bingbot.htm)"
66.249.78.69 - - [12/Mar/2015:05:32:03 +0100] "GET /dienstkleidung/ HTTP/1.1" 304 - "-" "Mozilla/5.0 (iPhone; CPU iPhone OS 6_0 like Mac OS X) AppleWebKit/536.26 (KHTML, like Gecko) Version/6.0 Mobile/10A5376e Safari/8536.25 (compatible; Googlebot/2.1; +http://www.google.com/bot.html)"
141.8.147.12 - - [12/Mar/2015:07:19:43 +0100] "GET /robots.txt HTTP/1.1" 200 317 "-" "Mozilla/5.0 (compatible; YandexBot/3.0; +http://yandex.com/bots)"
141.8.147.12 - - [12/Mar/2015:07:19:46 +0100] "GET / HTTP/1.1" 200 9384 "-" "Mozilla/5.0 (compatible; YandexBot/3.0; +http://yandex.com/bots)"
141.8.147.12 - - [12/Mar/2015:07:19:48 +0100] "GET / HTTP/1.1" 200 9384 "-" "Mozilla/5.0 (compatible; YandexBot/3.0; +http://yandex.com/bots)"
66.249.78.76 - - [12/Mar/2015:09:06:12 +0100] "GET / HTTP/1.1" 200 9384 "-" "Mozilla/5.0 (iPhone; CPU iPhone OS 6_0 like Mac OS X) AppleWebKit/536.26 (KHTML, like Gecko) Version/6.0 Mobile/10A5376e Safari/8536.25 (compatible; Googlebot/2.1; +http://www.google.com/bot.html)"
157.55.39.83 - - [12/Mar/2015:10:26:57 +0100] "GET /index.html HTTP/1.1" 200 9384 "-" "Mozilla/5.0 (iPhone; CPU iPhone OS 7_0 like Mac OS X) AppleWebKit/537.51.1 (KHTML, like Gecko) Version/7.0 Mobile/11A465 Safari/9537.53 (compatible; bingbot/2.0; http://www.bing.com/bingbot.htm)"
157.55.39.83 - - [12/Mar/2015:10:27:01 +0100] "GET /robots.txt HTTP/1.1" 200 317 "-" "Mozilla/5.0 (compatible; bingbot/2.0; +http://www.bing.com/bingbot.htm)"
66.249.78.76 - - [12/Mar/2015:14:31:00 +0100] "GET /robots.txt HTTP/1.1" 200 317 "-" "Mozilla/5.0 (compatible; Googlebot/2.1; +http://www.google.com/bot.html)"
66.249.78.76 - - [12/Mar/2015:14:31:00 +0100] "GET /anmeldung.html HTTP/1.1" 304 - "-" "Mozilla/5.0 (iPhone; CPU iPhone OS 6_0 like Mac OS X) AppleWebKit/536.26 (KHTML, like Gecko) Version/6.0 Mobile/10A5376e Safari/8536.25 (compatible; Googlebot/2.1; +http://www.google.com/bot.html)"
66.249.78.69 - - [12/Mar/2015:15:55:48 +0100] "GET /unternehmensbekleidung/ HTTP/1.1" 200 13096 "-" "Mozilla/5.0 (iPhone; CPU iPhone OS 6_0 like Mac OS X) AppleWebKit/536.26 (KHTML, like Gecko) Version/6.0 Mobile/10A5376e Safari/8536.25 (compatible; Googlebot/2.1; +http://www.google.com/bot.html)"
66.249.78.76 - - [12/Mar/2015:15:59:39 +0100] "GET /unternehmensbekleidung/js/modernizr.custom.js HTTP/1.1" 302 341 "http://www.hotelkleidung.com/unternehmensbekleidung/" "Mozilla/5.0 (compatible; Googlebot/2.1; +http://www.google.com/bot.html)"
66.249.78.76 - - [12/Mar/2015:16:11:58 +0100] "GET /corporate-fashion/ HTTP/1.1" 200 17204 "-" "Mozilla/5.0 (iPhone; CPU iPhone OS 6_0 like Mac OS X) AppleWebKit/536.26 (KHTML, like Gecko) Version/6.0 Mobile/10A5376e Safari/8536.25 (compatible; Googlebot/2.1; +http://www.google.com/bot.html)"
207.46.13.64 - - [12/Mar/2015:21:19:16 +0100] "GET /statements.html HTTP/1.1" 200 17111 "-" "Mozilla/5.0 (compatible; bingbot/2.0; +http://www.bing.com/bingbot.htm)"
66.249.78.69 - - [13/Mar/2015:03:08:28 +0100] "GET /corporate-fashion/ HTTP/1.1" 200 17204 "-" "Mozilla/5.0 (compatible; Googlebot/2.1; +http://www.google.com/bot.html)"
66.249.78.69 - - [13/Mar/2015:03:35:25 +0100] "GET /unternehmensbekleidung/ HTTP/1.1" 200 13096 "-" "Mozilla/5.0 (compatible; Googlebot/2.1; +http://www.google.com/bot.html)"
66.249.78.69 - - [13/Mar/2015:04:07:15 +0100] "GET / HTTP/1.1" 200 9384 "-" "Mozilla/5.0 (iPhone; CPU iPhone OS 6_0 like Mac OS X) AppleWebKit/536.26 (KHTML, like Gecko) Version/6.0 Mobile/10A5376e Safari/8536.25 (compatible; Googlebot/2.1; +http://www.google.com/bot.html)"
66.249.78.69 - - [13/Mar/2015:05:05:41 +0100] "GET /dienstkleidung/ HTTP/1.1" 304 - "-" "Mozilla/5.0 (iPhone; CPU iPhone OS 6_0 like Mac OS X) AppleWebKit/536.26 (KHTML, like Gecko) Version/6.0 Mobile/10A5376e Safari/8536.25 (compatible; Googlebot/2.1; +http://www.google.com/bot.html)"
66.249.78.76 - - [13/Mar/2015:05:22:28 +0100] "GET /anmeldung.html HTTP/1.1" 304 - "-" "Mozilla/5.0 (iPhone; CPU iPhone OS 6_0 like Mac OS X) AppleWebKit/536.26 (KHTML, like Gecko) Version/6.0 Mobile/10A5376e Safari/8536.25 (compatible; Googlebot/2.1; +http://www.google.com/bot.html)"
66.249.78.76 - - [13/Mar/2015:06:11:11 +0100] "GET /corporate-fashion/ HTTP/1.1" 304 - "-" "Mozilla/5.0 (compatible; Googlebot/2.1; +http://www.google.com/bot.html)"
66.249.78.69 - - [13/Mar/2015:06:14:12 +0100] "GET /corporate-fashion/ HTTP/1.1" 304 - "-" "Mozilla/5.0 (compatible; Googlebot/2.1; +http://www.google.com/bot.html)"
171.116.198.16 - - [13/Mar/2015:07:59:34 +0100] "GET /index.php HTTP/1.1" 302 341 "-" "-"
157.55.39.83 - - [13/Mar/2015:08:50:17 +0100] "GET /dienstkleidung/ HTTP/1.1" 200 15484 "-" "Mozilla/5.0 (compatible; bingbot/2.0; +http://www.bing.com/bingbot.htm)"
141.8.147.12 - - [13/Mar/2015:15:03:43 +0100] "GET /robots.txt HTTP/1.1" 200 317 "-" "Mozilla/5.0 (compatible; YandexBot/3.0; +http://yandex.com/bots)"
141.8.147.12 - - [13/Mar/2015:15:03:45 +0100] "GET / HTTP/1.1" 200 9384 "-" "Mozilla/5.0 (compatible; YandexBot/3.0; +http://yandex.com/bots)"
141.8.147.12 - - [13/Mar/2015:15:03:47 +0100] "GET / HTTP/1.1" 200 9384 "-" "Mozilla/5.0 (compatible; YandexBot/3.0; +http://yandex.com/bots)"
157.55.39.180 - - [13/Mar/2015:16:28:11 +0100] "GET /robots.txt HTTP/1.1" 200 317 "-" "Mozilla/5.0 (compatible; bingbot/2.0; +http://www.bing.com/bingbot.htm)"
66.249.78.76 - - [13/Mar/2015:17:46:32 +0100] "GET /robots.txt HTTP/1.1" 200 317 "-" "Mozilla/5.0 (compatible; Googlebot/2.1; +http://www.google.com/bot.html)"
66.249.78.62 - - [13/Mar/2015:17:46:32 +0100] "GET /corporate-fashion/ HTTP/1.1" 304 - "-" "Mozilla/5.0 (iPhone; CPU iPhone OS 6_0 like Mac OS X) AppleWebKit/536.26 (KHTML, like Gecko) Version/6.0 Mobile/10A5376e Safari/8536.25 (compatible; Googlebot/2.1; +http://www.google.com/bot.html)"
157.55.39.180 - - [13/Mar/2015:21:37:07 +0100] "GET /images/karte-sc-leipzig.png HTTP/1.1" 200 58466 "-" "Mozilla/5.0 (compatible; bingbot/2.0; +http://www.bing.com/bingbot.htm)"
