84.191.161.30 - - [01/Oct/2014:22:59:42 +0200] "GET /images/slider/MI-slider-micro.jpg HTTP/1.1" 200 46064 "http://www.modeinstitut-berlin.de/" "Mozilla/5.0 (iPhone; CPU iPhone OS 8_0 like Mac OS X) AppleWebKit/600.1.4 (KHTML, like Gecko) Version/8.0 Mobile/12A365 Safari/600.1.4"
84.191.161.30 - - [01/Oct/2014:22:59:42 +0200] "GET /images/dashed.png HTTP/1.1" 304 - "http://www.modeinstitut-berlin.de/" "Mozilla/5.0 (iPhone; CPU iPhone OS 8_0 like Mac OS X) AppleWebKit/600.1.4 (KHTML, like Gecko) Version/8.0 Mobile/12A365 Safari/600.1.4"
84.191.161.30 - - [01/Oct/2014:22:59:42 +0200] "GET /images/arrow-left-gray.png HTTP/1.1" 304 - "http://www.modeinstitut-berlin.de/" "Mozilla/5.0 (iPhone; CPU iPhone OS 8_0 like Mac OS X) AppleWebKit/600.1.4 (KHTML, like Gecko) Version/8.0 Mobile/12A365 Safari/600.1.4"
84.191.161.30 - - [01/Oct/2014:22:59:42 +0200] "GET /images/arrow-right-gray.png HTTP/1.1" 304 - "http://www.modeinstitut-berlin.de/" "Mozilla/5.0 (iPhone; CPU iPhone OS 8_0 like Mac OS X) AppleWebKit/600.1.4 (KHTML, like Gecko) Version/8.0 Mobile/12A365 Safari/600.1.4"
84.191.161.30 - - [01/Oct/2014:22:59:42 +0200] "GET /images/slider/MI-slider-hoch.jpg HTTP/1.1" 200 107762 "http://www.modeinstitut-berlin.de/" "Mozilla/5.0 (iPhone; CPU iPhone OS 8_0 like Mac OS X) AppleWebKit/600.1.4 (KHTML, like Gecko) Version/8.0 Mobile/12A365 Safari/600.1.4"
84.191.161.30 - - [01/Oct/2014:22:59:42 +0200] "GET /fonts/2A905F_0_0.woff HTTP/1.1" 304 - "http://www.modeinstitut-berlin.de/" "Mozilla/5.0 (iPhone; CPU iPhone OS 8_0 like Mac OS X) AppleWebKit/600.1.4 (KHTML, like Gecko) Version/8.0 Mobile/12A365 Safari/600.1.4"
84.191.161.30 - - [01/Oct/2014:22:59:42 +0200] "GET /fonts/fontello.woff?88579829 HTTP/1.1" 200 3380 "http://www.modeinstitut-berlin.de/" "Mozilla/5.0 (iPhone; CPU iPhone OS 8_0 like Mac OS X) AppleWebKit/600.1.4 (KHTML, like Gecko) Version/8.0 Mobile/12A365 Safari/600.1.4"
84.191.161.30 - - [01/Oct/2014:22:59:54 +0200] "GET /zertifizierungen.html HTTP/1.1" 200 10286 "http://www.modeinstitut-berlin.de/" "Mozilla/5.0 (iPhone; CPU iPhone OS 8_0 like Mac OS X) AppleWebKit/600.1.4 (KHTML, like Gecko) Version/8.0 Mobile/12A365 Safari/600.1.4"
84.191.161.30 - - [01/Oct/2014:22:59:54 +0200] "GET /css/kundengalerie.css HTTP/1.1" 200 12147 "http://www.modeinstitut-berlin.de/zertifizierungen.html" "Mozilla/5.0 (iPhone; CPU iPhone OS 8_0 like Mac OS X) AppleWebKit/600.1.4 (KHTML, like Gecko) Version/8.0 Mobile/12A365 Safari/600.1.4"
84.191.161.30 - - [01/Oct/2014:22:59:54 +0200] "GET /js/imagesloaded.pkgd.min.js HTTP/1.1" 200 6893 "http://www.modeinstitut-berlin.de/zertifizierungen.html" "Mozilla/5.0 (iPhone; CPU iPhone OS 8_0 like Mac OS X) AppleWebKit/600.1.4 (KHTML, like Gecko) Version/8.0 Mobile/12A365 Safari/600.1.4"
84.191.161.30 - - [01/Oct/2014:22:59:54 +0200] "GET /js/masonry.pkgd.min.js HTTP/1.1" 200 25081 "http://www.modeinstitut-berlin.de/zertifizierungen.html" "Mozilla/5.0 (iPhone; CPU iPhone OS 8_0 like Mac OS X) AppleWebKit/600.1.4 (KHTML, like Gecko) Version/8.0 Mobile/12A365 Safari/600.1.4"
84.191.161.30 - - [01/Oct/2014:22:59:54 +0200] "GET /js/classie.js HTTP/1.1" 200 1835 "http://www.modeinstitut-berlin.de/zertifizierungen.html" "Mozilla/5.0 (iPhone; CPU iPhone OS 8_0 like Mac OS X) AppleWebKit/600.1.4 (KHTML, like Gecko) Version/8.0 Mobile/12A365 Safari/600.1.4"
84.191.161.30 - - [01/Oct/2014:22:59:54 +0200] "GET /js/cbpGridGallery.js HTTP/1.1" 200 12200 "http://www.modeinstitut-berlin.de/zertifizierungen.html" "Mozilla/5.0 (iPhone; CPU iPhone OS 8_0 like Mac OS X) AppleWebKit/600.1.4 (KHTML, like Gecko) Version/8.0 Mobile/12A365 Safari/600.1.4"
84.191.161.30 - - [01/Oct/2014:22:59:54 +0200] "GET /images/zertifizierungen/qualitaet.png HTTP/1.1" 200 12288 "http://www.modeinstitut-berlin.de/zertifizierungen.html" "Mozilla/5.0 (iPhone; CPU iPhone OS 8_0 like Mac OS X) AppleWebKit/600.1.4 (KHTML, like Gecko) Version/8.0 Mobile/12A365 Safari/600.1.4"
84.191.161.30 - - [01/Oct/2014:22:59:54 +0200] "GET /images/zertifizierungen/umwelt.png HTTP/1.1" 200 12272 "http://www.modeinstitut-berlin.de/zertifizierungen.html" "Mozilla/5.0 (iPhone; CPU iPhone OS 8_0 like Mac OS X) AppleWebKit/600.1.4 (KHTML, like Gecko) Version/8.0 Mobile/12A365 Safari/600.1.4"
84.191.161.30 - - [01/Oct/2014:22:59:54 +0200] "GET /images/zertifizierungen/nachhaltigkeit.png HTTP/1.1" 200 14220 "http://www.modeinstitut-berlin.de/zertifizierungen.html" "Mozilla/5.0 (iPhone; CPU iPhone OS 8_0 like Mac OS X) AppleWebKit/600.1.4 (KHTML, like Gecko) Version/8.0 Mobile/12A365 Safari/600.1.4"
84.191.161.30 - - [01/Oct/2014:22:59:54 +0200] "GET /images/cross-gray.png HTTP/1.1" 200 1442 "http://www.modeinstitut-berlin.de/zertifizierungen.html" "Mozilla/5.0 (iPhone; CPU iPhone OS 8_0 like Mac OS X) AppleWebKit/600.1.4 (KHTML, like Gecko) Version/8.0 Mobile/12A365 Safari/600.1.4"
84.191.161.30 - - [01/Oct/2014:23:00:07 +0200] "GET /index.html HTTP/1.1" 200 9818 "http://www.modeinstitut-berlin.de/zertifizierungen.html" "Mozilla/5.0 (iPhone; CPU iPhone OS 8_0 like Mac OS X) AppleWebKit/600.1.4 (KHTML, like Gecko) Version/8.0 Mobile/12A365 Safari/600.1.4"
84.191.161.30 - - [01/Oct/2014:23:00:17 +0200] "GET /service-pankow.html HTTP/1.1" 200 10568 "http://www.modeinstitut-berlin.de/index.html" "Mozilla/5.0 (iPhone; CPU iPhone OS 8_0 like Mac OS X) AppleWebKit/600.1.4 (KHTML, like Gecko) Version/8.0 Mobile/12A365 Safari/600.1.4"
84.191.161.30 - - [01/Oct/2014:23:00:17 +0200] "GET /images/karte-sc-pankow.png HTTP/1.1" 200 68126 "http://www.modeinstitut-berlin.de/service-pankow.html" "Mozilla/5.0 (iPhone; CPU iPhone OS 8_0 like Mac OS X) AppleWebKit/600.1.4 (KHTML, like Gecko) Version/8.0 Mobile/12A365 Safari/600.1.4"
84.191.161.30 - - [01/Oct/2014:23:00:17 +0200] "GET /js/jquery.rwdImageMaps.min.js HTTP/1.1" 404 - "http://www.modeinstitut-berlin.de/service-pankow.html" "Mozilla/5.0 (iPhone; CPU iPhone OS 8_0 like Mac OS X) AppleWebKit/600.1.4 (KHTML, like Gecko) Version/8.0 Mobile/12A365 Safari/600.1.4"
84.191.161.30 - - [01/Oct/2014:23:00:17 +0200] "GET /images/karte-sc-schoeneberg.png HTTP/1.1" 200 68160 "http://www.modeinstitut-berlin.de/service-pankow.html" "Mozilla/5.0 (iPhone; CPU iPhone OS 8_0 like Mac OS X) AppleWebKit/600.1.4 (KHTML, like Gecko) Version/8.0 Mobile/12A365 Safari/600.1.4"
84.191.161.30 - - [01/Oct/2014:23:00:17 +0200] "GET /images/karte-sc-bochum.png HTTP/1.1" 200 68152 "http://www.modeinstitut-berlin.de/service-pankow.html" "Mozilla/5.0 (iPhone; CPU iPhone OS 8_0 like Mac OS X) AppleWebKit/600.1.4 (KHTML, like Gecko) Version/8.0 Mobile/12A365 Safari/600.1.4"
84.191.161.30 - - [01/Oct/2014:23:00:17 +0200] "GET /images/karte-sc-leipzig.png HTTP/1.1" 200 68205 "http://www.modeinstitut-berlin.de/service-pankow.html" "Mozilla/5.0 (iPhone; CPU iPhone OS 8_0 like Mac OS X) AppleWebKit/600.1.4 (KHTML, like Gecko) Version/8.0 Mobile/12A365 Safari/600.1.4"
84.191.161.30 - - [01/Oct/2014:23:00:17 +0200] "GET /images/karte-sc-koeln.png HTTP/1.1" 200 68118 "http://www.modeinstitut-berlin.de/service-pankow.html" "Mozilla/5.0 (iPhone; CPU iPhone OS 8_0 like Mac OS X) AppleWebKit/600.1.4 (KHTML, like Gecko) Version/8.0 Mobile/12A365 Safari/600.1.4"
84.191.161.30 - - [01/Oct/2014:23:00:17 +0200] "GET /images/karte-sc-frankfurt.png HTTP/1.1" 200 68121 "http://www.modeinstitut-berlin.de/service-pankow.html" "Mozilla/5.0 (iPhone; CPU iPhone OS 8_0 like Mac OS X) AppleWebKit/600.1.4 (KHTML, like Gecko) Version/8.0 Mobile/12A365 Safari/600.1.4"
84.191.161.30 - - [01/Oct/2014:23:00:35 +0200] "GET /service-bochum.html HTTP/1.1" 200 10151 "http://www.modeinstitut-berlin.de/service-pankow.html" "Mozilla/5.0 (iPhone; CPU iPhone OS 8_0 like Mac OS X) AppleWebKit/600.1.4 (KHTML, like Gecko) Version/8.0 Mobile/12A365 Safari/600.1.4"
84.191.161.30 - - [01/Oct/2014:23:00:38 +0200] "GET /js/jquery.rwdImageMaps.min.js HTTP/1.1" 404 - "http://www.modeinstitut-berlin.de/service-bochum.html" "Mozilla/5.0 (iPhone; CPU iPhone OS 8_0 like Mac OS X) AppleWebKit/600.1.4 (KHTML, like Gecko) Version/8.0 Mobile/12A365 Safari/600.1.4"
84.191.161.30 - - [01/Oct/2014:23:00:50 +0200] "GET /kunden.html HTTP/1.1" 200 10238 "http://www.modeinstitut-berlin.de/index.html" "Mozilla/5.0 (iPhone; CPU iPhone OS 8_0 like Mac OS X) AppleWebKit/600.1.4 (KHTML, like Gecko) Version/8.0 Mobile/12A365 Safari/600.1.4"
84.191.161.30 - - [01/Oct/2014:23:00:50 +0200] "GET /images/logos/pin-sw.png HTTP/1.1" 200 3149 "http://www.modeinstitut-berlin.de/kunden.html" "Mozilla/5.0 (iPhone; CPU iPhone OS 8_0 like Mac OS X) AppleWebKit/600.1.4 (KHTML, like Gecko) Version/8.0 Mobile/12A365 Safari/600.1.4"
84.191.161.30 - - [01/Oct/2014:23:00:50 +0200] "GET /images/logos/arosa-sw.png HTTP/1.1" 200 3190 "http://www.modeinstitut-berlin.de/kunden.html" "Mozilla/5.0 (iPhone; CPU iPhone OS 8_0 like Mac OS X) AppleWebKit/600.1.4 (KHTML, like Gecko) Version/8.0 Mobile/12A365 Safari/600.1.4"
84.191.161.30 - - [01/Oct/2014:23:00:50 +0200] "GET /images/logos/melia-sw.png HTTP/1.1" 200 3097 "http://www.modeinstitut-berlin.de/kunden.html" "Mozilla/5.0 (iPhone; CPU iPhone OS 8_0 like Mac OS X) AppleWebKit/600.1.4 (KHTML, like Gecko) Version/8.0 Mobile/12A365 Safari/600.1.4"
84.191.161.30 - - [01/Oct/2014:23:00:50 +0200] "GET /images/logos/kameha-sw.png HTTP/1.1" 200 3813 "http://www.modeinstitut-berlin.de/kunden.html" "Mozilla/5.0 (iPhone; CPU iPhone OS 8_0 like Mac OS X) AppleWebKit/600.1.4 (KHTML, like Gecko) Version/8.0 Mobile/12A365 Safari/600.1.4"
84.191.161.30 - - [01/Oct/2014:23:00:50 +0200] "GET /images/logos/globe-sw.png HTTP/1.1" 200 4358 "http://www.modeinstitut-berlin.de/kunden.html" "Mozilla/5.0 (iPhone; CPU iPhone OS 8_0 like Mac OS X) AppleWebKit/600.1.4 (KHTML, like Gecko) Version/8.0 Mobile/12A365 Safari/600.1.4"
84.191.161.30 - - [01/Oct/2014:23:00:50 +0200] "GET /images/logos/rnv-sw.png HTTP/1.1" 200 2102 "http://www.modeinstitut-berlin.de/kunden.html" "Mozilla/5.0 (iPhone; CPU iPhone OS 8_0 like Mac OS X) AppleWebKit/600.1.4 (KHTML, like Gecko) Version/8.0 Mobile/12A365 Safari/600.1.4"
84.191.161.30 - - [01/Oct/2014:23:00:50 +0200] "GET /images/logos/vag-sw.png HTTP/1.1" 200 2785 "http://www.modeinstitut-berlin.de/kunden.html" "Mozilla/5.0 (iPhone; CPU iPhone OS 8_0 like Mac OS X) AppleWebKit/600.1.4 (KHTML, like Gecko) Version/8.0 Mobile/12A365 Safari/600.1.4"
84.191.161.30 - - [01/Oct/2014:23:00:50 +0200] "GET /images/logos/bvg-sw.png HTTP/1.1" 200 3378 "http://www.modeinstitut-berlin.de/kunden.html" "Mozilla/5.0 (iPhone; CPU iPhone OS 8_0 like Mac OS X) AppleWebKit/600.1.4 (KHTML, like Gecko) Version/8.0 Mobile/12A365 Safari/600.1.4"
84.191.161.30 - - [01/Oct/2014:23:00:50 +0200] "GET /images/logos/post-sw.png HTTP/1.1" 200 3344 "http://www.modeinstitut-berlin.de/kunden.html" "Mozilla/5.0 (iPhone; CPU iPhone OS 8_0 like Mac OS X) AppleWebKit/600.1.4 (KHTML, like Gecko) Version/8.0 Mobile/12A365 Safari/600.1.4"
84.191.161.30 - - [01/Oct/2014:23:00:50 +0200] "GET /images/logos/frasec-sw.png HTTP/1.1" 200 3041 "http://www.modeinstitut-berlin.de/kunden.html" "Mozilla/5.0 (iPhone; CPU iPhone OS 8_0 like Mac OS X) AppleWebKit/600.1.4 (KHTML, like Gecko) Version/8.0 Mobile/12A365 Safari/600.1.4"
84.191.161.30 - - [01/Oct/2014:23:00:50 +0200] "GET /images/logos/bh-sw.png HTTP/1.1" 200 5329 "http://www.modeinstitut-berlin.de/kunden.html" "Mozilla/5.0 (iPhone; CPU iPhone OS 8_0 like Mac OS X) AppleWebKit/600.1.4 (KHTML, like Gecko) Version/8.0 Mobile/12A365 Safari/600.1.4"
84.191.161.30 - - [01/Oct/2014:23:00:50 +0200] "GET /images/logos/fis-sw.png HTTP/1.1" 200 4107 "http://www.modeinstitut-berlin.de/kunden.html" "Mozilla/5.0 (iPhone; CPU iPhone OS 8_0 like Mac OS X) AppleWebKit/600.1.4 (KHTML, like Gecko) Version/8.0 Mobile/12A365 Safari/600.1.4"
84.191.161.30 - - [01/Oct/2014:23:00:50 +0200] "GET /images/logos/vag-n-sw.png HTTP/1.1" 200 4291 "http://www.modeinstitut-berlin.de/kunden.html" "Mozilla/5.0 (iPhone; CPU iPhone OS 8_0 like Mac OS X) AppleWebKit/600.1.4 (KHTML, like Gecko) Version/8.0 Mobile/12A365 Safari/600.1.4"
84.191.161.30 - - [01/Oct/2014:23:00:50 +0200] "GET /images/logos/bt-sw.png HTTP/1.1" 200 3985 "http://www.modeinstitut-berlin.de/kunden.html" "Mozilla/5.0 (iPhone; CPU iPhone OS 8_0 like Mac OS X) AppleWebKit/600.1.4 (KHTML, like Gecko) Version/8.0 Mobile/12A365 Safari/600.1.4"
84.191.161.30 - - [01/Oct/2014:23:00:50 +0200] "GET /images/logos/bund-sw.png HTTP/1.1" 200 2626 "http://www.modeinstitut-berlin.de/kunden.html" "Mozilla/5.0 (iPhone; CPU iPhone OS 8_0 like Mac OS X) AppleWebKit/600.1.4 (KHTML, like Gecko) Version/8.0 Mobile/12A365 Safari/600.1.4"
84.191.161.30 - - [01/Oct/2014:23:00:50 +0200] "GET /images/logos/gegenbauer-sw.png HTTP/1.1" 200 3242 "http://www.modeinstitut-berlin.de/kunden.html" "Mozilla/5.0 (iPhone; CPU iPhone OS 8_0 like Mac OS X) AppleWebKit/600.1.4 (KHTML, like Gecko) Version/8.0 Mobile/12A365 Safari/600.1.4"
84.191.161.30 - - [01/Oct/2014:23:00:50 +0200] "GET /images/logos/mvg-sw.png HTTP/1.1" 200 2333 "http://www.modeinstitut-berlin.de/kunden.html" "Mozilla/5.0 (iPhone; CPU iPhone OS 8_0 like Mac OS X) AppleWebKit/600.1.4 (KHTML, like Gecko) Version/8.0 Mobile/12A365 Safari/600.1.4"
84.191.161.30 - - [01/Oct/2014:23:00:50 +0200] "GET /images/logos/mvb-sw.png HTTP/1.1" 200 6130 "http://www.modeinstitut-berlin.de/kunden.html" "Mozilla/5.0 (iPhone; CPU iPhone OS 8_0 like Mac OS X) AppleWebKit/600.1.4 (KHTML, like Gecko) Version/8.0 Mobile/12A365 Safari/600.1.4"
84.191.161.30 - - [01/Oct/2014:23:00:50 +0200] "GET /images/logos/vgf-sw.png HTTP/1.1" 200 2429 "http://www.modeinstitut-berlin.de/kunden.html" "Mozilla/5.0 (iPhone; CPU iPhone OS 8_0 like Mac OS X) AppleWebKit/600.1.4 (KHTML, like Gecko) Version/8.0 Mobile/12A365 Safari/600.1.4"
84.191.161.30 - - [01/Oct/2014:23:00:50 +0200] "GET /images/logos/lvb-sw.png HTTP/1.1" 200 1868 "http://www.modeinstitut-berlin.de/kunden.html" "Mozilla/5.0 (iPhone; CPU iPhone OS 8_0 like Mac OS X) AppleWebKit/600.1.4 (KHTML, like Gecko) Version/8.0 Mobile/12A365 Safari/600.1.4"
84.191.161.30 - - [01/Oct/2014:23:01:08 +0200] "GET /anfahrt.html HTTP/1.1" 200 12693 "http://www.modeinstitut-berlin.de/kunden.html" "Mozilla/5.0 (iPhone; CPU iPhone OS 8_0 like Mac OS X) AppleWebKit/600.1.4 (KHTML, like Gecko) Version/8.0 Mobile/12A365 Safari/600.1.4"
84.191.161.30 - - [01/Oct/2014:23:01:08 +0200] "GET /images/luftbild.jpg HTTP/1.1" 200 248171 "http://www.modeinstitut-berlin.de/anfahrt.html" "Mozilla/5.0 (iPhone; CPU iPhone OS 8_0 like Mac OS X) AppleWebKit/600.1.4 (KHTML, like Gecko) Version/8.0 Mobile/12A365 Safari/600.1.4"
84.191.161.30 - - [01/Oct/2014:23:01:29 +0200] "GET /support.html HTTP/1.1" 200 8267 "http://www.modeinstitut-berlin.de/index.html" "Mozilla/5.0 (iPhone; CPU iPhone OS 8_0 like Mac OS X) AppleWebKit/600.1.4 (KHTML, like Gecko) Version/8.0 Mobile/12A365 Safari/600.1.4"
84.191.161.30 - - [01/Oct/2014:23:01:53 +0200] "GET /dienstkleidung.html HTTP/1.1" 200 14110 "http://www.modeinstitut-berlin.de/index.html" "Mozilla/5.0 (iPhone; CPU iPhone OS 8_0 like Mac OS X) AppleWebKit/600.1.4 (KHTML, like Gecko) Version/8.0 Mobile/12A365 Safari/600.1.4"
84.191.161.30 - - [01/Oct/2014:23:01:54 +0200] "GET /images/mini-slider/Corporate-Fashion-Image-to-Wear-1_mini.jpg HTTP/1.1" 200 59849 "http://www.modeinstitut-berlin.de/dienstkleidung.html" "Mozilla/5.0 (iPhone; CPU iPhone OS 8_0 like Mac OS X) AppleWebKit/600.1.4 (KHTML, like Gecko) Version/8.0 Mobile/12A365 Safari/600.1.4"
84.191.161.30 - - [01/Oct/2014:23:01:54 +0200] "GET /images/mini-slider/Corporate-Fashion-Image-to-Wear-3_mini.jpg HTTP/1.1" 200 68713 "http://www.modeinstitut-berlin.de/dienstkleidung.html" "Mozilla/5.0 (iPhone; CPU iPhone OS 8_0 like Mac OS X) AppleWebKit/600.1.4 (KHTML, like Gecko) Version/8.0 Mobile/12A365 Safari/600.1.4"
84.191.161.30 - - [01/Oct/2014:23:01:54 +0200] "GET /images/mini-slider/Corporate-Fashion-Image-to-Wear-2_mini.jpg HTTP/1.1" 200 76518 "http://www.modeinstitut-berlin.de/dienstkleidung.html" "Mozilla/5.0 (iPhone; CPU iPhone OS 8_0 like Mac OS X) AppleWebKit/600.1.4 (KHTML, like Gecko) Version/8.0 Mobile/12A365 Safari/600.1.4"
84.191.161.30 - - [01/Oct/2014:23:01:54 +0200] "GET /images/mini-slider/Corporate-Fashion-Image-to-Wear-4_mini.jpg HTTP/1.1" 200 57692 "http://www.modeinstitut-berlin.de/dienstkleidung.html" "Mozilla/5.0 (iPhone; CPU iPhone OS 8_0 like Mac OS X) AppleWebKit/600.1.4 (KHTML, like Gecko) Version/8.0 Mobile/12A365 Safari/600.1.4"
84.191.161.30 - - [01/Oct/2014:23:01:54 +0200] "GET /images/mini-slider/Corporate-Fashion-Image-to-Wear-6_mini.jpg HTTP/1.1" 200 70291 "http://www.modeinstitut-berlin.de/dienstkleidung.html" "Mozilla/5.0 (iPhone; CPU iPhone OS 8_0 like Mac OS X) AppleWebKit/600.1.4 (KHTML, like Gecko) Version/8.0 Mobile/12A365 Safari/600.1.4"
84.191.161.30 - - [01/Oct/2014:23:01:54 +0200] "GET /images/mini-slider/Corporate-Fashion-Image-to-Wear-5_mini.jpg HTTP/1.1" 200 131839 "http://www.modeinstitut-berlin.de/dienstkleidung.html" "Mozilla/5.0 (iPhone; CPU iPhone OS 8_0 like Mac OS X) AppleWebKit/600.1.4 (KHTML, like Gecko) Version/8.0 Mobile/12A365 Safari/600.1.4"
84.191.161.30 - - [01/Oct/2014:23:02:11 +0200] "GET /berufsbekleidung.html HTTP/1.1" 200 12011 "http://www.modeinstitut-berlin.de/index.html" "Mozilla/5.0 (iPhone; CPU iPhone OS 8_0 like Mac OS X) AppleWebKit/600.1.4 (KHTML, like Gecko) Version/8.0 Mobile/12A365 Safari/600.1.4"
84.191.161.30 - - [01/Oct/2014:23:02:11 +0200] "GET /images/mini-slider/Corporate-Fashion-Ready-to-Wear-2_mini.jpg HTTP/1.1" 200 49859 "http://www.modeinstitut-berlin.de/berufsbekleidung.html" "Mozilla/5.0 (iPhone; CPU iPhone OS 8_0 like Mac OS X) AppleWebKit/600.1.4 (KHTML, like Gecko) Version/8.0 Mobile/12A365 Safari/600.1.4"
84.191.161.30 - - [01/Oct/2014:23:02:11 +0200] "GET /images/mini-slider/Corporate-Fashion-Ready-to-Wear-1_mini.jpg HTTP/1.1" 200 20337 "http://www.modeinstitut-berlin.de/berufsbekleidung.html" "Mozilla/5.0 (iPhone; CPU iPhone OS 8_0 like Mac OS X) AppleWebKit/600.1.4 (KHTML, like Gecko) Version/8.0 Mobile/12A365 Safari/600.1.4"
84.191.161.30 - - [01/Oct/2014:23:02:11 +0200] "GET /images/mini-slider/Corporate-Fashion-Ready-to-Wear-3_mini.jpg HTTP/1.1" 200 47517 "http://www.modeinstitut-berlin.de/berufsbekleidung.html" "Mozilla/5.0 (iPhone; CPU iPhone OS 8_0 like Mac OS X) AppleWebKit/600.1.4 (KHTML, like Gecko) Version/8.0 Mobile/12A365 Safari/600.1.4"
84.191.161.30 - - [01/Oct/2014:23:02:11 +0200] "GET /images/mini-slider/Corporate-Fashion-Ready-to-Wear-4_mini.jpg HTTP/1.1" 200 45805 "http://www.modeinstitut-berlin.de/berufsbekleidung.html" "Mozilla/5.0 (iPhone; CPU iPhone OS 8_0 like Mac OS X) AppleWebKit/600.1.4 (KHTML, like Gecko) Version/8.0 Mobile/12A365 Safari/600.1.4"
207.46.13.82 - - [01/Oct/2014:23:02:46 +0200] "GET /corporate-fashion/reporting.html HTTP/1.1" 404 - "-" "Mozilla/5.0 (compatible; bingbot/2.0; +http://www.bing.com/bingbot.htm)"
84.191.161.30 - - [01/Oct/2014:23:02:52 +0200] "GET /firmenprofil.html HTTP/1.1" 200 9902 "http://www.modeinstitut-berlin.de/index.html" "Mozilla/5.0 (iPhone; CPU iPhone OS 8_0 like Mac OS X) AppleWebKit/600.1.4 (KHTML, like Gecko) Version/8.0 Mobile/12A365 Safari/600.1.4"
84.191.161.30 - - [01/Oct/2014:23:02:52 +0200] "GET /images/luftbild-pankow.jpg HTTP/1.1" 200 113653 "http://www.modeinstitut-berlin.de/firmenprofil.html" "Mozilla/5.0 (iPhone; CPU iPhone OS 8_0 like Mac OS X) AppleWebKit/600.1.4 (KHTML, like Gecko) Version/8.0 Mobile/12A365 Safari/600.1.4"
84.191.161.30 - - [01/Oct/2014:23:02:53 +0200] "GET /images/karte385.svg HTTP/1.1" 200 147489 "http://www.modeinstitut-berlin.de/firmenprofil.html" "Mozilla/5.0 (iPhone; CPU iPhone OS 8_0 like Mac OS X) AppleWebKit/600.1.4 (KHTML, like Gecko) Version/8.0 Mobile/12A365 Safari/600.1.4"
62.122.80.36 - - [01/Oct/2014:23:03:32 +0200] "GET /fonts/2A905F_0_0.eot? HTTP/1.0" 304 - "-" "Mozilla/4.0 (compatible;)"
84.191.161.30 - - [01/Oct/2014:23:03:47 +0200] "GET /js/jquery.rwdImageMaps.min.js HTTP/1.1" 404 - "http://www.modeinstitut-berlin.de/service-pankow.html" "Mozilla/5.0 (iPhone; CPU iPhone OS 8_0 like Mac OS X) AppleWebKit/600.1.4 (KHTML, like Gecko) Version/8.0 Mobile/12A365 Safari/600.1.4"
157.55.39.95 - - [01/Oct/2014:23:03:52 +0200] "GET /anmeldung.html HTTP/1.1" 200 11927 "-" "Mozilla/5.0 (compatible; bingbot/2.0; +http://www.bing.com/bingbot.htm)"
141.8.147.12 - - [01/Oct/2014:23:04:03 +0200] "GET / HTTP/1.1" 200 9818 "-" "Mozilla/5.0 (compatible; YandexBot/3.0; +http://yandex.com/bots)"
84.191.161.30 - - [01/Oct/2014:23:04:08 +0200] "GET /js/jquery.rwdImageMaps.min.js HTTP/1.1" 404 - "http://www.modeinstitut-berlin.de/service-bochum.html" "Mozilla/5.0 (iPhone; CPU iPhone OS 8_0 like Mac OS X) AppleWebKit/600.1.4 (KHTML, like Gecko) Version/8.0 Mobile/12A365 Safari/600.1.4"
84.191.161.30 - - [01/Oct/2014:23:04:19 +0200] "GET /js/jquery.rwdImageMaps.min.js HTTP/1.1" 404 - "http://www.modeinstitut-berlin.de/service-pankow.html" "Mozilla/5.0 (iPhone; CPU iPhone OS 8_0 like Mac OS X) AppleWebKit/600.1.4 (KHTML, like Gecko) Version/8.0 Mobile/12A365 Safari/600.1.4"
84.191.161.30 - - [01/Oct/2014:23:04:24 +0200] "GET /js/mb.bgndGallery.effects.js HTTP/1.1" 304 - "http://www.modeinstitut-berlin.de/index.html" "Mozilla/5.0 (iPhone; CPU iPhone OS 8_0 like Mac OS X) AppleWebKit/600.1.4 (KHTML, like Gecko) Version/8.0 Mobile/12A365 Safari/600.1.4"
62.122.80.36 - - [01/Oct/2014:23:13:54 +0200] "GET /images/slider/arrow-left.png HTTP/1.0" 304 - "-" "Mozilla/4.0 (compatible;)"
157.55.39.9 - - [01/Oct/2014:23:17:32 +0200] "GET /beratung.html HTTP/1.1" 200 9449 "-" "Mozilla/5.0 (compatible; bingbot/2.0; +http://www.bing.com/bingbot.htm)"
144.76.185.173 - - [01/Oct/2014:23:24:43 +0200] "GET / HTTP/1.1" 200 9818 "-" "Mozilla/5.0 (Macintosh; Intel Mac OS X 10_7_5) AppleWebKit/537.36 (KHTML, like Gecko) Chrome/27.0.1453.93 Safari/537.36"
148.251.69.136 - - [01/Oct/2014:23:24:44 +0200] "GET /kontakt/kontaktdaten/ HTTP/1.1" 404 - "-" "Mozilla/5.0 (Windows; U; Windows NT 6.1; en-US) AppleWebKit/533.19.4 (KHTML, like Gecko) Version/5.0.2 Safari/533.18.5"
208.115.111.73 - - [01/Oct/2014:23:37:04 +0200] "GET /robots.txt HTTP/1.1" 200 317 "-" "Mozilla/5.0 (compatible; DotBot/1.1; http://www.opensiteexplorer.org/dotbot, help@moz.com)"
157.55.39.33 - - [01/Oct/2014:23:42:13 +0200] "GET /anfrage.html HTTP/1.1" 200 8273 "-" "Mozilla/5.0 (compatible; bingbot/2.0; +http://www.bing.com/bingbot.htm)"
66.249.64.123 - - [01/Oct/2014:23:43:15 +0200] "GET /service-pankow.html HTTP/1.1" 200 10568 "-" "Mozilla/5.0 (compatible; Googlebot/2.1; +http://www.google.com/bot.html)"
62.122.80.36 - - [01/Oct/2014:23:46:11 +0200] "GET /css/default.css HTTP/1.0" 200 23327 "-" "Mozilla/4.0 (compatible;)"
213.192.70.41 - - [01/Oct/2014:23:54:46 +0200] "GET /karriere.html HTTP/1.1" 200 8742 "https://www.google.pl/" "Mozilla/5.0 (Linux; Android 4.4.2; SM-T320 Build/KOT49H) AppleWebKit/537.36 (KHTML, like Gecko) Chrome/31.0.1650.59 Safari/537.36"
213.192.70.41 - - [01/Oct/2014:23:54:46 +0200] "GET /css/normalize.css HTTP/1.1" 200 3753 "http://www.modeinstitut-berlin.de/karriere.html" "Mozilla/5.0 (Linux; Android 4.4.2; SM-T320 Build/KOT49H) AppleWebKit/537.36 (KHTML, like Gecko) Chrome/31.0.1650.59 Safari/537.36"
213.192.70.41 - - [01/Oct/2014:23:54:46 +0200] "GET /js/modernizr.custom.js HTTP/1.1" 200 9277 "http://www.modeinstitut-berlin.de/karriere.html" "Mozilla/5.0 (Linux; Android 4.4.2; SM-T320 Build/KOT49H) AppleWebKit/537.36 (KHTML, like Gecko) Chrome/31.0.1650.59 Safari/537.36"
213.192.70.41 - - [01/Oct/2014:23:54:46 +0200] "GET /js/jquery.stickyPanel.min.js HTTP/1.1" 200 1563 "http://www.modeinstitut-berlin.de/karriere.html" "Mozilla/5.0 (Linux; Android 4.4.2; SM-T320 Build/KOT49H) AppleWebKit/537.36 (KHTML, like Gecko) Chrome/31.0.1650.59 Safari/537.36"
213.192.70.41 - - [01/Oct/2014:23:54:46 +0200] "GET /js/HorizontalMenu.min.js HTTP/1.1" 200 457 "http://www.modeinstitut-berlin.de/karriere.html" "Mozilla/5.0 (Linux; Android 4.4.2; SM-T320 Build/KOT49H) AppleWebKit/537.36 (KHTML, like Gecko) Chrome/31.0.1650.59 Safari/537.36"
213.192.70.41 - - [01/Oct/2014:23:54:46 +0200] "GET /css/default.css HTTP/1.1" 200 23327 "http://www.modeinstitut-berlin.de/karriere.html" "Mozilla/5.0 (Linux; Android 4.4.2; SM-T320 Build/KOT49H) AppleWebKit/537.36 (KHTML, like Gecko) Chrome/31.0.1650.59 Safari/537.36"
213.192.70.41 - - [01/Oct/2014:23:54:47 +0200] "GET /images/logo-200px.png HTTP/1.1" 200 5388 "http://www.modeinstitut-berlin.de/karriere.html" "Mozilla/5.0 (Linux; Android 4.4.2; SM-T320 Build/KOT49H) AppleWebKit/537.36 (KHTML, like Gecko) Chrome/31.0.1650.59 Safari/537.36"
213.192.70.41 - - [01/Oct/2014:23:54:47 +0200] "GET /images/dashed.png HTTP/1.1" 200 936 "http://www.modeinstitut-berlin.de/karriere.html" "Mozilla/5.0 (Linux; Android 4.4.2; SM-T320 Build/KOT49H) AppleWebKit/537.36 (KHTML, like Gecko) Chrome/31.0.1650.59 Safari/537.36"
213.192.70.41 - - [01/Oct/2014:23:54:47 +0200] "GET /fonts/2A905F_0_0.woff HTTP/1.1" 200 22834 "http://www.modeinstitut-berlin.de/karriere.html" "Mozilla/5.0 (Linux; Android 4.4.2; SM-T320 Build/KOT49H) AppleWebKit/537.36 (KHTML, like Gecko) Chrome/31.0.1650.59 Safari/537.36"
213.192.70.41 - - [01/Oct/2014:23:54:47 +0200] "GET /favicon.ico HTTP/1.1" 200 2068 "-" "Mozilla/5.0 (Linux; Android 4.4.2; SM-T320 Build/KOT49H) AppleWebKit/537.36 (KHTML, like Gecko) Chrome/31.0.1650.59 Safari/537.36"
213.192.70.41 - - [01/Oct/2014:23:55:17 +0200] "GET /ansprechpartner.html HTTP/1.1" 200 10120 "https://www.google.pl/" "Mozilla/5.0 (Linux; Android 4.4.2; SM-T320 Build/KOT49H) AppleWebKit/537.36 (KHTML, like Gecko) Chrome/31.0.1650.59 Safari/537.36"
213.192.70.41 - - [01/Oct/2014:23:55:17 +0200] "GET /images/nadine-thomas.jpg HTTP/1.1" 200 6437 "http://www.modeinstitut-berlin.de/ansprechpartner.html" "Mozilla/5.0 (Linux; Android 4.4.2; SM-T320 Build/KOT49H) AppleWebKit/537.36 (KHTML, like Gecko) Chrome/31.0.1650.59 Safari/537.36"
213.192.70.41 - - [01/Oct/2014:23:55:17 +0200] "GET /images/evelin-pietsch.jpg HTTP/1.1" 200 6518 "http://www.modeinstitut-berlin.de/ansprechpartner.html" "Mozilla/5.0 (Linux; Android 4.4.2; SM-T320 Build/KOT49H) AppleWebKit/537.36 (KHTML, like Gecko) Chrome/31.0.1650.59 Safari/537.36"
213.192.70.41 - - [01/Oct/2014:23:55:17 +0200] "GET /images/marie-krietsch.jpg HTTP/1.1" 200 6261 "http://www.modeinstitut-berlin.de/ansprechpartner.html" "Mozilla/5.0 (Linux; Android 4.4.2; SM-T320 Build/KOT49H) AppleWebKit/537.36 (KHTML, like Gecko) Chrome/31.0.1650.59 Safari/537.36"
213.192.70.41 - - [01/Oct/2014:23:55:17 +0200] "GET /images/anna-oesterheld.jpg HTTP/1.1" 200 6174 "http://www.modeinstitut-berlin.de/ansprechpartner.html" "Mozilla/5.0 (Linux; Android 4.4.2; SM-T320 Build/KOT49H) AppleWebKit/537.36 (KHTML, like Gecko) Chrome/31.0.1650.59 Safari/537.36"
213.192.70.41 - - [01/Oct/2014:23:55:17 +0200] "GET /images/daniel-thomas.jpg HTTP/1.1" 200 6844 "http://www.modeinstitut-berlin.de/ansprechpartner.html" "Mozilla/5.0 (Linux; Android 4.4.2; SM-T320 Build/KOT49H) AppleWebKit/537.36 (KHTML, like Gecko) Chrome/31.0.1650.59 Safari/537.36"
213.192.70.41 - - [01/Oct/2014:23:55:17 +0200] "GET /images/katja-guenzel.jpg HTTP/1.1" 200 6183 "http://www.modeinstitut-berlin.de/ansprechpartner.html" "Mozilla/5.0 (Linux; Android 4.4.2; SM-T320 Build/KOT49H) AppleWebKit/537.36 (KHTML, like Gecko) Chrome/31.0.1650.59 Safari/537.36"
144.76.16.198 - - [01/Oct/2014:23:59:02 +0200] "GET /robots.txt HTTP/1.0" 200 317 "-" "Mozilla/5.0 (Windows NT 6.1; WOW64) AppleWebKit/537.36 (KHTML, like Gecko) Chrome/33.0.1750.146 Safari/537.36"
144.76.16.198 - - [01/Oct/2014:23:59:03 +0200] "GET /images/karte-sc-koeln.svg HTTP/1.0" 200 147110 "-" "Mozilla/5.0 (Windows NT 6.1; WOW64) AppleWebKit/537.36 (KHTML, like Gecko) Chrome/33.0.1750.146 Safari/537.36"
85.114.139.54 - - [02/Oct/2014:00:04:34 +0200] "GET /robots.txt HTTP/1.1" 200 317 "-" "Mozilla/5.0 (compatible; publiclibraryarchive.org/1.0; +crawl@publiclibraryarchive.org)"
85.114.139.54 - - [02/Oct/2014:00:04:35 +0200] "GET /images/motive/image-sidebox_gsg.jpg HTTP/1.1" 404 - "-" "Mozilla/5.0 (compatible; publiclibraryarchive.org/1.0; +crawl@publiclibraryarchive.org)"
141.8.147.12 - - [02/Oct/2014:00:07:00 +0200] "GET /robots.txt HTTP/1.1" 200 317 "-" "Mozilla/5.0 (compatible; YandexBot/3.0; +http://yandex.com/bots)"
141.8.147.12 - - [02/Oct/2014:00:07:01 +0200] "GET /robots.txt HTTP/1.1" 200 317 "-" "Mozilla/5.0 (compatible; YandexBot/3.0; +http://yandex.com/bots)"
141.8.147.12 - - [02/Oct/2014:00:07:02 +0200] "GET / HTTP/1.1" 200 9818 "-" "Mozilla/5.0 (compatible; YandexBot/3.0; +http://yandex.com/bots)"
141.8.147.12 - - [02/Oct/2014:00:07:02 +0200] "GET / HTTP/1.1" 200 9818 "-" "Mozilla/5.0 (compatible; YandexBot/3.0; +http://yandex.com/bots)"
141.8.147.12 - - [02/Oct/2014:00:07:03 +0200] "GET / HTTP/1.1" 200 9818 "-" "Mozilla/5.0 (compatible; YandexBot/3.0; +http://yandex.com/bots)"
141.8.147.12 - - [02/Oct/2014:00:07:05 +0200] "GET / HTTP/1.1" 200 9818 "-" "Mozilla/5.0 (compatible; YandexBot/3.0; +http://yandex.com/bots)"
141.8.147.12 - - [02/Oct/2014:00:07:06 +0200] "GET / HTTP/1.1" 200 9818 "-" "Mozilla/5.0 (compatible; YandexBot/3.0; +http://yandex.com/bots)"
141.8.147.12 - - [02/Oct/2014:00:07:07 +0200] "GET / HTTP/1.1" 200 9818 "-" "Mozilla/5.0 (compatible; YandexBot/3.0; +http://yandex.com/bots)"
157.55.39.33 - - [02/Oct/2014:00:13:19 +0200] "GET /corporate-fashion/beratung.html HTTP/1.1" 404 - "-" "Mozilla/5.0 (compatible; bingbot/2.0; +http://www.bing.com/bingbot.htm)"
157.55.39.9 - - [02/Oct/2014:00:13:23 +0200] "GET /grosserpreis/ HTTP/1.1" 404 - "-" "Mozilla/5.0 (compatible; bingbot/2.0; +http://www.bing.com/bingbot.htm)"
144.76.16.198 - - [02/Oct/2014:00:16:34 +0200] "GET /images/karte385.svg HTTP/1.0" 200 147489 "-" "Mozilla/5.0 (Windows NT 6.1; WOW64) AppleWebKit/537.36 (KHTML, like Gecko) Chrome/33.0.1750.146 Safari/537.36"
157.55.39.227 - - [02/Oct/2014:00:17:10 +0200] "GET /robots.txt HTTP/1.1" 200 317 "-" "Mozilla/5.0 (compatible; bingbot/2.0; +http://www.bing.com/bingbot.htm)"
157.55.39.96 - - [02/Oct/2014:00:17:13 +0200] "GET /corporate-fashion/anspruch.html HTTP/1.1" 404 - "-" "Mozilla/5.0 (compatible; bingbot/2.0; +http://www.bing.com/bingbot.htm)"
157.55.39.226 - - [02/Oct/2014:00:17:29 +0200] "GET / HTTP/1.1" 200 9818 "-" "Mozilla/5.0 (compatible; bingbot/2.0; +http://www.bing.com/bingbot.htm)"
144.76.16.198 - - [02/Oct/2014:00:22:13 +0200] "GET /abg.html HTTP/1.0" 404 - "-" "Mozilla/5.0 (Windows NT 6.1; WOW64) AppleWebKit/537.36 (KHTML, like Gecko) Chrome/33.0.1750.146 Safari/537.36"
207.46.13.82 - - [02/Oct/2014:00:27:37 +0200] "GET /reporting.html HTTP/1.1" 200 7681 "-" "Mozilla/5.0 (compatible; bingbot/2.0; +http://www.bing.com/bingbot.htm)"
144.76.16.198 - - [02/Oct/2014:00:31:40 +0200] "GET /images/karte-sc-leipzig.svg HTTP/1.0" 200 147110 "-" "Mozilla/5.0 (Windows NT 6.1; WOW64) AppleWebKit/537.36 (KHTML, like Gecko) Chrome/33.0.1750.146 Safari/537.36"
182.118.20.223 - - [02/Oct/2014:00:33:56 +0200] "GET /impressum/ HTTP/1.1" 404 - "http://www.modeinstitut-berlin.de/impressum/" "Mozilla/5.0 (compatible; MSIE 9.0; Windows NT 6.1; Trident/5.0); 360Spider"
182.118.22.212 - - [02/Oct/2014:00:34:25 +0200] "GET / HTTP/1.1" 200 9818 "http://modeinstitut-berlin.de/" "Mozilla/5.0 (compatible; MSIE 9.0; Windows NT 6.1; Trident/5.0); 360Spider"
144.76.16.198 - - [02/Oct/2014:00:36:10 +0200] "GET /berufsbekleidung.html HTTP/1.0" 200 12011 "-" "Mozilla/5.0 (Windows NT 6.1; WOW64) AppleWebKit/537.36 (KHTML, like Gecko) Chrome/33.0.1750.146 Safari/537.36"
92.230.246.62 - - [02/Oct/2014:00:39:22 +0200] "GET /css/default.css HTTP/1.1" 200 23327 "http://www.modeinstitut-berlin.de/" "Mozilla/5.0 (Windows NT 6.1; WOW64; Trident/7.0; rv:11.0) like Gecko"
157.55.39.96 - - [02/Oct/2014:00:51:38 +0200] "GET /corporate-fashion/glossar.html HTTP/1.1" 404 - "-" "Mozilla/5.0 (compatible; bingbot/2.0; +http://www.bing.com/bingbot.htm)"
144.76.16.198 - - [02/Oct/2014:00:51:59 +0200] "GET /dienstkleidung.html HTTP/1.0" 200 14110 "-" "Mozilla/5.0 (Windows NT 6.1; WOW64) AppleWebKit/537.36 (KHTML, like Gecko) Chrome/33.0.1750.146 Safari/537.36"
207.46.13.82 - - [02/Oct/2014:00:58:18 +0200] "GET / HTTP/1.1" 200 9818 "-" "Mozilla/5.0 (compatible; bingbot/2.0; +http://www.bing.com/bingbot.htm)"
207.46.13.82 - - [02/Oct/2014:01:01:07 +0200] "GET /corporate-fashion/zertifizierungen.html HTTP/1.1" 404 - "-" "Mozilla/5.0 (compatible; bingbot/2.0; +http://www.bing.com/bingbot.htm)"
144.76.16.198 - - [02/Oct/2014:01:04:29 +0200] "GET /images/karte-sc-pankow.svg HTTP/1.0" 200 147110 "-" "Mozilla/5.0 (Windows NT 6.1; WOW64) AppleWebKit/537.36 (KHTML, like Gecko) Chrome/33.0.1750.146 Safari/537.36"
157.55.39.33 - - [02/Oct/2014:01:06:03 +0200] "GET /corporate-fashion/ready.html HTTP/1.1" 404 - "-" "Mozilla/5.0 (compatible; bingbot/2.0; +http://www.bing.com/bingbot.htm)"
144.76.16.198 - - [02/Oct/2014:01:09:55 +0200] "GET /images/karte-sc-schoeneberg.svg HTTP/1.0" 200 147110 "-" "Mozilla/5.0 (Windows NT 6.1; WOW64) AppleWebKit/537.36 (KHTML, like Gecko) Chrome/33.0.1750.146 Safari/537.36"
144.76.16.198 - - [02/Oct/2014:01:10:12 +0200] "GET /images/karte-sc-frankfurt.svg HTTP/1.0" 200 147110 "-" "Mozilla/5.0 (Windows NT 6.1; WOW64) AppleWebKit/537.36 (KHTML, like Gecko) Chrome/33.0.1750.146 Safari/537.36"
195.233.250.6 - - [02/Oct/2014:01:10:56 +0200] "GET /images/layout/nav-drop-foot.png HTTP/1.1" 404 - "-" "Mozilla/4.0 (compatible;)"
144.76.16.198 - - [02/Oct/2014:01:12:43 +0200] "GET /images/karte-sc-bochum.svg HTTP/1.0" 200 147110 "-" "Mozilla/5.0 (Windows NT 6.1; WOW64) AppleWebKit/537.36 (KHTML, like Gecko) Chrome/33.0.1750.146 Safari/537.36"
144.76.16.198 - - [02/Oct/2014:01:15:17 +0200] "GET /service-schoeneberg HTTP/1.0" 404 - "-" "Mozilla/5.0 (Windows NT 6.1; WOW64) AppleWebKit/537.36 (KHTML, like Gecko) Chrome/33.0.1750.146 Safari/537.36"
37.58.100.234 - - [02/Oct/2014:01:16:36 +0200] "GET /produkt/design/hotelbekleidung/ HTTP/1.1" 404 - "-" "Mozilla/5.0 (compatible; AhrefsBot/5.0; +http://ahrefs.com/robot/)"
208.115.111.73 - - [02/Oct/2014:01:19:00 +0200] "GET /robots.txt HTTP/1.1" 200 317 "-" "Mozilla/5.0 (compatible; DotBot/1.1; http://www.opensiteexplorer.org/dotbot, help@moz.com)"
180.76.6.137 - - [02/Oct/2014:01:29:34 +0200] "GET /dienstkleidung.html HTTP/1.1" 200 14110 "-" "Mozilla/5.0 (compatible; Baiduspider/2.0; +http://www.baidu.com/search/spider.html)"
62.122.80.36 - - [02/Oct/2014:01:33:33 +0200] "GET /images/dashed.png HTTP/1.0" 304 - "-" "Mozilla/4.0 (compatible;)"
178.255.215.88 - - [02/Oct/2014:01:45:10 +0200] "GET /robots.txt HTTP/1.1" 200 317 "-" "Mozilla/5.0 (compatible; Exabot/3.0 (BiggerBetter); +http://www.exabot.com/go/robot)"
178.255.215.88 - - [02/Oct/2014:01:45:10 +0200] "GET /produkt/design/verkehrsunternehmen/ HTTP/1.1" 404 - "-" "Mozilla/5.0 (compatible; Exabot/3.0 (BiggerBetter); +http://www.exabot.com/go/robot)"
157.55.39.33 - - [02/Oct/2014:01:48:17 +0200] "GET /ansprechpartner.html HTTP/1.1" 200 10120 "-" "Mozilla/5.0 (compatible; bingbot/2.0; +http://www.bing.com/bingbot.htm)"
46.229.164.101 - - [02/Oct/2014:02:08:19 +0200] "GET / HTTP/1.1" 200 9818 "-" "Mozilla/5.0 (compatible; SemrushBot/0.98~bl; +http://www.semrush.com/bot.html)"
207.46.13.82 - - [02/Oct/2014:02:09:48 +0200] "GET /corporate-fashion/support.html HTTP/1.1" 404 - "-" "Mozilla/5.0 (compatible; bingbot/2.0; +http://www.bing.com/bingbot.htm)"
66.249.78.84 - - [02/Oct/2014:02:12:00 +0200] "GET /robots.txt HTTP/1.1" 200 317 "-" "Mozilla/5.0 (compatible; Googlebot/2.1; +http://www.google.com/bot.html)"
66.249.78.84 - - [02/Oct/2014:02:12:00 +0200] "GET /reporting.html HTTP/1.1" 200 7681 "-" "Mozilla/5.0 (compatible; Googlebot/2.1; +http://www.google.com/bot.html)"
66.249.78.84 - - [02/Oct/2014:02:15:01 +0200] "GET /corporate-fashion/ HTTP/1.1" 200 16747 "-" "Mozilla/5.0 (compatible; Googlebot/2.1; +http://www.google.com/bot.html)"
66.249.78.84 - - [02/Oct/2014:02:15:14 +0200] "GET / HTTP/1.1" 200 9818 "-" "Mozilla/5.0 (compatible; Googlebot/2.1; +http://www.google.com/bot.html)"
207.46.13.82 - - [02/Oct/2014:02:20:40 +0200] "GET /service-pankow.html HTTP/1.1" 200 10568 "-" "Mozilla/5.0 (compatible; bingbot/2.0; +http://www.bing.com/bingbot.htm)"
66.249.78.77 - - [02/Oct/2014:02:27:16 +0200] "GET /images/motive/startseite41.jpg HTTP/1.1" 404 - "-" "Googlebot-Image/1.0"
157.55.39.7 - - [02/Oct/2014:02:27:52 +0200] "GET /robots.txt HTTP/1.1" 200 317 "-" "Mozilla/5.0 (compatible; bingbot/2.0; +http://www.bing.com/bingbot.htm)"
157.55.39.7 - - [02/Oct/2014:02:27:56 +0200] "GET /service-pankow.html/Service-Center-Frankfurt/ HTTP/1.1" 404 - "-" "Mozilla/5.0 (compatible; bingbot/2.0; +http://www.bing.com/bingbot.htm)"
157.55.39.33 - - [02/Oct/2014:02:30:19 +0200] "GET /impressum/index.php HTTP/1.1" 404 - "-" "Mozilla/5.0 (compatible; bingbot/2.0; +http://www.bing.com/bingbot.htm)"
62.122.80.36 - - [02/Oct/2014:02:31:21 +0200] "GET /images/slider/arrow-right.png HTTP/1.0" 304 - "-" "Mozilla/4.0 (compatible;)"
157.55.39.33 - - [02/Oct/2014:02:55:42 +0200] "GET /corporate-fashion/ HTTP/1.1" 200 16747 "-" "Mozilla/5.0 (compatible; bingbot/2.0; +http://www.bing.com/bingbot.htm)"
66.249.78.77 - - [02/Oct/2014:02:57:22 +0200] "GET /unternehmen/aktuelles/A-Design-Award-2013/ HTTP/1.1" 404 - "-" "Mozilla/5.0 (compatible; Googlebot/2.1; +http://www.google.com/bot.html)"
202.46.61.29 - - [02/Oct/2014:02:59:24 +0200] "GET / HTTP/1.1" 200 9818 "-" "Mozilla/4.0 (compatible; MSIE 7.0; Windows NT 6.0)"
119.63.193.195 - - [02/Oct/2014:03:00:23 +0200] "GET / HTTP/1.1" 200 9818 "-" "Mozilla/4.0 (compatible; MSIE 7.0; Windows NT 6.0)"
185.27.252.180 - - [02/Oct/2014:03:15:24 +0200] "GET /kontakt/kontaktdaten/ HTTP/1.1" 404 - "-" "Mozilla/5.0 (compatible; XoviBot/2.0; +http://www.xovibot.net/)"
62.122.80.36 - - [02/Oct/2014:03:20:55 +0200] "GET /css/normalize.css HTTP/1.0" 304 - "-" "Mozilla/4.0 (compatible;)"
157.55.39.7 - - [02/Oct/2014:03:23:49 +0200] "GET /ready.html HTTP/1.1" 200 13281 "-" "Mozilla/5.0 (compatible; bingbot/2.0; +http://www.bing.com/bingbot.htm)"
66.249.78.91 - - [02/Oct/2014:03:34:26 +0200] "GET /images/motive/wowereit/wowereit_10.jpg HTTP/1.1" 404 - "-" "Googlebot-Image/1.0"
89.15.107.126 - - [02/Oct/2014:03:37:14 +0200] "GET /dienstkleidung/ HTTP/1.1" 200 15759 "http://www.google.de/search?client=safari&rls=en&q=modeinstitut+berlin&ie=UTF-8&oe=UTF-8&gfe_rd=cr&ei=D6wsVK-5CKuK8Qe6zIHIDA" "Mozilla/5.0 (Macintosh; Intel Mac OS X 10_6_8) AppleWebKit/534.59.10 (KHTML, like Gecko) Version/5.1.9 Safari/534.59.10"
89.15.107.126 - - [02/Oct/2014:03:37:14 +0200] "GET /dienstkleidung/js/modernizr.custom.js HTTP/1.1" 404 - "http://www.modeinstitut-berlin.de/dienstkleidung/" "Mozilla/5.0 (Macintosh; Intel Mac OS X 10_6_8) AppleWebKit/534.59.10 (KHTML, like Gecko) Version/5.1.9 Safari/534.59.10"
89.15.107.126 - - [02/Oct/2014:03:37:14 +0200] "GET /css/normalize.css HTTP/1.1" 200 3753 "http://www.modeinstitut-berlin.de/dienstkleidung/" "Mozilla/5.0 (Macintosh; Intel Mac OS X 10_6_8) AppleWebKit/534.59.10 (KHTML, like Gecko) Version/5.1.9 Safari/534.59.10"
89.15.107.126 - - [02/Oct/2014:03:37:14 +0200] "GET /css/default.css HTTP/1.1" 200 23327 "http://www.modeinstitut-berlin.de/dienstkleidung/" "Mozilla/5.0 (Macintosh; Intel Mac OS X 10_6_8) AppleWebKit/534.59.10 (KHTML, like Gecko) Version/5.1.9 Safari/534.59.10"
89.15.107.126 - - [02/Oct/2014:03:37:14 +0200] "GET /js/HorizontalMenu.min.js HTTP/1.1" 200 457 "http://www.modeinstitut-berlin.de/dienstkleidung/" "Mozilla/5.0 (Macintosh; Intel Mac OS X 10_6_8) AppleWebKit/534.59.10 (KHTML, like Gecko) Version/5.1.9 Safari/534.59.10"
89.15.107.126 - - [02/Oct/2014:03:37:14 +0200] "GET /js/jquery.stickyPanel.min.js HTTP/1.1" 200 1563 "http://www.modeinstitut-berlin.de/dienstkleidung/" "Mozilla/5.0 (Macintosh; Intel Mac OS X 10_6_8) AppleWebKit/534.59.10 (KHTML, like Gecko) Version/5.1.9 Safari/534.59.10"
89.15.107.126 - - [02/Oct/2014:03:37:14 +0200] "GET /images/mini-slider/Corporate-Fashion-Ready-to-Wear-1_mini.jpg HTTP/1.1" 200 20337 "http://www.modeinstitut-berlin.de/dienstkleidung/" "Mozilla/5.0 (Macintosh; Intel Mac OS X 10_6_8) AppleWebKit/534.59.10 (KHTML, like Gecko) Version/5.1.9 Safari/534.59.10"
89.15.107.126 - - [02/Oct/2014:03:37:14 +0200] "GET /images/mini-slider/Corporate-Fashion-Ready-to-Wear-2_mini.jpg HTTP/1.1" 200 49859 "http://www.modeinstitut-berlin.de/dienstkleidung/" "Mozilla/5.0 (Macintosh; Intel Mac OS X 10_6_8) AppleWebKit/534.59.10 (KHTML, like Gecko) Version/5.1.9 Safari/534.59.10"
89.15.107.126 - - [02/Oct/2014:03:37:14 +0200] "GET /images/dashed.png HTTP/1.1" 200 936 "http://www.modeinstitut-berlin.de/dienstkleidung/" "Mozilla/5.0 (Macintosh; Intel Mac OS X 10_6_8) AppleWebKit/534.59.10 (KHTML, like Gecko) Version/5.1.9 Safari/534.59.10"
89.15.107.126 - - [02/Oct/2014:03:37:14 +0200] "GET /images/logo.png HTTP/1.1" 200 6326 "http://www.modeinstitut-berlin.de/dienstkleidung/" "Mozilla/5.0 (Macintosh; Intel Mac OS X 10_6_8) AppleWebKit/534.59.10 (KHTML, like Gecko) Version/5.1.9 Safari/534.59.10"
89.15.107.126 - - [02/Oct/2014:03:37:14 +0200] "GET /images/mini-slider/Corporate-Fashion-Ready-to-Wear-3_mini.jpg HTTP/1.1" 200 47517 "http://www.modeinstitut-berlin.de/dienstkleidung/" "Mozilla/5.0 (Macintosh; Intel Mac OS X 10_6_8) AppleWebKit/534.59.10 (KHTML, like Gecko) Version/5.1.9 Safari/534.59.10"
89.15.107.126 - - [02/Oct/2014:03:37:14 +0200] "GET /fonts/2A905F_0_0.woff HTTP/1.1" 200 22834 "http://www.modeinstitut-berlin.de/dienstkleidung/" "Mozilla/5.0 (Macintosh; Intel Mac OS X 10_6_8) AppleWebKit/534.59.10 (KHTML, like Gecko) Version/5.1.9 Safari/534.59.10"
89.15.107.126 - - [02/Oct/2014:03:37:14 +0200] "GET /images/mini-slider/Corporate-Fashion-Ready-to-Wear-4_mini.jpg HTTP/1.1" 200 45805 "http://www.modeinstitut-berlin.de/dienstkleidung/" "Mozilla/5.0 (Macintosh; Intel Mac OS X 10_6_8) AppleWebKit/534.59.10 (KHTML, like Gecko) Version/5.1.9 Safari/534.59.10"
89.15.107.126 - - [02/Oct/2014:03:37:15 +0200] "GET /favicon.ico HTTP/1.1" 200 2068 "http://www.modeinstitut-berlin.de/dienstkleidung/" "Mozilla/5.0 (Macintosh; Intel Mac OS X 10_6_8) AppleWebKit/534.59.10 (KHTML, like Gecko) Version/5.1.9 Safari/534.59.10"
89.15.107.126 - - [02/Oct/2014:03:37:24 +0200] "GET /anmeldung.html HTTP/1.1" 200 11927 "http://www.modeinstitut-berlin.de/dienstkleidung/" "Mozilla/5.0 (Macintosh; Intel Mac OS X 10_6_8) AppleWebKit/534.59.10 (KHTML, like Gecko) Version/5.1.9 Safari/534.59.10"
89.15.107.126 - - [02/Oct/2014:03:37:24 +0200] "GET /js/modernizr.custom.js HTTP/1.1" 200 9277 "http://www.modeinstitut-berlin.de/anmeldung.html" "Mozilla/5.0 (Macintosh; Intel Mac OS X 10_6_8) AppleWebKit/534.59.10 (KHTML, like Gecko) Version/5.1.9 Safari/534.59.10"
89.15.107.126 - - [02/Oct/2014:03:37:24 +0200] "GET /favicon.ico HTTP/1.1" 200 2068 "http://www.modeinstitut-berlin.de/anmeldung.html" "Mozilla/5.0 (Macintosh; Intel Mac OS X 10_6_8) AppleWebKit/534.59.10 (KHTML, like Gecko) Version/5.1.9 Safari/534.59.10"
157.55.39.96 - - [02/Oct/2014:03:41:19 +0200] "GET /corporate-fashion/kunden.html HTTP/1.1" 404 - "-" "Mozilla/5.0 (compatible; bingbot/2.0; +http://www.bing.com/bingbot.htm)"
66.249.78.91 - - [02/Oct/2014:03:46:48 +0200] "GET /unternehmen/stellenangebote/ HTTP/1.1" 301 375 "-" "Mozilla/5.0 (compatible; Googlebot/2.1; +http://www.google.com/bot.html)"
66.249.78.84 - - [02/Oct/2014:03:46:49 +0200] "GET /karriere.html HTTP/1.1" 200 8742 "-" "Mozilla/5.0 (compatible; Googlebot/2.1; +http://www.google.com/bot.html)"
192.99.39.82 - - [02/Oct/2014:03:51:08 +0200] "GET /robots.txt HTTP/1.1" 200 317 "-" "Mozilla/5.0 (compatible; meanpathbot/1.0; +http://www.meanpath.com/meanpathbot.html)"
192.99.39.82 - - [02/Oct/2014:03:51:08 +0200] "GET / HTTP/1.1" 200 9818 "-" "Mozilla/5.0 (compatible; meanpathbot/1.0; +http://www.meanpath.com/meanpathbot.html)"
62.122.80.36 - - [02/Oct/2014:03:51:53 +0200] "GET /images/motive/Logo9001_5.png HTTP/1.0" 404 - "-" "Mozilla/4.0 (compatible;)"
66.249.78.84 - - [02/Oct/2014:03:58:55 +0200] "GET /abg.html HTTP/1.1" 404 - "-" "Mozilla/5.0 (compatible; Googlebot/2.1; +http://www.google.com/bot.html)"
66.249.78.77 - - [02/Oct/2014:04:02:03 +0200] "GET /berufsbekleidung/ HTTP/1.1" 304 - "-" "Mozilla/5.0 (compatible; Googlebot/2.1; +http://www.google.com/bot.html)"
107.170.77.117 - - [02/Oct/2014:04:06:27 +0200] "GET / HTTP/1.1" 200 9818 "-" "Mozilla/5.0 (Macintosh; Intel Mac OS X 10_9_2) AppleWebKit/537.36 (KHTML, like Gecko) Chrome/36.0.1944.0 Safari/537.36"
107.170.77.117 - - [02/Oct/2014:04:06:27 +0200] "GET /service-pankow.html HTTP/1.1" 200 10568 "-" "Mozilla/5.0 (Macintosh; U; Intel Mac OS X 10.6; en; rv:1.9.2.14pre) Gecko/20101212 Camino/2.1a1pre (like Firefox/3.6.14pre)"
107.170.77.117 - - [02/Oct/2014:04:06:27 +0200] "GET /anmeldung.html HTTP/1.1" 200 11927 "-" "Mozilla/5.0 (Macintosh; U; PPC Mac OS X; pl-PL; rv:1.0.1) Gecko/20021111 Chimera/0.6"
107.170.77.117 - - [02/Oct/2014:04:06:27 +0200] "GET /qualitaet.html HTTP/1.1" 200 8598 "-" "Mozilla/5.0 (Macintosh; U; Intel Mac OS X 10.6; en; rv:1.9.2.14pre) Gecko/20101212 Camino/2.1a1pre (like Firefox/3.6.14pre)"
107.170.77.117 - - [02/Oct/2014:04:06:28 +0200] "GET /reporting.html HTTP/1.1" 200 7681 "-" "Mozilla/5.0 (Macintosh; U; PPC Mac OS X; pl-PL; rv:1.0.1) Gecko/20021111 Chimera/0.6"
107.170.77.117 - - [02/Oct/2014:04:06:28 +0200] "GET /versand.html HTTP/1.1" 200 8379 "-" "Mozilla/5.0 (Macintosh; Intel Mac OS X 10_9_2) AppleWebKit/537.36 (KHTML, like Gecko) Chrome/36.0.1944.0 Safari/537.36"
107.170.77.117 - - [02/Oct/2014:04:06:28 +0200] "GET /beratung.html HTTP/1.1" 200 9449 "-" "Mozilla/5.0 (Macintosh; U; PPC Mac OS X; pl-PL; rv:1.0.1) Gecko/20021111 Chimera/0.6"
107.170.77.117 - - [02/Oct/2014:04:06:28 +0200] "GET /verfuegbarkeit.html HTTP/1.1" 200 7892 "-" "Mozilla/5.0 (Macintosh; Intel Mac OS X 10_9_2) AppleWebKit/537.36 (KHTML, like Gecko) Chrome/36.0.1944.0 Safari/537.36"
107.170.77.117 - - [02/Oct/2014:04:06:28 +0200] "GET /support.html HTTP/1.1" 200 8267 "-" "Mozilla/5.0 (Windows NT 5.1; rv:31.0) Gecko/20100101 Firefox/31.0"
107.170.77.117 - - [02/Oct/2014:04:06:28 +0200] "GET /statements.html HTTP/1.1" 200 15945 "-" "Mozilla/5.0 (Windows NT 5.1; rv:31.0) Gecko/20100101 Firefox/31.0"
107.170.77.117 - - [02/Oct/2014:04:06:28 +0200] "GET /bestellungen.html HTTP/1.1" 200 8450 "-" "Mozilla/5.0 (Windows NT 5.1; rv:31.0) Gecko/20100101 Firefox/31.0"
107.170.77.117 - - [02/Oct/2014:04:06:28 +0200] "GET /kunden.html HTTP/1.1" 200 10238 "-" "Mozilla/5.0 (Macintosh; U; Intel Mac OS X 10.6; en; rv:1.9.2.14pre) Gecko/20101212 Camino/2.1a1pre (like Firefox/3.6.14pre)"
107.170.77.117 - - [02/Oct/2014:04:06:28 +0200] "GET /karriere.html HTTP/1.1" 200 8742 "-" "Mozilla/5.0 (X11; Linux x86_64; rv:17.0) Gecko/20121202 Firefox/17.0 Iceweasel/17.0.1"
107.170.77.117 - - [02/Oct/2014:04:06:28 +0200] "GET /zertifizierungen.html HTTP/1.1" 200 10286 "-" "Mozilla/5.0 (compatible; MSIE 10.6; Windows NT 6.1; Trident/5.0; InfoPath.2; SLCC1; .NET CLR 3.0.4506.2152; .NET CLR 3.5.30729; .NET CLR 2.0.50727) 3gpp-gba UNTRUSTED/1.0"
107.170.77.117 - - [02/Oct/2014:04:06:28 +0200] "GET /aktuelles.html HTTP/1.1" 200 7259 "-" "Mozilla/5.0 (Macintosh; U; Intel Mac OS X 10.6; en; rv:1.9.2.14pre) Gecko/20101212 Camino/2.1a1pre (like Firefox/3.6.14pre)"
107.170.77.117 - - [02/Oct/2014:04:06:28 +0200] "GET /anspruch.html HTTP/1.1" 200 7923 "-" "Mozilla/5.0 (Macintosh; U; Intel Mac OS X 10.6; en; rv:1.9.2.14pre) Gecko/20101212 Camino/2.1a1pre (like Firefox/3.6.14pre)"
107.170.77.117 - - [02/Oct/2014:04:06:28 +0200] "GET /firmenprofil.html HTTP/1.1" 200 9902 "-" "Mozilla/5.0 (Macintosh; U; PPC Mac OS X; pl-PL; rv:1.0.1) Gecko/20021111 Chimera/0.6"
107.170.77.117 - - [02/Oct/2014:04:06:28 +0200] "GET /dienstkleidung.html HTTP/1.1" 200 14110 "-" "Mozilla/5.0 (X11; Linux x86_64; rv:17.0) Gecko/20121202 Firefox/17.0 Iceweasel/17.0.1"
107.170.77.117 - - [02/Oct/2014:04:06:28 +0200] "GET /awards.html HTTP/1.1" 200 9626 "-" "Mozilla/5.0 (Macintosh; U; PPC Mac OS X; pl-PL; rv:1.0.1) Gecko/20021111 Chimera/0.6"
107.170.77.117 - - [02/Oct/2014:04:06:28 +0200] "GET /berufsbekleidung.html HTTP/1.1" 200 12011 "-" "Mozilla/5.0 (X11; Linux x86_64; rv:17.0) Gecko/20121202 Firefox/17.0 Iceweasel/17.0.1"
107.170.77.117 - - [02/Oct/2014:04:06:28 +0200] "GET / HTTP/1.1" 200 9818 "-" "Mozilla/5.0 (Macintosh; U; PPC Mac OS X; pl-PL; rv:1.0.1) Gecko/20021111 Chimera/0.6"
66.249.78.77 - - [02/Oct/2014:04:08:09 +0200] "GET /images/motive/wowereit/wowereit_2.jpg HTTP/1.1" 404 - "-" "Googlebot-Image/1.0"
157.55.39.95 - - [02/Oct/2014:04:28:56 +0200] "GET /corporate-fashion/anfrage.html HTTP/1.1" 404 - "-" "Mozilla/5.0 (compatible; bingbot/2.0; +http://www.bing.com/bingbot.htm)"
157.55.39.9 - - [02/Oct/2014:04:37:20 +0200] "GET /retourenbeleg/ HTTP/1.1" 200 7357 "-" "Mozilla/5.0 (compatible; bingbot/2.0; +http://www.bing.com/bingbot.htm)"
207.46.13.82 - - [02/Oct/2014:04:37:27 +0200] "GET /robots.txt HTTP/1.1" 200 317 "-" "Mozilla/5.0 (compatible; bingbot/2.0; +http://www.bing.com/bingbot.htm)"
66.249.78.84 - - [02/Oct/2014:04:44:34 +0200] "GET /dienstkleidung/ HTTP/1.1" 304 - "-" "Mozilla/5.0 (compatible; Googlebot/2.1; +http://www.google.com/bot.html)"
66.249.67.71 - - [02/Oct/2014:04:50:54 +0200] "GET /robots.txt HTTP/1.1" 200 317 "-" "Mozilla/5.0 (compatible; Googlebot/2.1; +http://www.google.com/bot.html)"
66.249.78.134 - - [02/Oct/2014:04:50:54 +0200] "GET / HTTP/1.1" 200 9818 "-" "Mozilla/5.0 (compatible; Googlebot/2.1; +http://www.google.com/bot.html)"
157.55.39.33 - - [02/Oct/2014:04:54:46 +0200] "GET /corporate-fashion/impressum.html HTTP/1.1" 404 - "-" "Mozilla/5.0 (compatible; bingbot/2.0; +http://www.bing.com/bingbot.htm)"
66.249.78.84 - - [02/Oct/2014:04:57:03 +0200] "GET / HTTP/1.1" 200 9818 "-" "Mozilla/5.0 (compatible; Googlebot/2.1; +http://www.google.com/bot.html)"
157.55.39.33 - - [02/Oct/2014:05:05:08 +0200] "GET /karriere.html HTTP/1.1" 200 8742 "-" "Mozilla/5.0 (compatible; bingbot/2.0; +http://www.bing.com/bingbot.htm)"
211.25.13.6 - - [02/Oct/2014:05:09:19 +0200] "GET / HTTP/1.1" 200 9818 "-" "Mozilla/5.0 (compatible; MSIE 10.0; Windows NT 6.1; WOW64; Trident/6.0)"
