84.191.161.30 - - [01/Oct/2014:11:33:19 +0200] "GET /images/slider/arrow-left.png HTTP/1.1" 200 5986 "http://www.modeinstitut-berlin.de/" "Mozilla/5.0 (Macintosh; Intel Mac OS X 10_9_4) AppleWebKit/537.78.2 (KHTML, like Gecko) Version/7.0.6 Safari/537.78.2"
84.191.161.30 - - [01/Oct/2014:11:33:19 +0200] "GET /js/mb.bgndGallery.effects.js HTTP/1.1" 200 2179 "http://www.modeinstitut-berlin.de/" "Mozilla/5.0 (Macintosh; Intel Mac OS X 10_9_4) AppleWebKit/537.78.2 (KHTML, like Gecko) Version/7.0.6 Safari/537.78.2"
84.191.161.30 - - [01/Oct/2014:11:33:32 +0200] "GET /normalize.css HTTP/1.1" 404 - "http://www.modeinstitut-berlin.de/firmenkleidung/" "Mozilla/5.0 (Macintosh; Intel Mac OS X 10_9_4) AppleWebKit/537.78.2 (KHTML, like Gecko) Version/7.0.6 Safari/537.78.2"
84.191.161.30 - - [01/Oct/2014:11:34:00 +0200] "GET /dienstkleidung/js/modernizr.custom.js HTTP/1.1" 404 - "http://www.modeinstitut-berlin.de/dienstkleidung/" "Mozilla/5.0 (Macintosh; Intel Mac OS X 10_9_4) AppleWebKit/537.78.2 (KHTML, like Gecko) Version/7.0.6 Safari/537.78.2"
84.191.161.30 - - [01/Oct/2014:11:34:05 +0200] "GET /normalize.css HTTP/1.1" 404 - "http://www.modeinstitut-berlin.de/firmenkleidung/" "Mozilla/5.0 (Macintosh; Intel Mac OS X 10_9_4) AppleWebKit/537.78.2 (KHTML, like Gecko) Version/7.0.6 Safari/537.78.2"
66.249.78.91 - - [01/Oct/2014:11:39:44 +0200] "GET /produkt/design HTTP/1.1" 404 - "-" "Mozilla/5.0 (compatible; Googlebot/2.1; +http://www.google.com/bot.html)"
78.46.220.106 - - [01/Oct/2014:11:40:23 +0200] "GET /unternehmen/servicecenter HTTP/1.1" 301 381 "http://web-sniffer.net/" "Web-sniffer/1.1.0 (+http://web-sniffer.net/)"
78.46.220.106 - - [01/Oct/2014:11:41:17 +0200] "GET /unternehmen/servicecenter HTTP/1.1" 301 381 "http://web-sniffer.net/" "Mozilla/5.0 (Macintosh; U; Intel Mac OS X; de-de) AppleWebKit/523.10.3 (KHTML, like Gecko) Version/3.0.4 Safari/523.10"
54.172.14.69 - - [01/Oct/2014:11:41:37 +0200] "GET / HTTP/1.1" 200 8971 "-" "Mozilla/5.0 (X11; Ubuntu; Linux x86_64; rv:31.0) Gecko/20100101 Firefox/31.0"
77.185.196.138 - - [01/Oct/2014:11:41:38 +0200] "GET /unternehmen/servicecenter/Service-Center-Berlin-Schoeneberg/ HTTP/1.1" 301 416 "http://www.bing.com/search?q=bvg%20kleiderkammer&pc=cosp&ptag=A9198FDC285274E08A5F&form=CONBNT&conlogo=CT3210127" "Mozilla/5.0 (Windows NT 6.1; WOW64; rv:32.0) Gecko/20100101 Firefox/32.0"
77.185.196.138 - - [01/Oct/2014:11:41:38 +0200] "GET /service-pankow.html/Service-Center-Berlin-Schoeneberg/ HTTP/1.1" 404 - "http://www.bing.com/search?q=bvg%20kleiderkammer&pc=cosp&ptag=A9198FDC285274E08A5F&form=CONBNT&conlogo=CT3210127" "Mozilla/5.0 (Windows NT 6.1; WOW64; rv:32.0) Gecko/20100101 Firefox/32.0"
77.185.196.138 - - [01/Oct/2014:11:41:39 +0200] "GET /favicon.ico HTTP/1.1" 200 2068 "-" "Mozilla/5.0 (Windows NT 6.1; WOW64; rv:32.0) Gecko/20100101 Firefox/32.0"
157.55.39.9 - - [01/Oct/2014:11:42:14 +0200] "GET /firmenprofil.html HTTP/1.1" 200 9160 "-" "Mozilla/5.0 (compatible; bingbot/2.0; +http://www.bing.com/bingbot.htm)"
37.58.100.142 - - [01/Oct/2014:11:42:30 +0200] "GET /produkt/logistik/ HTTP/1.1" 404 - "-" "Mozilla/5.0 (compatible; AhrefsBot/5.0; +http://ahrefs.com/robot/)"
77.185.196.138 - - [01/Oct/2014:11:44:13 +0200] "GET /dienstkleidung/ HTTP/1.1" 200 15740 "http://r.search.yahoo.com/_ylt=A7x9UnzGzCtUVXoAP75fCwx.;_ylu=X3oDMTBydWpobjZlBHNlYwNzcgRwb3MDMQRjb2xvA2lyMgR2dGlkAw--/RV=2/RE=1412185415/RO=10/RU=http%3a%2f%2fwww.modeinstitut-berlin.de%2fdienstkleidung%2f/RK=0/RS=0yWQVn.QW4phR_yHkmHlLe0QjXA-" "Mozilla/5.0 (Windows NT 6.1; WOW64; rv:32.0) Gecko/20100101 Firefox/32.0"
77.185.196.138 - - [01/Oct/2014:11:44:14 +0200] "GET /css/normalize.css HTTP/1.1" 200 3753 "http://www.modeinstitut-berlin.de/dienstkleidung/" "Mozilla/5.0 (Windows NT 6.1; WOW64; rv:32.0) Gecko/20100101 Firefox/32.0"
77.185.196.138 - - [01/Oct/2014:11:44:14 +0200] "GET /css/default.css HTTP/1.1" 200 19543 "http://www.modeinstitut-berlin.de/dienstkleidung/" "Mozilla/5.0 (Windows NT 6.1; WOW64; rv:32.0) Gecko/20100101 Firefox/32.0"
77.185.196.138 - - [01/Oct/2014:11:44:14 +0200] "GET /dienstkleidung/js/modernizr.custom.js HTTP/1.1" 404 - "http://www.modeinstitut-berlin.de/dienstkleidung/" "Mozilla/5.0 (Windows NT 6.1; WOW64; rv:32.0) Gecko/20100101 Firefox/32.0"
77.185.196.138 - - [01/Oct/2014:11:44:14 +0200] "GET /js/jquery.stickyPanel.min.js HTTP/1.1" 200 1563 "http://www.modeinstitut-berlin.de/dienstkleidung/" "Mozilla/5.0 (Windows NT 6.1; WOW64; rv:32.0) Gecko/20100101 Firefox/32.0"
77.185.196.138 - - [01/Oct/2014:11:44:14 +0200] "GET /js/HorizontalMenu.min.js HTTP/1.1" 200 457 "http://www.modeinstitut-berlin.de/dienstkleidung/" "Mozilla/5.0 (Windows NT 6.1; WOW64; rv:32.0) Gecko/20100101 Firefox/32.0"
77.185.196.138 - - [01/Oct/2014:11:44:14 +0200] "GET /images/mini-slider/Corporate-Fashion-Ready-to-Wear-2_mini.jpg HTTP/1.1" 200 100660 "http://www.modeinstitut-berlin.de/dienstkleidung/" "Mozilla/5.0 (Windows NT 6.1; WOW64; rv:32.0) Gecko/20100101 Firefox/32.0"
77.185.196.138 - - [01/Oct/2014:11:44:14 +0200] "GET /images/mini-slider/Corporate-Fashion-Ready-to-Wear-1_mini.jpg HTTP/1.1" 200 42372 "http://www.modeinstitut-berlin.de/dienstkleidung/" "Mozilla/5.0 (Windows NT 6.1; WOW64; rv:32.0) Gecko/20100101 Firefox/32.0"
77.185.196.138 - - [01/Oct/2014:11:44:14 +0200] "GET /images/mini-slider/Corporate-Fashion-Ready-to-Wear-3_mini.jpg HTTP/1.1" 200 116533 "http://www.modeinstitut-berlin.de/dienstkleidung/" "Mozilla/5.0 (Windows NT 6.1; WOW64; rv:32.0) Gecko/20100101 Firefox/32.0"
77.185.196.138 - - [01/Oct/2014:11:44:14 +0200] "GET /fonts/2A905F_0_0.woff HTTP/1.1" 200 22834 "http://www.modeinstitut-berlin.de/css/default.css" "Mozilla/5.0 (Windows NT 6.1; WOW64; rv:32.0) Gecko/20100101 Firefox/32.0"
77.185.196.138 - - [01/Oct/2014:11:44:14 +0200] "GET /images/logo-200px.png HTTP/1.1" 200 5388 "http://www.modeinstitut-berlin.de/css/default.css" "Mozilla/5.0 (Windows NT 6.1; WOW64; rv:32.0) Gecko/20100101 Firefox/32.0"
77.185.196.138 - - [01/Oct/2014:11:44:14 +0200] "GET /images/dashed.png HTTP/1.1" 200 936 "http://www.modeinstitut-berlin.de/css/default.css" "Mozilla/5.0 (Windows NT 6.1; WOW64; rv:32.0) Gecko/20100101 Firefox/32.0"
77.185.196.138 - - [01/Oct/2014:11:44:14 +0200] "GET /images/mini-slider/Corporate-Fashion-Ready-to-Wear-4_mini.jpg HTTP/1.1" 200 92923 "http://www.modeinstitut-berlin.de/dienstkleidung/" "Mozilla/5.0 (Windows NT 6.1; WOW64; rv:32.0) Gecko/20100101 Firefox/32.0"
80.150.9.253 - - [01/Oct/2014:11:58:11 +0200] "GET /anfahrt.html HTTP/1.1" 200 12672 "https://www.google.de/" "Mozilla/5.0 (iPad; CPU OS 8_0_2 like Mac OS X) AppleWebKit/600.1.4 (KHTML, like Gecko) Version/8.0 Mobile/12A405 Safari/600.1.4"
80.150.9.253 - - [01/Oct/2014:11:58:11 +0200] "GET /js/HorizontalMenu.min.js HTTP/1.1" 200 457 "http://www.modeinstitut-berlin.de/anfahrt.html" "Mozilla/5.0 (iPad; CPU OS 8_0_2 like Mac OS X) AppleWebKit/600.1.4 (KHTML, like Gecko) Version/8.0 Mobile/12A405 Safari/600.1.4"
80.150.9.253 - - [01/Oct/2014:11:58:11 +0200] "GET /css/normalize.css HTTP/1.1" 200 3753 "http://www.modeinstitut-berlin.de/anfahrt.html" "Mozilla/5.0 (iPad; CPU OS 8_0_2 like Mac OS X) AppleWebKit/600.1.4 (KHTML, like Gecko) Version/8.0 Mobile/12A405 Safari/600.1.4"
80.150.9.253 - - [01/Oct/2014:11:58:11 +0200] "GET /css/default.css HTTP/1.1" 200 19543 "http://www.modeinstitut-berlin.de/anfahrt.html" "Mozilla/5.0 (iPad; CPU OS 8_0_2 like Mac OS X) AppleWebKit/600.1.4 (KHTML, like Gecko) Version/8.0 Mobile/12A405 Safari/600.1.4"
80.150.9.253 - - [01/Oct/2014:11:58:11 +0200] "GET /js/modernizr.custom.js HTTP/1.1" 200 9226 "http://www.modeinstitut-berlin.de/anfahrt.html" "Mozilla/5.0 (iPad; CPU OS 8_0_2 like Mac OS X) AppleWebKit/600.1.4 (KHTML, like Gecko) Version/8.0 Mobile/12A405 Safari/600.1.4"
80.150.9.253 - - [01/Oct/2014:11:58:11 +0200] "GET /js/jquery.stickyPanel.min.js HTTP/1.1" 200 1563 "http://www.modeinstitut-berlin.de/anfahrt.html" "Mozilla/5.0 (iPad; CPU OS 8_0_2 like Mac OS X) AppleWebKit/600.1.4 (KHTML, like Gecko) Version/8.0 Mobile/12A405 Safari/600.1.4"
80.150.9.253 - - [01/Oct/2014:11:58:12 +0200] "GET /images/logo-sign-mini.png HTTP/1.1" 200 1953 "http://www.modeinstitut-berlin.de/anfahrt.html" "Mozilla/5.0 (iPad; CPU OS 8_0_2 like Mac OS X) AppleWebKit/600.1.4 (KHTML, like Gecko) Version/8.0 Mobile/12A405 Safari/600.1.4"
80.150.9.253 - - [01/Oct/2014:11:58:12 +0200] "GET /images/dashed.png HTTP/1.1" 200 936 "http://www.modeinstitut-berlin.de/anfahrt.html" "Mozilla/5.0 (iPad; CPU OS 8_0_2 like Mac OS X) AppleWebKit/600.1.4 (KHTML, like Gecko) Version/8.0 Mobile/12A405 Safari/600.1.4"
80.150.9.253 - - [01/Oct/2014:11:58:12 +0200] "GET /fonts/2A905F_0_0.woff HTTP/1.1" 200 22834 "http://www.modeinstitut-berlin.de/anfahrt.html" "Mozilla/5.0 (iPad; CPU OS 8_0_2 like Mac OS X) AppleWebKit/600.1.4 (KHTML, like Gecko) Version/8.0 Mobile/12A405 Safari/600.1.4"
80.150.9.253 - - [01/Oct/2014:11:58:11 +0200] "GET /images/luftbild.jpg HTTP/1.1" 200 248171 "http://www.modeinstitut-berlin.de/anfahrt.html" "Mozilla/5.0 (iPad; CPU OS 8_0_2 like Mac OS X) AppleWebKit/600.1.4 (KHTML, like Gecko) Version/8.0 Mobile/12A405 Safari/600.1.4"
80.150.9.253 - - [01/Oct/2014:11:58:36 +0200] "GET /kunden.html HTTP/1.1" 200 9782 "http://www.modeinstitut-berlin.de/anfahrt.html" "Mozilla/5.0 (iPad; CPU OS 8_0_2 like Mac OS X) AppleWebKit/600.1.4 (KHTML, like Gecko) Version/8.0 Mobile/12A405 Safari/600.1.4"
80.150.9.253 - - [01/Oct/2014:11:58:36 +0200] "GET /css/kundengalerie.css HTTP/1.1" 200 12144 "http://www.modeinstitut-berlin.de/kunden.html" "Mozilla/5.0 (iPad; CPU OS 8_0_2 like Mac OS X) AppleWebKit/600.1.4 (KHTML, like Gecko) Version/8.0 Mobile/12A405 Safari/600.1.4"
80.150.9.253 - - [01/Oct/2014:11:58:37 +0200] "GET /images/logos/pin-sw.png HTTP/1.1" 200 3149 "http://www.modeinstitut-berlin.de/kunden.html" "Mozilla/5.0 (iPad; CPU OS 8_0_2 like Mac OS X) AppleWebKit/600.1.4 (KHTML, like Gecko) Version/8.0 Mobile/12A405 Safari/600.1.4"
80.150.9.253 - - [01/Oct/2014:11:58:37 +0200] "GET /images/logos/gegenbauer-sw.png HTTP/1.1" 200 3242 "http://www.modeinstitut-berlin.de/kunden.html" "Mozilla/5.0 (iPad; CPU OS 8_0_2 like Mac OS X) AppleWebKit/600.1.4 (KHTML, like Gecko) Version/8.0 Mobile/12A405 Safari/600.1.4"
80.150.9.253 - - [01/Oct/2014:11:58:37 +0200] "GET /images/logos/melia-sw.png HTTP/1.1" 200 3097 "http://www.modeinstitut-berlin.de/kunden.html" "Mozilla/5.0 (iPad; CPU OS 8_0_2 like Mac OS X) AppleWebKit/600.1.4 (KHTML, like Gecko) Version/8.0 Mobile/12A405 Safari/600.1.4"
80.150.9.253 - - [01/Oct/2014:11:58:37 +0200] "GET /images/logos/bvg-sw.png HTTP/1.1" 200 3378 "http://www.modeinstitut-berlin.de/kunden.html" "Mozilla/5.0 (iPad; CPU OS 8_0_2 like Mac OS X) AppleWebKit/600.1.4 (KHTML, like Gecko) Version/8.0 Mobile/12A405 Safari/600.1.4"
80.150.9.253 - - [01/Oct/2014:11:58:37 +0200] "GET /images/logos/bt-sw.png HTTP/1.1" 200 3985 "http://www.modeinstitut-berlin.de/kunden.html" "Mozilla/5.0 (iPad; CPU OS 8_0_2 like Mac OS X) AppleWebKit/600.1.4 (KHTML, like Gecko) Version/8.0 Mobile/12A405 Safari/600.1.4"
80.150.9.253 - - [01/Oct/2014:11:58:37 +0200] "GET /images/logos/post-sw.png HTTP/1.1" 200 3344 "http://www.modeinstitut-berlin.de/kunden.html" "Mozilla/5.0 (iPad; CPU OS 8_0_2 like Mac OS X) AppleWebKit/600.1.4 (KHTML, like Gecko) Version/8.0 Mobile/12A405 Safari/600.1.4"
80.150.9.253 - - [01/Oct/2014:11:58:37 +0200] "GET /images/logos/bund-sw.png HTTP/1.1" 200 2626 "http://www.modeinstitut-berlin.de/kunden.html" "Mozilla/5.0 (iPad; CPU OS 8_0_2 like Mac OS X) AppleWebKit/600.1.4 (KHTML, like Gecko) Version/8.0 Mobile/12A405 Safari/600.1.4"
80.150.9.253 - - [01/Oct/2014:11:58:37 +0200] "GET /images/logos/arosa-sw.png HTTP/1.1" 200 3190 "http://www.modeinstitut-berlin.de/kunden.html" "Mozilla/5.0 (iPad; CPU OS 8_0_2 like Mac OS X) AppleWebKit/600.1.4 (KHTML, like Gecko) Version/8.0 Mobile/12A405 Safari/600.1.4"
80.150.9.253 - - [01/Oct/2014:11:58:37 +0200] "GET /images/logos/globe-sw.png HTTP/1.1" 200 4358 "http://www.modeinstitut-berlin.de/kunden.html" "Mozilla/5.0 (iPad; CPU OS 8_0_2 like Mac OS X) AppleWebKit/600.1.4 (KHTML, like Gecko) Version/8.0 Mobile/12A405 Safari/600.1.4"
80.150.9.253 - - [01/Oct/2014:11:58:37 +0200] "GET /images/logos/rnv-sw.png HTTP/1.1" 200 2102 "http://www.modeinstitut-berlin.de/kunden.html" "Mozilla/5.0 (iPad; CPU OS 8_0_2 like Mac OS X) AppleWebKit/600.1.4 (KHTML, like Gecko) Version/8.0 Mobile/12A405 Safari/600.1.4"
80.150.9.253 - - [01/Oct/2014:11:58:37 +0200] "GET /images/logos/kameha-sw.png HTTP/1.1" 200 3813 "http://www.modeinstitut-berlin.de/kunden.html" "Mozilla/5.0 (iPad; CPU OS 8_0_2 like Mac OS X) AppleWebKit/600.1.4 (KHTML, like Gecko) Version/8.0 Mobile/12A405 Safari/600.1.4"
80.150.9.253 - - [01/Oct/2014:11:58:37 +0200] "GET /images/logos/vag-sw.png HTTP/1.1" 200 2785 "http://www.modeinstitut-berlin.de/kunden.html" "Mozilla/5.0 (iPad; CPU OS 8_0_2 like Mac OS X) AppleWebKit/600.1.4 (KHTML, like Gecko) Version/8.0 Mobile/12A405 Safari/600.1.4"
80.150.9.253 - - [01/Oct/2014:11:58:37 +0200] "GET /images/logos/frasec-sw.png HTTP/1.1" 200 3041 "http://www.modeinstitut-berlin.de/kunden.html" "Mozilla/5.0 (iPad; CPU OS 8_0_2 like Mac OS X) AppleWebKit/600.1.4 (KHTML, like Gecko) Version/8.0 Mobile/12A405 Safari/600.1.4"
80.150.9.253 - - [01/Oct/2014:11:58:37 +0200] "GET /images/logos/bh-sw.png HTTP/1.1" 200 5329 "http://www.modeinstitut-berlin.de/kunden.html" "Mozilla/5.0 (iPad; CPU OS 8_0_2 like Mac OS X) AppleWebKit/600.1.4 (KHTML, like Gecko) Version/8.0 Mobile/12A405 Safari/600.1.4"
80.150.9.253 - - [01/Oct/2014:11:58:37 +0200] "GET /images/logos/mvg-sw.png HTTP/1.1" 200 2333 "http://www.modeinstitut-berlin.de/kunden.html" "Mozilla/5.0 (iPad; CPU OS 8_0_2 like Mac OS X) AppleWebKit/600.1.4 (KHTML, like Gecko) Version/8.0 Mobile/12A405 Safari/600.1.4"
80.150.9.253 - - [01/Oct/2014:11:58:37 +0200] "GET /images/logos/lvb-sw.png HTTP/1.1" 200 1868 "http://www.modeinstitut-berlin.de/kunden.html" "Mozilla/5.0 (iPad; CPU OS 8_0_2 like Mac OS X) AppleWebKit/600.1.4 (KHTML, like Gecko) Version/8.0 Mobile/12A405 Safari/600.1.4"
80.150.9.253 - - [01/Oct/2014:11:58:37 +0200] "GET /js/imagesloaded.pkgd.min.js HTTP/1.1" 200 6893 "http://www.modeinstitut-berlin.de/kunden.html" "Mozilla/5.0 (iPad; CPU OS 8_0_2 like Mac OS X) AppleWebKit/600.1.4 (KHTML, like Gecko) Version/8.0 Mobile/12A405 Safari/600.1.4"
80.150.9.253 - - [01/Oct/2014:11:58:37 +0200] "GET /images/logos/vag-n-sw.png HTTP/1.1" 200 4291 "http://www.modeinstitut-berlin.de/kunden.html" "Mozilla/5.0 (iPad; CPU OS 8_0_2 like Mac OS X) AppleWebKit/600.1.4 (KHTML, like Gecko) Version/8.0 Mobile/12A405 Safari/600.1.4"
80.150.9.253 - - [01/Oct/2014:11:58:37 +0200] "GET /js/classie.js HTTP/1.1" 200 1835 "http://www.modeinstitut-berlin.de/kunden.html" "Mozilla/5.0 (iPad; CPU OS 8_0_2 like Mac OS X) AppleWebKit/600.1.4 (KHTML, like Gecko) Version/8.0 Mobile/12A405 Safari/600.1.4"
80.150.9.253 - - [01/Oct/2014:11:58:37 +0200] "GET /images/logos/fis-sw.png HTTP/1.1" 200 4107 "http://www.modeinstitut-berlin.de/kunden.html" "Mozilla/5.0 (iPad; CPU OS 8_0_2 like Mac OS X) AppleWebKit/600.1.4 (KHTML, like Gecko) Version/8.0 Mobile/12A405 Safari/600.1.4"
80.150.9.253 - - [01/Oct/2014:11:58:37 +0200] "GET /images/logos/mvb-sw.png HTTP/1.1" 200 6130 "http://www.modeinstitut-berlin.de/kunden.html" "Mozilla/5.0 (iPad; CPU OS 8_0_2 like Mac OS X) AppleWebKit/600.1.4 (KHTML, like Gecko) Version/8.0 Mobile/12A405 Safari/600.1.4"
80.150.9.253 - - [01/Oct/2014:11:58:38 +0200] "GET /js/cbpGridGallery.js HTTP/1.1" 200 12200 "http://www.modeinstitut-berlin.de/kunden.html" "Mozilla/5.0 (iPad; CPU OS 8_0_2 like Mac OS X) AppleWebKit/600.1.4 (KHTML, like Gecko) Version/8.0 Mobile/12A405 Safari/600.1.4"
80.150.9.253 - - [01/Oct/2014:11:58:38 +0200] "GET /images/logos/vgf-sw.png HTTP/1.1" 200 2429 "http://www.modeinstitut-berlin.de/kunden.html" "Mozilla/5.0 (iPad; CPU OS 8_0_2 like Mac OS X) AppleWebKit/600.1.4 (KHTML, like Gecko) Version/8.0 Mobile/12A405 Safari/600.1.4"
80.150.9.253 - - [01/Oct/2014:11:58:38 +0200] "GET /js/masonry.pkgd.min.js HTTP/1.1" 200 25081 "http://www.modeinstitut-berlin.de/kunden.html" "Mozilla/5.0 (iPad; CPU OS 8_0_2 like Mac OS X) AppleWebKit/600.1.4 (KHTML, like Gecko) Version/8.0 Mobile/12A405 Safari/600.1.4"
80.150.9.253 - - [01/Oct/2014:11:58:51 +0200] "GET /firmenprofil.html HTTP/1.1" 200 9160 "http://www.modeinstitut-berlin.de/kunden.html" "Mozilla/5.0 (iPad; CPU OS 8_0_2 like Mac OS X) AppleWebKit/600.1.4 (KHTML, like Gecko) Version/8.0 Mobile/12A405 Safari/600.1.4"
80.150.9.253 - - [01/Oct/2014:11:58:51 +0200] "GET /images/luftbild-pankow.jpg HTTP/1.1" 200 113653 "http://www.modeinstitut-berlin.de/firmenprofil.html" "Mozilla/5.0 (iPad; CPU OS 8_0_2 like Mac OS X) AppleWebKit/600.1.4 (KHTML, like Gecko) Version/8.0 Mobile/12A405 Safari/600.1.4"
84.191.161.30 - - [01/Oct/2014:11:59:02 +0200] "GET /normalize.css HTTP/1.1" 404 - "http://www.modeinstitut-berlin.de/firmenkleidung/" "Mozilla/5.0 (Macintosh; Intel Mac OS X 10_9_4) AppleWebKit/537.78.2 (KHTML, like Gecko) Version/7.0.6 Safari/537.78.2"
84.191.161.30 - - [01/Oct/2014:11:59:06 +0200] "GET /service-pankow.html/ HTTP/1.1" 404 - "http://www.google.de/url?sa=t&rct=j&q=&esrc=s&source=web&cd=5&ved=0CDAQjBAwBA&url=http%3A%2F%2Fwww.modeinstitut-berlin.de%2Funternehmen%2Fservicecenter%2F&ei=V8grVNXDJ8SgyAOjyIGQCQ&usg=AFQjCNFBkCj8nyzgR7co684nk5M-w_mM6Q&sig2=LvJQ3Dv8EuNRHbu7T9aZpw" "Mozilla/5.0 (Macintosh; Intel Mac OS X 10_9_4) AppleWebKit/537.78.2 (KHTML, like Gecko) Version/7.0.6 Safari/537.78.2"
80.150.9.253 - - [01/Oct/2014:11:58:51 +0200] "GET /images/karte385.svg HTTP/1.1" 200 147489 "http://www.modeinstitut-berlin.de/firmenprofil.html" "Mozilla/5.0 (iPad; CPU OS 8_0_2 like Mac OS X) AppleWebKit/600.1.4 (KHTML, like Gecko) Version/8.0 Mobile/12A405 Safari/600.1.4"
80.150.9.253 - - [01/Oct/2014:11:59:27 +0200] "GET /ready.html HTTP/1.1" 200 13311 "http://www.modeinstitut-berlin.de/firmenprofil.html" "Mozilla/5.0 (iPad; CPU OS 8_0_2 like Mac OS X) AppleWebKit/600.1.4 (KHTML, like Gecko) Version/8.0 Mobile/12A405 Safari/600.1.4"
80.150.9.253 - - [01/Oct/2014:11:59:27 +0200] "GET /images/mini-slider/Corporate-Fashion-Ready-to-Wear-1_mini.jpg HTTP/1.1" 200 42372 "http://www.modeinstitut-berlin.de/ready.html" "Mozilla/5.0 (iPad; CPU OS 8_0_2 like Mac OS X) AppleWebKit/600.1.4 (KHTML, like Gecko) Version/8.0 Mobile/12A405 Safari/600.1.4"
80.150.9.253 - - [01/Oct/2014:11:59:27 +0200] "GET /images/mini-slider/Corporate-Fashion-Ready-to-Wear-3_mini.jpg HTTP/1.1" 200 116533 "http://www.modeinstitut-berlin.de/ready.html" "Mozilla/5.0 (iPad; CPU OS 8_0_2 like Mac OS X) AppleWebKit/600.1.4 (KHTML, like Gecko) Version/8.0 Mobile/12A405 Safari/600.1.4"
80.150.9.253 - - [01/Oct/2014:11:59:27 +0200] "GET /images/mini-slider/Corporate-Fashion-Ready-to-Wear-4_mini.jpg HTTP/1.1" 200 92923 "http://www.modeinstitut-berlin.de/ready.html" "Mozilla/5.0 (iPad; CPU OS 8_0_2 like Mac OS X) AppleWebKit/600.1.4 (KHTML, like Gecko) Version/8.0 Mobile/12A405 Safari/600.1.4"
80.150.9.253 - - [01/Oct/2014:11:59:27 +0200] "GET /images/mini-slider/Corporate-Fashion-Ready-to-Wear-2_mini.jpg HTTP/1.1" 200 100660 "http://www.modeinstitut-berlin.de/ready.html" "Mozilla/5.0 (iPad; CPU OS 8_0_2 like Mac OS X) AppleWebKit/600.1.4 (KHTML, like Gecko) Version/8.0 Mobile/12A405 Safari/600.1.4"
84.191.161.30 - - [01/Oct/2014:11:59:44 +0200] "GET /karriere.html/ HTTP/1.1" 404 - "http://www.google.de/url?sa=t&rct=j&q=&esrc=s&source=web&cd=7&ved=0CDgQjBAwBg&url=http%3A%2F%2Fwww.modeinstitut-berlin.de%2Funternehmen%2Fstellenangebote%2F&ei=V8grVNXDJ8SgyAOjyIGQCQ&usg=AFQjCNF06hTdBimapwMzkSJGUFZAugsEIw&sig2=7qqVkKT4N4TyopgG-sp7eA" "Mozilla/5.0 (Macintosh; Intel Mac OS X 10_9_4) AppleWebKit/537.78.2 (KHTML, like Gecko) Version/7.0.6 Safari/537.78.2"
80.150.9.253 - - [01/Oct/2014:11:59:46 +0200] "GET /aktuelles.html HTTP/1.1" 200 7244 "http://www.modeinstitut-berlin.de/ready.html" "Mozilla/5.0 (iPad; CPU OS 8_0_2 like Mac OS X) AppleWebKit/600.1.4 (KHTML, like Gecko) Version/8.0 Mobile/12A405 Safari/600.1.4"
80.150.9.253 - - [01/Oct/2014:11:59:46 +0200] "GET /images/innotrans.jpg HTTP/1.1" 200 22258 "http://www.modeinstitut-berlin.de/aktuelles.html" "Mozilla/5.0 (iPad; CPU OS 8_0_2 like Mac OS X) AppleWebKit/600.1.4 (KHTML, like Gecko) Version/8.0 Mobile/12A405 Safari/600.1.4"
84.191.161.30 - - [01/Oct/2014:12:00:34 +0200] "GET /alte-website/index.php HTTP/1.1" 200 2050 "-" "Mozilla/5.0 (Macintosh; Intel Mac OS X 10_9_4) AppleWebKit/537.78.2 (KHTML, like Gecko) Version/7.0.6 Safari/537.78.2"
84.191.161.30 - - [01/Oct/2014:12:00:34 +0200] "GET /css/newstyles.css HTTP/1.1" 404 - "http://www.modeinstitut-berlin.de/alte-website/index.php" "Mozilla/5.0 (Macintosh; Intel Mac OS X 10_9_4) AppleWebKit/537.78.2 (KHTML, like Gecko) Version/7.0.6 Safari/537.78.2"
84.191.161.30 - - [01/Oct/2014:12:00:34 +0200] "GET /Scripts/AC_RunActiveContent.js HTTP/1.1" 404 - "http://www.modeinstitut-berlin.de/alte-website/index.php" "Mozilla/5.0 (Macintosh; Intel Mac OS X 10_9_4) AppleWebKit/537.78.2 (KHTML, like Gecko) Version/7.0.6 Safari/537.78.2"
84.191.161.30 - - [01/Oct/2014:12:00:34 +0200] "GET /includes/hover.js HTTP/1.1" 404 - "http://www.modeinstitut-berlin.de/alte-website/index.php" "Mozilla/5.0 (Macintosh; Intel Mac OS X 10_9_4) AppleWebKit/537.78.2 (KHTML, like Gecko) Version/7.0.6 Safari/537.78.2"
84.191.161.30 - - [01/Oct/2014:12:00:34 +0200] "GET /alte-website/images/motive/Logo9001_5.png HTTP/1.1" 200 19358 "http://www.modeinstitut-berlin.de/alte-website/index.php" "Mozilla/5.0 (Macintosh; Intel Mac OS X 10_9_4) AppleWebKit/537.78.2 (KHTML, like Gecko) Version/7.0.6 Safari/537.78.2"
92.225.146.189 - - [01/Oct/2014:12:00:36 +0200] "GET /berufsbekleidung.html/ HTTP/1.1" 404 - "-" "Mozilla/5.0 (Windows NT 6.1; WOW64) AppleWebKit/535.19 (KHTML, like Gecko) Chrome/18.0.1025.142 Safari/535.19"
84.191.161.30 - - [01/Oct/2014:12:00:34 +0200] "GET /alte-website/video/video.swf HTTP/1.1" 200 3107187 "http://www.modeinstitut-berlin.de/alte-website/index.php" "Mozilla/5.0 (Macintosh; Intel Mac OS X 10_9_4) AppleWebKit/537.78.2 (KHTML, like Gecko) Version/7.0.6 Safari/537.78.2"
92.225.146.189 - - [01/Oct/2014:12:00:39 +0200] "GET /berufsbekleidung.html HTTP/1.1" 304 - "-" "Mozilla/5.0 (Windows NT 6.1; WOW64) AppleWebKit/535.19 (KHTML, like Gecko) Chrome/18.0.1025.142 Safari/535.19"
92.225.146.189 - - [01/Oct/2014:12:00:46 +0200] "GET /firmenprofil.html HTTP/1.1" 200 9160 "http://modeinstitut-berlin.de/berufsbekleidung.html" "Mozilla/5.0 (Windows NT 6.1; WOW64) AppleWebKit/535.19 (KHTML, like Gecko) Chrome/18.0.1025.142 Safari/535.19"
92.225.146.189 - - [01/Oct/2014:12:00:46 +0200] "GET /images/luftbild-pankow.jpg HTTP/1.1" 200 113653 "http://modeinstitut-berlin.de/firmenprofil.html" "Mozilla/5.0 (Windows NT 6.1; WOW64) AppleWebKit/535.19 (KHTML, like Gecko) Chrome/18.0.1025.142 Safari/535.19"
92.225.146.189 - - [01/Oct/2014:12:00:46 +0200] "GET /images/karte385.svg HTTP/1.1" 200 147489 "http://modeinstitut-berlin.de/firmenprofil.html" "Mozilla/5.0 (Windows NT 6.1; WOW64) AppleWebKit/535.19 (KHTML, like Gecko) Chrome/18.0.1025.142 Safari/535.19"
84.191.161.30 - - [01/Oct/2014:12:00:46 +0200] "GET /service-pankow.html/ HTTP/1.1" 404 - "http://www.modeinstitut-berlin.de/alte-website/index.php" "Mozilla/5.0 (Macintosh; Intel Mac OS X 10_9_4) AppleWebKit/537.78.2 (KHTML, like Gecko) Version/7.0.6 Safari/537.78.2"
80.150.9.253 - - [01/Oct/2014:12:00:52 +0200] "GET /index.html HTTP/1.1" 200 8971 "http://www.modeinstitut-berlin.de/aktuelles.html" "Mozilla/5.0 (iPad; CPU OS 8_0_2 like Mac OS X) AppleWebKit/600.1.4 (KHTML, like Gecko) Version/8.0 Mobile/12A405 Safari/600.1.4"
80.150.9.253 - - [01/Oct/2014:12:00:52 +0200] "GET /js/mb.bgndGallery.js HTTP/1.1" 200 32811 "http://www.modeinstitut-berlin.de/index.html" "Mozilla/5.0 (iPad; CPU OS 8_0_2 like Mac OS X) AppleWebKit/600.1.4 (KHTML, like Gecko) Version/8.0 Mobile/12A405 Safari/600.1.4"
80.150.9.253 - - [01/Oct/2014:12:00:52 +0200] "GET /images/arrow-right-gray.png HTTP/1.1" 200 2821 "http://www.modeinstitut-berlin.de/index.html" "Mozilla/5.0 (iPad; CPU OS 8_0_2 like Mac OS X) AppleWebKit/600.1.4 (KHTML, like Gecko) Version/8.0 Mobile/12A405 Safari/600.1.4"
80.150.9.253 - - [01/Oct/2014:12:00:52 +0200] "GET /images/arrow-left-gray.png HTTP/1.1" 200 2894 "http://www.modeinstitut-berlin.de/index.html" "Mozilla/5.0 (iPad; CPU OS 8_0_2 like Mac OS X) AppleWebKit/600.1.4 (KHTML, like Gecko) Version/8.0 Mobile/12A405 Safari/600.1.4"
80.150.9.253 - - [01/Oct/2014:12:00:52 +0200] "GET /js/mb.bgndGallery.effects.js HTTP/1.1" 200 2179 "http://www.modeinstitut-berlin.de/index.html" "Mozilla/5.0 (iPad; CPU OS 8_0_2 like Mac OS X) AppleWebKit/600.1.4 (KHTML, like Gecko) Version/8.0 Mobile/12A405 Safari/600.1.4"
92.225.146.189 - - [01/Oct/2014:12:00:53 +0200] "GET /zertifizierungen.html HTTP/1.1" 200 10271 "http://modeinstitut-berlin.de/firmenprofil.html" "Mozilla/5.0 (Windows NT 6.1; WOW64) AppleWebKit/535.19 (KHTML, like Gecko) Chrome/18.0.1025.142 Safari/535.19"
92.225.146.189 - - [01/Oct/2014:12:00:53 +0200] "GET /css/kundengalerie.css HTTP/1.1" 200 12144 "http://modeinstitut-berlin.de/zertifizierungen.html" "Mozilla/5.0 (Windows NT 6.1; WOW64) AppleWebKit/535.19 (KHTML, like Gecko) Chrome/18.0.1025.142 Safari/535.19"
92.225.146.189 - - [01/Oct/2014:12:00:53 +0200] "GET /js/imagesloaded.pkgd.min.js HTTP/1.1" 200 6893 "http://modeinstitut-berlin.de/zertifizierungen.html" "Mozilla/5.0 (Windows NT 6.1; WOW64) AppleWebKit/535.19 (KHTML, like Gecko) Chrome/18.0.1025.142 Safari/535.19"
92.225.146.189 - - [01/Oct/2014:12:00:53 +0200] "GET /js/masonry.pkgd.min.js HTTP/1.1" 200 25081 "http://modeinstitut-berlin.de/zertifizierungen.html" "Mozilla/5.0 (Windows NT 6.1; WOW64) AppleWebKit/535.19 (KHTML, like Gecko) Chrome/18.0.1025.142 Safari/535.19"
92.225.146.189 - - [01/Oct/2014:12:00:53 +0200] "GET /js/classie.js HTTP/1.1" 200 1835 "http://modeinstitut-berlin.de/zertifizierungen.html" "Mozilla/5.0 (Windows NT 6.1; WOW64) AppleWebKit/535.19 (KHTML, like Gecko) Chrome/18.0.1025.142 Safari/535.19"
92.225.146.189 - - [01/Oct/2014:12:00:53 +0200] "GET /js/cbpGridGallery.js HTTP/1.1" 200 12200 "http://modeinstitut-berlin.de/zertifizierungen.html" "Mozilla/5.0 (Windows NT 6.1; WOW64) AppleWebKit/535.19 (KHTML, like Gecko) Chrome/18.0.1025.142 Safari/535.19"
92.225.146.189 - - [01/Oct/2014:12:00:53 +0200] "GET /images/zertifizierungen/qualitaet.png HTTP/1.1" 200 12288 "http://modeinstitut-berlin.de/zertifizierungen.html" "Mozilla/5.0 (Windows NT 6.1; WOW64) AppleWebKit/535.19 (KHTML, like Gecko) Chrome/18.0.1025.142 Safari/535.19"
92.225.146.189 - - [01/Oct/2014:12:00:53 +0200] "GET /images/zertifizierungen/umwelt.png HTTP/1.1" 200 12272 "http://modeinstitut-berlin.de/zertifizierungen.html" "Mozilla/5.0 (Windows NT 6.1; WOW64) AppleWebKit/535.19 (KHTML, like Gecko) Chrome/18.0.1025.142 Safari/535.19"
92.225.146.189 - - [01/Oct/2014:12:00:53 +0200] "GET /images/zertifizierungen/nachhaltigkeit.png HTTP/1.1" 200 14220 "http://modeinstitut-berlin.de/zertifizierungen.html" "Mozilla/5.0 (Windows NT 6.1; WOW64) AppleWebKit/535.19 (KHTML, like Gecko) Chrome/18.0.1025.142 Safari/535.19"
92.225.146.189 - - [01/Oct/2014:12:00:53 +0200] "GET /images/arrow-left.png HTTP/1.1" 200 2434 "http://modeinstitut-berlin.de/zertifizierungen.html" "Mozilla/5.0 (Windows NT 6.1; WOW64) AppleWebKit/535.19 (KHTML, like Gecko) Chrome/18.0.1025.142 Safari/535.19"
92.225.146.189 - - [01/Oct/2014:12:00:53 +0200] "GET /images/arrow-right.png HTTP/1.1" 200 2441 "http://modeinstitut-berlin.de/zertifizierungen.html" "Mozilla/5.0 (Windows NT 6.1; WOW64) AppleWebKit/535.19 (KHTML, like Gecko) Chrome/18.0.1025.142 Safari/535.19"
92.225.146.189 - - [01/Oct/2014:12:00:53 +0200] "GET /images/cross.png HTTP/1.1" 200 1163 "http://modeinstitut-berlin.de/zertifizierungen.html" "Mozilla/5.0 (Windows NT 6.1; WOW64) AppleWebKit/535.19 (KHTML, like Gecko) Chrome/18.0.1025.142 Safari/535.19"
80.150.9.253 - - [01/Oct/2014:12:00:52 +0200] "GET /images/slider/MI-Slider-1.jpg HTTP/1.1" 200 151375 "http://www.modeinstitut-berlin.de/index.html" "Mozilla/5.0 (iPad; CPU OS 8_0_2 like Mac OS X) AppleWebKit/600.1.4 (KHTML, like Gecko) Version/8.0 Mobile/12A405 Safari/600.1.4"
80.150.9.253 - - [01/Oct/2014:12:00:55 +0200] "GET /images/slider/MI-Slider-2.jpg HTTP/1.1" 200 232773 "http://www.modeinstitut-berlin.de/index.html" "Mozilla/5.0 (iPad; CPU OS 8_0_2 like Mac OS X) AppleWebKit/600.1.4 (KHTML, like Gecko) Version/8.0 Mobile/12A405 Safari/600.1.4"
80.150.9.253 - - [01/Oct/2014:12:00:57 +0200] "GET /images/slider/MI-Slider-3.jpg HTTP/1.1" 200 199226 "http://www.modeinstitut-berlin.de/index.html" "Mozilla/5.0 (iPad; CPU OS 8_0_2 like Mac OS X) AppleWebKit/600.1.4 (KHTML, like Gecko) Version/8.0 Mobile/12A405 Safari/600.1.4"
80.150.9.253 - - [01/Oct/2014:12:00:59 +0200] "GET /images/slider/MI-Slider-4.jpg HTTP/1.1" 200 173830 "http://www.modeinstitut-berlin.de/index.html" "Mozilla/5.0 (iPad; CPU OS 8_0_2 like Mac OS X) AppleWebKit/600.1.4 (KHTML, like Gecko) Version/8.0 Mobile/12A405 Safari/600.1.4"
92.225.146.189 - - [01/Oct/2014:12:00:59 +0200] "GET /aktuelles.html HTTP/1.1" 200 7244 "http://modeinstitut-berlin.de/zertifizierungen.html" "Mozilla/5.0 (Windows NT 6.1; WOW64) AppleWebKit/535.19 (KHTML, like Gecko) Chrome/18.0.1025.142 Safari/535.19"
80.150.9.253 - - [01/Oct/2014:12:01:00 +0200] "GET /images/arrow-right-red.png HTTP/1.1" 200 2754 "http://www.modeinstitut-berlin.de/index.html" "Mozilla/5.0 (iPad; CPU OS 8_0_2 like Mac OS X) AppleWebKit/600.1.4 (KHTML, like Gecko) Version/8.0 Mobile/12A405 Safari/600.1.4"
92.225.146.189 - - [01/Oct/2014:12:01:00 +0200] "GET /images/innotrans.jpg HTTP/1.1" 200 22258 "http://modeinstitut-berlin.de/aktuelles.html" "Mozilla/5.0 (Windows NT 6.1; WOW64) AppleWebKit/535.19 (KHTML, like Gecko) Chrome/18.0.1025.142 Safari/535.19"
80.150.9.253 - - [01/Oct/2014:12:01:00 +0200] "GET /images/slider/MI-Slider-5.jpg HTTP/1.1" 200 124589 "http://www.modeinstitut-berlin.de/index.html" "Mozilla/5.0 (iPad; CPU OS 8_0_2 like Mac OS X) AppleWebKit/600.1.4 (KHTML, like Gecko) Version/8.0 Mobile/12A405 Safari/600.1.4"
80.150.9.253 - - [01/Oct/2014:12:01:00 +0200] "GET /images/slider/MI-Slider-6.jpg HTTP/1.1" 200 730563 "http://www.modeinstitut-berlin.de/index.html" "Mozilla/5.0 (iPad; CPU OS 8_0_2 like Mac OS X) AppleWebKit/600.1.4 (KHTML, like Gecko) Version/8.0 Mobile/12A405 Safari/600.1.4"
92.225.146.189 - - [01/Oct/2014:12:01:03 +0200] "GET /karriere.html HTTP/1.1" 200 8727 "http://modeinstitut-berlin.de/aktuelles.html" "Mozilla/5.0 (Windows NT 6.1; WOW64) AppleWebKit/535.19 (KHTML, like Gecko) Chrome/18.0.1025.142 Safari/535.19"
80.150.9.253 - - [01/Oct/2014:12:01:03 +0200] "GET /images/slider/MI-Slider-7.jpg HTTP/1.1" 200 428847 "http://www.modeinstitut-berlin.de/index.html" "Mozilla/5.0 (iPad; CPU OS 8_0_2 like Mac OS X) AppleWebKit/600.1.4 (KHTML, like Gecko) Version/8.0 Mobile/12A405 Safari/600.1.4"
92.225.146.189 - - [01/Oct/2014:12:01:11 +0200] "GET /service-leipzig.html HTTP/1.1" 200 7714 "http://modeinstitut-berlin.de/karriere.html" "Mozilla/5.0 (Windows NT 6.1; WOW64) AppleWebKit/535.19 (KHTML, like Gecko) Chrome/18.0.1025.142 Safari/535.19"
92.225.146.189 - - [01/Oct/2014:12:01:11 +0200] "GET /images/karte-sc-leipzig.svg HTTP/1.1" 200 147110 "http://modeinstitut-berlin.de/service-leipzig.html" "Mozilla/5.0 (Windows NT 6.1; WOW64) AppleWebKit/535.19 (KHTML, like Gecko) Chrome/18.0.1025.142 Safari/535.19"
92.225.146.189 - - [01/Oct/2014:12:01:13 +0200] "GET /service-bochum.html HTTP/1.1" 200 7646 "http://modeinstitut-berlin.de/service-leipzig.html" "Mozilla/5.0 (Windows NT 6.1; WOW64) AppleWebKit/535.19 (KHTML, like Gecko) Chrome/18.0.1025.142 Safari/535.19"
92.225.146.189 - - [01/Oct/2014:12:01:13 +0200] "GET /images/karte-sc-bochum.svg HTTP/1.1" 200 147110 "http://modeinstitut-berlin.de/service-bochum.html" "Mozilla/5.0 (Windows NT 6.1; WOW64) AppleWebKit/535.19 (KHTML, like Gecko) Chrome/18.0.1025.142 Safari/535.19"
92.225.146.189 - - [01/Oct/2014:12:01:18 +0200] "GET /service-frankfurt.html HTTP/1.1" 200 8075 "http://modeinstitut-berlin.de/service-bochum.html" "Mozilla/5.0 (Windows NT 6.1; WOW64) AppleWebKit/535.19 (KHTML, like Gecko) Chrome/18.0.1025.142 Safari/535.19"
92.225.146.189 - - [01/Oct/2014:12:01:18 +0200] "GET /images/karte-sc-frankfurt.svg HTTP/1.1" 200 147110 "http://modeinstitut-berlin.de/service-frankfurt.html" "Mozilla/5.0 (Windows NT 6.1; WOW64) AppleWebKit/535.19 (KHTML, like Gecko) Chrome/18.0.1025.142 Safari/535.19"
92.225.146.189 - - [01/Oct/2014:12:01:35 +0200] "GET /anfrage.html HTTP/1.1" 200 8258 "http://modeinstitut-berlin.de/service-frankfurt.html" "Mozilla/5.0 (Windows NT 6.1; WOW64) AppleWebKit/535.19 (KHTML, like Gecko) Chrome/18.0.1025.142 Safari/535.19"
92.225.146.189 - - [01/Oct/2014:12:01:42 +0200] "GET /ansprechpartner.html HTTP/1.1" 200 10026 "http://modeinstitut-berlin.de/anfrage.html" "Mozilla/5.0 (Windows NT 6.1; WOW64) AppleWebKit/535.19 (KHTML, like Gecko) Chrome/18.0.1025.142 Safari/535.19"
92.225.146.189 - - [01/Oct/2014:12:01:42 +0200] "GET /images/nadine-thomas.jpg HTTP/1.1" 200 6437 "http://modeinstitut-berlin.de/ansprechpartner.html" "Mozilla/5.0 (Windows NT 6.1; WOW64) AppleWebKit/535.19 (KHTML, like Gecko) Chrome/18.0.1025.142 Safari/535.19"
92.225.146.189 - - [01/Oct/2014:12:01:42 +0200] "GET /images/evelin-pietsch.jpg HTTP/1.1" 200 6518 "http://modeinstitut-berlin.de/ansprechpartner.html" "Mozilla/5.0 (Windows NT 6.1; WOW64) AppleWebKit/535.19 (KHTML, like Gecko) Chrome/18.0.1025.142 Safari/535.19"
92.225.146.189 - - [01/Oct/2014:12:01:42 +0200] "GET /images/marie-krietsch.jpg HTTP/1.1" 200 6261 "http://modeinstitut-berlin.de/ansprechpartner.html" "Mozilla/5.0 (Windows NT 6.1; WOW64) AppleWebKit/535.19 (KHTML, like Gecko) Chrome/18.0.1025.142 Safari/535.19"
92.225.146.189 - - [01/Oct/2014:12:01:42 +0200] "GET /images/anna-oesterheld.jpg HTTP/1.1" 200 6174 "http://modeinstitut-berlin.de/ansprechpartner.html" "Mozilla/5.0 (Windows NT 6.1; WOW64) AppleWebKit/535.19 (KHTML, like Gecko) Chrome/18.0.1025.142 Safari/535.19"
92.225.146.189 - - [01/Oct/2014:12:01:42 +0200] "GET /images/daniel-thomas.jpg HTTP/1.1" 200 6844 "http://modeinstitut-berlin.de/ansprechpartner.html" "Mozilla/5.0 (Windows NT 6.1; WOW64) AppleWebKit/535.19 (KHTML, like Gecko) Chrome/18.0.1025.142 Safari/535.19"
92.225.146.189 - - [01/Oct/2014:12:01:42 +0200] "GET /images/katja-guenzel.jpg HTTP/1.1" 200 6183 "http://modeinstitut-berlin.de/ansprechpartner.html" "Mozilla/5.0 (Windows NT 6.1; WOW64) AppleWebKit/535.19 (KHTML, like Gecko) Chrome/18.0.1025.142 Safari/535.19"
92.225.146.189 - - [01/Oct/2014:12:02:14 +0200] "GET /ready.html HTTP/1.1" 200 13311 "http://modeinstitut-berlin.de/ansprechpartner.html" "Mozilla/5.0 (Windows NT 6.1; WOW64) AppleWebKit/535.19 (KHTML, like Gecko) Chrome/18.0.1025.142 Safari/535.19"
92.225.146.189 - - [01/Oct/2014:12:02:21 +0200] "GET /individual.html HTTP/1.1" 200 14099 "http://modeinstitut-berlin.de/ready.html" "Mozilla/5.0 (Windows NT 6.1; WOW64) AppleWebKit/535.19 (KHTML, like Gecko) Chrome/18.0.1025.142 Safari/535.19"
92.225.146.189 - - [01/Oct/2014:12:02:21 +0200] "GET /images/mini-slider/Corporate-Fashion-Image-to-Wear-1_mini.jpg HTTP/1.1" 200 115499 "http://modeinstitut-berlin.de/individual.html" "Mozilla/5.0 (Windows NT 6.1; WOW64) AppleWebKit/535.19 (KHTML, like Gecko) Chrome/18.0.1025.142 Safari/535.19"
92.225.146.189 - - [01/Oct/2014:12:02:21 +0200] "GET /images/mini-slider/Corporate-Fashion-Image-to-Wear-3_mini.jpg HTTP/1.1" 200 68713 "http://modeinstitut-berlin.de/individual.html" "Mozilla/5.0 (Windows NT 6.1; WOW64) AppleWebKit/535.19 (KHTML, like Gecko) Chrome/18.0.1025.142 Safari/535.19"
92.225.146.189 - - [01/Oct/2014:12:02:21 +0200] "GET /images/mini-slider/Corporate-Fashion-Image-to-Wear-4_mini.jpg HTTP/1.1" 200 57692 "http://modeinstitut-berlin.de/individual.html" "Mozilla/5.0 (Windows NT 6.1; WOW64) AppleWebKit/535.19 (KHTML, like Gecko) Chrome/18.0.1025.142 Safari/535.19"
92.225.146.189 - - [01/Oct/2014:12:02:21 +0200] "GET /images/mini-slider/Corporate-Fashion-Image-to-Wear-2_mini.jpg HTTP/1.1" 200 76518 "http://modeinstitut-berlin.de/individual.html" "Mozilla/5.0 (Windows NT 6.1; WOW64) AppleWebKit/535.19 (KHTML, like Gecko) Chrome/18.0.1025.142 Safari/535.19"
92.225.146.189 - - [01/Oct/2014:12:02:21 +0200] "GET /images/mini-slider/Corporate-Fashion-Image-to-Wear-5_mini.jpg HTTP/1.1" 200 131839 "http://modeinstitut-berlin.de/individual.html" "Mozilla/5.0 (Windows NT 6.1; WOW64) AppleWebKit/535.19 (KHTML, like Gecko) Chrome/18.0.1025.142 Safari/535.19"
92.225.146.189 - - [01/Oct/2014:12:02:21 +0200] "GET /images/mini-slider/Corporate-Fashion-Image-to-Wear-6_mini.jpg HTTP/1.1" 200 70291 "http://modeinstitut-berlin.de/individual.html" "Mozilla/5.0 (Windows NT 6.1; WOW64) AppleWebKit/535.19 (KHTML, like Gecko) Chrome/18.0.1025.142 Safari/535.19"
84.191.161.30 - - [01/Oct/2014:12:03:32 +0200] "GET /images/slider/MI-Slider-6.jpg HTTP/1.1" 200 730563 "http://www.modeinstitut-berlin.de/index.html" "Mozilla/5.0 (Macintosh; Intel Mac OS X 10_9_4) AppleWebKit/537.78.2 (KHTML, like Gecko) Version/7.0.6 Safari/537.78.2"
84.191.161.30 - - [01/Oct/2014:12:03:39 +0200] "GET /images/slider/MI-Slider-7.jpg HTTP/1.1" 200 428847 "http://www.modeinstitut-berlin.de/index.html" "Mozilla/5.0 (Macintosh; Intel Mac OS X 10_9_4) AppleWebKit/537.78.2 (KHTML, like Gecko) Version/7.0.6 Safari/537.78.2"
84.191.161.30 - - [01/Oct/2014:12:03:41 +0200] "GET /kontakt/kontaktformular/ HTTP/1.1" 301 374 "http://www.google.de/url?sa=t&rct=j&q=&esrc=s&source=web&cd=5&ved=0CCoQjBAwBA&url=http%3A%2F%2Fwww.modeinstitut-berlin.de%2Fkontakt%2Fkontaktformular%2F&ei=StErVN2NIuXMygOaqIKwAQ&usg=AFQjCNH_XrZU2n4QsEXvNpzmvK-HwJZ8Iw&sig2=aZui2z2VBzBfrE_AmyrMCg&bvm=bv.76477589,d.bGQ" "Mozilla/5.0 (Macintosh; Intel Mac OS X 10_9_4) AppleWebKit/537.78.2 (KHTML, like Gecko) Version/7.0.6 Safari/537.78.2"
84.191.161.30 - - [01/Oct/2014:12:03:41 +0200] "GET /anfrage.html HTTP/1.1" 200 8258 "http://www.google.de/url?sa=t&rct=j&q=&esrc=s&source=web&cd=5&ved=0CCoQjBAwBA&url=http%3A%2F%2Fwww.modeinstitut-berlin.de%2Fkontakt%2Fkontaktformular%2F&ei=StErVN2NIuXMygOaqIKwAQ&usg=AFQjCNH_XrZU2n4QsEXvNpzmvK-HwJZ8Iw&sig2=aZui2z2VBzBfrE_AmyrMCg&bvm=bv.76477589,d.bGQ" "Mozilla/5.0 (Macintosh; Intel Mac OS X 10_9_4) AppleWebKit/537.78.2 (KHTML, like Gecko) Version/7.0.6 Safari/537.78.2"
84.191.161.30 - - [01/Oct/2014:12:03:41 +0200] "GET /js/jquery.stickyPanel.min.js HTTP/1.1" 200 1563 "http://www.modeinstitut-berlin.de/anfrage.html" "Mozilla/5.0 (Macintosh; Intel Mac OS X 10_9_4) AppleWebKit/537.78.2 (KHTML, like Gecko) Version/7.0.6 Safari/537.78.2"
84.191.161.30 - - [01/Oct/2014:12:03:42 +0200] "GET /js/modernizr.custom.js HTTP/1.1" 200 9226 "http://www.modeinstitut-berlin.de/anfrage.html" "Mozilla/5.0 (Macintosh; Intel Mac OS X 10_9_4) AppleWebKit/537.78.2 (KHTML, like Gecko) Version/7.0.6 Safari/537.78.2"
84.191.161.30 - - [01/Oct/2014:12:03:42 +0200] "GET /css/normalize.css HTTP/1.1" 200 3753 "http://www.modeinstitut-berlin.de/anfrage.html" "Mozilla/5.0 (Macintosh; Intel Mac OS X 10_9_4) AppleWebKit/537.78.2 (KHTML, like Gecko) Version/7.0.6 Safari/537.78.2"
84.191.161.30 - - [01/Oct/2014:12:03:42 +0200] "GET /css/default.css HTTP/1.1" 200 19543 "http://www.modeinstitut-berlin.de/anfrage.html" "Mozilla/5.0 (Macintosh; Intel Mac OS X 10_9_4) AppleWebKit/537.78.2 (KHTML, like Gecko) Version/7.0.6 Safari/537.78.2"
84.191.161.30 - - [01/Oct/2014:12:03:42 +0200] "GET /js/HorizontalMenu.min.js HTTP/1.1" 200 457 "http://www.modeinstitut-berlin.de/anfrage.html" "Mozilla/5.0 (Macintosh; Intel Mac OS X 10_9_4) AppleWebKit/537.78.2 (KHTML, like Gecko) Version/7.0.6 Safari/537.78.2"
84.191.161.30 - - [01/Oct/2014:12:03:42 +0200] "GET /images/logo.png HTTP/1.1" 200 6326 "http://www.modeinstitut-berlin.de/anfrage.html" "Mozilla/5.0 (Macintosh; Intel Mac OS X 10_9_4) AppleWebKit/537.78.2 (KHTML, like Gecko) Version/7.0.6 Safari/537.78.2"
84.191.161.30 - - [01/Oct/2014:12:03:42 +0200] "GET /images/dashed.png HTTP/1.1" 200 936 "http://www.modeinstitut-berlin.de/anfrage.html" "Mozilla/5.0 (Macintosh; Intel Mac OS X 10_9_4) AppleWebKit/537.78.2 (KHTML, like Gecko) Version/7.0.6 Safari/537.78.2"
84.191.161.30 - - [01/Oct/2014:12:03:42 +0200] "GET /fonts/2A905F_0_0.woff HTTP/1.1" 200 22834 "http://www.modeinstitut-berlin.de/anfrage.html" "Mozilla/5.0 (Macintosh; Intel Mac OS X 10_9_4) AppleWebKit/537.78.2 (KHTML, like Gecko) Version/7.0.6 Safari/537.78.2"
84.191.161.30 - - [01/Oct/2014:12:03:45 +0200] "GET /unternehmen/stellenangebote/ HTTP/1.1" 301 375 "http://www.google.de/url?sa=t&rct=j&q=&esrc=s&source=web&cd=6&ved=0CC4QjBAwBQ&url=http%3A%2F%2Fwww.modeinstitut-berlin.de%2Funternehmen%2Fstellenangebote%2F&ei=StErVN2NIuXMygOaqIKwAQ&usg=AFQjCNF06hTdBimapwMzkSJGUFZAugsEIw&sig2=3GDGM82j7J_L6yK-Ks3How" "Mozilla/5.0 (Macintosh; Intel Mac OS X 10_9_4) AppleWebKit/537.78.2 (KHTML, like Gecko) Version/7.0.6 Safari/537.78.2"
84.191.161.30 - - [01/Oct/2014:12:03:45 +0200] "GET /karriere.html HTTP/1.1" 200 8727 "http://www.google.de/url?sa=t&rct=j&q=&esrc=s&source=web&cd=6&ved=0CC4QjBAwBQ&url=http%3A%2F%2Fwww.modeinstitut-berlin.de%2Funternehmen%2Fstellenangebote%2F&ei=StErVN2NIuXMygOaqIKwAQ&usg=AFQjCNF06hTdBimapwMzkSJGUFZAugsEIw&sig2=3GDGM82j7J_L6yK-Ks3How" "Mozilla/5.0 (Macintosh; Intel Mac OS X 10_9_4) AppleWebKit/537.78.2 (KHTML, like Gecko) Version/7.0.6 Safari/537.78.2"
84.191.161.30 - - [01/Oct/2014:12:03:46 +0200] "GET /images/slider/MI-Slider-1.jpg HTTP/1.1" 200 151375 "http://www.modeinstitut-berlin.de/index.html" "Mozilla/5.0 (Macintosh; Intel Mac OS X 10_9_4) AppleWebKit/537.78.2 (KHTML, like Gecko) Version/7.0.6 Safari/537.78.2"
84.191.161.30 - - [01/Oct/2014:12:03:48 +0200] "GET /berufsbekleidung/ HTTP/1.1" 200 16165 "http://www.google.de/url?sa=t&rct=j&q=&esrc=s&source=web&cd=7&ved=0CDIQjBAwBg&url=http%3A%2F%2Fwww.modeinstitut-berlin.de%2Fberufsbekleidung%2F&ei=StErVN2NIuXMygOaqIKwAQ&usg=AFQjCNEiyn5980jxEJJJVnPGsGyjhux7ug&sig2=NbSXpZ0oyVgb6TtrDiSnZw" "Mozilla/5.0 (Macintosh; Intel Mac OS X 10_9_4) AppleWebKit/537.78.2 (KHTML, like Gecko) Version/7.0.6 Safari/537.78.2"
84.191.161.30 - - [01/Oct/2014:12:03:48 +0200] "GET /images/mini-slider/Corporate-Fashion-Ready-to-Wear-1_mini.jpg HTTP/1.1" 200 42372 "http://www.modeinstitut-berlin.de/berufsbekleidung/" "Mozilla/5.0 (Macintosh; Intel Mac OS X 10_9_4) AppleWebKit/537.78.2 (KHTML, like Gecko) Version/7.0.6 Safari/537.78.2"
84.191.161.30 - - [01/Oct/2014:12:03:48 +0200] "GET /images/mini-slider/Corporate-Fashion-Ready-to-Wear-2_mini.jpg HTTP/1.1" 200 100660 "http://www.modeinstitut-berlin.de/berufsbekleidung/" "Mozilla/5.0 (Macintosh; Intel Mac OS X 10_9_4) AppleWebKit/537.78.2 (KHTML, like Gecko) Version/7.0.6 Safari/537.78.2"
84.191.161.30 - - [01/Oct/2014:12:03:48 +0200] "GET /images/mini-slider/Corporate-Fashion-Ready-to-Wear-3_mini.jpg HTTP/1.1" 200 116533 "http://www.modeinstitut-berlin.de/berufsbekleidung/" "Mozilla/5.0 (Macintosh; Intel Mac OS X 10_9_4) AppleWebKit/537.78.2 (KHTML, like Gecko) Version/7.0.6 Safari/537.78.2"
84.191.161.30 - - [01/Oct/2014:12:03:49 +0200] "GET /images/mini-slider/Corporate-Fashion-Ready-to-Wear-4_mini.jpg HTTP/1.1" 200 92923 "http://www.modeinstitut-berlin.de/berufsbekleidung/" "Mozilla/5.0 (Macintosh; Intel Mac OS X 10_9_4) AppleWebKit/537.78.2 (KHTML, like Gecko) Version/7.0.6 Safari/537.78.2"
84.191.161.30 - - [01/Oct/2014:12:03:53 +0200] "GET /images/slider/MI-Slider-2.jpg HTTP/1.1" 200 232773 "http://www.modeinstitut-berlin.de/index.html" "Mozilla/5.0 (Macintosh; Intel Mac OS X 10_9_4) AppleWebKit/537.78.2 (KHTML, like Gecko) Version/7.0.6 Safari/537.78.2"
84.191.161.30 - - [01/Oct/2014:12:04:00 +0200] "GET /images/slider/MI-Slider-3.jpg HTTP/1.1" 200 199226 "http://www.modeinstitut-berlin.de/index.html" "Mozilla/5.0 (Macintosh; Intel Mac OS X 10_9_4) AppleWebKit/537.78.2 (KHTML, like Gecko) Version/7.0.6 Safari/537.78.2"
84.191.161.30 - - [01/Oct/2014:12:04:07 +0200] "GET /images/slider/MI-Slider-4.jpg HTTP/1.1" 200 173830 "http://www.modeinstitut-berlin.de/index.html" "Mozilla/5.0 (Macintosh; Intel Mac OS X 10_9_4) AppleWebKit/537.78.2 (KHTML, like Gecko) Version/7.0.6 Safari/537.78.2"
84.191.161.30 - - [01/Oct/2014:12:04:14 +0200] "GET /images/slider/MI-Slider-5.jpg HTTP/1.1" 200 124589 "http://www.modeinstitut-berlin.de/index.html" "Mozilla/5.0 (Macintosh; Intel Mac OS X 10_9_4) AppleWebKit/537.78.2 (KHTML, like Gecko) Version/7.0.6 Safari/537.78.2"
80.187.102.147 - - [01/Oct/2014:12:15:47 +0200] "GET /css/normalize.css HTTP/1.1" 304 - "http://www.modeinstitut-berlin.de/" "Mozilla/5.0 (Linux; Android 4.4.2; de-de; SAMSUNG GT-I9505 Build/KOT49H) AppleWebKit/537.36 (KHTML, like Gecko) Version/1.5 Chrome/28.0.1500.94 Mobile Safari/537.36"
80.187.102.147 - - [01/Oct/2014:12:15:47 +0200] "GET /css/default.css HTTP/1.1" 304 - "http://www.modeinstitut-berlin.de/" "Mozilla/5.0 (Linux; Android 4.4.2; de-de; SAMSUNG GT-I9505 Build/KOT49H) AppleWebKit/537.36 (KHTML, like Gecko) Version/1.5 Chrome/28.0.1500.94 Mobile Safari/537.36"
62.122.80.36 - - [01/Oct/2014:12:27:13 +0200] "GET /favicon.ico HTTP/1.0" 304 - "-" "Mozilla/4.0 (compatible;)"
79.253.60.99 - - [01/Oct/2014:12:30:08 +0200] "GET / HTTP/1.1" 200 8971 "http://www.alpinefox.ch/" "Mozilla/5.0 (Macintosh; Intel Mac OS X 10_9_5) AppleWebKit/600.1.17 (KHTML, like Gecko) Version/7.1 Safari/537.85.10"
79.253.60.99 - - [01/Oct/2014:12:30:08 +0200] "GET /js/modernizr.custom.js HTTP/1.1" 200 9226 "http://www.modeinstitut-berlin.de/" "Mozilla/5.0 (Macintosh; Intel Mac OS X 10_9_5) AppleWebKit/600.1.17 (KHTML, like Gecko) Version/7.1 Safari/537.85.10"
79.253.60.99 - - [01/Oct/2014:12:30:08 +0200] "GET /css/default.css HTTP/1.1" 200 19543 "http://www.modeinstitut-berlin.de/" "Mozilla/5.0 (Macintosh; Intel Mac OS X 10_9_5) AppleWebKit/600.1.17 (KHTML, like Gecko) Version/7.1 Safari/537.85.10"
79.253.60.99 - - [01/Oct/2014:12:30:08 +0200] "GET /css/normalize.css HTTP/1.1" 200 3753 "http://www.modeinstitut-berlin.de/" "Mozilla/5.0 (Macintosh; Intel Mac OS X 10_9_5) AppleWebKit/600.1.17 (KHTML, like Gecko) Version/7.1 Safari/537.85.10"
79.253.60.99 - - [01/Oct/2014:12:30:08 +0200] "GET /js/mb.bgndGallery.js HTTP/1.1" 200 32811 "http://www.modeinstitut-berlin.de/" "Mozilla/5.0 (Macintosh; Intel Mac OS X 10_9_5) AppleWebKit/600.1.17 (KHTML, like Gecko) Version/7.1 Safari/537.85.10"
79.253.60.99 - - [01/Oct/2014:12:30:08 +0200] "GET /js/HorizontalMenu.min.js HTTP/1.1" 200 457 "http://www.modeinstitut-berlin.de/" "Mozilla/5.0 (Macintosh; Intel Mac OS X 10_9_5) AppleWebKit/600.1.17 (KHTML, like Gecko) Version/7.1 Safari/537.85.10"
79.253.60.99 - - [01/Oct/2014:12:30:08 +0200] "GET /js/jquery.stickyPanel.min.js HTTP/1.1" 200 1563 "http://www.modeinstitut-berlin.de/" "Mozilla/5.0 (Macintosh; Intel Mac OS X 10_9_5) AppleWebKit/600.1.17 (KHTML, like Gecko) Version/7.1 Safari/537.85.10"
79.253.60.99 - - [01/Oct/2014:12:30:08 +0200] "GET /js/mb.bgndGallery.effects.js HTTP/1.1" 200 2179 "http://www.modeinstitut-berlin.de/" "Mozilla/5.0 (Macintosh; Intel Mac OS X 10_9_5) AppleWebKit/600.1.17 (KHTML, like Gecko) Version/7.1 Safari/537.85.10"
79.253.60.99 - - [01/Oct/2014:12:30:08 +0200] "GET /images/logo-sign-mini.png HTTP/1.1" 200 1953 "http://www.modeinstitut-berlin.de/" "Mozilla/5.0 (Macintosh; Intel Mac OS X 10_9_5) AppleWebKit/600.1.17 (KHTML, like Gecko) Version/7.1 Safari/537.85.10"
79.253.60.99 - - [01/Oct/2014:12:30:08 +0200] "GET /images/dashed.png HTTP/1.1" 200 936 "http://www.modeinstitut-berlin.de/" "Mozilla/5.0 (Macintosh; Intel Mac OS X 10_9_5) AppleWebKit/600.1.17 (KHTML, like Gecko) Version/7.1 Safari/537.85.10"
79.253.60.99 - - [01/Oct/2014:12:30:08 +0200] "GET /images/arrow-left-gray.png HTTP/1.1" 200 2894 "http://www.modeinstitut-berlin.de/" "Mozilla/5.0 (Macintosh; Intel Mac OS X 10_9_5) AppleWebKit/600.1.17 (KHTML, like Gecko) Version/7.1 Safari/537.85.10"
79.253.60.99 - - [01/Oct/2014:12:30:08 +0200] "GET /images/arrow-right-gray.png HTTP/1.1" 200 2821 "http://www.modeinstitut-berlin.de/" "Mozilla/5.0 (Macintosh; Intel Mac OS X 10_9_5) AppleWebKit/600.1.17 (KHTML, like Gecko) Version/7.1 Safari/537.85.10"
79.253.60.99 - - [01/Oct/2014:12:30:08 +0200] "GET /fonts/2A905F_0_0.woff HTTP/1.1" 200 22834 "http://www.modeinstitut-berlin.de/" "Mozilla/5.0 (Macintosh; Intel Mac OS X 10_9_5) AppleWebKit/600.1.17 (KHTML, like Gecko) Version/7.1 Safari/537.85.10"
79.253.60.99 - - [01/Oct/2014:12:30:08 +0200] "GET /images/slider/MI-Slider-1.jpg HTTP/1.1" 200 151375 "http://www.modeinstitut-berlin.de/" "Mozilla/5.0 (Macintosh; Intel Mac OS X 10_9_5) AppleWebKit/600.1.17 (KHTML, like Gecko) Version/7.1 Safari/537.85.10"
79.253.60.99 - - [01/Oct/2014:12:30:09 +0200] "GET /images/arrow-left-red.png HTTP/1.1" 200 2879 "http://www.modeinstitut-berlin.de/" "Mozilla/5.0 (Macintosh; Intel Mac OS X 10_9_5) AppleWebKit/600.1.17 (KHTML, like Gecko) Version/7.1 Safari/537.85.10"
79.253.60.99 - - [01/Oct/2014:12:30:08 +0200] "GET /images/slider/MI-Slider-2.jpg HTTP/1.1" 200 232773 "http://www.modeinstitut-berlin.de/" "Mozilla/5.0 (Macintosh; Intel Mac OS X 10_9_5) AppleWebKit/600.1.17 (KHTML, like Gecko) Version/7.1 Safari/537.85.10"
79.253.60.99 - - [01/Oct/2014:12:30:09 +0200] "GET /favicon.ico HTTP/1.1" 200 2068 "http://www.modeinstitut-berlin.de/" "Mozilla/5.0 (Macintosh; Intel Mac OS X 10_9_5) AppleWebKit/600.1.17 (KHTML, like Gecko) Version/7.1 Safari/537.85.10"
79.253.60.99 - - [01/Oct/2014:12:30:09 +0200] "GET /images/slider/MI-Slider-3.jpg HTTP/1.1" 200 199226 "http://www.modeinstitut-berlin.de/" "Mozilla/5.0 (Macintosh; Intel Mac OS X 10_9_5) AppleWebKit/600.1.17 (KHTML, like Gecko) Version/7.1 Safari/537.85.10"
79.253.60.99 - - [01/Oct/2014:12:30:09 +0200] "GET /images/slider/MI-Slider-4.jpg HTTP/1.1" 200 173830 "http://www.modeinstitut-berlin.de/" "Mozilla/5.0 (Macintosh; Intel Mac OS X 10_9_5) AppleWebKit/600.1.17 (KHTML, like Gecko) Version/7.1 Safari/537.85.10"
