66.249.78.228 - - [01/May/2014:22:17:19 +0200] "GET /images/motive/logos/fis.jpg HTTP/1.1" 200 20913 "http://www.modeinstitut-berlin.de/referenzen/auszug/" "Mozilla/5.0 (iPhone; CPU iPhone OS 6_0_1 like Mac OS X) AppleWebKit/537.36 (KHTML, like Gecko; Google Page Speed Insights) Version/6.0 Mobile/10A525 Safari/8536.25 GoogleBot/2.1"
66.249.78.228 - - [01/May/2014:22:17:19 +0200] "GET /images/motive/logos/frasec.jpg HTTP/1.1" 200 19377 "http://www.modeinstitut-berlin.de/referenzen/auszug/" "Mozilla/5.0 (iPhone; CPU iPhone OS 6_0_1 like Mac OS X) AppleWebKit/537.36 (KHTML, like Gecko; Google Page Speed Insights) Version/6.0 Mobile/10A525 Safari/8536.25 GoogleBot/2.1"
66.249.78.228 - - [01/May/2014:22:17:20 +0200] "GET /includes/hover.js HTTP/1.1" 200 411 "http://www.modeinstitut-berlin.de/referenzen/auszug/" "Mozilla/5.0 (iPhone; CPU iPhone OS 6_0_1 like Mac OS X) AppleWebKit/537.36 (KHTML, like Gecko; Google Page Speed Insights) Version/6.0 Mobile/10A525 Safari/8536.25 GoogleBot/2.1"
66.249.78.228 - - [01/May/2014:22:17:20 +0200] "GET /images/motive/logos/gegenbauer.jpg HTTP/1.1" 200 15498 "http://www.modeinstitut-berlin.de/referenzen/auszug/" "Mozilla/5.0 (iPhone; CPU iPhone OS 6_0_1 like Mac OS X) AppleWebKit/537.36 (KHTML, like Gecko; Google Page Speed Insights) Version/6.0 Mobile/10A525 Safari/8536.25 GoogleBot/2.1"
66.249.78.228 - - [01/May/2014:22:17:21 +0200] "GET /images/motive/logos/deutschepost.gif HTTP/1.1" 200 1468 "http://www.modeinstitut-berlin.de/referenzen/auszug/" "Mozilla/5.0 (iPhone; CPU iPhone OS 6_0_1 like Mac OS X) AppleWebKit/537.36 (KHTML, like Gecko; Google Page Speed Insights) Version/6.0 Mobile/10A525 Safari/8536.25 GoogleBot/2.1"
66.249.78.228 - - [01/May/2014:22:17:21 +0200] "GET /images/motive/logos/Pin-Mail.jpg HTTP/1.1" 200 18155 "http://www.modeinstitut-berlin.de/referenzen/auszug/" "Mozilla/5.0 (iPhone; CPU iPhone OS 6_0_1 like Mac OS X) AppleWebKit/537.36 (KHTML, like Gecko; Google Page Speed Insights) Version/6.0 Mobile/10A525 Safari/8536.25 GoogleBot/2.1"
66.249.78.228 - - [01/May/2014:22:17:21 +0200] "GET /images/motive/logos/melia2.jpg HTTP/1.1" 200 6337 "http://www.modeinstitut-berlin.de/referenzen/auszug/" "Mozilla/5.0 (iPhone; CPU iPhone OS 6_0_1 like Mac OS X) AppleWebKit/537.36 (KHTML, like Gecko; Google Page Speed Insights) Version/6.0 Mobile/10A525 Safari/8536.25 GoogleBot/2.1"
66.249.78.228 - - [01/May/2014:22:17:22 +0200] "GET /images/motive/logos/vgf.jpg HTTP/1.1" 200 14122 "http://www.modeinstitut-berlin.de/referenzen/auszug/" "Mozilla/5.0 (iPhone; CPU iPhone OS 6_0_1 like Mac OS X) AppleWebKit/537.36 (KHTML, like Gecko; Google Page Speed Insights) Version/6.0 Mobile/10A525 Safari/8536.25 GoogleBot/2.1"
66.249.78.228 - - [01/May/2014:22:17:22 +0200] "GET /images/motive/logos/BT-Logo.png HTTP/1.1" 200 8730 "http://www.modeinstitut-berlin.de/referenzen/auszug/" "Mozilla/5.0 (iPhone; CPU iPhone OS 6_0_1 like Mac OS X) AppleWebKit/537.36 (KHTML, like Gecko; Google Page Speed Insights) Version/6.0 Mobile/10A525 Safari/8536.25 GoogleBot/2.1"
66.249.78.228 - - [01/May/2014:22:17:23 +0200] "GET /images/motive/logos/mvb.jpg HTTP/1.1" 200 20330 "http://www.modeinstitut-berlin.de/referenzen/auszug/" "Mozilla/5.0 (iPhone; CPU iPhone OS 6_0_1 like Mac OS X) AppleWebKit/537.36 (KHTML, like Gecko; Google Page Speed Insights) Version/6.0 Mobile/10A525 Safari/8536.25 GoogleBot/2.1"
66.249.78.228 - - [01/May/2014:22:17:23 +0200] "GET /Scripts/AC_RunActiveContent.js HTTP/1.1" 200 8029 "http://www.modeinstitut-berlin.de/referenzen/auszug/" "Mozilla/5.0 (iPhone; CPU iPhone OS 6_0_1 like Mac OS X) AppleWebKit/537.36 (KHTML, like Gecko; Google Page Speed Insights) Version/6.0 Mobile/10A525 Safari/8536.25 GoogleBot/2.1"
66.249.78.228 - - [01/May/2014:22:17:24 +0200] "GET /images/motive/logos/rnv-logo.jpg HTTP/1.1" 200 13013 "http://www.modeinstitut-berlin.de/referenzen/auszug/" "Mozilla/5.0 (iPhone; CPU iPhone OS 6_0_1 like Mac OS X) AppleWebKit/537.36 (KHTML, like Gecko; Google Page Speed Insights) Version/6.0 Mobile/10A525 Safari/8536.25 GoogleBot/2.1"
66.249.78.228 - - [01/May/2014:22:17:24 +0200] "GET /images/motive/logos/bundestag.jpg HTTP/1.1" 200 18038 "http://www.modeinstitut-berlin.de/referenzen/auszug/" "Mozilla/5.0 (iPhone; CPU iPhone OS 6_0_1 like Mac OS X) AppleWebKit/537.36 (KHTML, like Gecko; Google Page Speed Insights) Version/6.0 Mobile/10A525 Safari/8536.25 GoogleBot/2.1"
66.249.78.228 - - [01/May/2014:22:17:25 +0200] "GET /images/motive/logos/bayrischer.jpg HTTP/1.1" 200 15953 "http://www.modeinstitut-berlin.de/referenzen/auszug/" "Mozilla/5.0 (iPhone; CPU iPhone OS 6_0_1 like Mac OS X) AppleWebKit/537.36 (KHTML, like Gecko; Google Page Speed Insights) Version/6.0 Mobile/10A525 Safari/8536.25 GoogleBot/2.1"
66.249.78.228 - - [01/May/2014:22:17:25 +0200] "GET /images/motive/logos/bvg.jpg HTTP/1.1" 200 17033 "http://www.modeinstitut-berlin.de/referenzen/auszug/" "Mozilla/5.0 (iPhone; CPU iPhone OS 6_0_1 like Mac OS X) AppleWebKit/537.36 (KHTML, like Gecko; Google Page Speed Insights) Version/6.0 Mobile/10A525 Safari/8536.25 GoogleBot/2.1"
66.249.78.228 - - [01/May/2014:22:17:26 +0200] "GET /images/motive/logos/Logo-Kameha-Grand-Bonn.jpg HTTP/1.1" 200 17221 "http://www.modeinstitut-berlin.de/referenzen/auszug/" "Mozilla/5.0 (iPhone; CPU iPhone OS 6_0_1 like Mac OS X) AppleWebKit/537.36 (KHTML, like Gecko; Google Page Speed Insights) Version/6.0 Mobile/10A525 Safari/8536.25 GoogleBot/2.1"
66.249.78.228 - - [01/May/2014:22:17:26 +0200] "GET /images/motive/logos/mvg.jpg HTTP/1.1" 200 16049 "http://www.modeinstitut-berlin.de/referenzen/auszug/" "Mozilla/5.0 (iPhone; CPU iPhone OS 6_0_1 like Mac OS X) AppleWebKit/537.36 (KHTML, like Gecko; Google Page Speed Insights) Version/6.0 Mobile/10A525 Safari/8536.25 GoogleBot/2.1"
66.249.78.228 - - [01/May/2014:22:17:26 +0200] "GET /images/motive/logos/lvb.jpg HTTP/1.1" 200 24555 "http://www.modeinstitut-berlin.de/referenzen/auszug/" "Mozilla/5.0 (iPhone; CPU iPhone OS 6_0_1 like Mac OS X) AppleWebKit/537.36 (KHTML, like Gecko; Google Page Speed Insights) Version/6.0 Mobile/10A525 Safari/8536.25 GoogleBot/2.1"
66.249.78.228 - - [01/May/2014:22:17:27 +0200] "GET /images/motive/logos/globeground.jpg HTTP/1.1" 200 16348 "http://www.modeinstitut-berlin.de/referenzen/auszug/" "Mozilla/5.0 (iPhone; CPU iPhone OS 6_0_1 like Mac OS X) AppleWebKit/537.36 (KHTML, like Gecko; Google Page Speed Insights) Version/6.0 Mobile/10A525 Safari/8536.25 GoogleBot/2.1"
66.249.78.228 - - [01/May/2014:22:17:27 +0200] "GET /images/motive/logos/vag.jpg HTTP/1.1" 200 13744 "http://www.modeinstitut-berlin.de/referenzen/auszug/" "Mozilla/5.0 (iPhone; CPU iPhone OS 6_0_1 like Mac OS X) AppleWebKit/537.36 (KHTML, like Gecko; Google Page Speed Insights) Version/6.0 Mobile/10A525 Safari/8536.25 GoogleBot/2.1"
159.149.133.252 - - [01/May/2014:22:18:23 +0200] "GET /robots.txt HTTP/1.1" 200 317 "-" "BUbiNG (+http://law.di.unimi.it/BUbiNG.html)"
159.149.133.252 - - [01/May/2014:22:18:23 +0200] "GET / HTTP/1.1" 200 2050 "-" "BUbiNG (+http://law.di.unimi.it/BUbiNG.html)"
91.5.176.71 - - [01/May/2014:22:18:43 +0200] "GET /bestellsystem/kundenlogin/ HTTP/1.1" 200 4528 "https://www.google.de/" "Mozilla/5.0 (Windows NT 5.1) AppleWebKit/537.36 (KHTML, like Gecko) Chrome/34.0.1847.131 Safari/537.36"
91.5.176.71 - - [01/May/2014:22:18:43 +0200] "GET /css/newstyles.css HTTP/1.1" 200 9734 "http://www.modeinstitut-berlin.de/bestellsystem/kundenlogin/" "Mozilla/5.0 (Windows NT 5.1) AppleWebKit/537.36 (KHTML, like Gecko) Chrome/34.0.1847.131 Safari/537.36"
91.5.176.71 - - [01/May/2014:22:18:43 +0200] "GET /Scripts/AC_RunActiveContent.js HTTP/1.1" 200 8029 "http://www.modeinstitut-berlin.de/bestellsystem/kundenlogin/" "Mozilla/5.0 (Windows NT 5.1) AppleWebKit/537.36 (KHTML, like Gecko) Chrome/34.0.1847.131 Safari/537.36"
91.5.176.71 - - [01/May/2014:22:18:43 +0200] "GET /includes/hover.js HTTP/1.1" 200 411 "http://www.modeinstitut-berlin.de/bestellsystem/kundenlogin/" "Mozilla/5.0 (Windows NT 5.1) AppleWebKit/537.36 (KHTML, like Gecko) Chrome/34.0.1847.131 Safari/537.36"
91.5.176.71 - - [01/May/2014:22:18:44 +0200] "GET /images/layout/global-bg.jpg HTTP/1.1" 200 917 "http://www.modeinstitut-berlin.de/bestellsystem/kundenlogin/" "Mozilla/5.0 (Windows NT 5.1) AppleWebKit/537.36 (KHTML, like Gecko) Chrome/34.0.1847.131 Safari/537.36"
91.5.176.71 - - [01/May/2014:22:18:44 +0200] "GET /images/layout/bg-navi.jpg HTTP/1.1" 200 3342 "http://www.modeinstitut-berlin.de/bestellsystem/kundenlogin/" "Mozilla/5.0 (Windows NT 5.1) AppleWebKit/537.36 (KHTML, like Gecko) Chrome/34.0.1847.131 Safari/537.36"
91.5.176.71 - - [01/May/2014:22:18:44 +0200] "GET /images/layout/link.gif HTTP/1.1" 200 52 "http://www.modeinstitut-berlin.de/bestellsystem/kundenlogin/" "Mozilla/5.0 (Windows NT 5.1) AppleWebKit/537.36 (KHTML, like Gecko) Chrome/34.0.1847.131 Safari/537.36"
91.5.176.71 - - [01/May/2014:22:18:44 +0200] "GET /images/layout/bg-content-big-1.jpg HTTP/1.1" 200 46493 "http://www.modeinstitut-berlin.de/bestellsystem/kundenlogin/" "Mozilla/5.0 (Windows NT 5.1) AppleWebKit/537.36 (KHTML, like Gecko) Chrome/34.0.1847.131 Safari/537.36"
91.5.176.71 - - [01/May/2014:22:18:44 +0200] "GET /images/layout/wrapper-bg.jpg HTTP/1.1" 200 126878 "http://www.modeinstitut-berlin.de/bestellsystem/kundenlogin/" "Mozilla/5.0 (Windows NT 5.1) AppleWebKit/537.36 (KHTML, like Gecko) Chrome/34.0.1847.131 Safari/537.36"
91.5.176.71 - - [01/May/2014:22:18:44 +0200] "GET /favicon.ico HTTP/1.1" 404 1256 "-" "Mozilla/5.0 (Windows NT 5.1) AppleWebKit/537.36 (KHTML, like Gecko) Chrome/34.0.1847.131 Safari/537.36"
123.125.71.13 - - [01/May/2014:22:46:32 +0200] "GET / HTTP/1.1" 200 6854 "-" "Mozilla/5.0 (compatible; Baiduspider/2.0; +http://www.baidu.com/search/spider.html)"
220.181.108.163 - - [01/May/2014:22:49:21 +0200] "GET / HTTP/1.1" 200 6854 "-" "Mozilla/5.0 (compatible; Baiduspider/2.0; +http://www.baidu.com/search/spider.html)"
157.55.33.95 - - [01/May/2014:23:02:11 +0200] "GET /robots.txt HTTP/1.1" 200 317 "-" "Mozilla/5.0 (compatible; bingbot/2.0; +http://www.bing.com/bingbot.htm)"
93.199.168.14 - - [01/May/2014:23:04:40 +0200] "GET /bestellsystem/kundenlogin/ HTTP/1.1" 200 4528 "-" "Mozilla/5.0 (Windows NT 6.3; WOW64) AppleWebKit/537.36 (KHTML, like Gecko) Chrome/33.0.1750.154 Safari/537.36 OPR/20.0.1387.91 (Edition Campaign 21)"
93.199.168.14 - - [01/May/2014:23:04:41 +0200] "GET /favicon.ico HTTP/1.1" 404 1256 "-" "Mozilla/5.0 (Windows NT 6.3; WOW64) AppleWebKit/537.36 (KHTML, like Gecko) Chrome/33.0.1750.154 Safari/537.36 OPR/20.0.1387.91 (Edition Campaign 21)"
208.115.113.89 - - [01/May/2014:23:16:12 +0200] "GET /kontakt/kontaktdaten/ HTTP/1.1" 200 6304 "-" "Mozilla/5.0 (compatible; DotBot/1.1; http://www.opensiteexplorer.org/dotbot, help@moz.com)"
107.170.42.6 - - [01/May/2014:23:20:16 +0200] "GET /robots.txt HTTP/1.1" 301 367 "-" "Mozilla/5.0 (compatible; spbot/4.1.0; +http://OpenLinkProfiler.org/bot )"
107.170.42.6 - - [01/May/2014:23:20:16 +0200] "GET /robots.txt HTTP/1.1" 200 317 "-" "Mozilla/5.0 (compatible; spbot/4.1.0; +http://OpenLinkProfiler.org/bot )"
107.170.42.6 - - [01/May/2014:23:20:21 +0200] "GET / HTTP/1.1" 301 357 "-" "Mozilla/5.0 (compatible; spbot/4.1.0; +http://OpenLinkProfiler.org/bot )"
157.55.33.95 - - [01/May/2014:23:30:54 +0200] "GET /unternehmen/zertifizierung/Qualitaetsmanagement-ISO-9001/ HTTP/1.1" 200 5326 "-" "Mozilla/5.0 (compatible; bingbot/2.0; +http://www.bing.com/bingbot.htm)"
61.72.76.9 - - [01/May/2014:23:45:55 +0200] "GET / HTTP/1.1" 301 358 "-" "Mozilla/4.0 (compatible; MSIE 7.0; Windows NT 5.1)"
61.72.76.9 - - [01/May/2014:23:45:57 +0200] "GET / HTTP/1.1" 200 2050 "-" "Mozilla/4.0 (compatible; MSIE 7.0; Windows NT 5.1)"
61.72.76.9 - - [01/May/2014:23:45:58 +0200] "GET /Scripts/AC_RunActiveContent.js HTTP/1.1" 200 8029 "http://www.modeinstitut-berlin.de/" "Mozilla/4.0 (compatible; MSIE 7.0; Windows NT 5.1)"
61.72.76.9 - - [01/May/2014:23:46:09 +0200] "GET /css/newstyles.css HTTP/1.1" 200 9734 "http://www.modeinstitut-berlin.de/" "Mozilla/4.0 (compatible; MSIE 7.0; Windows NT 5.1)"
66.249.78.228 - - [01/May/2014:23:46:11 +0200] "GET /unternehmen/aktuelles/red-dot-design-award/ HTTP/1.1" 200 5647 "-" "Mozilla/5.0 (compatible; Googlebot/2.1; +http://www.google.com/bot.html)"
61.72.76.9 - - [01/May/2014:23:46:15 +0200] "GET /includes/hover.js HTTP/1.1" 200 411 "http://www.modeinstitut-berlin.de/" "Mozilla/4.0 (compatible; MSIE 7.0; Windows NT 5.1)"
61.72.76.9 - - [01/May/2014:23:46:16 +0200] "GET /css/iepngfix.htc HTTP/1.1" 200 2995 "-" "Mozilla/4.0 (compatible; MSIE 7.0; Windows NT 5.1)"
61.72.76.9 - - [01/May/2014:23:46:16 +0200] "GET /video/video.swf HTTP/1.1" 200 3107187 "http://www.modeinstitut-berlin.de/" "Mozilla/4.0 (compatible; MSIE 7.0; Windows NT 5.1)"
62.122.80.36 - - [01/May/2014:23:51:53 +0200] "GET /images/layout/nav-hover-all.jpg HTTP/1.0" 304 - "-" "Mozilla/4.0 (compatible;)"
66.249.78.228 - - [01/May/2014:23:54:58 +0200] "GET /unternehmen/zertifizierung/ HTTP/1.1" 200 5619 "-" "Mozilla/5.0 (compatible; Googlebot/2.1; +http://www.google.com/bot.html)"
62.122.80.36 - - [02/May/2014:00:06:35 +0200] "GET /images/layout/bg-navi.jpg HTTP/1.0" 304 - "-" "Mozilla/4.0 (compatible;)"
193.111.141.44 - - [02/May/2014:00:20:00 +0200] "GET /kontakt/kontaktdaten/ HTTP/1.1" 200 6304 "-" "Mozilla/5.0 (Windows NT 6.1; WOW64; rv:11.0) Gecko Firefox/11.0"
144.76.155.8 - - [02/May/2014:00:20:00 +0200] "GET /impressum/ HTTP/1.1" 200 5301 "-" "Mozilla/5.0 (Macintosh; Intel Mac OS X 10_7_5) AppleWebKit/537.36 (KHTML, like Gecko) Chrome/27.0.1453.93 Safari/537.36"
148.251.75.46 - - [02/May/2014:00:20:01 +0200] "GET /unternehmen/firmenprofil/ HTTP/1.1" 200 6712 "-" "Mozilla/5.0 (Windows NT 6.2; WOW64) AppleWebKit/537.36 (KHTML, like Gecko) Chrome/27.0.1453.93 Safari/537.36"
62.122.80.36 - - [02/May/2014:00:29:47 +0200] "GET /images/layout/nav-drop-foot.png HTTP/1.0" 304 - "-" "Mozilla/4.0 (compatible;)"
199.30.24.36 - - [02/May/2014:00:32:15 +0200] "GET /css/newstyles.css HTTP/1.1" 200 9734 "http://www.modeinstitut-berlin.de/unternehmen/zertifizierung/Qualitaetsmanagement-ISO-9001/" "Mozilla/5.0 (Windows NT 6.1; WOW64) AppleWebKit/534+ (KHTML, like Gecko) BingPreview/1.0b"
199.30.24.36 - - [02/May/2014:00:32:15 +0200] "GET /images/layout/global-bg.jpg HTTP/1.1" 200 917 "http://www.modeinstitut-berlin.de/unternehmen/zertifizierung/Qualitaetsmanagement-ISO-9001/" "Mozilla/5.0 (Windows NT 6.1; WOW64) AppleWebKit/534+ (KHTML, like Gecko) BingPreview/1.0b"
199.30.24.36 - - [02/May/2014:00:32:16 +0200] "GET /images/layout/bg-navi.jpg HTTP/1.1" 200 3342 "http://www.modeinstitut-berlin.de/unternehmen/zertifizierung/Qualitaetsmanagement-ISO-9001/" "Mozilla/5.0 (Windows NT 6.1; WOW64) AppleWebKit/534+ (KHTML, like Gecko) BingPreview/1.0b"
199.30.24.36 - - [02/May/2014:00:32:16 +0200] "GET /images/layout/link.gif HTTP/1.1" 200 52 "http://www.modeinstitut-berlin.de/unternehmen/zertifizierung/Qualitaetsmanagement-ISO-9001/" "Mozilla/5.0 (Windows NT 6.1; WOW64) AppleWebKit/534+ (KHTML, like Gecko) BingPreview/1.0b"
199.30.24.36 - - [02/May/2014:00:32:16 +0200] "GET /images/layout/bg-content-big-1.jpg HTTP/1.1" 200 46493 "http://www.modeinstitut-berlin.de/unternehmen/zertifizierung/Qualitaetsmanagement-ISO-9001/" "Mozilla/5.0 (Windows NT 6.1; WOW64) AppleWebKit/534+ (KHTML, like Gecko) BingPreview/1.0b"
199.30.24.36 - - [02/May/2014:00:32:16 +0200] "GET /images/layout/wrapper-bg.jpg HTTP/1.1" 200 126878 "http://www.modeinstitut-berlin.de/unternehmen/zertifizierung/Qualitaetsmanagement-ISO-9001/" "Mozilla/5.0 (Windows NT 6.1; WOW64) AppleWebKit/534+ (KHTML, like Gecko) BingPreview/1.0b"
68.180.225.110 - - [02/May/2014:00:39:45 +0200] "GET /images/motive/Urkunde_Familienfreundlicher_Betrieb.jpg HTTP/1.1" 200 70385 "-" "Mozilla/5.0 (compatible; Yahoo! Slurp; http://help.yahoo.com/help/us/ysearch/slurp)"
101.226.167.199 - - [02/May/2014:00:45:17 +0200] "GET /robots.txt HTTP/1.1" 200 317 "http://www.modeinstitut-berlin.de/robots.txt" "Mozilla/5.0 (Windows NT 6.1) AppleWebKit/537.1 (KHTML, like Gecko) Chrome/21.0.1180.89 Safari/537.1; 360Spider"
123.125.71.44 - - [02/May/2014:00:48:48 +0200] "GET / HTTP/1.1" 200 6854 "-" "Mozilla/5.0 (compatible; Baiduspider/2.0; +http://www.baidu.com/search/spider.html)"
220.181.108.107 - - [02/May/2014:00:49:26 +0200] "GET / HTTP/1.1" 200 6854 "-" "Mozilla/5.0 (compatible; Baiduspider/2.0; +http://www.baidu.com/search/spider.html)"
89.246.183.131 - - [02/May/2014:01:02:13 +0200] "GET /bestellsystem/kundenlogin/ HTTP/1.1" 200 4528 "http://de.search.yahoo.com/search?fr=chr-greentree_gc&ei=utf-8&ilc=12&type=402027&p=modeinstitut+berlin" "Mozilla/5.0 (Windows NT 6.3; WOW64) AppleWebKit/537.36 (KHTML, like Gecko) Chrome/34.0.1847.131 Safari/537.36"
89.246.183.131 - - [02/May/2014:01:02:13 +0200] "GET /css/newstyles.css HTTP/1.1" 200 9734 "http://www.modeinstitut-berlin.de/bestellsystem/kundenlogin/" "Mozilla/5.0 (Windows NT 6.3; WOW64) AppleWebKit/537.36 (KHTML, like Gecko) Chrome/34.0.1847.131 Safari/537.36"
89.246.183.131 - - [02/May/2014:01:02:13 +0200] "GET /Scripts/AC_RunActiveContent.js HTTP/1.1" 200 8029 "http://www.modeinstitut-berlin.de/bestellsystem/kundenlogin/" "Mozilla/5.0 (Windows NT 6.3; WOW64) AppleWebKit/537.36 (KHTML, like Gecko) Chrome/34.0.1847.131 Safari/537.36"
89.246.183.131 - - [02/May/2014:01:02:13 +0200] "GET /includes/hover.js HTTP/1.1" 200 411 "http://www.modeinstitut-berlin.de/bestellsystem/kundenlogin/" "Mozilla/5.0 (Windows NT 6.3; WOW64) AppleWebKit/537.36 (KHTML, like Gecko) Chrome/34.0.1847.131 Safari/537.36"
89.246.183.131 - - [02/May/2014:01:02:13 +0200] "GET /images/layout/global-bg.jpg HTTP/1.1" 200 917 "http://www.modeinstitut-berlin.de/bestellsystem/kundenlogin/" "Mozilla/5.0 (Windows NT 6.3; WOW64) AppleWebKit/537.36 (KHTML, like Gecko) Chrome/34.0.1847.131 Safari/537.36"
89.246.183.131 - - [02/May/2014:01:02:13 +0200] "GET /images/layout/bg-navi.jpg HTTP/1.1" 200 3342 "http://www.modeinstitut-berlin.de/bestellsystem/kundenlogin/" "Mozilla/5.0 (Windows NT 6.3; WOW64) AppleWebKit/537.36 (KHTML, like Gecko) Chrome/34.0.1847.131 Safari/537.36"
89.246.183.131 - - [02/May/2014:01:02:13 +0200] "GET /images/layout/link.gif HTTP/1.1" 200 52 "http://www.modeinstitut-berlin.de/bestellsystem/kundenlogin/" "Mozilla/5.0 (Windows NT 6.3; WOW64) AppleWebKit/537.36 (KHTML, like Gecko) Chrome/34.0.1847.131 Safari/537.36"
89.246.183.131 - - [02/May/2014:01:02:13 +0200] "GET /images/layout/bg-content-big-1.jpg HTTP/1.1" 200 46493 "http://www.modeinstitut-berlin.de/bestellsystem/kundenlogin/" "Mozilla/5.0 (Windows NT 6.3; WOW64) AppleWebKit/537.36 (KHTML, like Gecko) Chrome/34.0.1847.131 Safari/537.36"
89.246.183.131 - - [02/May/2014:01:02:13 +0200] "GET /images/layout/wrapper-bg.jpg HTTP/1.1" 200 126878 "http://www.modeinstitut-berlin.de/bestellsystem/kundenlogin/" "Mozilla/5.0 (Windows NT 6.3; WOW64) AppleWebKit/537.36 (KHTML, like Gecko) Chrome/34.0.1847.131 Safari/537.36"
89.246.183.131 - - [02/May/2014:01:02:13 +0200] "GET /favicon.ico HTTP/1.1" 404 1256 "-" "Mozilla/5.0 (Windows NT 6.3; WOW64) AppleWebKit/537.36 (KHTML, like Gecko) Chrome/34.0.1847.131 Safari/537.36"
157.56.92.152 - - [02/May/2014:01:05:17 +0200] "GET / HTTP/1.1" 200 2050 "-" "Mozilla/5.0 (compatible; bingbot/2.0; +http://www.bing.com/bingbot.htm)"
157.56.93.61 - - [02/May/2014:01:07:06 +0200] "GET /impressum/ HTTP/1.1" 200 5301 "-" "Mozilla/5.0 (compatible; bingbot/2.0; +http://www.bing.com/bingbot.htm)"
89.246.183.131 - - [02/May/2014:01:09:49 +0200] "GET /images/layout/nav-hover-all.jpg HTTP/1.1" 200 332 "http://www.modeinstitut-berlin.de/bestellsystem/kundenlogin/" "Mozilla/5.0 (Windows NT 6.3; WOW64) AppleWebKit/537.36 (KHTML, like Gecko) Chrome/34.0.1847.131 Safari/537.36"
89.246.183.131 - - [02/May/2014:01:09:49 +0200] "GET /images/layout/nav-drop-foot.png HTTP/1.1" 200 42670 "http://www.modeinstitut-berlin.de/bestellsystem/kundenlogin/" "Mozilla/5.0 (Windows NT 6.3; WOW64) AppleWebKit/537.36 (KHTML, like Gecko) Chrome/34.0.1847.131 Safari/537.36"
66.249.78.228 - - [02/May/2014:01:13:59 +0200] "GET / HTTP/1.1" 200 2050 "-" "Mozilla/5.0 (compatible; Googlebot/2.1; +http://www.google.com/bot.html)"
206.253.164.239 - - [02/May/2014:01:14:37 +0200] "GET / HTTP/1.0" 301 358 "-" "-"
206.253.164.239 - - [02/May/2014:01:14:38 +0200] "GET /wp-login.php HTTP/1.0" 301 370 "-" "-"
206.253.164.239 - - [02/May/2014:01:14:38 +0200] "GET /administrator/index.php HTTP/1.0" 301 381 "-" "-"
66.249.78.228 - - [02/May/2014:01:19:51 +0200] "GET /bestellsystem/kundenlogin/ HTTP/1.1" 200 4528 "-" "Mozilla/5.0 (compatible; Googlebot/2.1; +http://www.google.com/bot.html)"
62.122.80.36 - - [02/May/2014:01:19:52 +0200] "GET /css/iepngfix.htc HTTP/1.0" 304 - "-" "Mozilla/4.0 (compatible;)"
93.199.168.14 - - [02/May/2014:01:21:10 +0200] "GET /bestellsystem/kundenlogin/ HTTP/1.1" 200 4528 "-" "Mozilla/5.0 (Windows NT 6.3; WOW64) AppleWebKit/537.36 (KHTML, like Gecko) Chrome/33.0.1750.154 Safari/537.36 OPR/20.0.1387.91 (Edition Campaign 21)"
93.199.168.14 - - [02/May/2014:01:21:10 +0200] "GET /favicon.ico HTTP/1.1" 404 1256 "-" "Mozilla/5.0 (Windows NT 6.3; WOW64) AppleWebKit/537.36 (KHTML, like Gecko) Chrome/33.0.1750.154 Safari/537.36 OPR/20.0.1387.91 (Edition Campaign 21)"
208.115.113.89 - - [02/May/2014:01:35:24 +0200] "GET /robots.txt HTTP/1.1" 200 317 "-" "Mozilla/5.0 (compatible; DotBot/1.1; http://www.opensiteexplorer.org/dotbot, help@moz.com)"
64.246.187.42 - - [02/May/2014:01:59:00 +0200] "GET /robots.txt HTTP/1.0" 301 367 "-" "Mozilla/5.0 (Windows; U; Windows NT 5.1; en; rv:1.9.0.13) Gecko/2009073022 Firefox/3.5.2 (.NET CLR 3.5.30729) SurveyBot/2.3 (DomainTools)"
64.246.187.42 - - [02/May/2014:01:59:01 +0200] "GET / HTTP/1.1" 301 357 "http://whois.domaintools.com/hotelkleidung.com" "Mozilla/5.0 (Windows; U; Windows NT 5.1; en; rv:1.9.0.13) Gecko/2009073022 Firefox/3.5.2 (.NET CLR 3.5.30729) SurveyBot/2.3 (DomainTools)"
64.246.187.42 - - [02/May/2014:01:59:01 +0200] "GET / HTTP/1.1" 200 2050 "http://whois.domaintools.com/hotelkleidung.com" "Mozilla/5.0 (Windows; U; Windows NT 5.1; en; rv:1.9.0.13) Gecko/2009073022 Firefox/3.5.2 (.NET CLR 3.5.30729) SurveyBot/2.3 (DomainTools)"
66.249.78.228 - - [02/May/2014:02:03:45 +0200] "GET /produkt/design/hotelbekleidung/ HTTP/1.1" 200 6525 "-" "Mozilla/5.0 (compatible; Googlebot/2.1; +http://www.google.com/bot.html)"
66.249.78.228 - - [02/May/2014:02:07:18 +0200] "GET /images/flash/hotels HTTP/1.1" 404 1256 "-" "Mozilla/5.0 (compatible; Googlebot/2.1; +http://www.google.com/bot.html)"
157.55.33.15 - - [02/May/2014:02:08:53 +0200] "GET /includes/hover.js HTTP/1.1" 200 411 "-" "Mozilla/5.0 (compatible; bingbot/2.0; +http://www.bing.com/bingbot.htm)"
66.249.78.228 - - [02/May/2014:02:19:53 +0200] "GET /images/motive/logos/BVG-klein.jpg HTTP/1.1" 304 - "-" "Googlebot-Image/1.0"
157.55.33.23 - - [02/May/2014:02:20:13 +0200] "GET /unternehmen/servicecenter/Service-Center-Berlin-Schoeneberg/ HTTP/1.1" 200 7491 "-" "Mozilla/5.0 (compatible; bingbot/2.0; +http://www.bing.com/bingbot.htm)"
66.249.78.228 - - [02/May/2014:02:27:09 +0200] "GET /produkt/design/verkehrsunternehmen/ HTTP/1.1" 200 6651 "-" "Mozilla/5.0 (compatible; Googlebot/2.1; +http://www.google.com/bot.html)"
157.55.33.95 - - [02/May/2014:02:43:33 +0200] "GET /unternehmen/zertifizierung/Qualitaetsmanagement-ISO-9001/ HTTP/1.1" 200 5326 "-" "Mozilla/5.0 (compatible; bingbot/2.0; +http://www.bing.com/bingbot.htm)"
176.9.143.40 - - [02/May/2014:02:51:08 +0200] "GET /unternehmen/stellenangebote/ HTTP/1.1" 200 5152 "-" "Mozilla/5.0 (X11; Ubuntu; Linux x86_64; rv:27.0) Gecko/20100101 Firefox/27.0"
62.122.80.36 - - [02/May/2014:02:58:29 +0200] "GET /Scripts/AC_RunActiveContent.js HTTP/1.0" 304 - "-" "Mozilla/4.0 (compatible;)"
5.9.42.111 - - [02/May/2014:03:18:27 +0200] "GET /robots.txt HTTP/1.1" 200 317 "-" "Mozilla/5.0 (X11; Ubuntu; Linux x86_64; rv:27.0) Gecko/20100101 Firefox/27.0"
5.9.42.111 - - [02/May/2014:03:18:27 +0200] "GET / HTTP/1.1" 200 2050 "-" "Mozilla/5.0 (X11; Ubuntu; Linux x86_64; rv:27.0) Gecko/20100101 Firefox/27.0"
5.9.42.111 - - [02/May/2014:03:18:33 +0200] "GET /unternehmen/stellenangebote/ HTTP/1.1" 200 5152 "-" "Mozilla/5.0 (X11; Ubuntu; Linux x86_64; rv:27.0) Gecko/20100101 Firefox/27.0"
5.9.42.111 - - [02/May/2014:03:18:39 +0200] "GET /css/newstyles.css HTTP/1.1" 200 9734 "-" "Mozilla/5.0 (X11; Ubuntu; Linux x86_64; rv:27.0) Gecko/20100101 Firefox/27.0"
5.9.42.111 - - [02/May/2014:03:18:45 +0200] "GET /unternehmen/aktuelles/ HTTP/1.1" 200 5767 "-" "Mozilla/5.0 (X11; Ubuntu; Linux x86_64; rv:27.0) Gecko/20100101 Firefox/27.0"
5.9.42.111 - - [02/May/2014:03:19:01 +0200] "GET /unternehmensbekleidung/ HTTP/1.1" 200 2308 "-" "Mozilla/5.0 (X11; Ubuntu; Linux x86_64; rv:27.0) Gecko/20100101 Firefox/27.0"
5.9.42.111 - - [02/May/2014:03:19:13 +0200] "GET /unternehmen/firmenprofil/ HTTP/1.1" 200 1948 "-" "Mozilla/5.0 (X11; Ubuntu; Linux x86_64; rv:27.0) Gecko/20100101 Firefox/27.0"
5.9.42.111 - - [02/May/2014:03:19:17 +0200] "GET /produkt/design/ HTTP/1.1" 200 6495 "-" "Mozilla/5.0 (X11; Ubuntu; Linux x86_64; rv:27.0) Gecko/20100101 Firefox/27.0"
5.9.42.111 - - [02/May/2014:03:19:24 +0200] "GET /produkt/design/verkehrsunternehmen/ HTTP/1.1" 200 6651 "-" "Mozilla/5.0 (X11; Ubuntu; Linux x86_64; rv:27.0) Gecko/20100101 Firefox/27.0"
5.9.42.111 - - [02/May/2014:03:19:26 +0200] "GET /produkt/service/ HTTP/1.1" 200 6034 "-" "Mozilla/5.0 (X11; Ubuntu; Linux x86_64; rv:27.0) Gecko/20100101 Firefox/27.0"
5.9.42.111 - - [02/May/2014:03:19:33 +0200] "GET /produkt/logistik/ HTTP/1.1" 200 6302 "-" "Mozilla/5.0 (X11; Ubuntu; Linux x86_64; rv:27.0) Gecko/20100101 Firefox/27.0"
5.9.42.111 - - [02/May/2014:03:19:36 +0200] "GET /unternehmen/aktuelles/Alpine-Fox-Logistikpartner/ HTTP/1.1" 200 1956 "-" "Mozilla/5.0 (X11; Ubuntu; Linux x86_64; rv:27.0) Gecko/20100101 Firefox/27.0"
5.9.42.111 - - [02/May/2014:03:19:42 +0200] "GET /produkt/produktion/ HTTP/1.1" 200 6399 "-" "Mozilla/5.0 (X11; Ubuntu; Linux x86_64; rv:27.0) Gecko/20100101 Firefox/27.0"
5.9.42.111 - - [02/May/2014:03:19:47 +0200] "GET /produkt/design/hotelbekleidung/ HTTP/1.1" 200 6525 "-" "Mozilla/5.0 (X11; Ubuntu; Linux x86_64; rv:27.0) Gecko/20100101 Firefox/27.0"
5.9.42.111 - - [02/May/2014:03:19:50 +0200] "GET /produkt/design/dienstkleidung/ HTTP/1.1" 200 6773 "-" "Mozilla/5.0 (X11; Ubuntu; Linux x86_64; rv:27.0) Gecko/20100101 Firefox/27.0"
66.249.78.228 - - [02/May/2014:03:19:51 +0200] "GET /unternehmen/aktuelles/ HTTP/1.1" 200 5767 "-" "Mozilla/5.0 (compatible; Googlebot/2.1; +http://www.google.com/bot.html)"
5.9.42.111 - - [02/May/2014:03:19:54 +0200] "GET /produkt/design/behoerden/ HTTP/1.1" 200 6562 "-" "Mozilla/5.0 (X11; Ubuntu; Linux x86_64; rv:27.0) Gecko/20100101 Firefox/27.0"
5.9.42.111 - - [02/May/2014:03:19:54 +0200] "GET /produkt/design/industrie/ HTTP/1.1" 200 6419 "-" "Mozilla/5.0 (X11; Ubuntu; Linux x86_64; rv:27.0) Gecko/20100101 Firefox/27.0"
5.9.42.111 - - [02/May/2014:03:19:58 +0200] "GET /unternehmen/servicecenter/ HTTP/1.1" 200 5785 "-" "Mozilla/5.0 (X11; Ubuntu; Linux x86_64; rv:27.0) Gecko/20100101 Firefox/27.0"
5.9.42.111 - - [02/May/2014:03:20:03 +0200] "GET /unternehmen/servicecenter/Service-Center-Berlin-Pankow/ HTTP/1.1" 200 7904 "-" "Mozilla/5.0 (X11; Ubuntu; Linux x86_64; rv:27.0) Gecko/20100101 Firefox/27.0"
5.9.42.111 - - [02/May/2014:03:20:09 +0200] "GET /unternehmen/servicecenter/Service-Center-Frankfurt/ HTTP/1.1" 200 7384 "-" "Mozilla/5.0 (X11; Ubuntu; Linux x86_64; rv:27.0) Gecko/20100101 Firefox/27.0"
5.9.42.111 - - [02/May/2014:03:20:13 +0200] "GET /unternehmen/servicecenter/Service-Center-Berlin-Schoeneberg/ HTTP/1.1" 200 7491 "-" "Mozilla/5.0 (X11; Ubuntu; Linux x86_64; rv:27.0) Gecko/20100101 Firefox/27.0"
5.9.42.111 - - [02/May/2014:03:20:17 +0200] "GET /unternehmen/servicecenter/Service-Center-Leipzig/ HTTP/1.1" 200 6937 "-" "Mozilla/5.0 (X11; Ubuntu; Linux x86_64; rv:27.0) Gecko/20100101 Firefox/27.0"
208.115.113.89 - - [02/May/2014:03:26:11 +0200] "GET /produkt/logistik/ HTTP/1.1" 200 6302 "-" "Mozilla/5.0 (compatible; DotBot/1.1; http://www.opensiteexplorer.org/dotbot, help@moz.com)"
62.122.80.36 - - [02/May/2014:03:26:48 +0200] "GET /video/video.swf HTTP/1.0" 304 - "-" "Mozilla/4.0 (compatible;)"
64.74.215.113 - - [02/May/2014:03:33:49 +0200] "HEAD / HTTP/1.1" 301 - "-" "'Mozilla/5.0 (compatible; MSIE 9.0; Windows NT 6.1; Trident/5.0)'"
64.74.215.113 - - [02/May/2014:03:33:49 +0200] "HEAD / HTTP/1.1" 200 - "-" "'Mozilla/5.0 (compatible; MSIE 9.0; Windows NT 6.1; Trident/5.0)'"
66.249.78.228 - - [02/May/2014:03:34:28 +0200] "GET /unternehmen/aktuelles/sechstagerennen/ HTTP/1.1" 200 5322 "-" "Mozilla/5.0 (compatible; Googlebot/2.1; +http://www.google.com/bot.html)"
62.122.80.36 - - [02/May/2014:03:46:27 +0200] "GET /images/layout/bg-content-big-1.jpg HTTP/1.0" 304 - "-" "Mozilla/4.0 (compatible;)"
141.8.147.12 - - [02/May/2014:03:49:36 +0200] "GET / HTTP/1.1" 301 357 "-" "Mozilla/5.0 (compatible; YandexBot/3.0; +http://yandex.com/bots)"
141.8.147.12 - - [02/May/2014:03:49:38 +0200] "GET / HTTP/1.1" 200 2050 "-" "Mozilla/5.0 (compatible; YandexBot/3.0; +http://yandex.com/bots)"
62.122.80.36 - - [02/May/2014:03:56:53 +0200] "GET /images/motive/Logo9001_5.png HTTP/1.0" 304 - "-" "Mozilla/4.0 (compatible;)"
157.55.33.105 - - [02/May/2014:03:58:29 +0200] "GET /unternehmen/aktuelles/wowereit/ HTTP/1.1" 200 7480 "-" "Mozilla/5.0 (compatible; bingbot/2.0; +http://www.bing.com/bingbot.htm)"
66.249.78.228 - - [02/May/2014:04:38:52 +0200] "GET /unternehmen/aktuelles/Trageversuch-BVG/ HTTP/1.1" 200 5787 "-" "Mozilla/5.0 (compatible; Googlebot/2.1; +http://www.google.com/bot.html)"
66.249.78.228 - - [02/May/2014:04:41:48 +0200] "GET /unternehmen/servicecenter/Service-Center-Frankfurt/ HTTP/1.1" 200 7384 "-" "Mozilla/5.0 (compatible; Googlebot/2.1; +http://www.google.com/bot.html)"
66.249.78.228 - - [02/May/2014:04:53:30 +0200] "GET /produkt/design/behoerden/ HTTP/1.1" 200 6562 "-" "Mozilla/5.0 (compatible; Googlebot/2.1; +http://www.google.com/bot.html)"
144.76.155.8 - - [02/May/2014:05:04:27 +0200] "GET /unternehmen/firmenprofil/ HTTP/1.1" 200 6712 "-" "Mozilla/5.0 (Windows NT 6.1) AppleWebKit/537.36 (KHTML, like Gecko) Chrome/27.0.1453.93 Safari/537.36"
81.7.13.161 - - [02/May/2014:05:04:27 +0200] "GET /kontakt/kontaktdaten/ HTTP/1.1" 200 6304 "-" "Mozilla/5.0 (Macintosh; Intel Mac OS X 1084) AppleWebKit/536.29.13 (KHTML like Gecko) Version/6.0.4 Safari/536.29.13"
148.251.75.46 - - [02/May/2014:05:04:31 +0200] "GET /impressum/ HTTP/1.1" 200 5301 "-" "Mozilla/5.0 (Windows NT 6.1; WOW64; rv:18.0) Gecko/20100101 Firefox/18.0"
65.55.215.43 - - [02/May/2014:05:07:26 +0200] "GET /robots.txt HTTP/1.1" 200 317 "-" "msnbot-media/1.1 (+http://search.msn.com/msnbot.htm)"
65.55.215.43 - - [02/May/2014:05:07:27 +0200] "GET /images/motive/Alpine-Fox.jpg HTTP/1.1" 200 16521 "-" "msnbot-media/1.1 (+http://search.msn.com/msnbot.htm)"
66.249.78.228 - - [02/May/2014:05:34:28 +0200] "GET /produkt/service/ HTTP/1.1" 200 6034 "-" "Mozilla/5.0 (compatible; Googlebot/2.1; +http://www.google.com/bot.html)"
5.9.20.44 - - [02/May/2014:05:41:03 +0200] "GET /unternehmen/stellenangebote/ HTTP/1.1" 200 5152 "-" "Mozilla/5.0 (X11; Ubuntu; Linux x86_64; rv:27.0) Gecko/20100101 Firefox/27.0"
66.249.78.228 - - [02/May/2014:06:21:18 +0200] "GET /kontakt/kontaktdaten/ HTTP/1.1" 200 6304 "-" "Mozilla/5.0 (compatible; Googlebot/2.1; +http://www.google.com/bot.html)"
50.30.40.208 - - [02/May/2014:06:34:44 +0200] "GET /bestellsystem/kundenlogin/ HTTP/1.1" 200 4528 "http://www.loadtime.net/website/www.modeinstitut-berlin.de" "Mozilla/5.0 (compatible; LoadTimeBot/0.9; +http://www.loadtime.net/bot.html)"
42.156.139.46 - - [02/May/2014:06:43:55 +0200] "GET / HTTP/1.1" 200 2050 "-" "YisouSpider"
148.251.23.114 - - [02/May/2014:06:58:55 +0200] "GET /robots.txt HTTP/1.0" 301 368 "-" "Mozilla/5.0 (compatible; MJ12bot/v1.4.5; http://www.majestic12.co.uk/bot.php?+)"
148.251.23.114 - - [02/May/2014:06:58:56 +0200] "GET /robots.txt HTTP/1.0" 200 317 "-" "Mozilla/5.0 (compatible; MJ12bot/v1.4.5; http://www.majestic12.co.uk/bot.php?+)"
148.251.23.114 - - [02/May/2014:06:58:57 +0200] "GET / HTTP/1.0" 301 358 "-" "Mozilla/5.0 (compatible; MJ12bot/v1.4.5; http://www.majestic12.co.uk/bot.php?+)"
148.251.23.114 - - [02/May/2014:06:58:58 +0200] "GET /robots.txt HTTP/1.0" 200 317 "-" "Mozilla/5.0 (compatible; MJ12bot/v1.4.5; http://www.majestic12.co.uk/bot.php?+)"
148.251.23.114 - - [02/May/2014:06:59:00 +0200] "GET / HTTP/1.0" 200 6854 "-" "Mozilla/5.0 (compatible; MJ12bot/v1.4.5; http://www.majestic12.co.uk/bot.php?+)"
93.211.248.19 - - [02/May/2014:07:02:17 +0200] "GET /retourenbeleg HTTP/1.1" 301 376 "-" "Mozilla/4.0 (compatible; MSIE 8.0; Windows NT 5.1; Trident/4.0; .NET CLR 1.1.4322; .NET CLR 2.0.50727; .NET CLR 3.0.4506.2152; .NET CLR 3.5.30729; InfoPath.2; HN)"
93.211.248.19 - - [02/May/2014:07:02:17 +0200] "GET /retourenbeleg/ HTTP/1.1" 200 1600 "-" "Mozilla/4.0 (compatible; MSIE 8.0; Windows NT 5.1; Trident/4.0; .NET CLR 1.1.4322; .NET CLR 2.0.50727; .NET CLR 3.0.4506.2152; .NET CLR 3.5.30729; InfoPath.2; HN)"
93.211.248.19 - - [02/May/2014:07:02:18 +0200] "GET /css/newstyles.css HTTP/1.1" 200 9734 "http://www.modeinstitut-berlin.de/retourenbeleg/" "Mozilla/4.0 (compatible; MSIE 8.0; Windows NT 5.1; Trident/4.0; .NET CLR 1.1.4322; .NET CLR 2.0.50727; .NET CLR 3.0.4506.2152; .NET CLR 3.5.30729; InfoPath.2; HN)"
93.211.248.19 - - [02/May/2014:07:02:18 +0200] "GET /images/layout/global-bg.jpg HTTP/1.1" 200 917 "http://www.modeinstitut-berlin.de/retourenbeleg/" "Mozilla/4.0 (compatible; MSIE 8.0; Windows NT 5.1; Trident/4.0; .NET CLR 1.1.4322; .NET CLR 2.0.50727; .NET CLR 3.0.4506.2152; .NET CLR 3.5.30729; InfoPath.2; HN)"
93.211.248.19 - - [02/May/2014:07:02:18 +0200] "GET /Scripts/AC_RunActiveContent.js HTTP/1.1" 200 8029 "http://www.modeinstitut-berlin.de/retourenbeleg/" "Mozilla/4.0 (compatible; MSIE 8.0; Windows NT 5.1; Trident/4.0; .NET CLR 1.1.4322; .NET CLR 2.0.50727; .NET CLR 3.0.4506.2152; .NET CLR 3.5.30729; InfoPath.2; HN)"
93.211.248.19 - - [02/May/2014:07:02:18 +0200] "GET /includes/hover.js HTTP/1.1" 200 411 "http://www.modeinstitut-berlin.de/retourenbeleg/" "Mozilla/4.0 (compatible; MSIE 8.0; Windows NT 5.1; Trident/4.0; .NET CLR 1.1.4322; .NET CLR 2.0.50727; .NET CLR 3.0.4506.2152; .NET CLR 3.5.30729; InfoPath.2; HN)"
93.211.248.19 - - [02/May/2014:07:02:19 +0200] "GET /images/layout/bg-navi.jpg HTTP/1.1" 200 3342 "http://www.modeinstitut-berlin.de/retourenbeleg/" "Mozilla/4.0 (compatible; MSIE 8.0; Windows NT 5.1; Trident/4.0; .NET CLR 1.1.4322; .NET CLR 2.0.50727; .NET CLR 3.0.4506.2152; .NET CLR 3.5.30729; InfoPath.2; HN)"
93.211.248.19 - - [02/May/2014:07:02:19 +0200] "GET /images/layout/wrapper-bg.jpg HTTP/1.1" 200 126878 "http://www.modeinstitut-berlin.de/retourenbeleg/" "Mozilla/4.0 (compatible; MSIE 8.0; Windows NT 5.1; Trident/4.0; .NET CLR 1.1.4322; .NET CLR 2.0.50727; .NET CLR 3.0.4506.2152; .NET CLR 3.5.30729; InfoPath.2; HN)"
93.211.248.19 - - [02/May/2014:07:02:19 +0200] "GET /images/layout/bg-content-big-1.jpg HTTP/1.1" 200 46493 "http://www.modeinstitut-berlin.de/retourenbeleg/" "Mozilla/4.0 (compatible; MSIE 8.0; Windows NT 5.1; Trident/4.0; .NET CLR 1.1.4322; .NET CLR 2.0.50727; .NET CLR 3.0.4506.2152; .NET CLR 3.5.30729; InfoPath.2; HN)"
93.211.248.19 - - [02/May/2014:07:02:19 +0200] "GET /images/layout/link.gif HTTP/1.1" 200 52 "http://www.modeinstitut-berlin.de/retourenbeleg/" "Mozilla/4.0 (compatible; MSIE 8.0; Windows NT 5.1; Trident/4.0; .NET CLR 1.1.4322; .NET CLR 2.0.50727; .NET CLR 3.0.4506.2152; .NET CLR 3.5.30729; InfoPath.2; HN)"
93.211.248.19 - - [02/May/2014:07:02:21 +0200] "GET /images/layout/nav-drop-foot.png HTTP/1.1" 200 42670 "http://www.modeinstitut-berlin.de/retourenbeleg/" "Mozilla/4.0 (compatible; MSIE 8.0; Windows NT 5.1; Trident/4.0; .NET CLR 1.1.4322; .NET CLR 2.0.50727; .NET CLR 3.0.4506.2152; .NET CLR 3.5.30729; InfoPath.2; HN)"
124.129.39.14 - - [02/May/2014:07:29:18 +0200] "GET / HTTP/1.0" 200 6854 "-" "Mozilla/5.0 (compatible; heritrix/3.1.1 +http://www.baidu.com)"
66.249.78.228 - - [02/May/2014:07:31:33 +0200] "GET /corporate-fashion/ HTTP/1.1" 200 10715 "-" "Mozilla/5.0 (compatible; Googlebot/2.1; +http://www.google.com/bot.html)"
93.122.78.58 - - [02/May/2014:07:46:30 +0200] "GET /bestellsystem/kundenlogin/ HTTP/1.1" 200 4528 "-" "Mozilla/4.0 (compatible; MSIE 8.0; Windows NT 6.1; WOW64; Trident/4.0; SLCC2; .NET CLR 2.0.50727; .NET CLR 3.5.30729; .NET CLR 3.0.30729; .NET4.0C; .NET4.0E; InfoPath.3)"
93.122.78.58 - - [02/May/2014:07:46:30 +0200] "GET /css/newstyles.css HTTP/1.1" 304 - "http://www.modeinstitut-berlin.de/bestellsystem/kundenlogin/" "Mozilla/4.0 (compatible; MSIE 8.0; Windows NT 6.1; WOW64; Trident/4.0; SLCC2; .NET CLR 2.0.50727; .NET CLR 3.5.30729; .NET CLR 3.0.30729; .NET4.0C; .NET4.0E; InfoPath.3)"
93.122.78.58 - - [02/May/2014:07:46:30 +0200] "GET /images/layout/global-bg.jpg HTTP/1.1" 304 - "http://www.modeinstitut-berlin.de/bestellsystem/kundenlogin/" "Mozilla/4.0 (compatible; MSIE 8.0; Windows NT 6.1; WOW64; Trident/4.0; SLCC2; .NET CLR 2.0.50727; .NET CLR 3.5.30729; .NET CLR 3.0.30729; .NET4.0C; .NET4.0E; InfoPath.3)"
93.122.78.58 - - [02/May/2014:07:46:30 +0200] "GET /Scripts/AC_RunActiveContent.js HTTP/1.1" 304 - "http://www.modeinstitut-berlin.de/bestellsystem/kundenlogin/" "Mozilla/4.0 (compatible; MSIE 8.0; Windows NT 6.1; WOW64; Trident/4.0; SLCC2; .NET CLR 2.0.50727; .NET CLR 3.5.30729; .NET CLR 3.0.30729; .NET4.0C; .NET4.0E; InfoPath.3)"
93.122.78.58 - - [02/May/2014:07:46:30 +0200] "GET /includes/hover.js HTTP/1.1" 304 - "http://www.modeinstitut-berlin.de/bestellsystem/kundenlogin/" "Mozilla/4.0 (compatible; MSIE 8.0; Windows NT 6.1; WOW64; Trident/4.0; SLCC2; .NET CLR 2.0.50727; .NET CLR 3.5.30729; .NET CLR 3.0.30729; .NET4.0C; .NET4.0E; InfoPath.3)"
93.122.78.58 - - [02/May/2014:07:46:30 +0200] "GET /images/layout/wrapper-bg.jpg HTTP/1.1" 304 - "http://www.modeinstitut-berlin.de/bestellsystem/kundenlogin/" "Mozilla/4.0 (compatible; MSIE 8.0; Windows NT 6.1; WOW64; Trident/4.0; SLCC2; .NET CLR 2.0.50727; .NET CLR 3.5.30729; .NET CLR 3.0.30729; .NET4.0C; .NET4.0E; InfoPath.3)"
93.122.78.58 - - [02/May/2014:07:46:30 +0200] "GET /images/layout/bg-navi.jpg HTTP/1.1" 304 - "http://www.modeinstitut-berlin.de/bestellsystem/kundenlogin/" "Mozilla/4.0 (compatible; MSIE 8.0; Windows NT 6.1; WOW64; Trident/4.0; SLCC2; .NET CLR 2.0.50727; .NET CLR 3.5.30729; .NET CLR 3.0.30729; .NET4.0C; .NET4.0E; InfoPath.3)"
93.122.78.58 - - [02/May/2014:07:46:30 +0200] "GET /images/layout/bg-content-big-1.jpg HTTP/1.1" 304 - "http://www.modeinstitut-berlin.de/bestellsystem/kundenlogin/" "Mozilla/4.0 (compatible; MSIE 8.0; Windows NT 6.1; WOW64; Trident/4.0; SLCC2; .NET CLR 2.0.50727; .NET CLR 3.5.30729; .NET CLR 3.0.30729; .NET4.0C; .NET4.0E; InfoPath.3)"
93.122.78.58 - - [02/May/2014:07:46:30 +0200] "GET /images/layout/link.gif HTTP/1.1" 304 - "http://www.modeinstitut-berlin.de/bestellsystem/kundenlogin/" "Mozilla/4.0 (compatible; MSIE 8.0; Windows NT 6.1; WOW64; Trident/4.0; SLCC2; .NET CLR 2.0.50727; .NET CLR 3.5.30729; .NET CLR 3.0.30729; .NET4.0C; .NET4.0E; InfoPath.3)"
93.122.78.58 - - [02/May/2014:07:46:30 +0200] "GET /images/layout/nav-drop-foot.png HTTP/1.1" 304 - "http://www.modeinstitut-berlin.de/bestellsystem/kundenlogin/" "Mozilla/4.0 (compatible; MSIE 8.0; Windows NT 6.1; WOW64; Trident/4.0; SLCC2; .NET CLR 2.0.50727; .NET CLR 3.5.30729; .NET CLR 3.0.30729; .NET4.0C; .NET4.0E; InfoPath.3)"
93.122.78.58 - - [02/May/2014:07:46:30 +0200] "GET /favicon.ico HTTP/1.1" 404 1256 "-" "Mozilla/4.0 (compatible; MSIE 8.0; Windows NT 6.1; WOW64; Trident/4.0; SLCC2; .NET CLR 2.0.50727; .NET CLR 3.5.30729; .NET CLR 3.0.30729; .NET4.0C; .NET4.0E; InfoPath.3)"
93.122.78.58 - - [02/May/2014:07:46:31 +0200] "GET /images/layout/nav-hover-all.jpg HTTP/1.1" 304 - "http://www.modeinstitut-berlin.de/bestellsystem/kundenlogin/" "Mozilla/4.0 (compatible; MSIE 8.0; Windows NT 6.1; WOW64; Trident/4.0; SLCC2; .NET CLR 2.0.50727; .NET CLR 3.5.30729; .NET CLR 3.0.30729; .NET4.0C; .NET4.0E; InfoPath.3)"
93.122.78.58 - - [02/May/2014:07:47:05 +0200] "GET /retourenbeleg HTTP/1.1" 301 376 "http://shop-modeinstitut-berlin.zugseil.com/oac/flash.swf" "Mozilla/4.0 (compatible; MSIE 8.0; Windows NT 6.1; WOW64; Trident/4.0; SLCC2; .NET CLR 2.0.50727; .NET CLR 3.5.30729; .NET CLR 3.0.30729; .NET4.0C; .NET4.0E; InfoPath.3)"
93.122.78.58 - - [02/May/2014:07:47:05 +0200] "GET /retourenbeleg/ HTTP/1.1" 200 1600 "http://shop-modeinstitut-berlin.zugseil.com/oac/flash.swf" "Mozilla/4.0 (compatible; MSIE 8.0; Windows NT 6.1; WOW64; Trident/4.0; SLCC2; .NET CLR 2.0.50727; .NET CLR 3.5.30729; .NET CLR 3.0.30729; .NET4.0C; .NET4.0E; InfoPath.3)"
93.122.78.58 - - [02/May/2014:07:47:05 +0200] "GET /css/newstyles.css HTTP/1.1" 304 - "http://www.modeinstitut-berlin.de/retourenbeleg/" "Mozilla/4.0 (compatible; MSIE 8.0; Windows NT 6.1; WOW64; Trident/4.0; SLCC2; .NET CLR 2.0.50727; .NET CLR 3.5.30729; .NET CLR 3.0.30729; .NET4.0C; .NET4.0E; InfoPath.3)"
93.122.78.58 - - [02/May/2014:07:47:05 +0200] "GET /images/layout/global-bg.jpg HTTP/1.1" 304 - "http://www.modeinstitut-berlin.de/retourenbeleg/" "Mozilla/4.0 (compatible; MSIE 8.0; Windows NT 6.1; WOW64; Trident/4.0; SLCC2; .NET CLR 2.0.50727; .NET CLR 3.5.30729; .NET CLR 3.0.30729; .NET4.0C; .NET4.0E; InfoPath.3)"
93.122.78.58 - - [02/May/2014:07:47:06 +0200] "GET /Scripts/AC_RunActiveContent.js HTTP/1.1" 304 - "http://www.modeinstitut-berlin.de/retourenbeleg/" "Mozilla/4.0 (compatible; MSIE 8.0; Windows NT 6.1; WOW64; Trident/4.0; SLCC2; .NET CLR 2.0.50727; .NET CLR 3.5.30729; .NET CLR 3.0.30729; .NET4.0C; .NET4.0E; InfoPath.3)"
93.122.78.58 - - [02/May/2014:07:47:06 +0200] "GET /includes/hover.js HTTP/1.1" 304 - "http://www.modeinstitut-berlin.de/retourenbeleg/" "Mozilla/4.0 (compatible; MSIE 8.0; Windows NT 6.1; WOW64; Trident/4.0; SLCC2; .NET CLR 2.0.50727; .NET CLR 3.5.30729; .NET CLR 3.0.30729; .NET4.0C; .NET4.0E; InfoPath.3)"
93.122.78.58 - - [02/May/2014:07:47:06 +0200] "GET /images/layout/wrapper-bg.jpg HTTP/1.1" 304 - "http://www.modeinstitut-berlin.de/retourenbeleg/" "Mozilla/4.0 (compatible; MSIE 8.0; Windows NT 6.1; WOW64; Trident/4.0; SLCC2; .NET CLR 2.0.50727; .NET CLR 3.5.30729; .NET CLR 3.0.30729; .NET4.0C; .NET4.0E; InfoPath.3)"
93.122.78.58 - - [02/May/2014:07:47:06 +0200] "GET /images/layout/link.gif HTTP/1.1" 304 - "http://www.modeinstitut-berlin.de/retourenbeleg/" "Mozilla/4.0 (compatible; MSIE 8.0; Windows NT 6.1; WOW64; Trident/4.0; SLCC2; .NET CLR 2.0.50727; .NET CLR 3.5.30729; .NET CLR 3.0.30729; .NET4.0C; .NET4.0E; InfoPath.3)"
93.122.78.58 - - [02/May/2014:07:47:06 +0200] "GET /images/layout/bg-content-big-1.jpg HTTP/1.1" 304 - "http://www.modeinstitut-berlin.de/retourenbeleg/" "Mozilla/4.0 (compatible; MSIE 8.0; Windows NT 6.1; WOW64; Trident/4.0; SLCC2; .NET CLR 2.0.50727; .NET CLR 3.5.30729; .NET CLR 3.0.30729; .NET4.0C; .NET4.0E; InfoPath.3)"
93.122.78.58 - - [02/May/2014:07:47:06 +0200] "GET /images/layout/bg-navi.jpg HTTP/1.1" 304 - "http://www.modeinstitut-berlin.de/retourenbeleg/" "Mozilla/4.0 (compatible; MSIE 8.0; Windows NT 6.1; WOW64; Trident/4.0; SLCC2; .NET CLR 2.0.50727; .NET CLR 3.5.30729; .NET CLR 3.0.30729; .NET4.0C; .NET4.0E; InfoPath.3)"
93.122.78.58 - - [02/May/2014:07:47:06 +0200] "GET /favicon.ico HTTP/1.1" 404 1256 "-" "Mozilla/4.0 (compatible; MSIE 8.0; Windows NT 6.1; WOW64; Trident/4.0; SLCC2; .NET CLR 2.0.50727; .NET CLR 3.5.30729; .NET CLR 3.0.30729; .NET4.0C; .NET4.0E; InfoPath.3)"
93.122.78.58 - - [02/May/2014:07:47:06 +0200] "GET /images/layout/nav-drop-foot.png HTTP/1.1" 304 - "http://www.modeinstitut-berlin.de/retourenbeleg/" "Mozilla/4.0 (compatible; MSIE 8.0; Windows NT 6.1; WOW64; Trident/4.0; SLCC2; .NET CLR 2.0.50727; .NET CLR 3.5.30729; .NET CLR 3.0.30729; .NET4.0C; .NET4.0E; InfoPath.3)"
93.122.78.58 - - [02/May/2014:07:47:06 +0200] "GET /images/layout/nav-hover-all.jpg HTTP/1.1" 304 - "http://www.modeinstitut-berlin.de/retourenbeleg/" "Mozilla/4.0 (compatible; MSIE 8.0; Windows NT 6.1; WOW64; Trident/4.0; SLCC2; .NET CLR 2.0.50727; .NET CLR 3.5.30729; .NET CLR 3.0.30729; .NET4.0C; .NET4.0E; InfoPath.3)"
93.122.78.58 - - [02/May/2014:07:48:21 +0200] "GET /images/layout/nav-hover-end.jpg HTTP/1.1" 304 - "http://www.modeinstitut-berlin.de/retourenbeleg/" "Mozilla/4.0 (compatible; MSIE 8.0; Windows NT 6.1; WOW64; Trident/4.0; SLCC2; .NET CLR 2.0.50727; .NET CLR 3.5.30729; .NET CLR 3.0.30729; .NET4.0C; .NET4.0E; InfoPath.3)"
66.249.66.23 - - [02/May/2014:07:59:28 +0200] "GET /unternehmen/stellenangebote/ HTTP/1.1" 200 5152 "-" "DoCoMo/2.0 N905i(c100;TB;W24H16) (compatible; Googlebot-Mobile/2.1; +http://www.google.com/bot.html)"
92.226.181.104 - - [02/May/2014:08:09:27 +0200] "GET /unternehmen/servicecenter/Service-Center-Berlin-Schoeneberg/ HTTP/1.1" 200 7491 "https://www.google.de/" "Mozilla/5.0 (Linux; Android 4.4.2; GT-I9505 Build/KOT49H) AppleWebKit/537.36 (KHTML, like Gecko) Chrome/34.0.1847.114 Mobile Safari/537.36"
92.226.181.104 - - [02/May/2014:08:09:27 +0200] "GET /css/newstyles.css HTTP/1.1" 200 9734 "http://www.modeinstitut-berlin.de/unternehmen/servicecenter/Service-Center-Berlin-Schoeneberg/" "Mozilla/5.0 (Linux; Android 4.4.2; GT-I9505 Build/KOT49H) AppleWebKit/537.36 (KHTML, like Gecko) Chrome/34.0.1847.114 Mobile Safari/537.36"
92.226.181.104 - - [02/May/2014:08:09:27 +0200] "GET /Scripts/AC_RunActiveContent.js HTTP/1.1" 200 8029 "http://www.modeinstitut-berlin.de/unternehmen/servicecenter/Service-Center-Berlin-Schoeneberg/" "Mozilla/5.0 (Linux; Android 4.4.2; GT-I9505 Build/KOT49H) AppleWebKit/537.36 (KHTML, like Gecko) Chrome/34.0.1847.114 Mobile Safari/537.36"
92.226.181.104 - - [02/May/2014:08:09:27 +0200] "GET /includes/hover.js HTTP/1.1" 200 411 "http://www.modeinstitut-berlin.de/unternehmen/servicecenter/Service-Center-Berlin-Schoeneberg/" "Mozilla/5.0 (Linux; Android 4.4.2; GT-I9505 Build/KOT49H) AppleWebKit/537.36 (KHTML, like Gecko) Chrome/34.0.1847.114 Mobile Safari/537.36"
92.226.181.104 - - [02/May/2014:08:09:28 +0200] "GET /images/layout/spc.gif HTTP/1.1" 200 43 "http://www.modeinstitut-berlin.de/unternehmen/servicecenter/Service-Center-Berlin-Schoeneberg/" "Mozilla/5.0 (Linux; Android 4.4.2; GT-I9505 Build/KOT49H) AppleWebKit/537.36 (KHTML, like Gecko) Chrome/34.0.1847.114 Mobile Safari/537.36"
92.226.181.104 - - [02/May/2014:08:09:28 +0200] "GET /images/layout/global-bg.jpg HTTP/1.1" 200 917 "http://www.modeinstitut-berlin.de/unternehmen/servicecenter/Service-Center-Berlin-Schoeneberg/" "Mozilla/5.0 (Linux; Android 4.4.2; GT-I9505 Build/KOT49H) AppleWebKit/537.36 (KHTML, like Gecko) Chrome/34.0.1847.114 Mobile Safari/537.36"
92.226.181.104 - - [02/May/2014:08:09:27 +0200] "GET /images/motive/logos/BVG-klein.jpg HTTP/1.1" 200 20899 "http://www.modeinstitut-berlin.de/unternehmen/servicecenter/Service-Center-Berlin-Schoeneberg/" "Mozilla/5.0 (Linux; Android 4.4.2; GT-I9505 Build/KOT49H) AppleWebKit/537.36 (KHTML, like Gecko) Chrome/34.0.1847.114 Mobile Safari/537.36"
92.226.181.104 - - [02/May/2014:08:09:28 +0200] "GET /images/motive/logos/Ordnungsamt-klein.jpg HTTP/1.1" 200 20993 "http://www.modeinstitut-berlin.de/unternehmen/servicecenter/Service-Center-Berlin-Schoeneberg/" "Mozilla/5.0 (Linux; Android 4.4.2; GT-I9505 Build/KOT49H) AppleWebKit/537.36 (KHTML, like Gecko) Chrome/34.0.1847.114 Mobile Safari/537.36"
92.226.181.104 - - [02/May/2014:08:09:27 +0200] "GET /images/motive/logos/BT-klein.jpg HTTP/1.1" 200 20652 "http://www.modeinstitut-berlin.de/unternehmen/servicecenter/Service-Center-Berlin-Schoeneberg/" "Mozilla/5.0 (Linux; Android 4.4.2; GT-I9505 Build/KOT49H) AppleWebKit/537.36 (KHTML, like Gecko) Chrome/34.0.1847.114 Mobile Safari/537.36"
92.226.181.104 - - [02/May/2014:08:09:28 +0200] "GET /images/layout/bg-navi.jpg HTTP/1.1" 200 3342 "http://www.modeinstitut-berlin.de/unternehmen/servicecenter/Service-Center-Berlin-Schoeneberg/" "Mozilla/5.0 (Linux; Android 4.4.2; GT-I9505 Build/KOT49H) AppleWebKit/537.36 (KHTML, like Gecko) Chrome/34.0.1847.114 Mobile Safari/537.36"
92.226.181.104 - - [02/May/2014:08:09:28 +0200] "GET /images/layout/link.gif HTTP/1.1" 200 52 "http://www.modeinstitut-berlin.de/unternehmen/servicecenter/Service-Center-Berlin-Schoeneberg/" "Mozilla/5.0 (Linux; Android 4.4.2; GT-I9505 Build/KOT49H) AppleWebKit/537.36 (KHTML, like Gecko) Chrome/34.0.1847.114 Mobile Safari/537.36"
92.226.181.104 - - [02/May/2014:08:09:28 +0200] "GET /images/layout/wrapper-bg.jpg HTTP/1.1" 200 126878 "http://www.modeinstitut-berlin.de/unternehmen/servicecenter/Service-Center-Berlin-Schoeneberg/" "Mozilla/5.0 (Linux; Android 4.4.2; GT-I9505 Build/KOT49H) AppleWebKit/537.36 (KHTML, like Gecko) Chrome/34.0.1847.114 Mobile Safari/537.36"
92.226.181.104 - - [02/May/2014:08:09:28 +0200] "GET /images/layout/bg-content-big-1.jpg HTTP/1.1" 200 46493 "http://www.modeinstitut-berlin.de/unternehmen/servicecenter/Service-Center-Berlin-Schoeneberg/" "Mozilla/5.0 (Linux; Android 4.4.2; GT-I9505 Build/KOT49H) AppleWebKit/537.36 (KHTML, like Gecko) Chrome/34.0.1847.114 Mobile Safari/537.36"
92.226.181.104 - - [02/May/2014:08:09:28 +0200] "GET /favicon.ico HTTP/1.1" 404 1256 "-" "Mozilla/5.0 (Linux; Android 4.4.2; GT-I9505 Build/KOT49H) AppleWebKit/537.36 (KHTML, like Gecko) Chrome/34.0.1847.114 Mobile Safari/537.36"
66.249.78.228 - - [02/May/2014:08:09:36 +0200] "GET /unternehmen/servicecenter/Service-Center-Berlin-Schoeneberg/ HTTP/1.1" 200 7491 "-" "Mozilla/5.0 (compatible; Googlebot/2.1; +http://www.google.com/bot.html)"
157.55.35.78 - - [02/May/2014:08:13:12 +0200] "GET /robots.txt HTTP/1.1" 200 317 "-" "Mozilla/5.0 (compatible; bingbot/2.0; +http://www.bing.com/bingbot.htm)"
157.55.35.78 - - [02/May/2014:08:13:13 +0200] "GET / HTTP/1.1" 200 2050 "-" "Mozilla/5.0 (compatible; bingbot/2.0; +http://www.bing.com/bingbot.htm)"
157.56.93.94 - - [02/May/2014:08:21:24 +0200] "GET /video/video.swf HTTP/1.1" 200 3107187 "-" "Mozilla/5.0 (compatible; bingbot/2.0; +http://www.bing.com/bingbot.htm)"
