217.86.141.114 - - [03/Nov/2013:00:56:46 +0100] "GET /images/motive/slideshow/images/095.jpg HTTP/1.1" 200 139866 "http://www.modeinstitut-berlin.de/images/flash/monoslideshow.swf" "Mozilla/5.0 (Windows NT 6.1; WOW64; rv:24.0) Gecko/20100101 Firefox/24.0"
217.86.141.114 - - [03/Nov/2013:00:56:47 +0100] "GET /images/motive/slideshow/images/096.jpg HTTP/1.1" 200 159319 "http://www.modeinstitut-berlin.de/images/flash/monoslideshow.swf" "Mozilla/5.0 (Windows NT 6.1; WOW64; rv:24.0) Gecko/20100101 Firefox/24.0"
217.86.141.114 - - [03/Nov/2013:00:57:00 +0100] "GET /images/motive/slideshow/images/098.jpg HTTP/1.1" 200 148289 "http://www.modeinstitut-berlin.de/images/flash/monoslideshow.swf" "Mozilla/5.0 (Windows NT 6.1; WOW64; rv:24.0) Gecko/20100101 Firefox/24.0"
217.86.141.114 - - [03/Nov/2013:00:57:01 +0100] "GET /images/motive/slideshow/images/097.jpg HTTP/1.1" 200 155936 "http://www.modeinstitut-berlin.de/images/flash/monoslideshow.swf" "Mozilla/5.0 (Windows NT 6.1; WOW64; rv:24.0) Gecko/20100101 Firefox/24.0"
217.86.141.114 - - [03/Nov/2013:01:02:37 +0100] "GET / HTTP/1.1" 200 2050 "http://www.google.de/url?sa=t&rct=j&q=&esrc=s&source=web&cd=1&sqi=2&ved=0CC8QFjAA&url=http%3A%2F%2Fwww.modeinstitut-berlin.de%2F&ei=m5J1Uu_XGYSytAa7loHgBA&usg=AFQjCNGV1Fr5FizdOKg_EBKnjKkFrlfWEQ&bvm=bv.55819444,d.Yms" "Mozilla/5.0 (Windows NT 6.1; WOW64; rv:24.0) Gecko/20100101 Firefox/24.0"
217.86.141.114 - - [03/Nov/2013:01:02:37 +0100] "GET /images/motive/Logo9001_5.png HTTP/1.1" 200 19358 "http://www.modeinstitut-berlin.de/" "Mozilla/5.0 (Windows NT 6.1; WOW64; rv:24.0) Gecko/20100101 Firefox/24.0"
217.86.141.114 - - [03/Nov/2013:01:02:37 +0100] "GET /video/video.swf HTTP/1.1" 200 3107187 "http://www.modeinstitut-berlin.de/" "Mozilla/5.0 (Windows NT 6.1; WOW64; rv:24.0) Gecko/20100101 Firefox/24.0"
217.86.141.114 - - [03/Nov/2013:01:02:44 +0100] "GET /referenzen/galerie/ HTTP/1.1" 200 4854 "http://www.modeinstitut-berlin.de/" "Mozilla/5.0 (Windows NT 6.1; WOW64; rv:24.0) Gecko/20100101 Firefox/24.0"
85.214.138.248 - - [03/Nov/2013:01:03:46 +0100] "GET / HTTP/1.1" 200 2050 "-" "Mozilla/5.0 (compatible; LoadTimeBot/0.7; +http://www.load-time.com/bot.html)"
66.249.78.228 - - [03/Nov/2013:01:24:57 +0100] "GET /unternehmen/aktuelles/Trageversuch-BVG/ HTTP/1.1" 200 5787 "-" "Mozilla/5.0 (iPhone; CPU iPhone OS 6_0 like Mac OS X) AppleWebKit/536.26 (KHTML, like Gecko) Version/6.0 Mobile/10A5376e Safari/8536.25 (compatible; Googlebot-Mobile/2.1; +http://www.google.com/bot.html)"
157.55.35.91 - - [03/Nov/2013:01:26:54 +0100] "GET /unternehmen/aktuelles/Strickgarn-Lanura/ HTTP/1.1" 200 5900 "-" "Mozilla/5.0 (compatible; bingbot/2.0; +http://www.bing.com/bingbot.htm)"
5.10.83.51 - - [03/Nov/2013:01:33:16 +0100] "GET /kontakt/kontaktformular/ HTTP/1.1" 200 1796 "-" "Mozilla/5.0 (compatible; AhrefsBot/5.0; +http://ahrefs.com/robot/)"
5.10.83.103 - - [03/Nov/2013:01:49:24 +0100] "GET /images/motive/wowereit/wowereit_1.jpg HTTP/1.1" 200 97153 "-" "Mozilla/5.0 (compatible; AhrefsBot/5.0; +http://ahrefs.com/robot/)"
220.181.108.81 - - [03/Nov/2013:02:01:41 +0100] "GET / HTTP/1.1" 200 6854 "-" "Mozilla/5.0 (compatible; Baiduspider/2.0; +http://www.baidu.com/search/spider.html)"
5.10.83.51 - - [03/Nov/2013:02:05:33 +0100] "GET /unternehmen/aktuelles/red-dot-design-award/ HTTP/1.1" 200 5647 "-" "Mozilla/5.0 (compatible; AhrefsBot/5.0; +http://ahrefs.com/robot/)"
123.125.71.51 - - [03/Nov/2013:02:10:38 +0100] "GET / HTTP/1.1" 200 6854 "-" "Mozilla/5.0 (compatible; Baiduspider/2.0; +http://www.baidu.com/search/spider.html)"
208.115.111.73 - - [03/Nov/2013:02:20:55 +0100] "GET /robots.txt HTTP/1.1" 200 317 "-" "Mozilla/5.0 (compatible; Ezooms/1.0; ezooms.bot@gmail.com)"
5.10.83.94 - - [03/Nov/2013:02:21:39 +0100] "GET /unternehmen/corporate-fashion/ HTTP/1.1" 301 380 "-" "Mozilla/5.0 (compatible; AhrefsBot/5.0; +http://ahrefs.com/robot/)"
193.193.172.200 - - [03/Nov/2013:02:37:58 +0100] "GET /images/layout/link.gif HTTP/1.0" 304 - "-" "Mozilla/4.0 (compatible;)"
5.10.83.53 - - [03/Nov/2013:02:39:07 +0100] "GET /referenzen/auszug/ HTTP/1.1" 200 6423 "-" "Mozilla/5.0 (compatible; AhrefsBot/5.0; +http://ahrefs.com/robot/)"
66.249.78.228 - - [03/Nov/2013:02:49:59 +0100] "GET /produkt/design/dienstkleidung/ HTTP/1.1" 200 6773 "-" "SAMSUNG-SGH-E250/1.0 Profile/MIDP-2.0 Configuration/CLDC-1.1 UP.Browser/6.2.3.3.c.1.101 (GUI) MMP/2.0 (compatible; Googlebot-Mobile/2.1; +http://www.google.com/bot.html)"
5.10.83.94 - - [03/Nov/2013:03:05:12 +0100] "GET /firmenprofil.php HTTP/1.1" 404 1256 "-" "Mozilla/5.0 (compatible; AhrefsBot/5.0; +http://ahrefs.com/robot/)"
66.249.78.228 - - [03/Nov/2013:03:12:36 +0100] "GET /images/motive/slideshow/images/091.jpg HTTP/1.1" 304 - "-" "Googlebot-Image/1.0"
66.249.78.228 - - [03/Nov/2013:03:13:27 +0100] "GET /images/motive/wowereit/wowereit_2.jpg HTTP/1.1" 304 - "-" "Googlebot-Image/1.0"
157.56.92.160 - - [03/Nov/2013:03:26:49 +0100] "GET /robots.txt HTTP/1.1" 200 317 "-" "Mozilla/5.0 (compatible; bingbot/2.0; +http://www.bing.com/bingbot.htm)"
5.10.83.50 - - [03/Nov/2013:03:49:07 +0100] "GET /images/motive/wowereit/wowereit_9.jpg HTTP/1.1" 200 87836 "-" "Mozilla/5.0 (compatible; AhrefsBot/5.0; +http://ahrefs.com/robot/)"
193.193.172.200 - - [03/Nov/2013:03:51:23 +0100] "GET /images/layout/wrapper-bg.jpg HTTP/1.0" 304 - "-" "Mozilla/4.0 (compatible;)"
66.249.78.228 - - [03/Nov/2013:03:55:32 +0100] "GET /grosserpreis/ HTTP/1.1" 200 920 "-" "Mozilla/5.0 (compatible; Googlebot/2.1; +http://www.google.com/bot.html)"
157.56.93.40 - - [03/Nov/2013:03:59:13 +0100] "GET /bestellsystem/kundenlogin/ HTTP/1.1" 200 4528 "-" "Mozilla/5.0 (compatible; bingbot/2.0; +http://www.bing.com/bingbot.htm)"
157.56.92.160 - - [03/Nov/2013:04:01:12 +0100] "GET /produkt/design/behoerden/ HTTP/1.1" 200 6562 "-" "Mozilla/5.0 (compatible; bingbot/2.0; +http://www.bing.com/bingbot.htm)"
208.115.111.73 - - [03/Nov/2013:04:04:34 +0100] "GET /unternehmen/servicecenter/Service-Center-Leipzig/ HTTP/1.1" 200 7039 "-" "Mozilla/5.0 (compatible; Ezooms/1.0; ezooms.bot@gmail.com)"
193.197.148.126 - - [03/Nov/2013:04:07:01 +0100] "GET /includes/hover.js HTTP/1.1" 304 - "-" "Mozilla/4.0 (compatible;)"
157.55.33.101 - - [03/Nov/2013:04:22:50 +0100] "GET /unternehmen/aktuelles/Strickgarn-Lanura/ HTTP/1.1" 200 5900 "-" "Mozilla/5.0 (compatible; bingbot/2.0; +http://www.bing.com/bingbot.htm)"
208.115.113.89 - - [03/Nov/2013:04:23:03 +0100] "GET /robots.txt HTTP/1.1" 200 317 "-" "Mozilla/5.0 (compatible; Ezooms/1.0; ezooms.bot@gmail.com)"
5.10.83.53 - - [03/Nov/2013:04:27:40 +0100] "GET /unternehmen/servicecenter/Service-Center-Leipzig/ HTTP/1.1" 200 7039 "-" "Mozilla/5.0 (compatible; AhrefsBot/5.0; +http://ahrefs.com/robot/)"
5.10.83.88 - - [03/Nov/2013:04:38:13 +0100] "GET /unternehmen/aktuelles/sechstagerennen/ HTTP/1.1" 200 5322 "-" "Mozilla/5.0 (compatible; AhrefsBot/5.0; +http://ahrefs.com/robot/)"
193.193.172.200 - - [03/Nov/2013:04:54:51 +0100] "GET /css/newstyles.css HTTP/1.0" 304 - "-" "Mozilla/4.0 (compatible;)"
157.55.33.101 - - [03/Nov/2013:05:04:09 +0100] "GET /unternehmen/aktuelles/Strickgarn-Lanura/ HTTP/1.1" 200 5900 "-" "Mozilla/5.0 (compatible; bingbot/2.0; +http://www.bing.com/bingbot.htm)"
66.249.78.228 - - [03/Nov/2013:05:40:19 +0100] "GET /images/motive/wowereit/wowereit_11.jpg HTTP/1.1" 304 - "-" "Googlebot-Image/1.0"
157.56.93.60 - - [03/Nov/2013:05:57:50 +0100] "GET /unternehmen/zertifizierung/ HTTP/1.1" 200 5619 "-" "Mozilla/5.0 (compatible; bingbot/2.0; +http://www.bing.com/bingbot.htm)"
157.56.93.60 - - [03/Nov/2013:05:57:50 +0100] "GET /unternehmen/zertifizierung/ HTTP/1.1" 200 5619 "-" "Mozilla/5.0 (compatible; bingbot/2.0; +http://www.bing.com/bingbot.htm)"
199.30.24.202 - - [03/Nov/2013:05:57:56 +0100] "GET /images/motive/iso-9001.jpg HTTP/1.1" 200 23239 "http://www.modeinstitut-berlin.de/unternehmen/zertifizierung/" "Mozilla/5.0 (Windows NT 6.1; WOW64) AppleWebKit/534+ (KHTML, like Gecko) BingPreview/1.0b"
157.56.93.60 - - [03/Nov/2013:05:58:46 +0100] "GET /images/motive/iso-40001.jpg HTTP/1.1" 200 23088 "-" "Mozilla/5.0 (compatible; bingbot/2.0; +http://www.bing.com/bingbot.htm)"
157.56.93.60 - - [03/Nov/2013:05:58:47 +0100] "GET /images/motive/nachhaltigkeit.jpg HTTP/1.1" 200 23775 "-" "Mozilla/5.0 (compatible; bingbot/2.0; +http://www.bing.com/bingbot.htm)"
157.55.35.98 - - [03/Nov/2013:06:11:29 +0100] "GET /produkt/design/dienstkleidung/ HTTP/1.1" 200 6773 "-" "Mozilla/5.0 (compatible; bingbot/2.0; +http://www.bing.com/bingbot.htm)"
5.10.83.51 - - [03/Nov/2013:06:21:45 +0100] "GET /unternehmen/stellenangebote/ HTTP/1.1" 200 5152 "-" "Mozilla/5.0 (compatible; AhrefsBot/5.0; +http://ahrefs.com/robot/)"
208.115.113.89 - - [03/Nov/2013:06:22:53 +0100] "GET /produkt/design/industrie/ HTTP/1.1" 200 6419 "-" "Mozilla/5.0 (compatible; Ezooms/1.0; ezooms.bot@gmail.com)"
42.120.161.77 - - [03/Nov/2013:06:32:55 +0100] "GET / HTTP/1.1" 200 2050 "-" "YisouSpider"
157.55.33.101 - - [03/Nov/2013:06:41:34 +0100] "GET /unternehmen/aktuelles/Strickgarn-Lanura/ HTTP/1.1" 200 5900 "-" "Mozilla/5.0 (compatible; bingbot/2.0; +http://www.bing.com/bingbot.htm)"
5.10.83.103 - - [03/Nov/2013:06:51:25 +0100] "GET /inhalt/design HTTP/1.1" 404 1256 "-" "Mozilla/5.0 (compatible; AhrefsBot/5.0; +http://ahrefs.com/robot/)"
199.30.24.202 - - [03/Nov/2013:06:59:50 +0100] "GET /images/layout/global-bg.jpg HTTP/1.1" 200 917 "http://www.modeinstitut-berlin.de/unternehmen/zertifizierung/" "Mozilla/5.0 (Windows NT 6.1; WOW64) AppleWebKit/534+ (KHTML, like Gecko) BingPreview/1.0b"
5.10.83.50 - - [03/Nov/2013:07:02:18 +0100] "GET /berufsbekleidung/ HTTP/1.1" 200 10474 "-" "Mozilla/5.0 (compatible; AhrefsBot/5.0; +http://ahrefs.com/robot/)"
157.55.33.101 - - [03/Nov/2013:07:09:48 +0100] "GET /unternehmen/aktuelles/Strickgarn-Lanura/ HTTP/1.1" 200 5900 "-" "Mozilla/5.0 (compatible; bingbot/2.0; +http://www.bing.com/bingbot.htm)"
157.55.33.24 - - [03/Nov/2013:07:18:10 +0100] "GET /unternehmen/aktuelles/Dienstkleidung-BVG/ HTTP/1.1" 200 5292 "-" "Mozilla/5.0 (compatible; bingbot/2.0; +http://www.bing.com/bingbot.htm)"
141.8.147.12 - - [03/Nov/2013:07:20:05 +0100] "GET /robots.txt HTTP/1.1" 200 317 "-" "Mozilla/5.0 (compatible; YandexBot/3.0; +http://yandex.com/bots)"
65.55.24.236 - - [03/Nov/2013:07:22:32 +0100] "GET /unternehmen/aktuelles/Trageversuch-BVG/ HTTP/1.1" 200 5787 "-" "Mozilla/5.0 (compatible; bingbot/2.0; +http://www.bing.com/bingbot.htm)"
157.55.33.101 - - [03/Nov/2013:07:32:51 +0100] "GET /unternehmen/aktuelles/Strickgarn-Lanura/ HTTP/1.1" 200 5900 "-" "Mozilla/5.0 (compatible; bingbot/2.0; +http://www.bing.com/bingbot.htm)"
95.25.17.15 - - [03/Nov/2013:07:43:39 +0100] "GET / HTTP/1.1" 200 2050 "-" "Opera/9.80 (Windows NT 6.1; Win64; x64; Edition Yx) Presto/2.12.388 Version/12.16"
95.25.17.15 - - [03/Nov/2013:07:43:40 +0100] "GET /css/newstyles.css HTTP/1.1" 200 9734 "-" "Opera/9.80 (Windows NT 6.1; Win64; x64; Edition Yx) Presto/2.12.388 Version/12.16"
95.25.17.15 - - [03/Nov/2013:07:43:40 +0100] "GET /favicon.ico HTTP/1.1" 404 1256 "-" "Opera/9.80 (Windows NT 6.1; Win64; x64; Edition Yx) Presto/2.12.388 Version/12.16"
95.25.17.15 - - [03/Nov/2013:07:43:40 +0100] "GET /Scripts/AC_RunActiveContent.js HTTP/1.1" 200 8029 "-" "Opera/9.80 (Windows NT 6.1; Win64; x64; Edition Yx) Presto/2.12.388 Version/12.16"
95.25.17.15 - - [03/Nov/2013:07:43:40 +0100] "GET /images/motive/Logo9001_5.png HTTP/1.1" 200 19358 "-" "Opera/9.80 (Windows NT 6.1; Win64; x64; Edition Yx) Presto/2.12.388 Version/12.16"
95.25.17.15 - - [03/Nov/2013:07:43:40 +0100] "GET /includes/hover.js HTTP/1.1" 200 411 "-" "Opera/9.80 (Windows NT 6.1; Win64; x64; Edition Yx) Presto/2.12.388 Version/12.16"
95.25.17.15 - - [03/Nov/2013:07:43:40 +0100] "GET /images/layout/global-bg.jpg HTTP/1.1" 200 917 "-" "Opera/9.80 (Windows NT 6.1; Win64; x64; Edition Yx) Presto/2.12.388 Version/12.16"
95.25.17.15 - - [03/Nov/2013:07:43:40 +0100] "GET /images/layout/bg-navi.jpg HTTP/1.1" 200 3342 "-" "Opera/9.80 (Windows NT 6.1; Win64; x64; Edition Yx) Presto/2.12.388 Version/12.16"
95.25.17.15 - - [03/Nov/2013:07:43:40 +0100] "GET /images/layout/bg-sidebox-plain1.jpg HTTP/1.1" 200 10064 "-" "Opera/9.80 (Windows NT 6.1; Win64; x64; Edition Yx) Presto/2.12.388 Version/12.16"
95.25.17.15 - - [03/Nov/2013:07:43:40 +0100] "GET /images/layout/link.gif HTTP/1.1" 200 52 "-" "Opera/9.80 (Windows NT 6.1; Win64; x64; Edition Yx) Presto/2.12.388 Version/12.16"
95.25.17.15 - - [03/Nov/2013:07:43:40 +0100] "GET /images/layout/bg-content-big-1.jpg HTTP/1.1" 200 46493 "-" "Opera/9.80 (Windows NT 6.1; Win64; x64; Edition Yx) Presto/2.12.388 Version/12.16"
95.25.17.15 - - [03/Nov/2013:07:43:40 +0100] "GET /images/layout/wrapper-bg.jpg HTTP/1.1" 200 126878 "-" "Opera/9.80 (Windows NT 6.1; Win64; x64; Edition Yx) Presto/2.12.388 Version/12.16"
95.25.17.15 - - [03/Nov/2013:07:43:40 +0100] "GET /video/video.swf HTTP/1.1" 200 3107187 "-" "Opera/9.80 (Windows NT 6.1; Win64; x64; Edition Yx) Presto/2.12.388 Version/12.16"
95.25.17.15 - - [03/Nov/2013:07:43:43 +0100] "GET /images/layout/nav-drop-foot.png HTTP/1.1" 200 42670 "-" "Opera/9.80 (Windows NT 6.1; Win64; x64; Edition Yx) Presto/2.12.388 Version/12.16"
95.25.17.15 - - [03/Nov/2013:07:43:43 +0100] "GET /images/layout/nav-hover-all.jpg HTTP/1.1" 200 332 "-" "Opera/9.80 (Windows NT 6.1; Win64; x64; Edition Yx) Presto/2.12.388 Version/12.16"
95.25.17.15 - - [03/Nov/2013:07:43:45 +0100] "GET /images/layout/nav-hover-1.jpg HTTP/1.1" 200 746 "-" "Opera/9.80 (Windows NT 6.1; Win64; x64; Edition Yx) Presto/2.12.388 Version/12.16"
95.25.17.15 - - [03/Nov/2013:07:43:54 +0100] "GET /unternehmen/aktuelles/ HTTP/1.1" 200 5790 "-" "Opera/9.80 (Windows NT 6.1; Win64; x64; Edition Yx) Presto/2.12.388 Version/12.16"
95.25.17.15 - - [03/Nov/2013:07:43:57 +0100] "GET / HTTP/1.1" 200 2050 "-" "Opera/9.80 (Windows NT 6.1; Win64; x64; Edition Yx) Presto/2.12.388 Version/12.16"
95.25.17.15 - - [03/Nov/2013:07:44:02 +0100] "GET /produkt/design/ HTTP/1.1" 200 6495 "-" "Opera/9.80 (Windows NT 6.1; Win64; x64; Edition Yx) Presto/2.12.388 Version/12.16"
95.25.17.15 - - [03/Nov/2013:07:44:02 +0100] "GET /images/layout/bg-content-big-2.jpg HTTP/1.1" 200 38423 "-" "Opera/9.80 (Windows NT 6.1; Win64; x64; Edition Yx) Presto/2.12.388 Version/12.16"
95.25.17.15 - - [03/Nov/2013:07:44:02 +0100] "GET /images/flash/design.swf HTTP/1.1" 200 210329 "-" "Opera/9.80 (Windows NT 6.1; Win64; x64; Edition Yx) Presto/2.12.388 Version/12.16"
157.55.33.101 - - [03/Nov/2013:07:44:31 +0100] "GET /unternehmen/servicecenter/Service-Center-Frankfurt/ HTTP/1.1" 200 7384 "-" "Mozilla/5.0 (compatible; bingbot/2.0; +http://www.bing.com/bingbot.htm)"
157.55.33.101 - - [03/Nov/2013:07:58:08 +0100] "GET /unternehmen/aktuelles/Strickgarn-Lanura/ HTTP/1.1" 200 5900 "-" "Mozilla/5.0 (compatible; bingbot/2.0; +http://www.bing.com/bingbot.htm)"
176.9.138.27 - - [03/Nov/2013:08:09:15 +0100] "GET /robots.txt HTTP/1.1" 200 317 "-" "Mozilla/5.0 (compatible; Spiderlytics/1.0; +spider@spiderlytics.com)"
176.9.138.27 - - [03/Nov/2013:08:09:15 +0100] "GET /firmenprofil.php HTTP/1.1" 404 1256 "-" "Mozilla/5.0 (compatible; Spiderlytics/1.0; +spider@spiderlytics.com)"
85.10.246.235 - - [03/Nov/2013:08:12:37 +0100] "GET /robots.txt HTTP/1.1" 200 317 "-" "Python-urllib/2.7"
85.10.246.235 - - [03/Nov/2013:08:12:37 +0100] "GET / HTTP/1.1" 200 2050 "-" "Mozilla/5.0 (Windows NT 6.1; WOW64) AppleWebKit/537.4 (KHTML, like Gecko) Chrome/22.0.1229.94 Safari/537.4"
85.10.246.235 - - [03/Nov/2013:08:12:37 +0100] "GET /css/newstyles.css HTTP/1.1" 200 9734 "http://www.modeinstitut-berlin.de/" "Mozilla/5.0 (Windows NT 6.1; WOW64) AppleWebKit/537.4 (KHTML, like Gecko) Chrome/22.0.1229.94 Safari/537.4"
85.10.246.235 - - [03/Nov/2013:08:12:37 +0100] "GET /Scripts/AC_RunActiveContent.js HTTP/1.1" 200 8029 "http://www.modeinstitut-berlin.de/" "Mozilla/5.0 (Windows NT 6.1; WOW64) AppleWebKit/537.4 (KHTML, like Gecko) Chrome/22.0.1229.94 Safari/537.4"
85.10.246.235 - - [03/Nov/2013:08:12:37 +0100] "GET /includes/hover.js HTTP/1.1" 200 411 "http://www.modeinstitut-berlin.de/" "Mozilla/5.0 (Windows NT 6.1; WOW64) AppleWebKit/537.4 (KHTML, like Gecko) Chrome/22.0.1229.94 Safari/537.4"
85.10.246.235 - - [03/Nov/2013:08:12:37 +0100] "GET /images/layout/global-bg.jpg HTTP/1.1" 200 917 "http://www.modeinstitut-berlin.de/" "Mozilla/5.0 (Windows NT 6.1; WOW64) AppleWebKit/537.4 (KHTML, like Gecko) Chrome/22.0.1229.94 Safari/537.4"
85.10.246.235 - - [03/Nov/2013:08:12:37 +0100] "GET /images/motive/Logo9001_5.png HTTP/1.1" 200 19358 "http://www.modeinstitut-berlin.de/" "Mozilla/5.0 (Windows NT 6.1; WOW64) AppleWebKit/537.4 (KHTML, like Gecko) Chrome/22.0.1229.94 Safari/537.4"
85.10.246.235 - - [03/Nov/2013:08:12:37 +0100] "GET /images/layout/bg-navi.jpg HTTP/1.1" 200 3342 "http://www.modeinstitut-berlin.de/" "Mozilla/5.0 (Windows NT 6.1; WOW64) AppleWebKit/537.4 (KHTML, like Gecko) Chrome/22.0.1229.94 Safari/537.4"
85.10.246.235 - - [03/Nov/2013:08:12:37 +0100] "GET /images/layout/bg-sidebox-plain1.jpg HTTP/1.1" 200 10064 "http://www.modeinstitut-berlin.de/" "Mozilla/5.0 (Windows NT 6.1; WOW64) AppleWebKit/537.4 (KHTML, like Gecko) Chrome/22.0.1229.94 Safari/537.4"
85.10.246.235 - - [03/Nov/2013:08:12:38 +0100] "GET /images/layout/link.gif HTTP/1.1" 200 52 "http://www.modeinstitut-berlin.de/" "Mozilla/5.0 (Windows NT 6.1; WOW64) AppleWebKit/537.4 (KHTML, like Gecko) Chrome/22.0.1229.94 Safari/537.4"
85.10.246.235 - - [03/Nov/2013:08:12:37 +0100] "GET /images/layout/bg-content-big-1.jpg HTTP/1.1" 200 46493 "http://www.modeinstitut-berlin.de/" "Mozilla/5.0 (Windows NT 6.1; WOW64) AppleWebKit/537.4 (KHTML, like Gecko) Chrome/22.0.1229.94 Safari/537.4"
85.10.246.235 - - [03/Nov/2013:08:12:37 +0100] "GET /images/layout/wrapper-bg.jpg HTTP/1.1" 200 126878 "http://www.modeinstitut-berlin.de/" "Mozilla/5.0 (Windows NT 6.1; WOW64) AppleWebKit/537.4 (KHTML, like Gecko) Chrome/22.0.1229.94 Safari/537.4"
85.10.246.235 - - [03/Nov/2013:08:12:38 +0100] "GET /video/video.swf HTTP/1.1" 200 3107187 "-" "Mozilla/5.0 (Windows NT 6.1; WOW64) AppleWebKit/537.4 (KHTML, like Gecko) Chrome/22.0.1229.94 Safari/537.4"
65.55.213.73 - - [03/Nov/2013:08:18:12 +0100] "GET / HTTP/1.1" 200 2050 "-" "msnbot/2.0b (+http://search.msn.com/msnbot.htm)"
157.55.33.101 - - [03/Nov/2013:08:21:53 +0100] "GET /unternehmen/aktuelles/Strickgarn-Lanura/ HTTP/1.1" 200 5900 "-" "Mozilla/5.0 (compatible; bingbot/2.0; +http://www.bing.com/bingbot.htm)"
141.8.147.12 - - [03/Nov/2013:08:37:57 +0100] "GET /system.php HTTP/1.1" 404 1256 "-" "Mozilla/5.0 (compatible; YandexBot/3.0; +http://yandex.com/bots)"
66.249.78.228 - - [03/Nov/2013:08:43:28 +0100] "GET /produkt/design/behoerden/ HTTP/1.1" 200 6562 "-" "Mozilla/5.0 (iPhone; CPU iPhone OS 6_0 like Mac OS X) AppleWebKit/536.26 (KHTML, like Gecko) Version/6.0 Mobile/10A5376e Safari/8536.25 (compatible; Googlebot-Mobile/2.1; +http://www.google.com/bot.html)"
176.9.138.27 - - [03/Nov/2013:08:49:03 +0100] "GET /robots.txt HTTP/1.1" 200 317 "-" "Mozilla/5.0 (compatible; Spiderlytics/1.0; +spider@spiderlytics.com)"
176.9.138.27 - - [03/Nov/2013:08:49:03 +0100] "GET /system.php HTTP/1.1" 404 1256 "-" "Mozilla/5.0 (compatible; Spiderlytics/1.0; +spider@spiderlytics.com)"
157.55.32.147 - - [03/Nov/2013:08:49:19 +0100] "GET / HTTP/1.1" 200 2050 "-" "Mozilla/5.0 (compatible; bingbot/2.0; +http://www.bing.com/bingbot.htm)"
157.55.32.147 - - [03/Nov/2013:08:49:19 +0100] "GET /unternehmen/corporate-fashion/ HTTP/1.1" 301 380 "-" "Mozilla/5.0 (compatible; bingbot/2.0; +http://www.bing.com/bingbot.htm)"
95.223.88.25 - - [03/Nov/2013:08:50:36 +0100] "HEAD / HTTP/1.1" 200 - "-" "LWP::Simple/6.00 libwww-perl/6.05"
157.55.32.147 - - [03/Nov/2013:09:01:32 +0100] "GET /unternehmen/corporate-fashion/ HTTP/1.1" 301 380 "-" "Mozilla/5.0 (compatible; bingbot/2.0; +http://www.bing.com/bingbot.htm)"
157.55.33.101 - - [03/Nov/2013:09:06:18 +0100] "GET /unternehmen/aktuelles/Strickgarn-Lanura/ HTTP/1.1" 200 5900 "-" "Mozilla/5.0 (compatible; bingbot/2.0; +http://www.bing.com/bingbot.htm)"
5.10.83.96 - - [03/Nov/2013:09:09:03 +0100] "GET /corporate-fashion/ HTTP/1.1" 200 10715 "-" "Mozilla/5.0 (compatible; AhrefsBot/5.0; +http://ahrefs.com/robot/)"
5.10.83.24 - - [03/Nov/2013:09:18:54 +0100] "GET /unternehmen/servicecenter/ HTTP/1.1" 200 5785 "-" "Mozilla/5.0 (compatible; AhrefsBot/5.0; +http://ahrefs.com/robot/)"
79.194.42.6 - - [03/Nov/2013:09:20:21 +0100] "GET /unternehmen/aktuelles/Dienstkleidung-BVG/ HTTP/1.1" 200 5292 "-" "Mozilla/5.0 (Macintosh; Intel Mac OS X 10_6_8) AppleWebKit/534.59.10 (KHTML, like Gecko) Version/5.1.9 Safari/534.59.10"
79.194.42.6 - - [03/Nov/2013:09:20:21 +0100] "GET /includes/hover.js HTTP/1.1" 200 411 "http://www.modeinstitut-berlin.de/unternehmen/aktuelles/Dienstkleidung-BVG/" "Mozilla/5.0 (Macintosh; Intel Mac OS X 10_6_8) AppleWebKit/534.59.10 (KHTML, like Gecko) Version/5.1.9 Safari/534.59.10"
79.194.42.6 - - [03/Nov/2013:09:20:21 +0100] "GET /css/newstyles.css HTTP/1.1" 200 9734 "http://www.modeinstitut-berlin.de/unternehmen/aktuelles/Dienstkleidung-BVG/" "Mozilla/5.0 (Macintosh; Intel Mac OS X 10_6_8) AppleWebKit/534.59.10 (KHTML, like Gecko) Version/5.1.9 Safari/534.59.10"
79.194.42.6 - - [03/Nov/2013:09:20:21 +0100] "GET /Scripts/AC_RunActiveContent.js HTTP/1.1" 200 8029 "http://www.modeinstitut-berlin.de/unternehmen/aktuelles/Dienstkleidung-BVG/" "Mozilla/5.0 (Macintosh; Intel Mac OS X 10_6_8) AppleWebKit/534.59.10 (KHTML, like Gecko) Version/5.1.9 Safari/534.59.10"
79.194.42.6 - - [03/Nov/2013:09:20:21 +0100] "GET /images/layout/global-bg.jpg HTTP/1.1" 200 917 "http://www.modeinstitut-berlin.de/unternehmen/aktuelles/Dienstkleidung-BVG/" "Mozilla/5.0 (Macintosh; Intel Mac OS X 10_6_8) AppleWebKit/534.59.10 (KHTML, like Gecko) Version/5.1.9 Safari/534.59.10"
79.194.42.6 - - [03/Nov/2013:09:20:21 +0100] "GET /images/layout/bg-navi.jpg HTTP/1.1" 200 3342 "http://www.modeinstitut-berlin.de/unternehmen/aktuelles/Dienstkleidung-BVG/" "Mozilla/5.0 (Macintosh; Intel Mac OS X 10_6_8) AppleWebKit/534.59.10 (KHTML, like Gecko) Version/5.1.9 Safari/534.59.10"
79.194.42.6 - - [03/Nov/2013:09:20:21 +0100] "GET /images/layout/link.gif HTTP/1.1" 200 52 "http://www.modeinstitut-berlin.de/unternehmen/aktuelles/Dienstkleidung-BVG/" "Mozilla/5.0 (Macintosh; Intel Mac OS X 10_6_8) AppleWebKit/534.59.10 (KHTML, like Gecko) Version/5.1.9 Safari/534.59.10"
79.194.42.6 - - [03/Nov/2013:09:20:21 +0100] "GET /images/layout/bg-content-big-1.jpg HTTP/1.1" 200 46493 "http://www.modeinstitut-berlin.de/unternehmen/aktuelles/Dienstkleidung-BVG/" "Mozilla/5.0 (Macintosh; Intel Mac OS X 10_6_8) AppleWebKit/534.59.10 (KHTML, like Gecko) Version/5.1.9 Safari/534.59.10"
79.194.42.6 - - [03/Nov/2013:09:20:21 +0100] "GET /images/layout/wrapper-bg.jpg HTTP/1.1" 200 126878 "http://www.modeinstitut-berlin.de/unternehmen/aktuelles/Dienstkleidung-BVG/" "Mozilla/5.0 (Macintosh; Intel Mac OS X 10_6_8) AppleWebKit/534.59.10 (KHTML, like Gecko) Version/5.1.9 Safari/534.59.10"
66.249.74.1 - - [03/Nov/2013:09:24:27 +0100] "GET /produkt/design/dienstkleidung/ HTTP/1.1" 200 6773 "-" "DoCoMo/2.0 N905i(c100;TB;W24H16) (compatible; Googlebot-Mobile/2.1; +http://www.google.com/bot.html)"
66.249.78.228 - - [03/Nov/2013:09:31:59 +0100] "GET / HTTP/1.1" 200 2050 "-" "Mozilla/5.0 (compatible; Googlebot/2.1; +http://www.google.com/bot.html)"
5.10.83.44 - - [03/Nov/2013:09:33:39 +0100] "GET /referenzen/galerie/ HTTP/1.1" 200 4854 "-" "Mozilla/5.0 (compatible; AhrefsBot/5.0; +http://ahrefs.com/robot/)"
66.249.78.228 - - [03/Nov/2013:09:43:21 +0100] "GET /corporate-fashion/ HTTP/1.1" 200 10715 "-" "Mozilla/5.0 (compatible; Googlebot/2.1; +http://www.google.com/bot.html)"
93.214.242.33 - - [03/Nov/2013:09:50:13 +0100] "GET /images/layout/nav-hover-1.jpg HTTP/1.1" 200 746 "http://www.modeinstitut-berlin.de/unternehmen/firmenprofil/" "Mozilla/5.0 (iPhone; CPU iPhone OS 6_0_2 like Mac OS X) AppleWebKit/536.26 (KHTML, like Gecko) Version/6.0 Mobile/10A551 Safari/8536.25"
93.214.242.33 - - [03/Nov/2013:09:50:13 +0100] "GET / HTTP/1.1" 200 2050 "http://www.modeinstitut-berlin.de/unternehmen/firmenprofil/" "Mozilla/5.0 (iPhone; CPU iPhone OS 6_0_2 like Mac OS X) AppleWebKit/536.26 (KHTML, like Gecko) Version/6.0 Mobile/10A551 Safari/8536.25"
93.214.242.33 - - [03/Nov/2013:09:50:16 +0100] "GET /referenzen/referenzstatements/ HTTP/1.1" 200 4884 "http://www.modeinstitut-berlin.de/" "Mozilla/5.0 (iPhone; CPU iPhone OS 6_0_2 like Mac OS X) AppleWebKit/536.26 (KHTML, like Gecko) Version/6.0 Mobile/10A551 Safari/8536.25"
93.214.242.33 - - [03/Nov/2013:09:50:25 +0100] "GET /unternehmen/aktuelles/ HTTP/1.1" 200 5790 "http://www.modeinstitut-berlin.de/referenzen/referenzstatements/" "Mozilla/5.0 (iPhone; CPU iPhone OS 6_0_2 like Mac OS X) AppleWebKit/536.26 (KHTML, like Gecko) Version/6.0 Mobile/10A551 Safari/8536.25"
93.214.242.33 - - [03/Nov/2013:09:50:43 +0100] "GET /unternehmen/aktuelles/Dienstkleidung-BVG/ HTTP/1.1" 200 5292 "http://www.modeinstitut-berlin.de/unternehmen/aktuelles/" "Mozilla/5.0 (iPhone; CPU iPhone OS 6_0_2 like Mac OS X) AppleWebKit/536.26 (KHTML, like Gecko) Version/6.0 Mobile/10A551 Safari/8536.25"
93.214.242.33 - - [03/Nov/2013:09:51:15 +0100] "GET /downloads/2013-Juli-August-BVG-profil.pdf HTTP/1.1" 200 1654520 "http://www.modeinstitut-berlin.de/unternehmen/aktuelles/Dienstkleidung-BVG/" "Mozilla/5.0 (iPhone; CPU iPhone OS 6_0_2 like Mac OS X) AppleWebKit/536.26 (KHTML, like Gecko) Version/6.0 Mobile/10A551 Safari/8536.25"
141.8.147.12 - - [03/Nov/2013:10:03:53 +0100] "GET /inhalt/design HTTP/1.1" 404 1256 "-" "Mozilla/5.0 (compatible; YandexBot/3.0; +http://yandex.com/bots)"
5.10.83.59 - - [03/Nov/2013:10:12:17 +0100] "GET /images/motive/wowereit/wowereit_7.jpg HTTP/1.1" 200 85923 "-" "Mozilla/5.0 (compatible; AhrefsBot/5.0; +http://ahrefs.com/robot/)"
5.10.83.22 - - [03/Nov/2013:10:13:44 +0100] "GET /images/motive/wowereit/wowereit_6.jpg HTTP/1.1" 200 70590 "-" "Mozilla/5.0 (compatible; AhrefsBot/5.0; +http://ahrefs.com/robot/)"
180.76.5.70 - - [03/Nov/2013:10:24:17 +0100] "GET / HTTP/1.1" 301 363 "-" "Mozilla/5.0 (compatible; Baiduspider/2.0; +http://www.baidu.com/search/spider.html)"
180.76.5.193 - - [03/Nov/2013:10:24:17 +0100] "GET / HTTP/1.1" 200 2050 "-" "Mozilla/5.0 (compatible; Baiduspider/2.0; +http://www.baidu.com/search/spider.html)"
109.40.178.215 - - [03/Nov/2013:10:31:10 +0100] "GET / HTTP/1.1" 200 2050 "-" "Mozilla/5.0 (compatible; MSIE 9.0; Windows NT 6.1; Trident/5.0)"
109.40.178.215 - - [03/Nov/2013:10:31:10 +0100] "GET /Scripts/AC_RunActiveContent.js HTTP/1.1" 200 8029 "-" "Mozilla/5.0 (compatible; MSIE 9.0; Windows NT 6.1; Trident/5.0)"
109.40.178.215 - - [03/Nov/2013:10:31:10 +0100] "GET /css/newstyles.css HTTP/1.1" 200 9734 "-" "Mozilla/5.0 (compatible; MSIE 9.0; Windows NT 6.1; Trident/5.0)"
109.40.178.215 - - [03/Nov/2013:10:31:12 +0100] "GET /images/motive/Logo9001_5.png HTTP/1.1" 200 19358 "http://www.modeinstitut-berlin.de/" "Mozilla/5.0 (compatible; MSIE 9.0; Windows NT 6.1; Trident/5.0)"
109.40.178.215 - - [03/Nov/2013:10:31:12 +0100] "GET /includes/hover.js HTTP/1.1" 200 411 "http://www.modeinstitut-berlin.de/" "Mozilla/5.0 (compatible; MSIE 9.0; Windows NT 6.1; Trident/5.0)"
109.40.178.215 - - [03/Nov/2013:10:31:14 +0100] "GET /images/layout/global-bg.jpg HTTP/1.1" 200 917 "http://www.modeinstitut-berlin.de/" "Mozilla/5.0 (compatible; MSIE 9.0; Windows NT 6.1; Trident/5.0)"
109.40.178.215 - - [03/Nov/2013:10:31:15 +0100] "GET /images/layout/bg-content-big-1.jpg HTTP/1.1" 200 46493 "http://www.modeinstitut-berlin.de/" "Mozilla/5.0 (compatible; MSIE 9.0; Windows NT 6.1; Trident/5.0)"
109.40.178.215 - - [03/Nov/2013:10:31:15 +0100] "GET /css/iepngfix.htc HTTP/1.1" 200 2995 "-" "Mozilla/5.0 (compatible; MSIE 9.0; Windows NT 6.1; Trident/5.0)"
109.40.178.215 - - [03/Nov/2013:10:31:15 +0100] "GET /images/layout/bg-sidebox-plain1.jpg HTTP/1.1" 200 10064 "http://www.modeinstitut-berlin.de/" "Mozilla/5.0 (compatible; MSIE 9.0; Windows NT 6.1; Trident/5.0)"
109.40.178.215 - - [03/Nov/2013:10:31:15 +0100] "GET /images/layout/bg-navi.jpg HTTP/1.1" 200 3342 "http://www.modeinstitut-berlin.de/" "Mozilla/5.0 (compatible; MSIE 9.0; Windows NT 6.1; Trident/5.0)"
109.40.178.215 - - [03/Nov/2013:10:31:17 +0100] "GET /images/layout/wrapper-bg.jpg HTTP/1.1" 200 126878 "http://www.modeinstitut-berlin.de/" "Mozilla/5.0 (compatible; MSIE 9.0; Windows NT 6.1; Trident/5.0)"
109.40.178.215 - - [03/Nov/2013:10:31:20 +0100] "GET /images/layout/link.gif HTTP/1.1" 200 52 "http://www.modeinstitut-berlin.de/" "Mozilla/5.0 (compatible; MSIE 9.0; Windows NT 6.1; Trident/5.0)"
109.40.178.215 - - [03/Nov/2013:10:31:21 +0100] "GET /images/layout/nav-drop-foot.png HTTP/1.1" 200 42670 "http://www.modeinstitut-berlin.de/" "Mozilla/5.0 (compatible; MSIE 9.0; Windows NT 6.1; Trident/5.0)"
109.40.178.215 - - [03/Nov/2013:10:31:42 +0100] "GET /images/layout/nav-hover-all.jpg HTTP/1.1" 200 332 "http://www.modeinstitut-berlin.de/" "Mozilla/5.0 (compatible; MSIE 9.0; Windows NT 6.1; Trident/5.0)"
109.40.178.215 - - [03/Nov/2013:10:31:48 +0100] "GET /referenzen/galerie/ HTTP/1.1" 200 4854 "http://www.modeinstitut-berlin.de/" "Mozilla/5.0 (compatible; MSIE 9.0; Windows NT 6.1; Trident/5.0)"
109.40.178.215 - - [03/Nov/2013:10:31:52 +0100] "GET /js/swfobject.js HTTP/1.1" 200 10220 "http://www.modeinstitut-berlin.de/referenzen/galerie/" "Mozilla/5.0 (compatible; MSIE 9.0; Windows NT 6.1; Trident/5.0)"
109.40.178.215 - - [03/Nov/2013:10:31:58 +0100] "GET /images/layout/bg-content-refs2.jpg HTTP/1.1" 200 28935 "http://www.modeinstitut-berlin.de/referenzen/galerie/" "Mozilla/5.0 (compatible; MSIE 9.0; Windows NT 6.1; Trident/5.0)"
109.40.178.215 - - [03/Nov/2013:10:32:06 +0100] "GET /images/flash/monoslideshow.swf HTTP/1.1" 200 107761 "http://www.modeinstitut-berlin.de/referenzen/galerie/" "Mozilla/5.0 (compatible; MSIE 9.0; Windows NT 6.1; Trident/5.0)"
109.40.178.215 - - [03/Nov/2013:10:32:27 +0100] "GET /images/flash/monoslideshow.xml HTTP/1.1" 200 3149 "http://www.modeinstitut-berlin.de/images/flash/monoslideshow.swf" "Mozilla/5.0 (compatible; MSIE 9.0; Windows NT 6.1; Trident/5.0)"
109.40.178.215 - - [03/Nov/2013:10:32:27 +0100] "GET /favicon.ico HTTP/1.1" 404 1256 "-" "Mozilla/5.0 (compatible; MSIE 9.0; Windows NT 6.1; Trident/5.0)"
109.40.178.215 - - [03/Nov/2013:10:32:28 +0100] "GET /images/motive/slideshow/images/084-A-Design-Award-2013.jpg HTTP/1.1" 200 232895 "http://www.modeinstitut-berlin.de/images/flash/monoslideshow.swf" "Mozilla/5.0 (compatible; MSIE 9.0; Windows NT 6.1; Trident/5.0)"
109.40.178.215 - - [03/Nov/2013:10:32:40 +0100] "GET /images/motive/slideshow/images/085-A-Design-Award-2013.jpg HTTP/1.1" 200 251517 "http://www.modeinstitut-berlin.de/images/flash/monoslideshow.swf" "Mozilla/5.0 (compatible; MSIE 9.0; Windows NT 6.1; Trident/5.0)"
109.40.178.215 - - [03/Nov/2013:10:32:52 +0100] "GET /images/motive/slideshow/images/088.jpg HTTP/1.1" 200 136016 "http://www.modeinstitut-berlin.de/images/flash/monoslideshow.swf" "Mozilla/5.0 (compatible; MSIE 9.0; Windows NT 6.1; Trident/5.0)"
109.40.178.215 - - [03/Nov/2013:10:32:59 +0100] "GET /images/motive/slideshow/images/087.jpg HTTP/1.1" 200 225348 "http://www.modeinstitut-berlin.de/images/flash/monoslideshow.swf" "Mozilla/5.0 (compatible; MSIE 9.0; Windows NT 6.1; Trident/5.0)"
109.40.178.215 - - [03/Nov/2013:10:33:14 +0100] "GET /images/layout/nav-hover-1.jpg HTTP/1.1" 200 746 "http://www.modeinstitut-berlin.de/referenzen/galerie/" "Mozilla/5.0 (compatible; MSIE 9.0; Windows NT 6.1; Trident/5.0)"
109.40.178.215 - - [03/Nov/2013:10:33:16 +0100] "GET /images/motive/slideshow/images/089.jpg HTTP/1.1" 200 212364 "http://www.modeinstitut-berlin.de/images/flash/monoslideshow.swf" "Mozilla/5.0 (compatible; MSIE 9.0; Windows NT 6.1; Trident/5.0)"
109.40.178.215 - - [03/Nov/2013:10:33:23 +0100] "GET /images/motive/slideshow/images/090.jpg HTTP/1.1" 200 130130 "http://www.modeinstitut-berlin.de/images/flash/monoslideshow.swf" "Mozilla/5.0 (compatible; MSIE 9.0; Windows NT 6.1; Trident/5.0)"
109.40.178.215 - - [03/Nov/2013:10:33:30 +0100] "GET /images/motive/slideshow/images/091.jpg HTTP/1.1" 200 191243 "http://www.modeinstitut-berlin.de/images/flash/monoslideshow.swf" "Mozilla/5.0 (compatible; MSIE 9.0; Windows NT 6.1; Trident/5.0)"
109.40.178.215 - - [03/Nov/2013:10:33:49 +0100] "GET /images/motive/slideshow/images/092.jpg HTTP/1.1" 200 198240 "http://www.modeinstitut-berlin.de/images/flash/monoslideshow.swf" "Mozilla/5.0 (compatible; MSIE 9.0; Windows NT 6.1; Trident/5.0)"
109.40.178.215 - - [03/Nov/2013:10:33:56 +0100] "GET /images/motive/slideshow/images/093.jpg HTTP/1.1" 200 221696 "http://www.modeinstitut-berlin.de/images/flash/monoslideshow.swf" "Mozilla/5.0 (compatible; MSIE 9.0; Windows NT 6.1; Trident/5.0)"
109.40.178.215 - - [03/Nov/2013:10:34:03 +0100] "GET /images/motive/slideshow/images/094.jpg HTTP/1.1" 200 205759 "http://www.modeinstitut-berlin.de/images/flash/monoslideshow.swf" "Mozilla/5.0 (compatible; MSIE 9.0; Windows NT 6.1; Trident/5.0)"
109.40.178.215 - - [03/Nov/2013:10:34:35 +0100] "GET /images/motive/slideshow/images/095.jpg HTTP/1.1" 200 139866 "http://www.modeinstitut-berlin.de/images/flash/monoslideshow.swf" "Mozilla/5.0 (compatible; MSIE 9.0; Windows NT 6.1; Trident/5.0)"
109.40.178.215 - - [03/Nov/2013:10:34:43 +0100] "GET /images/motive/slideshow/images/096.jpg HTTP/1.1" 200 159319 "http://www.modeinstitut-berlin.de/images/flash/monoslideshow.swf" "Mozilla/5.0 (compatible; MSIE 9.0; Windows NT 6.1; Trident/5.0)"
109.40.178.215 - - [03/Nov/2013:10:34:49 +0100] "GET /images/motive/slideshow/images/098.jpg HTTP/1.1" 200 148289 "http://www.modeinstitut-berlin.de/images/flash/monoslideshow.swf" "Mozilla/5.0 (compatible; MSIE 9.0; Windows NT 6.1; Trident/5.0)"
109.40.178.215 - - [03/Nov/2013:10:34:56 +0100] "GET /images/motive/slideshow/images/097.jpg HTTP/1.1" 200 155936 "http://www.modeinstitut-berlin.de/images/flash/monoslideshow.swf" "Mozilla/5.0 (compatible; MSIE 9.0; Windows NT 6.1; Trident/5.0)"
109.40.178.215 - - [03/Nov/2013:10:31:15 +0100] "GET /video/video.swf HTTP/1.1" 200 3107187 "http://www.modeinstitut-berlin.de/" "Mozilla/5.0 (compatible; MSIE 9.0; Windows NT 6.1; Trident/5.0)"
141.8.147.12 - - [03/Nov/2013:10:36:48 +0100] "GET /firmenprofil.php HTTP/1.1" 404 1256 "-" "Mozilla/5.0 (compatible; YandexBot/3.0; +http://yandex.com/bots)"
66.249.78.228 - - [03/Nov/2013:10:45:29 +0100] "GET /unternehmen/servicecenter/Service-Center-Berlin-Schoeneberg/ HTTP/1.1" 200 7646 "-" "Mozilla/5.0 (compatible; Googlebot/2.1; +http://www.google.com/bot.html)"
80.137.116.198 - - [03/Nov/2013:10:48:44 +0100] "GET / HTTP/1.1" 200 2050 "http://www.google.de/url?sa=t&rct=j&q=&esrc=s&source=web&cd=1&sqi=2&ved=0CDEQFjAA&url=http%3A%2F%2Fwww.modeinstitut-berlin.de%2F&ei=-Rt2Uv27M4mItQbDsoHYBg&usg=AFQjCNGV1Fr5FizdOKg_EBKnjKkFrlfWEQ&sig2=Uu4YHv0cqQoBUQ4rX9HKjA&bvm=bv.55819444,d.Yms" "Mozilla/5.0 (Windows NT 6.1; WOW64; rv:24.0) Gecko/20100101 Firefox/24.0"
80.137.116.198 - - [03/Nov/2013:10:48:44 +0100] "GET /css/newstyles.css HTTP/1.1" 200 9734 "http://www.modeinstitut-berlin.de/" "Mozilla/5.0 (Windows NT 6.1; WOW64; rv:24.0) Gecko/20100101 Firefox/24.0"
80.137.116.198 - - [03/Nov/2013:10:48:44 +0100] "GET /Scripts/AC_RunActiveContent.js HTTP/1.1" 200 8029 "http://www.modeinstitut-berlin.de/" "Mozilla/5.0 (Windows NT 6.1; WOW64; rv:24.0) Gecko/20100101 Firefox/24.0"
80.137.116.198 - - [03/Nov/2013:10:48:44 +0100] "GET /includes/hover.js HTTP/1.1" 200 411 "http://www.modeinstitut-berlin.de/" "Mozilla/5.0 (Windows NT 6.1; WOW64; rv:24.0) Gecko/20100101 Firefox/24.0"
80.137.116.198 - - [03/Nov/2013:10:48:44 +0100] "GET /images/motive/Logo9001_5.png HTTP/1.1" 200 19358 "http://www.modeinstitut-berlin.de/" "Mozilla/5.0 (Windows NT 6.1; WOW64; rv:24.0) Gecko/20100101 Firefox/24.0"
80.137.116.198 - - [03/Nov/2013:10:48:44 +0100] "GET /images/layout/global-bg.jpg HTTP/1.1" 200 917 "http://www.modeinstitut-berlin.de/css/newstyles.css" "Mozilla/5.0 (Windows NT 6.1; WOW64; rv:24.0) Gecko/20100101 Firefox/24.0"
80.137.116.198 - - [03/Nov/2013:10:48:44 +0100] "GET /images/layout/bg-sidebox-plain1.jpg HTTP/1.1" 200 10064 "http://www.modeinstitut-berlin.de/css/newstyles.css" "Mozilla/5.0 (Windows NT 6.1; WOW64; rv:24.0) Gecko/20100101 Firefox/24.0"
80.137.116.198 - - [03/Nov/2013:10:48:44 +0100] "GET /images/layout/bg-navi.jpg HTTP/1.1" 200 3342 "http://www.modeinstitut-berlin.de/css/newstyles.css" "Mozilla/5.0 (Windows NT 6.1; WOW64; rv:24.0) Gecko/20100101 Firefox/24.0"
80.137.116.198 - - [03/Nov/2013:10:48:44 +0100] "GET /images/layout/link.gif HTTP/1.1" 200 52 "http://www.modeinstitut-berlin.de/css/newstyles.css" "Mozilla/5.0 (Windows NT 6.1; WOW64; rv:24.0) Gecko/20100101 Firefox/24.0"
80.137.116.198 - - [03/Nov/2013:10:48:44 +0100] "GET /images/layout/bg-content-big-1.jpg HTTP/1.1" 200 46493 "http://www.modeinstitut-berlin.de/css/newstyles.css" "Mozilla/5.0 (Windows NT 6.1; WOW64; rv:24.0) Gecko/20100101 Firefox/24.0"
80.137.116.198 - - [03/Nov/2013:10:48:44 +0100] "GET /images/layout/wrapper-bg.jpg HTTP/1.1" 200 126878 "http://www.modeinstitut-berlin.de/css/newstyles.css" "Mozilla/5.0 (Windows NT 6.1; WOW64; rv:24.0) Gecko/20100101 Firefox/24.0"
80.137.116.198 - - [03/Nov/2013:10:48:44 +0100] "GET /video/video.swf HTTP/1.1" 200 3107187 "http://www.modeinstitut-berlin.de/" "Mozilla/5.0 (Windows NT 6.1; WOW64; rv:24.0) Gecko/20100101 Firefox/24.0"
80.137.116.198 - - [03/Nov/2013:10:48:46 +0100] "GET /favicon.ico HTTP/1.1" 404 1256 "-" "Mozilla/5.0 (Windows NT 6.1; WOW64; rv:24.0) Gecko/20100101 Firefox/24.0"
80.137.116.198 - - [03/Nov/2013:10:48:46 +0100] "GET /favicon.ico HTTP/1.1" 404 1256 "-" "Mozilla/5.0 (Windows NT 6.1; WOW64; rv:24.0) Gecko/20100101 Firefox/24.0"
91.23.71.176 - - [03/Nov/2013:10:51:47 +0100] "GET /bestellsystem/kundenlogin/ HTTP/1.1" 200 4528 "http://www.google.de/url?sa=t&rct=j&q=&esrc=s&frm=1&source=web&cd=2&ved=0CDoQjBAwAQ&url=http%3A%2F%2Fwww.modeinstitut-berlin.de%2Fbestellsystem%2Fkundenlogin%2F&ei=rhx2UrTPNsbStQaK0oGYDA&usg=AFQjCNEbo3WEGUXkO7AR33iGik8mipk3xA&sig2=4DxRjPa-uknd7F8UbiJZPA" "Mozilla/5.0 (compatible; MSIE 10.0; Windows NT 6.1; Trident/6.0)"
91.23.71.176 - - [03/Nov/2013:10:51:47 +0100] "GET /css/newstyles.css HTTP/1.1" 200 9734 "http://www.modeinstitut-berlin.de/bestellsystem/kundenlogin/" "Mozilla/5.0 (compatible; MSIE 10.0; Windows NT 6.1; Trident/6.0)"
91.23.71.176 - - [03/Nov/2013:10:51:47 +0100] "GET /Scripts/AC_RunActiveContent.js HTTP/1.1" 200 8029 "http://www.modeinstitut-berlin.de/bestellsystem/kundenlogin/" "Mozilla/5.0 (compatible; MSIE 10.0; Windows NT 6.1; Trident/6.0)"
91.23.71.176 - - [03/Nov/2013:10:51:47 +0100] "GET /includes/hover.js HTTP/1.1" 200 411 "http://www.modeinstitut-berlin.de/bestellsystem/kundenlogin/" "Mozilla/5.0 (compatible; MSIE 10.0; Windows NT 6.1; Trident/6.0)"
91.23.71.176 - - [03/Nov/2013:10:51:47 +0100] "GET /images/layout/global-bg.jpg HTTP/1.1" 200 917 "http://www.modeinstitut-berlin.de/bestellsystem/kundenlogin/" "Mozilla/5.0 (compatible; MSIE 10.0; Windows NT 6.1; Trident/6.0)"
91.23.71.176 - - [03/Nov/2013:10:51:47 +0100] "GET /images/layout/bg-navi.jpg HTTP/1.1" 200 3342 "http://www.modeinstitut-berlin.de/bestellsystem/kundenlogin/" "Mozilla/5.0 (compatible; MSIE 10.0; Windows NT 6.1; Trident/6.0)"
91.23.71.176 - - [03/Nov/2013:10:51:47 +0100] "GET /images/layout/link.gif HTTP/1.1" 200 52 "http://www.modeinstitut-berlin.de/bestellsystem/kundenlogin/" "Mozilla/5.0 (compatible; MSIE 10.0; Windows NT 6.1; Trident/6.0)"
91.23.71.176 - - [03/Nov/2013:10:51:47 +0100] "GET /images/layout/wrapper-bg.jpg HTTP/1.1" 200 126878 "http://www.modeinstitut-berlin.de/bestellsystem/kundenlogin/" "Mozilla/5.0 (compatible; MSIE 10.0; Windows NT 6.1; Trident/6.0)"
91.23.71.176 - - [03/Nov/2013:10:51:47 +0100] "GET /images/layout/bg-content-big-1.jpg HTTP/1.1" 200 46493 "http://www.modeinstitut-berlin.de/bestellsystem/kundenlogin/" "Mozilla/5.0 (compatible; MSIE 10.0; Windows NT 6.1; Trident/6.0)"
91.23.71.176 - - [03/Nov/2013:10:51:49 +0100] "GET /favicon.ico HTTP/1.1" 404 1256 "-" "Mozilla/5.0 (compatible; MSIE 10.0; Windows NT 6.1; Trident/6.0)"
91.23.71.176 - - [03/Nov/2013:10:51:53 +0100] "GET /images/layout/nav-hover-1.jpg HTTP/1.1" 200 746 "http://www.modeinstitut-berlin.de/bestellsystem/kundenlogin/" "Mozilla/5.0 (compatible; MSIE 10.0; Windows NT 6.1; Trident/6.0)"
91.23.71.176 - - [03/Nov/2013:10:51:54 +0100] "GET /images/layout/nav-hover-all.jpg HTTP/1.1" 200 332 "http://www.modeinstitut-berlin.de/bestellsystem/kundenlogin/" "Mozilla/5.0 (compatible; MSIE 10.0; Windows NT 6.1; Trident/6.0)"
91.23.71.176 - - [03/Nov/2013:10:51:54 +0100] "GET /images/layout/nav-drop-foot.png HTTP/1.1" 200 42670 "http://www.modeinstitut-berlin.de/bestellsystem/kundenlogin/" "Mozilla/5.0 (compatible; MSIE 10.0; Windows NT 6.1; Trident/6.0)"
91.23.71.176 - - [03/Nov/2013:10:51:56 +0100] "GET /images/layout/nav-hover-end.jpg HTTP/1.1" 200 780 "http://www.modeinstitut-berlin.de/bestellsystem/kundenlogin/" "Mozilla/5.0 (compatible; MSIE 10.0; Windows NT 6.1; Trident/6.0)"
65.55.213.73 - - [03/Nov/2013:11:01:26 +0100] "GET /robots.txt HTTP/1.1" 200 317 "-" "msnbot/2.0b (+http://search.msn.com/msnbot.htm)"
65.55.213.73 - - [03/Nov/2013:11:01:27 +0100] "GET / HTTP/1.1" 200 2050 "-" "msnbot/2.0b (+http://search.msn.com/msnbot.htm)"
5.10.83.18 - - [03/Nov/2013:11:04:43 +0100] "GET /impressum/haftungsausschluss.php HTTP/1.1" 200 5952 "-" "Mozilla/5.0 (compatible; AhrefsBot/5.0; +http://ahrefs.com/robot/)"
5.10.83.94 - - [03/Nov/2013:11:07:21 +0100] "GET /produkt/design/ HTTP/1.1" 200 6495 "-" "Mozilla/5.0 (compatible; AhrefsBot/5.0; +http://ahrefs.com/robot/)"
80.137.116.198 - - [03/Nov/2013:11:07:53 +0100] "GET /bestellsystem/kundenlogin/ HTTP/1.1" 200 4528 "http://www.google.de/url?sa=t&rct=j&q=&esrc=s&source=web&cd=2&ved=0CDwQjBAwAQ&url=http%3A%2F%2Fwww.modeinstitut-berlin.de%2Fbestellsystem%2Fkundenlogin%2F&ei=diB2UvjPIZDBtAbl64CABA&usg=AFQjCNEbo3WEGUXkO7AR33iGik8mipk3xA&sig2=mWqS4ucM7cLhXD_mFdwqkw&bvm=bv.55819444,d.Yms" "Mozilla/5.0 (Windows NT 6.1; WOW64; rv:24.0) Gecko/20100101 Firefox/24.0"
193.193.172.200 - - [03/Nov/2013:11:11:19 +0100] "GET /images/layout/nav-drop-foot.png HTTP/1.0" 304 - "-" "Mozilla/4.0 (compatible;)"
85.236.44.188 - - [03/Nov/2013:11:28:13 +0100] "GET / HTTP/1.1" 200 2050 "-" "Mozilla/5.0 (Windows NT 6.1; WOW64) AppleWebKit/534.54.16 (KHTML, like Gecko) Version/5.1.4 Safari/534.54.16"
85.236.44.188 - - [03/Nov/2013:11:28:13 +0100] "GET / HTTP/1.1" 200 2050 "-" "Mozilla/5.0 (Windows; U; Windows NT 6.1; de-DE; rv:1.9.1.3) Gecko/20090824 Firefox/3.5.3"
85.236.44.188 - - [03/Nov/2013:11:28:13 +0100] "GET /robots.txt HTTP/1.1" 200 317 "-" "Mozilla/5.0 (Windows NT 6.1; WOW64; rv:10.0.2) Gecko/20120216 Firefox/10.0.2 SeaMonkey/2.7.2"
85.236.44.188 - - [03/Nov/2013:11:28:13 +0100] "GET /sitemap.xml HTTP/1.1" 200 4516 "-" "Mozilla/5.0 (Windows NT 6.1; WOW64) AppleWebKit/535.11 (KHTML, like Gecko) Chrome/17.0.963.65 Safari/535.11"
66.249.78.228 - - [03/Nov/2013:11:28:57 +0100] "GET /unternehmen/aktuelles/wowereit/ HTTP/1.1" 200 7480 "-" "Mozilla/5.0 (compatible; Googlebot/2.1; +http://www.google.com/bot.html)"
5.10.83.94 - - [03/Nov/2013:11:35:24 +0100] "GET /images/motive/wowereit/wowereit_2.jpg HTTP/1.1" 200 95358 "-" "Mozilla/5.0 (compatible; AhrefsBot/5.0; +http://ahrefs.com/robot/)"
141.8.147.12 - - [03/Nov/2013:11:36:12 +0100] "GET /produktion.php HTTP/1.1" 404 1256 "-" "Mozilla/5.0 (compatible; YandexBot/3.0; +http://yandex.com/bots)"
193.193.172.200 - - [03/Nov/2013:12:06:24 +0100] "GET /includes/hover.js HTTP/1.0" 304 - "-" "Mozilla/4.0 (compatible;)"
87.185.140.144 - - [03/Nov/2013:12:16:59 +0100] "GET / HTTP/1.1" 200 2050 "https://www.google.de/" "Mozilla/5.0 (Windows NT 6.1) AppleWebKit/537.36 (KHTML, like Gecko) Chrome/30.0.1599.101 Safari/537.36"
87.185.140.144 - - [03/Nov/2013:12:16:59 +0100] "GET /css/newstyles.css HTTP/1.1" 200 9734 "http://www.modeinstitut-berlin.de/" "Mozilla/5.0 (Windows NT 6.1) AppleWebKit/537.36 (KHTML, like Gecko) Chrome/30.0.1599.101 Safari/537.36"
87.185.140.144 - - [03/Nov/2013:12:16:59 +0100] "GET /Scripts/AC_RunActiveContent.js HTTP/1.1" 200 8029 "http://www.modeinstitut-berlin.de/" "Mozilla/5.0 (Windows NT 6.1) AppleWebKit/537.36 (KHTML, like Gecko) Chrome/30.0.1599.101 Safari/537.36"
87.185.140.144 - - [03/Nov/2013:12:16:59 +0100] "GET /images/motive/Logo9001_5.png HTTP/1.1" 200 19358 "http://www.modeinstitut-berlin.de/" "Mozilla/5.0 (Windows NT 6.1) AppleWebKit/537.36 (KHTML, like Gecko) Chrome/30.0.1599.101 Safari/537.36"
87.185.140.144 - - [03/Nov/2013:12:16:59 +0100] "GET /includes/hover.js HTTP/1.1" 200 411 "http://www.modeinstitut-berlin.de/" "Mozilla/5.0 (Windows NT 6.1) AppleWebKit/537.36 (KHTML, like Gecko) Chrome/30.0.1599.101 Safari/537.36"
87.185.140.144 - - [03/Nov/2013:12:17:00 +0100] "GET /images/layout/global-bg.jpg HTTP/1.1" 200 917 "http://www.modeinstitut-berlin.de/" "Mozilla/5.0 (Windows NT 6.1) AppleWebKit/537.36 (KHTML, like Gecko) Chrome/30.0.1599.101 Safari/537.36"
87.185.140.144 - - [03/Nov/2013:12:17:00 +0100] "GET /images/layout/bg-navi.jpg HTTP/1.1" 200 3342 "http://www.modeinstitut-berlin.de/" "Mozilla/5.0 (Windows NT 6.1) AppleWebKit/537.36 (KHTML, like Gecko) Chrome/30.0.1599.101 Safari/537.36"
87.185.140.144 - - [03/Nov/2013:12:17:00 +0100] "GET /images/layout/link.gif HTTP/1.1" 200 52 "http://www.modeinstitut-berlin.de/" "Mozilla/5.0 (Windows NT 6.1) AppleWebKit/537.36 (KHTML, like Gecko) Chrome/30.0.1599.101 Safari/537.36"
87.185.140.144 - - [03/Nov/2013:12:17:00 +0100] "GET /images/layout/bg-sidebox-plain1.jpg HTTP/1.1" 200 10064 "http://www.modeinstitut-berlin.de/" "Mozilla/5.0 (Windows NT 6.1) AppleWebKit/537.36 (KHTML, like Gecko) Chrome/30.0.1599.101 Safari/537.36"
87.185.140.144 - - [03/Nov/2013:12:17:00 +0100] "GET /images/layout/bg-content-big-1.jpg HTTP/1.1" 200 46493 "http://www.modeinstitut-berlin.de/" "Mozilla/5.0 (Windows NT 6.1) AppleWebKit/537.36 (KHTML, like Gecko) Chrome/30.0.1599.101 Safari/537.36"
87.185.140.144 - - [03/Nov/2013:12:17:00 +0100] "GET /images/layout/wrapper-bg.jpg HTTP/1.1" 200 126878 "http://www.modeinstitut-berlin.de/" "Mozilla/5.0 (Windows NT 6.1) AppleWebKit/537.36 (KHTML, like Gecko) Chrome/30.0.1599.101 Safari/537.36"
87.185.140.144 - - [03/Nov/2013:12:17:00 +0100] "GET /favicon.ico HTTP/1.1" 404 1256 "-" "Mozilla/5.0 (Windows NT 6.1) AppleWebKit/537.36 (KHTML, like Gecko) Chrome/30.0.1599.101 Safari/537.36"
87.185.140.144 - - [03/Nov/2013:12:17:10 +0100] "GET /images/layout/nav-hover-end.jpg HTTP/1.1" 200 780 "http://www.modeinstitut-berlin.de/" "Mozilla/5.0 (Windows NT 6.1) AppleWebKit/537.36 (KHTML, like Gecko) Chrome/30.0.1599.101 Safari/537.36"
87.185.140.144 - - [03/Nov/2013:12:17:04 +0100] "GET /video/video.swf HTTP/1.1" 200 3107187 "http://www.modeinstitut-berlin.de/" "Mozilla/5.0 (Windows NT 6.1) AppleWebKit/537.36 (KHTML, like Gecko) Chrome/30.0.1599.101 Safari/537.36"
87.185.140.144 - - [03/Nov/2013:12:17:33 +0100] "GET /dienstkleidung/ HTTP/1.1" 200 10206 "http://www.modeinstitut-berlin.de/" "Mozilla/5.0 (Windows NT 6.1) AppleWebKit/537.36 (KHTML, like Gecko) Chrome/30.0.1599.101 Safari/537.36"
87.185.140.144 - - [03/Nov/2013:12:17:33 +0100] "GET /js/dw_scroll_c.js HTTP/1.1" 200 36858 "http://www.modeinstitut-berlin.de/dienstkleidung/" "Mozilla/5.0 (Windows NT 6.1) AppleWebKit/537.36 (KHTML, like Gecko) Chrome/30.0.1599.101 Safari/537.36"
87.185.140.144 - - [03/Nov/2013:12:17:34 +0100] "GET /css/scroll_v.css HTTP/1.1" 200 1437 "http://www.modeinstitut-berlin.de/dienstkleidung/" "Mozilla/5.0 (Windows NT 6.1) AppleWebKit/537.36 (KHTML, like Gecko) Chrome/30.0.1599.101 Safari/537.36"
87.185.140.144 - - [03/Nov/2013:12:17:34 +0100] "GET /images/tri-dn.gif HTTP/1.1" 200 63 "http://www.modeinstitut-berlin.de/dienstkleidung/" "Mozilla/5.0 (Windows NT 6.1) AppleWebKit/537.36 (KHTML, like Gecko) Chrome/30.0.1599.101 Safari/537.36"
87.185.140.144 - - [03/Nov/2013:12:17:34 +0100] "GET /images/tri-up.gif HTTP/1.1" 200 62 "http://www.modeinstitut-berlin.de/dienstkleidung/" "Mozilla/5.0 (Windows NT 6.1) AppleWebKit/537.36 (KHTML, like Gecko) Chrome/30.0.1599.101 Safari/537.36"
87.185.140.144 - - [03/Nov/2013:12:17:34 +0100] "GET /images/flash/logistik.swf HTTP/1.1" 200 419069 "http://www.modeinstitut-berlin.de/dienstkleidung/" "Mozilla/5.0 (Windows NT 6.1) AppleWebKit/537.36 (KHTML, like Gecko) Chrome/30.0.1599.101 Safari/537.36"
87.185.140.144 - - [03/Nov/2013:12:17:38 +0100] "GET /produkt/design/ HTTP/1.1" 200 6495 "http://www.modeinstitut-berlin.de/dienstkleidung/" "Mozilla/5.0 (Windows NT 6.1) AppleWebKit/537.36 (KHTML, like Gecko) Chrome/30.0.1599.101 Safari/537.36"
87.185.140.144 - - [03/Nov/2013:12:17:38 +0100] "GET /images/layout/bg-content-big-2.jpg HTTP/1.1" 200 38423 "http://www.modeinstitut-berlin.de/produkt/design/" "Mozilla/5.0 (Windows NT 6.1) AppleWebKit/537.36 (KHTML, like Gecko) Chrome/30.0.1599.101 Safari/537.36"
87.185.140.144 - - [03/Nov/2013:12:17:38 +0100] "GET /images/flash/design.swf HTTP/1.1" 200 210329 "http://www.modeinstitut-berlin.de/produkt/design/" "Mozilla/5.0 (Windows NT 6.1) AppleWebKit/537.36 (KHTML, like Gecko) Chrome/30.0.1599.101 Safari/537.36"
87.185.140.144 - - [03/Nov/2013:12:17:50 +0100] "GET /produkt/design/verkehrsunternehmen/ HTTP/1.1" 200 6651 "http://www.modeinstitut-berlin.de/produkt/design/" "Mozilla/5.0 (Windows NT 6.1) AppleWebKit/537.36 (KHTML, like Gecko) Chrome/30.0.1599.101 Safari/537.36"
87.185.140.144 - - [03/Nov/2013:12:17:50 +0100] "GET /images/flash/verkehrsunternehmen.swf HTTP/1.1" 200 297886 "http://www.modeinstitut-berlin.de/produkt/design/verkehrsunternehmen/" "Mozilla/5.0 (Windows NT 6.1) AppleWebKit/537.36 (KHTML, like Gecko) Chrome/30.0.1599.101 Safari/537.36"
87.185.140.144 - - [03/Nov/2013:12:18:27 +0100] "GET /images/layout/nav-hover-all.jpg HTTP/1.1" 200 332 "http://www.modeinstitut-berlin.de/produkt/design/verkehrsunternehmen/" "Mozilla/5.0 (Windows NT 6.1) AppleWebKit/537.36 (KHTML, like Gecko) Chrome/30.0.1599.101 Safari/537.36"
