79.248.85.198 - - [15/Oct/2013:17:42:06 +0200] "GET /images/newsletter.jpg HTTP/1.1" 200 13130 "http://www.mink-gmbh.de/style.css" "Mozilla/5.0 (Windows NT 6.1; WOW64; rv:5.0) Gecko/20100101 Firefox/5.0"
79.248.85.198 - - [15/Oct/2013:17:42:06 +0200] "GET /images/footerbg.jpg HTTP/1.1" 200 2184 "http://www.mink-gmbh.de/style.css" "Mozilla/5.0 (Windows NT 6.1; WOW64; rv:5.0) Gecko/20100101 Firefox/5.0"
79.248.85.198 - - [15/Oct/2013:17:42:07 +0200] "GET /js_contentserver24_greybox/loader_frame.html?s=0 HTTP/1.1" 200 2084 "http://www.mink-gmbh.de/" "Mozilla/5.0 (Windows NT 6.1; WOW64; rv:5.0) Gecko/20100101 Firefox/5.0"
79.248.85.198 - - [15/Oct/2013:17:42:07 +0200] "GET /js_contentserver24_greybox/header_bg.gif HTTP/1.1" 200 1188 "http://www.mink-gmbh.de/" "Mozilla/5.0 (Windows NT 6.1; WOW64; rv:5.0) Gecko/20100101 Firefox/5.0"
79.248.85.198 - - [15/Oct/2013:17:42:07 +0200] "GET /js_contentserver24_greybox/indicator.gif HTTP/1.1" 200 8238 "http://www.mink-gmbh.de/js_contentserver24_greybox/loader_frame.html?s=0" "Mozilla/5.0 (Windows NT 6.1; WOW64; rv:5.0) Gecko/20100101 Firefox/5.0"
79.248.85.198 - - [15/Oct/2013:17:42:07 +0200] "GET /js_contentserver24_greybox/g_close.gif HTTP/1.1" 200 541 "http://www.mink-gmbh.de/" "Mozilla/5.0 (Windows NT 6.1; WOW64; rv:5.0) Gecko/20100101 Firefox/5.0"
208.115.113.91 - - [15/Oct/2013:17:46:36 +0200] "GET /robots.txt HTTP/1.1" 200 177 "-" "Mozilla/5.0 (compatible; Ezooms/1.0; ezooms.bot@gmail.com)"
66.249.78.46 - - [15/Oct/2013:17:51:28 +0200] "GET /news.php?cs_go=archiv&cs_id=4003 HTTP/1.1" 200 7956 "-" "SAMSUNG-SGH-E250/1.0 Profile/MIDP-2.0 Configuration/CLDC-1.1 UP.Browser/6.2.3.3.c.1.101 (GUI) MMP/2.0 (compatible; Googlebot-Mobile/2.1; +http://www.google.com/bot.html)"
199.30.28.136 - - [15/Oct/2013:17:52:42 +0200] "GET /robots.txt HTTP/1.1" 200 177 "-" "msnbot-media/1.1 (+http://search.msn.com/msnbot.htm)"
199.30.28.136 - - [15/Oct/2013:17:52:42 +0200] "GET /images/logos.jpg?cache5455 HTTP/1.1" 200 35043 "-" "msnbot-media/1.1 (+http://search.msn.com/msnbot.htm)"
66.249.78.46 - - [15/Oct/2013:18:40:00 +0200] "GET /news.php?cs_go=archiv&cs_id=4302 HTTP/1.1" 200 7598 "-" "Mozilla/5.0 (iPhone; U; CPU iPhone OS 4_1 like Mac OS X; en-us) AppleWebKit/532.9 (KHTML, like Gecko) Version/4.0.5 Mobile/8B117 Safari/6531.22.7 (compatible; Googlebot-Mobile/2.1; +http://www.google.com/bot.html)"
157.55.32.84 - - [15/Oct/2013:19:19:30 +0200] "GET /robots.txt HTTP/1.1" 200 177 "-" "Mozilla/5.0 (compatible; bingbot/2.0; +http://www.bing.com/bingbot.htm)"
65.36.241.79 - - [15/Oct/2013:19:26:22 +0200] "HEAD / HTTP/1.1" 200 - "-" "InternetSeer.com"
157.55.32.84 - - [15/Oct/2013:19:39:33 +0200] "GET /Heizoel-Berlin.htm HTTP/1.1" 404 - "-" "Mozilla/5.0 (compatible; bingbot/2.0; +http://www.bing.com/bingbot.htm)"
208.115.111.75 - - [15/Oct/2013:19:43:55 +0200] "GET /robots.txt HTTP/1.1" 200 177 "-" "Mozilla/5.0 (compatible; Ezooms/1.0; ezooms.bot@gmail.com)"
66.249.78.46 - - [15/Oct/2013:19:45:14 +0200] "GET /news.php?cs_go=archiv&cs_id=4617&cs_search= HTTP/1.1" 200 9512 "-" "Mozilla/5.0 (iPhone; U; CPU iPhone OS 4_1 like Mac OS X; en-us) AppleWebKit/532.9 (KHTML, like Gecko) Version/4.0.5 Mobile/8B117 Safari/6531.22.7 (compatible; Googlebot-Mobile/2.1; +http://www.google.com/bot.html)"
208.115.113.91 - - [15/Oct/2013:19:50:21 +0200] "GET /kontakt.php HTTP/1.1" 200 5051 "-" "Mozilla/5.0 (compatible; Ezooms/1.0; ezooms.bot@gmail.com)"
208.115.113.91 - - [15/Oct/2013:19:50:34 +0200] "GET /newsletter.php HTTP/1.1" 200 6529 "-" "Mozilla/5.0 (compatible; Ezooms/1.0; ezooms.bot@gmail.com)"
66.249.64.6 - - [15/Oct/2013:19:59:22 +0200] "GET /news.php?cs_go=archiv&cs_id=4637 HTTP/1.1" 200 7622 "-" "Mozilla/5.0 (compatible; Googlebot/2.1; +http://www.google.com/bot.html)"
66.249.75.49 - - [15/Oct/2013:20:05:52 +0200] "GET /news.php?cs_go=archiv&cs_id=4121&cs_search= HTTP/1.1" 200 11326 "-" "DoCoMo/2.0 N905i(c100;TB;W24H16) (compatible; Googlebot-Mobile/2.1; +http://www.google.com/bot.html)"
141.8.147.12 - - [15/Oct/2013:20:26:49 +0200] "GET /news.php?cs_go=archiv&cs_startpos=761 HTTP/1.1" 200 5727 "-" "Mozilla/5.0 (compatible; YandexBot/3.0; +http://yandex.com/bots)"
66.249.78.46 - - [15/Oct/2013:20:41:38 +0200] "GET /news.php?cs_go=archiv&cs_id=4301 HTTP/1.1" 200 11450 "-" "Mozilla/5.0 (iPhone; U; CPU iPhone OS 4_1 like Mac OS X; en-us) AppleWebKit/532.9 (KHTML, like Gecko) Version/4.0.5 Mobile/8B117 Safari/6531.22.7 (compatible; Googlebot-Mobile/2.1; +http://www.google.com/bot.html)"
66.249.64.5 - - [15/Oct/2013:21:26:39 +0200] "GET /news.php?cs_go=archiv&cs_id=4619 HTTP/1.1" 200 7729 "-" "Mozilla/5.0 (compatible; Googlebot/2.1; +http://www.google.com/bot.html)"
208.115.111.75 - - [15/Oct/2013:21:36:39 +0200] "GET /lexikon.php HTTP/1.1" 200 8152 "-" "Mozilla/5.0 (compatible; Ezooms/1.0; ezooms.bot@gmail.com)"
27.159.228.202 - - [15/Oct/2013:21:47:15 +0200] "GET /news.php?cs_go=archiv&cs_id=4112&cs_search= HTTP/1.0" 200 9472 "http://www.mink-gmbh.de/news.php?cs_go=archiv&cs_id=4112&cs_search=" "Opera/9.80 (Windows NT 6.1; WOW64) Presto/2.12.388 Version/12.11"
123.125.71.44 - - [15/Oct/2013:22:38:02 +0200] "GET / HTTP/1.1" 200 6597 "-" "Mozilla/5.0 (compatible; Baiduspider/2.0; +http://www.baidu.com/search/spider.html)"
220.181.108.120 - - [15/Oct/2013:22:38:22 +0200] "GET / HTTP/1.1" 200 6597 "-" "Mozilla/5.0 (compatible; Baiduspider/2.0; +http://www.baidu.com/search/spider.html)"
82.94.179.38 - - [15/Oct/2013:22:51:42 +0200] "GET /robots.txt HTTP/1.0" 200 177 "-" "Mozilla/4.0 (compatible; Freshbot/1.0/EU; http://webagent.wise-guys.nl/)"
82.94.179.38 - - [15/Oct/2013:22:51:42 +0200] "GET / HTTP/1.1" 200 12365 "-" "Mozilla/5.0 (X11; Linux i686; rv:6.0) Gecko/20100101 Firefox/6.0 (Freshbot/1.0/EU; http://webagent.wise-guys.nl/)"
82.94.179.38 - - [15/Oct/2013:22:51:51 +0200] "GET /news.php?cs_go=archiv&cs_id=4639 HTTP/1.1" 200 7684 "-" "Mozilla/5.0 (X11; Linux i686; rv:6.0) Gecko/20100101 Firefox/6.0 (Freshbot/1.0/EU; http://webagent.wise-guys.nl/)"
82.94.179.38 - - [15/Oct/2013:22:51:56 +0200] "GET /news.php?cs_go=archiv&cs_id=4620 HTTP/1.1" 200 7891 "-" "Mozilla/5.0 (X11; Linux i686; rv:6.0) Gecko/20100101 Firefox/6.0 (Freshbot/1.0/EU; http://webagent.wise-guys.nl/)"
82.94.179.38 - - [15/Oct/2013:22:52:01 +0200] "GET /news.php?cs_go=archiv&cs_id=4640 HTTP/1.1" 200 11797 "-" "Mozilla/5.0 (X11; Linux i686; rv:6.0) Gecko/20100101 Firefox/6.0 (Freshbot/1.0/EU; http://webagent.wise-guys.nl/)"
82.94.179.38 - - [15/Oct/2013:22:52:06 +0200] "GET /news.php?cs_go=archiv&cs_id=4628 HTTP/1.1" 200 9388 "-" "Mozilla/5.0 (X11; Linux i686; rv:6.0) Gecko/20100101 Firefox/6.0 (Freshbot/1.0/EU; http://webagent.wise-guys.nl/)"
66.249.78.46 - - [16/Oct/2013:00:13:02 +0200] "GET /images/logos.jpg?cache4136 HTTP/1.1" 200 35043 "-" "Googlebot-Image/1.0"
66.249.78.46 - - [16/Oct/2013:00:13:16 +0200] "GET /images/logos.jpg?cache8459 HTTP/1.1" 200 35043 "-" "Googlebot-Image/1.0"
66.249.78.46 - - [16/Oct/2013:00:13:20 +0200] "GET /images/logos.jpg?cache8023 HTTP/1.1" 200 35043 "-" "Googlebot-Image/1.0"
66.249.78.46 - - [16/Oct/2013:00:13:24 +0200] "GET /images/logos.jpg?cache4969 HTTP/1.1" 200 35043 "-" "Googlebot-Image/1.0"
66.249.78.46 - - [16/Oct/2013:00:13:24 +0200] "GET /images/logos.jpg?cache9927 HTTP/1.1" 200 35043 "-" "Googlebot-Image/1.0"
66.249.78.46 - - [16/Oct/2013:00:13:32 +0200] "GET /images/logos.jpg?cache9018 HTTP/1.1" 200 35043 "-" "Googlebot-Image/1.0"
66.249.78.46 - - [16/Oct/2013:00:13:35 +0200] "GET /images/logos.jpg?cache2228 HTTP/1.1" 200 35043 "-" "Googlebot-Image/1.0"
66.249.78.46 - - [16/Oct/2013:00:14:15 +0200] "GET /images/logos.jpg?cache2041 HTTP/1.1" 200 35043 "-" "Googlebot-Image/1.0"
66.249.78.46 - - [16/Oct/2013:00:15:34 +0200] "GET /images/logos.jpg?cache6210 HTTP/1.1" 200 35043 "-" "Googlebot-Image/1.0"
157.55.34.32 - - [16/Oct/2013:00:16:19 +0200] "GET /robots.txt HTTP/1.1" 200 177 "-" "Mozilla/5.0 (compatible; bingbot/2.0; +http://www.bing.com/bingbot.htm)"
157.55.34.32 - - [16/Oct/2013:00:16:51 +0200] "GET / HTTP/1.1" 200 12365 "-" "Mozilla/5.0 (compatible; bingbot/2.0; +http://www.bing.com/bingbot.htm)"
157.55.34.32 - - [16/Oct/2013:00:21:24 +0200] "GET / HTTP/1.1" 200 12365 "-" "Mozilla/5.0 (compatible; bingbot/2.0; +http://www.bing.com/bingbot.htm)"
144.76.95.39 - - [16/Oct/2013:00:25:04 +0200] "GET /robots.txt HTTP/1.0" 200 177 "-" "Mozilla/5.0 (compatible; MJ12bot/v1.4.4; http://www.majestic12.co.uk/bot.php?+)"
144.76.95.39 - - [16/Oct/2013:00:25:08 +0200] "GET /news.php?cs_go=archiv&cs_id=3946&cs_search= HTTP/1.0" 200 7662 "-" "Mozilla/5.0 (compatible; MJ12bot/v1.4.4; http://www.majestic12.co.uk/bot.php?+)"
144.76.95.39 - - [16/Oct/2013:00:25:12 +0200] "GET /news.php?cs_go=archiv&cs_id=3947&cs_search= HTTP/1.0" 200 11086 "-" "Mozilla/5.0 (compatible; MJ12bot/v1.4.4; http://www.majestic12.co.uk/bot.php?+)"
77.75.77.17 - - [16/Oct/2013:00:32:52 +0200] "GET /kontakt.php HTTP/1.1" 200 7021 "-" "SeznamBot/3.0 (+http://fulltext.sblog.cz/)"
77.75.77.17 - - [16/Oct/2013:00:32:53 +0200] "GET /kontakt.php HTTP/1.1" 200 7021 "-" "SeznamBot/3.0 (+http://fulltext.sblog.cz/)"
77.75.77.17 - - [16/Oct/2013:00:33:18 +0200] "GET /impressum.php HTTP/1.1" 200 6360 "-" "SeznamBot/3.0 (+http://fulltext.sblog.cz/)"
65.36.241.79 - - [16/Oct/2013:00:48:00 +0200] "HEAD / HTTP/1.1" 200 - "-" "InternetSeer.com"
66.249.78.46 - - [16/Oct/2013:01:19:20 +0200] "GET / HTTP/1.1" 200 12365 "-" "Mozilla/5.0 (compatible; Googlebot/2.1; +http://www.google.com/bot.html)"
66.249.78.46 - - [16/Oct/2013:01:21:22 +0200] "GET /images/logos.jpg?cache6184 HTTP/1.1" 200 35043 "-" "Googlebot-Image/1.0"
66.249.78.46 - - [16/Oct/2013:01:25:45 +0200] "GET /style.css HTTP/1.1" 200 8402 "-" "Mozilla/5.0 (compatible; Googlebot/2.1; +http://www.google.com/bot.html)"
66.249.78.46 - - [16/Oct/2013:01:31:04 +0200] "GET /news.php?cs_go=archiv&cs_id=4620 HTTP/1.1" 200 7891 "-" "Mozilla/5.0 (compatible; Googlebot/2.1; +http://www.google.com/bot.html)"
66.249.78.46 - - [16/Oct/2013:01:31:20 +0200] "GET /news.php HTTP/1.1" 200 19798 "-" "Mozilla/5.0 (compatible; Googlebot/2.1; +http://www.google.com/bot.html)"
66.249.78.46 - - [16/Oct/2013:01:31:29 +0200] "GET /news.php?cs_go=archiv&cs_id=4628 HTTP/1.1" 200 9388 "-" "Mozilla/5.0 (compatible; Googlebot/2.1; +http://www.google.com/bot.html)"
66.249.78.46 - - [16/Oct/2013:01:32:05 +0200] "GET /news.php?cs_go=archiv&cs_id=4639 HTTP/1.1" 200 7684 "-" "Mozilla/5.0 (compatible; Googlebot/2.1; +http://www.google.com/bot.html)"
66.249.78.46 - - [16/Oct/2013:01:32:29 +0200] "GET /news.php?cs_go=archiv&cs_id=4640 HTTP/1.1" 200 11797 "-" "Mozilla/5.0 (compatible; Googlebot/2.1; +http://www.google.com/bot.html)"
66.249.78.46 - - [16/Oct/2013:01:34:42 +0200] "GET /schwefelarmstandard.php HTTP/1.1" 200 10767 "-" "Mozilla/5.0 (iPhone; U; CPU iPhone OS 4_1 like Mac OS X; en-us) AppleWebKit/532.9 (KHTML, like Gecko) Version/4.0.5 Mobile/8B117 Safari/6531.22.7 (compatible; Googlebot-Mobile/2.1; +http://www.google.com/bot.html)"
66.249.78.46 - - [16/Oct/2013:01:35:37 +0200] "GET /news.php?cs_go=archiv&cs_id=4637&cs_search= HTTP/1.1" 200 7622 "-" "Mozilla/5.0 (compatible; Googlebot/2.1; +http://www.google.com/bot.html)"
66.249.78.46 - - [16/Oct/2013:01:36:07 +0200] "GET /news.php?cs_go=archiv&cs_id=4640&cs_search= HTTP/1.1" 200 11797 "-" "Mozilla/5.0 (compatible; Googlebot/2.1; +http://www.google.com/bot.html)"
66.249.78.46 - - [16/Oct/2013:01:37:07 +0200] "GET /news.php?cs_go=archiv&cs_id=4638&cs_search= HTTP/1.1" 200 11423 "-" "Mozilla/5.0 (compatible; Googlebot/2.1; +http://www.google.com/bot.html)"
66.249.78.46 - - [16/Oct/2013:01:38:04 +0200] "GET /news.php?cs_go=archiv&cs_id=4620&cs_search= HTTP/1.1" 200 7891 "-" "Mozilla/5.0 (compatible; Googlebot/2.1; +http://www.google.com/bot.html)"
66.249.78.46 - - [16/Oct/2013:01:39:01 +0200] "GET /news.php?cs_go=archiv&cs_id=4619&cs_search= HTTP/1.1" 200 7729 "-" "Mozilla/5.0 (compatible; Googlebot/2.1; +http://www.google.com/bot.html)"
66.249.78.46 - - [16/Oct/2013:01:40:00 +0200] "GET /news.php?cs_go=archiv&cs_id=4628&cs_search= HTTP/1.1" 200 9388 "-" "Mozilla/5.0 (compatible; Googlebot/2.1; +http://www.google.com/bot.html)"
66.249.78.46 - - [16/Oct/2013:01:41:00 +0200] "GET /news.php?cs_go=archiv&cs_id=4639&cs_search= HTTP/1.1" 200 7684 "-" "Mozilla/5.0 (compatible; Googlebot/2.1; +http://www.google.com/bot.html)"
66.249.78.46 - - [16/Oct/2013:01:42:10 +0200] "GET /news.php?cs_go=archiv&cs_id=4627&cs_search= HTTP/1.1" 200 10743 "-" "Mozilla/5.0 (compatible; Googlebot/2.1; +http://www.google.com/bot.html)"
66.249.78.46 - - [16/Oct/2013:02:31:04 +0200] "GET /optiplus.php HTTP/1.1" 200 8676 "-" "Mozilla/5.0 (compatible; Googlebot/2.1; +http://www.google.com/bot.html)"
66.249.78.46 - - [16/Oct/2013:02:32:50 +0200] "GET /images/logos.jpg?cache4292 HTTP/1.1" 200 35043 "-" "Googlebot-Image/1.0"
66.249.78.46 - - [16/Oct/2013:02:36:41 +0200] "GET /modul.css HTTP/1.1" 200 35038 "-" "Mozilla/5.0 (compatible; Googlebot/2.1; +http://www.google.com/bot.html)"
88.198.208.67 - - [16/Oct/2013:02:50:42 +0200] "GET / HTTP/1.1" 200 12365 "-" "Mozilla/5.0 (Macintosh; Intel Mac OS X 10.6; rv:22.0) Gecko/20100101 Firefox/22.0"
198.96.155.3 - - [16/Oct/2013:02:52:24 +0200] "GET /.svn/entries HTTP/1.1" 404 - "-" "-"
66.249.78.46 - - [16/Oct/2013:03:43:05 +0200] "GET /news.php?cs_go=archiv&cs_id=4617 HTTP/1.1" 200 9512 "-" "Mozilla/5.0 (compatible; Googlebot/2.1; +http://www.google.com/bot.html)"
66.249.78.46 - - [16/Oct/2013:03:44:18 +0200] "GET /images/logos.jpg?cache3849 HTTP/1.1" 200 35043 "-" "Googlebot-Image/1.0"
208.115.111.75 - - [16/Oct/2013:03:44:58 +0200] "GET /robots.txt HTTP/1.1" 200 177 "-" "Mozilla/5.0 (compatible; Ezooms/1.0; ezooms.bot@gmail.com)"
66.249.75.49 - - [16/Oct/2013:03:55:27 +0200] "GET /schwefelarmstandard.php HTTP/1.1" 200 10767 "-" "DoCoMo/2.0 N905i(c100;TB;W24H16) (compatible; Googlebot-Mobile/2.1; +http://www.google.com/bot.html)"
208.43.225.84 - - [16/Oct/2013:04:49:44 +0200] "GET /robots.txt HTTP/1.1" 200 177 "-" "Mozilla/5.0 (compatible; SiteExplorer/1.0b; +http://siteexplorer.info/)"
208.43.225.84 - - [16/Oct/2013:04:49:48 +0200] "GET / HTTP/1.1" 200 12365 "-" "Mozilla/5.0 (compatible; SiteExplorer/1.0b; +http://siteexplorer.info/)"
66.249.78.46 - - [16/Oct/2013:04:55:06 +0200] "GET /news.php?cs_go=archiv&cs_id=4633 HTTP/1.1" 200 11707 "-" "Mozilla/5.0 (compatible; Googlebot/2.1; +http://www.google.com/bot.html)"
66.249.78.46 - - [16/Oct/2013:04:55:46 +0200] "GET /images/logos.jpg?cache7910 HTTP/1.1" 200 35043 "-" "Googlebot-Image/1.0"
176.9.138.27 - - [16/Oct/2013:04:57:24 +0200] "GET /robots.txt HTTP/1.1" 200 177 "-" "Mozilla/5.0 (compatible; Spiderlytics/1.0; +spider@spiderlytics.com)"
176.9.138.27 - - [16/Oct/2013:04:57:25 +0200] "GET /content/encyclopedia/images/1_023.jpg HTTP/1.1" 404 - "-" "Mozilla/5.0 (compatible; Spiderlytics/1.0; +spider@spiderlytics.com)"
208.115.111.75 - - [16/Oct/2013:05:36:47 +0200] "GET /impressum.php HTTP/1.1" 200 6360 "-" "Mozilla/5.0 (compatible; Ezooms/1.0; ezooms.bot@gmail.com)"
208.115.111.75 - - [16/Oct/2013:05:36:51 +0200] "GET /news.php?cs_go=archiv&cs_id=4466&cs_search= HTTP/1.1" 200 9965 "-" "Mozilla/5.0 (compatible; Ezooms/1.0; ezooms.bot@gmail.com)"
208.115.111.75 - - [16/Oct/2013:05:36:53 +0200] "GET /news.php?cs_go=archiv&cs_id=4470&cs_search= HTTP/1.1" 200 8340 "-" "Mozilla/5.0 (compatible; Ezooms/1.0; ezooms.bot@gmail.com)"
208.115.111.75 - - [16/Oct/2013:05:36:56 +0200] "GET /news.php?cs_go=archiv&cs_startpos=80 HTTP/1.1" 200 20508 "-" "Mozilla/5.0 (compatible; Ezooms/1.0; ezooms.bot@gmail.com)"
208.115.113.91 - - [16/Oct/2013:05:43:04 +0200] "GET /robots.txt HTTP/1.1" 200 177 "-" "Mozilla/5.0 (compatible; Ezooms/1.0; ezooms.bot@gmail.com)"
66.249.78.46 - - [16/Oct/2013:05:43:07 +0200] "GET /news.php?cs_go=archiv&cs_id=4634 HTTP/1.1" 200 7846 "-" "Mozilla/5.0 (compatible; Googlebot/2.1; +http://www.google.com/bot.html)"
66.249.75.49 - - [16/Oct/2013:06:02:17 +0200] "GET /impressum.php HTTP/1.1" 200 6360 "-" "DoCoMo/2.0 N905i(c100;TB;W24H16) (compatible; Googlebot-Mobile/2.1; +http://www.google.com/bot.html)"
66.249.78.46 - - [16/Oct/2013:06:07:15 +0200] "GET /images/logos.jpg?cache6823 HTTP/1.1" 200 35043 "-" "Googlebot-Image/1.0"
66.249.78.46 - - [16/Oct/2013:06:15:57 +0200] "GET /news.php?cs_go=archiv&cs_id=4313&cs_search= HTTP/1.1" 200 7521 "-" "Mozilla/5.0 (iPhone; U; CPU iPhone OS 4_1 like Mac OS X; en-us) AppleWebKit/532.9 (KHTML, like Gecko) Version/4.0.5 Mobile/8B117 Safari/6531.22.7 (compatible; Googlebot-Mobile/2.1; +http://www.google.com/bot.html)"
69.58.178.57 - - [16/Oct/2013:06:29:54 +0200] "GET /robots.txt HTTP/1.1" 200 177 "-" "Mozilla/5.0 (X11; Ubuntu; Linux i686; rv:14.0; ips-agent) Gecko/20100101 Firefox/14.0.1"
69.58.178.57 - - [16/Oct/2013:06:29:56 +0200] "GET / HTTP/1.1" 200 12365 "-" "BlackBerry9000/4.6.0.167 Profile/MIDP-2.0 Configuration/CLDC-1.1 VendorID/102 ips-agent"
69.58.178.57 - - [16/Oct/2013:06:29:57 +0200] "GET /newsletter.php HTTP/1.1" 200 6529 "-" "Mozilla/5.0 (X11; Ubuntu; Linux i686; rv:14.0; ips-agent) Gecko/20100101 Firefox/14.0.1"
69.58.178.57 - - [16/Oct/2013:06:29:59 +0200] "GET /index.php HTTP/1.1" 200 12365 "-" "Mozilla/5.0 (X11; Ubuntu; Linux i686; rv:14.0; ips-agent) Gecko/20100101 Firefox/14.0.1"
69.58.178.57 - - [16/Oct/2013:06:30:00 +0200] "GET /standard.php HTTP/1.1" 200 6807 "-" "Mozilla/5.0 (X11; Ubuntu; Linux i686; rv:14.0; ips-agent) Gecko/20100101 Firefox/14.0.1"
69.58.178.57 - - [16/Oct/2013:06:30:02 +0200] "GET /wunschpreis.php HTTP/1.1" 200 10292 "-" "Mozilla/5.0 (X11; Ubuntu; Linux i686; rv:14.0; ips-agent) Gecko/20100101 Firefox/14.0.1"
69.58.178.57 - - [16/Oct/2013:06:30:03 +0200] "GET /preisanfrage.php HTTP/1.1" 200 8557 "-" "Mozilla/5.0 (X11; Ubuntu; Linux i686; rv:14.0; ips-agent) Gecko/20100101 Firefox/14.0.1"
69.58.178.57 - - [16/Oct/2013:06:30:05 +0200] "GET /news.php HTTP/1.1" 200 19798 "-" "Mozilla/5.0 (X11; Ubuntu; Linux i686; rv:14.0; ips-agent) Gecko/20100101 Firefox/14.0.1"
69.58.178.57 - - [16/Oct/2013:06:30:06 +0200] "GET /kontakt.php HTTP/1.1" 200 7021 "-" "Mozilla/5.0 (X11; Ubuntu; Linux i686; rv:14.0; ips-agent) Gecko/20100101 Firefox/14.0.1"
69.58.178.57 - - [16/Oct/2013:06:30:08 +0200] "GET /jobs.php HTTP/1.1" 200 5020 "-" "Mozilla/5.0 (X11; Ubuntu; Linux i686; rv:14.0; ips-agent) Gecko/20100101 Firefox/14.0.1"
69.58.178.57 - - [16/Oct/2013:06:30:09 +0200] "GET /impressum.php HTTP/1.1" 200 6360 "-" "Mozilla/5.0 (X11; Ubuntu; Linux i686; rv:14.0; ips-agent) Gecko/20100101 Firefox/14.0.1"
94.222.249.88 - - [16/Oct/2013:06:31:29 +0200] "GET /style.css HTTP/1.1" 200 8402 "http://www.mink-gmbh.de/" "Opera/9.80 (Windows NT 6.0; Distribution 00) Presto/2.12.388 Version/12.16"
94.222.249.88 - - [16/Oct/2013:06:31:29 +0200] "GET /modul.css HTTP/1.1" 200 35038 "http://www.mink-gmbh.de/" "Opera/9.80 (Windows NT 6.0; Distribution 00) Presto/2.12.388 Version/12.16"
94.222.249.88 - - [16/Oct/2013:06:31:29 +0200] "GET /favicon.ico HTTP/1.1" 200 3638 "http://www.mink-gmbh.de/" "Opera/9.80 (Windows NT 6.0; Distribution 00) Presto/2.12.388 Version/12.16"
94.222.249.88 - - [16/Oct/2013:06:31:29 +0200] "GET / HTTP/1.1" 200 12365 "http://www.klicktel.de/branchen/mineraloelerzeugnisse-grosshandel-berlin-3303689-42106319.html" "Opera/9.80 (Windows NT 6.0; Distribution 00) Presto/2.12.388 Version/12.16"
94.222.249.88 - - [16/Oct/2013:06:31:30 +0200] "GET /js_contentserver24_greybox/gb_styles.css HTTP/1.1" 200 2302 "http://www.mink-gmbh.de/" "Opera/9.80 (Windows NT 6.0; Distribution 00) Presto/2.12.388 Version/12.16"
94.222.249.88 - - [16/Oct/2013:06:31:30 +0200] "GET /js_contentserver24_greybox/AJS_fx.js HTTP/1.1" 200 3192 "http://www.mink-gmbh.de/" "Opera/9.80 (Windows NT 6.0; Distribution 00) Presto/2.12.388 Version/12.16"
94.222.249.88 - - [16/Oct/2013:06:31:30 +0200] "GET /js_contentserver24_greybox/AJS.js HTTP/1.1" 200 10396 "http://www.mink-gmbh.de/" "Opera/9.80 (Windows NT 6.0; Distribution 00) Presto/2.12.388 Version/12.16"
94.222.249.88 - - [16/Oct/2013:06:31:30 +0200] "GET /js_contentserver24_greybox/gb_scripts.js HTTP/1.1" 200 11913 "http://www.mink-gmbh.de/" "Opera/9.80 (Windows NT 6.0; Distribution 00) Presto/2.12.388 Version/12.16"
94.222.249.88 - - [16/Oct/2013:06:31:30 +0200] "GET /images/wunschpreis.jpg HTTP/1.1" 200 16767 "http://www.mink-gmbh.de/" "Opera/9.80 (Windows NT 6.0; Distribution 00) Presto/2.12.388 Version/12.16"
94.222.249.88 - - [16/Oct/2013:06:31:30 +0200] "GET /images/kwk.gif HTTP/1.1" 200 6403 "http://www.mink-gmbh.de/" "Opera/9.80 (Windows NT 6.0; Distribution 00) Presto/2.12.388 Version/12.16"
94.222.249.88 - - [16/Oct/2013:06:31:30 +0200] "GET /images/mail.jpg HTTP/1.1" 200 11165 "http://www.mink-gmbh.de/" "Opera/9.80 (Windows NT 6.0; Distribution 00) Presto/2.12.388 Version/12.16"
94.222.249.88 - - [16/Oct/2013:06:31:30 +0200] "GET /images/team-energie.png HTTP/1.1" 200 17383 "http://www.mink-gmbh.de/" "Opera/9.80 (Windows NT 6.0; Distribution 00) Presto/2.12.388 Version/12.16"
94.222.249.88 - - [16/Oct/2013:06:31:30 +0200] "GET /images/close.png HTTP/1.1" 200 703 "http://www.mink-gmbh.de/" "Opera/9.80 (Windows NT 6.0; Distribution 00) Presto/2.12.388 Version/12.16"
94.222.249.88 - - [16/Oct/2013:06:31:30 +0200] "GET /images/tkw.jpg HTTP/1.1" 200 64031 "http://www.mink-gmbh.de/" "Opera/9.80 (Windows NT 6.0; Distribution 00) Presto/2.12.388 Version/12.16"
94.222.249.88 - - [16/Oct/2013:06:31:30 +0200] "GET /images/newsletter_bg.jpg HTTP/1.1" 200 33610 "http://www.mink-gmbh.de/" "Opera/9.80 (Windows NT 6.0; Distribution 00) Presto/2.12.388 Version/12.16"
94.222.249.88 - - [16/Oct/2013:06:31:30 +0200] "GET /images/logos.jpg?cache1138 HTTP/1.1" 200 35043 "http://www.mink-gmbh.de/" "Opera/9.80 (Windows NT 6.0; Distribution 00) Presto/2.12.388 Version/12.16"
94.222.249.88 - - [16/Oct/2013:06:31:30 +0200] "GET /images/freecall.jpg HTTP/1.1" 200 39195 "http://www.mink-gmbh.de/" "Opera/9.80 (Windows NT 6.0; Distribution 00) Presto/2.12.388 Version/12.16"
94.222.249.88 - - [16/Oct/2013:06:31:30 +0200] "GET /images/logos.jpg?cache1138 HTTP/1.1" 200 35043 "http://www.mink-gmbh.de/" "Opera/9.80 (Windows NT 6.0; Distribution 00) Presto/2.12.388 Version/12.16"
94.222.249.88 - - [16/Oct/2013:06:31:30 +0200] "GET /images/newsletter_bg.jpg HTTP/1.1" 200 33610 "http://www.mink-gmbh.de/" "Opera/9.80 (Windows NT 6.0; Distribution 00) Presto/2.12.388 Version/12.16"
94.222.249.88 - - [16/Oct/2013:06:31:30 +0200] "GET /js_contentserver24_greybox/w_close.gif HTTP/1.1" 200 74 "http://www.mink-gmbh.de/" "Opera/9.80 (Windows NT 6.0; Distribution 00) Presto/2.12.388 Version/12.16"
94.222.249.88 - - [16/Oct/2013:06:31:30 +0200] "GET /images/bg.png HTTP/1.1" 200 922 "http://www.mink-gmbh.de/" "Opera/9.80 (Windows NT 6.0; Distribution 00) Presto/2.12.388 Version/12.16"
94.222.249.88 - - [16/Oct/2013:06:31:30 +0200] "GET /images/newsletter.png HTTP/1.1" 200 14619 "http://www.mink-gmbh.de/" "Opera/9.80 (Windows NT 6.0; Distribution 00) Presto/2.12.388 Version/12.16"
94.222.249.88 - - [16/Oct/2013:06:31:30 +0200] "GET /images/wrapperbg.jpg HTTP/1.1" 200 27465 "http://www.mink-gmbh.de/" "Opera/9.80 (Windows NT 6.0; Distribution 00) Presto/2.12.388 Version/12.16"
94.222.249.88 - - [16/Oct/2013:06:31:30 +0200] "GET /images/steigend.png HTTP/1.1" 200 688 "http://www.mink-gmbh.de/" "Opera/9.80 (Windows NT 6.0; Distribution 00) Presto/2.12.388 Version/12.16"
94.222.249.88 - - [16/Oct/2013:06:31:30 +0200] "GET /images/fallend.png HTTP/1.1" 200 713 "http://www.mink-gmbh.de/" "Opera/9.80 (Windows NT 6.0; Distribution 00) Presto/2.12.388 Version/12.16"
94.222.249.88 - - [16/Oct/2013:06:31:30 +0200] "GET /images/mobil.jpg HTTP/1.1" 200 25293 "http://www.mink-gmbh.de/" "Opera/9.80 (Windows NT 6.0; Distribution 00) Presto/2.12.388 Version/12.16"
94.222.249.88 - - [16/Oct/2013:06:31:30 +0200] "GET /images/newsletter.jpg HTTP/1.1" 200 13130 "http://www.mink-gmbh.de/" "Opera/9.80 (Windows NT 6.0; Distribution 00) Presto/2.12.388 Version/12.16"
94.222.249.88 - - [16/Oct/2013:06:31:30 +0200] "GET /images/header.jpg HTTP/1.1" 200 25189 "http://www.mink-gmbh.de/" "Opera/9.80 (Windows NT 6.0; Distribution 00) Presto/2.12.388 Version/12.16"
94.222.249.88 - - [16/Oct/2013:06:31:30 +0200] "GET /images/navibg.png HTTP/1.1" 200 2803 "http://www.mink-gmbh.de/" "Opera/9.80 (Windows NT 6.0; Distribution 00) Presto/2.12.388 Version/12.16"
94.222.249.88 - - [16/Oct/2013:06:31:30 +0200] "GET /images/newsletter.jpg HTTP/1.1" 200 13130 "http://www.mink-gmbh.de/" "Opera/9.80 (Windows NT 6.0; Distribution 00) Presto/2.12.388 Version/12.16"
94.222.249.88 - - [16/Oct/2013:06:31:30 +0200] "GET /images/footerbg.jpg HTTP/1.1" 200 2184 "http://www.mink-gmbh.de/" "Opera/9.80 (Windows NT 6.0; Distribution 00) Presto/2.12.388 Version/12.16"
94.222.249.88 - - [16/Oct/2013:06:31:30 +0200] "GET /images/footerbg.jpg HTTP/1.1" 200 2184 "http://www.mink-gmbh.de/" "Opera/9.80 (Windows NT 6.0; Distribution 00) Presto/2.12.388 Version/12.16"
94.222.249.88 - - [16/Oct/2013:06:31:31 +0200] "GET /js_contentserver24_greybox/header_bg.gif HTTP/1.1" 200 1188 "http://www.mink-gmbh.de/" "Opera/9.80 (Windows NT 6.0; Distribution 00) Presto/2.12.388 Version/12.16"
94.222.249.88 - - [16/Oct/2013:06:31:31 +0200] "GET /js_contentserver24_greybox/g_close.gif HTTP/1.1" 200 541 "http://www.mink-gmbh.de/" "Opera/9.80 (Windows NT 6.0; Distribution 00) Presto/2.12.388 Version/12.16"
94.222.249.88 - - [16/Oct/2013:06:31:31 +0200] "GET /js_contentserver24_greybox/loader_frame.html?s=0 HTTP/1.1" 200 2084 "http://www.mink-gmbh.de/" "Opera/9.80 (Windows NT 6.0; Distribution 00) Presto/2.12.388 Version/12.16"
94.222.249.88 - - [16/Oct/2013:06:31:31 +0200] "GET /js_contentserver24_greybox/indicator.gif HTTP/1.1" 200 8238 "http://www.mink-gmbh.de/" "Opera/9.80 (Windows NT 6.0; Distribution 00) Presto/2.12.388 Version/12.16"
94.222.249.88 - - [16/Oct/2013:06:31:37 +0200] "GET /standard.php HTTP/1.1" 200 6807 "http://www.mink-gmbh.de/" "Opera/9.80 (Windows NT 6.0; Distribution 00) Presto/2.12.388 Version/12.16"
94.222.249.88 - - [16/Oct/2013:06:31:38 +0200] "GET /images/logos.jpg?cache5904 HTTP/1.1" 200 35043 "http://www.mink-gmbh.de/standard.php" "Opera/9.80 (Windows NT 6.0; Distribution 00) Presto/2.12.388 Version/12.16"
66.249.78.46 - - [16/Oct/2013:07:07:19 +0200] "GET /news.php?cs_go=archiv&cs_id=4630&cs_search= HTTP/1.1" 200 11708 "-" "Mozilla/5.0 (iPhone; U; CPU iPhone OS 4_1 like Mac OS X; en-us) AppleWebKit/532.9 (KHTML, like Gecko) Version/4.0.5 Mobile/8B117 Safari/6531.22.7 (compatible; Googlebot-Mobile/2.1; +http://www.google.com/bot.html)"
66.249.78.46 - - [16/Oct/2013:07:18:43 +0200] "GET /images/logos.jpg?cache1178 HTTP/1.1" 200 35043 "-" "Googlebot-Image/1.0"
65.36.241.79 - - [16/Oct/2013:07:24:55 +0200] "HEAD / HTTP/1.1" 200 - "-" "InternetSeer.com"
208.115.111.75 - - [16/Oct/2013:07:44:09 +0200] "GET /robots.txt HTTP/1.1" 200 177 "-" "Mozilla/5.0 (compatible; Ezooms/1.0; ezooms.bot@gmail.com)"
208.115.113.91 - - [16/Oct/2013:07:45:29 +0200] "GET /news.php?cs_go=archiv&cs_startpos=220 HTTP/1.1" 200 20552 "-" "Mozilla/5.0 (compatible; Ezooms/1.0; ezooms.bot@gmail.com)"
220.181.108.100 - - [16/Oct/2013:07:52:34 +0200] "GET / HTTP/1.1" 200 6597 "-" "Mozilla/5.0 (compatible; Baiduspider/2.0; +http://www.baidu.com/search/spider.html)"
123.125.71.27 - - [16/Oct/2013:07:54:32 +0200] "GET / HTTP/1.1" 200 6597 "-" "Mozilla/5.0 (compatible; Baiduspider/2.0; +http://www.baidu.com/search/spider.html)"
66.249.78.46 - - [16/Oct/2013:08:19:13 +0200] "GET /news.php?cs_go=archiv&cs_id=4632 HTTP/1.1" 200 8183 "-" "Mozilla/5.0 (compatible; Googlebot/2.1; +http://www.google.com/bot.html)"
176.28.53.119 - - [16/Oct/2013:08:19:43 +0200] "GET / HTTP/1.1" 200 12365 "-" "Mozilla/5.0 (Windows NT 6.1; Win64; x64; rv:5.0) Gecko/20110619 Firefox/5.0"
176.28.53.119 - - [16/Oct/2013:08:19:44 +0200] "GET /newsletter.php HTTP/1.1" 200 6529 "-" "Mozilla/5.0 (Windows NT 6.1; Win64; x64; rv:5.0) Gecko/20110619 Firefox/5.0"
176.28.53.119 - - [16/Oct/2013:08:19:45 +0200] "GET /index.php HTTP/1.1" 200 11625 "-" "Mozilla/5.0 (Windows NT 6.1; Win64; x64; rv:5.0) Gecko/20110619 Firefox/5.0"
176.28.53.119 - - [16/Oct/2013:08:19:46 +0200] "GET /standard.php HTTP/1.1" 200 6807 "-" "Mozilla/5.0 (Windows NT 6.1; Win64; x64; rv:5.0) Gecko/20110619 Firefox/5.0"
176.28.53.119 - - [16/Oct/2013:08:19:46 +0200] "GET /wunschpreis.php HTTP/1.1" 200 10292 "-" "Mozilla/5.0 (Windows NT 6.1; Win64; x64; rv:5.0) Gecko/20110619 Firefox/5.0"
176.28.53.119 - - [16/Oct/2013:08:19:48 +0200] "GET /preisanfrage.php HTTP/1.1" 200 8557 "-" "Mozilla/5.0 (Windows NT 6.1; Win64; x64; rv:5.0) Gecko/20110619 Firefox/5.0"
176.28.53.119 - - [16/Oct/2013:08:19:48 +0200] "GET /news.php HTTP/1.1" 200 19798 "-" "Mozilla/5.0 (Windows NT 6.1; Win64; x64; rv:5.0) Gecko/20110619 Firefox/5.0"
176.28.53.119 - - [16/Oct/2013:08:19:49 +0200] "GET /kontakt.php HTTP/1.1" 200 7021 "-" "Mozilla/5.0 (Windows NT 6.1; Win64; x64; rv:5.0) Gecko/20110619 Firefox/5.0"
176.28.53.119 - - [16/Oct/2013:08:19:51 +0200] "GET /jobs.php HTTP/1.1" 200 5020 "-" "Mozilla/5.0 (Windows NT 6.1; Win64; x64; rv:5.0) Gecko/20110619 Firefox/5.0"
176.28.53.119 - - [16/Oct/2013:08:19:52 +0200] "GET /impressum.php HTTP/1.1" 200 6360 "-" "Mozilla/5.0 (Windows NT 6.1; Win64; x64; rv:5.0) Gecko/20110619 Firefox/5.0"
176.28.53.119 - - [16/Oct/2013:08:19:52 +0200] "GET /news.php?cs_go=archiv&cs_id=4640 HTTP/1.1" 200 11797 "-" "Mozilla/5.0 (Windows NT 6.1; Win64; x64; rv:5.0) Gecko/20110619 Firefox/5.0"
176.28.53.119 - - [16/Oct/2013:08:19:53 +0200] "GET /news.php?cs_go=archiv&cs_id=4628 HTTP/1.1" 200 9388 "-" "Mozilla/5.0 (Windows NT 6.1; Win64; x64; rv:5.0) Gecko/20110619 Firefox/5.0"
176.28.53.119 - - [16/Oct/2013:08:19:54 +0200] "GET /news.php?cs_go=archiv&cs_id=4620 HTTP/1.1" 200 7891 "-" "Mozilla/5.0 (Windows NT 6.1; Win64; x64; rv:5.0) Gecko/20110619 Firefox/5.0"
176.28.53.119 - - [16/Oct/2013:08:19:54 +0200] "GET /news.php?cs_go=archiv&cs_id=4639 HTTP/1.1" 200 7684 "-" "Mozilla/5.0 (Windows NT 6.1; Win64; x64; rv:5.0) Gecko/20110619 Firefox/5.0"
176.28.53.119 - - [16/Oct/2013:08:19:55 +0200] "GET /news.php?cs_go=archiv HTTP/1.1" 200 19798 "-" "Mozilla/5.0 (Windows NT 6.1; Win64; x64; rv:5.0) Gecko/20110619 Firefox/5.0"
176.28.53.119 - - [16/Oct/2013:08:19:56 +0200] "GET /rueckrufservice.php HTTP/1.1" 200 8337 "-" "Mozilla/5.0 (Windows NT 6.1; Win64; x64; rv:5.0) Gecko/20110619 Firefox/5.0"
176.28.53.119 - - [16/Oct/2013:08:19:56 +0200] "GET /kwk.php HTTP/1.1" 200 8484 "-" "Mozilla/5.0 (Windows NT 6.1; Win64; x64; rv:5.0) Gecko/20110619 Firefox/5.0"
176.28.53.119 - - [16/Oct/2013:08:19:57 +0200] "GET /schwefelarmstandard.php HTTP/1.1" 200 10767 "-" "Mozilla/5.0 (Windows NT 6.1; Win64; x64; rv:5.0) Gecko/20110619 Firefox/5.0"
176.28.53.119 - - [16/Oct/2013:08:19:58 +0200] "GET /agb.php HTTP/1.1" 200 17598 "-" "Mozilla/5.0 (Windows NT 6.1; Win64; x64; rv:5.0) Gecko/20110619 Firefox/5.0"
176.28.53.119 - - [16/Oct/2013:08:19:58 +0200] "GET /faq.php HTTP/1.1" 200 216868 "-" "Mozilla/5.0 (Windows NT 6.1; Win64; x64; rv:5.0) Gecko/20110619 Firefox/5.0"
66.249.75.49 - - [16/Oct/2013:08:22:25 +0200] "GET /lexikon.php?cs_go=3&cs_id=215 HTTP/1.1" 200 6233 "-" "Mozilla/5.0 (compatible; Googlebot/2.1; +http://www.google.com/bot.html)"
66.249.78.46 - - [16/Oct/2013:08:22:53 +0200] "GET /lexikon.php?cs_go=3&cs_id=127 HTTP/1.1" 200 7679 "-" "Mozilla/5.0 (compatible; Googlebot/2.1; +http://www.google.com/bot.html)"
66.249.78.46 - - [16/Oct/2013:08:30:10 +0200] "GET /images/logos.jpg?cache9001 HTTP/1.1" 200 35043 "-" "Googlebot-Image/1.0"
66.249.78.46 - - [16/Oct/2013:08:39:48 +0200] "GET /news.php?cs_go=archiv&cs_startpos=50 HTTP/1.1" 200 20517 "-" "Mozilla/5.0 (iPhone; U; CPU iPhone OS 4_1 like Mac OS X; en-us) AppleWebKit/532.9 (KHTML, like Gecko) Version/4.0.5 Mobile/8B117 Safari/6531.22.7 (compatible; Googlebot-Mobile/2.1; +http://www.google.com/bot.html)"
157.55.33.123 - - [16/Oct/2013:09:07:56 +0200] "GET /robots.txt HTTP/1.1" 200 177 "-" "Mozilla/5.0 (compatible; bingbot/2.0; +http://www.bing.com/bingbot.htm)"
157.55.33.123 - - [16/Oct/2013:09:24:23 +0200] "GET /news.php?cs_go=archiv&cs_id=4556&cs_search= HTTP/1.1" 200 7861 "-" "Mozilla/5.0 (compatible; bingbot/2.0; +http://www.bing.com/bingbot.htm)"
208.115.111.75 - - [16/Oct/2013:09:37:01 +0200] "GET /news.php?cs_go=archiv&cs_id=4558&cs_search= HTTP/1.1" 200 11632 "-" "Mozilla/5.0 (compatible; Ezooms/1.0; ezooms.bot@gmail.com)"
66.249.78.46 - - [16/Oct/2013:09:41:37 +0200] "GET /images/logos.jpg?cache1430 HTTP/1.1" 200 35043 "-" "Googlebot-Image/1.0"
80.71.255.122 - - [16/Oct/2013:09:41:44 +0200] "GET /style.css HTTP/1.1" 200 8402 "http://www.mink-gmbh.de/" "Mozilla/5.0 (compatible; MSIE 9.0; Windows NT 6.1; Trident/5.0)"
80.71.255.122 - - [16/Oct/2013:09:41:44 +0200] "GET /js_contentserver24_greybox/gb_styles.css HTTP/1.1" 200 2302 "http://www.mink-gmbh.de/" "Mozilla/5.0 (compatible; MSIE 9.0; Windows NT 6.1; Trident/5.0)"
80.71.255.122 - - [16/Oct/2013:09:41:44 +0200] "GET /js_contentserver24_greybox/gb_scripts.js HTTP/1.1" 200 11913 "http://www.mink-gmbh.de/" "Mozilla/5.0 (compatible; MSIE 9.0; Windows NT 6.1; Trident/5.0)"
80.71.255.122 - - [16/Oct/2013:09:41:44 +0200] "GET /js_contentserver24_greybox/AJS.js HTTP/1.1" 200 10396 "http://www.mink-gmbh.de/" "Mozilla/5.0 (compatible; MSIE 9.0; Windows NT 6.1; Trident/5.0)"
80.71.255.122 - - [16/Oct/2013:09:41:44 +0200] "GET /js_contentserver24_greybox/AJS_fx.js HTTP/1.1" 200 3192 "http://www.mink-gmbh.de/" "Mozilla/5.0 (compatible; MSIE 9.0; Windows NT 6.1; Trident/5.0)"
80.71.255.122 - - [16/Oct/2013:09:41:44 +0200] "GET /modul.css HTTP/1.1" 200 35038 "http://www.mink-gmbh.de/" "Mozilla/5.0 (compatible; MSIE 9.0; Windows NT 6.1; Trident/5.0)"
80.71.255.122 - - [16/Oct/2013:09:41:44 +0200] "GET / HTTP/1.1" 200 12366 "http://yandex.ru/clck/jsredir?from=yandex.ru%3Byandsearch%3Bweb%3B%3B&text=MINK%20GMBH&uuid=&state=AiuY0DBWFJ4ePaEse6rgeAjgs2pI3DW99KUdgowt9XvoT-twMUKrgFbs6ncuMTa9vXtGVNRNMx87h6g-piUSBeneHbIJDNWE9oSee3mXZjijpOKY2ErDkaJa5-AkDNT7OtcxsLWSh7WkzPt253V5-5WlWPu1SZW3GsnTpdthJMJ_Uud0TppHWW6FVqxQTg1b&data=UlNrNmk5WktYejR0eWJFYk1LdmtxdHJ5V19FbmVyZW1kY3QtRExIZlJMZUdZdUVkZFpleDFkbWx3ckpmU0x3ZTNmSDFVX3o0OEpneGVYZVEwTTlmS2c0UUZLV1Y1aDZ3V2g1MTVsazlqSEU&b64e=2&sign=fc7317416a50610d9e88d9189b553188&keyno=0&l10n=ru" "Mozilla/5.0 (compatible; MSIE 9.0; Windows NT 6.1; Trident/5.0)"
80.71.255.122 - - [16/Oct/2013:09:41:45 +0200] "GET /images/mail.jpg HTTP/1.1" 200 11165 "http://www.mink-gmbh.de/" "Mozilla/5.0 (compatible; MSIE 9.0; Windows NT 6.1; Trident/5.0)"
80.71.255.122 - - [16/Oct/2013:09:41:45 +0200] "GET /images/kwk.gif HTTP/1.1" 200 6403 "http://www.mink-gmbh.de/" "Mozilla/5.0 (compatible; MSIE 9.0; Windows NT 6.1; Trident/5.0)"
80.71.255.122 - - [16/Oct/2013:09:41:45 +0200] "GET /images/wunschpreis.jpg HTTP/1.1" 200 16767 "http://www.mink-gmbh.de/" "Mozilla/5.0 (compatible; MSIE 9.0; Windows NT 6.1; Trident/5.0)"
80.71.255.122 - - [16/Oct/2013:09:41:45 +0200] "GET /images/team-energie.png HTTP/1.1" 200 17383 "http://www.mink-gmbh.de/" "Mozilla/5.0 (compatible; MSIE 9.0; Windows NT 6.1; Trident/5.0)"
80.71.255.122 - - [16/Oct/2013:09:41:45 +0200] "GET /images/tkw.jpg HTTP/1.1" 200 64031 "http://www.mink-gmbh.de/" "Mozilla/5.0 (compatible; MSIE 9.0; Windows NT 6.1; Trident/5.0)"
80.71.255.122 - - [16/Oct/2013:09:41:45 +0200] "GET /images/freecall.jpg HTTP/1.1" 200 39195 "http://www.mink-gmbh.de/" "Mozilla/5.0 (compatible; MSIE 9.0; Windows NT 6.1; Trident/5.0)"
80.71.255.122 - - [16/Oct/2013:09:41:45 +0200] "GET /images/logos.jpg?cache7746 HTTP/1.1" 200 35043 "http://www.mink-gmbh.de/" "Mozilla/5.0 (compatible; MSIE 9.0; Windows NT 6.1; Trident/5.0)"
80.71.255.122 - - [16/Oct/2013:09:41:45 +0200] "GET /images/bg.png HTTP/1.1" 200 922 "http://www.mink-gmbh.de/" "Mozilla/5.0 (compatible; MSIE 9.0; Windows NT 6.1; Trident/5.0)"
80.71.255.122 - - [16/Oct/2013:09:41:45 +0200] "GET /images/navibg.png HTTP/1.1" 200 2803 "http://www.mink-gmbh.de/" "Mozilla/5.0 (compatible; MSIE 9.0; Windows NT 6.1; Trident/5.0)"
80.71.255.122 - - [16/Oct/2013:09:41:45 +0200] "GET /images/newsletter.png HTTP/1.1" 200 14619 "http://www.mink-gmbh.de/" "Mozilla/5.0 (compatible; MSIE 9.0; Windows NT 6.1; Trident/5.0)"
80.71.255.122 - - [16/Oct/2013:09:41:45 +0200] "GET /images/fallend.png HTTP/1.1" 200 713 "http://www.mink-gmbh.de/" "Mozilla/5.0 (compatible; MSIE 9.0; Windows NT 6.1; Trident/5.0)"
80.71.255.122 - - [16/Oct/2013:09:41:45 +0200] "GET /images/wrapperbg.jpg HTTP/1.1" 200 27465 "http://www.mink-gmbh.de/" "Mozilla/5.0 (compatible; MSIE 9.0; Windows NT 6.1; Trident/5.0)"
80.71.255.122 - - [16/Oct/2013:09:41:45 +0200] "GET /images/newsletter_bg.jpg HTTP/1.1" 200 33610 "http://www.mink-gmbh.de/" "Mozilla/5.0 (compatible; MSIE 9.0; Windows NT 6.1; Trident/5.0)"
80.71.255.122 - - [16/Oct/2013:09:41:45 +0200] "GET /images/header.jpg HTTP/1.1" 200 25189 "http://www.mink-gmbh.de/" "Mozilla/5.0 (compatible; MSIE 9.0; Windows NT 6.1; Trident/5.0)"
80.71.255.122 - - [16/Oct/2013:09:41:46 +0200] "GET /js_contentserver24_greybox/w_close.gif HTTP/1.1" 200 74 "http://www.mink-gmbh.de/" "Mozilla/5.0 (compatible; MSIE 9.0; Windows NT 6.1; Trident/5.0)"
80.71.255.122 - - [16/Oct/2013:09:41:46 +0200] "GET /images/close.png HTTP/1.1" 200 703 "http://www.mink-gmbh.de/" "Mozilla/5.0 (compatible; MSIE 9.0; Windows NT 6.1; Trident/5.0)"
80.71.255.122 - - [16/Oct/2013:09:41:46 +0200] "GET /images/steigend.png HTTP/1.1" 200 688 "http://www.mink-gmbh.de/" "Mozilla/5.0 (compatible; MSIE 9.0; Windows NT 6.1; Trident/5.0)"
80.71.255.122 - - [16/Oct/2013:09:41:46 +0200] "GET /images/mobil.jpg HTTP/1.1" 200 25293 "http://www.mink-gmbh.de/" "Mozilla/5.0 (compatible; MSIE 9.0; Windows NT 6.1; Trident/5.0)"
80.71.255.122 - - [16/Oct/2013:09:41:46 +0200] "GET /images/newsletter.jpg HTTP/1.1" 200 13130 "http://www.mink-gmbh.de/" "Mozilla/5.0 (compatible; MSIE 9.0; Windows NT 6.1; Trident/5.0)"
80.71.255.122 - - [16/Oct/2013:09:41:46 +0200] "GET /images/footerbg.jpg HTTP/1.1" 200 2184 "http://www.mink-gmbh.de/" "Mozilla/5.0 (compatible; MSIE 9.0; Windows NT 6.1; Trident/5.0)"
80.71.255.122 - - [16/Oct/2013:09:41:46 +0200] "GET /js_contentserver24_greybox/loader_frame.html?s=0 HTTP/1.1" 200 2084 "http://www.mink-gmbh.de/" "Mozilla/5.0 (compatible; MSIE 9.0; Windows NT 6.1; Trident/5.0)"
80.71.255.122 - - [16/Oct/2013:09:41:46 +0200] "GET /js_contentserver24_greybox/header_bg.gif HTTP/1.1" 200 1188 "http://www.mink-gmbh.de/" "Mozilla/5.0 (compatible; MSIE 9.0; Windows NT 6.1; Trident/5.0)"
80.71.255.122 - - [16/Oct/2013:09:41:46 +0200] "GET /js_contentserver24_greybox/indicator.gif HTTP/1.1" 200 8238 "http://www.mink-gmbh.de/js_contentserver24_greybox/loader_frame.html?s=0" "Mozilla/5.0 (compatible; MSIE 9.0; Windows NT 6.1; Trident/5.0)"
80.71.255.122 - - [16/Oct/2013:09:41:47 +0200] "GET /js_contentserver24_greybox/g_close.gif HTTP/1.1" 200 541 "http://www.mink-gmbh.de/" "Mozilla/5.0 (compatible; MSIE 9.0; Windows NT 6.1; Trident/5.0)"
80.71.255.122 - - [16/Oct/2013:09:41:47 +0200] "GET /favicon.ico HTTP/1.1" 200 3638 "-" "Mozilla/5.0 (compatible; MSIE 9.0; Windows NT 6.1; Trident/5.0)"
208.115.113.91 - - [16/Oct/2013:09:46:45 +0200] "GET /robots.txt HTTP/1.1" 200 177 "-" "Mozilla/5.0 (compatible; Ezooms/1.0; ezooms.bot@gmail.com)"
141.8.147.12 - - [16/Oct/2013:09:51:32 +0200] "GET /robots.txt HTTP/1.1" 200 177 "-" "Mozilla/5.0 (compatible; YandexBot/3.0; +http://yandex.com/bots)"
141.8.147.12 - - [16/Oct/2013:09:51:34 +0200] "GET / HTTP/1.1" 200 12359 "-" "Mozilla/5.0 (compatible; YandexDirect/3.0; +http://yandex.com/bots)"
66.249.75.49 - - [16/Oct/2013:09:55:10 +0200] "GET /jobs.php HTTP/1.1" 200 5020 "-" "Mozilla/5.0 (compatible; Googlebot/2.1; +http://www.google.com/bot.html)"
66.249.75.49 - - [16/Oct/2013:10:01:56 +0200] "GET /news.php?cs_go=archiv&cs_id=4631&cs_search= HTTP/1.1" 200 7762 "-" "Mozilla/5.0 (iPhone; U; CPU iPhone OS 4_1 like Mac OS X; en-us) AppleWebKit/532.9 (KHTML, like Gecko) Version/4.0.5 Mobile/8B117 Safari/6531.22.7 (compatible; Googlebot-Mobile/2.1; +http://www.google.com/bot.html)"
66.249.78.46 - - [16/Oct/2013:10:07:10 +0200] "GET /preisanfrage.php HTTP/1.1" 200 8557 "-" "Mozilla/5.0 (compatible; Googlebot/2.1; +http://www.google.com/bot.html)"
66.249.78.46 - - [16/Oct/2013:10:47:43 +0200] "GET /news.php?cs_go=archiv&cs_startpos=0 HTTP/1.1" 200 19744 "-" "Mozilla/5.0 (iPhone; U; CPU iPhone OS 4_1 like Mac OS X; en-us) AppleWebKit/532.9 (KHTML, like Gecko) Version/4.0.5 Mobile/8B117 Safari/6531.22.7 (compatible; Googlebot-Mobile/2.1; +http://www.google.com/bot.html)"
66.249.78.46 - - [16/Oct/2013:10:53:03 +0200] "GET /images/logos.jpg?cache9009 HTTP/1.1" 200 35043 "-" "Googlebot-Image/1.0"
87.160.92.247 - - [16/Oct/2013:11:30:08 +0200] "GET /style.css HTTP/1.1" 200 8402 "http://www.mink-gmbh.de/" "Mozilla/5.0 (X11; Ubuntu; Linux i686; rv:20.0) Gecko/20100101 Firefox/20.0"
87.160.92.247 - - [16/Oct/2013:11:30:08 +0200] "GET /modul.css HTTP/1.1" 200 35038 "http://www.mink-gmbh.de/" "Mozilla/5.0 (X11; Ubuntu; Linux i686; rv:20.0) Gecko/20100101 Firefox/20.0"
87.160.92.247 - - [16/Oct/2013:11:30:08 +0200] "GET /favicon.ico HTTP/1.1" 200 3638 "-" "Mozilla/5.0 (X11; Ubuntu; Linux i686; rv:20.0) Gecko/20100101 Firefox/20.0"
87.160.92.247 - - [16/Oct/2013:11:30:08 +0200] "GET /js_contentserver24_greybox/gb_styles.css HTTP/1.1" 200 2302 "http://www.mink-gmbh.de/" "Mozilla/5.0 (X11; Ubuntu; Linux i686; rv:20.0) Gecko/20100101 Firefox/20.0"
87.160.92.247 - - [16/Oct/2013:11:30:08 +0200] "GET /js_contentserver24_greybox/AJS.js HTTP/1.1" 200 10396 "http://www.mink-gmbh.de/" "Mozilla/5.0 (X11; Ubuntu; Linux i686; rv:20.0) Gecko/20100101 Firefox/20.0"
87.160.92.247 - - [16/Oct/2013:11:30:08 +0200] "GET /js_contentserver24_greybox/AJS_fx.js HTTP/1.1" 200 3192 "http://www.mink-gmbh.de/" "Mozilla/5.0 (X11; Ubuntu; Linux i686; rv:20.0) Gecko/20100101 Firefox/20.0"
87.160.92.247 - - [16/Oct/2013:11:30:08 +0200] "GET /js_contentserver24_greybox/gb_scripts.js HTTP/1.1" 200 11913 "http://www.mink-gmbh.de/" "Mozilla/5.0 (X11; Ubuntu; Linux i686; rv:20.0) Gecko/20100101 Firefox/20.0"
87.160.92.247 - - [16/Oct/2013:11:30:08 +0200] "GET /js_contentserver24_greybox/w_close.gif HTTP/1.1" 200 74 "http://www.mink-gmbh.de/" "Mozilla/5.0 (X11; Ubuntu; Linux i686; rv:20.0) Gecko/20100101 Firefox/20.0"
87.160.92.247 - - [16/Oct/2013:11:30:08 +0200] "GET /images/bg.png HTTP/1.1" 200 922 "http://www.mink-gmbh.de/style.css" "Mozilla/5.0 (X11; Ubuntu; Linux i686; rv:20.0) Gecko/20100101 Firefox/20.0"
87.160.92.247 - - [16/Oct/2013:11:30:08 +0200] "GET /images/close.png HTTP/1.1" 200 703 "http://www.mink-gmbh.de/" "Mozilla/5.0 (X11; Ubuntu; Linux i686; rv:20.0) Gecko/20100101 Firefox/20.0"
87.160.92.247 - - [16/Oct/2013:11:30:07 +0200] "GET / HTTP/1.1" 200 12386 "http://www.klicktel.de/branchen/kohlen-und-brennstoffe-berlin-3303040-42106319.html" "Mozilla/5.0 (X11; Ubuntu; Linux i686; rv:20.0) Gecko/20100101 Firefox/20.0"
87.160.92.247 - - [16/Oct/2013:11:30:08 +0200] "GET /images/newsletter_bg.jpg HTTP/1.1" 200 33610 "http://www.mink-gmbh.de/" "Mozilla/5.0 (X11; Ubuntu; Linux i686; rv:20.0) Gecko/20100101 Firefox/20.0"
87.160.92.247 - - [16/Oct/2013:11:30:08 +0200] "GET /images/newsletter.png HTTP/1.1" 200 14619 "http://www.mink-gmbh.de/style.css" "Mozilla/5.0 (X11; Ubuntu; Linux i686; rv:20.0) Gecko/20100101 Firefox/20.0"
87.160.92.247 - - [16/Oct/2013:11:30:08 +0200] "GET /images/navibg.png HTTP/1.1" 200 2803 "http://www.mink-gmbh.de/style.css" "Mozilla/5.0 (X11; Ubuntu; Linux i686; rv:20.0) Gecko/20100101 Firefox/20.0"
87.160.92.247 - - [16/Oct/2013:11:30:08 +0200] "GET /images/fallend.png HTTP/1.1" 200 713 "http://www.mink-gmbh.de/modul.css" "Mozilla/5.0 (X11; Ubuntu; Linux i686; rv:20.0) Gecko/20100101 Firefox/20.0"
87.160.92.247 - - [16/Oct/2013:11:30:08 +0200] "GET /images/steigend.png HTTP/1.1" 200 688 "http://www.mink-gmbh.de/modul.css" "Mozilla/5.0 (X11; Ubuntu; Linux i686; rv:20.0) Gecko/20100101 Firefox/20.0"
87.160.92.247 - - [16/Oct/2013:11:30:08 +0200] "GET /images/wrapperbg.jpg HTTP/1.1" 200 27465 "http://www.mink-gmbh.de/style.css" "Mozilla/5.0 (X11; Ubuntu; Linux i686; rv:20.0) Gecko/20100101 Firefox/20.0"
87.160.92.247 - - [16/Oct/2013:11:30:08 +0200] "GET /images/header.jpg HTTP/1.1" 200 25189 "http://www.mink-gmbh.de/style.css" "Mozilla/5.0 (X11; Ubuntu; Linux i686; rv:20.0) Gecko/20100101 Firefox/20.0"
87.160.92.247 - - [16/Oct/2013:11:30:08 +0200] "GET /images/team-energie.png HTTP/1.1" 200 17383 "http://www.mink-gmbh.de/" "Mozilla/5.0 (X11; Ubuntu; Linux i686; rv:20.0) Gecko/20100101 Firefox/20.0"
87.160.92.247 - - [16/Oct/2013:11:30:08 +0200] "GET /images/mail.jpg HTTP/1.1" 200 11165 "http://www.mink-gmbh.de/" "Mozilla/5.0 (X11; Ubuntu; Linux i686; rv:20.0) Gecko/20100101 Firefox/20.0"
87.160.92.247 - - [16/Oct/2013:11:30:08 +0200] "GET /images/kwk.gif HTTP/1.1" 200 6403 "http://www.mink-gmbh.de/" "Mozilla/5.0 (X11; Ubuntu; Linux i686; rv:20.0) Gecko/20100101 Firefox/20.0"
87.160.92.247 - - [16/Oct/2013:11:30:08 +0200] "GET /images/wunschpreis.jpg HTTP/1.1" 200 16767 "http://www.mink-gmbh.de/" "Mozilla/5.0 (X11; Ubuntu; Linux i686; rv:20.0) Gecko/20100101 Firefox/20.0"
87.160.92.247 - - [16/Oct/2013:11:30:08 +0200] "GET /images/logos.jpg?cache9750 HTTP/1.1" 200 35043 "http://www.mink-gmbh.de/" "Mozilla/5.0 (X11; Ubuntu; Linux i686; rv:20.0) Gecko/20100101 Firefox/20.0"
87.160.92.247 - - [16/Oct/2013:11:30:08 +0200] "GET /images/freecall.jpg HTTP/1.1" 200 39195 "http://www.mink-gmbh.de/" "Mozilla/5.0 (X11; Ubuntu; Linux i686; rv:20.0) Gecko/20100101 Firefox/20.0"
87.160.92.247 - - [16/Oct/2013:11:30:08 +0200] "GET /images/mobil.jpg HTTP/1.1" 200 25293 "http://www.mink-gmbh.de/style.css" "Mozilla/5.0 (X11; Ubuntu; Linux i686; rv:20.0) Gecko/20100101 Firefox/20.0"
87.160.92.247 - - [16/Oct/2013:11:30:08 +0200] "GET /images/newsletter.jpg HTTP/1.1" 200 13130 "http://www.mink-gmbh.de/style.css" "Mozilla/5.0 (X11; Ubuntu; Linux i686; rv:20.0) Gecko/20100101 Firefox/20.0"
87.160.92.247 - - [16/Oct/2013:11:30:08 +0200] "GET /images/footerbg.jpg HTTP/1.1" 200 2184 "http://www.mink-gmbh.de/style.css" "Mozilla/5.0 (X11; Ubuntu; Linux i686; rv:20.0) Gecko/20100101 Firefox/20.0"
87.160.92.247 - - [16/Oct/2013:11:30:08 +0200] "GET /images/tkw.jpg HTTP/1.1" 200 64031 "http://www.mink-gmbh.de/" "Mozilla/5.0 (X11; Ubuntu; Linux i686; rv:20.0) Gecko/20100101 Firefox/20.0"
87.160.92.247 - - [16/Oct/2013:11:30:08 +0200] "GET /js_contentserver24_greybox/loader_frame.html?s=0 HTTP/1.1" 200 2084 "http://www.mink-gmbh.de/" "Mozilla/5.0 (X11; Ubuntu; Linux i686; rv:20.0) Gecko/20100101 Firefox/20.0"
87.160.92.247 - - [16/Oct/2013:11:30:08 +0200] "GET /js_contentserver24_greybox/header_bg.gif HTTP/1.1" 200 1188 "http://www.mink-gmbh.de/" "Mozilla/5.0 (X11; Ubuntu; Linux i686; rv:20.0) Gecko/20100101 Firefox/20.0"
87.160.92.247 - - [16/Oct/2013:11:30:08 +0200] "GET /js_contentserver24_greybox/indicator.gif HTTP/1.1" 200 8238 "http://www.mink-gmbh.de/js_contentserver24_greybox/loader_frame.html?s=0" "Mozilla/5.0 (X11; Ubuntu; Linux i686; rv:20.0) Gecko/20100101 Firefox/20.0"
87.160.92.247 - - [16/Oct/2013:11:30:09 +0200] "GET /js_contentserver24_greybox/g_close.gif HTTP/1.1" 200 541 "http://www.mink-gmbh.de/" "Mozilla/5.0 (X11; Ubuntu; Linux i686; rv:20.0) Gecko/20100101 Firefox/20.0"
208.115.113.91 - - [16/Oct/2013:11:46:16 +0200] "GET /faq.php HTTP/1.1" 200 216868 "-" "Mozilla/5.0 (compatible; Ezooms/1.0; ezooms.bot@gmail.com)"
208.115.113.91 - - [16/Oct/2013:11:46:19 +0200] "GET /news.php?cs_go=archiv HTTP/1.1" 200 19723 "-" "Mozilla/5.0 (compatible; Ezooms/1.0; ezooms.bot@gmail.com)"
208.115.113.91 - - [16/Oct/2013:11:46:22 +0200] "GET /news.php?cs_go=archiv&cs_id=4469&cs_search= HTTP/1.1" 200 7936 "-" "Mozilla/5.0 (compatible; Ezooms/1.0; ezooms.bot@gmail.com)"
208.115.111.75 - - [16/Oct/2013:11:47:48 +0200] "GET /robots.txt HTTP/1.1" 200 177 "-" "Mozilla/5.0 (compatible; Ezooms/1.0; ezooms.bot@gmail.com)"
66.249.78.46 - - [16/Oct/2013:12:04:30 +0200] "GET /images/logos.jpg?cache8086 HTTP/1.1" 200 35043 "-" "Googlebot-Image/1.0"
208.115.111.75 - - [16/Oct/2013:12:10:52 +0200] "GET /news.php?cs_go=archiv&cs_id=4575 HTTP/1.1" 200 8405 "-" "Mozilla/5.0 (compatible; Ezooms/1.0; ezooms.bot@gmail.com)"
176.9.138.27 - - [16/Oct/2013:12:18:38 +0200] "GET /robots.txt HTTP/1.1" 200 177 "-" "Mozilla/5.0 (compatible; Spiderlytics/1.0; +spider@spiderlytics.com)"
176.9.138.27 - - [16/Oct/2013:12:18:38 +0200] "GET /.php HTTP/1.1" 404 - "-" "Mozilla/5.0 (compatible; Spiderlytics/1.0; +spider@spiderlytics.com)"
65.36.241.79 - - [16/Oct/2013:12:40:38 +0200] "HEAD / HTTP/1.1" 200 - "-" "InternetSeer.com"
66.249.78.46 - - [16/Oct/2013:13:15:57 +0200] "GET /images/logos.jpg?cache1509 HTTP/1.1" 200 35043 "-" "Googlebot-Image/1.0"
208.115.113.91 - - [16/Oct/2013:13:46:47 +0200] "GET /robots.txt HTTP/1.1" 200 177 "-" "Mozilla/5.0 (compatible; Ezooms/1.0; ezooms.bot@gmail.com)"
77.75.77.36 - - [16/Oct/2013:14:07:26 +0200] "GET /agb.php HTTP/1.1" 200 17598 "-" "SeznamBot/3.0 (+http://fulltext.sblog.cz/)"
77.75.77.36 - - [16/Oct/2013:14:07:28 +0200] "GET /agb.php HTTP/1.1" 200 17598 "-" "SeznamBot/3.0 (+http://fulltext.sblog.cz/)"
157.55.33.88 - - [16/Oct/2013:14:11:13 +0200] "GET /robots.txt HTTP/1.1" 200 177 "-" "Mozilla/5.0 (compatible; bingbot/2.0; +http://www.bing.com/bingbot.htm)"
157.55.33.88 - - [16/Oct/2013:14:15:14 +0200] "GET / HTTP/1.1" 200 12400 "-" "Mozilla/5.0 (compatible; bingbot/2.0; +http://www.bing.com/bingbot.htm)"
66.249.78.46 - - [16/Oct/2013:14:23:24 +0200] "GET /news.php?cs_go=archiv&cs_id=4126 HTTP/1.1" 200 9110 "-" "Mozilla/5.0 (compatible; Googlebot/2.1; +http://www.google.com/bot.html)"
66.249.78.46 - - [16/Oct/2013:14:27:23 +0200] "GET /images/logos.jpg?cache3327 HTTP/1.1" 200 35043 "-" "Googlebot-Image/1.0"
66.249.78.46 - - [16/Oct/2013:14:30:06 +0200] "GET /lexikon.php?cs_go=3&cs_id=183 HTTP/1.1" 200 6165 "-" "Mozilla/5.0 (compatible; Googlebot/2.1; +http://www.google.com/bot.html)"
178.1.119.123 - - [16/Oct/2013:14:37:06 +0200] "GET /style.css HTTP/1.1" 200 8402 "http://www.mink-gmbh.de/" "Mozilla/5.0 (compatible; MSIE 10.0; Windows NT 6.1; WOW64; Trident/6.0)"
