5.9.27.74 - - [04/Oct/2013:19:11:19 +0200] "GET /news.php?cs_go=archiv&cs_id=4422&cs_search= HTTP/1.1" 200 7966 "-" "Mozilla/5.0 (compatible; SISTRIX Crawler; http://crawler.sistrix.net/)"
5.9.27.74 - - [04/Oct/2013:19:11:19 +0200] "GET /news.php?cs_go=archiv&cs_id=4457&cs_search= HTTP/1.1" 200 7639 "-" "Mozilla/5.0 (compatible; SISTRIX Crawler; http://crawler.sistrix.net/)"
5.9.27.74 - - [04/Oct/2013:19:11:19 +0200] "GET /news.php?cs_go=archiv&cs_id=4430&cs_search= HTTP/1.1" 200 11598 "-" "Mozilla/5.0 (compatible; SISTRIX Crawler; http://crawler.sistrix.net/)"
5.9.27.74 - - [04/Oct/2013:19:11:20 +0200] "GET /news.php?cs_go=archiv&cs_id=4479&cs_search= HTTP/1.1" 200 8367 "-" "Mozilla/5.0 (compatible; SISTRIX Crawler; http://crawler.sistrix.net/)"
5.9.27.74 - - [04/Oct/2013:19:11:20 +0200] "GET /news.php?cs_go=archiv&cs_id=4429&cs_search= HTTP/1.1" 200 7534 "-" "Mozilla/5.0 (compatible; SISTRIX Crawler; http://crawler.sistrix.net/)"
5.9.27.74 - - [04/Oct/2013:19:11:20 +0200] "GET /news.php?cs_go=archiv&cs_id=4453&cs_search= HTTP/1.1" 200 9380 "-" "Mozilla/5.0 (compatible; SISTRIX Crawler; http://crawler.sistrix.net/)"
5.9.27.74 - - [04/Oct/2013:19:11:20 +0200] "GET /news.php?cs_go=archiv&cs_id=4397&cs_search= HTTP/1.1" 200 7486 "-" "Mozilla/5.0 (compatible; SISTRIX Crawler; http://crawler.sistrix.net/)"
5.9.27.74 - - [04/Oct/2013:19:11:21 +0200] "GET /news.php?cs_go=archiv&cs_id=4454&cs_search= HTTP/1.1" 200 7823 "-" "Mozilla/5.0 (compatible; SISTRIX Crawler; http://crawler.sistrix.net/)"
5.9.27.74 - - [04/Oct/2013:19:11:21 +0200] "GET /news.php?cs_go=archiv&cs_id=4434&cs_search= HTTP/1.1" 200 10214 "-" "Mozilla/5.0 (compatible; SISTRIX Crawler; http://crawler.sistrix.net/)"
5.9.27.74 - - [04/Oct/2013:19:11:21 +0200] "GET /news.php?cs_go=archiv&cs_id=4458&cs_search= HTTP/1.1" 200 12189 "-" "Mozilla/5.0 (compatible; SISTRIX Crawler; http://crawler.sistrix.net/)"
5.9.27.74 - - [04/Oct/2013:19:11:21 +0200] "GET /news.php?cs_go=archiv&cs_id=4409&cs_search= HTTP/1.1" 200 7838 "-" "Mozilla/5.0 (compatible; SISTRIX Crawler; http://crawler.sistrix.net/)"
5.9.27.74 - - [04/Oct/2013:19:11:22 +0200] "GET /news.php?cs_go=archiv&cs_id=4450&cs_search= HTTP/1.1" 200 11768 "-" "Mozilla/5.0 (compatible; SISTRIX Crawler; http://crawler.sistrix.net/)"
5.9.27.74 - - [04/Oct/2013:19:11:22 +0200] "GET /news.php?cs_go=archiv&cs_id=4407&cs_search= HTTP/1.1" 200 9423 "-" "Mozilla/5.0 (compatible; SISTRIX Crawler; http://crawler.sistrix.net/)"
5.9.27.74 - - [04/Oct/2013:19:11:22 +0200] "GET /news.php?cs_go=archiv&cs_id=4452&cs_search= HTTP/1.1" 200 11754 "-" "Mozilla/5.0 (compatible; SISTRIX Crawler; http://crawler.sistrix.net/)"
5.9.27.74 - - [04/Oct/2013:19:11:22 +0200] "GET /news.php?cs_go=archiv&cs_id=4408&cs_search= HTTP/1.1" 200 10307 "-" "Mozilla/5.0 (compatible; SISTRIX Crawler; http://crawler.sistrix.net/)"
5.9.27.74 - - [04/Oct/2013:19:11:23 +0200] "GET /news.php?cs_go=archiv&cs_id=4485&cs_search= HTTP/1.1" 200 7717 "-" "Mozilla/5.0 (compatible; SISTRIX Crawler; http://crawler.sistrix.net/)"
5.9.27.74 - - [04/Oct/2013:19:11:23 +0200] "GET /news.php?cs_go=archiv&cs_id=4396&cs_search= HTTP/1.1" 200 10195 "-" "Mozilla/5.0 (compatible; SISTRIX Crawler; http://crawler.sistrix.net/)"
5.9.27.74 - - [04/Oct/2013:19:11:23 +0200] "GET /news.php?cs_go=archiv&cs_id=4414&cs_search= HTTP/1.1" 200 7639 "-" "Mozilla/5.0 (compatible; SISTRIX Crawler; http://crawler.sistrix.net/)"
5.9.27.74 - - [04/Oct/2013:19:11:23 +0200] "GET /news.php?cs_go=archiv&cs_id=4470&cs_search= HTTP/1.1" 200 8340 "-" "Mozilla/5.0 (compatible; SISTRIX Crawler; http://crawler.sistrix.net/)"
5.9.27.74 - - [04/Oct/2013:19:11:24 +0200] "GET /news.php?cs_go=archiv&cs_id=4456&cs_search= HTTP/1.1" 200 11777 "-" "Mozilla/5.0 (compatible; SISTRIX Crawler; http://crawler.sistrix.net/)"
5.9.27.74 - - [04/Oct/2013:19:11:24 +0200] "GET /news.php?cs_go=archiv&cs_id=4421&cs_search= HTTP/1.1" 200 7536 "-" "Mozilla/5.0 (compatible; SISTRIX Crawler; http://crawler.sistrix.net/)"
5.9.27.74 - - [04/Oct/2013:19:11:24 +0200] "GET /news.php?cs_go=archiv&cs_id=4462&cs_search= HTTP/1.1" 200 9135 "-" "Mozilla/5.0 (compatible; SISTRIX Crawler; http://crawler.sistrix.net/)"
5.9.27.74 - - [04/Oct/2013:19:11:24 +0200] "GET /news.php?cs_go=archiv&cs_id=4415&cs_search= HTTP/1.1" 200 9678 "-" "Mozilla/5.0 (compatible; SISTRIX Crawler; http://crawler.sistrix.net/)"
141.8.147.12 - - [04/Oct/2013:19:25:24 +0200] "GET /lexikon.php?cs_go=3&cs_id=227 HTTP/1.1" 200 6278 "-" "Mozilla/5.0 (compatible; YandexBot/3.0; +http://yandex.com/bots)"
141.8.147.12 - - [04/Oct/2013:19:29:01 +0200] "GET /lexikon.php?cs_go=3&cs_id=155 HTTP/1.1" 200 5598 "-" "Mozilla/5.0 (compatible; YandexBot/3.0; +http://yandex.com/bots)"
141.8.147.12 - - [04/Oct/2013:19:29:03 +0200] "GET /lexikon.php?cs_go=3&cs_id=209 HTTP/1.1" 200 5897 "-" "Mozilla/5.0 (compatible; YandexBot/3.0; +http://yandex.com/bots)"
141.8.147.12 - - [04/Oct/2013:19:30:29 +0200] "GET /lexikon.php?cs_go=3&cs_id=35 HTTP/1.1" 200 6085 "-" "Mozilla/5.0 (compatible; YandexBot/3.0; +http://yandex.com/bots)"
199.30.20.52 - - [04/Oct/2013:19:34:09 +0200] "GET /robots.txt HTTP/1.1" 200 177 "-" "msnbot-media/1.1 (+http://search.msn.com/msnbot.htm)"
199.30.20.52 - - [04/Oct/2013:19:34:09 +0200] "GET /images/logos.jpg?cache3721 HTTP/1.1" 200 35043 "-" "msnbot-media/1.1 (+http://search.msn.com/msnbot.htm)"
141.8.147.12 - - [04/Oct/2013:19:42:11 +0200] "GET /lexikon.php?cs_go=3&cs_id=220 HTTP/1.1" 200 5622 "-" "Mozilla/5.0 (compatible; YandexBot/3.0; +http://yandex.com/bots)"
208.115.111.75 - - [04/Oct/2013:19:45:54 +0200] "GET /robots.txt HTTP/1.1" 200 177 "-" "Mozilla/5.0 (compatible; Ezooms/1.0; ezooms.bot@gmail.com)"
141.8.147.12 - - [04/Oct/2013:19:47:34 +0200] "GET /lexikon.php?cs_go=3&cs_id=25 HTTP/1.1" 200 6042 "-" "Mozilla/5.0 (compatible; YandexBot/3.0; +http://yandex.com/bots)"
208.115.113.91 - - [04/Oct/2013:19:51:05 +0200] "GET /kwk.php?cs_go=2 HTTP/1.1" 200 9455 "-" "Mozilla/5.0 (compatible; Ezooms/1.0; ezooms.bot@gmail.com)"
141.8.147.12 - - [04/Oct/2013:19:55:10 +0200] "GET /lexikon.php?cs_go=3&cs_id=152 HTTP/1.1" 200 6179 "-" "Mozilla/5.0 (compatible; YandexBot/3.0; +http://yandex.com/bots)"
141.8.147.12 - - [04/Oct/2013:19:59:27 +0200] "GET /news.php?cs_go=archiv&cs_id=4601&cs_search= HTTP/1.1" 200 7890 "-" "Mozilla/5.0 (compatible; YandexBot/3.0; +http://yandex.com/bots)"
141.8.147.12 - - [04/Oct/2013:20:02:29 +0200] "GET /lexikon.php?cs_go=3&cs_id=169 HTTP/1.1" 200 5636 "-" "Mozilla/5.0 (compatible; YandexBot/3.0; +http://yandex.com/bots)"
66.249.66.49 - - [04/Oct/2013:20:10:34 +0200] "GET /optiplus.php HTTP/1.1" 200 8676 "-" "DoCoMo/2.0 N905i(c100;TB;W24H16) (compatible; Googlebot-Mobile/2.1; +http://www.google.com/bot.html)"
141.8.147.12 - - [04/Oct/2013:20:12:01 +0200] "GET /news.php?cs_go=archiv&cs_id=4602&cs_search= HTTP/1.1" 200 8005 "-" "Mozilla/5.0 (compatible; YandexBot/3.0; +http://yandex.com/bots)"
141.8.147.12 - - [04/Oct/2013:20:12:28 +0200] "GET /lexikon.php?cs_go=3&cs_id=153 HTTP/1.1" 200 6350 "-" "Mozilla/5.0 (compatible; YandexBot/3.0; +http://yandex.com/bots)"
65.36.241.79 - - [04/Oct/2013:20:14:02 +0200] "HEAD / HTTP/1.1" 200 - "-" "InternetSeer.com"
141.8.147.12 - - [04/Oct/2013:20:18:04 +0200] "GET /lexikon.php?cs_go=3&cs_id=176 HTTP/1.1" 200 5888 "-" "Mozilla/5.0 (compatible; YandexBot/3.0; +http://yandex.com/bots)"
66.249.78.46 - - [04/Oct/2013:20:20:05 +0200] "GET /kontakt.php HTTP/1.1" 200 7021 "-" "Mozilla/5.0 (iPhone; U; CPU iPhone OS 4_1 like Mac OS X; en-us) AppleWebKit/532.9 (KHTML, like Gecko) Version/4.0.5 Mobile/8B117 Safari/6531.22.7 (compatible; Googlebot-Mobile/2.1; +http://www.google.com/bot.html)"
141.8.147.12 - - [04/Oct/2013:20:36:09 +0200] "GET /lexikon.php?cs_go=3&cs_id=37 HTTP/1.1" 200 6007 "-" "Mozilla/5.0 (compatible; YandexBot/3.0; +http://yandex.com/bots)"
141.8.147.12 - - [04/Oct/2013:20:41:33 +0200] "GET /lexikon.php?cs_go=3&cs_id=165 HTTP/1.1" 200 5887 "-" "Mozilla/5.0 (compatible; YandexBot/3.0; +http://yandex.com/bots)"
141.8.147.12 - - [04/Oct/2013:20:47:20 +0200] "GET /lexikon.php?cs_go=3&cs_id=39 HTTP/1.1" 200 5958 "-" "Mozilla/5.0 (compatible; YandexBot/3.0; +http://yandex.com/bots)"
141.8.147.12 - - [04/Oct/2013:20:53:27 +0200] "GET /lexikon.php?cs_go=3&cs_id=36 HTTP/1.1" 200 6321 "-" "Mozilla/5.0 (compatible; YandexBot/3.0; +http://yandex.com/bots)"
141.8.147.12 - - [04/Oct/2013:20:54:44 +0200] "GET /lexikon.php?cs_go=3&cs_id=167 HTTP/1.1" 200 5603 "-" "Mozilla/5.0 (compatible; YandexBot/3.0; +http://yandex.com/bots)"
141.8.147.12 - - [04/Oct/2013:21:04:05 +0200] "GET /lexikon.php?cs_go=3&cs_id=161 HTTP/1.1" 200 5641 "-" "Mozilla/5.0 (compatible; YandexBot/3.0; +http://yandex.com/bots)"
82.94.179.38 - - [04/Oct/2013:21:14:45 +0200] "GET /robots.txt HTTP/1.0" 200 177 "-" "Mozilla/4.0 (compatible; Freshbot/1.0/EU; http://webagent.wise-guys.nl/)"
82.94.179.38 - - [04/Oct/2013:21:14:45 +0200] "GET / HTTP/1.1" 200 12417 "-" "Mozilla/5.0 (X11; Linux i686; rv:6.0) Gecko/20100101 Firefox/6.0 (Freshbot/1.0/EU; http://webagent.wise-guys.nl/)"
82.94.179.38 - - [04/Oct/2013:21:14:52 +0200] "GET /news.php?cs_go=archiv&cs_id=4603 HTTP/1.1" 200 10007 "-" "Mozilla/5.0 (X11; Linux i686; rv:6.0) Gecko/20100101 Firefox/6.0 (Freshbot/1.0/EU; http://webagent.wise-guys.nl/)"
141.8.147.12 - - [04/Oct/2013:21:19:17 +0200] "GET /news.php?cs_go=archiv&cs_id=4602 HTTP/1.1" 200 8005 "-" "Mozilla/5.0 (compatible; YandexBot/3.0; +http://yandex.com/bots)"
141.8.147.12 - - [04/Oct/2013:21:29:32 +0200] "GET /lexikon.php?cs_go=3&cs_id=170 HTTP/1.1" 200 7025 "-" "Mozilla/5.0 (compatible; YandexBot/3.0; +http://yandex.com/bots)"
178.255.215.64 - - [04/Oct/2013:21:30:48 +0200] "GET /robots.txt HTTP/1.1" 200 177 "-" "Mozilla/5.0 (compatible; Exabot/3.0; +http://www.exabot.com/go/robot)"
178.255.215.64 - - [04/Oct/2013:21:30:48 +0200] "GET /preisanfrage.php HTTP/1.1" 200 8557 "-" "Mozilla/5.0 (compatible; Exabot/3.0; +http://www.exabot.com/go/robot)"
208.115.111.75 - - [04/Oct/2013:21:34:32 +0200] "GET /energiesparcheck.php HTTP/1.1" 200 11181 "-" "Mozilla/5.0 (compatible; Ezooms/1.0; ezooms.bot@gmail.com)"
208.115.111.75 - - [04/Oct/2013:21:34:35 +0200] "GET /kwk.php?cs_go=1 HTTP/1.1" 200 8484 "-" "Mozilla/5.0 (compatible; Ezooms/1.0; ezooms.bot@gmail.com)"
208.115.111.75 - - [04/Oct/2013:21:34:41 +0200] "GET /lexikon.php?cs_go=2&cs_char=l HTTP/1.1" 200 6374 "-" "Mozilla/5.0 (compatible; Ezooms/1.0; ezooms.bot@gmail.com)"
141.8.147.12 - - [04/Oct/2013:21:37:29 +0200] "GET /lexikon.php?cs_go=3&cs_id=171 HTTP/1.1" 200 5607 "-" "Mozilla/5.0 (compatible; YandexBot/3.0; +http://yandex.com/bots)"
157.55.35.98 - - [04/Oct/2013:21:41:06 +0200] "GET /robots.txt HTTP/1.1" 200 177 "-" "Mozilla/5.0 (compatible; bingbot/2.0; +http://www.bing.com/bingbot.htm)"
157.55.35.98 - - [04/Oct/2013:21:41:56 +0200] "GET /schwefelarmstandard.php HTTP/1.1" 200 10767 "-" "Mozilla/5.0 (compatible; bingbot/2.0; +http://www.bing.com/bingbot.htm)"
141.8.147.12 - - [04/Oct/2013:21:42:27 +0200] "GET /news.php?cs_go=archiv&cs_id=4606 HTTP/1.1" 200 11630 "-" "Mozilla/5.0 (compatible; YandexBot/3.0; +http://yandex.com/bots)"
141.8.147.12 - - [04/Oct/2013:21:43:59 +0200] "GET /lexikon.php?cs_go=3&cs_id=158 HTTP/1.1" 200 5955 "-" "Mozilla/5.0 (compatible; YandexBot/3.0; +http://yandex.com/bots)"
141.8.147.12 - - [04/Oct/2013:21:44:51 +0200] "GET /lexikon.php?cs_go=3&cs_id=157 HTTP/1.1" 200 5979 "-" "Mozilla/5.0 (compatible; YandexBot/3.0; +http://yandex.com/bots)"
141.8.147.12 - - [04/Oct/2013:21:46:26 +0200] "GET /lexikon.php?cs_go=3&cs_id=150 HTTP/1.1" 200 5819 "-" "Mozilla/5.0 (compatible; YandexBot/3.0; +http://yandex.com/bots)"
141.8.147.12 - - [04/Oct/2013:21:48:32 +0200] "GET /lexikon.php?cs_go=3&cs_id=148 HTTP/1.1" 200 6121 "-" "Mozilla/5.0 (compatible; YandexBot/3.0; +http://yandex.com/bots)"
66.249.78.46 - - [04/Oct/2013:21:50:29 +0200] "GET /news.php?cs_go=archiv&cs_startpos=10 HTTP/1.1" 200 20438 "-" "Mozilla/5.0 (iPhone; U; CPU iPhone OS 4_1 like Mac OS X; en-us) AppleWebKit/532.9 (KHTML, like Gecko) Version/4.0.5 Mobile/8B117 Safari/6531.22.7 (compatible; Googlebot-Mobile/2.1; +http://www.google.com/bot.html)"
141.8.147.12 - - [04/Oct/2013:21:59:24 +0200] "GET /news.php?cs_go=archiv&cs_id=4601 HTTP/1.1" 200 7890 "-" "Mozilla/5.0 (compatible; YandexBot/3.0; +http://yandex.com/bots)"
141.8.147.12 - - [04/Oct/2013:22:03:17 +0200] "GET /news.php?cs_go=archiv&cs_id=4606&cs_search= HTTP/1.1" 200 11630 "-" "Mozilla/5.0 (compatible; YandexBot/3.0; +http://yandex.com/bots)"
141.8.147.12 - - [04/Oct/2013:22:03:21 +0200] "GET /news.php?cs_go=archiv&cs_id=4607 HTTP/1.1" 200 7645 "-" "Mozilla/5.0 (compatible; YandexBot/3.0; +http://yandex.com/bots)"
141.8.147.12 - - [04/Oct/2013:22:03:24 +0200] "GET /lexikon.php?cs_go=3&cs_id=173 HTTP/1.1" 200 6260 "-" "Mozilla/5.0 (compatible; YandexBot/3.0; +http://yandex.com/bots)"
141.8.147.12 - - [04/Oct/2013:22:04:31 +0200] "GET /lexikon.php?cs_go=3&cs_id=175 HTTP/1.1" 200 5782 "-" "Mozilla/5.0 (compatible; YandexBot/3.0; +http://yandex.com/bots)"
141.8.147.12 - - [04/Oct/2013:22:09:07 +0200] "GET /lexikon.php?cs_go=3&cs_id=38 HTTP/1.1" 200 5773 "-" "Mozilla/5.0 (compatible; YandexBot/3.0; +http://yandex.com/bots)"
141.8.147.12 - - [04/Oct/2013:22:09:11 +0200] "GET /news.php?cs_go=archiv&cs_startpos=430 HTTP/1.1" 200 5727 "-" "Mozilla/5.0 (compatible; YandexBot/3.0; +http://yandex.com/bots)"
141.8.147.12 - - [04/Oct/2013:22:29:22 +0200] "GET /lexikon.php?cs_go=3&cs_id=178 HTTP/1.1" 200 6074 "-" "Mozilla/5.0 (compatible; YandexBot/3.0; +http://yandex.com/bots)"
141.8.147.12 - - [04/Oct/2013:22:41:28 +0200] "GET /lexikon.php?cs_go=3&cs_id=156 HTTP/1.1" 200 6322 "-" "Mozilla/5.0 (compatible; YandexBot/3.0; +http://yandex.com/bots)"
141.8.147.12 - - [04/Oct/2013:22:50:58 +0200] "GET /news.php?cs_go=archiv&cs_id=4607&cs_search= HTTP/1.1" 200 7645 "-" "Mozilla/5.0 (compatible; YandexBot/3.0; +http://yandex.com/bots)"
141.8.147.12 - - [04/Oct/2013:23:13:13 +0200] "GET /lexikon.php?cs_go=3&cs_id=149 HTTP/1.1" 200 7330 "-" "Mozilla/5.0 (compatible; YandexBot/3.0; +http://yandex.com/bots)"
87.169.224.181 - - [04/Oct/2013:23:24:20 +0200] "GET / HTTP/1.1" 200 12417 "-" "Mozilla/5.0 (Windows NT 6.1; Win64; x64; rv:22.0) Gecko/20130328 Firefox/22.0"
141.8.147.12 - - [04/Oct/2013:23:36:10 +0200] "GET /news.php?cs_go=archiv&cs_id=4605&cs_search= HTTP/1.1" 200 7704 "-" "Mozilla/5.0 (compatible; YandexBot/3.0; +http://yandex.com/bots)"
208.115.111.75 - - [04/Oct/2013:23:44:48 +0200] "GET /robots.txt HTTP/1.1" 200 177 "-" "Mozilla/5.0 (compatible; Ezooms/1.0; ezooms.bot@gmail.com)"
141.8.147.12 - - [04/Oct/2013:23:53:56 +0200] "GET /lexikon.php?cs_go=3&cs_id=159 HTTP/1.1" 200 7360 "-" "Mozilla/5.0 (compatible; YandexBot/3.0; +http://yandex.com/bots)"
141.8.147.12 - - [04/Oct/2013:23:55:25 +0200] "GET /lexikon.php?cs_go=3&cs_id=33 HTTP/1.1" 200 6423 "-" "Mozilla/5.0 (compatible; YandexBot/3.0; +http://yandex.com/bots)"
141.8.147.12 - - [04/Oct/2013:23:58:11 +0200] "GET /lexikon.php?cs_go=3&cs_id=140 HTTP/1.1" 200 6345 "-" "Mozilla/5.0 (compatible; YandexBot/3.0; +http://yandex.com/bots)"
66.249.78.46 - - [04/Oct/2013:23:59:38 +0200] "GET /news.php?cs_go=archiv&cs_startpos=240 HTTP/1.1" 200 19861 "-" "Mozilla/5.0 (iPhone; U; CPU iPhone OS 4_1 like Mac OS X; en-us) AppleWebKit/532.9 (KHTML, like Gecko) Version/4.0.5 Mobile/8B117 Safari/6531.22.7 (compatible; Googlebot-Mobile/2.1; +http://www.google.com/bot.html)"
141.8.147.12 - - [05/Oct/2013:00:00:35 +0200] "GET /lexikon.php?cs_go=3&cs_id=177 HTTP/1.1" 200 5583 "-" "Mozilla/5.0 (compatible; YandexBot/3.0; +http://yandex.com/bots)"
141.8.147.12 - - [05/Oct/2013:00:06:22 +0200] "GET /lexikon.php?cs_go=3&cs_id=31 HTTP/1.1" 200 5638 "-" "Mozilla/5.0 (compatible; YandexBot/3.0; +http://yandex.com/bots)"
5.10.83.70 - - [05/Oct/2013:00:14:02 +0200] "GET /lexikon.php?cs_go=3&cs_id=44 HTTP/1.1" 200 5604 "-" "Mozilla/5.0 (compatible; AhrefsBot/5.0; +http://ahrefs.com/robot/)"
5.10.83.70 - - [05/Oct/2013:00:14:13 +0200] "GET /lexikon.php?cs_go=3&cs_id=25 HTTP/1.1" 200 6042 "-" "Mozilla/5.0 (compatible; AhrefsBot/5.0; +http://ahrefs.com/robot/)"
141.8.147.12 - - [05/Oct/2013:00:14:29 +0200] "GET /lexikon.php?cs_go=3&cs_id=34 HTTP/1.1" 200 6039 "-" "Mozilla/5.0 (compatible; YandexBot/3.0; +http://yandex.com/bots)"
141.8.147.12 - - [05/Oct/2013:00:14:48 +0200] "GET /lexikon.php?cs_go=3&cs_id=154 HTTP/1.1" 200 5827 "-" "Mozilla/5.0 (compatible; YandexBot/3.0; +http://yandex.com/bots)"
141.8.147.12 - - [05/Oct/2013:00:14:54 +0200] "GET /lexikon.php?cs_go=3&cs_id=172 HTTP/1.1" 200 6007 "-" "Mozilla/5.0 (compatible; YandexBot/3.0; +http://yandex.com/bots)"
141.8.147.12 - - [05/Oct/2013:00:17:45 +0200] "GET /lexikon.php?cs_go=3&cs_id=141 HTTP/1.1" 200 6477 "-" "Mozilla/5.0 (compatible; YandexBot/3.0; +http://yandex.com/bots)"
141.8.147.12 - - [05/Oct/2013:00:17:57 +0200] "GET /news.php?cs_go=archiv&cs_startpos=601 HTTP/1.1" 200 5727 "-" "Mozilla/5.0 (compatible; YandexBot/3.0; +http://yandex.com/bots)"
141.8.147.12 - - [05/Oct/2013:00:21:42 +0200] "GET / HTTP/1.1" 200 12417 "-" "Mozilla/5.0 (compatible; YandexBot/3.0; +http://yandex.com/bots)"
5.10.83.38 - - [05/Oct/2013:00:22:42 +0200] "GET /lexikon.php?cs_go=3&cs_id=131 HTTP/1.1" 200 5977 "-" "Mozilla/5.0 (compatible; AhrefsBot/5.0; +http://ahrefs.com/robot/)"
220.181.108.109 - - [05/Oct/2013:00:26:33 +0200] "GET / HTTP/1.1" 200 12417 "-" "Mozilla/5.0 (compatible; Baiduspider/2.0; +http://www.baidu.com/search/spider.html)"
220.181.108.168 - - [05/Oct/2013:00:26:43 +0200] "GET /js_contentserver24_greybox/AJS.js HTTP/1.1" 200 10396 "http://www.mink-gmbh.de/" "Mozilla/5.0 (X11; U; Linux x86_64; en-US; rv:1.9) Gecko Minefield/3.0"
220.181.108.179 - - [05/Oct/2013:00:26:44 +0200] "GET /js_contentserver24_greybox/AJS_fx.js HTTP/1.1" 200 3192 "http://www.mink-gmbh.de/" "Mozilla/5.0 (X11; U; Linux x86_64; en-US; rv:1.9) Gecko Minefield/3.0"
220.181.108.143 - - [05/Oct/2013:00:26:45 +0200] "GET /js_contentserver24_greybox/gb_scripts.js HTTP/1.1" 200 11913 "http://www.mink-gmbh.de/" "Mozilla/5.0 (X11; U; Linux x86_64; en-US; rv:1.9) Gecko Minefield/3.0"
66.249.78.46 - - [05/Oct/2013:00:34:18 +0200] "GET /news.php?cs_go=archiv&cs_id=3897 HTTP/1.1" 200 11193 "-" "Mozilla/5.0 (compatible; Googlebot/2.1; +http://www.google.com/bot.html)"
141.8.147.12 - - [05/Oct/2013:00:35:22 +0200] "GET /news.php HTTP/1.1" 200 20020 "-" "Mozilla/5.0 (compatible; YandexBot/3.0; +http://yandex.com/bots)"
141.8.147.12 - - [05/Oct/2013:00:36:02 +0200] "GET /index.php HTTP/1.1" 200 12417 "-" "Mozilla/5.0 (compatible; YandexBot/3.0; +http://yandex.com/bots)"
5.10.83.76 - - [05/Oct/2013:00:38:44 +0200] "GET /news.php?cs_go=archiv&cs_id=4523&cs_search= HTTP/1.1" 200 9431 "-" "Mozilla/5.0 (compatible; AhrefsBot/5.0; +http://ahrefs.com/robot/)"
5.10.83.43 - - [05/Oct/2013:00:39:09 +0200] "GET /lexikon.php?cs_go=3&cs_id=72 HTTP/1.1" 200 7001 "-" "Mozilla/5.0 (compatible; AhrefsBot/5.0; +http://ahrefs.com/robot/)"
157.55.35.79 - - [05/Oct/2013:00:40:36 +0200] "GET /robots.txt HTTP/1.1" 200 177 "-" "Mozilla/5.0 (compatible; bingbot/2.0; +http://www.bing.com/bingbot.htm)"
157.55.35.79 - - [05/Oct/2013:00:46:44 +0200] "GET / HTTP/1.1" 200 12417 "-" "Mozilla/5.0 (compatible; bingbot/2.0; +http://www.bing.com/bingbot.htm)"
66.249.78.46 - - [05/Oct/2013:00:51:22 +0200] "GET /news.php?cs_go=archiv&cs_id=4598&cs_search= HTTP/1.1" 200 11846 "-" "Mozilla/5.0 (iPhone; U; CPU iPhone OS 4_1 like Mac OS X; en-us) AppleWebKit/532.9 (KHTML, like Gecko) Version/4.0.5 Mobile/8B117 Safari/6531.22.7 (compatible; Googlebot-Mobile/2.1; +http://www.google.com/bot.html)"
199.193.117.38 - - [05/Oct/2013:00:53:21 +0200] "GET /robots.txt HTTP/1.0" 200 177 "-" "Nutch12/Nutch-1.2"
5.10.83.96 - - [05/Oct/2013:01:11:13 +0200] "GET /news.php?cs_go=archiv&cs_id=4372&cs_search= HTTP/1.1" 200 9224 "-" "Mozilla/5.0 (compatible; AhrefsBot/5.0; +http://ahrefs.com/robot/)"
5.10.83.70 - - [05/Oct/2013:01:22:04 +0200] "GET /news.php?cs_go=archiv&cs_id=4404&cs_search= HTTP/1.1" 200 9020 "-" "Mozilla/5.0 (compatible; AhrefsBot/5.0; +http://ahrefs.com/robot/)"
5.10.83.43 - - [05/Oct/2013:01:22:20 +0200] "GET /index.php HTTP/1.1" 200 12417 "-" "Mozilla/5.0 (compatible; AhrefsBot/5.0; +http://ahrefs.com/robot/)"
67.195.112.164 - - [05/Oct/2013:01:32:16 +0200] "GET /robots.txt HTTP/1.0" 200 177 "-" "Mozilla/5.0 (compatible; Yahoo! Slurp; http://help.yahoo.com/help/us/ysearch/slurp)"
67.195.112.164 - - [05/Oct/2013:01:32:16 +0200] "GET /SlurpConfirm404/epcc/sinatra.htm HTTP/1.0" 404 - "-" "Mozilla/5.0 (compatible; Yahoo! Slurp; http://help.yahoo.com/help/us/ysearch/slurp)"
5.10.83.38 - - [05/Oct/2013:01:36:52 +0200] "GET /news.php?cs_go=archiv&cs_id=4496&cs_search= HTTP/1.1" 200 10913 "-" "Mozilla/5.0 (compatible; AhrefsBot/5.0; +http://ahrefs.com/robot/)"
66.249.78.46 - - [05/Oct/2013:01:38:11 +0200] "GET /news.php?cs_go=archiv&cs_id=4083 HTTP/1.1" 200 10716 "-" "Mozilla/5.0 (compatible; Googlebot/2.1; +http://www.google.com/bot.html)"
208.115.111.75 - - [05/Oct/2013:01:38:40 +0200] "GET /kwk.php?cs_go=3 HTTP/1.1" 200 7885 "-" "Mozilla/5.0 (compatible; Ezooms/1.0; ezooms.bot@gmail.com)"
208.115.111.75 - - [05/Oct/2013:01:38:44 +0200] "GET /news.php?cs_go=archiv&cs_id=4508 HTTP/1.1" 200 7990 "-" "Mozilla/5.0 (compatible; Ezooms/1.0; ezooms.bot@gmail.com)"
5.10.83.76 - - [05/Oct/2013:01:40:06 +0200] "GET /news.php?cs_go=archiv&cs_id=4598&cs_search= HTTP/1.1" 200 11846 "-" "Mozilla/5.0 (compatible; AhrefsBot/5.0; +http://ahrefs.com/robot/)"
65.55.215.70 - - [05/Oct/2013:01:41:46 +0200] "GET /robots.txt HTTP/1.1" 200 177 "-" "msnbot-media/1.1 (+http://search.msn.com/msnbot.htm)"
65.55.215.70 - - [05/Oct/2013:01:41:46 +0200] "GET /images/logos.jpg?cache1890 HTTP/1.1" 200 35043 "-" "msnbot-media/1.1 (+http://search.msn.com/msnbot.htm)"
5.10.83.71 - - [05/Oct/2013:01:44:52 +0200] "GET /kwk.php?cs_go=1 HTTP/1.1" 200 8484 "-" "Mozilla/5.0 (compatible; AhrefsBot/5.0; +http://ahrefs.com/robot/)"
208.115.113.91 - - [05/Oct/2013:01:46:36 +0200] "GET /robots.txt HTTP/1.1" 200 177 "-" "Mozilla/5.0 (compatible; Ezooms/1.0; ezooms.bot@gmail.com)"
5.10.83.96 - - [05/Oct/2013:01:51:37 +0200] "GET /news.php?cs_go=archiv&cs_id=4425&cs_search= HTTP/1.1" 200 11770 "-" "Mozilla/5.0 (compatible; AhrefsBot/5.0; +http://ahrefs.com/robot/)"
5.10.83.69 - - [05/Oct/2013:01:54:21 +0200] "GET /news.php?cs_go=archiv&cs_id=4589&cs_search= HTTP/1.1" 200 11824 "-" "Mozilla/5.0 (compatible; AhrefsBot/5.0; +http://ahrefs.com/robot/)"
5.10.83.38 - - [05/Oct/2013:01:57:53 +0200] "GET /lexikon.php?cs_go=3&cs_id=56 HTTP/1.1" 200 5605 "-" "Mozilla/5.0 (compatible; AhrefsBot/5.0; +http://ahrefs.com/robot/)"
5.10.83.38 - - [05/Oct/2013:02:12:25 +0200] "GET /lexikon.php?cs_go=3&cs_id=118 HTTP/1.1" 200 6105 "-" "Mozilla/5.0 (compatible; AhrefsBot/5.0; +http://ahrefs.com/robot/)"
5.10.83.69 - - [05/Oct/2013:02:13:06 +0200] "GET /news.php?cs_go=archiv&cs_id=4455&cs_search= HTTP/1.1" 200 7972 "-" "Mozilla/5.0 (compatible; AhrefsBot/5.0; +http://ahrefs.com/robot/)"
141.8.147.12 - - [05/Oct/2013:02:16:17 +0200] "GET /robots.txt HTTP/1.1" 200 177 "-" "Mozilla/5.0 (compatible; YandexBot/3.0; +http://yandex.com/bots)"
141.8.147.12 - - [05/Oct/2013:02:16:19 +0200] "GET /news.php?cs_go=archiv&cs_id=4294&cs_search= HTTP/1.1" 200 9080 "-" "Mozilla/5.0 (compatible; YandexBot/3.0; +http://yandex.com/bots)"
141.8.147.12 - - [05/Oct/2013:02:16:21 +0200] "GET / HTTP/1.1" 200 12417 "-" "Mozilla/5.0 (compatible; YandexBot/3.0; +http://yandex.com/bots)"
141.8.147.12 - - [05/Oct/2013:02:16:24 +0200] "GET /index.php HTTP/1.1" 200 12417 "-" "Mozilla/5.0 (compatible; YandexBot/3.0; +http://yandex.com/bots)"
141.8.147.12 - - [05/Oct/2013:02:16:27 +0200] "GET / HTTP/1.1" 200 12417 "-" "Mozilla/5.0 (compatible; YandexBot/3.0; +http://yandex.com/bots)"
141.8.147.12 - - [05/Oct/2013:02:16:30 +0200] "GET /index.php HTTP/1.1" 200 12417 "-" "Mozilla/5.0 (compatible; YandexBot/3.0; +http://yandex.com/bots)"
5.10.83.9 - - [05/Oct/2013:02:22:21 +0200] "GET /news.php?cs_go=archiv&cs_startpos=71 HTTP/1.1" 200 20427 "-" "Mozilla/5.0 (compatible; AhrefsBot/5.0; +http://ahrefs.com/robot/)"
5.10.83.69 - - [05/Oct/2013:02:28:36 +0200] "GET /news.php?cs_go=archiv&cs_id=4490&cs_search= HTTP/1.1" 200 7640 "-" "Mozilla/5.0 (compatible; AhrefsBot/5.0; +http://ahrefs.com/robot/)"
66.249.78.46 - - [05/Oct/2013:02:30:54 +0200] "GET /modernisierung.php HTTP/1.1" 200 9289 "-" "SAMSUNG-SGH-E250/1.0 Profile/MIDP-2.0 Configuration/CLDC-1.1 UP.Browser/6.2.3.3.c.1.101 (GUI) MMP/2.0 (compatible; Googlebot-Mobile/2.1; +http://www.google.com/bot.html)"
5.10.83.69 - - [05/Oct/2013:02:37:42 +0200] "GET /news.php?cs_go=archiv&cs_id=4595&cs_search= HTTP/1.1" 200 7576 "-" "Mozilla/5.0 (compatible; AhrefsBot/5.0; +http://ahrefs.com/robot/)"
66.249.78.46 - - [05/Oct/2013:02:42:04 +0200] "GET /news.php?cs_go=archiv&cs_id=4420 HTTP/1.1" 200 10169 "-" "Mozilla/5.0 (compatible; Googlebot/2.1; +http://www.google.com/bot.html)"
5.10.83.42 - - [05/Oct/2013:02:46:01 +0200] "GET /news.php?cs_go=archiv&cs_id=4386&cs_search= HTTP/1.1" 200 11330 "-" "Mozilla/5.0 (compatible; AhrefsBot/5.0; +http://ahrefs.com/robot/)"
5.10.83.96 - - [05/Oct/2013:02:46:08 +0200] "GET /lexikon.php?cs_go=3&cs_id=183 HTTP/1.1" 200 6165 "-" "Mozilla/5.0 (compatible; AhrefsBot/5.0; +http://ahrefs.com/robot/)"
66.249.66.49 - - [05/Oct/2013:02:52:03 +0200] "GET /news.php?cs_go=archiv&cs_id=4025&cs_search= HTTP/1.1" 200 7865 "-" "DoCoMo/2.0 N905i(c100;TB;W24H16) (compatible; Googlebot-Mobile/2.1; +http://www.google.com/bot.html)"
5.10.83.69 - - [05/Oct/2013:02:53:01 +0200] "GET /news.php?cs_go=archiv&cs_startpos=60 HTTP/1.1" 200 20261 "-" "Mozilla/5.0 (compatible; AhrefsBot/5.0; +http://ahrefs.com/robot/)"
5.10.83.38 - - [05/Oct/2013:02:59:21 +0200] "GET /news.php?cs_go=archiv&cs_id=4590&cs_search= HTTP/1.1" 200 7783 "-" "Mozilla/5.0 (compatible; AhrefsBot/5.0; +http://ahrefs.com/robot/)"
65.36.241.79 - - [05/Oct/2013:03:04:21 +0200] "HEAD / HTTP/1.1" 200 - "-" "InternetSeer.com"
157.56.93.39 - - [05/Oct/2013:03:20:16 +0200] "GET /robots.txt HTTP/1.1" 200 177 "-" "Mozilla/5.0 (compatible; bingbot/2.0; +http://www.bing.com/bingbot.htm)"
157.56.93.39 - - [05/Oct/2013:03:20:56 +0200] "GET /rueckrufservice.php HTTP/1.1" 200 8337 "-" "Mozilla/5.0 (compatible; bingbot/2.0; +http://www.bing.com/bingbot.htm)"
5.10.83.38 - - [05/Oct/2013:03:22:39 +0200] "GET /jobs.php HTTP/1.1" 200 5020 "-" "Mozilla/5.0 (compatible; AhrefsBot/5.0; +http://ahrefs.com/robot/)"
66.249.78.46 - - [05/Oct/2013:03:22:43 +0200] "GET /lexikon.php?cs_go=3&cs_id=140 HTTP/1.1" 200 6345 "-" "Mozilla/5.0 (compatible; Googlebot/2.1; +http://www.google.com/bot.html)"
66.249.78.46 - - [05/Oct/2013:03:26:18 +0200] "GET /modul.css HTTP/1.1" 200 35038 "http://www.mink-gmbh.de/news.php?cs_go=archiv&cs_id=4023&cs_search=" "Mozilla/5.0 (compatible; Googlebot/2.1; +http://www.google.com/bot.html)"
5.10.83.71 - - [05/Oct/2013:03:29:08 +0200] "GET /news.php?cs_go=archiv&cs_id=4590 HTTP/1.1" 200 7783 "-" "Mozilla/5.0 (compatible; AhrefsBot/5.0; +http://ahrefs.com/robot/)"
5.10.83.30 - - [05/Oct/2013:03:39:49 +0200] "GET /lexikon.php?cs_go=3&cs_id=229 HTTP/1.1" 200 5597 "-" "Mozilla/5.0 (compatible; AhrefsBot/5.0; +http://ahrefs.com/robot/)"
212.114.45.216 - - [05/Oct/2013:03:50:24 +0200] "GET /optiplus.php HTTP/1.1" 200 8676 "-" "Mozilla/5.0 (Windows NT 6.1; WOW64; rv:18.0) Gecko/20100101 Firefox/18.0"
5.10.83.76 - - [05/Oct/2013:03:53:58 +0200] "GET /lexikon.php?cs_go=3&cs_id=96 HTTP/1.1" 200 5908 "-" "Mozilla/5.0 (compatible; AhrefsBot/5.0; +http://ahrefs.com/robot/)"
5.10.83.42 - - [05/Oct/2013:03:55:08 +0200] "GET /modernisierung.php?cs_gp_go=coupon HTTP/1.1" 200 7866 "-" "Mozilla/5.0 (compatible; AhrefsBot/5.0; +http://ahrefs.com/robot/)"
5.10.83.30 - - [05/Oct/2013:03:58:03 +0200] "GET /lexikon.php?cs_go=2&cs_char=h HTTP/1.1" 200 6401 "-" "Mozilla/5.0 (compatible; AhrefsBot/5.0; +http://ahrefs.com/robot/)"
5.10.83.30 - - [05/Oct/2013:03:58:28 +0200] "GET /lexikon.php?cs_go=2&cs_char=o HTTP/1.1" 200 6862 "-" "Mozilla/5.0 (compatible; AhrefsBot/5.0; +http://ahrefs.com/robot/)"
208.115.113.91 - - [05/Oct/2013:04:00:05 +0200] "GET /news.php?cs_go=archiv&cs_startpos=40 HTTP/1.1" 200 20290 "-" "Mozilla/5.0 (compatible; Ezooms/1.0; ezooms.bot@gmail.com)"
5.10.83.76 - - [05/Oct/2013:04:12:08 +0200] "GET /lexikon.php?cs_go=3&cs_id=163 HTTP/1.1" 200 5831 "-" "Mozilla/5.0 (compatible; AhrefsBot/5.0; +http://ahrefs.com/robot/)"
5.10.83.76 - - [05/Oct/2013:04:14:42 +0200] "GET /news.php?cs_go=archiv&cs_id=4579&cs_search= HTTP/1.1" 200 9006 "-" "Mozilla/5.0 (compatible; AhrefsBot/5.0; +http://ahrefs.com/robot/)"
5.10.83.71 - - [05/Oct/2013:04:24:15 +0200] "GET /lexikon.php?cs_go=2&cs_char=t HTTP/1.1" 200 6563 "-" "Mozilla/5.0 (compatible; AhrefsBot/5.0; +http://ahrefs.com/robot/)"
5.10.83.75 - - [05/Oct/2013:04:29:43 +0200] "GET /news.php?cs_go=archiv&cs_startpos=250 HTTP/1.1" 200 11819 "-" "Mozilla/5.0 (compatible; AhrefsBot/5.0; +http://ahrefs.com/robot/)"
5.10.83.69 - - [05/Oct/2013:04:30:30 +0200] "GET /lexikon.php?cs_go=3&cs_id=209 HTTP/1.1" 200 5897 "-" "Mozilla/5.0 (compatible; AhrefsBot/5.0; +http://ahrefs.com/robot/)"
5.10.83.69 - - [05/Oct/2013:04:37:21 +0200] "GET /news.php?cs_go=archiv&cs_id=4369&cs_search= HTTP/1.1" 200 11567 "-" "Mozilla/5.0 (compatible; AhrefsBot/5.0; +http://ahrefs.com/robot/)"
157.55.35.46 - - [05/Oct/2013:04:42:35 +0200] "GET /robots.txt HTTP/1.1" 200 177 "-" "Mozilla/5.0 (compatible; bingbot/2.0; +http://www.bing.com/bingbot.htm)"
157.55.35.46 - - [05/Oct/2013:04:43:29 +0200] "GET /news.php?cs_go=archiv&cs_id=3474 HTTP/1.1" 200 11015 "-" "Mozilla/5.0 (compatible; bingbot/2.0; +http://www.bing.com/bingbot.htm)"
66.249.78.46 - - [05/Oct/2013:04:43:46 +0200] "GET /images/logos.jpg?cache9857 HTTP/1.1" 200 35043 "-" "Googlebot-Image/1.0"
66.249.78.46 - - [05/Oct/2013:04:43:52 +0200] "GET /images/logos.jpg?cache8727 HTTP/1.1" 200 35043 "-" "Googlebot-Image/1.0"
66.249.78.46 - - [05/Oct/2013:04:43:59 +0200] "GET /images/logos.jpg?cache7633 HTTP/1.1" 200 35043 "-" "Googlebot-Image/1.0"
66.249.78.46 - - [05/Oct/2013:04:44:01 +0200] "GET /news.php?cs_go=archiv&cs_id=4180 HTTP/1.1" 200 7750 "-" "Mozilla/5.0 (compatible; Googlebot/2.1; +http://www.google.com/bot.html)"
66.249.66.49 - - [05/Oct/2013:04:44:32 +0200] "GET /images/logos.jpg?cache3273 HTTP/1.1" 200 35043 "-" "Googlebot-Image/1.0"
66.249.66.49 - - [05/Oct/2013:04:44:40 +0200] "GET /images/logos.jpg?cache8713 HTTP/1.1" 200 35043 "-" "Googlebot-Image/1.0"
66.249.78.46 - - [05/Oct/2013:04:46:22 +0200] "GET /images/logos.jpg?cache6392 HTTP/1.1" 200 35043 "-" "Googlebot-Image/1.0"
66.249.78.46 - - [05/Oct/2013:04:46:22 +0200] "GET /images/logos.jpg?cache4270 HTTP/1.1" 200 35043 "-" "Googlebot-Image/1.0"
5.10.83.9 - - [05/Oct/2013:04:53:55 +0200] "GET /news.php?cs_go=archiv&cs_id=4453&cs_search= HTTP/1.1" 200 9380 "-" "Mozilla/5.0 (compatible; AhrefsBot/5.0; +http://ahrefs.com/robot/)"
5.10.83.96 - - [05/Oct/2013:05:01:27 +0200] "GET /kwk.php HTTP/1.1" 200 8484 "-" "Mozilla/5.0 (compatible; AhrefsBot/5.0; +http://ahrefs.com/robot/)"
5.10.83.38 - - [05/Oct/2013:05:16:13 +0200] "GET /news.php?cs_go=archiv&cs_id=4436&cs_search= HTTP/1.1" 200 8343 "-" "Mozilla/5.0 (compatible; AhrefsBot/5.0; +http://ahrefs.com/robot/)"
5.10.83.69 - - [05/Oct/2013:05:17:19 +0200] "GET /news.php?cs_go=archiv&cs_id=4474&cs_search= HTTP/1.1" 200 11750 "-" "Mozilla/5.0 (compatible; AhrefsBot/5.0; +http://ahrefs.com/robot/)"
157.55.35.46 - - [05/Oct/2013:05:26:12 +0200] "GET /news.php?cs_go=archiv&cs_id=3474 HTTP/1.1" 200 11015 "-" "Mozilla/5.0 (compatible; bingbot/2.0; +http://www.bing.com/bingbot.htm)"
5.10.83.38 - - [05/Oct/2013:05:27:36 +0200] "GET /news.php?cs_go=archiv&cs_id=4535&cs_search= HTTP/1.1" 200 11843 "-" "Mozilla/5.0 (compatible; AhrefsBot/5.0; +http://ahrefs.com/robot/)"
5.10.83.38 - - [05/Oct/2013:05:30:05 +0200] "GET /news.php?cs_go=archiv&cs_id=4440&cs_search= HTTP/1.1" 200 11738 "-" "Mozilla/5.0 (compatible; AhrefsBot/5.0; +http://ahrefs.com/robot/)"
5.10.83.75 - - [05/Oct/2013:05:37:41 +0200] "GET /lexikon.php?cs_go=3&cs_id=13 HTTP/1.1" 200 5663 "-" "Mozilla/5.0 (compatible; AhrefsBot/5.0; +http://ahrefs.com/robot/)"
66.249.78.46 - - [05/Oct/2013:05:53:44 +0200] "GET /lexikon.php?cs_go=3&cs_id=194 HTTP/1.1" 200 5611 "-" "Mozilla/5.0 (compatible; Googlebot/2.1; +http://www.google.com/bot.html)"
66.249.78.46 - - [05/Oct/2013:06:09:04 +0200] "GET /schwefelarmstandard.php HTTP/1.1" 200 10767 "-" "Mozilla/5.0 (iPhone; U; CPU iPhone OS 4_1 like Mac OS X; en-us) AppleWebKit/532.9 (KHTML, like Gecko) Version/4.0.5 Mobile/8B117 Safari/6531.22.7 (compatible; Googlebot-Mobile/2.1; +http://www.google.com/bot.html)"
5.10.83.43 - - [05/Oct/2013:06:10:30 +0200] "GET /lexikon.php?cs_go=2&cs_char=m HTTP/1.1" 200 6674 "-" "Mozilla/5.0 (compatible; AhrefsBot/5.0; +http://ahrefs.com/robot/)"
66.249.78.46 - - [05/Oct/2013:06:22:45 +0200] "GET /lexikon.php?cs_go=3&cs_id=197 HTTP/1.1" 200 5594 "-" "Mozilla/5.0 (compatible; Googlebot/2.1; +http://www.google.com/bot.html)"
5.10.83.43 - - [05/Oct/2013:06:45:32 +0200] "GET /news.php?cs_go=archiv&cs_id=4352&cs_search= HTTP/1.1" 200 7753 "-" "Mozilla/5.0 (compatible; AhrefsBot/5.0; +http://ahrefs.com/robot/)"
5.10.83.76 - - [05/Oct/2013:07:00:25 +0200] "GET /news.php?cs_go=archiv&cs_id=4583&cs_search= HTTP/1.1" 200 13225 "-" "Mozilla/5.0 (compatible; AhrefsBot/5.0; +http://ahrefs.com/robot/)"
5.10.83.70 - - [05/Oct/2013:07:17:58 +0200] "GET /kontakt.php HTTP/1.1" 200 7021 "-" "Mozilla/5.0 (compatible; AhrefsBot/5.0; +http://ahrefs.com/robot/)"
5.10.83.70 - - [05/Oct/2013:07:24:14 +0200] "GET /lexikon.php?cs_go=3&cs_id=210 HTTP/1.1" 200 7145 "-" "Mozilla/5.0 (compatible; AhrefsBot/5.0; +http://ahrefs.com/robot/)"
5.10.83.43 - - [05/Oct/2013:07:28:56 +0200] "GET /news.php?cs_go=archiv&cs_id=4391&cs_search= HTTP/1.1" 200 7647 "-" "Mozilla/5.0 (compatible; AhrefsBot/5.0; +http://ahrefs.com/robot/)"
5.10.83.70 - - [05/Oct/2013:07:30:33 +0200] "GET /news.php?cs_go=archiv&cs_id=4363&cs_search= HTTP/1.1" 200 11463 "-" "Mozilla/5.0 (compatible; AhrefsBot/5.0; +http://ahrefs.com/robot/)"
5.10.83.30 - - [05/Oct/2013:07:31:01 +0200] "GET /news.php?cs_go=archiv&cs_startpos=110 HTTP/1.1" 200 20607 "-" "Mozilla/5.0 (compatible; AhrefsBot/5.0; +http://ahrefs.com/robot/)"
5.10.83.75 - - [05/Oct/2013:07:32:44 +0200] "GET /news.php?cs_go=archiv&cs_id=4497&cs_search= HTTP/1.1" 200 9440 "-" "Mozilla/5.0 (compatible; AhrefsBot/5.0; +http://ahrefs.com/robot/)"
141.8.147.12 - - [05/Oct/2013:07:34:09 +0200] "GET /lexikon.php?cs_go=3&cs_id=54 HTTP/1.1" 200 5603 "-" "Mozilla/5.0 (compatible; YandexBot/3.0; +http://yandex.com/bots)"
5.10.83.71 - - [05/Oct/2013:07:43:49 +0200] "GET /news.php?cs_go=archiv&cs_id=4506&cs_search= HTTP/1.1" 200 8048 "-" "Mozilla/5.0 (compatible; AhrefsBot/5.0; +http://ahrefs.com/robot/)"
5.10.83.76 - - [05/Oct/2013:07:45:12 +0200] "GET /news.php?cs_go=archiv&cs_id=4459&cs_search= HTTP/1.1" 200 7566 "-" "Mozilla/5.0 (compatible; AhrefsBot/5.0; +http://ahrefs.com/robot/)"
5.10.83.70 - - [05/Oct/2013:07:48:52 +0200] "GET /agb.php HTTP/1.1" 200 17598 "-" "Mozilla/5.0 (compatible; AhrefsBot/5.0; +http://ahrefs.com/robot/)"
220.181.108.120 - - [05/Oct/2013:07:49:03 +0200] "GET / HTTP/1.1" 200 6591 "-" "Mozilla/5.0 (compatible; Baiduspider/2.0; +http://www.baidu.com/search/spider.html)"
123.125.71.25 - - [05/Oct/2013:07:50:51 +0200] "GET / HTTP/1.1" 200 6717 "-" "Mozilla/5.0 (compatible; Baiduspider/2.0; +http://www.baidu.com/search/spider.html)"
5.10.83.96 - - [05/Oct/2013:07:55:44 +0200] "GET /news.php?cs_go=archiv&cs_id=4389&cs_search= HTTP/1.1" 200 7647 "-" "Mozilla/5.0 (compatible; AhrefsBot/5.0; +http://ahrefs.com/robot/)"
5.10.83.71 - - [05/Oct/2013:07:58:03 +0200] "GET /lexikon.php?cs_go=3&cs_id=227 HTTP/1.1" 200 6278 "-" "Mozilla/5.0 (compatible; AhrefsBot/5.0; +http://ahrefs.com/robot/)"
66.249.78.46 - - [05/Oct/2013:08:01:29 +0200] "GET /robots.txt HTTP/1.1" 200 177 "-" "Mozilla/5.0 (compatible; Googlebot/2.1; +http://www.google.com/bot.html)"
5.10.83.43 - - [05/Oct/2013:08:02:18 +0200] "GET /lexikon.php?cs_go=3&cs_id=122 HTTP/1.1" 200 5820 "-" "Mozilla/5.0 (compatible; AhrefsBot/5.0; +http://ahrefs.com/robot/)"
66.249.78.46 - - [05/Oct/2013:08:01:29 +0200] "GET /lexikon.php?cs_go=2&cs_char=q HTTP/1.1" 200 5763 "-" "Mozilla/5.0 (compatible; Googlebot/2.1; +http://www.google.com/bot.html)"
5.10.83.69 - - [05/Oct/2013:08:09:02 +0200] "GET /news.php?cs_go=archiv&cs_id=4405&cs_search= HTTP/1.1" 200 8869 "-" "Mozilla/5.0 (compatible; AhrefsBot/5.0; +http://ahrefs.com/robot/)"
65.36.241.79 - - [05/Oct/2013:08:12:53 +0200] "HEAD / HTTP/1.1" 200 - "-" "InternetSeer.com"
5.10.83.69 - - [05/Oct/2013:08:15:34 +0200] "GET /news.php?cs_go=archiv&cs_id=4427&cs_search= HTTP/1.1" 200 7551 "-" "Mozilla/5.0 (compatible; AhrefsBot/5.0; +http://ahrefs.com/robot/)"
141.8.147.12 - - [05/Oct/2013:08:22:45 +0200] "GET /lexikon.php?cs_go=3&cs_id=139 HTTP/1.1" 200 5795 "-" "Mozilla/5.0 (compatible; YandexBot/3.0; +http://yandex.com/bots)"
144.76.95.232 - - [05/Oct/2013:08:54:44 +0200] "GET /robots.txt HTTP/1.0" 200 177 "-" "Mozilla/5.0 (compatible; MJ12bot/v1.4.4; http://www.majestic12.co.uk/bot.php?+)"
144.76.95.232 - - [05/Oct/2013:08:54:47 +0200] "GET /news.php?cs_go=archiv&cs_id=4188 HTTP/1.0" 200 7677 "-" "Mozilla/5.0 (compatible; MJ12bot/v1.4.4; http://www.majestic12.co.uk/bot.php?+)"
144.76.95.232 - - [05/Oct/2013:08:54:54 +0200] "GET /news.php?cs_go=archiv&cs_id=4189 HTTP/1.0" 200 9615 "-" "Mozilla/5.0 (compatible; MJ12bot/v1.4.4; http://www.majestic12.co.uk/bot.php?+)"
144.76.95.232 - - [05/Oct/2013:08:55:02 +0200] "GET /news.php?cs_go=archiv&cs_id=4190 HTTP/1.0" 200 7713 "-" "Mozilla/5.0 (compatible; MJ12bot/v1.4.4; http://www.majestic12.co.uk/bot.php?+)"
141.8.147.12 - - [05/Oct/2013:08:57:41 +0200] "GET /lexikon.php?cs_go=3&cs_id=107 HTTP/1.1" 200 5990 "-" "Mozilla/5.0 (compatible; YandexBot/3.0; +http://yandex.com/bots)"
66.249.78.46 - - [05/Oct/2013:08:59:33 +0200] "GET /news.php?cs_go=archiv&cs_id=4078&cs_search= HTTP/1.1" 200 9980 "-" "Mozilla/5.0 (compatible; Googlebot/2.1; +http://www.google.com/bot.html)"
141.8.147.12 - - [05/Oct/2013:09:18:29 +0200] "GET /lexikon.php?cs_go=3&cs_id=130 HTTP/1.1" 200 5837 "-" "Mozilla/5.0 (compatible; YandexBot/3.0; +http://yandex.com/bots)"
64.246.178.34 - - [05/Oct/2013:09:36:46 +0200] "GET /robots.txt HTTP/1.0" 200 177 "-" "Mozilla/5.0 (Windows; U; Windows NT 5.1; en; rv:1.9.0.13) Gecko/2009073022 Firefox/3.5.2 (.NET CLR 3.5.30729) SurveyBot/2.3 (DomainTools)"
64.246.178.34 - - [05/Oct/2013:09:36:46 +0200] "GET / HTTP/1.1" 200 12417 "http://whois.domaintools.com/mink-gmbh.de" "Mozilla/5.0 (Windows; U; Windows NT 5.1; en; rv:1.9.0.13) Gecko/2009073022 Firefox/3.5.2 (.NET CLR 3.5.30729) SurveyBot/2.3 (DomainTools)"
208.115.113.91 - - [05/Oct/2013:09:48:33 +0200] "GET /robots.txt HTTP/1.1" 200 177 "-" "Mozilla/5.0 (compatible; Ezooms/1.0; ezooms.bot@gmail.com)"
66.249.78.46 - - [05/Oct/2013:10:00:57 +0200] "GET /news.php?cs_go=archiv&cs_startpos=200 HTTP/1.1" 200 20423 "-" "Mozilla/5.0 (iPhone; U; CPU iPhone OS 4_1 like Mac OS X; en-us) AppleWebKit/532.9 (KHTML, like Gecko) Version/4.0.5 Mobile/8B117 Safari/6531.22.7 (compatible; Googlebot-Mobile/2.1; +http://www.google.com/bot.html)"
141.8.147.12 - - [05/Oct/2013:10:14:57 +0200] "GET /lexikon.php?cs_go=3&cs_id=192 HTTP/1.1" 200 6008 "-" "Mozilla/5.0 (compatible; YandexBot/3.0; +http://yandex.com/bots)"
66.249.78.46 - - [05/Oct/2013:10:15:02 +0200] "GET /news.php?cs_go=archiv&cs_id=4225&cs_search= HTTP/1.1" 200 7545 "-" "Mozilla/5.0 (compatible; Googlebot/2.1; +http://www.google.com/bot.html)"
157.55.35.79 - - [05/Oct/2013:10:51:32 +0200] "GET /robots.txt HTTP/1.1" 200 177 "-" "Mozilla/5.0 (compatible; bingbot/2.0; +http://www.bing.com/bingbot.htm)"
157.55.35.79 - - [05/Oct/2013:10:55:19 +0200] "GET /jobs.php HTTP/1.1" 200 5020 "-" "Mozilla/5.0 (compatible; bingbot/2.0; +http://www.bing.com/bingbot.htm)"
157.55.35.79 - - [05/Oct/2013:11:04:57 +0200] "GET /kwk.php HTTP/1.1" 200 8484 "-" "Mozilla/5.0 (compatible; bingbot/2.0; +http://www.bing.com/bingbot.htm)"
141.8.147.12 - - [05/Oct/2013:11:11:50 +0200] "GET /lexikon.php?cs_go=3&cs_id=189 HTTP/1.1" 200 5826 "-" "Mozilla/5.0 (compatible; YandexBot/3.0; +http://yandex.com/bots)"
66.249.78.46 - - [05/Oct/2013:11:35:01 +0200] "GET /style.css HTTP/1.1" 200 8402 "-" "Mozilla/5.0 (compatible; Googlebot/2.1; +http://www.google.com/bot.html)"
66.249.66.49 - - [05/Oct/2013:11:35:22 +0200] "GET /lexikon.php?cs_go=3&cs_id=195 HTTP/1.1" 200 6599 "-" "Mozilla/5.0 (compatible; Googlebot/2.1; +http://www.google.com/bot.html)"
66.249.78.46 - - [05/Oct/2013:11:36:21 +0200] "GET /news.php?cs_go=archiv&cs_id=4173 HTTP/1.1" 200 11432 "-" "Mozilla/5.0 (compatible; Googlebot/2.1; +http://www.google.com/bot.html)"
157.56.93.96 - - [05/Oct/2013:11:39:38 +0200] "GET /kwk.php HTTP/1.1" 200 8484 "-" "Mozilla/5.0 (compatible; bingbot/2.0; +http://www.bing.com/bingbot.htm)"
208.115.113.91 - - [05/Oct/2013:11:50:11 +0200] "GET /index.php HTTP/1.1" 200 12417 "-" "Mozilla/5.0 (compatible; Ezooms/1.0; ezooms.bot@gmail.com)"
66.249.78.46 - - [05/Oct/2013:11:51:24 +0200] "GET /news.php?cs_go=archiv&cs_id=4291&cs_search= HTTP/1.1" 200 11520 "-" "Mozilla/5.0 (iPhone; U; CPU iPhone OS 4_1 like Mac OS X; en-us) AppleWebKit/532.9 (KHTML, like Gecko) Version/4.0.5 Mobile/8B117 Safari/6531.22.7 (compatible; Googlebot-Mobile/2.1; +http://www.google.com/bot.html)"
141.8.147.12 - - [05/Oct/2013:12:04:09 +0200] "GET /lexikon.php?cs_go=3&cs_id=195 HTTP/1.1" 200 6599 "-" "Mozilla/5.0 (compatible; YandexBot/3.0; +http://yandex.com/bots)"
157.55.32.143 - - [05/Oct/2013:12:25:18 +0200] "GET / HTTP/1.1" 200 12417 "-" "Mozilla/5.0 (compatible; bingbot/2.0; +http://www.bing.com/bingbot.htm)"
66.249.78.46 - - [05/Oct/2013:12:36:18 +0200] "GET /images/logos.jpg?cache2605 HTTP/1.1" 200 35043 "-" "Googlebot-Image/1.0"
66.249.66.49 - - [05/Oct/2013:12:36:50 +0200] "GET /images/logos.jpg?cache1852 HTTP/1.1" 200 35043 "-" "Googlebot-Image/1.0"
66.249.78.46 - - [05/Oct/2013:12:36:54 +0200] "GET /images/logos.jpg?cache2634 HTTP/1.1" 200 35043 "-" "Googlebot-Image/1.0"
66.249.78.46 - - [05/Oct/2013:12:38:18 +0200] "GET /images/logos.jpg?cache7419 HTTP/1.1" 200 35043 "-" "Googlebot-Image/1.0"
66.249.78.46 - - [05/Oct/2013:12:38:29 +0200] "GET /images/logos.jpg?cache5966 HTTP/1.1" 200 35043 "-" "Googlebot-Image/1.0"
66.249.78.46 - - [05/Oct/2013:12:46:02 +0200] "GET /news.php?cs_go=archiv&cs_id=4106&cs_search= HTTP/1.1" 200 11213 "-" "Mozilla/5.0 (compatible; Googlebot/2.1; +http://www.google.com/bot.html)"
66.249.78.46 - - [05/Oct/2013:12:46:35 +0200] "GET /images/logos.jpg?cache8264 HTTP/1.1" 200 35043 "-" "Googlebot-Image/1.0"
176.9.138.27 - - [05/Oct/2013:12:54:20 +0200] "GET /robots.txt HTTP/1.1" 200 177 "-" "Mozilla/5.0 (compatible; Spiderlytics/1.0; +spider@spiderlytics.com)"
176.9.138.27 - - [05/Oct/2013:12:54:20 +0200] "GET /news.php?cs_go=archiv&cs_id=4366&cs_search= HTTP/1.1" 200 11367 "-" "Mozilla/5.0 (compatible; Spiderlytics/1.0; +spider@spiderlytics.com)"
66.249.78.46 - - [05/Oct/2013:12:57:40 +0200] "GET /news.php?cs_go=archiv&cs_id=4600 HTTP/1.1" 200 11567 "-" "Mozilla/5.0 (iPhone; U; CPU iPhone OS 4_1 like Mac OS X; en-us) AppleWebKit/532.9 (KHTML, like Gecko) Version/4.0.5 Mobile/8B117 Safari/6531.22.7 (compatible; Googlebot-Mobile/2.1; +http://www.google.com/bot.html)"
141.8.147.12 - - [05/Oct/2013:12:59:55 +0200] "GET /lexikon.php?cs_go=3&cs_id=120 HTTP/1.1" 200 6118 "-" "Mozilla/5.0 (compatible; YandexBot/3.0; +http://yandex.com/bots)"
121.205.248.50 - - [05/Oct/2013:13:30:08 +0200] "GET /news.php?cs_go=archiv&cs_id=4269&cs_search= HTTP/1.0" 200 9460 "http://www.mink-gmbh.de/news.php?cs_go=archiv&cs_id=4269&cs_search=" "Mozilla/5.0 (Windows NT 6.0) AppleWebKit/537.11 (KHTML, like Gecko) Chrome/23.0.1271.64 Safari/537.11"
66.249.78.46 - - [05/Oct/2013:13:49:55 +0200] "GET /news.php?cs_go=archiv&cs_id=4167 HTTP/1.1" 200 10726 "-" "Mozilla/5.0 (compatible; Googlebot/2.1; +http://www.google.com/bot.html)"
141.8.147.12 - - [05/Oct/2013:13:50:56 +0200] "GET /lexikon.php?cs_go=3&cs_id=78 HTTP/1.1" 200 5859 "-" "Mozilla/5.0 (compatible; YandexBot/3.0; +http://yandex.com/bots)"
88.73.14.203 - - [05/Oct/2013:14:27:32 +0200] "GET / HTTP/1.1" 200 12417 "-" "Mozilla/5.0 (compatible; MSIE 10.0; Windows NT 6.1; Trident/6.0)"
88.73.14.203 - - [05/Oct/2013:14:27:33 +0200] "GET /style.css HTTP/1.1" 200 8402 "http://www.mink-gmbh.de/" "Mozilla/5.0 (compatible; MSIE 10.0; Windows NT 6.1; Trident/6.0)"
88.73.14.203 - - [05/Oct/2013:14:27:33 +0200] "GET /js_contentserver24_greybox/gb_styles.css HTTP/1.1" 200 2302 "http://www.mink-gmbh.de/" "Mozilla/5.0 (compatible; MSIE 10.0; Windows NT 6.1; Trident/6.0)"
88.73.14.203 - - [05/Oct/2013:14:27:33 +0200] "GET /js_contentserver24_greybox/AJS_fx.js HTTP/1.1" 200 3192 "http://www.mink-gmbh.de/" "Mozilla/5.0 (compatible; MSIE 10.0; Windows NT 6.1; Trident/6.0)"
88.73.14.203 - - [05/Oct/2013:14:27:33 +0200] "GET /js_contentserver24_greybox/AJS.js HTTP/1.1" 200 10396 "http://www.mink-gmbh.de/" "Mozilla/5.0 (compatible; MSIE 10.0; Windows NT 6.1; Trident/6.0)"
88.73.14.203 - - [05/Oct/2013:14:27:33 +0200] "GET /js_contentserver24_greybox/gb_scripts.js HTTP/1.1" 200 11913 "http://www.mink-gmbh.de/" "Mozilla/5.0 (compatible; MSIE 10.0; Windows NT 6.1; Trident/6.0)"
88.73.14.203 - - [05/Oct/2013:14:27:33 +0200] "GET /modul.css HTTP/1.1" 200 35038 "http://www.mink-gmbh.de/" "Mozilla/5.0 (compatible; MSIE 10.0; Windows NT 6.1; Trident/6.0)"
88.73.14.203 - - [05/Oct/2013:14:27:33 +0200] "GET /images/team-energie.png HTTP/1.1" 200 17383 "http://www.mink-gmbh.de/" "Mozilla/5.0 (compatible; MSIE 10.0; Windows NT 6.1; Trident/6.0)"
88.73.14.203 - - [05/Oct/2013:14:27:34 +0200] "GET /images/freecall.jpg HTTP/1.1" 200 39195 "http://www.mink-gmbh.de/" "Mozilla/5.0 (compatible; MSIE 10.0; Windows NT 6.1; Trident/6.0)"
88.73.14.203 - - [05/Oct/2013:14:27:34 +0200] "GET /images/mail.jpg HTTP/1.1" 200 11165 "http://www.mink-gmbh.de/" "Mozilla/5.0 (compatible; MSIE 10.0; Windows NT 6.1; Trident/6.0)"
88.73.14.203 - - [05/Oct/2013:14:27:33 +0200] "GET /images/tkw.jpg HTTP/1.1" 200 64031 "http://www.mink-gmbh.de/" "Mozilla/5.0 (compatible; MSIE 10.0; Windows NT 6.1; Trident/6.0)"
88.73.14.203 - - [05/Oct/2013:14:27:34 +0200] "GET /images/kwk.gif HTTP/1.1" 200 6403 "http://www.mink-gmbh.de/" "Mozilla/5.0 (compatible; MSIE 10.0; Windows NT 6.1; Trident/6.0)"
88.73.14.203 - - [05/Oct/2013:14:27:34 +0200] "GET /images/wunschpreis.jpg HTTP/1.1" 200 16767 "http://www.mink-gmbh.de/" "Mozilla/5.0 (compatible; MSIE 10.0; Windows NT 6.1; Trident/6.0)"
88.73.14.203 - - [05/Oct/2013:14:27:34 +0200] "GET /images/logos.jpg?cache5695 HTTP/1.1" 200 35043 "http://www.mink-gmbh.de/" "Mozilla/5.0 (compatible; MSIE 10.0; Windows NT 6.1; Trident/6.0)"
88.73.14.203 - - [05/Oct/2013:14:27:34 +0200] "GET /images/bg.png HTTP/1.1" 200 922 "http://www.mink-gmbh.de/" "Mozilla/5.0 (compatible; MSIE 10.0; Windows NT 6.1; Trident/6.0)"
88.73.14.203 - - [05/Oct/2013:14:27:34 +0200] "GET /js_contentserver24_greybox/w_close.gif HTTP/1.1" 200 74 "http://www.mink-gmbh.de/" "Mozilla/5.0 (compatible; MSIE 10.0; Windows NT 6.1; Trident/6.0)"
88.73.14.203 - - [05/Oct/2013:14:27:34 +0200] "GET /images/navibg.png HTTP/1.1" 200 2803 "http://www.mink-gmbh.de/" "Mozilla/5.0 (compatible; MSIE 10.0; Windows NT 6.1; Trident/6.0)"
88.73.14.203 - - [05/Oct/2013:14:27:34 +0200] "GET /images/wrapperbg.jpg HTTP/1.1" 200 27465 "http://www.mink-gmbh.de/" "Mozilla/5.0 (compatible; MSIE 10.0; Windows NT 6.1; Trident/6.0)"
88.73.14.203 - - [05/Oct/2013:14:27:34 +0200] "GET /images/newsletter_bg.jpg HTTP/1.1" 200 33610 "http://www.mink-gmbh.de/" "Mozilla/5.0 (compatible; MSIE 10.0; Windows NT 6.1; Trident/6.0)"
88.73.14.203 - - [05/Oct/2013:14:27:34 +0200] "GET /js_contentserver24_greybox/header_bg.gif HTTP/1.1" 200 1188 "http://www.mink-gmbh.de/" "Mozilla/5.0 (compatible; MSIE 10.0; Windows NT 6.1; Trident/6.0)"
88.73.14.203 - - [05/Oct/2013:14:27:34 +0200] "GET /images/footerbg.jpg HTTP/1.1" 200 2184 "http://www.mink-gmbh.de/" "Mozilla/5.0 (compatible; MSIE 10.0; Windows NT 6.1; Trident/6.0)"
88.73.14.203 - - [05/Oct/2013:14:27:34 +0200] "GET /images/newsletter.jpg HTTP/1.1" 200 13130 "http://www.mink-gmbh.de/" "Mozilla/5.0 (compatible; MSIE 10.0; Windows NT 6.1; Trident/6.0)"
88.73.14.203 - - [05/Oct/2013:14:27:34 +0200] "GET /images/mobil.jpg HTTP/1.1" 200 25293 "http://www.mink-gmbh.de/" "Mozilla/5.0 (compatible; MSIE 10.0; Windows NT 6.1; Trident/6.0)"
88.73.14.203 - - [05/Oct/2013:14:27:34 +0200] "GET /images/steigend.png HTTP/1.1" 200 688 "http://www.mink-gmbh.de/" "Mozilla/5.0 (compatible; MSIE 10.0; Windows NT 6.1; Trident/6.0)"
88.73.14.203 - - [05/Oct/2013:14:27:34 +0200] "GET /js_contentserver24_greybox/loader_frame.html?s=0 HTTP/1.1" 200 2084 "http://www.mink-gmbh.de/" "Mozilla/5.0 (compatible; MSIE 10.0; Windows NT 6.1; Trident/6.0)"
88.73.14.203 - - [05/Oct/2013:14:27:34 +0200] "GET /images/header.jpg HTTP/1.1" 200 25189 "http://www.mink-gmbh.de/" "Mozilla/5.0 (compatible; MSIE 10.0; Windows NT 6.1; Trident/6.0)"
88.73.14.203 - - [05/Oct/2013:14:27:34 +0200] "GET /images/newsletter.png HTTP/1.1" 200 14619 "http://www.mink-gmbh.de/" "Mozilla/5.0 (compatible; MSIE 10.0; Windows NT 6.1; Trident/6.0)"
88.73.14.203 - - [05/Oct/2013:14:27:34 +0200] "GET /images/close.png HTTP/1.1" 200 703 "http://www.mink-gmbh.de/" "Mozilla/5.0 (compatible; MSIE 10.0; Windows NT 6.1; Trident/6.0)"
88.73.14.203 - - [05/Oct/2013:14:27:35 +0200] "GET /js_contentserver24_greybox/indicator.gif HTTP/1.1" 200 8238 "http://www.mink-gmbh.de/js_contentserver24_greybox/loader_frame.html?s=0" "Mozilla/5.0 (compatible; MSIE 10.0; Windows NT 6.1; Trident/6.0)"
88.73.14.203 - - [05/Oct/2013:14:27:35 +0200] "GET /js_contentserver24_greybox/g_close.gif HTTP/1.1" 200 541 "http://www.mink-gmbh.de/" "Mozilla/5.0 (compatible; MSIE 10.0; Windows NT 6.1; Trident/6.0)"
88.73.14.203 - - [05/Oct/2013:14:27:35 +0200] "GET /favicon.ico HTTP/1.1" 200 3638 "-" "Mozilla/5.0 (compatible; MSIE 10.0; Windows NT 6.1; Trident/6.0)"
