81.209.177.202 - - [07/Oct/2013:07:25:36 +0200] "GET /news.php?cs_go=archiv&cs_id=4473&cs_search= HTTP/1.1" 200 7972 "-" "netEstate NE Crawler (+http://www.website-datenbank.de/)"
81.209.177.202 - - [07/Oct/2013:07:25:51 +0200] "GET /lexikon.php?cs_go=3&cs_id=58 HTTP/1.1" 200 8432 "-" "netEstate NE Crawler (+http://www.website-datenbank.de/)"
81.209.177.95 - - [07/Oct/2013:07:26:07 +0200] "GET /lexikon.php?cs_go=3&cs_id=204 HTTP/1.1" 200 5605 "-" "netEstate NE Crawler (+http://www.website-datenbank.de/)"
81.209.177.140 - - [07/Oct/2013:07:26:31 +0200] "GET /lexikon.php?cs_go=3&cs_id=234 HTTP/1.1" 200 6327 "-" "netEstate NE Crawler (+http://www.website-datenbank.de/)"
81.209.177.95 - - [07/Oct/2013:07:26:53 +0200] "GET /news.php?cs_go=archiv&cs_id=4509&cs_search= HTTP/1.1" 200 7897 "-" "netEstate NE Crawler (+http://www.website-datenbank.de/)"
81.209.177.202 - - [07/Oct/2013:07:27:08 +0200] "GET /modernisierung.php?cs_gp_go=coupon HTTP/1.1" 200 7866 "-" "netEstate NE Crawler (+http://www.website-datenbank.de/)"
81.209.177.202 - - [07/Oct/2013:07:27:23 +0200] "GET /lexikon.php?cs_go=3&cs_id=61 HTTP/1.1" 200 6393 "-" "netEstate NE Crawler (+http://www.website-datenbank.de/)"
81.209.177.202 - - [07/Oct/2013:07:27:40 +0200] "GET /news.php?cs_go=archiv&cs_id=4443&cs_search= HTTP/1.1" 200 7756 "-" "netEstate NE Crawler (+http://www.website-datenbank.de/)"
81.209.177.140 - - [07/Oct/2013:07:28:01 +0200] "GET /robots.txt HTTP/1.1" 200 177 "-" "netEstate NE Crawler (+http://www.website-datenbank.de/)"
81.209.177.202 - - [07/Oct/2013:07:28:08 +0200] "GET /news.php?cs_go=archiv&cs_id=4442&cs_search= HTTP/1.1" 200 11937 "-" "netEstate NE Crawler (+http://www.website-datenbank.de/)"
81.209.177.95 - - [07/Oct/2013:07:28:21 +0200] "GET /news.php?cs_go=archiv&cs_id=4394&cs_search= HTTP/1.1" 200 8442 "-" "netEstate NE Crawler (+http://www.website-datenbank.de/)"
81.209.177.95 - - [07/Oct/2013:07:28:43 +0200] "GET /news.php?cs_go=archiv&cs_id=4395&cs_search= HTTP/1.1" 200 11580 "-" "netEstate NE Crawler (+http://www.website-datenbank.de/)"
81.209.177.202 - - [07/Oct/2013:07:29:01 +0200] "GET /lexikon.php?cs_go=3&cs_id=119 HTTP/1.1" 200 5743 "-" "netEstate NE Crawler (+http://www.website-datenbank.de/)"
81.209.177.202 - - [07/Oct/2013:07:29:18 +0200] "GET /news.php?cs_go=archiv&cs_id=4600&cs_search= HTTP/1.1" 200 11567 "-" "netEstate NE Crawler (+http://www.website-datenbank.de/)"
81.209.177.95 - - [07/Oct/2013:07:29:38 +0200] "GET /news.php?cs_go=archiv&cs_id=4517&cs_search= HTTP/1.1" 200 10981 "-" "netEstate NE Crawler (+http://www.website-datenbank.de/)"
81.209.177.202 - - [07/Oct/2013:07:29:54 +0200] "GET /lexikon.php?cs_go=3&cs_id=187 HTTP/1.1" 200 6104 "-" "netEstate NE Crawler (+http://www.website-datenbank.de/)"
81.209.177.202 - - [07/Oct/2013:07:30:08 +0200] "GET /lexikon.php?cs_go=3&cs_id=214 HTTP/1.1" 200 5740 "-" "netEstate NE Crawler (+http://www.website-datenbank.de/)"
81.209.177.95 - - [07/Oct/2013:07:30:23 +0200] "GET /lexikon.php?cs_go=3&cs_id=67 HTTP/1.1" 200 6227 "-" "netEstate NE Crawler (+http://www.website-datenbank.de/)"
81.209.177.202 - - [07/Oct/2013:07:30:40 +0200] "GET /lexikon.php?cs_go=3&cs_id=145 HTTP/1.1" 200 6511 "-" "netEstate NE Crawler (+http://www.website-datenbank.de/)"
81.209.177.202 - - [07/Oct/2013:07:30:55 +0200] "GET /lexikon.php?cs_go=3&cs_id=213 HTTP/1.1" 200 6093 "-" "netEstate NE Crawler (+http://www.website-datenbank.de/)"
81.209.177.202 - - [07/Oct/2013:07:31:09 +0200] "GET /news.php?cs_go=archiv&cs_id=4501&cs_search= HTTP/1.1" 200 11667 "-" "netEstate NE Crawler (+http://www.website-datenbank.de/)"
81.209.177.202 - - [07/Oct/2013:07:31:26 +0200] "GET /lexikon.php?cs_go=3&cs_id=32 HTTP/1.1" 200 5787 "-" "netEstate NE Crawler (+http://www.website-datenbank.de/)"
81.209.177.95 - - [07/Oct/2013:07:31:41 +0200] "GET /news.php?cs_go=archiv&cs_id=4358&cs_search= HTTP/1.1" 200 7537 "-" "netEstate NE Crawler (+http://www.website-datenbank.de/)"
81.209.177.140 - - [07/Oct/2013:07:32:06 +0200] "GET /lexikon.php?cs_go=3&cs_id=115 HTTP/1.1" 200 7183 "-" "netEstate NE Crawler (+http://www.website-datenbank.de/)"
81.209.177.202 - - [07/Oct/2013:07:32:23 +0200] "GET /news.php?cs_go=archiv&cs_id=4459&cs_search= HTTP/1.1" 200 7566 "-" "netEstate NE Crawler (+http://www.website-datenbank.de/)"
81.209.177.95 - - [07/Oct/2013:07:32:45 +0200] "GET /lexikon.php?cs_go=3&cs_id=15 HTTP/1.1" 200 5678 "-" "netEstate NE Crawler (+http://www.website-datenbank.de/)"
81.209.177.202 - - [07/Oct/2013:07:32:59 +0200] "GET /lexikon.php?cs_go=3&cs_id=185 HTTP/1.1" 200 5947 "-" "netEstate NE Crawler (+http://www.website-datenbank.de/)"
81.209.177.95 - - [07/Oct/2013:07:33:16 +0200] "GET /lexikon.php?cs_go=3&cs_id=202 HTTP/1.1" 200 6120 "-" "netEstate NE Crawler (+http://www.website-datenbank.de/)"
81.209.177.140 - - [07/Oct/2013:07:33:39 +0200] "GET /lexikon.php?cs_go=3&cs_id=47 HTTP/1.1" 200 8760 "-" "netEstate NE Crawler (+http://www.website-datenbank.de/)"
81.209.177.202 - - [07/Oct/2013:07:33:55 +0200] "GET /lexikon.php?cs_go=3&cs_id=226 HTTP/1.1" 200 6354 "-" "netEstate NE Crawler (+http://www.website-datenbank.de/)"
81.209.177.95 - - [07/Oct/2013:07:34:13 +0200] "GET /news.php?cs_go=archiv&cs_id=4529&cs_search= HTTP/1.1" 200 16586 "-" "netEstate NE Crawler (+http://www.website-datenbank.de/)"
81.209.177.202 - - [07/Oct/2013:07:34:31 +0200] "GET /lexikon.php?cs_go=3&cs_id=211 HTTP/1.1" 200 6164 "-" "netEstate NE Crawler (+http://www.website-datenbank.de/)"
81.209.177.95 - - [07/Oct/2013:07:34:50 +0200] "GET /lexikon.php?cs_go=3&cs_id=52 HTTP/1.1" 200 6354 "-" "netEstate NE Crawler (+http://www.website-datenbank.de/)"
81.209.177.95 - - [07/Oct/2013:07:35:10 +0200] "GET /lexikon.php?cs_go=3&cs_id=208 HTTP/1.1" 200 5958 "-" "netEstate NE Crawler (+http://www.website-datenbank.de/)"
81.209.177.202 - - [07/Oct/2013:07:35:26 +0200] "GET /news.php?cs_go=archiv&cs_id=4487&cs_search= HTTP/1.1" 200 7716 "-" "netEstate NE Crawler (+http://www.website-datenbank.de/)"
81.209.177.95 - - [07/Oct/2013:07:35:45 +0200] "GET /lexikon.php?cs_go=3&cs_id=94 HTTP/1.1" 200 6079 "-" "netEstate NE Crawler (+http://www.website-datenbank.de/)"
81.209.177.95 - - [07/Oct/2013:07:36:04 +0200] "GET /news.php?cs_go=archiv&cs_id=4511&cs_search= HTTP/1.1" 200 13855 "-" "netEstate NE Crawler (+http://www.website-datenbank.de/)"
81.209.177.202 - - [07/Oct/2013:07:36:25 +0200] "GET /lexikon.php?cs_go=3&cs_id=55 HTTP/1.1" 200 5618 "-" "netEstate NE Crawler (+http://www.website-datenbank.de/)"
81.209.177.95 - - [07/Oct/2013:07:36:44 +0200] "GET /news.php?cs_go=archiv&cs_id=4482&cs_search= HTTP/1.1" 200 8950 "-" "netEstate NE Crawler (+http://www.website-datenbank.de/)"
81.209.177.202 - - [07/Oct/2013:07:37:12 +0200] "GET /lexikon.php?cs_go=3&cs_id=117 HTTP/1.1" 200 5970 "-" "netEstate NE Crawler (+http://www.website-datenbank.de/)"
81.209.177.95 - - [07/Oct/2013:07:37:35 +0200] "GET /lexikon.php?cs_go=3&cs_id=80 HTTP/1.1" 200 6004 "-" "netEstate NE Crawler (+http://www.website-datenbank.de/)"
81.209.177.95 - - [07/Oct/2013:07:37:59 +0200] "GET /lexikon.php?cs_go=3&cs_id=24 HTTP/1.1" 200 5670 "-" "netEstate NE Crawler (+http://www.website-datenbank.de/)"
66.249.78.46 - - [07/Oct/2013:07:38:08 +0200] "GET /news.php HTTP/1.1" 200 20020 "-" "Mozilla/5.0 (iPhone; U; CPU iPhone OS 4_1 like Mac OS X; en-us) AppleWebKit/532.9 (KHTML, like Gecko) Version/4.0.5 Mobile/8B117 Safari/6531.22.7 (compatible; Googlebot-Mobile/2.1; +http://www.google.com/bot.html)"
81.209.177.202 - - [07/Oct/2013:07:38:14 +0200] "GET /robots.txt HTTP/1.1" 200 177 "-" "netEstate NE Crawler (+http://www.website-datenbank.de/)"
81.209.177.202 - - [07/Oct/2013:07:38:20 +0200] "GET /lexikon.php?cs_go=3&cs_id=206 HTTP/1.1" 200 5959 "-" "netEstate NE Crawler (+http://www.website-datenbank.de/)"
81.209.177.202 - - [07/Oct/2013:07:38:38 +0200] "GET /lexikon.php?cs_go=3&cs_id=230 HTTP/1.1" 200 6161 "-" "netEstate NE Crawler (+http://www.website-datenbank.de/)"
81.209.177.95 - - [07/Oct/2013:07:38:54 +0200] "GET /lexikon.php?cs_go=3&cs_id=89 HTTP/1.1" 200 5996 "-" "netEstate NE Crawler (+http://www.website-datenbank.de/)"
81.209.177.140 - - [07/Oct/2013:07:39:11 +0200] "GET /news.php?cs_go=archiv&cs_id=4400&cs_search= HTTP/1.1" 200 7570 "-" "netEstate NE Crawler (+http://www.website-datenbank.de/)"
81.209.177.140 - - [07/Oct/2013:07:39:31 +0200] "GET /lexikon.php?cs_go=3&cs_id=112 HTTP/1.1" 200 6752 "-" "netEstate NE Crawler (+http://www.website-datenbank.de/)"
81.209.177.95 - - [07/Oct/2013:07:40:00 +0200] "GET /news.php?cs_go=archiv&cs_id=4405&cs_search= HTTP/1.1" 200 8869 "-" "netEstate NE Crawler (+http://www.website-datenbank.de/)"
81.209.177.202 - - [07/Oct/2013:07:40:20 +0200] "GET /news.php?cs_go=archiv&cs_id=4398&cs_search= HTTP/1.1" 200 7981 "-" "netEstate NE Crawler (+http://www.website-datenbank.de/)"
81.209.177.95 - - [07/Oct/2013:07:40:37 +0200] "GET /lexikon.php?cs_go=3&cs_id=51 HTTP/1.1" 200 7095 "-" "netEstate NE Crawler (+http://www.website-datenbank.de/)"
81.209.177.95 - - [07/Oct/2013:07:40:55 +0200] "GET /lexikon.php?cs_go=3&cs_id=153 HTTP/1.1" 200 6350 "-" "netEstate NE Crawler (+http://www.website-datenbank.de/)"
81.209.177.202 - - [07/Oct/2013:07:41:14 +0200] "GET /lexikon.php?cs_go=3&cs_id=155 HTTP/1.1" 200 5598 "-" "netEstate NE Crawler (+http://www.website-datenbank.de/)"
81.209.177.140 - - [07/Oct/2013:07:41:39 +0200] "GET /news.php?cs_go=archiv&cs_id=4486&cs_search= HTTP/1.1" 200 11619 "-" "netEstate NE Crawler (+http://www.website-datenbank.de/)"
81.209.177.202 - - [07/Oct/2013:07:41:55 +0200] "GET /lexikon.php?cs_go=3&cs_id=71 HTTP/1.1" 200 6722 "-" "netEstate NE Crawler (+http://www.website-datenbank.de/)"
81.209.177.202 - - [07/Oct/2013:07:42:12 +0200] "GET /lexikon.php?cs_go=3&cs_id=161 HTTP/1.1" 200 5641 "-" "netEstate NE Crawler (+http://www.website-datenbank.de/)"
81.209.177.202 - - [07/Oct/2013:07:42:26 +0200] "GET /lexikon.php?cs_go=2&cs_char=m HTTP/1.1" 200 6674 "-" "netEstate NE Crawler (+http://www.website-datenbank.de/)"
81.209.177.140 - - [07/Oct/2013:07:42:46 +0200] "GET /lexikon.php?cs_go=3&cs_id=30 HTTP/1.1" 200 5598 "-" "netEstate NE Crawler (+http://www.website-datenbank.de/)"
81.209.177.140 - - [07/Oct/2013:07:43:08 +0200] "GET /news.php?cs_go=archiv&cs_id=4512&cs_search= HTTP/1.1" 200 11690 "-" "netEstate NE Crawler (+http://www.website-datenbank.de/)"
81.209.177.202 - - [07/Oct/2013:07:43:36 +0200] "GET /news.php?cs_go=archiv&cs_id=4546&cs_search= HTTP/1.1" 200 8214 "-" "netEstate NE Crawler (+http://www.website-datenbank.de/)"
81.209.177.95 - - [07/Oct/2013:07:43:56 +0200] "GET /lexikon.php?cs_go=3&cs_id=209 HTTP/1.1" 200 5897 "-" "netEstate NE Crawler (+http://www.website-datenbank.de/)"
81.209.177.95 - - [07/Oct/2013:07:44:18 +0200] "GET /kwk.php?cs_go=2 HTTP/1.1" 200 9455 "-" "netEstate NE Crawler (+http://www.website-datenbank.de/)"
81.209.177.140 - - [07/Oct/2013:07:44:45 +0200] "GET /lexikon.php?cs_go=3&cs_id=21 HTTP/1.1" 200 6706 "-" "netEstate NE Crawler (+http://www.website-datenbank.de/)"
81.209.177.202 - - [07/Oct/2013:07:45:06 +0200] "GET /lexikon.php?cs_go=3&cs_id=70 HTTP/1.1" 200 5962 "-" "netEstate NE Crawler (+http://www.website-datenbank.de/)"
81.209.177.95 - - [07/Oct/2013:07:45:26 +0200] "GET /lexikon.php?cs_go=3&cs_id=127 HTTP/1.1" 200 7679 "-" "netEstate NE Crawler (+http://www.website-datenbank.de/)"
81.209.177.202 - - [07/Oct/2013:07:45:41 +0200] "GET /news.php?cs_go=archiv&cs_id=4370&cs_search= HTTP/1.1" 200 7512 "-" "netEstate NE Crawler (+http://www.website-datenbank.de/)"
123.125.71.25 - - [07/Oct/2013:07:46:00 +0200] "GET / HTTP/1.1" 200 6591 "-" "Mozilla/5.0 (compatible; Baiduspider/2.0; +http://www.baidu.com/search/spider.html)"
81.209.177.140 - - [07/Oct/2013:07:46:01 +0200] "GET /lexikon.php?cs_go=3&cs_id=26 HTTP/1.1" 200 8409 "-" "netEstate NE Crawler (+http://www.website-datenbank.de/)"
81.209.177.202 - - [07/Oct/2013:07:46:27 +0200] "GET /lexikon.php?cs_go=3&cs_id=87 HTTP/1.1" 200 5942 "-" "netEstate NE Crawler (+http://www.website-datenbank.de/)"
81.209.177.202 - - [07/Oct/2013:07:46:45 +0200] "GET /news.php?cs_go=archiv&cs_id=4603&cs_search= HTTP/1.1" 200 10007 "-" "netEstate NE Crawler (+http://www.website-datenbank.de/)"
81.209.177.95 - - [07/Oct/2013:07:47:06 +0200] "GET /lexikon.php?cs_go=3&cs_id=227 HTTP/1.1" 200 6278 "-" "netEstate NE Crawler (+http://www.website-datenbank.de/)"
81.209.177.202 - - [07/Oct/2013:07:47:25 +0200] "GET /lexikon.php?cs_go=3&cs_id=59 HTTP/1.1" 200 6310 "-" "netEstate NE Crawler (+http://www.website-datenbank.de/)"
81.209.177.202 - - [07/Oct/2013:07:47:44 +0200] "GET /news.php?cs_go=archiv&cs_id=4497&cs_search= HTTP/1.1" 200 9440 "-" "netEstate NE Crawler (+http://www.website-datenbank.de/)"
81.209.177.202 - - [07/Oct/2013:07:48:04 +0200] "GET /lexikon.php?cs_go=3&cs_id=203 HTTP/1.1" 200 6411 "-" "netEstate NE Crawler (+http://www.website-datenbank.de/)"
220.181.108.91 - - [07/Oct/2013:07:48:08 +0200] "GET / HTTP/1.1" 200 6591 "-" "Mozilla/5.0 (compatible; Baiduspider/2.0; +http://www.baidu.com/search/spider.html)"
81.209.177.95 - - [07/Oct/2013:07:48:22 +0200] "GET /robots.txt HTTP/1.1" 200 177 "-" "netEstate NE Crawler (+http://www.website-datenbank.de/)"
81.209.177.202 - - [07/Oct/2013:07:48:29 +0200] "GET /lexikon.php?cs_go=3&cs_id=27 HTTP/1.1" 200 6117 "-" "netEstate NE Crawler (+http://www.website-datenbank.de/)"
81.209.177.202 - - [07/Oct/2013:07:48:45 +0200] "GET /lexikon.php?cs_go=2&cs_char=r HTTP/1.1" 200 7333 "-" "netEstate NE Crawler (+http://www.website-datenbank.de/)"
81.209.177.202 - - [07/Oct/2013:07:48:59 +0200] "GET /lexikon.php?cs_go=3&cs_id=225 HTTP/1.1" 200 5817 "-" "netEstate NE Crawler (+http://www.website-datenbank.de/)"
81.209.177.140 - - [07/Oct/2013:07:49:18 +0200] "GET /lexikon.php?cs_go=3&cs_id=180 HTTP/1.1" 200 6678 "-" "netEstate NE Crawler (+http://www.website-datenbank.de/)"
81.209.177.95 - - [07/Oct/2013:07:49:42 +0200] "GET /lexikon.php?cs_go=3&cs_id=170 HTTP/1.1" 200 7025 "-" "netEstate NE Crawler (+http://www.website-datenbank.de/)"
81.209.177.202 - - [07/Oct/2013:07:50:01 +0200] "GET /lexikon.php?cs_go=3&cs_id=176 HTTP/1.1" 200 5888 "-" "netEstate NE Crawler (+http://www.website-datenbank.de/)"
81.209.177.202 - - [07/Oct/2013:07:50:20 +0200] "GET /news.php?cs_go=archiv&cs_id=4434&cs_search= HTTP/1.1" 200 10214 "-" "netEstate NE Crawler (+http://www.website-datenbank.de/)"
81.209.177.202 - - [07/Oct/2013:07:50:35 +0200] "GET /news.php?cs_go=archiv&cs_id=4479&cs_search= HTTP/1.1" 200 8367 "-" "netEstate NE Crawler (+http://www.website-datenbank.de/)"
81.209.177.202 - - [07/Oct/2013:07:50:52 +0200] "GET /news.php?cs_go=archiv&cs_id=4521&cs_search= HTTP/1.1" 200 7782 "-" "netEstate NE Crawler (+http://www.website-datenbank.de/)"
81.209.177.202 - - [07/Oct/2013:07:51:08 +0200] "GET /lexikon.php?cs_go=3&cs_id=182 HTTP/1.1" 200 6011 "-" "netEstate NE Crawler (+http://www.website-datenbank.de/)"
81.209.177.202 - - [07/Oct/2013:07:51:28 +0200] "GET /lexikon.php?cs_go=3&cs_id=118 HTTP/1.1" 200 6105 "-" "netEstate NE Crawler (+http://www.website-datenbank.de/)"
81.209.177.202 - - [07/Oct/2013:07:51:46 +0200] "GET /lexikon.php?cs_go=3&cs_id=2 HTTP/1.1" 200 6025 "-" "netEstate NE Crawler (+http://www.website-datenbank.de/)"
81.209.177.202 - - [07/Oct/2013:07:52:03 +0200] "GET /lexikon.php?cs_go=3&cs_id=124 HTTP/1.1" 200 6092 "-" "netEstate NE Crawler (+http://www.website-datenbank.de/)"
81.209.177.95 - - [07/Oct/2013:07:52:21 +0200] "GET /lexikon.php?cs_go=3&cs_id=169 HTTP/1.1" 200 5636 "-" "netEstate NE Crawler (+http://www.website-datenbank.de/)"
81.209.177.202 - - [07/Oct/2013:07:52:36 +0200] "GET /lexikon.php?cs_go=3&cs_id=129 HTTP/1.1" 200 6248 "-" "netEstate NE Crawler (+http://www.website-datenbank.de/)"
81.209.177.202 - - [07/Oct/2013:07:52:55 +0200] "GET /lexikon.php?cs_go=3&cs_id=175 HTTP/1.1" 200 5782 "-" "netEstate NE Crawler (+http://www.website-datenbank.de/)"
208.115.113.91 - - [07/Oct/2013:07:53:11 +0200] "GET /news.php?cs_go=archiv&cs_id=4467&cs_search= HTTP/1.1" 200 7963 "-" "Mozilla/5.0 (compatible; Ezooms/1.0; ezooms.bot@gmail.com)"
81.209.177.140 - - [07/Oct/2013:07:53:22 +0200] "GET /lexikon.php?cs_go=3&cs_id=135 HTTP/1.1" 200 6798 "-" "netEstate NE Crawler (+http://www.website-datenbank.de/)"
81.209.177.140 - - [07/Oct/2013:07:53:55 +0200] "GET /news.php?cs_go=archiv&cs_id=4466&cs_search= HTTP/1.1" 200 9965 "-" "netEstate NE Crawler (+http://www.website-datenbank.de/)"
81.209.177.202 - - [07/Oct/2013:07:54:12 +0200] "GET /news.php?cs_go=archiv&cs_id=4477&cs_search= HTTP/1.1" 200 11855 "-" "netEstate NE Crawler (+http://www.website-datenbank.de/)"
81.209.177.202 - - [07/Oct/2013:07:54:27 +0200] "GET /lexikon.php?cs_go=3&cs_id=130 HTTP/1.1" 200 5837 "-" "netEstate NE Crawler (+http://www.website-datenbank.de/)"
81.209.177.202 - - [07/Oct/2013:07:54:45 +0200] "GET /lexikon.php?cs_go=3&cs_id=177 HTTP/1.1" 200 5583 "-" "netEstate NE Crawler (+http://www.website-datenbank.de/)"
81.209.177.140 - - [07/Oct/2013:07:55:10 +0200] "GET /lexikon.php?cs_go=3&cs_id=172 HTTP/1.1" 200 6007 "-" "netEstate NE Crawler (+http://www.website-datenbank.de/)"
81.209.177.202 - - [07/Oct/2013:07:55:25 +0200] "GET /kwk.php?cs_go=4 HTTP/1.1" 200 7855 "-" "netEstate NE Crawler (+http://www.website-datenbank.de/)"
81.209.177.95 - - [07/Oct/2013:07:55:46 +0200] "GET /lexikon.php?cs_go=3&cs_id=82 HTTP/1.1" 200 5990 "-" "netEstate NE Crawler (+http://www.website-datenbank.de/)"
81.209.177.202 - - [07/Oct/2013:07:56:01 +0200] "GET /lexikon.php?cs_go=3&cs_id=207 HTTP/1.1" 200 5604 "-" "netEstate NE Crawler (+http://www.website-datenbank.de/)"
81.209.177.95 - - [07/Oct/2013:07:56:20 +0200] "GET /news.php?cs_go=archiv&cs_id=4419&cs_search= HTTP/1.1" 200 8730 "-" "netEstate NE Crawler (+http://www.website-datenbank.de/)"
81.209.177.95 - - [07/Oct/2013:07:56:41 +0200] "GET /lexikon.php?cs_go=3&cs_id=84 HTTP/1.1" 200 5956 "-" "netEstate NE Crawler (+http://www.website-datenbank.de/)"
81.209.177.95 - - [07/Oct/2013:07:56:59 +0200] "GET /news.php?cs_go=archiv&cs_id=4409&cs_search= HTTP/1.1" 200 7838 "-" "netEstate NE Crawler (+http://www.website-datenbank.de/)"
81.209.177.202 - - [07/Oct/2013:07:57:15 +0200] "GET /lexikon.php?cs_go=3&cs_id=173 HTTP/1.1" 200 6260 "-" "netEstate NE Crawler (+http://www.website-datenbank.de/)"
81.209.177.202 - - [07/Oct/2013:07:57:33 +0200] "GET /lexikon.php?cs_go=3&cs_id=181 HTTP/1.1" 200 5594 "-" "netEstate NE Crawler (+http://www.website-datenbank.de/)"
81.209.177.202 - - [07/Oct/2013:07:57:47 +0200] "GET /lexikon.php?cs_go=3&cs_id=132 HTTP/1.1" 200 5585 "-" "netEstate NE Crawler (+http://www.website-datenbank.de/)"
81.209.177.202 - - [07/Oct/2013:07:58:06 +0200] "GET /lexikon.php?cs_go=3&cs_id=168 HTTP/1.1" 200 6739 "-" "netEstate NE Crawler (+http://www.website-datenbank.de/)"
81.209.177.202 - - [07/Oct/2013:07:58:24 +0200] "GET /robots.txt HTTP/1.1" 200 177 "-" "netEstate NE Crawler (+http://www.website-datenbank.de/)"
81.209.177.202 - - [07/Oct/2013:07:58:30 +0200] "GET /news.php?cs_go=archiv&cs_id=4354&cs_search= HTTP/1.1" 200 7794 "-" "netEstate NE Crawler (+http://www.website-datenbank.de/)"
81.209.177.202 - - [07/Oct/2013:07:58:49 +0200] "GET /lexikon.php?cs_go=3&cs_id=210 HTTP/1.1" 200 7145 "-" "netEstate NE Crawler (+http://www.website-datenbank.de/)"
81.209.177.95 - - [07/Oct/2013:07:59:09 +0200] "GET /news.php?cs_go=archiv&cs_id=4527&cs_search= HTTP/1.1" 200 11934 "-" "netEstate NE Crawler (+http://www.website-datenbank.de/)"
81.209.177.140 - - [07/Oct/2013:07:59:35 +0200] "GET /lexikon.php?cs_go=3&cs_id=174 HTTP/1.1" 200 6314 "-" "netEstate NE Crawler (+http://www.website-datenbank.de/)"
81.209.177.202 - - [07/Oct/2013:07:59:51 +0200] "GET /lexikon.php?cs_go=3&cs_id=126 HTTP/1.1" 200 5963 "-" "netEstate NE Crawler (+http://www.website-datenbank.de/)"
81.209.177.202 - - [07/Oct/2013:08:00:11 +0200] "GET /news.php?cs_go=archiv&cs_id=4513&cs_search= HTTP/1.1" 200 7726 "-" "netEstate NE Crawler (+http://www.website-datenbank.de/)"
81.209.177.95 - - [07/Oct/2013:08:00:30 +0200] "GET /lexikon.php?cs_go=3&cs_id=167 HTTP/1.1" 200 5603 "-" "netEstate NE Crawler (+http://www.website-datenbank.de/)"
81.209.177.95 - - [07/Oct/2013:08:00:48 +0200] "GET /news.php?cs_go=archiv&cs_id=4359&cs_search= HTTP/1.1" 200 12869 "-" "netEstate NE Crawler (+http://www.website-datenbank.de/)"
81.209.177.140 - - [07/Oct/2013:08:01:12 +0200] "GET /news.php?cs_go=archiv&cs_id=4456&cs_search= HTTP/1.1" 200 11777 "-" "netEstate NE Crawler (+http://www.website-datenbank.de/)"
81.209.177.140 - - [07/Oct/2013:08:02:15 +0200] "GET /lexikon.php?cs_go=3&cs_id=133 HTTP/1.1" 200 6333 "-" "netEstate NE Crawler (+http://www.website-datenbank.de/)"
81.209.177.202 - - [07/Oct/2013:08:04:01 +0200] "GET /lexikon.php?cs_go=3&cs_id=150 HTTP/1.1" 200 5819 "-" "netEstate NE Crawler (+http://www.website-datenbank.de/)"
81.209.177.202 - - [07/Oct/2013:08:01:40 +0200] "GET /lexikon.php?cs_go=2&cs_char=i HTTP/1.1" 200 6003 "-" "netEstate NE Crawler (+http://www.website-datenbank.de/)"
81.209.177.95 - - [07/Oct/2013:08:03:30 +0200] "GET /news.php?cs_go=archiv&cs_id=4553&cs_search= HTTP/1.1" 200 9704 "-" "netEstate NE Crawler (+http://www.website-datenbank.de/)"
81.209.177.95 - - [07/Oct/2013:08:02:55 +0200] "GET /news.php?cs_go=archiv&cs_id=4445&cs_search= HTTP/1.1" 200 11471 "-" "netEstate NE Crawler (+http://www.website-datenbank.de/)"
81.209.177.202 - - [07/Oct/2013:08:04:30 +0200] "GET /news.php?cs_go=archiv&cs_id=4381&cs_search= HTTP/1.1" 200 10816 "-" "netEstate NE Crawler (+http://www.website-datenbank.de/)"
81.209.177.202 - - [07/Oct/2013:08:04:49 +0200] "GET /news.php?cs_go=archiv&cs_id=4496&cs_search= HTTP/1.1" 200 10913 "-" "netEstate NE Crawler (+http://www.website-datenbank.de/)"
81.209.177.95 - - [07/Oct/2013:08:05:10 +0200] "GET /lexikon.php?cs_go=3&cs_id=17 HTTP/1.1" 200 6062 "-" "netEstate NE Crawler (+http://www.website-datenbank.de/)"
81.209.177.202 - - [07/Oct/2013:08:05:26 +0200] "GET /lexikon.php?cs_go=3&cs_id=62 HTTP/1.1" 200 6169 "-" "netEstate NE Crawler (+http://www.website-datenbank.de/)"
81.209.177.202 - - [07/Oct/2013:08:05:41 +0200] "GET /lexikon.php?cs_go=3&cs_id=205 HTTP/1.1" 200 5900 "-" "netEstate NE Crawler (+http://www.website-datenbank.de/)"
81.209.177.202 - - [07/Oct/2013:08:05:56 +0200] "GET /lexikon.php?cs_go=3&cs_id=44 HTTP/1.1" 200 5604 "-" "netEstate NE Crawler (+http://www.website-datenbank.de/)"
81.209.177.202 - - [07/Oct/2013:08:06:15 +0200] "GET /news.php?cs_go=archiv&cs_id=4402&cs_search= HTTP/1.1" 200 8663 "-" "netEstate NE Crawler (+http://www.website-datenbank.de/)"
81.209.177.95 - - [07/Oct/2013:08:06:31 +0200] "GET /lexikon.php?cs_go=3&cs_id=179 HTTP/1.1" 200 9184 "-" "netEstate NE Crawler (+http://www.website-datenbank.de/)"
81.209.177.95 - - [07/Oct/2013:08:06:54 +0200] "GET /lexikon.php?cs_go=3&cs_id=86 HTTP/1.1" 200 5854 "-" "netEstate NE Crawler (+http://www.website-datenbank.de/)"
81.209.177.202 - - [07/Oct/2013:08:07:11 +0200] "GET /news.php?cs_go=archiv&cs_id=4439&cs_search= HTTP/1.1" 200 7981 "-" "netEstate NE Crawler (+http://www.website-datenbank.de/)"
81.209.177.95 - - [07/Oct/2013:08:07:28 +0200] "GET /lexikon.php?cs_go=3&cs_id=36 HTTP/1.1" 200 6321 "-" "netEstate NE Crawler (+http://www.website-datenbank.de/)"
81.209.177.202 - - [07/Oct/2013:08:07:46 +0200] "GET /news.php?cs_go=archiv&cs_id=4493&cs_search= HTTP/1.1" 200 9509 "-" "netEstate NE Crawler (+http://www.website-datenbank.de/)"
81.209.177.202 - - [07/Oct/2013:08:08:06 +0200] "GET /news.php?cs_go=archiv&cs_id=4355&cs_search= HTTP/1.1" 200 11524 "-" "netEstate NE Crawler (+http://www.website-datenbank.de/)"
81.209.177.202 - - [07/Oct/2013:08:08:26 +0200] "GET /robots.txt HTTP/1.1" 200 177 "-" "netEstate NE Crawler (+http://www.website-datenbank.de/)"
81.209.177.202 - - [07/Oct/2013:08:08:32 +0200] "GET /lexikon.php?cs_go=3&cs_id=178 HTTP/1.1" 200 6074 "-" "netEstate NE Crawler (+http://www.website-datenbank.de/)"
81.209.177.95 - - [07/Oct/2013:08:08:50 +0200] "GET /lexikon.php?cs_go=3&cs_id=224 HTTP/1.1" 200 5877 "-" "netEstate NE Crawler (+http://www.website-datenbank.de/)"
81.209.177.202 - - [07/Oct/2013:08:09:05 +0200] "GET /lexikon.php?cs_go=3&cs_id=131 HTTP/1.1" 200 5977 "-" "netEstate NE Crawler (+http://www.website-datenbank.de/)"
81.209.177.95 - - [07/Oct/2013:08:09:24 +0200] "GET /lexikon.php?cs_go=3&cs_id=125 HTTP/1.1" 200 6580 "-" "netEstate NE Crawler (+http://www.website-datenbank.de/)"
81.209.177.95 - - [07/Oct/2013:08:09:46 +0200] "GET /lexikon.php?cs_go=3&cs_id=171 HTTP/1.1" 200 5607 "-" "netEstate NE Crawler (+http://www.website-datenbank.de/)"
65.36.241.79 - - [07/Oct/2013:08:14:13 +0200] "HEAD / HTTP/1.1" 200 - "-" "InternetSeer.com"
141.8.147.12 - - [07/Oct/2013:08:19:43 +0200] "GET /news.php?cs_go=archiv&cs_id=4523&cs_search= HTTP/1.1" 200 9431 "-" "Mozilla/5.0 (compatible; YandexBot/3.0; +http://yandex.com/bots)"
66.249.78.46 - - [07/Oct/2013:08:32:38 +0200] "GET /agb.php HTTP/1.1" 200 17598 "-" "Mozilla/5.0 (compatible; Googlebot/2.1; +http://www.google.com/bot.html)"
141.8.147.12 - - [07/Oct/2013:09:16:49 +0200] "GET /news.php?cs_go=archiv&cs_id=2804&cs_search= HTTP/1.1" 200 11734 "-" "Mozilla/5.0 (compatible; YandexBot/3.0; +http://yandex.com/bots)"
141.8.147.12 - - [07/Oct/2013:09:18:06 +0200] "GET /news.php?cs_go=archiv&cs_id=4416&cs_search= HTTP/1.1" 200 10436 "-" "Mozilla/5.0 (compatible; YandexBot/3.0; +http://yandex.com/bots)"
141.8.147.12 - - [07/Oct/2013:09:25:15 +0200] "GET /news.php?cs_go=archiv&cs_startpos=771 HTTP/1.1" 200 5727 "-" "Mozilla/5.0 (compatible; YandexBot/3.0; +http://yandex.com/bots)"
66.249.78.46 - - [07/Oct/2013:09:25:51 +0200] "GET /news.php?cs_go=archiv&cs_id=2870&cs_search= HTTP/1.1" 200 7933 "-" "Mozilla/5.0 (iPhone; U; CPU iPhone OS 4_1 like Mac OS X; en-us) AppleWebKit/532.9 (KHTML, like Gecko) Version/4.0.5 Mobile/8B117 Safari/6531.22.7 (compatible; Googlebot-Mobile/2.1; +http://www.google.com/bot.html)"
66.249.78.46 - - [07/Oct/2013:09:36:59 +0200] "GET /images/wrapperbg.jpg HTTP/1.1" 200 27465 "-" "Mozilla/5.0 (compatible; Googlebot/2.1; +http://www.google.com/bot.html)"
66.249.78.46 - - [07/Oct/2013:09:37:00 +0200] "GET /images/navibg.png HTTP/1.1" 200 2803 "-" "Mozilla/5.0 (compatible; Googlebot/2.1; +http://www.google.com/bot.html)"
66.249.78.46 - - [07/Oct/2013:09:37:00 +0200] "GET /images/header.jpg HTTP/1.1" 200 25189 "-" "Mozilla/5.0 (compatible; Googlebot/2.1; +http://www.google.com/bot.html)"
66.249.78.46 - - [07/Oct/2013:09:37:00 +0200] "GET /images/wunschpreis.jpg HTTP/1.1" 200 16767 "-" "Mozilla/5.0 (compatible; Googlebot/2.1; +http://www.google.com/bot.html)"
66.249.78.46 - - [07/Oct/2013:09:37:01 +0200] "GET /images/bg.jpg HTTP/1.1" 200 345 "-" "Mozilla/5.0 (compatible; Googlebot/2.1; +http://www.google.com/bot.html)"
66.249.78.46 - - [07/Oct/2013:09:37:01 +0200] "GET /images/logos.jpg HTTP/1.1" 200 35043 "-" "Mozilla/5.0 (compatible; Googlebot/2.1; +http://www.google.com/bot.html)"
66.249.78.46 - - [07/Oct/2013:09:37:02 +0200] "GET /images/kwk.gif HTTP/1.1" 200 6403 "-" "Mozilla/5.0 (compatible; Googlebot/2.1; +http://www.google.com/bot.html)"
66.249.78.46 - - [07/Oct/2013:09:37:02 +0200] "GET /images/footerbg.jpg HTTP/1.1" 200 2184 "-" "Mozilla/5.0 (compatible; Googlebot/2.1; +http://www.google.com/bot.html)"
208.90.57.196 - - [07/Oct/2013:10:20:26 +0200] "GET / HTTP/1.1" 200 12400 "-" "Mozilla/5.0 (Macintosh; Intel Mac OS X 10.6; rv:2.0.1) Gecko/20100101 Firefox/4.0.1"
141.8.147.12 - - [07/Oct/2013:10:37:24 +0200] "GET /news.php?cs_go=archiv&cs_id=4534&cs_search= HTTP/1.1" 200 7588 "-" "Mozilla/5.0 (compatible; YandexBot/3.0; +http://yandex.com/bots)"
157.55.32.106 - - [07/Oct/2013:10:39:01 +0200] "GET /robots.txt HTTP/1.1" 200 177 "-" "Mozilla/5.0 (compatible; bingbot/2.0; +http://www.bing.com/bingbot.htm)"
157.55.32.106 - - [07/Oct/2013:10:39:31 +0200] "GET / HTTP/1.1" 200 12400 "-" "Mozilla/5.0 (compatible; bingbot/2.0; +http://www.bing.com/bingbot.htm)"
66.249.78.46 - - [07/Oct/2013:10:44:19 +0200] "GET /news.php?cs_go=archiv&cs_id=4602 HTTP/1.1" 200 8005 "-" "Mozilla/5.0 (iPhone; U; CPU iPhone OS 4_1 like Mac OS X; en-us) AppleWebKit/532.9 (KHTML, like Gecko) Version/4.0.5 Mobile/8B117 Safari/6531.22.7 (compatible; Googlebot-Mobile/2.1; +http://www.google.com/bot.html)"
66.249.78.46 - - [07/Oct/2013:11:13:41 +0200] "GET /news.php?cs_go=archiv&cs_id=4388 HTTP/1.1" 200 11452 "-" "Mozilla/5.0 (iPhone; U; CPU iPhone OS 4_1 like Mac OS X; en-us) AppleWebKit/532.9 (KHTML, like Gecko) Version/4.0.5 Mobile/8B117 Safari/6531.22.7 (compatible; Googlebot-Mobile/2.1; +http://www.google.com/bot.html)"
157.56.229.138 - - [07/Oct/2013:11:28:23 +0200] "GET /news.php?cs_go=archiv&cs_id=4523 HTTP/1.1" 200 9431 "-" "Mozilla/5.0 (compatible; bingbot/2.0; +http://www.bing.com/bingbot.htm)"
141.8.147.12 - - [07/Oct/2013:11:44:49 +0200] "GET /news.php?cs_go=archiv&cs_id=4509&cs_search= HTTP/1.1" 200 7897 "-" "Mozilla/5.0 (compatible; YandexBot/3.0; +http://yandex.com/bots)"
208.115.111.75 - - [07/Oct/2013:11:51:36 +0200] "GET /robots.txt HTTP/1.1" 200 177 "-" "Mozilla/5.0 (compatible; Ezooms/1.0; ezooms.bot@gmail.com)"
66.249.78.46 - - [07/Oct/2013:11:53:29 +0200] "GET /images/logos.jpg?cache1850 HTTP/1.1" 200 35043 "-" "Googlebot-Image/1.0"
66.249.78.46 - - [07/Oct/2013:11:54:19 +0200] "GET /images/logos.jpg?cache4439 HTTP/1.1" 200 35043 "-" "Googlebot-Image/1.0"
66.249.78.46 - - [07/Oct/2013:11:55:14 +0200] "GET /images/logos.jpg?cache2407 HTTP/1.1" 200 35043 "-" "Googlebot-Image/1.0"
66.249.78.46 - - [07/Oct/2013:11:56:58 +0200] "GET /images/logos.jpg?cache5484 HTTP/1.1" 200 35043 "-" "Googlebot-Image/1.0"
141.8.147.12 - - [07/Oct/2013:12:11:15 +0200] "GET /news.php?cs_go=archiv&cs_id=4530&cs_search= HTTP/1.1" 200 13747 "-" "Mozilla/5.0 (compatible; YandexBot/3.0; +http://yandex.com/bots)"
144.76.95.39 - - [07/Oct/2013:12:21:15 +0200] "GET /robots.txt HTTP/1.0" 200 177 "-" "Mozilla/5.0 (compatible; MJ12bot/v1.4.4; http://www.majestic12.co.uk/bot.php?+)"
144.76.95.39 - - [07/Oct/2013:12:21:19 +0200] "GET /news.php?cs_go=archiv&cs_id=3948&cs_search= HTTP/1.0" 200 8575 "-" "Mozilla/5.0 (compatible; MJ12bot/v1.4.4; http://www.majestic12.co.uk/bot.php?+)"
144.76.95.39 - - [07/Oct/2013:12:21:27 +0200] "GET /news.php?cs_go=archiv&cs_id=4191 HTTP/1.0" 200 9633 "-" "Mozilla/5.0 (compatible; MJ12bot/v1.4.4; http://www.majestic12.co.uk/bot.php?+)"
144.76.95.39 - - [07/Oct/2013:12:22:14 +0200] "GET /news.php?cs_go=archiv&cs_id=4192 HTTP/1.0" 200 7698 "-" "Mozilla/5.0 (compatible; MJ12bot/v1.4.4; http://www.majestic12.co.uk/bot.php?+)"
144.76.95.39 - - [07/Oct/2013:12:22:18 +0200] "GET /news.php?cs_go=archiv&cs_id=4194 HTTP/1.0" 200 11821 "-" "Mozilla/5.0 (compatible; MJ12bot/v1.4.4; http://www.majestic12.co.uk/bot.php?+)"
141.8.147.12 - - [07/Oct/2013:12:28:38 +0200] "GET /news.php?cs_go=archiv&cs_id=4444&cs_search= HTTP/1.1" 200 9961 "-" "Mozilla/5.0 (compatible; YandexBot/3.0; +http://yandex.com/bots)"
141.8.147.12 - - [07/Oct/2013:12:28:41 +0200] "GET /news.php?cs_go=archiv&cs_id=4459&cs_search= HTTP/1.1" 200 7566 "-" "Mozilla/5.0 (compatible; YandexBot/3.0; +http://yandex.com/bots)"
66.249.78.46 - - [07/Oct/2013:12:41:46 +0200] "GET /images/logos.jpg?cache3706 HTTP/1.1" 200 35043 "-" "Googlebot-Image/1.0"
77.75.77.32 - - [07/Oct/2013:12:57:02 +0200] "GET /robots.txt HTTP/1.1" 200 177 "-" "SeznamBot/3.0 (+http://fulltext.sblog.cz/)"
77.75.77.32 - - [07/Oct/2013:12:57:03 +0200] "GET /preisanfrage.php HTTP/1.1" 200 8557 "-" "SeznamBot/3.0 (+http://fulltext.sblog.cz/)"
66.249.78.46 - - [07/Oct/2013:13:20:10 +0200] "GET /robots.txt HTTP/1.1" 200 177 "-" "Mozilla/5.0 (compatible; Googlebot/2.1; +http://www.google.com/bot.html)"
66.249.78.46 - - [07/Oct/2013:13:20:10 +0200] "GET /news.php?cs_go=archiv&cs_id=4121&cs_search= HTTP/1.1" 200 11326 "-" "Mozilla/5.0 (iPhone; U; CPU iPhone OS 4_1 like Mac OS X; en-us) AppleWebKit/532.9 (KHTML, like Gecko) Version/4.0.5 Mobile/8B117 Safari/6531.22.7 (compatible; Googlebot-Mobile/2.1; +http://www.google.com/bot.html)"
66.249.78.46 - - [07/Oct/2013:13:27:17 +0200] "GET /style.css HTTP/1.1" 200 8402 "http://www.mink-gmbh.de/news.php?cs_go=archiv&cs_id=4121&cs_search=" "Mozilla/5.0 (compatible; Googlebot/2.1; +http://www.google.com/bot.html)"
66.249.78.46 - - [07/Oct/2013:13:31:19 +0200] "GET /images/logos.jpg?cache6691 HTTP/1.1" 200 35043 "-" "Googlebot-Image/1.0"
208.115.111.75 - - [07/Oct/2013:13:44:57 +0200] "GET /news.php?cs_go=archiv&cs_id=4549&cs_search= HTTP/1.1" 200 7636 "-" "Mozilla/5.0 (compatible; Ezooms/1.0; ezooms.bot@gmail.com)"
65.55.215.34 - - [07/Oct/2013:13:50:10 +0200] "GET /robots.txt HTTP/1.1" 200 177 "-" "msnbot-media/1.1 (+http://search.msn.com/msnbot.htm)"
65.55.215.34 - - [07/Oct/2013:13:50:10 +0200] "GET /images/team-energie.png HTTP/1.1" 200 17383 "-" "msnbot-media/1.1 (+http://search.msn.com/msnbot.htm)"
66.249.78.46 - - [07/Oct/2013:14:08:12 +0200] "GET /news.php HTTP/1.1" 200 20101 "-" "SAMSUNG-SGH-E250/1.0 Profile/MIDP-2.0 Configuration/CLDC-1.1 UP.Browser/6.2.3.3.c.1.101 (GUI) MMP/2.0 (compatible; Googlebot-Mobile/2.1; +http://www.google.com/bot.html)"
66.249.78.46 - - [07/Oct/2013:14:20:53 +0200] "GET /images/logos.jpg?cache8641 HTTP/1.1" 200 35043 "-" "Googlebot-Image/1.0"
65.36.241.79 - - [07/Oct/2013:15:08:27 +0200] "HEAD / HTTP/1.1" 200 - "-" "InternetSeer.com"
79.197.67.89 - - [07/Oct/2013:15:12:49 +0200] "GET / HTTP/1.1" 200 12485 "-" "Mozilla/5.0 (Windows NT 6.1; rv:24.0) Gecko/20100101 Firefox/24.0"
79.197.67.89 - - [07/Oct/2013:15:12:50 +0200] "GET /images/logos.jpg?cache8051 HTTP/1.1" 200 35043 "http://www.mink-gmbh.de/" "Mozilla/5.0 (Windows NT 6.1; rv:24.0) Gecko/20100101 Firefox/24.0"
79.197.67.89 - - [07/Oct/2013:15:12:50 +0200] "GET /js_contentserver24_greybox/loader_frame.html?s=0 HTTP/1.1" 304 - "http://www.mink-gmbh.de/" "Mozilla/5.0 (Windows NT 6.1; rv:24.0) Gecko/20100101 Firefox/24.0"
66.249.78.46 - - [07/Oct/2013:15:43:01 +0200] "GET /optiplus.php HTTP/1.1" 200 8676 "-" "Mozilla/5.0 (iPhone; U; CPU iPhone OS 4_1 like Mac OS X; en-us) AppleWebKit/532.9 (KHTML, like Gecko) Version/4.0.5 Mobile/8B117 Safari/6531.22.7 (compatible; Googlebot-Mobile/2.1; +http://www.google.com/bot.html)"
141.8.147.12 - - [07/Oct/2013:15:44:30 +0200] "GET /robots.txt HTTP/1.1" 200 177 "-" "Mozilla/5.0 (compatible; YandexBot/3.0; +http://yandex.com/bots)"
220.181.108.95 - - [07/Oct/2013:15:44:42 +0200] "GET / HTTP/1.1" 200 6591 "-" "Mozilla/5.0 (compatible; Baiduspider/2.0; +http://www.baidu.com/search/spider.html)"
208.115.111.75 - - [07/Oct/2013:15:45:41 +0200] "GET /robots.txt HTTP/1.1" 200 177 "-" "Mozilla/5.0 (compatible; Ezooms/1.0; ezooms.bot@gmail.com)"
123.125.71.50 - - [07/Oct/2013:15:49:48 +0200] "GET / HTTP/1.1" 200 6591 "-" "Mozilla/5.0 (compatible; Baiduspider/2.0; +http://www.baidu.com/search/spider.html)"
141.8.147.12 - - [07/Oct/2013:16:04:24 +0200] "GET /lexikon.php?cs_go=3&cs_id=181 HTTP/1.1" 200 5594 "-" "Mozilla/5.0 (compatible; YandexBot/3.0; +http://yandex.com/bots)"
141.8.147.12 - - [07/Oct/2013:16:01:51 +0200] "GET /lexikon.php?cs_go=3&cs_id=181 HTTP/1.1" 200 3717 "-" "Mozilla/5.0 (compatible; YandexBot/3.0; +http://yandex.com/bots)"
220.181.108.95 - - [07/Oct/2013:16:45:33 +0200] "GET / HTTP/1.1" 200 6591 "-" "Mozilla/5.0 (compatible; Baiduspider/2.0; +http://www.baidu.com/search/spider.html)"
123.125.71.25 - - [07/Oct/2013:16:46:51 +0200] "GET / HTTP/1.1" 200 6591 "-" "Mozilla/5.0 (compatible; Baiduspider/2.0; +http://www.baidu.com/search/spider.html)"
141.8.147.12 - - [07/Oct/2013:16:55:14 +0200] "GET /lexikon.php?cs_go=3&cs_id=135 HTTP/1.1" 200 6798 "-" "Mozilla/5.0 (compatible; YandexBot/3.0; +http://yandex.com/bots)"
199.30.20.40 - - [07/Oct/2013:17:07:11 +0200] "GET /robots.txt HTTP/1.1" 200 177 "-" "msnbot-media/1.1 (+http://search.msn.com/msnbot.htm)"
199.30.20.40 - - [07/Oct/2013:17:07:11 +0200] "GET /images/logos.jpg?cache6859 HTTP/1.1" 200 35043 "-" "msnbot-media/1.1 (+http://search.msn.com/msnbot.htm)"
79.116.25.138 - - [07/Oct/2013:17:11:43 +0200] "GET / HTTP/1.1" 200 12485 "-" "Java/1.6.0_04"
79.116.25.138 - - [07/Oct/2013:17:11:46 +0200] "GET /agb.php HTTP/1.1" 200 17598 "-" "Java/1.6.0_04"
79.116.25.138 - - [07/Oct/2013:17:11:46 +0200] "GET /impressum.php HTTP/1.1" 200 6360 "-" "Java/1.6.0_04"
79.116.25.138 - - [07/Oct/2013:17:11:46 +0200] "GET /index.php HTTP/1.1" 200 12485 "-" "Java/1.6.0_04"
79.116.25.138 - - [07/Oct/2013:17:11:47 +0200] "GET /jobs.php HTTP/1.1" 200 5020 "-" "Java/1.6.0_04"
79.116.25.138 - - [07/Oct/2013:17:11:47 +0200] "GET /kontakt.php HTTP/1.1" 200 7021 "-" "Java/1.6.0_04"
79.116.25.138 - - [07/Oct/2013:17:11:48 +0200] "GET /kwk.php HTTP/1.1" 200 8484 "-" "Java/1.6.0_04"
79.116.25.138 - - [07/Oct/2013:17:11:48 +0200] "GET /news.php HTTP/1.1" 200 20101 "-" "Java/1.6.0_04"
79.116.25.138 - - [07/Oct/2013:17:11:48 +0200] "GET /newsletter.php HTTP/1.1" 200 6529 "-" "Java/1.6.0_04"
79.116.25.138 - - [07/Oct/2013:17:11:49 +0200] "GET /preisanfrage.php HTTP/1.1" 200 8557 "-" "Java/1.6.0_04"
79.116.25.138 - - [07/Oct/2013:17:11:49 +0200] "GET /rueckrufservice.php HTTP/1.1" 200 8337 "-" "Java/1.6.0_04"
79.116.25.138 - - [07/Oct/2013:17:11:49 +0200] "GET /schwefelarmstandard.php HTTP/1.1" 200 10767 "-" "Java/1.6.0_04"
79.116.25.138 - - [07/Oct/2013:17:11:50 +0200] "GET /standard.php HTTP/1.1" 200 6807 "-" "Java/1.6.0_04"
79.116.25.138 - - [07/Oct/2013:17:11:50 +0200] "GET /wunschpreis.php HTTP/1.1" 200 10292 "-" "Java/1.6.0_04"
79.116.25.138 - - [07/Oct/2013:17:11:51 +0200] "GET /edl.php HTTP/1.1" 200 8633 "-" "Java/1.6.0_04"
79.116.25.138 - - [07/Oct/2013:17:11:51 +0200] "GET /energiesparcheck.php HTTP/1.1" 200 11181 "-" "Java/1.6.0_04"
79.116.25.138 - - [07/Oct/2013:17:11:51 +0200] "GET /faq.php HTTP/1.1" 200 216868 "-" "Java/1.6.0_04"
79.116.25.138 - - [07/Oct/2013:17:11:52 +0200] "GET /foerdermittel.php HTTP/1.1" 200 10510 "-" "Java/1.6.0_04"
79.116.25.138 - - [07/Oct/2013:17:11:53 +0200] "GET /lexikon.php HTTP/1.1" 200 8152 "-" "Java/1.6.0_04"
79.116.25.138 - - [07/Oct/2013:17:11:53 +0200] "GET /modernisierung.php HTTP/1.1" 200 9289 "-" "Java/1.6.0_04"
79.116.25.138 - - [07/Oct/2013:17:11:56 +0200] "GET /additive.php HTTP/1.1" 200 5974 "-" "Java/1.6.0_04"
79.116.25.138 - - [07/Oct/2013:17:11:56 +0200] "GET /diesel.php HTTP/1.1" 200 8229 "-" "Java/1.6.0_04"
79.116.25.138 - - [07/Oct/2013:17:11:57 +0200] "GET /.php HTTP/1.1" 404 - "-" "Java/1.6.0_04"
79.116.25.138 - - [07/Oct/2013:17:11:57 +0200] "GET /images/team-energie.png HTTP/1.1" 200 17383 "-" "Java/1.6.0_04"
79.116.25.138 - - [07/Oct/2013:17:11:57 +0200] "GET /js_contentserver24_greybox/AJS.js HTTP/1.1" 200 10396 "-" "Java/1.6.0_04"
79.116.25.138 - - [07/Oct/2013:17:11:57 +0200] "GET /js_contentserver24_greybox/AJS_fx.js HTTP/1.1" 200 3192 "-" "Java/1.6.0_04"
79.116.25.138 - - [07/Oct/2013:17:11:57 +0200] "GET /js_contentserver24_greybox/gb_scripts.js HTTP/1.1" 200 11913 "-" "Java/1.6.0_04"
141.8.147.12 - - [07/Oct/2013:17:16:50 +0200] "GET /lexikon.php?cs_go=3&cs_id=136 HTTP/1.1" 200 5589 "-" "Mozilla/5.0 (compatible; YandexBot/3.0; +http://yandex.com/bots)"
208.115.111.75 - - [07/Oct/2013:17:39:57 +0200] "GET /news.php?cs_go=archiv&cs_id=4546&cs_search= HTTP/1.1" 200 8214 "-" "Mozilla/5.0 (compatible; Ezooms/1.0; ezooms.bot@gmail.com)"
123.151.148.163 - - [07/Oct/2013:18:02:51 +0200] "GET /robots.txt HTTP/1.1" 200 177 "http://www.mink-gmbh.de/" "Mozilla/5.0 (compatible; MSIE 8.0; Windows NT 6.1)"
141.8.147.12 - - [07/Oct/2013:18:33:27 +0200] "GET /news.php?cs_go=archiv&cs_startpos=751 HTTP/1.1" 200 5727 "-" "Mozilla/5.0 (compatible; YandexBot/3.0; +http://yandex.com/bots)"
141.8.147.12 - - [07/Oct/2013:18:42:13 +0200] "GET /news.php?cs_go=archiv&cs_startpos=211 HTTP/1.1" 200 20561 "-" "Mozilla/5.0 (compatible; YandexBot/3.0; +http://yandex.com/bots)"
141.8.147.12 - - [07/Oct/2013:18:43:56 +0200] "GET /lexikon.php?cs_go=3&cs_id=131 HTTP/1.1" 200 5977 "-" "Mozilla/5.0 (compatible; YandexBot/3.0; +http://yandex.com/bots)"
141.8.147.12 - - [07/Oct/2013:18:49:07 +0200] "GET / HTTP/1.1" 200 12485 "-" "Mozilla/5.0 (compatible; YandexBot/3.0; +http://yandex.com/bots)"
141.8.147.12 - - [07/Oct/2013:19:12:09 +0200] "GET /index.php HTTP/1.1" 200 12485 "-" "Mozilla/5.0 (compatible; YandexBot/3.0; +http://yandex.com/bots)"
141.8.147.12 - - [07/Oct/2013:19:12:12 +0200] "GET / HTTP/1.1" 200 12485 "-" "Mozilla/5.0 (compatible; YandexBot/3.0; +http://yandex.com/bots)"
141.8.147.12 - - [07/Oct/2013:19:12:14 +0200] "GET /index.php HTTP/1.1" 200 12485 "-" "Mozilla/5.0 (compatible; YandexBot/3.0; +http://yandex.com/bots)"
141.8.147.12 - - [07/Oct/2013:19:12:17 +0200] "GET / HTTP/1.1" 200 12485 "-" "Mozilla/5.0 (compatible; YandexBot/3.0; +http://yandex.com/bots)"
199.30.20.19 - - [07/Oct/2013:19:12:52 +0200] "GET /robots.txt HTTP/1.1" 200 177 "-" "msnbot-media/1.1 (+http://search.msn.com/msnbot.htm)"
199.30.20.19 - - [07/Oct/2013:19:12:52 +0200] "GET /images/logos.jpg?cache4075 HTTP/1.1" 200 35043 "-" "msnbot-media/1.1 (+http://search.msn.com/msnbot.htm)"
66.249.75.49 - - [07/Oct/2013:19:28:26 +0200] "GET /kontakt.php HTTP/1.1" 200 7021 "-" "DoCoMo/2.0 N905i(c100;TB;W24H16) (compatible; Googlebot-Mobile/2.1; +http://www.google.com/bot.html)"
66.249.78.46 - - [07/Oct/2013:19:43:14 +0200] "GET /images/logos.jpg?cache1187 HTTP/1.1" 200 35043 "-" "Googlebot-Image/1.0"
66.249.75.49 - - [07/Oct/2013:19:43:27 +0200] "GET /images/logos.jpg?cache6133 HTTP/1.1" 200 35043 "-" "Googlebot-Image/1.0"
66.249.78.46 - - [07/Oct/2013:19:43:31 +0200] "GET /images/logos.jpg?cache5050 HTTP/1.1" 200 35043 "-" "Googlebot-Image/1.0"
66.249.78.46 - - [07/Oct/2013:19:43:40 +0200] "GET /images/logos.jpg?cache9951 HTTP/1.1" 200 35043 "-" "Googlebot-Image/1.0"
66.249.78.46 - - [07/Oct/2013:19:43:42 +0200] "GET /images/logos.jpg?cache6295 HTTP/1.1" 200 35043 "-" "Googlebot-Image/1.0"
66.249.78.46 - - [07/Oct/2013:19:43:48 +0200] "GET /images/logos.jpg?cache1160 HTTP/1.1" 200 35043 "-" "Googlebot-Image/1.0"
66.249.78.46 - - [07/Oct/2013:19:43:51 +0200] "GET /images/logos.jpg?cache2217 HTTP/1.1" 200 35043 "-" "Googlebot-Image/1.0"
66.249.78.46 - - [07/Oct/2013:19:46:55 +0200] "GET /images/logos.jpg?cache4882 HTTP/1.1" 200 35043 "-" "Googlebot-Image/1.0"
208.115.111.75 - - [07/Oct/2013:19:47:41 +0200] "GET /robots.txt HTTP/1.1" 200 177 "-" "Mozilla/5.0 (compatible; Ezooms/1.0; ezooms.bot@gmail.com)"
66.249.78.46 - - [07/Oct/2013:20:02:33 +0200] "GET /modernisierung.php HTTP/1.1" 200 9289 "-" "Mozilla/5.0 (iPhone; U; CPU iPhone OS 4_1 like Mac OS X; en-us) AppleWebKit/532.9 (KHTML, like Gecko) Version/4.0.5 Mobile/8B117 Safari/6531.22.7 (compatible; Googlebot-Mobile/2.1; +http://www.google.com/bot.html)"
176.9.138.27 - - [07/Oct/2013:20:09:03 +0200] "GET /robots.txt HTTP/1.1" 200 177 "-" "Mozilla/5.0 (compatible; Spiderlytics/1.0; +spider@spiderlytics.com)"
66.249.78.46 - - [07/Oct/2013:20:37:26 +0200] "GET /images/logos.jpg?cache1573 HTTP/1.1" 200 35043 "-" "Googlebot-Image/1.0"
65.36.241.79 - - [07/Oct/2013:20:38:00 +0200] "HEAD / HTTP/1.1" 200 - "-" "InternetSeer.com"
93.220.93.201 - - [07/Oct/2013:21:06:18 +0200] "GET / HTTP/1.1" 200 12485 "http://www.google.de/url?sa=t&rct=j&q=&esrc=s&source=web&cd=1&ved=0CC8QFjAA&url=http%3A%2F%2Fwww.mink-gmbh.de%2F&ei=xAVTUtyVKYfRtAaCpYGgDA&usg=AFQjCNFHX4Iglls9oo-KYXTmDUV_5KOVIg&bvm=bv.53537100,d.Yms" "Mozilla/5.0 (Windows NT 6.0; rv:24.0) Gecko/20100101 Firefox/24.0"
93.220.93.201 - - [07/Oct/2013:21:06:19 +0200] "GET /style.css HTTP/1.1" 200 8402 "http://www.mink-gmbh.de/" "Mozilla/5.0 (Windows NT 6.0; rv:24.0) Gecko/20100101 Firefox/24.0"
93.220.93.201 - - [07/Oct/2013:21:06:19 +0200] "GET /js_contentserver24_greybox/gb_styles.css HTTP/1.1" 200 2302 "http://www.mink-gmbh.de/" "Mozilla/5.0 (Windows NT 6.0; rv:24.0) Gecko/20100101 Firefox/24.0"
93.220.93.201 - - [07/Oct/2013:21:06:19 +0200] "GET /favicon.ico HTTP/1.1" 200 3638 "-" "Mozilla/5.0 (Windows NT 6.0; rv:24.0) Gecko/20100101 Firefox/24.0"
93.220.93.201 - - [07/Oct/2013:21:06:19 +0200] "GET /modul.css HTTP/1.1" 200 35038 "http://www.mink-gmbh.de/" "Mozilla/5.0 (Windows NT 6.0; rv:24.0) Gecko/20100101 Firefox/24.0"
93.220.93.201 - - [07/Oct/2013:21:06:19 +0200] "GET /js_contentserver24_greybox/AJS.js HTTP/1.1" 200 10396 "http://www.mink-gmbh.de/" "Mozilla/5.0 (Windows NT 6.0; rv:24.0) Gecko/20100101 Firefox/24.0"
93.220.93.201 - - [07/Oct/2013:21:06:19 +0200] "GET /js_contentserver24_greybox/AJS_fx.js HTTP/1.1" 200 3192 "http://www.mink-gmbh.de/" "Mozilla/5.0 (Windows NT 6.0; rv:24.0) Gecko/20100101 Firefox/24.0"
93.220.93.201 - - [07/Oct/2013:21:06:19 +0200] "GET /js_contentserver24_greybox/gb_scripts.js HTTP/1.1" 200 11913 "http://www.mink-gmbh.de/" "Mozilla/5.0 (Windows NT 6.0; rv:24.0) Gecko/20100101 Firefox/24.0"
93.220.93.201 - - [07/Oct/2013:21:06:19 +0200] "GET /images/team-energie.png HTTP/1.1" 200 17383 "http://www.mink-gmbh.de/" "Mozilla/5.0 (Windows NT 6.0; rv:24.0) Gecko/20100101 Firefox/24.0"
93.220.93.201 - - [07/Oct/2013:21:06:19 +0200] "GET /images/tkw.jpg HTTP/1.1" 200 64031 "http://www.mink-gmbh.de/" "Mozilla/5.0 (Windows NT 6.0; rv:24.0) Gecko/20100101 Firefox/24.0"
93.220.93.201 - - [07/Oct/2013:21:06:20 +0200] "GET /images/mail.jpg HTTP/1.1" 200 11165 "http://www.mink-gmbh.de/" "Mozilla/5.0 (Windows NT 6.0; rv:24.0) Gecko/20100101 Firefox/24.0"
93.220.93.201 - - [07/Oct/2013:21:06:20 +0200] "GET /images/kwk.gif HTTP/1.1" 200 6403 "http://www.mink-gmbh.de/" "Mozilla/5.0 (Windows NT 6.0; rv:24.0) Gecko/20100101 Firefox/24.0"
93.220.93.201 - - [07/Oct/2013:21:06:19 +0200] "GET /images/freecall.jpg HTTP/1.1" 200 39195 "http://www.mink-gmbh.de/" "Mozilla/5.0 (Windows NT 6.0; rv:24.0) Gecko/20100101 Firefox/24.0"
93.220.93.201 - - [07/Oct/2013:21:06:20 +0200] "GET /images/wunschpreis.jpg HTTP/1.1" 200 16767 "http://www.mink-gmbh.de/" "Mozilla/5.0 (Windows NT 6.0; rv:24.0) Gecko/20100101 Firefox/24.0"
93.220.93.201 - - [07/Oct/2013:21:06:20 +0200] "GET /images/logos.jpg?cache1272 HTTP/1.1" 200 35043 "http://www.mink-gmbh.de/" "Mozilla/5.0 (Windows NT 6.0; rv:24.0) Gecko/20100101 Firefox/24.0"
93.220.93.201 - - [07/Oct/2013:21:06:20 +0200] "GET /images/bg.png HTTP/1.1" 200 922 "http://www.mink-gmbh.de/style.css" "Mozilla/5.0 (Windows NT 6.0; rv:24.0) Gecko/20100101 Firefox/24.0"
93.220.93.201 - - [07/Oct/2013:21:06:20 +0200] "GET /js_contentserver24_greybox/w_close.gif HTTP/1.1" 200 74 "http://www.mink-gmbh.de/" "Mozilla/5.0 (Windows NT 6.0; rv:24.0) Gecko/20100101 Firefox/24.0"
93.220.93.201 - - [07/Oct/2013:21:06:20 +0200] "GET /images/close.png HTTP/1.1" 200 703 "http://www.mink-gmbh.de/" "Mozilla/5.0 (Windows NT 6.0; rv:24.0) Gecko/20100101 Firefox/24.0"
93.220.93.201 - - [07/Oct/2013:21:06:20 +0200] "GET /images/newsletter.png HTTP/1.1" 200 14619 "http://www.mink-gmbh.de/style.css" "Mozilla/5.0 (Windows NT 6.0; rv:24.0) Gecko/20100101 Firefox/24.0"
93.220.93.201 - - [07/Oct/2013:21:06:20 +0200] "GET /images/wrapperbg.jpg HTTP/1.1" 200 27465 "http://www.mink-gmbh.de/style.css" "Mozilla/5.0 (Windows NT 6.0; rv:24.0) Gecko/20100101 Firefox/24.0"
93.220.93.201 - - [07/Oct/2013:21:06:20 +0200] "GET /images/newsletter_bg.jpg HTTP/1.1" 200 33610 "http://www.mink-gmbh.de/" "Mozilla/5.0 (Windows NT 6.0; rv:24.0) Gecko/20100101 Firefox/24.0"
93.220.93.201 - - [07/Oct/2013:21:06:20 +0200] "GET /images/header.jpg HTTP/1.1" 200 25189 "http://www.mink-gmbh.de/style.css" "Mozilla/5.0 (Windows NT 6.0; rv:24.0) Gecko/20100101 Firefox/24.0"
93.220.93.201 - - [07/Oct/2013:21:06:20 +0200] "GET /images/navibg.png HTTP/1.1" 200 2803 "http://www.mink-gmbh.de/style.css" "Mozilla/5.0 (Windows NT 6.0; rv:24.0) Gecko/20100101 Firefox/24.0"
93.220.93.201 - - [07/Oct/2013:21:06:20 +0200] "GET /images/steigend.png HTTP/1.1" 200 688 "http://www.mink-gmbh.de/modul.css" "Mozilla/5.0 (Windows NT 6.0; rv:24.0) Gecko/20100101 Firefox/24.0"
93.220.93.201 - - [07/Oct/2013:21:06:20 +0200] "GET /images/mobil.jpg HTTP/1.1" 200 25293 "http://www.mink-gmbh.de/style.css" "Mozilla/5.0 (Windows NT 6.0; rv:24.0) Gecko/20100101 Firefox/24.0"
93.220.93.201 - - [07/Oct/2013:21:06:20 +0200] "GET /images/newsletter.jpg HTTP/1.1" 200 13130 "http://www.mink-gmbh.de/style.css" "Mozilla/5.0 (Windows NT 6.0; rv:24.0) Gecko/20100101 Firefox/24.0"
93.220.93.201 - - [07/Oct/2013:21:06:20 +0200] "GET /images/footerbg.jpg HTTP/1.1" 200 2184 "http://www.mink-gmbh.de/style.css" "Mozilla/5.0 (Windows NT 6.0; rv:24.0) Gecko/20100101 Firefox/24.0"
93.220.93.201 - - [07/Oct/2013:21:06:20 +0200] "GET /js_contentserver24_greybox/loader_frame.html?s=0 HTTP/1.1" 200 2084 "http://www.mink-gmbh.de/" "Mozilla/5.0 (Windows NT 6.0; rv:24.0) Gecko/20100101 Firefox/24.0"
93.220.93.201 - - [07/Oct/2013:21:06:20 +0200] "GET /js_contentserver24_greybox/header_bg.gif HTTP/1.1" 200 1188 "http://www.mink-gmbh.de/" "Mozilla/5.0 (Windows NT 6.0; rv:24.0) Gecko/20100101 Firefox/24.0"
93.220.93.201 - - [07/Oct/2013:21:06:20 +0200] "GET /js_contentserver24_greybox/indicator.gif HTTP/1.1" 200 8238 "http://www.mink-gmbh.de/js_contentserver24_greybox/loader_frame.html?s=0" "Mozilla/5.0 (Windows NT 6.0; rv:24.0) Gecko/20100101 Firefox/24.0"
93.220.93.201 - - [07/Oct/2013:21:06:21 +0200] "GET /js_contentserver24_greybox/g_close.gif HTTP/1.1" 200 541 "http://www.mink-gmbh.de/" "Mozilla/5.0 (Windows NT 6.0; rv:24.0) Gecko/20100101 Firefox/24.0"
93.220.93.201 - - [07/Oct/2013:21:09:05 +0200] "GET /preisanfrage.php HTTP/1.1" 200 8557 "http://www.mink-gmbh.de/" "Mozilla/5.0 (Windows NT 6.0; rv:24.0) Gecko/20100101 Firefox/24.0"
93.220.93.201 - - [07/Oct/2013:21:09:05 +0200] "GET /images/logos.jpg?cache5289 HTTP/1.1" 200 35043 "http://www.mink-gmbh.de/preisanfrage.php" "Mozilla/5.0 (Windows NT 6.0; rv:24.0) Gecko/20100101 Firefox/24.0"
66.249.78.46 - - [07/Oct/2013:21:31:08 +0200] "GET /images/logos.jpg?cache3568 HTTP/1.1" 200 35043 "-" "Googlebot-Image/1.0"
141.8.147.12 - - [07/Oct/2013:21:32:47 +0200] "GET /news.php HTTP/1.1" 200 20101 "-" "Mozilla/5.0 (compatible; YandexBot/3.0; +http://yandex.com/bots)"
