66.249.73.225 - - [12/Oct/2013:02:53:24 +0200] "GET /images/logos.jpg?cache3520 HTTP/1.1" 200 35043 "-" "Googlebot-Image/1.0"
5.10.83.10 - - [12/Oct/2013:02:54:19 +0200] "GET /lexikon.php?cs_go=2&cs_char=y HTTP/1.1" 200 6211 "-" "Mozilla/5.0 (compatible; AhrefsBot/5.0; +http://ahrefs.com/robot/)"
5.10.83.88 - - [12/Oct/2013:02:56:08 +0200] "GET /lexikon.php?cs_go=3&cs_id=43 HTTP/1.1" 200 5604 "-" "Mozilla/5.0 (compatible; AhrefsBot/5.0; +http://ahrefs.com/robot/)"
66.249.73.225 - - [12/Oct/2013:03:07:19 +0200] "GET /news.php?cs_go=archiv&cs_id=3934 HTTP/1.1" 200 10991 "-" "Mozilla/5.0 (compatible; Googlebot/2.1; +http://www.google.com/bot.html)"
5.10.83.55 - - [12/Oct/2013:03:08:16 +0200] "GET /lexikon.php?cs_go=2&cs_char=t HTTP/1.1" 200 6563 "-" "Mozilla/5.0 (compatible; AhrefsBot/5.0; +http://ahrefs.com/robot/)"
66.249.73.225 - - [12/Oct/2013:03:14:44 +0200] "GET /lexikon.php?cs_go=2&cs_char=d HTTP/1.1" 200 7022 "-" "Mozilla/5.0 (compatible; Googlebot/2.1; +http://www.google.com/bot.html)"
66.249.73.225 - - [12/Oct/2013:03:15:49 +0200] "GET /lexikon.php?cs_go=3&cs_id=157 HTTP/1.1" 200 5979 "-" "Mozilla/5.0 (compatible; Googlebot/2.1; +http://www.google.com/bot.html)"
66.249.73.225 - - [12/Oct/2013:03:16:58 +0200] "GET /news.php?cs_go=archiv&cs_id=4207 HTTP/1.1" 200 7614 "-" "Mozilla/5.0 (compatible; Googlebot/2.1; +http://www.google.com/bot.html)"
66.249.73.225 - - [12/Oct/2013:03:18:07 +0200] "GET /news.php?cs_go=archiv&cs_id=4201 HTTP/1.1" 200 9444 "-" "Mozilla/5.0 (compatible; Googlebot/2.1; +http://www.google.com/bot.html)"
66.249.73.225 - - [12/Oct/2013:03:19:15 +0200] "GET /news.php?cs_go=archiv&cs_id=3907 HTTP/1.1" 200 7449 "-" "Mozilla/5.0 (compatible; Googlebot/2.1; +http://www.google.com/bot.html)"
5.10.83.21 - - [12/Oct/2013:03:22:17 +0200] "GET /news.php?cs_go=archiv&cs_id=4612&cs_search= HTTP/1.1" 200 8180 "-" "Mozilla/5.0 (compatible; AhrefsBot/5.0; +http://ahrefs.com/robot/)"
5.10.83.99 - - [12/Oct/2013:03:22:41 +0200] "GET /news.php?cs_go=archiv&cs_id=4602&cs_search= HTTP/1.1" 200 8005 "-" "Mozilla/5.0 (compatible; AhrefsBot/5.0; +http://ahrefs.com/robot/)"
5.10.83.99 - - [12/Oct/2013:03:24:37 +0200] "GET /news.php?cs_go=archiv&cs_id=4461&cs_search= HTTP/1.1" 200 7675 "-" "Mozilla/5.0 (compatible; AhrefsBot/5.0; +http://ahrefs.com/robot/)"
5.10.83.42 - - [12/Oct/2013:03:26:58 +0200] "GET /news.php?cs_go=archiv&cs_startpos=141 HTTP/1.1" 200 20489 "-" "Mozilla/5.0 (compatible; AhrefsBot/5.0; +http://ahrefs.com/robot/)"
5.10.83.88 - - [12/Oct/2013:03:28:48 +0200] "GET /news.php?cs_go=archiv&cs_id=4366&cs_search= HTTP/1.1" 200 11367 "-" "Mozilla/5.0 (compatible; AhrefsBot/5.0; +http://ahrefs.com/robot/)"
5.10.83.7 - - [12/Oct/2013:03:33:11 +0200] "GET /news.php?cs_go=archiv&cs_id=4440&cs_search= HTTP/1.1" 200 11738 "-" "Mozilla/5.0 (compatible; AhrefsBot/5.0; +http://ahrefs.com/robot/)"
5.10.83.8 - - [12/Oct/2013:03:33:26 +0200] "GET /lexikon.php?cs_go=3&cs_id=226 HTTP/1.1" 200 6354 "-" "Mozilla/5.0 (compatible; AhrefsBot/5.0; +http://ahrefs.com/robot/)"
66.249.73.225 - - [12/Oct/2013:03:36:12 +0200] "GET /news.php?cs_go=archiv&cs_id=4441 HTTP/1.1" 200 7705 "-" "Mozilla/5.0 (compatible; Googlebot/2.1; +http://www.google.com/bot.html)"
5.10.83.99 - - [12/Oct/2013:03:38:04 +0200] "GET /news.php?cs_go=archiv&cs_id=4609&cs_search= HTTP/1.1" 200 13932 "-" "Mozilla/5.0 (compatible; AhrefsBot/5.0; +http://ahrefs.com/robot/)"
66.249.73.225 - - [12/Oct/2013:03:38:30 +0200] "GET /news.php?cs_go=archiv&cs_id=3954 HTTP/1.1" 200 10089 "-" "Mozilla/5.0 (compatible; Googlebot/2.1; +http://www.google.com/bot.html)"
5.10.83.21 - - [12/Oct/2013:03:40:42 +0200] "GET /news.php?cs_go=archiv&cs_id=4467&cs_search= HTTP/1.1" 200 7963 "-" "Mozilla/5.0 (compatible; AhrefsBot/5.0; +http://ahrefs.com/robot/)"
66.249.73.225 - - [12/Oct/2013:03:41:56 +0200] "GET /lexikon.php?cs_go=3&cs_id=80 HTTP/1.1" 200 6004 "-" "Mozilla/5.0 (compatible; Googlebot/2.1; +http://www.google.com/bot.html)"
208.115.111.75 - - [12/Oct/2013:03:43:20 +0200] "GET /robots.txt HTTP/1.1" 200 177 "-" "Mozilla/5.0 (compatible; Ezooms/1.0; ezooms.bot@gmail.com)"
5.10.83.89 - - [12/Oct/2013:03:44:00 +0200] "GET /news.php?cs_go=archiv&cs_id=4442&cs_search= HTTP/1.1" 200 11937 "-" "Mozilla/5.0 (compatible; AhrefsBot/5.0; +http://ahrefs.com/robot/)"
66.249.73.225 - - [12/Oct/2013:03:45:23 +0200] "GET /lexikon.php?cs_go=3&cs_id=19 HTTP/1.1" 200 7568 "-" "Mozilla/5.0 (compatible; Googlebot/2.1; +http://www.google.com/bot.html)"
66.249.73.225 - - [12/Oct/2013:03:49:58 +0200] "GET /lexikon.php?cs_go=3&cs_id=131 HTTP/1.1" 200 5977 "-" "Mozilla/5.0 (compatible; Googlebot/2.1; +http://www.google.com/bot.html)"
66.249.73.225 - - [12/Oct/2013:03:51:07 +0200] "GET /lexikon.php?cs_go=3&cs_id=65 HTTP/1.1" 200 6207 "-" "Mozilla/5.0 (compatible; Googlebot/2.1; +http://www.google.com/bot.html)"
5.10.83.89 - - [12/Oct/2013:03:52:01 +0200] "GET /news.php?cs_go=archiv&cs_id=4345&cs_search= HTTP/1.1" 200 7981 "-" "Mozilla/5.0 (compatible; AhrefsBot/5.0; +http://ahrefs.com/robot/)"
66.249.73.225 - - [12/Oct/2013:03:53:25 +0200] "GET /news.php?cs_go=archiv&cs_id=4443 HTTP/1.1" 200 7756 "-" "Mozilla/5.0 (compatible; Googlebot/2.1; +http://www.google.com/bot.html)"
5.10.83.7 - - [12/Oct/2013:03:53:41 +0200] "GET /lexikon.php?cs_go=3&cs_id=165 HTTP/1.1" 200 5887 "-" "Mozilla/5.0 (compatible; AhrefsBot/5.0; +http://ahrefs.com/robot/)"
66.249.73.225 - - [12/Oct/2013:03:54:33 +0200] "GET /lexikon.php?cs_go=3&cs_id=203 HTTP/1.1" 200 6411 "-" "Mozilla/5.0 (compatible; Googlebot/2.1; +http://www.google.com/bot.html)"
66.249.73.225 - - [12/Oct/2013:03:55:42 +0200] "GET /lexikon.php?cs_go=3&cs_id=173 HTTP/1.1" 200 6260 "-" "Mozilla/5.0 (compatible; Googlebot/2.1; +http://www.google.com/bot.html)"
208.115.113.91 - - [12/Oct/2013:04:04:45 +0200] "GET /schwefelarmstandard.php HTTP/1.1" 200 10767 "-" "Mozilla/5.0 (compatible; Ezooms/1.0; ezooms.bot@gmail.com)"
117.26.79.87 - - [12/Oct/2013:04:03:28 +0200] "GET /news.php?cs_go=archiv&cs_id=4112&cs_search= HTTP/1.0" 200 6243 "http://www.mink-gmbh.de/news.php?cs_go=archiv&cs_id=4112&cs_search=" "Mozilla/4.0 (compatible; MSIE 8.0; Windows NT 5.2; Trident/4.0; .NET CLR 1.1.4322)"
208.115.113.91 - - [12/Oct/2013:04:03:48 +0200] "GET /news.php?cs_go=archiv&cs_startpos=10 HTTP/1.1" 200 20318 "-" "Mozilla/5.0 (compatible; Ezooms/1.0; ezooms.bot@gmail.com)"
5.10.83.89 - - [12/Oct/2013:04:08:48 +0200] "GET /news.php?cs_go=archiv&cs_id=4585&cs_search= HTTP/1.1" 200 7689 "-" "Mozilla/5.0 (compatible; AhrefsBot/5.0; +http://ahrefs.com/robot/)"
176.9.138.27 - - [12/Oct/2013:04:31:58 +0200] "GET /robots.txt HTTP/1.1" 200 177 "-" "Mozilla/5.0 (compatible; Spiderlytics/1.0; +spider@spiderlytics.com)"
176.9.138.27 - - [12/Oct/2013:04:31:58 +0200] "GET /content/encyclopedia/images/1_023.jpg HTTP/1.1" 404 - "-" "Mozilla/5.0 (compatible; Spiderlytics/1.0; +spider@spiderlytics.com)"
66.249.73.225 - - [12/Oct/2013:04:40:02 +0200] "GET /news.php?cs_go=archiv&cs_id=3875&cs_search= HTTP/1.1" 200 9917 "-" "Mozilla/5.0 (compatible; Googlebot/2.1; +http://www.google.com/bot.html)"
66.249.73.225 - - [12/Oct/2013:04:48:03 +0200] "GET /news.php?cs_go=archiv&cs_id=3319&cs_search= HTTP/1.1" 200 9919 "-" "Mozilla/5.0 (compatible; Googlebot/2.1; +http://www.google.com/bot.html)"
66.249.73.225 - - [12/Oct/2013:04:51:30 +0200] "GET /news.php?cs_go=archiv&cs_id=3962 HTTP/1.1" 200 9227 "-" "Mozilla/5.0 (compatible; Googlebot/2.1; +http://www.google.com/bot.html)"
5.10.83.21 - - [12/Oct/2013:04:52:37 +0200] "GET /lexikon.php?cs_go=3&cs_id=127 HTTP/1.1" 200 7679 "-" "Mozilla/5.0 (compatible; AhrefsBot/5.0; +http://ahrefs.com/robot/)"
66.249.73.225 - - [12/Oct/2013:04:52:53 +0200] "GET /news.php HTTP/1.1" 200 19796 "-" "Mozilla/5.0 (iPhone; U; CPU iPhone OS 4_1 like Mac OS X; en-us) AppleWebKit/532.9 (KHTML, like Gecko) Version/4.0.5 Mobile/8B117 Safari/6531.22.7 (compatible; Googlebot-Mobile/2.1; +http://www.google.com/bot.html)"
5.10.83.88 - - [12/Oct/2013:04:58:12 +0200] "GET /news.php?cs_go=archiv&cs_startpos=70 HTTP/1.1" 200 20536 "-" "Mozilla/5.0 (compatible; AhrefsBot/5.0; +http://ahrefs.com/robot/)"
66.249.73.225 - - [12/Oct/2013:05:00:40 +0200] "GET /news.php?cs_go=archiv&cs_id=3872 HTTP/1.1" 200 7581 "-" "Mozilla/5.0 (compatible; Googlebot/2.1; +http://www.google.com/bot.html)"
5.10.83.8 - - [12/Oct/2013:05:01:57 +0200] "GET /news.php?cs_go=archiv&cs_startpos=170 HTTP/1.1" 200 20507 "-" "Mozilla/5.0 (compatible; AhrefsBot/5.0; +http://ahrefs.com/robot/)"
66.249.73.225 - - [12/Oct/2013:05:02:58 +0200] "GET /news.php?cs_go=archiv&cs_id=4205&cs_search= HTTP/1.1" 200 10517 "-" "Mozilla/5.0 (compatible; Googlebot/2.1; +http://www.google.com/bot.html)"
66.249.73.225 - - [12/Oct/2013:05:06:24 +0200] "GET /news.php?cs_go=archiv&cs_id=3926 HTTP/1.1" 200 10721 "-" "Mozilla/5.0 (compatible; Googlebot/2.1; +http://www.google.com/bot.html)"
66.249.73.225 - - [12/Oct/2013:05:07:33 +0200] "GET /lexikon.php?cs_go=2&cs_char=f HTTP/1.1" 200 7196 "-" "Mozilla/5.0 (compatible; Googlebot/2.1; +http://www.google.com/bot.html)"
66.249.73.225 - - [12/Oct/2013:05:09:51 +0200] "GET /lexikon.php?cs_go=3&cs_id=81 HTTP/1.1" 200 6021 "-" "Mozilla/5.0 (compatible; Googlebot/2.1; +http://www.google.com/bot.html)"
5.10.83.99 - - [12/Oct/2013:05:10:45 +0200] "GET /lexikon.php?cs_go=3&cs_id=93 HTTP/1.1" 200 5592 "-" "Mozilla/5.0 (compatible; AhrefsBot/5.0; +http://ahrefs.com/robot/)"
5.10.83.10 - - [12/Oct/2013:05:13:36 +0200] "GET /news.php?cs_go=archiv&cs_id=4512&cs_search= HTTP/1.1" 200 11690 "-" "Mozilla/5.0 (compatible; AhrefsBot/5.0; +http://ahrefs.com/robot/)"
208.115.111.75 - - [12/Oct/2013:05:35:30 +0200] "GET /news.php?cs_go=archiv&cs_id=4518 HTTP/1.1" 200 7663 "-" "Mozilla/5.0 (compatible; Ezooms/1.0; ezooms.bot@gmail.com)"
208.115.111.75 - - [12/Oct/2013:05:35:34 +0200] "GET /news.php?cs_go=archiv&cs_startpos=261 HTTP/1.1" 200 6187 "-" "Mozilla/5.0 (compatible; Ezooms/1.0; ezooms.bot@gmail.com)"
66.249.73.225 - - [12/Oct/2013:05:52:52 +0200] "GET /lexikon.php?cs_go=3&cs_id=73 HTTP/1.1" 200 7228 "-" "Mozilla/5.0 (compatible; Googlebot/2.1; +http://www.google.com/bot.html)"
5.10.83.7 - - [12/Oct/2013:05:53:43 +0200] "GET /modernisierung.php HTTP/1.1" 200 9289 "-" "Mozilla/5.0 (compatible; AhrefsBot/5.0; +http://ahrefs.com/robot/)"
5.10.83.99 - - [12/Oct/2013:06:00:51 +0200] "GET /lexikon.php?cs_go=3&cs_id=89 HTTP/1.1" 200 5996 "-" "Mozilla/5.0 (compatible; AhrefsBot/5.0; +http://ahrefs.com/robot/)"
5.10.83.89 - - [12/Oct/2013:06:02:08 +0200] "GET /preisanfrage.php HTTP/1.1" 200 8557 "-" "Mozilla/5.0 (compatible; AhrefsBot/5.0; +http://ahrefs.com/robot/)"
66.249.73.225 - - [12/Oct/2013:06:06:38 +0200] "GET /lexikon.php?cs_go=3&cs_id=52 HTTP/1.1" 200 6354 "-" "Mozilla/5.0 (compatible; Googlebot/2.1; +http://www.google.com/bot.html)"
66.249.73.225 - - [12/Oct/2013:06:08:56 +0200] "GET /news.php?cs_go=archiv&cs_id=4455 HTTP/1.1" 200 7972 "-" "Mozilla/5.0 (compatible; Googlebot/2.1; +http://www.google.com/bot.html)"
5.10.83.99 - - [12/Oct/2013:06:09:28 +0200] "GET /news.php?cs_go=archiv&cs_id=4586&cs_search= HTTP/1.1" 200 8916 "-" "Mozilla/5.0 (compatible; AhrefsBot/5.0; +http://ahrefs.com/robot/)"
66.249.73.225 - - [12/Oct/2013:06:10:04 +0200] "GET /news.php?cs_go=archiv&cs_id=4449 HTTP/1.1" 200 8754 "-" "Mozilla/5.0 (compatible; Googlebot/2.1; +http://www.google.com/bot.html)"
66.249.73.225 - - [12/Oct/2013:06:12:22 +0200] "GET /news.php?cs_go=archiv&cs_id=4448 HTTP/1.1" 200 8771 "-" "Mozilla/5.0 (compatible; Googlebot/2.1; +http://www.google.com/bot.html)"
66.249.73.225 - - [12/Oct/2013:06:14:40 +0200] "GET /news.php?cs_go=archiv&cs_id=3163 HTTP/1.1" 200 11271 "-" "Mozilla/5.0 (compatible; Googlebot/2.1; +http://www.google.com/bot.html)"
66.249.73.225 - - [12/Oct/2013:06:16:57 +0200] "GET /lexikon.php?cs_go=3&cs_id=94 HTTP/1.1" 200 6079 "-" "Mozilla/5.0 (compatible; Googlebot/2.1; +http://www.google.com/bot.html)"
66.249.73.225 - - [12/Oct/2013:06:18:06 +0200] "GET /news.php?cs_go=archiv&cs_id=4002 HTTP/1.1" 200 11197 "-" "Mozilla/5.0 (compatible; Googlebot/2.1; +http://www.google.com/bot.html)"
66.249.73.225 - - [12/Oct/2013:06:20:24 +0200] "GET /news.php?cs_go=archiv&cs_id=4058 HTTP/1.1" 200 7725 "-" "Mozilla/5.0 (compatible; Googlebot/2.1; +http://www.google.com/bot.html)"
5.10.83.21 - - [12/Oct/2013:06:32:56 +0200] "GET /lexikon.php HTTP/1.1" 200 8152 "-" "Mozilla/5.0 (compatible; AhrefsBot/5.0; +http://ahrefs.com/robot/)"
5.10.83.71 - - [12/Oct/2013:06:37:11 +0200] "GET /lexikon.php?cs_go=3&cs_id=184 HTTP/1.1" 200 5597 "-" "Mozilla/5.0 (compatible; AhrefsBot/5.0; +http://ahrefs.com/robot/)"
66.249.73.225 - - [12/Oct/2013:06:42:55 +0200] "GET /news.php?cs_go=archiv&cs_id=3378&cs_search= HTTP/1.1" 200 10119 "-" "Mozilla/5.0 (compatible; Googlebot/2.1; +http://www.google.com/bot.html)"
5.10.83.88 - - [12/Oct/2013:06:44:00 +0200] "GET /foerdermittel.php HTTP/1.1" 200 10510 "-" "Mozilla/5.0 (compatible; AhrefsBot/5.0; +http://ahrefs.com/robot/)"
66.249.73.225 - - [12/Oct/2013:06:47:31 +0200] "GET /lexikon.php?cs_go=2&cs_char=w HTTP/1.1" 200 6188 "-" "Mozilla/5.0 (compatible; Googlebot/2.1; +http://www.google.com/bot.html)"
66.249.73.225 - - [12/Oct/2013:06:49:48 +0200] "GET /lexikon.php?cs_go=3&cs_id=227 HTTP/1.1" 200 6278 "-" "Mozilla/5.0 (compatible; Googlebot/2.1; +http://www.google.com/bot.html)"
66.249.73.225 - - [12/Oct/2013:06:50:57 +0200] "GET /lexikon.php?cs_go=3&cs_id=216 HTTP/1.1" 200 5721 "-" "Mozilla/5.0 (compatible; Googlebot/2.1; +http://www.google.com/bot.html)"
66.249.73.225 - - [12/Oct/2013:06:52:06 +0200] "GET /news.php?cs_go=archiv&cs_id=4450 HTTP/1.1" 200 11768 "-" "Mozilla/5.0 (compatible; Googlebot/2.1; +http://www.google.com/bot.html)"
66.249.73.225 - - [12/Oct/2013:06:53:15 +0200] "GET /news.php?cs_go=archiv&cs_id=4451 HTTP/1.1" 200 8043 "-" "Mozilla/5.0 (compatible; Googlebot/2.1; +http://www.google.com/bot.html)"
66.249.73.225 - - [12/Oct/2013:06:54:23 +0200] "GET /news.php?cs_go=archiv&cs_id=3974 HTTP/1.1" 200 7634 "-" "Mozilla/5.0 (compatible; Googlebot/2.1; +http://www.google.com/bot.html)"
66.249.73.225 - - [12/Oct/2013:06:55:32 +0200] "GET /news.php?cs_go=archiv&cs_id=3975 HTTP/1.1" 200 8492 "-" "Mozilla/5.0 (compatible; Googlebot/2.1; +http://www.google.com/bot.html)"
5.10.83.99 - - [12/Oct/2013:06:56:09 +0200] "GET /lexikon.php?cs_go=3&cs_id=67 HTTP/1.1" 200 6227 "-" "Mozilla/5.0 (compatible; AhrefsBot/5.0; +http://ahrefs.com/robot/)"
66.249.73.225 - - [12/Oct/2013:06:56:41 +0200] "GET /lexikon.php?cs_go=3&cs_id=149 HTTP/1.1" 200 7330 "-" "Mozilla/5.0 (compatible; Googlebot/2.1; +http://www.google.com/bot.html)"
66.249.73.225 - - [12/Oct/2013:06:57:50 +0200] "GET /lexikon.php?cs_go=3&cs_id=33 HTTP/1.1" 200 6423 "-" "Mozilla/5.0 (compatible; Googlebot/2.1; +http://www.google.com/bot.html)"
5.10.83.89 - - [12/Oct/2013:07:11:02 +0200] "GET /news.php?cs_go=archiv&cs_id=4454&cs_search= HTTP/1.1" 200 7823 "-" "Mozilla/5.0 (compatible; AhrefsBot/5.0; +http://ahrefs.com/robot/)"
5.10.83.69 - - [12/Oct/2013:07:15:55 +0200] "GET /lexikon.php?cs_go=3&cs_id=229 HTTP/1.1" 200 5597 "-" "Mozilla/5.0 (compatible; AhrefsBot/5.0; +http://ahrefs.com/robot/)"
5.10.83.89 - - [12/Oct/2013:07:25:51 +0200] "GET /lexikon.php?cs_go=3&cs_id=117 HTTP/1.1" 200 5970 "-" "Mozilla/5.0 (compatible; AhrefsBot/5.0; +http://ahrefs.com/robot/)"
5.10.83.42 - - [12/Oct/2013:07:44:00 +0200] "GET /rueckrufservice.php HTTP/1.1" 200 8337 "-" "Mozilla/5.0 (compatible; AhrefsBot/5.0; +http://ahrefs.com/robot/)"
65.36.241.79 - - [12/Oct/2013:07:49:25 +0200] "HEAD / HTTP/1.1" 200 - "-" "InternetSeer.com"
5.10.83.21 - - [12/Oct/2013:07:54:47 +0200] "GET /lexikon.php?cs_go=2&cs_char=d HTTP/1.1" 200 7022 "-" "Mozilla/5.0 (compatible; AhrefsBot/5.0; +http://ahrefs.com/robot/)"
5.10.83.69 - - [12/Oct/2013:07:57:36 +0200] "GET /lexikon.php?cs_go=3&cs_id=62 HTTP/1.1" 200 6169 "-" "Mozilla/5.0 (compatible; AhrefsBot/5.0; +http://ahrefs.com/robot/)"
5.10.83.88 - - [12/Oct/2013:07:58:16 +0200] "GET /ansprechpartner.php HTTP/1.1" 404 - "-" "Mozilla/5.0 (compatible; AhrefsBot/5.0; +http://ahrefs.com/robot/)"
5.10.83.55 - - [12/Oct/2013:08:03:24 +0200] "GET /news.php?cs_go=archiv&cs_id=4409&cs_search= HTTP/1.1" 200 7838 "-" "Mozilla/5.0 (compatible; AhrefsBot/5.0; +http://ahrefs.com/robot/)"
5.10.83.99 - - [12/Oct/2013:08:10:37 +0200] "GET /lexikon.php?cs_go=3&cs_id=136 HTTP/1.1" 200 5589 "-" "Mozilla/5.0 (compatible; AhrefsBot/5.0; +http://ahrefs.com/robot/)"
65.55.215.42 - - [12/Oct/2013:08:16:38 +0200] "GET /robots.txt HTTP/1.1" 200 177 "-" "msnbot-media/1.1 (+http://search.msn.com/msnbot.htm)"
65.55.215.42 - - [12/Oct/2013:08:16:39 +0200] "GET /images/tkw.jpg HTTP/1.1" 200 64031 "-" "msnbot-media/1.1 (+http://search.msn.com/msnbot.htm)"
66.249.73.225 - - [12/Oct/2013:08:24:29 +0200] "GET /news.php?cs_go=archiv&cs_startpos=0 HTTP/1.1" 200 19796 "-" "Mozilla/5.0 (iPhone; U; CPU iPhone OS 4_1 like Mac OS X; en-us) AppleWebKit/532.9 (KHTML, like Gecko) Version/4.0.5 Mobile/8B117 Safari/6531.22.7 (compatible; Googlebot-Mobile/2.1; +http://www.google.com/bot.html)"
5.10.83.88 - - [12/Oct/2013:08:46:46 +0200] "GET /news.php?cs_go=archiv&cs_startpos=251 HTTP/1.1" 200 14324 "-" "Mozilla/5.0 (compatible; AhrefsBot/5.0; +http://ahrefs.com/robot/)"
5.10.83.21 - - [12/Oct/2013:08:54:34 +0200] "GET /lexikon.php?cs_go=3&cs_id=139 HTTP/1.1" 200 5795 "-" "Mozilla/5.0 (compatible; AhrefsBot/5.0; +http://ahrefs.com/robot/)"
66.249.73.225 - - [12/Oct/2013:09:01:40 +0200] "GET /news.php?cs_go=archiv&cs_id=4607&cs_search= HTTP/1.1" 200 7645 "-" "Mozilla/5.0 (iPhone; U; CPU iPhone OS 4_1 like Mac OS X; en-us) AppleWebKit/532.9 (KHTML, like Gecko) Version/4.0.5 Mobile/8B117 Safari/6531.22.7 (compatible; Googlebot-Mobile/2.1; +http://www.google.com/bot.html)"
46.161.41.24 - - [12/Oct/2013:09:16:56 +0200] "GET /schwefelarmstandard.php HTTP/1.1" 200 10767 "-" "Mozilla/4.0 (compatible; MSIE 6.0; MSIE 5.5; Windows 95) Opera 7.03 [de]"
66.249.73.225 - - [12/Oct/2013:09:23:14 +0200] "GET /news.php?cs_go=archiv&cs_id=4609&cs_search= HTTP/1.1" 200 13932 "-" "Mozilla/5.0 (iPhone; CPU iPhone OS 6_0 like Mac OS X) AppleWebKit/536.26 (KHTML, like Gecko) Version/6.0 Mobile/10A5376e Safari/8536.25 (compatible; Googlebot-Mobile/2.1; +http://www.google.com/bot.html)"
66.249.73.225 - - [12/Oct/2013:09:47:34 +0200] "GET /images/logos.jpg?cache7316 HTTP/1.1" 200 35043 "-" "Googlebot-Image/1.0"
157.56.92.152 - - [12/Oct/2013:09:49:54 +0200] "GET /robots.txt HTTP/1.1" 200 177 "-" "Mozilla/5.0 (compatible; bingbot/2.0; +http://www.bing.com/bingbot.htm)"
157.56.92.152 - - [12/Oct/2013:10:06:02 +0200] "GET / HTTP/1.1" 200 12401 "-" "Mozilla/5.0 (compatible; bingbot/2.0; +http://www.bing.com/bingbot.htm)"
5.10.83.21 - - [12/Oct/2013:10:12:42 +0200] "GET /lexikon.php?cs_go=3&cs_id=114 HTTP/1.1" 200 6285 "-" "Mozilla/5.0 (compatible; AhrefsBot/5.0; +http://ahrefs.com/robot/)"
5.10.83.88 - - [12/Oct/2013:10:27:54 +0200] "GET /news.php?cs_go=archiv&cs_id=4600&cs_search= HTTP/1.1" 200 11567 "-" "Mozilla/5.0 (compatible; AhrefsBot/5.0; +http://ahrefs.com/robot/)"
66.249.73.225 - - [12/Oct/2013:10:28:46 +0200] "GET /news.php?cs_go=archiv&cs_startpos=20 HTTP/1.1" 200 20390 "-" "Mozilla/5.0 (iPhone; U; CPU iPhone OS 4_1 like Mac OS X; en-us) AppleWebKit/532.9 (KHTML, like Gecko) Version/4.0.5 Mobile/8B117 Safari/6531.22.7 (compatible; Googlebot-Mobile/2.1; +http://www.google.com/bot.html)"
141.8.147.12 - - [12/Oct/2013:10:49:59 +0200] "GET /robots.txt HTTP/1.1" 200 177 "-" "Mozilla/5.0 (compatible; YandexBot/3.0; +http://yandex.com/bots)"
5.10.83.8 - - [12/Oct/2013:10:52:25 +0200] "GET /lexikon.php?cs_go=3&cs_id=60 HTTP/1.1" 200 6101 "-" "Mozilla/5.0 (compatible; AhrefsBot/5.0; +http://ahrefs.com/robot/)"
5.10.83.21 - - [12/Oct/2013:11:01:29 +0200] "GET /news.php?cs_go=archiv&cs_id=4613&cs_search= HTTP/1.1" 200 8832 "-" "Mozilla/5.0 (compatible; AhrefsBot/5.0; +http://ahrefs.com/robot/)"
120.43.10.191 - - [12/Oct/2013:11:13:15 +0200] "GET /news.php?cs_go=archiv&cs_id=4112&cs_search= HTTP/1.0" 200 9472 "http://www.mink-gmbh.de/news.php?cs_go=archiv&cs_id=4112&cs_search=" "Mozilla/5.0 (Windows NT 5.1; rv:5.0.1) Gecko/20100101 Firefox/5.0.1"
5.10.83.7 - - [12/Oct/2013:11:15:39 +0200] "GET /news.php?cs_go=archiv&cs_startpos=261 HTTP/1.1" 200 6187 "-" "Mozilla/5.0 (compatible; AhrefsBot/5.0; +http://ahrefs.com/robot/)"
5.10.83.88 - - [12/Oct/2013:11:16:55 +0200] "GET /news.php?cs_go=archiv&cs_id=4528&cs_search= HTTP/1.1" 200 7574 "-" "Mozilla/5.0 (compatible; AhrefsBot/5.0; +http://ahrefs.com/robot/)"
66.249.73.225 - - [12/Oct/2013:11:18:42 +0200] "GET /news.php?cs_go=archiv&cs_id=4609&cs_search= HTTP/1.1" 200 13932 "-" "Mozilla/5.0 (iPhone; U; CPU iPhone OS 4_1 like Mac OS X; en-us) AppleWebKit/532.9 (KHTML, like Gecko) Version/4.0.5 Mobile/8B117 Safari/6531.22.7 (compatible; Googlebot-Mobile/2.1; +http://www.google.com/bot.html)"
5.10.83.88 - - [12/Oct/2013:11:22:03 +0200] "GET /lexikon.php?cs_go=3&cs_id=164 HTTP/1.1" 200 5860 "-" "Mozilla/5.0 (compatible; AhrefsBot/5.0; +http://ahrefs.com/robot/)"
5.10.83.88 - - [12/Oct/2013:11:37:49 +0200] "GET /lexikon.php?cs_go=3&cs_id=58 HTTP/1.1" 200 8432 "-" "Mozilla/5.0 (compatible; AhrefsBot/5.0; +http://ahrefs.com/robot/)"
5.9.113.5 - - [12/Oct/2013:11:38:22 +0200] "GET /robots.txt HTTP/1.1" 200 177 "-" "Apache-HttpClient/4.3 (java 1.5)"
5.9.113.5 - - [12/Oct/2013:11:38:22 +0200] "GET / HTTP/1.1" 200 12401 "-" "Apache-HttpClient/4.3 (java 1.5)"
208.115.111.75 - - [12/Oct/2013:11:47:15 +0200] "GET /robots.txt HTTP/1.1" 200 177 "-" "Mozilla/5.0 (compatible; Ezooms/1.0; ezooms.bot@gmail.com)"
5.10.83.42 - - [12/Oct/2013:11:55:33 +0200] "GET /lexikon.php?cs_go=3&cs_id=20 HTTP/1.1" 200 6510 "-" "Mozilla/5.0 (compatible; AhrefsBot/5.0; +http://ahrefs.com/robot/)"
5.10.83.21 - - [12/Oct/2013:12:02:36 +0200] "GET /news.php?cs_go=archiv&cs_id=4470&cs_search= HTTP/1.1" 200 8340 "-" "Mozilla/5.0 (compatible; AhrefsBot/5.0; +http://ahrefs.com/robot/)"
5.10.83.8 - - [12/Oct/2013:12:03:27 +0200] "GET /lexikon.php?cs_go=3&cs_id=190 HTTP/1.1" 200 6078 "-" "Mozilla/5.0 (compatible; AhrefsBot/5.0; +http://ahrefs.com/robot/)"
5.10.83.88 - - [12/Oct/2013:12:27:02 +0200] "GET /index.php HTTP/1.1" 200 12401 "-" "Mozilla/5.0 (compatible; AhrefsBot/5.0; +http://ahrefs.com/robot/)"
5.10.83.7 - - [12/Oct/2013:12:41:09 +0200] "GET /lexikon.php?cs_go=2&cs_char=s HTTP/1.1" 200 7669 "-" "Mozilla/5.0 (compatible; AhrefsBot/5.0; +http://ahrefs.com/robot/)"
141.8.147.12 - - [12/Oct/2013:12:49:31 +0200] "GET /news.php?cs_go=archiv&cs_id=4611&cs_search= HTTP/1.1" 200 8128 "-" "Mozilla/5.0 (compatible; YandexBot/3.0; +http://yandex.com/bots)"
5.10.83.69 - - [12/Oct/2013:12:54:47 +0200] "GET /news.php?cs_go=archiv&cs_id=4532&cs_search= HTTP/1.1" 200 8324 "-" "Mozilla/5.0 (compatible; AhrefsBot/5.0; +http://ahrefs.com/robot/)"
66.249.73.225 - - [12/Oct/2013:12:55:01 +0200] "GET /news.php?cs_go=archiv&cs_id=4603 HTTP/1.1" 200 10007 "-" "Mozilla/5.0 (iPhone; U; CPU iPhone OS 4_1 like Mac OS X; en-us) AppleWebKit/532.9 (KHTML, like Gecko) Version/4.0.5 Mobile/8B117 Safari/6531.22.7 (compatible; Googlebot-Mobile/2.1; +http://www.google.com/bot.html)"
65.36.241.79 - - [12/Oct/2013:13:17:10 +0200] "HEAD / HTTP/1.1" 200 - "-" "InternetSeer.com"
5.10.83.89 - - [12/Oct/2013:13:32:34 +0200] "GET /news.php?cs_go=archiv&cs_id=4534&cs_search= HTTP/1.1" 200 7588 "-" "Mozilla/5.0 (compatible; AhrefsBot/5.0; +http://ahrefs.com/robot/)"
208.115.111.75 - - [12/Oct/2013:13:36:11 +0200] "GET /agb.php HTTP/1.1" 200 17598 "-" "Mozilla/5.0 (compatible; Ezooms/1.0; ezooms.bot@gmail.com)"
208.115.111.75 - - [12/Oct/2013:13:36:14 +0200] "GET /news.php?cs_go=archiv&cs_id=4284&cs_search= HTTP/1.1" 200 8432 "-" "Mozilla/5.0 (compatible; Ezooms/1.0; ezooms.bot@gmail.com)"
66.249.73.225 - - [12/Oct/2013:13:37:12 +0200] "GET /news.php HTTP/1.1" 200 19796 "-" "DoCoMo/2.0 N905i(c100;TB;W24H16) (compatible; Googlebot-Mobile/2.1; +http://www.google.com/bot.html)"
144.76.42.76 - - [12/Oct/2013:13:46:03 +0200] "GET / HTTP/1.1" 200 12401 "-" "Mozilla/5.0 (Macintosh; Intel Mac OS X 10_8_2) AppleWebKit/537.17 (KHTML, like Gecko) Chrome/24.0.1312.52 Safari/537.17"
5.10.83.21 - - [12/Oct/2013:14:15:53 +0200] "GET /news.php?cs_go=archiv&cs_id=4374&cs_search= HTTP/1.1" 200 8743 "-" "Mozilla/5.0 (compatible; AhrefsBot/5.0; +http://ahrefs.com/robot/)"
5.10.83.10 - - [12/Oct/2013:14:28:06 +0200] "GET /lexikon.php?cs_go=3&cs_id=63 HTTP/1.1" 200 5963 "-" "Mozilla/5.0 (compatible; AhrefsBot/5.0; +http://ahrefs.com/robot/)"
217.69.133.217 - - [12/Oct/2013:14:50:44 +0200] "GET /robots.txt HTTP/1.0" 200 177 "-" "Mozilla/5.0 (compatible; Linux x86_64; Mail.RU_Bot/2.0; +http://go.mail.ru/help/robots)"
217.69.133.67 - - [12/Oct/2013:14:50:45 +0200] "GET /robots.txt HTTP/1.0" 200 177 "-" "Mozilla/5.0 (compatible; Linux x86_64; Mail.RU_Bot/2.0; +http://go.mail.ru/help/robots)"
66.249.78.46 - - [12/Oct/2013:14:58:10 +0200] "GET /robots.txt HTTP/1.1" 200 177 "-" "Mozilla/5.0 (compatible; Googlebot/2.1; +http://www.google.com/bot.html)"
66.249.78.46 - - [12/Oct/2013:14:58:10 +0200] "GET /news.php?cs_go=archiv&cs_startpos=200 HTTP/1.1" 200 20563 "-" "Mozilla/5.0 (iPhone; U; CPU iPhone OS 4_1 like Mac OS X; en-us) AppleWebKit/532.9 (KHTML, like Gecko) Version/4.0.5 Mobile/8B117 Safari/6531.22.7 (compatible; Googlebot-Mobile/2.1; +http://www.google.com/bot.html)"
66.249.78.46 - - [12/Oct/2013:15:06:36 +0200] "GET /modul.css HTTP/1.1" 200 35038 "-" "Mozilla/5.0 (compatible; Googlebot/2.1; +http://www.google.com/bot.html)"
157.56.229.190 - - [12/Oct/2013:15:09:17 +0200] "GET /robots.txt HTTP/1.1" 200 177 "-" "Mozilla/5.0 (compatible; bingbot/2.0; +http://www.bing.com/bingbot.htm)"
157.56.229.190 - - [12/Oct/2013:15:16:47 +0200] "GET / HTTP/1.1" 200 12401 "-" "Mozilla/5.0 (compatible; bingbot/2.0; +http://www.bing.com/bingbot.htm)"
5.10.83.8 - - [12/Oct/2013:15:23:09 +0200] "GET /news.php?cs_go=archiv&cs_startpos=150 HTTP/1.1" 200 20800 "-" "Mozilla/5.0 (compatible; AhrefsBot/5.0; +http://ahrefs.com/robot/)"
5.10.83.21 - - [12/Oct/2013:15:27:28 +0200] "GET /lexikon.php?cs_go=3&cs_id=228 HTTP/1.1" 200 6845 "-" "Mozilla/5.0 (compatible; AhrefsBot/5.0; +http://ahrefs.com/robot/)"
5.10.83.89 - - [12/Oct/2013:15:31:23 +0200] "GET /news.php?cs_go=archiv&cs_startpos=190 HTTP/1.1" 200 20363 "-" "Mozilla/5.0 (compatible; AhrefsBot/5.0; +http://ahrefs.com/robot/)"
208.115.111.75 - - [12/Oct/2013:15:44:13 +0200] "GET /robots.txt HTTP/1.1" 200 177 "-" "Mozilla/5.0 (compatible; Ezooms/1.0; ezooms.bot@gmail.com)"
5.10.83.99 - - [12/Oct/2013:15:46:21 +0200] "GET /news.php?cs_go=archiv&cs_id=4383&cs_search= HTTP/1.1" 200 7568 "-" "Mozilla/5.0 (compatible; AhrefsBot/5.0; +http://ahrefs.com/robot/)"
5.10.83.89 - - [12/Oct/2013:15:54:17 +0200] "GET /news.php?cs_go=archiv&cs_id=4533&cs_search= HTTP/1.1" 200 11603 "-" "Mozilla/5.0 (compatible; AhrefsBot/5.0; +http://ahrefs.com/robot/)"
5.10.83.89 - - [12/Oct/2013:15:58:02 +0200] "GET /modernisierung.php?cs_gp_go=plus HTTP/1.1" 200 9289 "-" "Mozilla/5.0 (compatible; AhrefsBot/5.0; +http://ahrefs.com/robot/)"
5.10.83.21 - - [12/Oct/2013:16:10:12 +0200] "GET /news.php?cs_go=archiv&cs_id=4608&cs_search= HTTP/1.1" 200 11354 "-" "Mozilla/5.0 (compatible; AhrefsBot/5.0; +http://ahrefs.com/robot/)"
54.202.98.128 - - [12/Oct/2013:16:15:05 +0200] "GET / HTTP/1.1" 200 12401 "http://www.ausergrubhof.info" "Mozilla/5.0 (Macintosh; Intel Mac OS X 10_8_4) AppleWebKit/536.30.1 (KHTML, like Gecko) Version/6.0.5 Safari/536.30.1"
54.202.98.128 - - [12/Oct/2013:16:16:52 +0200] "GET / HTTP/1.1" 200 12401 "http://www.ausergrubhof.info" "Mozilla/5.0 (Macintosh; Intel Mac OS X 10_8_4) AppleWebKit/536.30.1 (KHTML, like Gecko) Version/6.0.5 Safari/536.30.1"
54.212.113.81 - - [12/Oct/2013:16:17:33 +0200] "GET / HTTP/1.1" 200 12401 "http://www.ausergrubhof.info" "Mozilla/5.0 (Macintosh; Intel Mac OS X 10_8_4) AppleWebKit/536.30.1 (KHTML, like Gecko) Version/6.0.5 Safari/536.30.1"
5.10.83.8 - - [12/Oct/2013:16:39:59 +0200] "GET /lexikon.php?cs_go=3&cs_id=234 HTTP/1.1" 200 6327 "-" "Mozilla/5.0 (compatible; AhrefsBot/5.0; +http://ahrefs.com/robot/)"
123.125.71.51 - - [12/Oct/2013:16:45:27 +0200] "GET / HTTP/1.1" 200 6594 "-" "Mozilla/5.0 (compatible; Baiduspider/2.0; +http://www.baidu.com/search/spider.html)"
220.181.108.76 - - [12/Oct/2013:16:52:01 +0200] "GET / HTTP/1.1" 200 8889 "-" "Mozilla/5.0 (compatible; Baiduspider/2.0; +http://www.baidu.com/search/spider.html)"
5.10.83.99 - - [12/Oct/2013:16:59:34 +0200] "GET /news.php?cs_go=archiv&cs_id=4530&cs_search= HTTP/1.1" 200 13747 "-" "Mozilla/5.0 (compatible; AhrefsBot/5.0; +http://ahrefs.com/robot/)"
5.10.83.10 - - [12/Oct/2013:17:00:10 +0200] "GET /kwk.php?cs_go=3 HTTP/1.1" 200 7885 "-" "Mozilla/5.0 (compatible; AhrefsBot/5.0; +http://ahrefs.com/robot/)"
66.249.78.46 - - [12/Oct/2013:17:08:59 +0200] "GET /rueckrufservice.php HTTP/1.1" 200 8337 "-" "SAMSUNG-SGH-E250/1.0 Profile/MIDP-2.0 Configuration/CLDC-1.1 UP.Browser/6.2.3.3.c.1.101 (GUI) MMP/2.0 (compatible; Googlebot-Mobile/2.1; +http://www.google.com/bot.html)"
5.10.83.55 - - [12/Oct/2013:17:13:30 +0200] "GET /energiesparcheck.php HTTP/1.1" 200 11181 "-" "Mozilla/5.0 (compatible; AhrefsBot/5.0; +http://ahrefs.com/robot/)"
5.10.83.88 - - [12/Oct/2013:17:15:49 +0200] "GET /news.php?cs_go=archiv&cs_startpos=130 HTTP/1.1" 200 20580 "-" "Mozilla/5.0 (compatible; AhrefsBot/5.0; +http://ahrefs.com/robot/)"
65.55.215.82 - - [12/Oct/2013:17:18:29 +0200] "GET /robots.txt HTTP/1.1" 200 177 "-" "msnbot-media/1.1 (+http://search.msn.com/msnbot.htm)"
65.55.215.82 - - [12/Oct/2013:17:18:30 +0200] "GET /images/logos.jpg?cache4075 HTTP/1.1" 200 35043 "-" "msnbot-media/1.1 (+http://search.msn.com/msnbot.htm)"
208.115.111.75 - - [12/Oct/2013:17:34:19 +0200] "GET /news.php?cs_go=archiv&cs_id=4502&cs_search= HTTP/1.1" 200 7574 "-" "Mozilla/5.0 (compatible; Ezooms/1.0; ezooms.bot@gmail.com)"
5.10.83.55 - - [12/Oct/2013:17:56:03 +0200] "GET /news.php?cs_go=archiv&cs_id=4432&cs_search= HTTP/1.1" 200 8437 "-" "Mozilla/5.0 (compatible; AhrefsBot/5.0; +http://ahrefs.com/robot/)"
208.115.113.91 - - [12/Oct/2013:18:00:10 +0200] "GET /robots.txt HTTP/1.1" 200 177 "-" "Mozilla/5.0 (compatible; Ezooms/1.0; ezooms.bot@gmail.com)"
5.10.83.71 - - [12/Oct/2013:18:33:04 +0200] "GET /news.php?cs_go=archiv&cs_id=4455&cs_search= HTTP/1.1" 200 7972 "-" "Mozilla/5.0 (compatible; AhrefsBot/5.0; +http://ahrefs.com/robot/)"
88.73.102.149 - - [12/Oct/2013:19:44:13 +0200] "GET /optiplus.php HTTP/1.1" 200 8676 "https://www.google.de/" "Mozilla/5.0 (iPad; CPU OS 7_0_2 like Mac OS X) AppleWebKit/537.51.1 (KHTML, like Gecko) Version/7.0 Mobile/11A501 Safari/9537.53"
88.73.102.149 - - [12/Oct/2013:19:44:14 +0200] "GET /style.css HTTP/1.1" 200 8402 "http://www.mink-gmbh.de/optiplus.php" "Mozilla/5.0 (iPad; CPU OS 7_0_2 like Mac OS X) AppleWebKit/537.51.1 (KHTML, like Gecko) Version/7.0 Mobile/11A501 Safari/9537.53"
88.73.102.149 - - [12/Oct/2013:19:44:14 +0200] "GET /modul.css HTTP/1.1" 200 35038 "http://www.mink-gmbh.de/optiplus.php" "Mozilla/5.0 (iPad; CPU OS 7_0_2 like Mac OS X) AppleWebKit/537.51.1 (KHTML, like Gecko) Version/7.0 Mobile/11A501 Safari/9537.53"
88.73.102.149 - - [12/Oct/2013:19:44:14 +0200] "GET /images/Optiseite.jpg HTTP/1.1" 200 32107 "http://www.mink-gmbh.de/optiplus.php" "Mozilla/5.0 (iPad; CPU OS 7_0_2 like Mac OS X) AppleWebKit/537.51.1 (KHTML, like Gecko) Version/7.0 Mobile/11A501 Safari/9537.53"
88.73.102.149 - - [12/Oct/2013:19:44:14 +0200] "GET /images/optiplus.jpg HTTP/1.1" 200 37436 "http://www.mink-gmbh.de/optiplus.php" "Mozilla/5.0 (iPad; CPU OS 7_0_2 like Mac OS X) AppleWebKit/537.51.1 (KHTML, like Gecko) Version/7.0 Mobile/11A501 Safari/9537.53"
88.73.102.149 - - [12/Oct/2013:19:44:14 +0200] "GET /images/logos.jpg?cache6268 HTTP/1.1" 200 35043 "http://www.mink-gmbh.de/optiplus.php" "Mozilla/5.0 (iPad; CPU OS 7_0_2 like Mac OS X) AppleWebKit/537.51.1 (KHTML, like Gecko) Version/7.0 Mobile/11A501 Safari/9537.53"
88.73.102.149 - - [12/Oct/2013:19:44:14 +0200] "GET /images/freecall.jpg HTTP/1.1" 200 39195 "http://www.mink-gmbh.de/optiplus.php" "Mozilla/5.0 (iPad; CPU OS 7_0_2 like Mac OS X) AppleWebKit/537.51.1 (KHTML, like Gecko) Version/7.0 Mobile/11A501 Safari/9537.53"
88.73.102.149 - - [12/Oct/2013:19:44:14 +0200] "GET /images/kwk.gif HTTP/1.1" 200 6403 "http://www.mink-gmbh.de/optiplus.php" "Mozilla/5.0 (iPad; CPU OS 7_0_2 like Mac OS X) AppleWebKit/537.51.1 (KHTML, like Gecko) Version/7.0 Mobile/11A501 Safari/9537.53"
88.73.102.149 - - [12/Oct/2013:19:44:14 +0200] "GET /images/wunschpreis.jpg HTTP/1.1" 200 16767 "http://www.mink-gmbh.de/optiplus.php" "Mozilla/5.0 (iPad; CPU OS 7_0_2 like Mac OS X) AppleWebKit/537.51.1 (KHTML, like Gecko) Version/7.0 Mobile/11A501 Safari/9537.53"
88.73.102.149 - - [12/Oct/2013:19:44:14 +0200] "GET /images/newsletter.png HTTP/1.1" 200 14619 "http://www.mink-gmbh.de/optiplus.php" "Mozilla/5.0 (iPad; CPU OS 7_0_2 like Mac OS X) AppleWebKit/537.51.1 (KHTML, like Gecko) Version/7.0 Mobile/11A501 Safari/9537.53"
88.73.102.149 - - [12/Oct/2013:19:44:14 +0200] "GET /images/bg.png HTTP/1.1" 200 922 "http://www.mink-gmbh.de/optiplus.php" "Mozilla/5.0 (iPad; CPU OS 7_0_2 like Mac OS X) AppleWebKit/537.51.1 (KHTML, like Gecko) Version/7.0 Mobile/11A501 Safari/9537.53"
88.73.102.149 - - [12/Oct/2013:19:44:14 +0200] "GET /images/wrapperbg.jpg HTTP/1.1" 200 27465 "http://www.mink-gmbh.de/optiplus.php" "Mozilla/5.0 (iPad; CPU OS 7_0_2 like Mac OS X) AppleWebKit/537.51.1 (KHTML, like Gecko) Version/7.0 Mobile/11A501 Safari/9537.53"
88.73.102.149 - - [12/Oct/2013:19:44:14 +0200] "GET /images/header.jpg HTTP/1.1" 200 25189 "http://www.mink-gmbh.de/optiplus.php" "Mozilla/5.0 (iPad; CPU OS 7_0_2 like Mac OS X) AppleWebKit/537.51.1 (KHTML, like Gecko) Version/7.0 Mobile/11A501 Safari/9537.53"
88.73.102.149 - - [12/Oct/2013:19:44:14 +0200] "GET /images/footerbg.jpg HTTP/1.1" 200 2184 "http://www.mink-gmbh.de/optiplus.php" "Mozilla/5.0 (iPad; CPU OS 7_0_2 like Mac OS X) AppleWebKit/537.51.1 (KHTML, like Gecko) Version/7.0 Mobile/11A501 Safari/9537.53"
88.73.102.149 - - [12/Oct/2013:19:44:14 +0200] "GET /images/navibg.png HTTP/1.1" 200 2803 "http://www.mink-gmbh.de/optiplus.php" "Mozilla/5.0 (iPad; CPU OS 7_0_2 like Mac OS X) AppleWebKit/537.51.1 (KHTML, like Gecko) Version/7.0 Mobile/11A501 Safari/9537.53"
88.73.102.149 - - [12/Oct/2013:19:44:33 +0200] "GET /wunschpreis.php HTTP/1.1" 200 10292 "http://www.mink-gmbh.de/optiplus.php" "Mozilla/5.0 (iPad; CPU OS 7_0_2 like Mac OS X) AppleWebKit/537.51.1 (KHTML, like Gecko) Version/7.0 Mobile/11A501 Safari/9537.53"
88.73.102.149 - - [12/Oct/2013:19:44:33 +0200] "GET /images/logos.jpg?cache3910 HTTP/1.1" 200 35043 "http://www.mink-gmbh.de/wunschpreis.php" "Mozilla/5.0 (iPad; CPU OS 7_0_2 like Mac OS X) AppleWebKit/537.51.1 (KHTML, like Gecko) Version/7.0 Mobile/11A501 Safari/9537.53"
65.36.241.79 - - [12/Oct/2013:19:44:37 +0200] "HEAD / HTTP/1.1" 200 - "-" "InternetSeer.com"
88.73.102.149 - - [12/Oct/2013:19:44:40 +0200] "GET /preisanfrage.php HTTP/1.1" 200 8557 "http://www.mink-gmbh.de/wunschpreis.php" "Mozilla/5.0 (iPad; CPU OS 7_0_2 like Mac OS X) AppleWebKit/537.51.1 (KHTML, like Gecko) Version/7.0 Mobile/11A501 Safari/9537.53"
88.73.102.149 - - [12/Oct/2013:19:44:41 +0200] "GET /images/logos.jpg?cache1236 HTTP/1.1" 200 35043 "http://www.mink-gmbh.de/preisanfrage.php" "Mozilla/5.0 (iPad; CPU OS 7_0_2 like Mac OS X) AppleWebKit/537.51.1 (KHTML, like Gecko) Version/7.0 Mobile/11A501 Safari/9537.53"
88.73.102.149 - - [12/Oct/2013:19:44:47 +0200] "GET /wunschpreis.php HTTP/1.1" 200 10292 "http://www.mink-gmbh.de/preisanfrage.php" "Mozilla/5.0 (iPad; CPU OS 7_0_2 like Mac OS X) AppleWebKit/537.51.1 (KHTML, like Gecko) Version/7.0 Mobile/11A501 Safari/9537.53"
88.73.102.149 - - [12/Oct/2013:19:44:47 +0200] "GET /images/logos.jpg?cache4255 HTTP/1.1" 200 35043 "http://www.mink-gmbh.de/wunschpreis.php" "Mozilla/5.0 (iPad; CPU OS 7_0_2 like Mac OS X) AppleWebKit/537.51.1 (KHTML, like Gecko) Version/7.0 Mobile/11A501 Safari/9537.53"
208.115.113.91 - - [12/Oct/2013:20:14:40 +0200] "GET /news.php?cs_go=archiv&cs_id=4266&cs_search= HTTP/1.1" 200 9341 "-" "Mozilla/5.0 (compatible; Ezooms/1.0; ezooms.bot@gmail.com)"
77.75.77.32 - - [12/Oct/2013:20:18:00 +0200] "GET /robots.txt HTTP/1.1" 200 177 "-" "SeznamBot/3.0 (+http://fulltext.sblog.cz/)"
77.75.77.32 - - [12/Oct/2013:20:18:01 +0200] "GET /kwk.php HTTP/1.1" 200 8484 "-" "SeznamBot/3.0 (+http://fulltext.sblog.cz/)"
77.75.77.32 - - [12/Oct/2013:20:18:02 +0200] "GET /news.php HTTP/1.1" 200 19796 "-" "SeznamBot/3.0 (+http://fulltext.sblog.cz/)"
77.75.77.32 - - [12/Oct/2013:20:18:08 +0200] "GET /jobs.php HTTP/1.1" 200 5020 "-" "SeznamBot/3.0 (+http://fulltext.sblog.cz/)"
77.75.77.32 - - [12/Oct/2013:20:18:13 +0200] "GET / HTTP/1.1" 200 12401 "-" "SeznamBot/3.0 (+http://fulltext.sblog.cz/)"
77.75.77.32 - - [12/Oct/2013:20:18:20 +0200] "GET /standard.php HTTP/1.1" 200 6807 "-" "SeznamBot/3.0 (+http://fulltext.sblog.cz/)"
142.4.208.160 - - [12/Oct/2013:20:25:56 +0200] "GET /news.php HTTP/1.1" 200 19796 "-" "Mozilla/4.0 (compatible; MSIE 6.0; Windows NT 5.1; SV1; Mozilla/4.0 (compatible; MSIE 6.0; Windows NT 5.1; SV1) )"
142.4.208.160 - - [12/Oct/2013:20:25:57 +0200] "POST /news.php/trackback/ HTTP/1.1" 200 19796 "http://www.mink-gmbh.de/news.php" "Mozilla/4.0 (compatible; MSIE 6.0; Windows NT 5.1; SV1)"
66.249.78.46 - - [12/Oct/2013:20:30:52 +0200] "GET /news.php?cs_go=archiv&cs_id=4610&cs_search= HTTP/1.1" 200 7593 "-" "Mozilla/5.0 (iPhone; U; CPU iPhone OS 4_1 like Mac OS X; en-us) AppleWebKit/532.9 (KHTML, like Gecko) Version/4.0.5 Mobile/8B117 Safari/6531.22.7 (compatible; Googlebot-Mobile/2.1; +http://www.google.com/bot.html)"
66.249.78.46 - - [12/Oct/2013:20:36:17 +0200] "GET /style.css HTTP/1.1" 200 8402 "http://www.mink-gmbh.de/news.php?cs_go=archiv&cs_id=4610&cs_search=" "Mozilla/5.0 (compatible; Googlebot/2.1; +http://www.google.com/bot.html)"
157.55.34.32 - - [12/Oct/2013:20:45:08 +0200] "GET /robots.txt HTTP/1.1" 200 177 "-" "Mozilla/5.0 (compatible; bingbot/2.0; +http://www.bing.com/bingbot.htm)"
157.55.34.32 - - [12/Oct/2013:20:46:06 +0200] "GET /impressum.php HTTP/1.1" 200 6360 "-" "Mozilla/5.0 (compatible; bingbot/2.0; +http://www.bing.com/bingbot.htm)"
142.4.208.160 - - [12/Oct/2013:20:48:20 +0200] "GET /news.php HTTP/1.1" 200 19796 "http://www.mink-gmbh.de/" "Mozilla/5.0 (Macintosh; Intel Mac OS X 10.6; rv:21.0) Gecko/20100101 Firefox/21.0"
142.4.208.160 - - [12/Oct/2013:20:48:26 +0200] "GET /kwk.php HTTP/1.1" 200 8484 "http://www.mink-gmbh.de/" "Mozilla/5.0 (Macintosh; Intel Mac OS X 10.6; rv:21.0) Gecko/20100101 Firefox/21.0"
66.249.78.46 - - [12/Oct/2013:20:54:02 +0200] "GET /news.php?cs_go=archiv&cs_id=4084 HTTP/1.1" 200 8927 "-" "Mozilla/5.0 (compatible; Googlebot/2.1; +http://www.google.com/bot.html)"
5.10.83.61 - - [12/Oct/2013:21:12:33 +0200] "GET /modernisierung.php HTTP/1.1" 200 9289 "-" "Mozilla/5.0 (compatible; AhrefsBot/5.0; +http://ahrefs.com/robot/)"
5.10.83.61 - - [12/Oct/2013:21:16:49 +0200] "GET /news.php?cs_go=archiv&cs_startpos=91 HTTP/1.1" 200 20452 "-" "Mozilla/5.0 (compatible; AhrefsBot/5.0; +http://ahrefs.com/robot/)"
66.249.66.49 - - [12/Oct/2013:21:25:24 +0200] "GET /news.php?cs_go=archiv&cs_id=4174&cs_search= HTTP/1.1" 200 7631 "-" "DoCoMo/2.0 N905i(c100;TB;W24H16) (compatible; Googlebot-Mobile/2.1; +http://www.google.com/bot.html)"
5.10.83.52 - - [12/Oct/2013:21:45:30 +0200] "GET /agb.php HTTP/1.1" 200 17598 "-" "Mozilla/5.0 (compatible; AhrefsBot/5.0; +http://ahrefs.com/robot/)"
88.73.102.149 - - [12/Oct/2013:21:54:54 +0200] "GET / HTTP/1.1" 200 12401 "-" "Mozilla/5.0 (iPad; CPU OS 7_0_2 like Mac OS X) AppleWebKit/537.51.1 (KHTML, like Gecko) Version/7.0 Mobile/11A501 Safari/9537.53"
88.73.102.149 - - [12/Oct/2013:21:54:55 +0200] "GET /js_contentserver24_greybox/gb_styles.css HTTP/1.1" 200 2302 "http://www.mink-gmbh.de/" "Mozilla/5.0 (iPad; CPU OS 7_0_2 like Mac OS X) AppleWebKit/537.51.1 (KHTML, like Gecko) Version/7.0 Mobile/11A501 Safari/9537.53"
88.73.102.149 - - [12/Oct/2013:21:54:55 +0200] "GET /js_contentserver24_greybox/AJS.js HTTP/1.1" 200 10396 "http://www.mink-gmbh.de/" "Mozilla/5.0 (iPad; CPU OS 7_0_2 like Mac OS X) AppleWebKit/537.51.1 (KHTML, like Gecko) Version/7.0 Mobile/11A501 Safari/9537.53"
88.73.102.149 - - [12/Oct/2013:21:54:55 +0200] "GET /js_contentserver24_greybox/AJS_fx.js HTTP/1.1" 200 3192 "http://www.mink-gmbh.de/" "Mozilla/5.0 (iPad; CPU OS 7_0_2 like Mac OS X) AppleWebKit/537.51.1 (KHTML, like Gecko) Version/7.0 Mobile/11A501 Safari/9537.53"
88.73.102.149 - - [12/Oct/2013:21:54:55 +0200] "GET /js_contentserver24_greybox/gb_scripts.js HTTP/1.1" 200 11913 "http://www.mink-gmbh.de/" "Mozilla/5.0 (iPad; CPU OS 7_0_2 like Mac OS X) AppleWebKit/537.51.1 (KHTML, like Gecko) Version/7.0 Mobile/11A501 Safari/9537.53"
88.73.102.149 - - [12/Oct/2013:21:55:06 +0200] "GET / HTTP/1.1" 200 5854 "-" "Mozilla/5.0 (iPad; CPU OS 7_0_2 like Mac OS X) AppleWebKit/537.51.1 (KHTML, like Gecko) Version/7.0 Mobile/11A501 Safari/9537.53"
88.73.102.149 - - [12/Oct/2013:21:55:19 +0200] "GET / HTTP/1.1" 200 11661 "-" "Mozilla/5.0 (iPad; CPU OS 7_0_2 like Mac OS X) AppleWebKit/537.51.1 (KHTML, like Gecko) Version/7.0 Mobile/11A501 Safari/9537.53"
88.73.102.149 - - [12/Oct/2013:21:55:20 +0200] "GET /images/close.png HTTP/1.1" 200 703 "http://www.mink-gmbh.de/" "Mozilla/5.0 (iPad; CPU OS 7_0_2 like Mac OS X) AppleWebKit/537.51.1 (KHTML, like Gecko) Version/7.0 Mobile/11A501 Safari/9537.53"
88.73.102.149 - - [12/Oct/2013:21:55:20 +0200] "GET /images/mobil.jpg HTTP/1.1" 200 25293 "http://www.mink-gmbh.de/" "Mozilla/5.0 (iPad; CPU OS 7_0_2 like Mac OS X) AppleWebKit/537.51.1 (KHTML, like Gecko) Version/7.0 Mobile/11A501 Safari/9537.53"
88.73.102.149 - - [12/Oct/2013:21:55:20 +0200] "GET /images/steigend.png HTTP/1.1" 200 688 "http://www.mink-gmbh.de/" "Mozilla/5.0 (iPad; CPU OS 7_0_2 like Mac OS X) AppleWebKit/537.51.1 (KHTML, like Gecko) Version/7.0 Mobile/11A501 Safari/9537.53"
88.73.102.149 - - [12/Oct/2013:21:55:20 +0200] "GET /images/newsletter_bg.jpg HTTP/1.1" 200 33610 "http://www.mink-gmbh.de/" "Mozilla/5.0 (iPad; CPU OS 7_0_2 like Mac OS X) AppleWebKit/537.51.1 (KHTML, like Gecko) Version/7.0 Mobile/11A501 Safari/9537.53"
88.73.102.149 - - [12/Oct/2013:21:55:20 +0200] "GET /images/fallend.png HTTP/1.1" 200 713 "http://www.mink-gmbh.de/" "Mozilla/5.0 (iPad; CPU OS 7_0_2 like Mac OS X) AppleWebKit/537.51.1 (KHTML, like Gecko) Version/7.0 Mobile/11A501 Safari/9537.53"
88.73.102.149 - - [12/Oct/2013:21:55:20 +0200] "GET /images/tkw.jpg HTTP/1.1" 200 64031 "http://www.mink-gmbh.de/" "Mozilla/5.0 (iPad; CPU OS 7_0_2 like Mac OS X) AppleWebKit/537.51.1 (KHTML, like Gecko) Version/7.0 Mobile/11A501 Safari/9537.53"
88.73.102.149 - - [12/Oct/2013:21:55:20 +0200] "GET /images/newsletter.jpg HTTP/1.1" 200 13130 "http://www.mink-gmbh.de/" "Mozilla/5.0 (iPad; CPU OS 7_0_2 like Mac OS X) AppleWebKit/537.51.1 (KHTML, like Gecko) Version/7.0 Mobile/11A501 Safari/9537.53"
88.73.102.149 - - [12/Oct/2013:21:55:20 +0200] "GET /images/mail.jpg HTTP/1.1" 200 11165 "http://www.mink-gmbh.de/" "Mozilla/5.0 (iPad; CPU OS 7_0_2 like Mac OS X) AppleWebKit/537.51.1 (KHTML, like Gecko) Version/7.0 Mobile/11A501 Safari/9537.53"
88.73.102.149 - - [12/Oct/2013:21:55:20 +0200] "GET /images/team-energie.png HTTP/1.1" 200 17383 "http://www.mink-gmbh.de/" "Mozilla/5.0 (iPad; CPU OS 7_0_2 like Mac OS X) AppleWebKit/537.51.1 (KHTML, like Gecko) Version/7.0 Mobile/11A501 Safari/9537.53"
88.73.102.149 - - [12/Oct/2013:21:55:20 +0200] "GET /images/logos.jpg?cache6411 HTTP/1.1" 200 35043 "http://www.mink-gmbh.de/" "Mozilla/5.0 (iPad; CPU OS 7_0_2 like Mac OS X) AppleWebKit/537.51.1 (KHTML, like Gecko) Version/7.0 Mobile/11A501 Safari/9537.53"
208.115.113.91 - - [12/Oct/2013:21:57:24 +0200] "GET /robots.txt HTTP/1.1" 200 177 "-" "Mozilla/5.0 (compatible; Ezooms/1.0; ezooms.bot@gmail.com)"
66.249.78.46 - - [12/Oct/2013:22:21:50 +0200] "GET /news.php?cs_go=archiv&cs_startpos=190 HTTP/1.1" 200 20363 "-" "Mozilla/5.0 (iPhone; U; CPU iPhone OS 4_1 like Mac OS X; en-us) AppleWebKit/532.9 (KHTML, like Gecko) Version/4.0.5 Mobile/8B117 Safari/6531.22.7 (compatible; Googlebot-Mobile/2.1; +http://www.google.com/bot.html)"
82.94.179.38 - - [12/Oct/2013:22:26:06 +0200] "GET /robots.txt HTTP/1.0" 200 177 "-" "Mozilla/4.0 (compatible; Freshbot/1.0/EU; http://webagent.wise-guys.nl/)"
82.94.179.38 - - [12/Oct/2013:22:26:06 +0200] "GET / HTTP/1.1" 200 12401 "-" "Mozilla/5.0 (X11; Linux i686; rv:6.0) Gecko/20100101 Firefox/6.0 (Freshbot/1.0/EU; http://webagent.wise-guys.nl/)"
5.10.83.73 - - [12/Oct/2013:22:42:22 +0200] "GET /news.php?cs_go=archiv&cs_id=4613&cs_search= HTTP/1.1" 200 8832 "-" "Mozilla/5.0 (compatible; AhrefsBot/5.0; +http://ahrefs.com/robot/)"
142.4.208.160 - - [12/Oct/2013:22:47:11 +0200] "GET /news.php HTTP/1.1" 200 19796 "http://www.mink-gmbh.de/" "Mozilla/5.0 (Macintosh; Intel Mac OS X 10.6; rv:21.0) Gecko/20100101 Firefox/21.0"
142.4.208.160 - - [12/Oct/2013:22:47:13 +0200] "GET /kwk.php HTTP/1.1" 200 8484 "http://www.mink-gmbh.de/" "Mozilla/5.0 (Macintosh; Intel Mac OS X 10.6; rv:21.0) Gecko/20100101 Firefox/21.0"
5.10.83.73 - - [12/Oct/2013:22:57:42 +0200] "GET /lexikon.php?cs_go=2&cs_char=s HTTP/1.1" 200 7669 "-" "Mozilla/5.0 (compatible; AhrefsBot/5.0; +http://ahrefs.com/robot/)"
144.76.42.76 - - [12/Oct/2013:23:11:00 +0200] "GET / HTTP/1.1" 200 12401 "-" "Mozilla/5.0 (Macintosh; Intel Mac OS X 10_8_2) AppleWebKit/537.17 (KHTML, like Gecko) Chrome/24.0.1312.52 Safari/537.17"
144.76.42.76 - - [12/Oct/2013:23:11:01 +0200] "GET / HTTP/1.1" 200 12401 "-" "Mozilla/5.0 (Macintosh; Intel Mac OS X 10_8_2) AppleWebKit/537.17 (KHTML, like Gecko) Chrome/24.0.1312.52 Safari/537.17"
5.10.83.61 - - [12/Oct/2013:23:15:33 +0200] "GET /news.php?cs_go=archiv&cs_id=4513&cs_search= HTTP/1.1" 200 7726 "-" "Mozilla/5.0 (compatible; AhrefsBot/5.0; +http://ahrefs.com/robot/)"
85.25.110.111 - - [12/Oct/2013:23:16:57 +0200] "GET /kwk.php HTTP/1.1" 200 8484 "-" "Mozilla/4.0 (compatible; MSIE 6.0; Windows 98; Win 9x4.90)"
5.10.83.42 - - [12/Oct/2013:23:27:15 +0200] "GET /lexikon.php?cs_go=2&cs_char=n HTTP/1.1" 200 6179 "-" "Mozilla/5.0 (compatible; AhrefsBot/5.0; +http://ahrefs.com/robot/)"
5.10.83.41 - - [12/Oct/2013:23:33:11 +0200] "GET /news.php?cs_go=archiv&cs_startpos=60 HTTP/1.1" 200 20411 "-" "Mozilla/5.0 (compatible; AhrefsBot/5.0; +http://ahrefs.com/robot/)"
141.8.147.12 - - [12/Oct/2013:23:33:52 +0200] "GET /robots.txt HTTP/1.1" 200 177 "-" "Mozilla/5.0 (compatible; YandexBot/3.0; +http://yandex.com/bots)"
141.8.147.12 - - [12/Oct/2013:23:33:54 +0200] "GET /images/wunschpreis.jpg HTTP/1.1" 200 16767 "-" "Mozilla/5.0 (compatible; YandexImages/3.0; +http://yandex.com/bots)"
66.249.78.46 - - [12/Oct/2013:23:38:43 +0200] "GET /news.php?cs_go=archiv&cs_id=4611&cs_search= HTTP/1.1" 200 8128 "-" "Mozilla/5.0 (iPhone; U; CPU iPhone OS 4_1 like Mac OS X; en-us) AppleWebKit/532.9 (KHTML, like Gecko) Version/4.0.5 Mobile/8B117 Safari/6531.22.7 (compatible; Googlebot-Mobile/2.1; +http://www.google.com/bot.html)"
5.10.83.64 - - [12/Oct/2013:23:47:01 +0200] "GET /news.php?cs_go=archiv&cs_startpos=140 HTTP/1.1" 200 20523 "-" "Mozilla/5.0 (compatible; AhrefsBot/5.0; +http://ahrefs.com/robot/)"
66.249.78.46 - - [12/Oct/2013:23:48:05 +0200] "GET /news.php?cs_go=archiv&cs_id=3933 HTTP/1.1" 200 8877 "-" "Mozilla/5.0 (compatible; Googlebot/2.1; +http://www.google.com/bot.html)"
141.8.147.12 - - [12/Oct/2013:23:52:42 +0200] "GET /images/kwk.gif HTTP/1.1" 200 6403 "-" "Mozilla/5.0 (compatible; YandexImages/3.0; +http://yandex.com/bots)"
141.8.147.12 - - [12/Oct/2013:23:58:28 +0200] "GET /images/freecall.jpg HTTP/1.1" 200 39195 "-" "Mozilla/5.0 (compatible; YandexImages/3.0; +http://yandex.com/bots)"
208.115.113.91 - - [13/Oct/2013:00:05:52 +0200] "GET /news.php?cs_go=archiv&cs_id=4493&cs_search= HTTP/1.1" 200 9509 "-" "Mozilla/5.0 (compatible; Ezooms/1.0; ezooms.bot@gmail.com)"
208.115.113.91 - - [13/Oct/2013:00:05:57 +0200] "GET /news.php?cs_go=archiv&cs_startpos=180 HTTP/1.1" 200 20235 "-" "Mozilla/5.0 (compatible; Ezooms/1.0; ezooms.bot@gmail.com)"
66.249.78.46 - - [13/Oct/2013:00:26:35 +0200] "GET /news.php?cs_go=archiv&cs_id=3839 HTTP/1.1" 200 11191 "-" "SAMSUNG-SGH-E250/1.0 Profile/MIDP-2.0 Configuration/CLDC-1.1 UP.Browser/6.2.3.3.c.1.101 (GUI) MMP/2.0 (compatible; Googlebot-Mobile/2.1; +http://www.google.com/bot.html)"
5.10.83.74 - - [13/Oct/2013:00:27:17 +0200] "GET /news.php?cs_go=archiv&cs_startpos=220 HTTP/1.1" 200 20241 "-" "Mozilla/5.0 (compatible; AhrefsBot/5.0; +http://ahrefs.com/robot/)"
157.55.32.52 - - [13/Oct/2013:00:27:54 +0200] "GET /robots.txt HTTP/1.1" 200 177 "-" "Mozilla/5.0 (compatible; bingbot/2.0; +http://www.bing.com/bingbot.htm)"
157.55.32.52 - - [13/Oct/2013:00:32:02 +0200] "GET /kontakt.php HTTP/1.1" 200 7021 "-" "Mozilla/5.0 (compatible; bingbot/2.0; +http://www.bing.com/bingbot.htm)"
117.78.13.18 - - [13/Oct/2013:00:37:57 +0200] "GET /robots.txt HTTP/1.0" 200 177 "-" "nutch-1.4/Nutch-1.4"
117.78.13.18 - - [13/Oct/2013:00:37:58 +0200] "GET / HTTP/1.0" 200 12401 "-" "nutch-1.4/Nutch-1.4"
5.10.83.61 - - [13/Oct/2013:00:45:17 +0200] "GET /faq.php HTTP/1.1" 200 216868 "-" "Mozilla/5.0 (compatible; AhrefsBot/5.0; +http://ahrefs.com/robot/)"
5.10.83.41 - - [13/Oct/2013:00:45:31 +0200] "GET /lexikon.php?cs_go=3&cs_id=158 HTTP/1.1" 200 5955 "-" "Mozilla/5.0 (compatible; AhrefsBot/5.0; +http://ahrefs.com/robot/)"
123.151.148.178 - - [13/Oct/2013:00:54:32 +0200] "GET /robots.txt HTTP/1.1" 200 177 "http://www.mink-gmbh.de/" "Mozilla/5.0 (compatible; MSIE 8.0; Windows NT 6.1)"
65.36.241.79 - - [13/Oct/2013:00:56:53 +0200] "HEAD / HTTP/1.1" 200 - "-" "InternetSeer.com"
66.249.78.46 - - [13/Oct/2013:00:57:19 +0200] "GET /news.php?cs_go=archiv&cs_id=4057 HTTP/1.1" 200 10900 "-" "SAMSUNG-SGH-E250/1.0 Profile/MIDP-2.0 Configuration/CLDC-1.1 UP.Browser/6.2.3.3.c.1.101 (GUI) MMP/2.0 (compatible; Googlebot-Mobile/2.1; +http://www.google.com/bot.html)"
5.10.83.61 - - [13/Oct/2013:00:58:22 +0200] "GET /news.php?cs_go=archiv&cs_id=4419&cs_search= HTTP/1.1" 200 8730 "-" "Mozilla/5.0 (compatible; AhrefsBot/5.0; +http://ahrefs.com/robot/)"
