91.9.218.71 - - [17/Oct/2013:17:36:43 +0200] "GET /jobs.php HTTP/1.1" 200 5020 "http://www.mink-gmbh.de/kontakt.php" "Mozilla/5.0 (Windows NT 5.1; rv:24.0) Gecko/20100101 Firefox/24.0"
91.9.218.71 - - [17/Oct/2013:17:36:43 +0200] "GET /images/logos.jpg?cache1588 HTTP/1.1" 200 35043 "http://www.mink-gmbh.de/jobs.php" "Mozilla/5.0 (Windows NT 5.1; rv:24.0) Gecko/20100101 Firefox/24.0"
91.9.218.71 - - [17/Oct/2013:17:36:45 +0200] "GET /kontakt.php HTTP/1.1" 200 7021 "http://www.mink-gmbh.de/impressum.php" "Mozilla/5.0 (Windows NT 5.1; rv:24.0) Gecko/20100101 Firefox/24.0"
91.9.218.71 - - [17/Oct/2013:17:36:45 +0200] "GET /images/logos.jpg?cache8580 HTTP/1.1" 200 35043 "http://www.mink-gmbh.de/kontakt.php" "Mozilla/5.0 (Windows NT 5.1; rv:24.0) Gecko/20100101 Firefox/24.0"
91.9.218.71 - - [17/Oct/2013:17:36:46 +0200] "GET /impressum.php HTTP/1.1" 200 6360 "http://www.mink-gmbh.de/index.php" "Mozilla/5.0 (Windows NT 5.1; rv:24.0) Gecko/20100101 Firefox/24.0"
91.9.218.71 - - [17/Oct/2013:17:36:46 +0200] "GET /impressum.php HTTP/1.1" 200 6360 "http://www.mink-gmbh.de/index.php" "Mozilla/5.0 (Windows NT 5.1; rv:24.0) Gecko/20100101 Firefox/24.0"
91.9.218.71 - - [17/Oct/2013:17:36:46 +0200] "GET /images/logos.jpg?cache7006 HTTP/1.1" 200 35043 "http://www.mink-gmbh.de/impressum.php" "Mozilla/5.0 (Windows NT 5.1; rv:24.0) Gecko/20100101 Firefox/24.0"
91.9.218.71 - - [17/Oct/2013:17:36:47 +0200] "GET /index.php HTTP/1.1" 200 11695 "http://www.mink-gmbh.de/agb.php" "Mozilla/5.0 (Windows NT 5.1; rv:24.0) Gecko/20100101 Firefox/24.0"
91.9.218.71 - - [17/Oct/2013:17:36:47 +0200] "GET /images/logos.jpg?cache2237 HTTP/1.1" 200 35043 "http://www.mink-gmbh.de/index.php" "Mozilla/5.0 (Windows NT 5.1; rv:24.0) Gecko/20100101 Firefox/24.0"
91.9.218.71 - - [17/Oct/2013:17:36:48 +0200] "GET /agb.php HTTP/1.1" 200 17598 "http://www.google.de/url?sa=t&rct=j&q=&esrc=s&source=web&cd=39&ved=0CHsQFjAIOB4&url=http%3A%2F%2Fwww.mink-gmbh.de%2Fagb.php&ei=aQNgUuPvHMLtswbYmYDADQ&usg=AFQjCNHBvP9iHiLUgIDG2G0vQqMKPCAwoA&bvm=bv.54176721,d.Yms" "Mozilla/5.0 (Windows NT 5.1; rv:24.0) Gecko/20100101 Firefox/24.0"
91.9.218.71 - - [17/Oct/2013:17:36:48 +0200] "GET /images/logos.jpg?cache7033 HTTP/1.1" 200 35043 "http://www.mink-gmbh.de/agb.php" "Mozilla/5.0 (Windows NT 5.1; rv:24.0) Gecko/20100101 Firefox/24.0"
66.249.78.46 - - [17/Oct/2013:17:49:25 +0200] "GET /images/logos.jpg?cache3668 HTTP/1.1" 200 35043 "-" "Googlebot-Image/1.0"
5.10.83.68 - - [17/Oct/2013:17:53:25 +0200] "GET /lexikon.php?cs_go=3&cs_id=119 HTTP/1.1" 200 5743 "-" "Mozilla/5.0 (compatible; AhrefsBot/5.0; +http://ahrefs.com/robot/)"
141.8.147.12 - - [17/Oct/2013:18:02:43 +0200] "GET /news.php?cs_go=archiv&cs_startpos=580 HTTP/1.1" 200 5727 "-" "Mozilla/5.0 (compatible; YandexBot/3.0; +http://yandex.com/bots)"
141.8.147.12 - - [17/Oct/2013:18:02:46 +0200] "GET /images/additive_flame.jpg HTTP/1.1" 404 - "-" "Mozilla/5.0 (compatible; YandexImages/3.0; +http://yandex.com/bots)"
217.69.133.216 - - [17/Oct/2013:18:11:29 +0200] "GET /robots.txt HTTP/1.0" 200 177 "-" "Mozilla/5.0 (compatible; Linux x86_64; Mail.RU_Bot/2.0; +http://go.mail.ru/help/robots)"
217.69.133.219 - - [17/Oct/2013:18:11:30 +0200] "GET /images/logos.jpg?cache5636 HTTP/1.0" 200 35043 "-" "Mozilla/5.0 (compatible; Linux x86_64; Mail.RU_Bot/2.0; +http://go.mail.ru/help/robots)"
5.10.83.103 - - [17/Oct/2013:18:14:19 +0200] "GET /news.php?cs_go=archiv&cs_startpos=160 HTTP/1.1" 200 20769 "-" "Mozilla/5.0 (compatible; AhrefsBot/5.0; +http://ahrefs.com/robot/)"
66.249.78.46 - - [17/Oct/2013:18:18:34 +0200] "GET /news.php HTTP/1.1" 200 19856 "-" "SAMSUNG-SGH-E250/1.0 Profile/MIDP-2.0 Configuration/CLDC-1.1 UP.Browser/6.2.3.3.c.1.101 (GUI) MMP/2.0 (compatible; Googlebot-Mobile/2.1; +http://www.google.com/bot.html)"
5.10.83.90 - - [17/Oct/2013:18:18:53 +0200] "GET /news.php?cs_go=archiv&cs_id=4586&cs_search= HTTP/1.1" 200 8916 "-" "Mozilla/5.0 (compatible; AhrefsBot/5.0; +http://ahrefs.com/robot/)"
5.10.83.23 - - [17/Oct/2013:18:19:43 +0200] "GET /lexikon.php?cs_go=3&cs_id=121 HTTP/1.1" 200 5974 "-" "Mozilla/5.0 (compatible; AhrefsBot/5.0; +http://ahrefs.com/robot/)"
66.249.75.49 - - [17/Oct/2013:18:26:00 +0200] "GET /news.php?cs_go=archiv&cs_id=4175&cs_search= HTTP/1.1" 200 8580 "-" "DoCoMo/2.0 N905i(c100;TB;W24H16) (compatible; Googlebot-Mobile/2.1; +http://www.google.com/bot.html)"
66.249.78.46 - - [17/Oct/2013:18:29:03 +0200] "GET /news.php?cs_go=archiv&cs_id=4223&cs_search= HTTP/1.1" 200 7588 "-" "Mozilla/5.0 (iPhone; CPU iPhone OS 6_0 like Mac OS X) AppleWebKit/536.26 (KHTML, like Gecko) Version/6.0 Mobile/10A5376e Safari/8536.25 (compatible; Googlebot-Mobile/2.1; +http://www.google.com/bot.html)"
5.10.83.23 - - [17/Oct/2013:18:33:47 +0200] "GET /news.php?cs_go=archiv&cs_startpos=130 HTTP/1.1" 200 20592 "-" "Mozilla/5.0 (compatible; AhrefsBot/5.0; +http://ahrefs.com/robot/)"
66.249.78.46 - - [17/Oct/2013:18:39:53 +0200] "GET /images/logos.jpg?cache9253 HTTP/1.1" 200 35043 "-" "Googlebot-Image/1.0"
5.10.83.98 - - [17/Oct/2013:18:45:34 +0200] "GET /\"http://www.brennstoffboerse.de/index.php?go=fluessiggas_pruefung\" HTTP/1.1" 404 - "-" "Mozilla/5.0 (compatible; AhrefsBot/5.0; +http://ahrefs.com/robot/)"
85.13.131.53 - - [17/Oct/2013:18:49:04 +0200] "GET / HTTP/1.0" 200 3979 "-" "-"
85.13.131.53 - - [17/Oct/2013:18:49:04 +0200] "GET / HTTP/1.0" 200 1686 "-" "-"
5.10.83.23 - - [17/Oct/2013:18:50:09 +0200] "GET /lexikon.php?cs_go=3&cs_id=217 HTTP/1.1" 200 5722 "-" "Mozilla/5.0 (compatible; AhrefsBot/5.0; +http://ahrefs.com/robot/)"
5.10.83.73 - - [17/Oct/2013:18:57:50 +0200] "GET /lexikon.php?cs_go=3&cs_id=195 HTTP/1.1" 200 6599 "-" "Mozilla/5.0 (compatible; AhrefsBot/5.0; +http://ahrefs.com/robot/)"
5.10.83.68 - - [17/Oct/2013:19:03:32 +0200] "GET /news.php?cs_go=archiv&cs_id=4603&cs_search= HTTP/1.1" 200 10007 "-" "Mozilla/5.0 (compatible; AhrefsBot/5.0; +http://ahrefs.com/robot/)"
5.10.83.95 - - [17/Oct/2013:19:04:11 +0200] "GET /modernisierung.php HTTP/1.1" 200 9289 "-" "Mozilla/5.0 (compatible; AhrefsBot/5.0; +http://ahrefs.com/robot/)"
141.8.147.12 - - [17/Oct/2013:19:05:45 +0200] "GET /news.php?cs_go=archiv&cs_startpos=530 HTTP/1.1" 200 5727 "-" "Mozilla/5.0 (compatible; YandexBot/3.0; +http://yandex.com/bots)"
199.30.16.52 - - [17/Oct/2013:19:07:22 +0200] "GET /robots.txt HTTP/1.1" 200 177 "-" "msnbot-media/1.1 (+http://search.msn.com/msnbot.htm)"
199.30.16.52 - - [17/Oct/2013:19:07:23 +0200] "GET /images/wunschpreis.jpg HTTP/1.1" 200 16767 "-" "msnbot-media/1.1 (+http://search.msn.com/msnbot.htm)"
65.36.241.79 - - [17/Oct/2013:19:17:26 +0200] "HEAD / HTTP/1.1" 200 - "-" "InternetSeer.com"
5.10.83.79 - - [17/Oct/2013:19:23:49 +0200] "GET /lexikon.php?cs_go=3&cs_id=49 HTTP/1.1" 200 6736 "-" "Mozilla/5.0 (compatible; AhrefsBot/5.0; +http://ahrefs.com/robot/)"
66.249.78.46 - - [17/Oct/2013:19:30:21 +0200] "GET /images/logos.jpg?cache9031 HTTP/1.1" 200 35043 "-" "Googlebot-Image/1.0"
5.10.83.103 - - [17/Oct/2013:19:42:22 +0200] "GET /lexikon.php?cs_go=3&cs_id=187 HTTP/1.1" 200 6104 "-" "Mozilla/5.0 (compatible; AhrefsBot/5.0; +http://ahrefs.com/robot/)"
178.77.126.55 - - [17/Oct/2013:19:42:36 +0200] "GET /robots.txt HTTP/1.1" 200 177 "-" "Mozilla/5.0 (compatible; CareerBot/1.1; +http://www.career-x.de/bot.html)"
178.77.126.55 - - [17/Oct/2013:19:42:36 +0200] "GET / HTTP/1.1" 200 12435 "-" "Mozilla/5.0 (compatible; CareerBot/1.1; +http://www.career-x.de/bot.html)"
5.10.83.95 - - [17/Oct/2013:19:43:30 +0200] "GET /lexikon.php?cs_go=3&cs_id=54 HTTP/1.1" 200 5603 "-" "Mozilla/5.0 (compatible; AhrefsBot/5.0; +http://ahrefs.com/robot/)"
5.10.83.81 - - [17/Oct/2013:19:57:32 +0200] "GET /lexikon.php?cs_go=3&cs_id=230 HTTP/1.1" 200 6161 "-" "Mozilla/5.0 (compatible; AhrefsBot/5.0; +http://ahrefs.com/robot/)"
66.249.78.46 - - [17/Oct/2013:20:05:39 +0200] "GET /news.php?cs_go=archiv&cs_id=4635&cs_search= HTTP/1.1" 200 7684 "-" "Mozilla/5.0 (iPhone; CPU iPhone OS 6_0 like Mac OS X) AppleWebKit/536.26 (KHTML, like Gecko) Version/6.0 Mobile/10A5376e Safari/8536.25 (compatible; Googlebot-Mobile/2.1; +http://www.google.com/bot.html)"
5.10.83.90 - - [17/Oct/2013:20:15:51 +0200] "GET /lexikon.php?cs_go=3&cs_id=122 HTTP/1.1" 200 5820 "-" "Mozilla/5.0 (compatible; AhrefsBot/5.0; +http://ahrefs.com/robot/)"
66.249.75.49 - - [17/Oct/2013:20:20:50 +0200] "GET /images/logos.jpg?cache8767 HTTP/1.1" 200 35043 "-" "Googlebot-Image/1.0"
27.159.229.119 - - [17/Oct/2013:20:31:31 +0200] "GET /news.php?cs_go=archiv&cs_id=4545 HTTP/1.0" 200 9761 "http://www.mink-gmbh.de/news.php?cs_go=archiv&cs_id=4545" "Mozilla/5.0 (compatible; MSIE 9.0; Windows NT 6.1; WOW64; Trident/5.0)"
5.10.83.95 - - [17/Oct/2013:20:34:39 +0200] "GET /lexikon.php?cs_go=2&cs_char=y HTTP/1.1" 200 6211 "-" "Mozilla/5.0 (compatible; AhrefsBot/5.0; +http://ahrefs.com/robot/)"
141.8.147.12 - - [17/Oct/2013:20:36:10 +0200] "GET /news.php?cs_go=archiv&cs_startpos=400 HTTP/1.1" 200 5727 "-" "Mozilla/5.0 (compatible; YandexBot/3.0; +http://yandex.com/bots)"
5.10.83.79 - - [17/Oct/2013:20:40:26 +0200] "GET /news.php?cs_go=archiv&cs_startpos=71 HTTP/1.1" 200 20499 "-" "Mozilla/5.0 (compatible; AhrefsBot/5.0; +http://ahrefs.com/robot/)"
5.10.83.37 - - [17/Oct/2013:20:45:58 +0200] "GET /lexikon.php?cs_go=3&cs_id=40 HTTP/1.1" 200 9708 "-" "Mozilla/5.0 (compatible; AhrefsBot/5.0; +http://ahrefs.com/robot/)"
5.10.83.98 - - [17/Oct/2013:20:53:53 +0200] "GET /lexikon.php?cs_go=3&cs_id=226 HTTP/1.1" 200 6354 "-" "Mozilla/5.0 (compatible; AhrefsBot/5.0; +http://ahrefs.com/robot/)"
5.10.83.73 - - [17/Oct/2013:20:56:59 +0200] "GET /news.php?cs_go=archiv&cs_id=4631&cs_search= HTTP/1.1" 200 7762 "-" "Mozilla/5.0 (compatible; AhrefsBot/5.0; +http://ahrefs.com/robot/)"
5.10.83.37 - - [17/Oct/2013:21:04:41 +0200] "GET /news.php?cs_go=archiv&cs_id=4378&cs_search= HTTP/1.1" 200 8848 "-" "Mozilla/5.0 (compatible; AhrefsBot/5.0; +http://ahrefs.com/robot/)"
141.8.147.12 - - [17/Oct/2013:21:07:14 +0200] "GET /news.php?cs_go=archiv&cs_startpos=470 HTTP/1.1" 200 5727 "-" "Mozilla/5.0 (compatible; YandexBot/3.0; +http://yandex.com/bots)"
77.185.216.98 - - [17/Oct/2013:21:09:14 +0200] "GET /faq.php HTTP/1.1" 200 216868 "-" "Mozilla/5.0 (Windows; U; Windows NT 6.1; en-US; rv:1.9.2.2) Gecko/20100316 Firefox/3.6.2"
85.179.166.243 - - [17/Oct/2013:21:09:15 +0200] "GET /lexikon.php HTTP/1.1" 200 8152 "-" "Mozilla/5.0 (X11; U; Linux x86_64; en-US; rv:1.9.0.19) Gecko/2010102809 Iceweasel/3.0.6 (Debian-3.0.6-3)"
77.185.216.98 - - [17/Oct/2013:21:09:15 +0200] "GET /foerdermittel.php HTTP/1.1" 200 10510 "-" "Mozilla/5.0 (Windows; U; Windows NT 5.1; de; rv:1.9.0.10) Gecko/2009042316 Firefox/3.0.10"
77.185.216.98 - - [17/Oct/2013:21:09:15 +0200] "GET /news.php HTTP/1.1" 200 19856 "-" "Mozilla/5.0 (X11; U; Linux x86_64; en-US; rv:1.9.0.19) Gecko/2010102809 Iceweasel/3.0.6 (Debian-3.0.6-3)"
85.179.166.243 - - [17/Oct/2013:21:09:15 +0200] "GET /newsletter.php HTTP/1.1" 200 6529 "-" "Mozilla/5.0 (X11; U; Linux x86_64; en-US; rv:1.9.0.19) Gecko/2010102809 Iceweasel/3.0.6 (Debian-3.0.6-3)"
85.179.166.243 - - [17/Oct/2013:21:09:16 +0200] "GET /%22http://www.brennstoffboerse.de/index.php?go=fluessiggas_tank%22 HTTP/1.1" 404 - "-" "Mozilla/5.0 (X11; U; Linux x86_64; en-US; rv:1.9.0.19) Gecko/2010102809 Iceweasel/3.0.6 (Debian-3.0.6-3)"
79.193.130.244 - - [17/Oct/2013:21:09:15 +0200] "GET /modernisierung.php HTTP/1.1" 200 9289 "-" "Mozilla/5.0 (Windows; U; Windows NT 5.1; de; rv:1.9.0.10) Gecko/2009042316 Firefox/3.0.10"
62.157.48.54 - - [17/Oct/2013:21:09:15 +0200] "GET /preisanfrage.php HTTP/1.1" 200 8557 "-" "Mozilla/5.0 (Windows; U; Windows NT 6.1; en-US; rv:1.9.2.2) Gecko/20100316 Firefox/3.6.2"
77.185.216.98 - - [17/Oct/2013:21:09:16 +0200] "GET /%22http://www.brennstoffboerse.de/index.php?go=fluessiggas_pruefung%22 HTTP/1.1" 404 - "-" "Mozilla/5.0 (Windows; U; Windows NT 5.1; de; rv:1.9.0.10) Gecko/2009042316 Firefox/3.0.10"
77.185.216.98 - - [17/Oct/2013:21:09:15 +0200] "GET /kontakt.php HTTP/1.1" 200 7021 "-" "Mozilla/5.0 (Windows; U; Windows NT 6.1; en-US; rv:1.9.2.2) Gecko/20100316 Firefox/3.6.2"
91.23.7.162 - - [17/Oct/2013:21:09:16 +0200] "GET /jobs.php HTTP/1.1" 200 5020 "-" "Mozilla/5.0 (Windows; U; Windows NT 6.1; en-US; rv:1.9.2.2) Gecko/20100316 Firefox/3.6.2"
85.179.166.243 - - [17/Oct/2013:21:09:16 +0200] "GET /rueckrufservice.php HTTP/1.1" 200 8337 "-" "Mozilla/5.0 (Windows; U; Windows NT 6.1; en-US; rv:1.9.2.2) Gecko/20100316 Firefox/3.6.2"
84.191.142.43 - - [17/Oct/2013:21:09:15 +0200] "GET /index.php HTTP/1.1" 200 12435 "-" "Mozilla/5.0 (Windows; U; Windows NT 6.1; en-US; rv:1.9.2.2) Gecko/20100316 Firefox/3.6.2"
91.23.7.162 - - [17/Oct/2013:21:09:18 +0200] "GET /standard.php HTTP/1.1" 200 6807 "-" "Mozilla/5.0 (Windows; U; Windows NT 6.1; en-US; rv:1.9.2.2) Gecko/20100316 Firefox/3.6.2"
91.23.7.162 - - [17/Oct/2013:21:09:18 +0200] "GET /energiesparcheck.php HTTP/1.1" 200 11181 "-" "Mozilla/5.0 (X11; U; Linux x86_64; en-US; rv:1.9.0.19) Gecko/2010102809 Iceweasel/3.0.6 (Debian-3.0.6-3)"
85.179.166.230 - - [17/Oct/2013:21:09:45 +0200] "GET /wunschpreis.php HTTP/1.1" 200 10292 "-" "Mozilla/5.0 (X11; U; Linux x86_64; en-US; rv:1.9.0.19) Gecko/2010102809 Iceweasel/3.0.6 (Debian-3.0.6-3)"
66.249.78.46 - - [17/Oct/2013:21:10:06 +0200] "GET /news.php?cs_go=archiv&cs_id=4206&cs_search= HTTP/1.1" 200 11458 "-" "Mozilla/5.0 (iPhone; CPU iPhone OS 6_0 like Mac OS X) AppleWebKit/536.26 (KHTML, like Gecko) Version/6.0 Mobile/10A5376e Safari/8536.25 (compatible; Googlebot-Mobile/2.1; +http://www.google.com/bot.html)"
66.249.78.46 - - [17/Oct/2013:21:11:18 +0200] "GET /images/logos.jpg?cache8677 HTTP/1.1" 200 35043 "-" "Googlebot-Image/1.0"
5.10.83.79 - - [17/Oct/2013:21:11:56 +0200] "GET /news.php?cs_go=archiv&cs_id=4363&cs_search= HTTP/1.1" 200 11463 "-" "Mozilla/5.0 (compatible; AhrefsBot/5.0; +http://ahrefs.com/robot/)"
5.10.83.103 - - [17/Oct/2013:21:20:43 +0200] "GET /lexikon.php?cs_go=2&cs_char=q HTTP/1.1" 200 5763 "-" "Mozilla/5.0 (compatible; AhrefsBot/5.0; +http://ahrefs.com/robot/)"
5.10.83.98 - - [17/Oct/2013:21:39:12 +0200] "GET /preisanfrage.php HTTP/1.1" 200 8557 "-" "Mozilla/5.0 (compatible; AhrefsBot/5.0; +http://ahrefs.com/robot/)"
5.10.83.72 - - [17/Oct/2013:21:39:38 +0200] "GET /schwefelarmstandard.php HTTP/1.1" 200 10767 "-" "Mozilla/5.0 (compatible; AhrefsBot/5.0; +http://ahrefs.com/robot/)"
5.10.83.95 - - [17/Oct/2013:21:40:08 +0200] "GET /.php HTTP/1.1" 404 - "-" "Mozilla/5.0 (compatible; AhrefsBot/5.0; +http://ahrefs.com/robot/)"
5.10.83.37 - - [17/Oct/2013:21:40:47 +0200] "GET /news.php?cs_go=archiv&cs_id=4381&cs_search= HTTP/1.1" 200 10816 "-" "Mozilla/5.0 (compatible; AhrefsBot/5.0; +http://ahrefs.com/robot/)"
5.10.83.103 - - [17/Oct/2013:21:43:09 +0200] "GET /news.php?cs_go=archiv&cs_id=4600&cs_search= HTTP/1.1" 200 11567 "-" "Mozilla/5.0 (compatible; AhrefsBot/5.0; +http://ahrefs.com/robot/)"
176.9.138.27 - - [17/Oct/2013:21:45:39 +0200] "GET /robots.txt HTTP/1.1" 200 177 "-" "Mozilla/5.0 (compatible; Spiderlytics/1.0; +spider@spiderlytics.com)"
5.10.83.68 - - [17/Oct/2013:21:56:02 +0200] "GET /lexikon.php?cs_go=2&cs_char=a HTTP/1.1" 200 7404 "-" "Mozilla/5.0 (compatible; AhrefsBot/5.0; +http://ahrefs.com/robot/)"
66.249.78.46 - - [17/Oct/2013:22:00:07 +0200] "GET /news.php?cs_go=archiv&cs_id=3327&cs_search= HTTP/1.1" 200 9474 "-" "Mozilla/5.0 (compatible; Googlebot/2.1; +http://www.google.com/bot.html)"
5.10.83.81 - - [17/Oct/2013:22:00:51 +0200] "GET /news.php?cs_go=archiv&cs_id=4482&cs_search= HTTP/1.1" 200 8950 "-" "Mozilla/5.0 (compatible; AhrefsBot/5.0; +http://ahrefs.com/robot/)"
66.249.78.46 - - [17/Oct/2013:22:01:46 +0200] "GET /images/logos.jpg?cache7098 HTTP/1.1" 200 35043 "-" "Googlebot-Image/1.0"
5.10.83.79 - - [17/Oct/2013:22:04:59 +0200] "GET /lexikon.php?cs_go=3&cs_id=229 HTTP/1.1" 200 5597 "-" "Mozilla/5.0 (compatible; AhrefsBot/5.0; +http://ahrefs.com/robot/)"
5.10.83.68 - - [17/Oct/2013:22:10:41 +0200] "GET /lexikon.php?cs_go=2&cs_char=l HTTP/1.1" 200 6374 "-" "Mozilla/5.0 (compatible; AhrefsBot/5.0; +http://ahrefs.com/robot/)"
66.249.78.46 - - [17/Oct/2013:22:13:38 +0200] "GET /news.php?cs_go=archiv&cs_id=4058 HTTP/1.1" 200 7725 "-" "SAMSUNG-SGH-E250/1.0 Profile/MIDP-2.0 Configuration/CLDC-1.1 UP.Browser/6.2.3.3.c.1.101 (GUI) MMP/2.0 (compatible; Googlebot-Mobile/2.1; +http://www.google.com/bot.html)"
5.10.83.23 - - [17/Oct/2013:22:20:19 +0200] "GET /news.php?cs_go=archiv&cs_id=4630&cs_search= HTTP/1.1" 200 11708 "-" "Mozilla/5.0 (compatible; AhrefsBot/5.0; +http://ahrefs.com/robot/)"
66.249.78.46 - - [17/Oct/2013:22:23:25 +0200] "GET / HTTP/1.1" 200 12435 "-" "Mozilla/5.0 (iPhone; CPU iPhone OS 6_0 like Mac OS X) AppleWebKit/536.26 (KHTML, like Gecko) Version/6.0 Mobile/10A5376e Safari/8536.25 (compatible; Googlebot-Mobile/2.1; +http://www.google.com/bot.html)"
5.10.83.23 - - [17/Oct/2013:22:33:41 +0200] "GET /news.php?cs_go=archiv&cs_startpos=201 HTTP/1.1" 200 20263 "-" "Mozilla/5.0 (compatible; AhrefsBot/5.0; +http://ahrefs.com/robot/)"
5.10.83.23 - - [17/Oct/2013:22:34:03 +0200] "GET /news.php HTTP/1.1" 200 19856 "-" "Mozilla/5.0 (compatible; AhrefsBot/5.0; +http://ahrefs.com/robot/)"
5.10.83.90 - - [17/Oct/2013:22:36:38 +0200] "GET /lexikon.php?cs_go=3&cs_id=72 HTTP/1.1" 200 7001 "-" "Mozilla/5.0 (compatible; AhrefsBot/5.0; +http://ahrefs.com/robot/)"
5.10.83.98 - - [17/Oct/2013:22:38:23 +0200] "GET /news.php?cs_go=archiv&cs_id=4609&cs_search= HTTP/1.1" 200 13932 "-" "Mozilla/5.0 (compatible; AhrefsBot/5.0; +http://ahrefs.com/robot/)"
5.10.83.72 - - [17/Oct/2013:22:41:22 +0200] "GET /lexikon.php?cs_go=3&cs_id=232 HTTP/1.1" 200 5574 "-" "Mozilla/5.0 (compatible; AhrefsBot/5.0; +http://ahrefs.com/robot/)"
5.10.83.81 - - [17/Oct/2013:22:42:38 +0200] "GET /lexikon.php?cs_go=3&cs_id=38 HTTP/1.1" 200 5773 "-" "Mozilla/5.0 (compatible; AhrefsBot/5.0; +http://ahrefs.com/robot/)"
66.249.78.46 - - [17/Oct/2013:22:52:14 +0200] "GET /images/logos.jpg?cache2889 HTTP/1.1" 200 35043 "-" "Googlebot-Image/1.0"
82.94.179.38 - - [17/Oct/2013:23:10:01 +0200] "GET /robots.txt HTTP/1.0" 200 177 "-" "Mozilla/4.0 (compatible; Freshbot/1.0/EU; http://webagent.wise-guys.nl/)"
82.94.179.38 - - [17/Oct/2013:23:10:01 +0200] "GET / HTTP/1.1" 200 12435 "-" "Mozilla/5.0 (X11; Linux i686; rv:6.0) Gecko/20100101 Firefox/6.0 (Freshbot/1.0/EU; http://webagent.wise-guys.nl/)"
82.94.179.38 - - [17/Oct/2013:23:10:09 +0200] "GET /news.php?cs_go=archiv&cs_id=4622 HTTP/1.1" 200 8988 "-" "Mozilla/5.0 (X11; Linux i686; rv:6.0) Gecko/20100101 Firefox/6.0 (Freshbot/1.0/EU; http://webagent.wise-guys.nl/)"
82.94.179.38 - - [17/Oct/2013:23:10:14 +0200] "GET /news.php?cs_go=archiv&cs_id=4644 HTTP/1.1" 200 11647 "-" "Mozilla/5.0 (X11; Linux i686; rv:6.0) Gecko/20100101 Firefox/6.0 (Freshbot/1.0/EU; http://webagent.wise-guys.nl/)"
82.94.179.38 - - [17/Oct/2013:23:10:19 +0200] "GET /news.php?cs_go=archiv&cs_id=4643 HTTP/1.1" 200 7723 "-" "Mozilla/5.0 (X11; Linux i686; rv:6.0) Gecko/20100101 Firefox/6.0 (Freshbot/1.0/EU; http://webagent.wise-guys.nl/)"
66.249.78.46 - - [17/Oct/2013:23:10:51 +0200] "GET /news.php?cs_go=archiv&cs_id=3503 HTTP/1.1" 200 10618 "-" "Mozilla/5.0 (compatible; Googlebot/2.1; +http://www.google.com/bot.html)"
66.249.78.46 - - [17/Oct/2013:23:27:22 +0200] "GET /js_contentserver24_greybox/gb_styles.css HTTP/1.1" 200 2302 "-" "Mozilla/5.0 (compatible; Googlebot/2.1; +http://www.google.com/bot.html)"
176.9.138.27 - - [17/Oct/2013:23:37:47 +0200] "GET /robots.txt HTTP/1.1" 200 177 "-" "Mozilla/5.0 (compatible; Spiderlytics/1.0; +spider@spiderlytics.com)"
212.114.44.144 - - [17/Oct/2013:23:52:25 +0200] "GET /optiplus.php HTTP/1.1" 200 8676 "-" "Mozilla/5.0 (Windows NT 6.1; WOW64; rv:18.0) Gecko/20100101 Firefox/18.0"
66.249.78.46 - - [17/Oct/2013:23:56:33 +0200] "GET /images/logos.jpg?cache1765 HTTP/1.1" 200 35043 "-" "Googlebot-Image/1.0"
141.8.147.12 - - [18/Oct/2013:00:01:49 +0200] "GET /robots.txt HTTP/1.1" 200 177 "-" "Mozilla/5.0 (compatible; YandexBot/3.0; +http://yandex.com/bots)"
176.9.138.27 - - [18/Oct/2013:00:22:37 +0200] "GET /robots.txt HTTP/1.1" 200 177 "-" "Mozilla/5.0 (compatible; Spiderlytics/1.0; +spider@spiderlytics.com)"
176.9.138.27 - - [18/Oct/2013:00:22:37 +0200] "GET /ansprechpartner.php HTTP/1.1" 404 - "-" "Mozilla/5.0 (compatible; Spiderlytics/1.0; +spider@spiderlytics.com)"
65.36.241.79 - - [18/Oct/2013:00:25:46 +0200] "HEAD / HTTP/1.1" 200 - "-" "InternetSeer.com"
5.10.83.81 - - [18/Oct/2013:00:31:05 +0200] "GET /news.php?cs_go=archiv&cs_id=4425&cs_search= HTTP/1.1" 200 11770 "-" "Mozilla/5.0 (compatible; AhrefsBot/5.0; +http://ahrefs.com/robot/)"
5.10.83.95 - - [18/Oct/2013:00:33:13 +0200] "GET /lexikon.php?cs_go=3&cs_id=212 HTTP/1.1" 200 6144 "-" "Mozilla/5.0 (compatible; AhrefsBot/5.0; +http://ahrefs.com/robot/)"
66.249.78.46 - - [18/Oct/2013:00:34:56 +0200] "GET /news.php?cs_go=archiv&cs_id=3838 HTTP/1.1" 200 9814 "-" "SAMSUNG-SGH-E250/1.0 Profile/MIDP-2.0 Configuration/CLDC-1.1 UP.Browser/6.2.3.3.c.1.101 (GUI) MMP/2.0 (compatible; Googlebot-Mobile/2.1; +http://www.google.com/bot.html)"
66.249.78.46 - - [18/Oct/2013:00:39:03 +0200] "GET /optiplus.php HTTP/1.1" 200 8676 "-" "Mozilla/5.0 (iPhone; CPU iPhone OS 6_0 like Mac OS X) AppleWebKit/536.26 (KHTML, like Gecko) Version/6.0 Mobile/10A5376e Safari/8536.25 (compatible; Googlebot-Mobile/2.1; +http://www.google.com/bot.html)"
121.205.214.182 - - [18/Oct/2013:00:44:26 +0200] "GET /news.php?cs_go=archiv&cs_id=4112&cs_search= HTTP/1.0" 200 9472 "http://www.mink-gmbh.de/news.php?cs_go=archiv&cs_id=4112&cs_search=" "Mozilla/5.0 (Windows NT 6.1) AppleWebKit/537.4 (KHTML, like Gecko) Chrome/22.0.1229.94 Safari/537.4"
123.151.148.193 - - [18/Oct/2013:00:57:42 +0200] "GET /robots.txt HTTP/1.1" 200 177 "http://www.mink-gmbh.de/" "Mozilla/5.0 (compatible; MSIE 8.0; Windows NT 6.1)"
5.10.83.68 - - [18/Oct/2013:01:00:43 +0200] "GET /news.php?cs_go=archiv&cs_id=4570&cs_search= HTTP/1.1" 200 8350 "-" "Mozilla/5.0 (compatible; AhrefsBot/5.0; +http://ahrefs.com/robot/)"
66.249.78.46 - - [18/Oct/2013:01:00:53 +0200] "GET /images/logos.jpg?cache2108 HTTP/1.1" 200 35043 "-" "Googlebot-Image/1.0"
5.10.83.72 - - [18/Oct/2013:01:00:59 +0200] "GET /news.php?cs_go=archiv&cs_id=4605&cs_search= HTTP/1.1" 200 7704 "-" "Mozilla/5.0 (compatible; AhrefsBot/5.0; +http://ahrefs.com/robot/)"
176.9.138.27 - - [18/Oct/2013:01:02:04 +0200] "GET /robots.txt HTTP/1.1" 200 177 "-" "Mozilla/5.0 (compatible; Spiderlytics/1.0; +spider@spiderlytics.com)"
176.9.138.27 - - [18/Oct/2013:01:02:05 +0200] "GET /content/encyclopedia/images/1_023.jpg HTTP/1.1" 404 - "-" "Mozilla/5.0 (compatible; Spiderlytics/1.0; +spider@spiderlytics.com)"
117.26.119.234 - - [18/Oct/2013:01:03:49 +0200] "GET /news.php?cs_go=archiv&cs_id=4112&cs_search= HTTP/1.0" 200 9472 "http://www.mink-gmbh.de/news.php?cs_go=archiv&cs_id=4112&cs_search=" "Opera/9.80 (Windows NT 6.1; U; ru) Presto/2.7.39 Version/11.00"
5.10.83.52 - - [18/Oct/2013:01:04:10 +0200] "GET /lexikon.php?cs_go=3&cs_id=135 HTTP/1.1" 200 6798 "-" "Mozilla/5.0 (compatible; AhrefsBot/5.0; +http://ahrefs.com/robot/)"
5.10.83.52 - - [18/Oct/2013:01:06:32 +0200] "GET /news.php?cs_go=archiv&cs_startpos=81 HTTP/1.1" 200 20428 "-" "Mozilla/5.0 (compatible; AhrefsBot/5.0; +http://ahrefs.com/robot/)"
5.10.83.81 - - [18/Oct/2013:01:14:09 +0200] "GET /lexikon.php?cs_go=3&cs_id=140 HTTP/1.1" 200 6345 "-" "Mozilla/5.0 (compatible; AhrefsBot/5.0; +http://ahrefs.com/robot/)"
66.249.78.46 - - [18/Oct/2013:01:14:49 +0200] "GET /news.php?cs_go=archiv&cs_id=3843 HTTP/1.1" 200 8193 "-" "Mozilla/5.0 (compatible; Googlebot/2.1; +http://www.google.com/bot.html)"
5.10.83.68 - - [18/Oct/2013:01:27:22 +0200] "GET /news.php?cs_go=archiv&cs_startpos=110 HTTP/1.1" 200 20295 "-" "Mozilla/5.0 (compatible; AhrefsBot/5.0; +http://ahrefs.com/robot/)"
5.10.83.68 - - [18/Oct/2013:01:43:33 +0200] "GET /lexikon.php?cs_go=3&cs_id=41 HTTP/1.1" 200 5954 "-" "Mozilla/5.0 (compatible; AhrefsBot/5.0; +http://ahrefs.com/robot/)"
5.10.83.98 - - [18/Oct/2013:01:48:26 +0200] "GET /news.php?cs_go=archiv&cs_id=4583&cs_search= HTTP/1.1" 200 13225 "-" "Mozilla/5.0 (compatible; AhrefsBot/5.0; +http://ahrefs.com/robot/)"
5.10.83.37 - - [18/Oct/2013:01:56:54 +0200] "GET /news.php?cs_go=archiv&cs_startpos=250 HTTP/1.1" 200 18381 "-" "Mozilla/5.0 (compatible; AhrefsBot/5.0; +http://ahrefs.com/robot/)"
157.55.35.102 - - [18/Oct/2013:02:00:18 +0200] "GET /robots.txt HTTP/1.1" 200 177 "-" "Mozilla/5.0 (compatible; bingbot/2.0; +http://www.bing.com/bingbot.htm)"
157.55.35.102 - - [18/Oct/2013:02:00:54 +0200] "GET /faq.php HTTP/1.1" 200 216868 "-" "Mozilla/5.0 (compatible; bingbot/2.0; +http://www.bing.com/bingbot.htm)"
5.10.83.68 - - [18/Oct/2013:02:03:47 +0200] "GET /news.php?cs_go=archiv&cs_id=4433&cs_search= HTTP/1.1" 200 9126 "-" "Mozilla/5.0 (compatible; AhrefsBot/5.0; +http://ahrefs.com/robot/)"
66.249.78.46 - - [18/Oct/2013:02:05:12 +0200] "GET /images/logos.jpg?cache5358 HTTP/1.1" 200 35043 "-" "Googlebot-Image/1.0"
5.10.83.72 - - [18/Oct/2013:02:25:29 +0200] "GET /news.php?cs_go=archiv&cs_id=4626&cs_search= HTTP/1.1" 200 9120 "-" "Mozilla/5.0 (compatible; AhrefsBot/5.0; +http://ahrefs.com/robot/)"
5.10.83.52 - - [18/Oct/2013:02:25:38 +0200] "GET /lexikon.php?cs_go=3&cs_id=209 HTTP/1.1" 200 5897 "-" "Mozilla/5.0 (compatible; AhrefsBot/5.0; +http://ahrefs.com/robot/)"
5.10.83.79 - - [18/Oct/2013:02:45:49 +0200] "GET /lexikon.php?cs_go=3&cs_id=204 HTTP/1.1" 200 5605 "-" "Mozilla/5.0 (compatible; AhrefsBot/5.0; +http://ahrefs.com/robot/)"
5.10.83.73 - - [18/Oct/2013:02:51:35 +0200] "GET /lexikon.php?cs_go=3&cs_id=233 HTTP/1.1" 200 6601 "-" "Mozilla/5.0 (compatible; AhrefsBot/5.0; +http://ahrefs.com/robot/)"
66.249.78.46 - - [18/Oct/2013:03:09:32 +0200] "GET /images/logos.jpg?cache6414 HTTP/1.1" 200 35043 "-" "Googlebot-Image/1.0"
5.10.83.103 - - [18/Oct/2013:03:13:13 +0200] "GET /news.php?cs_go=archiv&cs_startpos=171 HTTP/1.1" 200 20716 "-" "Mozilla/5.0 (compatible; AhrefsBot/5.0; +http://ahrefs.com/robot/)"
66.249.78.46 - - [18/Oct/2013:03:28:22 +0200] "GET /lexikon.php?cs_go=3&cs_id=23 HTTP/1.1" 200 7070 "-" "Mozilla/5.0 (compatible; Googlebot/2.1; +http://www.google.com/bot.html)"
217.69.133.217 - - [18/Oct/2013:03:28:24 +0200] "GET /robots.txt HTTP/1.0" 200 177 "-" "Mozilla/5.0 (compatible; Linux x86_64; Mail.RU_Bot/2.0; +http://go.mail.ru/help/robots)"
217.69.133.216 - - [18/Oct/2013:03:28:25 +0200] "GET /impressum.php HTTP/1.0" 200 6360 "-" "Mozilla/5.0 (compatible; Linux x86_64; Mail.RU_Bot/2.0; +http://go.mail.ru/help/robots)"
66.249.75.49 - - [18/Oct/2013:03:40:00 +0200] "GET /news.php?cs_go=archiv&cs_id=4598 HTTP/1.1" 200 11846 "-" "DoCoMo/2.0 N905i(c100;TB;W24H16) (compatible; Googlebot-Mobile/2.1; +http://www.google.com/bot.html)"
208.115.111.75 - - [18/Oct/2013:03:41:22 +0200] "GET /robots.txt HTTP/1.1" 200 177 "-" "Mozilla/5.0 (compatible; Ezooms/1.0; ezooms.bot@gmail.com)"
5.10.83.68 - - [18/Oct/2013:03:43:13 +0200] "GET /lexikon.php?cs_go=3&cs_id=138 HTTP/1.1" 200 6505 "-" "Mozilla/5.0 (compatible; AhrefsBot/5.0; +http://ahrefs.com/robot/)"
66.249.78.46 - - [18/Oct/2013:03:57:53 +0200] "GET /news.php?cs_go=archiv&cs_id=3817 HTTP/1.1" 200 7478 "-" "Mozilla/5.0 (compatible; Googlebot/2.1; +http://www.google.com/bot.html)"
5.10.83.79 - - [18/Oct/2013:04:00:39 +0200] "GET /lexikon.php?cs_go=3&cs_id=86 HTTP/1.1" 200 5854 "-" "Mozilla/5.0 (compatible; AhrefsBot/5.0; +http://ahrefs.com/robot/)"
5.10.83.52 - - [18/Oct/2013:04:11:46 +0200] "GET /news.php?cs_go=archiv&cs_startpos=260 HTTP/1.1" 200 6187 "-" "Mozilla/5.0 (compatible; AhrefsBot/5.0; +http://ahrefs.com/robot/)"
66.249.78.46 - - [18/Oct/2013:04:13:51 +0200] "GET /images/logos.jpg?cache7409 HTTP/1.1" 200 35043 "-" "Googlebot-Image/1.0"
5.10.83.73 - - [18/Oct/2013:04:35:50 +0200] "GET /news.php?cs_go=archiv&cs_id=4577&cs_search= HTTP/1.1" 200 7548 "-" "Mozilla/5.0 (compatible; AhrefsBot/5.0; +http://ahrefs.com/robot/)"
27.153.250.192 - - [18/Oct/2013:04:45:11 +0200] "GET /news.php?cs_go=archiv&cs_id=4545 HTTP/1.0" 200 9761 "http://www.mink-gmbh.de/news.php?cs_go=archiv&cs_id=4545" "Opera/9.80 (Windows NT 5.1; U; YB/3.5.1; ru) Presto/2.10.229 Version/11.64"
46.229.170.197 - - [18/Oct/2013:04:45:24 +0200] "GET / HTTP/1.1" 200 12435 "-" "Mozilla/5.0 (Windows NT 6.1; Win64; x64; rv:2.0b11pre) Gecko/20110129 Firefox/4.0b11pre"
5.10.83.72 - - [18/Oct/2013:04:56:38 +0200] "GET /news.php?cs_go=archiv&cs_startpos=151 HTTP/1.1" 200 20619 "-" "Mozilla/5.0 (compatible; AhrefsBot/5.0; +http://ahrefs.com/robot/)"
5.10.83.95 - - [18/Oct/2013:04:57:21 +0200] "GET /lexikon.php?cs_go=3&cs_id=76 HTTP/1.1" 200 6124 "-" "Mozilla/5.0 (compatible; AhrefsBot/5.0; +http://ahrefs.com/robot/)"
5.10.83.23 - - [18/Oct/2013:05:05:26 +0200] "GET /lexikon.php?cs_go=2&cs_char=m HTTP/1.1" 200 6674 "-" "Mozilla/5.0 (compatible; AhrefsBot/5.0; +http://ahrefs.com/robot/)"
5.10.83.68 - - [18/Oct/2013:05:09:52 +0200] "GET /news.php?cs_go=archiv&cs_id=4493&cs_search= HTTP/1.1" 200 9509 "-" "Mozilla/5.0 (compatible; AhrefsBot/5.0; +http://ahrefs.com/robot/)"
5.10.83.79 - - [18/Oct/2013:05:11:28 +0200] "GET /news.php?cs_go=archiv&cs_id=4398&cs_search= HTTP/1.1" 200 7981 "-" "Mozilla/5.0 (compatible; AhrefsBot/5.0; +http://ahrefs.com/robot/)"
5.10.83.23 - - [18/Oct/2013:05:12:30 +0200] "GET /news.php?cs_go=archiv&cs_id=4388&cs_search= HTTP/1.1" 200 11452 "-" "Mozilla/5.0 (compatible; AhrefsBot/5.0; +http://ahrefs.com/robot/)"
66.249.78.46 - - [18/Oct/2013:05:18:11 +0200] "GET /images/logos.jpg?cache2535 HTTP/1.1" 200 35043 "-" "Googlebot-Image/1.0"
5.10.83.81 - - [18/Oct/2013:05:32:07 +0200] "GET /news.php?cs_go=archiv&cs_startpos=190 HTTP/1.1" 200 20359 "-" "Mozilla/5.0 (compatible; AhrefsBot/5.0; +http://ahrefs.com/robot/)"
208.115.111.75 - - [18/Oct/2013:05:33:20 +0200] "GET /modernisierung.php?cs_gp_go=coupon HTTP/1.1" 200 7866 "-" "Mozilla/5.0 (compatible; Ezooms/1.0; ezooms.bot@gmail.com)"
208.115.113.91 - - [18/Oct/2013:05:44:02 +0200] "GET /robots.txt HTTP/1.1" 200 177 "-" "Mozilla/5.0 (compatible; Ezooms/1.0; ezooms.bot@gmail.com)"
5.10.83.98 - - [18/Oct/2013:06:01:15 +0200] "GET /lexikon.php?cs_go=3&cs_id=7 HTTP/1.1" 200 5416 "-" "Mozilla/5.0 (compatible; AhrefsBot/5.0; +http://ahrefs.com/robot/)"
66.249.78.46 - - [18/Oct/2013:06:07:45 +0200] "GET /news.php?cs_go=archiv&cs_id=3815 HTTP/1.1" 200 10853 "-" "Mozilla/5.0 (compatible; Googlebot/2.1; +http://www.google.com/bot.html)"
66.249.78.46 - - [18/Oct/2013:06:08:33 +0200] "GET /news.php?cs_go=archiv&cs_id=4059 HTTP/1.1" 200 11012 "-" "SAMSUNG-SGH-E250/1.0 Profile/MIDP-2.0 Configuration/CLDC-1.1 UP.Browser/6.2.3.3.c.1.101 (GUI) MMP/2.0 (compatible; Googlebot-Mobile/2.1; +http://www.google.com/bot.html)"
5.10.83.23 - - [18/Oct/2013:06:11:46 +0200] "GET /news.php?cs_go=archiv&cs_id=4499&cs_search= HTTP/1.1" 200 8947 "-" "Mozilla/5.0 (compatible; AhrefsBot/5.0; +http://ahrefs.com/robot/)"
66.249.78.46 - - [18/Oct/2013:06:24:46 +0200] "GET /images/logos.jpg?cache8778 HTTP/1.1" 200 35043 "-" "Googlebot-Image/1.0"
5.10.83.95 - - [18/Oct/2013:06:32:40 +0200] "GET /news.php?cs_go=archiv&cs_id=4557&cs_search= HTTP/1.1" 200 7821 "-" "Mozilla/5.0 (compatible; AhrefsBot/5.0; +http://ahrefs.com/robot/)"
5.10.83.95 - - [18/Oct/2013:06:34:58 +0200] "GET /news.php?cs_go=archiv&cs_id=4578&cs_search= HTTP/1.1" 200 9877 "-" "Mozilla/5.0 (compatible; AhrefsBot/5.0; +http://ahrefs.com/robot/)"
5.10.83.73 - - [18/Oct/2013:06:35:46 +0200] "GET /lexikon.php?cs_go=3&cs_id=137 HTTP/1.1" 200 6927 "-" "Mozilla/5.0 (compatible; AhrefsBot/5.0; +http://ahrefs.com/robot/)"
5.10.83.95 - - [18/Oct/2013:06:46:49 +0200] "GET /lexikon.php?cs_go=3&cs_id=12 HTTP/1.1" 200 6172 "-" "Mozilla/5.0 (compatible; AhrefsBot/5.0; +http://ahrefs.com/robot/)"
5.10.83.72 - - [18/Oct/2013:06:47:21 +0200] "GET /lexikon.php?cs_go=2&cs_char=d HTTP/1.1" 200 7022 "-" "Mozilla/5.0 (compatible; AhrefsBot/5.0; +http://ahrefs.com/robot/)"
5.10.83.37 - - [18/Oct/2013:06:50:26 +0200] "GET /lexikon.php?cs_go=2&cs_char=j HTTP/1.1" 200 6211 "-" "Mozilla/5.0 (compatible; AhrefsBot/5.0; +http://ahrefs.com/robot/)"
5.10.83.103 - - [18/Oct/2013:06:50:30 +0200] "GET /news.php?cs_go=archiv&cs_id=4491&cs_search= HTTP/1.1" 200 8463 "-" "Mozilla/5.0 (compatible; AhrefsBot/5.0; +http://ahrefs.com/robot/)"
5.10.83.81 - - [18/Oct/2013:06:55:05 +0200] "GET / HTTP/1.1" 200 12435 "-" "Mozilla/5.0 (compatible; AhrefsBot/5.0; +http://ahrefs.com/robot/)"
5.10.83.81 - - [18/Oct/2013:06:56:43 +0200] "GET /news.php?cs_go=archiv&cs_startpos=90 HTTP/1.1" 200 20306 "-" "Mozilla/5.0 (compatible; AhrefsBot/5.0; +http://ahrefs.com/robot/)"
5.10.83.73 - - [18/Oct/2013:07:04:57 +0200] "GET /news.php?cs_go=archiv&cs_id=4618 HTTP/1.1" 200 9436 "-" "Mozilla/5.0 (compatible; AhrefsBot/5.0; +http://ahrefs.com/robot/)"
66.249.78.46 - - [18/Oct/2013:07:06:46 +0200] "GET /lexikon.php?cs_go=3&cs_id=90 HTTP/1.1" 200 7166 "-" "Mozilla/5.0 (compatible; Googlebot/2.1; +http://www.google.com/bot.html)"
66.249.78.46 - - [18/Oct/2013:07:15:59 +0200] "GET /images/logos.jpg?cache7888 HTTP/1.1" 200 35043 "-" "Googlebot-Image/1.0"
65.36.241.79 - - [18/Oct/2013:07:25:35 +0200] "HEAD / HTTP/1.1" 200 - "-" "InternetSeer.com"
5.10.83.72 - - [18/Oct/2013:07:35:09 +0200] "GET /lexikon.php?cs_go=3&cs_id=207 HTTP/1.1" 200 5604 "-" "Mozilla/5.0 (compatible; AhrefsBot/5.0; +http://ahrefs.com/robot/)"
5.10.83.68 - - [18/Oct/2013:07:44:47 +0200] "GET /news.php?cs_go=archiv&cs_id=4613 HTTP/1.1" 200 8832 "-" "Mozilla/5.0 (compatible; AhrefsBot/5.0; +http://ahrefs.com/robot/)"
5.10.83.81 - - [18/Oct/2013:07:47:55 +0200] "GET /lexikon.php?cs_go=2&cs_char=r HTTP/1.1" 200 7333 "-" "Mozilla/5.0 (compatible; AhrefsBot/5.0; +http://ahrefs.com/robot/)"
208.115.113.91 - - [18/Oct/2013:07:48:21 +0200] "GET /news.php?cs_go=archiv&cs_id=4484&cs_search= HTTP/1.1" 200 11555 "-" "Mozilla/5.0 (compatible; Ezooms/1.0; ezooms.bot@gmail.com)"
5.10.83.79 - - [18/Oct/2013:07:52:01 +0200] "GET /news.php?cs_go=archiv&cs_id=4564&cs_search= HTTP/1.1" 200 11246 "-" "Mozilla/5.0 (compatible; AhrefsBot/5.0; +http://ahrefs.com/robot/)"
66.249.78.46 - - [18/Oct/2013:07:56:03 +0200] "GET /news.php?cs_go=archiv&cs_startpos=10 HTTP/1.1" 200 20069 "-" "Mozilla/5.0 (iPhone; CPU iPhone OS 6_0 like Mac OS X) AppleWebKit/536.26 (KHTML, like Gecko) Version/6.0 Mobile/10A5376e Safari/8536.25 (compatible; Googlebot-Mobile/2.1; +http://www.google.com/bot.html)"
66.249.78.46 - - [18/Oct/2013:08:05:50 +0200] "GET /modul.css HTTP/1.1" 200 35038 "-" "Mozilla/5.0 (compatible; Googlebot/2.1; +http://www.google.com/bot.html)"
217.69.133.218 - - [18/Oct/2013:08:06:28 +0200] "GET /robots.txt HTTP/1.0" 200 177 "-" "Mozilla/5.0 (compatible; Linux x86_64; Mail.RU_Bot/2.0; +http://go.mail.ru/help/robots)"
217.69.133.215 - - [18/Oct/2013:08:06:29 +0200] "GET /news.php?cs_go=archiv&cs_id=4556 HTTP/1.0" 200 7861 "-" "Mozilla/5.0 (compatible; Linux x86_64; Mail.RU_Bot/2.0; +http://go.mail.ru/help/robots)"
5.10.83.81 - - [18/Oct/2013:08:10:47 +0200] "GET /diesel.php HTTP/1.1" 200 8229 "-" "Mozilla/5.0 (compatible; AhrefsBot/5.0; +http://ahrefs.com/robot/)"
66.249.78.46 - - [18/Oct/2013:08:11:16 +0200] "GET /images/logos.jpg?cache8356 HTTP/1.1" 200 35043 "-" "Googlebot-Image/1.0"
5.10.83.90 - - [18/Oct/2013:08:18:02 +0200] "GET /lexikon.php?cs_go=3&cs_id=185 HTTP/1.1" 200 5947 "-" "Mozilla/5.0 (compatible; AhrefsBot/5.0; +http://ahrefs.com/robot/)"
5.10.83.37 - - [18/Oct/2013:08:27:46 +0200] "GET /lexikon.php?cs_go=3&cs_id=110 HTTP/1.1" 200 6302 "-" "Mozilla/5.0 (compatible; AhrefsBot/5.0; +http://ahrefs.com/robot/)"
65.55.52.108 - - [18/Oct/2013:08:29:24 +0200] "GET /robots.txt HTTP/1.1" 200 177 "-" "Mozilla/5.0 (compatible; bingbot/2.0; +http://www.bing.com/bingbot.htm)"
66.249.78.46 - - [18/Oct/2013:08:29:25 +0200] "GET /news.php?cs_go=archiv&cs_id=3731 HTTP/1.1" 200 11512 "-" "Mozilla/5.0 (compatible; Googlebot/2.1; +http://www.google.com/bot.html)"
65.55.52.108 - - [18/Oct/2013:08:40:15 +0200] "GET / HTTP/1.1" 200 12434 "-" "Mozilla/5.0 (compatible; bingbot/2.0; +http://www.bing.com/bingbot.htm)"
66.249.78.46 - - [18/Oct/2013:08:44:14 +0200] "GET /images/logos.jpg?cache3155 HTTP/1.1" 200 35043 "-" "Googlebot-Image/1.0"
5.10.83.68 - - [18/Oct/2013:08:49:39 +0200] "GET /news.php?cs_go=archiv&cs_id=4356&cs_search= HTTP/1.1" 200 7786 "-" "Mozilla/5.0 (compatible; AhrefsBot/5.0; +http://ahrefs.com/robot/)"
66.249.78.46 - - [18/Oct/2013:08:50:39 +0200] "GET /news.php?cs_go=archiv&cs_id=4511 HTTP/1.1" 200 13855 "-" "Mozilla/5.0 (iPhone; CPU iPhone OS 6_0 like Mac OS X) AppleWebKit/536.26 (KHTML, like Gecko) Version/6.0 Mobile/10A5376e Safari/8536.25 (compatible; Googlebot-Mobile/2.1; +http://www.google.com/bot.html)"
5.10.83.98 - - [18/Oct/2013:08:56:41 +0200] "GET /news.php?cs_go=archiv&cs_id=4494&cs_search= HTTP/1.1" 200 11137 "-" "Mozilla/5.0 (compatible; AhrefsBot/5.0; +http://ahrefs.com/robot/)"
66.249.78.46 - - [18/Oct/2013:09:17:12 +0200] "GET /images/logos.jpg?cache9556 HTTP/1.1" 200 35043 "-" "Googlebot-Image/1.0"
5.10.83.90 - - [18/Oct/2013:09:17:41 +0200] "GET /newsletter.php HTTP/1.1" 200 6529 "-" "Mozilla/5.0 (compatible; AhrefsBot/5.0; +http://ahrefs.com/robot/)"
5.10.83.79 - - [18/Oct/2013:09:21:06 +0200] "GET /news.php?cs_go=archiv&cs_id=4495&cs_search= HTTP/1.1" 200 7997 "-" "Mozilla/5.0 (compatible; AhrefsBot/5.0; +http://ahrefs.com/robot/)"
66.249.78.46 - - [18/Oct/2013:09:28:27 +0200] "GET /news.php?cs_go=archiv&cs_id=3823 HTTP/1.1" 200 9196 "-" "Mozilla/5.0 (compatible; Googlebot/2.1; +http://www.google.com/bot.html)"
5.10.83.72 - - [18/Oct/2013:09:30:01 +0200] "GET /news.php?cs_go=archiv&cs_startpos=220 HTTP/1.1" 200 20481 "-" "Mozilla/5.0 (compatible; AhrefsBot/5.0; +http://ahrefs.com/robot/)"
5.10.83.37 - - [18/Oct/2013:09:35:21 +0200] "GET /lexikon.php?cs_go=3&cs_id=48 HTTP/1.1" 200 6992 "-" "Mozilla/5.0 (compatible; AhrefsBot/5.0; +http://ahrefs.com/robot/)"
5.10.83.73 - - [18/Oct/2013:09:41:08 +0200] "GET /lexikon.php?cs_go=2&cs_char=w HTTP/1.1" 200 6188 "-" "Mozilla/5.0 (compatible; AhrefsBot/5.0; +http://ahrefs.com/robot/)"
5.10.83.73 - - [18/Oct/2013:09:42:31 +0200] "GET /news.php?cs_go=archiv&cs_id=4372&cs_search= HTTP/1.1" 200 9224 "-" "Mozilla/5.0 (compatible; AhrefsBot/5.0; +http://ahrefs.com/robot/)"
5.10.83.73 - - [18/Oct/2013:09:43:24 +0200] "GET /additive.php HTTP/1.1" 200 5974 "-" "Mozilla/5.0 (compatible; AhrefsBot/5.0; +http://ahrefs.com/robot/)"
66.249.78.46 - - [18/Oct/2013:09:45:10 +0200] "GET /news.php?cs_go=archiv&cs_startpos=200 HTTP/1.1" 200 20136 "-" "Mozilla/5.0 (iPhone; CPU iPhone OS 6_0 like Mac OS X) AppleWebKit/536.26 (KHTML, like Gecko) Version/6.0 Mobile/10A5376e Safari/8536.25 (compatible; Googlebot-Mobile/2.1; +http://www.google.com/bot.html)"
66.249.78.46 - - [18/Oct/2013:09:50:10 +0200] "GET /images/logos.jpg?cache6887 HTTP/1.1" 200 35043 "-" "Googlebot-Image/1.0"
66.249.78.46 - - [18/Oct/2013:09:57:44 +0200] "GET /style.css HTTP/1.1" 200 8402 "-" "Mozilla/5.0 (compatible; Googlebot/2.1; +http://www.google.com/bot.html)"
207.241.226.238 - - [18/Oct/2013:09:57:58 +0200] "GET /robots.txt HTTP/1.1" 200 177 "-" "ia_archiver(OS-Wayback)"
79.193.58.82 - - [18/Oct/2013:10:05:03 +0200] "GET / HTTP/1.1" 200 12411 "http://www.google.de/url?sa=t&rct=j&q=&esrc=s&frm=1&source=web&cd=4&ved=0CEUQFjAD&url=http%3A%2F%2Fwww.mink-gmbh.de%2F&ei=aetgUtrHIsTD0QWs8oCwDw&usg=AFQjCNFHX4Iglls9oo-KYXTmDUV_5KOVIg&bvm=bv.54934254,bs.1,d.bGE" "Mozilla/5.0 (compatible; MSIE 10.0; Windows NT 6.1; WOW64; Trident/6.0)"
79.193.58.82 - - [18/Oct/2013:10:05:04 +0200] "GET /style.css HTTP/1.1" 200 8402 "http://www.mink-gmbh.de/" "Mozilla/5.0 (compatible; MSIE 10.0; Windows NT 6.1; WOW64; Trident/6.0)"
79.193.58.82 - - [18/Oct/2013:10:05:04 +0200] "GET /js_contentserver24_greybox/gb_styles.css HTTP/1.1" 200 2302 "http://www.mink-gmbh.de/" "Mozilla/5.0 (compatible; MSIE 10.0; Windows NT 6.1; WOW64; Trident/6.0)"
79.193.58.82 - - [18/Oct/2013:10:05:04 +0200] "GET /js_contentserver24_greybox/AJS_fx.js HTTP/1.1" 200 3192 "http://www.mink-gmbh.de/" "Mozilla/5.0 (compatible; MSIE 10.0; Windows NT 6.1; WOW64; Trident/6.0)"
79.193.58.82 - - [18/Oct/2013:10:05:04 +0200] "GET /js_contentserver24_greybox/gb_scripts.js HTTP/1.1" 200 11913 "http://www.mink-gmbh.de/" "Mozilla/5.0 (compatible; MSIE 10.0; Windows NT 6.1; WOW64; Trident/6.0)"
79.193.58.82 - - [18/Oct/2013:10:05:04 +0200] "GET /js_contentserver24_greybox/AJS.js HTTP/1.1" 200 10396 "http://www.mink-gmbh.de/" "Mozilla/5.0 (compatible; MSIE 10.0; Windows NT 6.1; WOW64; Trident/6.0)"
79.193.58.82 - - [18/Oct/2013:10:05:04 +0200] "GET /images/team-energie.png HTTP/1.1" 200 17383 "http://www.mink-gmbh.de/" "Mozilla/5.0 (compatible; MSIE 10.0; Windows NT 6.1; WOW64; Trident/6.0)"
79.193.58.82 - - [18/Oct/2013:10:05:04 +0200] "GET /images/tkw.jpg HTTP/1.1" 200 64031 "http://www.mink-gmbh.de/" "Mozilla/5.0 (compatible; MSIE 10.0; Windows NT 6.1; WOW64; Trident/6.0)"
79.193.58.82 - - [18/Oct/2013:10:05:04 +0200] "GET /modul.css HTTP/1.1" 200 35038 "http://www.mink-gmbh.de/" "Mozilla/5.0 (compatible; MSIE 10.0; Windows NT 6.1; WOW64; Trident/6.0)"
79.193.58.82 - - [18/Oct/2013:10:05:04 +0200] "GET /images/mail.jpg HTTP/1.1" 200 11165 "http://www.mink-gmbh.de/" "Mozilla/5.0 (compatible; MSIE 10.0; Windows NT 6.1; WOW64; Trident/6.0)"
79.193.58.82 - - [18/Oct/2013:10:05:04 +0200] "GET /images/kwk.gif HTTP/1.1" 200 6403 "http://www.mink-gmbh.de/" "Mozilla/5.0 (compatible; MSIE 10.0; Windows NT 6.1; WOW64; Trident/6.0)"
79.193.58.82 - - [18/Oct/2013:10:05:04 +0200] "GET /images/wunschpreis.jpg HTTP/1.1" 200 16767 "http://www.mink-gmbh.de/" "Mozilla/5.0 (compatible; MSIE 10.0; Windows NT 6.1; WOW64; Trident/6.0)"
79.193.58.82 - - [18/Oct/2013:10:05:05 +0200] "GET /images/logos.jpg?cache5246 HTTP/1.1" 200 35043 "http://www.mink-gmbh.de/" "Mozilla/5.0 (compatible; MSIE 10.0; Windows NT 6.1; WOW64; Trident/6.0)"
79.193.58.82 - - [18/Oct/2013:10:05:04 +0200] "GET /images/freecall.jpg HTTP/1.1" 200 39195 "http://www.mink-gmbh.de/" "Mozilla/5.0 (compatible; MSIE 10.0; Windows NT 6.1; WOW64; Trident/6.0)"
79.193.58.82 - - [18/Oct/2013:10:05:05 +0200] "GET /images/bg.png HTTP/1.1" 200 922 "http://www.mink-gmbh.de/" "Mozilla/5.0 (compatible; MSIE 10.0; Windows NT 6.1; WOW64; Trident/6.0)"
79.193.58.82 - - [18/Oct/2013:10:05:05 +0200] "GET /js_contentserver24_greybox/w_close.gif HTTP/1.1" 200 74 "http://www.mink-gmbh.de/" "Mozilla/5.0 (compatible; MSIE 10.0; Windows NT 6.1; WOW64; Trident/6.0)"
79.193.58.82 - - [18/Oct/2013:10:05:05 +0200] "GET /images/wrapperbg.jpg HTTP/1.1" 200 27465 "http://www.mink-gmbh.de/" "Mozilla/5.0 (compatible; MSIE 10.0; Windows NT 6.1; WOW64; Trident/6.0)"
79.193.58.82 - - [18/Oct/2013:10:05:06 +0200] "GET /images/navibg.png HTTP/1.1" 200 2803 "http://www.mink-gmbh.de/" "Mozilla/5.0 (compatible; MSIE 10.0; Windows NT 6.1; WOW64; Trident/6.0)"
79.193.58.82 - - [18/Oct/2013:10:05:06 +0200] "GET /images/close.png HTTP/1.1" 200 703 "http://www.mink-gmbh.de/" "Mozilla/5.0 (compatible; MSIE 10.0; Windows NT 6.1; WOW64; Trident/6.0)"
79.193.58.82 - - [18/Oct/2013:10:05:06 +0200] "GET /images/newsletter.png HTTP/1.1" 200 14619 "http://www.mink-gmbh.de/" "Mozilla/5.0 (compatible; MSIE 10.0; Windows NT 6.1; WOW64; Trident/6.0)"
79.193.58.82 - - [18/Oct/2013:10:05:06 +0200] "GET /images/header.jpg HTTP/1.1" 200 25189 "http://www.mink-gmbh.de/" "Mozilla/5.0 (compatible; MSIE 10.0; Windows NT 6.1; WOW64; Trident/6.0)"
79.193.58.82 - - [18/Oct/2013:10:05:06 +0200] "GET /images/steigend.png HTTP/1.1" 200 688 "http://www.mink-gmbh.de/" "Mozilla/5.0 (compatible; MSIE 10.0; Windows NT 6.1; WOW64; Trident/6.0)"
79.193.58.82 - - [18/Oct/2013:10:05:06 +0200] "GET /images/fallend.png HTTP/1.1" 200 713 "http://www.mink-gmbh.de/" "Mozilla/5.0 (compatible; MSIE 10.0; Windows NT 6.1; WOW64; Trident/6.0)"
79.193.58.82 - - [18/Oct/2013:10:05:06 +0200] "GET /images/mobil.jpg HTTP/1.1" 200 25293 "http://www.mink-gmbh.de/" "Mozilla/5.0 (compatible; MSIE 10.0; Windows NT 6.1; WOW64; Trident/6.0)"
79.193.58.82 - - [18/Oct/2013:10:05:06 +0200] "GET /images/newsletter.jpg HTTP/1.1" 200 13130 "http://www.mink-gmbh.de/" "Mozilla/5.0 (compatible; MSIE 10.0; Windows NT 6.1; WOW64; Trident/6.0)"
79.193.58.82 - - [18/Oct/2013:10:05:06 +0200] "GET /images/footerbg.jpg HTTP/1.1" 200 2184 "http://www.mink-gmbh.de/" "Mozilla/5.0 (compatible; MSIE 10.0; Windows NT 6.1; WOW64; Trident/6.0)"
79.193.58.82 - - [18/Oct/2013:10:05:05 +0200] "GET /images/newsletter_bg.jpg HTTP/1.1" 200 33610 "http://www.mink-gmbh.de/" "Mozilla/5.0 (compatible; MSIE 10.0; Windows NT 6.1; WOW64; Trident/6.0)"
79.193.58.82 - - [18/Oct/2013:10:05:06 +0200] "GET /js_contentserver24_greybox/header_bg.gif HTTP/1.1" 200 1188 "http://www.mink-gmbh.de/" "Mozilla/5.0 (compatible; MSIE 10.0; Windows NT 6.1; WOW64; Trident/6.0)"
79.193.58.82 - - [18/Oct/2013:10:05:06 +0200] "GET /js_contentserver24_greybox/loader_frame.html?s=0 HTTP/1.1" 200 2084 "http://www.mink-gmbh.de/" "Mozilla/5.0 (compatible; MSIE 10.0; Windows NT 6.1; WOW64; Trident/6.0)"
79.193.58.82 - - [18/Oct/2013:10:05:06 +0200] "GET /js_contentserver24_greybox/indicator.gif HTTP/1.1" 200 8238 "http://www.mink-gmbh.de/js_contentserver24_greybox/loader_frame.html?s=0" "Mozilla/5.0 (compatible; MSIE 10.0; Windows NT 6.1; WOW64; Trident/6.0)"
79.193.58.82 - - [18/Oct/2013:10:05:07 +0200] "GET /js_contentserver24_greybox/g_close.gif HTTP/1.1" 200 541 "http://www.mink-gmbh.de/" "Mozilla/5.0 (compatible; MSIE 10.0; Windows NT 6.1; WOW64; Trident/6.0)"
79.193.58.82 - - [18/Oct/2013:10:05:07 +0200] "GET /favicon.ico HTTP/1.1" 200 3638 "-" "Mozilla/5.0 (compatible; MSIE 10.0; Windows NT 6.1; Win64; x64; Trident/6.0)"
79.193.58.82 - - [18/Oct/2013:10:05:51 +0200] "GET /news.php?cs_go=archiv&cs_id=4646 HTTP/1.1" 200 10757 "http://www.mink-gmbh.de/" "Mozilla/5.0 (compatible; MSIE 10.0; Windows NT 6.1; WOW64; Trident/6.0)"
79.193.58.82 - - [18/Oct/2013:10:05:53 +0200] "GET /images/logos.jpg?cache6607 HTTP/1.1" 200 35043 "http://www.mink-gmbh.de/news.php?cs_go=archiv&cs_id=4646" "Mozilla/5.0 (compatible; MSIE 10.0; Windows NT 6.1; WOW64; Trident/6.0)"
79.193.58.82 - - [18/Oct/2013:10:06:04 +0200] "GET /impressum.php HTTP/1.1" 200 6360 "http://www.mink-gmbh.de/news.php?cs_go=archiv&cs_id=4646" "Mozilla/5.0 (compatible; MSIE 10.0; Windows NT 6.1; WOW64; Trident/6.0)"
79.193.58.82 - - [18/Oct/2013:10:06:04 +0200] "GET /images/logos.jpg?cache8095 HTTP/1.1" 200 35043 "http://www.mink-gmbh.de/impressum.php" "Mozilla/5.0 (compatible; MSIE 10.0; Windows NT 6.1; WOW64; Trident/6.0)"
79.193.58.82 - - [18/Oct/2013:10:06:20 +0200] "GET /news.php?cs_go=archiv&cs_id=4646 HTTP/1.1" 200 10757 "http://www.mink-gmbh.de/" "Mozilla/5.0 (compatible; MSIE 10.0; Windows NT 6.1; WOW64; Trident/6.0)"
79.193.58.82 - - [18/Oct/2013:10:06:20 +0200] "GET /images/logos.jpg?cache6687 HTTP/1.1" 200 35043 "http://www.mink-gmbh.de/news.php?cs_go=archiv&cs_id=4646" "Mozilla/5.0 (compatible; MSIE 10.0; Windows NT 6.1; WOW64; Trident/6.0)"
79.193.58.82 - - [18/Oct/2013:10:06:22 +0200] "GET / HTTP/1.1" 200 11671 "http://www.google.de/url?sa=t&rct=j&q=&esrc=s&frm=1&source=web&cd=4&ved=0CEUQFjAD&url=http%3A%2F%2Fwww.mink-gmbh.de%2F&ei=aetgUtrHIsTD0QWs8oCwDw&usg=AFQjCNFHX4Iglls9oo-KYXTmDUV_5KOVIg&bvm=bv.54934254,bs.1,d.bGE" "Mozilla/5.0 (compatible; MSIE 10.0; Windows NT 6.1; WOW64; Trident/6.0)"
79.193.58.82 - - [18/Oct/2013:10:06:23 +0200] "GET /images/logos.jpg?cache5959 HTTP/1.1" 200 35043 "http://www.mink-gmbh.de/" "Mozilla/5.0 (compatible; MSIE 10.0; Windows NT 6.1; WOW64; Trident/6.0)"
79.193.58.82 - - [18/Oct/2013:10:06:50 +0200] "GET /news.php?cs_go=archiv&cs_id=4645 HTTP/1.1" 200 7546 "http://www.mink-gmbh.de/" "Mozilla/5.0 (compatible; MSIE 10.0; Windows NT 6.1; WOW64; Trident/6.0)"
79.193.58.82 - - [18/Oct/2013:10:06:50 +0200] "GET /images/logos.jpg?cache1031 HTTP/1.1" 200 35043 "http://www.mink-gmbh.de/news.php?cs_go=archiv&cs_id=4645" "Mozilla/5.0 (compatible; MSIE 10.0; Windows NT 6.1; WOW64; Trident/6.0)"
5.10.83.72 - - [18/Oct/2013:10:06:54 +0200] "GET /lexikon.php?cs_go=3&cs_id=101 HTTP/1.1" 200 7817 "-" "Mozilla/5.0 (compatible; AhrefsBot/5.0; +http://ahrefs.com/robot/)"
79.193.58.82 - - [18/Oct/2013:10:07:32 +0200] "GET /preisanfrage.php HTTP/1.1" 200 8557 "http://www.mink-gmbh.de/news.php?cs_go=archiv&cs_id=4645" "Mozilla/5.0 (compatible; MSIE 10.0; Windows NT 6.1; WOW64; Trident/6.0)"
79.193.58.82 - - [18/Oct/2013:10:07:33 +0200] "GET /images/logos.jpg?cache1193 HTTP/1.1" 200 35043 "http://www.mink-gmbh.de/preisanfrage.php" "Mozilla/5.0 (compatible; MSIE 10.0; Windows NT 6.1; WOW64; Trident/6.0)"
79.193.58.82 - - [18/Oct/2013:10:07:40 +0200] "GET /standard.php HTTP/1.1" 200 6807 "http://www.mink-gmbh.de/preisanfrage.php" "Mozilla/5.0 (compatible; MSIE 10.0; Windows NT 6.1; WOW64; Trident/6.0)"
79.193.58.82 - - [18/Oct/2013:10:07:41 +0200] "GET /images/logos.jpg?cache4117 HTTP/1.1" 200 35043 "http://www.mink-gmbh.de/standard.php" "Mozilla/5.0 (compatible; MSIE 10.0; Windows NT 6.1; WOW64; Trident/6.0)"
79.193.58.82 - - [18/Oct/2013:10:08:03 +0200] "GET /news.php HTTP/1.1" 200 19883 "http://www.mink-gmbh.de/standard.php" "Mozilla/5.0 (compatible; MSIE 10.0; Windows NT 6.1; WOW64; Trident/6.0)"
79.193.58.82 - - [18/Oct/2013:10:08:04 +0200] "GET /images/logos.jpg?cache7851 HTTP/1.1" 200 35043 "http://www.mink-gmbh.de/news.php" "Mozilla/5.0 (compatible; MSIE 10.0; Windows NT 6.1; WOW64; Trident/6.0)"
79.193.58.82 - - [18/Oct/2013:10:08:09 +0200] "GET /kontakt.php HTTP/1.1" 200 7021 "http://www.mink-gmbh.de/news.php" "Mozilla/5.0 (compatible; MSIE 10.0; Windows NT 6.1; WOW64; Trident/6.0)"
79.193.58.82 - - [18/Oct/2013:10:08:09 +0200] "GET /images/logos.jpg?cache6562 HTTP/1.1" 200 35043 "http://www.mink-gmbh.de/kontakt.php" "Mozilla/5.0 (compatible; MSIE 10.0; Windows NT 6.1; WOW64; Trident/6.0)"
79.193.58.82 - - [18/Oct/2013:10:08:14 +0200] "GET /news.php HTTP/1.1" 200 19883 "http://www.mink-gmbh.de/standard.php" "Mozilla/5.0 (compatible; MSIE 10.0; Windows NT 6.1; WOW64; Trident/6.0)"
79.193.58.82 - - [18/Oct/2013:10:08:14 +0200] "GET /images/logos.jpg?cache9182 HTTP/1.1" 200 35043 "http://www.mink-gmbh.de/news.php" "Mozilla/5.0 (compatible; MSIE 10.0; Windows NT 6.1; WOW64; Trident/6.0)"
