88.198.55.242 - - [02/Oct/2013:15:40:40 +0200] "GET /news.php?cs_go=archiv&cs_startpos=90 HTTP/1.1" 200 20585 "http://www.mink-gmbh.de/news.php?cs_go=archiv&cs_search=&cs_id=4528" "Mozilla/4.0 (compatible; MSIE 6.0; Windows NT 5.1; SV1; .NET CLR 1.1.4322)"
88.198.55.242 - - [02/Oct/2013:15:40:41 +0200] "GET /news.php?cs_go=archiv&cs_search=&cs_id=4496 HTTP/1.1" 200 10913 "http://www.mink-gmbh.de/news.php?cs_go=archiv&cs_startpos=90" "Mozilla/4.0 (compatible; MSIE 6.0; Windows NT 5.1; SV1; .NET CLR 1.1.4322)"
88.198.55.242 - - [02/Oct/2013:15:40:41 +0200] "GET /news.php?cs_go=archiv&cs_search=&cs_id=4499 HTTP/1.1" 200 8947 "http://www.mink-gmbh.de/news.php?cs_go=archiv&cs_search=&cs_id=4496" "Mozilla/4.0 (compatible; MSIE 6.0; Windows NT 5.1; SV1; .NET CLR 1.1.4322)"
88.198.55.242 - - [02/Oct/2013:15:40:41 +0200] "GET /news.php?cs_go=archiv&cs_search=&cs_id=4502 HTTP/1.1" 200 7574 "http://www.mink-gmbh.de/news.php?cs_go=archiv&cs_search=&cs_id=4499" "Mozilla/4.0 (compatible; MSIE 6.0; Windows NT 5.1; SV1; .NET CLR 1.1.4322)"
88.198.55.242 - - [02/Oct/2013:15:40:41 +0200] "GET /news.php?cs_go=archiv&cs_search=&cs_id=4498 HTTP/1.1" 200 9227 "http://www.mink-gmbh.de/news.php?cs_go=archiv&cs_search=&cs_id=4502" "Mozilla/4.0 (compatible; MSIE 6.0; Windows NT 5.1; SV1; .NET CLR 1.1.4322)"
88.198.55.242 - - [02/Oct/2013:15:40:42 +0200] "GET /news.php?cs_go=archiv&cs_startpos=110 HTTP/1.1" 200 20635 "http://www.mink-gmbh.de/news.php?cs_go=archiv&cs_search=&cs_id=4498" "Mozilla/4.0 (compatible; MSIE 6.0; Windows NT 5.1; SV1; .NET CLR 1.1.4322)"
88.198.55.242 - - [02/Oct/2013:15:40:42 +0200] "GET /news.php?cs_go=archiv&cs_search=&cs_id=4474 HTTP/1.1" 200 11750 "http://www.mink-gmbh.de/news.php?cs_go=archiv&cs_startpos=110" "Mozilla/4.0 (compatible; MSIE 6.0; Windows NT 5.1; SV1; .NET CLR 1.1.4322)"
88.198.55.242 - - [02/Oct/2013:15:40:42 +0200] "GET /news.php?cs_go=archiv&cs_startpos=130 HTTP/1.1" 200 20610 "http://www.mink-gmbh.de/news.php?cs_go=archiv&cs_search=&cs_id=4474" "Mozilla/4.0 (compatible; MSIE 6.0; Windows NT 5.1; SV1; .NET CLR 1.1.4322)"
88.198.55.242 - - [02/Oct/2013:15:40:43 +0200] "GET /news.php?cs_go=archiv&cs_search=&cs_id=4449 HTTP/1.1" 200 8754 "http://www.mink-gmbh.de/news.php?cs_go=archiv&cs_startpos=130" "Mozilla/4.0 (compatible; MSIE 6.0; Windows NT 5.1; SV1; .NET CLR 1.1.4322)"
88.198.55.242 - - [02/Oct/2013:15:40:43 +0200] "GET /news.php?cs_go=archiv&cs_search=&cs_id=4456 HTTP/1.1" 200 11777 "http://www.mink-gmbh.de/news.php?cs_go=archiv&cs_search=&cs_id=4449" "Mozilla/4.0 (compatible; MSIE 6.0; Windows NT 5.1; SV1; .NET CLR 1.1.4322)"
88.198.55.242 - - [02/Oct/2013:15:40:43 +0200] "GET /news.php?cs_go=archiv&cs_search=&cs_id=4460 HTTP/1.1" 200 9402 "http://www.mink-gmbh.de/news.php?cs_go=archiv&cs_search=&cs_id=4456" "Mozilla/4.0 (compatible; MSIE 6.0; Windows NT 5.1; SV1; .NET CLR 1.1.4322)"
88.198.55.242 - - [02/Oct/2013:15:40:44 +0200] "GET /news.php?cs_go=archiv&cs_search=&cs_id=4497 HTTP/1.1" 200 9440 "http://www.mink-gmbh.de/news.php?cs_go=archiv&cs_search=&cs_id=4460" "Mozilla/4.0 (compatible; MSIE 6.0; Windows NT 5.1; SV1; .NET CLR 1.1.4322)"
88.198.55.242 - - [02/Oct/2013:15:40:44 +0200] "GET /news.php?cs_go=archiv&cs_startpos=100 HTTP/1.1" 200 20352 "http://www.mink-gmbh.de/news.php?cs_go=archiv&cs_search=&cs_id=4497" "Mozilla/4.0 (compatible; MSIE 6.0; Windows NT 5.1; SV1; .NET CLR 1.1.4322)"
88.198.55.242 - - [02/Oct/2013:15:40:44 +0200] "GET /news.php?cs_go=archiv&cs_search=&cs_id=4487 HTTP/1.1" 200 7716 "http://www.mink-gmbh.de/news.php?cs_go=archiv&cs_startpos=100" "Mozilla/4.0 (compatible; MSIE 6.0; Windows NT 5.1; SV1; .NET CLR 1.1.4322)"
88.198.55.242 - - [02/Oct/2013:15:40:45 +0200] "GET /news.php?cs_go=archiv&cs_search=&cs_id=4489 HTTP/1.1" 200 12074 "http://www.mink-gmbh.de/news.php?cs_go=archiv&cs_search=&cs_id=4487" "Mozilla/4.0 (compatible; MSIE 6.0; Windows NT 5.1; SV1; .NET CLR 1.1.4322)"
141.8.147.12 - - [02/Oct/2013:15:40:45 +0200] "GET /news.php?cs_go=archiv&cs_id=4372&cs_search= HTTP/1.1" 200 9224 "-" "Mozilla/5.0 (compatible; YandexBot/3.0; +http://yandex.com/bots)"
88.198.55.242 - - [02/Oct/2013:15:40:45 +0200] "GET /news.php?cs_go=archiv&cs_search=&cs_id=4532 HTTP/1.1" 200 8324 "http://www.mink-gmbh.de/news.php?cs_go=archiv&cs_search=&cs_id=4489" "Mozilla/4.0 (compatible; MSIE 6.0; Windows NT 5.1; SV1; .NET CLR 1.1.4322)"
88.198.55.242 - - [02/Oct/2013:15:40:45 +0200] "GET /news.php?cs_go=archiv&cs_search=&cs_id=4458 HTTP/1.1" 200 12189 "http://www.mink-gmbh.de/news.php?cs_go=archiv&cs_search=&cs_id=4532" "Mozilla/4.0 (compatible; MSIE 6.0; Windows NT 5.1; SV1; .NET CLR 1.1.4322)"
88.198.55.242 - - [02/Oct/2013:15:40:45 +0200] "GET /news.php?cs_go=archiv&cs_startpos=180 HTTP/1.1" 200 20672 "http://www.mink-gmbh.de/news.php?cs_go=archiv&cs_search=&cs_id=4458" "Mozilla/4.0 (compatible; MSIE 6.0; Windows NT 5.1; SV1; .NET CLR 1.1.4322)"
88.198.55.242 - - [02/Oct/2013:15:40:46 +0200] "GET /news.php?cs_go=archiv&cs_startpos=210 HTTP/1.1" 200 20513 "http://www.mink-gmbh.de/news.php?cs_go=archiv&cs_startpos=180" "Mozilla/4.0 (compatible; MSIE 6.0; Windows NT 5.1; SV1; .NET CLR 1.1.4322)"
88.198.55.242 - - [02/Oct/2013:15:40:46 +0200] "GET /news.php?cs_go=archiv&cs_startpos=250 HTTP/1.1" 200 19952 "http://www.mink-gmbh.de/news.php?cs_go=archiv&cs_startpos=210" "Mozilla/4.0 (compatible; MSIE 6.0; Windows NT 5.1; SV1; .NET CLR 1.1.4322)"
88.198.55.242 - - [02/Oct/2013:15:40:47 +0200] "GET /news.php?cs_go=archiv&cs_search=&cs_id=4343 HTTP/1.1" 200 11386 "http://www.mink-gmbh.de/news.php?cs_go=archiv&cs_startpos=250" "Mozilla/4.0 (compatible; MSIE 6.0; Windows NT 5.1; SV1; .NET CLR 1.1.4322)"
88.198.55.242 - - [02/Oct/2013:15:40:47 +0200] "GET /news.php?cs_go=archiv&cs_search=&cs_id=4340 HTTP/1.1" 200 11723 "http://www.mink-gmbh.de/news.php?cs_go=archiv&cs_search=&cs_id=4343" "Mozilla/4.0 (compatible; MSIE 6.0; Windows NT 5.1; SV1; .NET CLR 1.1.4322)"
88.198.55.242 - - [02/Oct/2013:15:40:47 +0200] "GET /news.php?cs_go=archiv&cs_search=&cs_id=4415 HTTP/1.1" 200 9678 "http://www.mink-gmbh.de/news.php?cs_go=archiv&cs_search=&cs_id=4340" "Mozilla/4.0 (compatible; MSIE 6.0; Windows NT 5.1; SV1; .NET CLR 1.1.4322)"
88.198.55.242 - - [02/Oct/2013:15:40:48 +0200] "GET /news.php?cs_go=archiv&cs_search=&cs_id=4476 HTTP/1.1" 200 9161 "http://www.mink-gmbh.de/news.php?cs_go=archiv&cs_search=&cs_id=4415" "Mozilla/4.0 (compatible; MSIE 6.0; Windows NT 5.1; SV1; .NET CLR 1.1.4322)"
88.198.55.242 - - [02/Oct/2013:15:40:48 +0200] "GET /news.php?cs_go=archiv&cs_search=&cs_id=4505 HTTP/1.1" 200 7578 "http://www.mink-gmbh.de/news.php?cs_go=archiv&cs_search=&cs_id=4476" "Mozilla/4.0 (compatible; MSIE 6.0; Windows NT 5.1; SV1; .NET CLR 1.1.4322)"
88.198.55.242 - - [02/Oct/2013:15:40:48 +0200] "GET /lexikon.php?cs_go=3&cs_id=45 HTTP/1.1" 200 5597 "http://www.mink-gmbh.de/news.php?cs_go=archiv&cs_search=&cs_id=4505" "Mozilla/4.0 (compatible; MSIE 6.0; Windows NT 5.1; SV1; .NET CLR 1.1.4322)"
88.198.55.242 - - [02/Oct/2013:15:40:48 +0200] "GET /lexikon.php?cs_go=2&cs_char=x HTTP/1.1" 200 6211 "http://www.mink-gmbh.de/lexikon.php?cs_go=3&cs_id=45" "Mozilla/4.0 (compatible; MSIE 6.0; Windows NT 5.1; SV1; .NET CLR 1.1.4322)"
88.198.55.242 - - [02/Oct/2013:15:40:49 +0200] "GET /news.php?cs_go=archiv&cs_search=&cs_id=4590 HTTP/1.1" 200 7783 "http://www.mink-gmbh.de/lexikon.php?cs_go=2&cs_char=x" "Mozilla/4.0 (compatible; MSIE 6.0; Windows NT 5.1; SV1; .NET CLR 1.1.4322)"
88.198.55.242 - - [02/Oct/2013:15:40:49 +0200] "GET /modernisierung.php HTTP/1.1" 200 9289 "http://www.mink-gmbh.de/news.php?cs_go=archiv&cs_search=&cs_id=4590" "Mozilla/4.0 (compatible; MSIE 6.0; Windows NT 5.1; SV1; .NET CLR 1.1.4322)"
88.198.55.242 - - [02/Oct/2013:15:40:49 +0200] "GET /modernisierung.php?cs_gp_go=description HTTP/1.1" 200 8445 "http://www.mink-gmbh.de/modernisierung.php" "Mozilla/4.0 (compatible; MSIE 6.0; Windows NT 5.1; SV1; .NET CLR 1.1.4322)"
5.10.83.101 - - [02/Oct/2013:15:50:29 +0200] "GET /lexikon.php?cs_go=3&cs_id=105 HTTP/1.1" 200 6009 "-" "Mozilla/5.0 (compatible; AhrefsBot/5.0; +http://ahrefs.com/robot/)"
5.10.83.53 - - [02/Oct/2013:15:51:45 +0200] "GET /lexikon.php?cs_go=3&cs_id=55 HTTP/1.1" 200 5618 "-" "Mozilla/5.0 (compatible; AhrefsBot/5.0; +http://ahrefs.com/robot/)"
5.10.83.61 - - [02/Oct/2013:15:54:29 +0200] "GET /news.php?cs_go=archiv&cs_startpos=40 HTTP/1.1" 200 20371 "-" "Mozilla/5.0 (compatible; AhrefsBot/5.0; +http://ahrefs.com/robot/)"
5.10.83.7 - - [02/Oct/2013:15:58:22 +0200] "GET /news.php?cs_go=archiv&cs_id=4462&cs_search= HTTP/1.1" 200 9135 "-" "Mozilla/5.0 (compatible; AhrefsBot/5.0; +http://ahrefs.com/robot/)"
141.8.147.12 - - [02/Oct/2013:15:58:30 +0200] "GET /news.php?cs_go=archiv&cs_id=4585&cs_search= HTTP/1.1" 200 7689 "-" "Mozilla/5.0 (compatible; YandexBot/3.0; +http://yandex.com/bots)"
5.10.83.96 - - [02/Oct/2013:15:59:27 +0200] "GET /news.php?cs_go=archiv&cs_id=4556&cs_search= HTTP/1.1" 200 7861 "-" "Mozilla/5.0 (compatible; AhrefsBot/5.0; +http://ahrefs.com/robot/)"
141.8.147.12 - - [02/Oct/2013:16:01:05 +0200] "GET /lexikon.php?cs_go=3&cs_id=84 HTTP/1.1" 200 4079 "-" "Mozilla/5.0 (compatible; YandexBot/3.0; +http://yandex.com/bots)"
141.8.147.12 - - [02/Oct/2013:16:03:37 +0200] "GET /lexikon.php?cs_go=3&cs_id=84 HTTP/1.1" 200 5956 "-" "Mozilla/5.0 (compatible; YandexBot/3.0; +http://yandex.com/bots)"
77.75.77.32 - - [02/Oct/2013:16:04:57 +0200] "GET /robots.txt HTTP/1.1" 200 177 "-" "SeznamBot/3.0 (+http://fulltext.sblog.cz/)"
77.75.77.32 - - [02/Oct/2013:16:04:58 +0200] "GET /standard.php HTTP/1.1" 200 5296 "-" "SeznamBot/3.0 (+http://fulltext.sblog.cz/)"
141.8.147.12 - - [02/Oct/2013:16:05:03 +0200] "GET /news.php?cs_go=archiv&cs_id=4369&cs_search= HTTP/1.1" 200 11567 "-" "Mozilla/5.0 (compatible; YandexBot/3.0; +http://yandex.com/bots)"
5.10.83.61 - - [02/Oct/2013:16:05:27 +0200] "GET /lexikon.php?cs_go=3&cs_id=123 HTTP/1.1" 200 5657 "-" "Mozilla/5.0 (compatible; AhrefsBot/5.0; +http://ahrefs.com/robot/)"
5.10.83.34 - - [02/Oct/2013:16:06:53 +0200] "GET /lexikon.php?cs_go=3&cs_id=233 HTTP/1.1" 200 6601 "-" "Mozilla/5.0 (compatible; AhrefsBot/5.0; +http://ahrefs.com/robot/)"
141.8.147.12 - - [02/Oct/2013:16:09:41 +0200] "GET /news.php?cs_go=archiv&cs_id=4600&cs_search= HTTP/1.1" 200 11567 "-" "Mozilla/5.0 (compatible; YandexBot/3.0; +http://yandex.com/bots)"
5.10.83.22 - - [02/Oct/2013:16:13:06 +0200] "GET /news.php?cs_go=archiv&cs_startpos=130 HTTP/1.1" 200 20610 "-" "Mozilla/5.0 (compatible; AhrefsBot/5.0; +http://ahrefs.com/robot/)"
141.8.147.12 - - [02/Oct/2013:16:22:33 +0200] "GET /lexikon.php?cs_go=3&cs_id=52 HTTP/1.1" 200 6354 "-" "Mozilla/5.0 (compatible; YandexBot/3.0; +http://yandex.com/bots)"
5.10.83.7 - - [02/Oct/2013:16:25:16 +0200] "GET /faq.php HTTP/1.1" 200 216868 "-" "Mozilla/5.0 (compatible; AhrefsBot/5.0; +http://ahrefs.com/robot/)"
123.151.148.163 - - [02/Oct/2013:16:28:50 +0200] "GET /robots.txt HTTP/1.1" 200 177 "http://www.mink-gmbh.de/" "Mozilla/5.0 (compatible; MSIE 8.0; Windows NT 6.1)"
141.8.147.12 - - [02/Oct/2013:16:35:24 +0200] "GET /news.php?cs_go=archiv&cs_id=4599 HTTP/1.1" 200 7546 "-" "Mozilla/5.0 (compatible; YandexBot/3.0; +http://yandex.com/bots)"
5.10.83.101 - - [02/Oct/2013:16:36:13 +0200] "GET /lexikon.php?cs_go=2&cs_char=z HTTP/1.1" 200 5862 "-" "Mozilla/5.0 (compatible; AhrefsBot/5.0; +http://ahrefs.com/robot/)"
123.125.71.56 - - [02/Oct/2013:16:43:33 +0200] "GET / HTTP/1.1" 200 6597 "-" "Mozilla/5.0 (compatible; Baiduspider/2.0; +http://www.baidu.com/search/spider.html)"
220.181.108.84 - - [02/Oct/2013:16:44:27 +0200] "GET / HTTP/1.1" 200 6597 "-" "Mozilla/5.0 (compatible; Baiduspider/2.0; +http://www.baidu.com/search/spider.html)"
5.10.83.34 - - [02/Oct/2013:16:45:54 +0200] "GET /lexikon.php?cs_go=3&cs_id=54 HTTP/1.1" 200 5603 "-" "Mozilla/5.0 (compatible; AhrefsBot/5.0; +http://ahrefs.com/robot/)"
141.8.147.12 - - [02/Oct/2013:16:48:15 +0200] "GET /lexikon.php?cs_go=3&cs_id=95 HTTP/1.1" 200 6335 "-" "Mozilla/5.0 (compatible; YandexBot/3.0; +http://yandex.com/bots)"
5.10.83.92 - - [02/Oct/2013:16:57:49 +0200] "GET /jobs.php HTTP/1.1" 200 5020 "-" "Mozilla/5.0 (compatible; AhrefsBot/5.0; +http://ahrefs.com/robot/)"
5.10.83.92 - - [02/Oct/2013:16:58:56 +0200] "GET /news.php?cs_go=archiv&cs_id=4401&cs_search= HTTP/1.1" 200 11738 "-" "Mozilla/5.0 (compatible; AhrefsBot/5.0; +http://ahrefs.com/robot/)"
141.8.147.12 - - [02/Oct/2013:17:01:06 +0200] "GET /lexikon.php?cs_go=3&cs_id=29 HTTP/1.1" 200 5992 "-" "Mozilla/5.0 (compatible; YandexBot/3.0; +http://yandex.com/bots)"
5.10.83.61 - - [02/Oct/2013:17:07:35 +0200] "GET /news.php?cs_go=archiv&cs_startpos=201 HTTP/1.1" 200 20618 "-" "Mozilla/5.0 (compatible; AhrefsBot/5.0; +http://ahrefs.com/robot/)"
141.8.147.12 - - [02/Oct/2013:17:13:59 +0200] "GET /lexikon.php?cs_go=3&cs_id=92 HTTP/1.1" 200 6126 "-" "Mozilla/5.0 (compatible; YandexBot/3.0; +http://yandex.com/bots)"
5.10.83.101 - - [02/Oct/2013:17:17:58 +0200] "GET /news.php?cs_go=archiv&cs_id=4459&cs_search= HTTP/1.1" 200 7566 "-" "Mozilla/5.0 (compatible; AhrefsBot/5.0; +http://ahrefs.com/robot/)"
176.9.138.27 - - [02/Oct/2013:17:34:24 +0200] "GET /robots.txt HTTP/1.1" 200 177 "-" "Mozilla/5.0 (compatible; Spiderlytics/1.0; +spider@spiderlytics.com)"
176.9.138.27 - - [02/Oct/2013:17:34:24 +0200] "GET /news.php?cs_go=archiv&cs_startpos=1610 HTTP/1.1" 200 5728 "-" "Mozilla/5.0 (compatible; Spiderlytics/1.0; +spider@spiderlytics.com)"
5.10.83.96 - - [02/Oct/2013:17:35:38 +0200] "GET /news.php?cs_go=archiv&cs_startpos=191 HTTP/1.1" 200 20525 "-" "Mozilla/5.0 (compatible; AhrefsBot/5.0; +http://ahrefs.com/robot/)"
5.10.83.53 - - [02/Oct/2013:17:43:45 +0200] "GET /lexikon.php?cs_go=3&cs_id=67 HTTP/1.1" 200 6227 "-" "Mozilla/5.0 (compatible; AhrefsBot/5.0; +http://ahrefs.com/robot/)"
141.8.147.12 - - [02/Oct/2013:17:52:25 +0200] "GET /news.php?cs_go=archiv&cs_id=4595&cs_search= HTTP/1.1" 200 7576 "-" "Mozilla/5.0 (compatible; YandexBot/3.0; +http://yandex.com/bots)"
141.8.147.12 - - [02/Oct/2013:18:03:22 +0200] "GET /lexikon.php?cs_go=3&cs_id=56 HTTP/1.1" 200 5605 "-" "Mozilla/5.0 (compatible; YandexBot/3.0; +http://yandex.com/bots)"
141.8.147.12 - - [02/Oct/2013:18:03:24 +0200] "GET /lexikon.php?cs_go=3&cs_id=18 HTTP/1.1" 200 5627 "-" "Mozilla/5.0 (compatible; YandexBot/3.0; +http://yandex.com/bots)"
141.8.147.12 - - [02/Oct/2013:18:03:26 +0200] "GET /news.php?cs_go=archiv&cs_id=4591&cs_search= HTTP/1.1" 200 8463 "-" "Mozilla/5.0 (compatible; YandexBot/3.0; +http://yandex.com/bots)"
141.8.147.12 - - [02/Oct/2013:18:17:00 +0200] "GET /news.php?cs_go=archiv&cs_id=4370&cs_search= HTTP/1.1" 200 7512 "-" "Mozilla/5.0 (compatible; YandexBot/3.0; +http://yandex.com/bots)"
5.10.83.61 - - [02/Oct/2013:18:30:31 +0200] "GET /optiplus.php HTTP/1.1" 200 8676 "-" "Mozilla/5.0 (compatible; AhrefsBot/5.0; +http://ahrefs.com/robot/)"
5.10.83.51 - - [02/Oct/2013:18:31:43 +0200] "GET /news.php?cs_go=archiv&cs_id=4591 HTTP/1.1" 200 8463 "-" "Mozilla/5.0 (compatible; AhrefsBot/5.0; +http://ahrefs.com/robot/)"
5.10.83.101 - - [02/Oct/2013:18:36:19 +0200] "GET /news.php?cs_go=archiv&cs_startpos=240 HTTP/1.1" 200 19987 "-" "Mozilla/5.0 (compatible; AhrefsBot/5.0; +http://ahrefs.com/robot/)"
5.10.83.74 - - [02/Oct/2013:18:51:17 +0200] "GET /lexikon.php?cs_go=3&cs_id=80 HTTP/1.1" 200 6004 "-" "Mozilla/5.0 (compatible; AhrefsBot/5.0; +http://ahrefs.com/robot/)"
79.206.122.176 - - [02/Oct/2013:18:56:13 +0200] "GET / HTTP/1.1" 200 12446 "https://www.google.de/" "Mozilla/5.0 (iPad; CPU OS 7_0_2 like Mac OS X) AppleWebKit/537.51.1 (KHTML, like Gecko) Version/7.0 Mobile/11A501 Safari/9537.53"
79.206.122.176 - - [02/Oct/2013:18:56:14 +0200] "GET /style.css HTTP/1.1" 200 8402 "http://www.mink-gmbh.de/" "Mozilla/5.0 (iPad; CPU OS 7_0_2 like Mac OS X) AppleWebKit/537.51.1 (KHTML, like Gecko) Version/7.0 Mobile/11A501 Safari/9537.53"
79.206.122.176 - - [02/Oct/2013:18:56:14 +0200] "GET /modul.css HTTP/1.1" 200 35038 "http://www.mink-gmbh.de/" "Mozilla/5.0 (iPad; CPU OS 7_0_2 like Mac OS X) AppleWebKit/537.51.1 (KHTML, like Gecko) Version/7.0 Mobile/11A501 Safari/9537.53"
79.206.122.176 - - [02/Oct/2013:18:56:14 +0200] "GET /js_contentserver24_greybox/gb_styles.css HTTP/1.1" 200 2302 "http://www.mink-gmbh.de/" "Mozilla/5.0 (iPad; CPU OS 7_0_2 like Mac OS X) AppleWebKit/537.51.1 (KHTML, like Gecko) Version/7.0 Mobile/11A501 Safari/9537.53"
79.206.122.176 - - [02/Oct/2013:18:56:15 +0200] "GET /js_contentserver24_greybox/AJS.js HTTP/1.1" 200 10396 "http://www.mink-gmbh.de/" "Mozilla/5.0 (iPad; CPU OS 7_0_2 like Mac OS X) AppleWebKit/537.51.1 (KHTML, like Gecko) Version/7.0 Mobile/11A501 Safari/9537.53"
79.206.122.176 - - [02/Oct/2013:18:56:15 +0200] "GET /js_contentserver24_greybox/AJS_fx.js HTTP/1.1" 200 3192 "http://www.mink-gmbh.de/" "Mozilla/5.0 (iPad; CPU OS 7_0_2 like Mac OS X) AppleWebKit/537.51.1 (KHTML, like Gecko) Version/7.0 Mobile/11A501 Safari/9537.53"
79.206.122.176 - - [02/Oct/2013:18:56:15 +0200] "GET /js_contentserver24_greybox/gb_scripts.js HTTP/1.1" 200 11913 "http://www.mink-gmbh.de/" "Mozilla/5.0 (iPad; CPU OS 7_0_2 like Mac OS X) AppleWebKit/537.51.1 (KHTML, like Gecko) Version/7.0 Mobile/11A501 Safari/9537.53"
79.206.122.176 - - [02/Oct/2013:18:56:15 +0200] "GET /images/tkw.jpg HTTP/1.1" 200 64031 "http://www.mink-gmbh.de/" "Mozilla/5.0 (iPad; CPU OS 7_0_2 like Mac OS X) AppleWebKit/537.51.1 (KHTML, like Gecko) Version/7.0 Mobile/11A501 Safari/9537.53"
79.206.122.176 - - [02/Oct/2013:18:56:15 +0200] "GET /images/team-energie.png HTTP/1.1" 200 17383 "http://www.mink-gmbh.de/" "Mozilla/5.0 (iPad; CPU OS 7_0_2 like Mac OS X) AppleWebKit/537.51.1 (KHTML, like Gecko) Version/7.0 Mobile/11A501 Safari/9537.53"
79.206.122.176 - - [02/Oct/2013:18:56:15 +0200] "GET /images/freecall.jpg HTTP/1.1" 200 39195 "http://www.mink-gmbh.de/" "Mozilla/5.0 (iPad; CPU OS 7_0_2 like Mac OS X) AppleWebKit/537.51.1 (KHTML, like Gecko) Version/7.0 Mobile/11A501 Safari/9537.53"
79.206.122.176 - - [02/Oct/2013:18:56:15 +0200] "GET /images/wunschpreis.jpg HTTP/1.1" 200 16767 "http://www.mink-gmbh.de/" "Mozilla/5.0 (iPad; CPU OS 7_0_2 like Mac OS X) AppleWebKit/537.51.1 (KHTML, like Gecko) Version/7.0 Mobile/11A501 Safari/9537.53"
79.206.122.176 - - [02/Oct/2013:18:56:15 +0200] "GET /images/kwk.gif HTTP/1.1" 200 6403 "http://www.mink-gmbh.de/" "Mozilla/5.0 (iPad; CPU OS 7_0_2 like Mac OS X) AppleWebKit/537.51.1 (KHTML, like Gecko) Version/7.0 Mobile/11A501 Safari/9537.53"
79.206.122.176 - - [02/Oct/2013:18:56:15 +0200] "GET /images/mail.jpg HTTP/1.1" 200 11165 "http://www.mink-gmbh.de/" "Mozilla/5.0 (iPad; CPU OS 7_0_2 like Mac OS X) AppleWebKit/537.51.1 (KHTML, like Gecko) Version/7.0 Mobile/11A501 Safari/9537.53"
79.206.122.176 - - [02/Oct/2013:18:56:15 +0200] "GET /images/newsletter_bg.jpg HTTP/1.1" 200 33610 "http://www.mink-gmbh.de/" "Mozilla/5.0 (iPad; CPU OS 7_0_2 like Mac OS X) AppleWebKit/537.51.1 (KHTML, like Gecko) Version/7.0 Mobile/11A501 Safari/9537.53"
79.206.122.176 - - [02/Oct/2013:18:56:15 +0200] "GET /images/steigend.png HTTP/1.1" 200 688 "http://www.mink-gmbh.de/" "Mozilla/5.0 (iPad; CPU OS 7_0_2 like Mac OS X) AppleWebKit/537.51.1 (KHTML, like Gecko) Version/7.0 Mobile/11A501 Safari/9537.53"
79.206.122.176 - - [02/Oct/2013:18:56:15 +0200] "GET /images/logos.jpg?cache8048 HTTP/1.1" 200 35043 "http://www.mink-gmbh.de/" "Mozilla/5.0 (iPad; CPU OS 7_0_2 like Mac OS X) AppleWebKit/537.51.1 (KHTML, like Gecko) Version/7.0 Mobile/11A501 Safari/9537.53"
79.206.122.176 - - [02/Oct/2013:18:56:15 +0200] "GET /images/close.png HTTP/1.1" 200 703 "http://www.mink-gmbh.de/" "Mozilla/5.0 (iPad; CPU OS 7_0_2 like Mac OS X) AppleWebKit/537.51.1 (KHTML, like Gecko) Version/7.0 Mobile/11A501 Safari/9537.53"
79.206.122.176 - - [02/Oct/2013:18:56:15 +0200] "GET /js_contentserver24_greybox/w_close.gif HTTP/1.1" 200 74 "http://www.mink-gmbh.de/" "Mozilla/5.0 (iPad; CPU OS 7_0_2 like Mac OS X) AppleWebKit/537.51.1 (KHTML, like Gecko) Version/7.0 Mobile/11A501 Safari/9537.53"
79.206.122.176 - - [02/Oct/2013:18:56:15 +0200] "GET /images/newsletter.png HTTP/1.1" 200 14619 "http://www.mink-gmbh.de/" "Mozilla/5.0 (iPad; CPU OS 7_0_2 like Mac OS X) AppleWebKit/537.51.1 (KHTML, like Gecko) Version/7.0 Mobile/11A501 Safari/9537.53"
79.206.122.176 - - [02/Oct/2013:18:56:15 +0200] "GET /images/bg.png HTTP/1.1" 200 922 "http://www.mink-gmbh.de/" "Mozilla/5.0 (iPad; CPU OS 7_0_2 like Mac OS X) AppleWebKit/537.51.1 (KHTML, like Gecko) Version/7.0 Mobile/11A501 Safari/9537.53"
79.206.122.176 - - [02/Oct/2013:18:56:15 +0200] "GET /images/navibg.png HTTP/1.1" 200 2803 "http://www.mink-gmbh.de/" "Mozilla/5.0 (iPad; CPU OS 7_0_2 like Mac OS X) AppleWebKit/537.51.1 (KHTML, like Gecko) Version/7.0 Mobile/11A501 Safari/9537.53"
79.206.122.176 - - [02/Oct/2013:18:56:15 +0200] "GET /js_contentserver24_greybox/loader_frame.html?s=0 HTTP/1.1" 200 2084 "http://www.mink-gmbh.de/" "Mozilla/5.0 (iPad; CPU OS 7_0_2 like Mac OS X) AppleWebKit/537.51.1 (KHTML, like Gecko) Version/7.0 Mobile/11A501 Safari/9537.53"
79.206.122.176 - - [02/Oct/2013:18:56:15 +0200] "GET /images/wrapperbg.jpg HTTP/1.1" 200 27465 "http://www.mink-gmbh.de/" "Mozilla/5.0 (iPad; CPU OS 7_0_2 like Mac OS X) AppleWebKit/537.51.1 (KHTML, like Gecko) Version/7.0 Mobile/11A501 Safari/9537.53"
79.206.122.176 - - [02/Oct/2013:18:56:15 +0200] "GET /images/fallend.png HTTP/1.1" 200 713 "http://www.mink-gmbh.de/" "Mozilla/5.0 (iPad; CPU OS 7_0_2 like Mac OS X) AppleWebKit/537.51.1 (KHTML, like Gecko) Version/7.0 Mobile/11A501 Safari/9537.53"
79.206.122.176 - - [02/Oct/2013:18:56:15 +0200] "GET /images/header.jpg HTTP/1.1" 200 25189 "http://www.mink-gmbh.de/" "Mozilla/5.0 (iPad; CPU OS 7_0_2 like Mac OS X) AppleWebKit/537.51.1 (KHTML, like Gecko) Version/7.0 Mobile/11A501 Safari/9537.53"
79.206.122.176 - - [02/Oct/2013:18:56:15 +0200] "GET /images/footerbg.jpg HTTP/1.1" 200 2184 "http://www.mink-gmbh.de/" "Mozilla/5.0 (iPad; CPU OS 7_0_2 like Mac OS X) AppleWebKit/537.51.1 (KHTML, like Gecko) Version/7.0 Mobile/11A501 Safari/9537.53"
79.206.122.176 - - [02/Oct/2013:18:56:15 +0200] "GET /images/mobil.jpg HTTP/1.1" 200 25293 "http://www.mink-gmbh.de/" "Mozilla/5.0 (iPad; CPU OS 7_0_2 like Mac OS X) AppleWebKit/537.51.1 (KHTML, like Gecko) Version/7.0 Mobile/11A501 Safari/9537.53"
79.206.122.176 - - [02/Oct/2013:18:56:16 +0200] "GET /images/newsletter.jpg HTTP/1.1" 200 13130 "http://www.mink-gmbh.de/" "Mozilla/5.0 (iPad; CPU OS 7_0_2 like Mac OS X) AppleWebKit/537.51.1 (KHTML, like Gecko) Version/7.0 Mobile/11A501 Safari/9537.53"
79.206.122.176 - - [02/Oct/2013:18:56:16 +0200] "GET /js_contentserver24_greybox/header_bg.gif HTTP/1.1" 200 1188 "http://www.mink-gmbh.de/" "Mozilla/5.0 (iPad; CPU OS 7_0_2 like Mac OS X) AppleWebKit/537.51.1 (KHTML, like Gecko) Version/7.0 Mobile/11A501 Safari/9537.53"
79.206.122.176 - - [02/Oct/2013:18:56:16 +0200] "GET /js_contentserver24_greybox/indicator.gif HTTP/1.1" 200 8238 "http://www.mink-gmbh.de/js_contentserver24_greybox/loader_frame.html?s=0" "Mozilla/5.0 (iPad; CPU OS 7_0_2 like Mac OS X) AppleWebKit/537.51.1 (KHTML, like Gecko) Version/7.0 Mobile/11A501 Safari/9537.53"
79.206.122.176 - - [02/Oct/2013:18:56:16 +0200] "GET /js_contentserver24_greybox/g_close.gif HTTP/1.1" 200 541 "http://www.mink-gmbh.de/" "Mozilla/5.0 (iPad; CPU OS 7_0_2 like Mac OS X) AppleWebKit/537.51.1 (KHTML, like Gecko) Version/7.0 Mobile/11A501 Safari/9537.53"
141.8.147.12 - - [02/Oct/2013:18:56:17 +0200] "GET /lexikon.php?cs_go=3&cs_id=94 HTTP/1.1" 200 6079 "-" "Mozilla/5.0 (compatible; YandexBot/3.0; +http://yandex.com/bots)"
66.249.66.49 - - [02/Oct/2013:19:00:23 +0200] "GET /news.php HTTP/1.1" 200 20120 "-" "DoCoMo/2.0 N905i(c100;TB;W24H16) (compatible; Googlebot-Mobile/2.1; +http://www.google.com/bot.html)"
5.10.83.74 - - [02/Oct/2013:19:02:04 +0200] "GET /news.php?cs_go=archiv&cs_id=4528&cs_search= HTTP/1.1" 200 7574 "-" "Mozilla/5.0 (compatible; AhrefsBot/5.0; +http://ahrefs.com/robot/)"
5.10.83.92 - - [02/Oct/2013:19:02:45 +0200] "GET /news.php?cs_go=archiv&cs_id=4373&cs_search= HTTP/1.1" 200 9438 "-" "Mozilla/5.0 (compatible; AhrefsBot/5.0; +http://ahrefs.com/robot/)"
5.10.83.22 - - [02/Oct/2013:19:05:36 +0200] "GET /lexikon.php?cs_go=3&cs_id=38 HTTP/1.1" 200 5773 "-" "Mozilla/5.0 (compatible; AhrefsBot/5.0; +http://ahrefs.com/robot/)"
141.8.147.12 - - [02/Oct/2013:19:23:33 +0200] "GET /robots.txt HTTP/1.1" 200 177 "-" "Mozilla/5.0 (compatible; YandexBot/3.0; +http://yandex.com/bots)"
5.10.83.22 - - [02/Oct/2013:19:26:11 +0200] "GET /lexikon.php?cs_go=3&cs_id=58 HTTP/1.1" 200 8432 "-" "Mozilla/5.0 (compatible; AhrefsBot/5.0; +http://ahrefs.com/robot/)"
5.10.83.7 - - [02/Oct/2013:19:32:40 +0200] "GET /news.php?cs_go=archiv&cs_id=4403&cs_search= HTTP/1.1" 200 7530 "-" "Mozilla/5.0 (compatible; AhrefsBot/5.0; +http://ahrefs.com/robot/)"
141.8.147.12 - - [02/Oct/2013:19:34:17 +0200] "GET /lexikon.php?cs_go=3&cs_id=1 HTTP/1.1" 200 6164 "-" "Mozilla/5.0 (compatible; YandexBot/3.0; +http://yandex.com/bots)"
5.10.83.34 - - [02/Oct/2013:19:38:10 +0200] "GET /lexikon.php?cs_go=3&cs_id=60 HTTP/1.1" 200 6101 "-" "Mozilla/5.0 (compatible; AhrefsBot/5.0; +http://ahrefs.com/robot/)"
5.10.83.7 - - [02/Oct/2013:19:42:04 +0200] "GET /lexikon.php?cs_go=3&cs_id=120 HTTP/1.1" 200 6118 "-" "Mozilla/5.0 (compatible; AhrefsBot/5.0; +http://ahrefs.com/robot/)"
66.249.78.46 - - [02/Oct/2013:19:44:51 +0200] "GET /wunschpreis.php HTTP/1.1" 200 10292 "-" "SAMSUNG-SGH-E250/1.0 Profile/MIDP-2.0 Configuration/CLDC-1.1 UP.Browser/6.2.3.3.c.1.101 (GUI) MMP/2.0 (compatible; Googlebot-Mobile/2.1; +http://www.google.com/bot.html)"
141.8.147.12 - - [02/Oct/2013:19:46:15 +0200] "GET /lexikon.php?cs_go=3&cs_id=43 HTTP/1.1" 200 5604 "-" "Mozilla/5.0 (compatible; YandexBot/3.0; +http://yandex.com/bots)"
5.10.83.101 - - [02/Oct/2013:19:46:44 +0200] "GET /newsletter.php HTTP/1.1" 200 6529 "-" "Mozilla/5.0 (compatible; AhrefsBot/5.0; +http://ahrefs.com/robot/)"
5.10.83.22 - - [02/Oct/2013:19:52:03 +0200] "GET /lexikon.php?cs_go=2&cs_char=w HTTP/1.1" 200 6188 "-" "Mozilla/5.0 (compatible; AhrefsBot/5.0; +http://ahrefs.com/robot/)"
5.10.83.101 - - [02/Oct/2013:19:59:09 +0200] "GET /news.php?cs_go=archiv&cs_id=4579&cs_search= HTTP/1.1" 200 9006 "-" "Mozilla/5.0 (compatible; AhrefsBot/5.0; +http://ahrefs.com/robot/)"
5.10.83.74 - - [02/Oct/2013:20:01:53 +0200] "GET /lexikon.php?cs_go=3&cs_id=63 HTTP/1.1" 200 5963 "-" "Mozilla/5.0 (compatible; AhrefsBot/5.0; +http://ahrefs.com/robot/)"
66.249.78.46 - - [02/Oct/2013:20:03:37 +0200] "GET /news.php?cs_go=archiv&cs_id=4421 HTTP/1.1" 200 7536 "-" "Mozilla/5.0 (compatible; Googlebot/2.1; +http://www.google.com/bot.html)"
5.10.83.51 - - [02/Oct/2013:20:07:26 +0200] "GET /rueckrufservice.php HTTP/1.1" 200 8337 "-" "Mozilla/5.0 (compatible; AhrefsBot/5.0; +http://ahrefs.com/robot/)"
5.10.83.22 - - [02/Oct/2013:20:00:40 +0200] "GET /news.php?cs_go=archiv&cs_startpos=0 HTTP/1.1" 200 20120 "-" "Mozilla/5.0 (compatible; AhrefsBot/5.0; +http://ahrefs.com/robot/)"
141.8.147.12 - - [02/Oct/2013:20:10:02 +0200] "GET /lexikon.php?cs_go=3&cs_id=42 HTTP/1.1" 200 5973 "-" "Mozilla/5.0 (compatible; YandexBot/3.0; +http://yandex.com/bots)"
5.10.83.92 - - [02/Oct/2013:20:28:50 +0200] "GET /news.php?cs_go=archiv&cs_id=4365&cs_search= HTTP/1.1" 200 11576 "-" "Mozilla/5.0 (compatible; AhrefsBot/5.0; +http://ahrefs.com/robot/)"
176.9.138.27 - - [02/Oct/2013:20:29:19 +0200] "GET /robots.txt HTTP/1.1" 200 177 "-" "Mozilla/5.0 (compatible; Spiderlytics/1.0; +spider@spiderlytics.com)"
176.9.138.27 - - [02/Oct/2013:20:29:19 +0200] "GET /news.php?cs_go=archiv&cs_startpos=1241 HTTP/1.1" 200 5728 "-" "Mozilla/5.0 (compatible; Spiderlytics/1.0; +spider@spiderlytics.com)"
141.8.147.12 - - [02/Oct/2013:20:35:50 +0200] "GET /lexikon.php?cs_go=3&cs_id=41 HTTP/1.1" 200 5954 "-" "Mozilla/5.0 (compatible; YandexBot/3.0; +http://yandex.com/bots)"
65.36.241.79 - - [02/Oct/2013:20:36:03 +0200] "HEAD / HTTP/1.1" 200 - "-" "InternetSeer.com"
5.10.83.22 - - [02/Oct/2013:20:38:41 +0200] "GET /lexikon.php?cs_go=3&cs_id=140 HTTP/1.1" 200 6345 "-" "Mozilla/5.0 (compatible; AhrefsBot/5.0; +http://ahrefs.com/robot/)"
141.8.147.12 - - [02/Oct/2013:20:46:55 +0200] "GET /lexikon.php?cs_go=3&cs_id=15 HTTP/1.1" 200 5678 "-" "Mozilla/5.0 (compatible; YandexBot/3.0; +http://yandex.com/bots)"
141.8.147.12 - - [02/Oct/2013:20:53:21 +0200] "GET /lexikon.php?cs_go=3&cs_id=66 HTTP/1.1" 200 5598 "-" "Mozilla/5.0 (compatible; YandexBot/3.0; +http://yandex.com/bots)"
123.125.71.13 - - [02/Oct/2013:20:56:19 +0200] "GET / HTTP/1.1" 200 6597 "-" "Mozilla/5.0 (compatible; Baiduspider/2.0; +http://www.baidu.com/search/spider.html)"
220.181.108.97 - - [02/Oct/2013:20:56:28 +0200] "GET / HTTP/1.1" 200 5684 "-" "Mozilla/5.0 (compatible; Baiduspider/2.0; +http://www.baidu.com/search/spider.html)"
82.94.179.38 - - [02/Oct/2013:20:56:35 +0200] "GET /robots.txt HTTP/1.0" 200 177 "-" "Mozilla/4.0 (compatible; Freshbot/1.0/EU; http://webagent.wise-guys.nl/)"
82.94.179.38 - - [02/Oct/2013:20:56:35 +0200] "GET / HTTP/1.1" 200 12446 "-" "Mozilla/5.0 (X11; Linux i686; rv:6.0) Gecko/20100101 Firefox/6.0 (Freshbot/1.0/EU; http://webagent.wise-guys.nl/)"
82.94.179.38 - - [02/Oct/2013:20:56:43 +0200] "GET /news.php?cs_go=archiv&cs_id=4608 HTTP/1.1" 200 11354 "-" "Mozilla/5.0 (X11; Linux i686; rv:6.0) Gecko/20100101 Firefox/6.0 (Freshbot/1.0/EU; http://webagent.wise-guys.nl/)"
82.94.179.38 - - [02/Oct/2013:20:56:48 +0200] "GET /news.php?cs_go=archiv&cs_id=4602 HTTP/1.1" 200 8005 "-" "Mozilla/5.0 (X11; Linux i686; rv:6.0) Gecko/20100101 Firefox/6.0 (Freshbot/1.0/EU; http://webagent.wise-guys.nl/)"
82.94.179.38 - - [02/Oct/2013:20:56:53 +0200] "GET /news.php?cs_go=archiv&cs_id=4607 HTTP/1.1" 200 7645 "-" "Mozilla/5.0 (X11; Linux i686; rv:6.0) Gecko/20100101 Firefox/6.0 (Freshbot/1.0/EU; http://webagent.wise-guys.nl/)"
141.8.147.12 - - [02/Oct/2013:21:04:42 +0200] "GET /lexikon.php?cs_go=3&cs_id=72 HTTP/1.1" 200 7001 "-" "Mozilla/5.0 (compatible; YandexBot/3.0; +http://yandex.com/bots)"
66.249.78.46 - - [02/Oct/2013:21:06:32 +0200] "GET /news.php?cs_go=archiv&cs_id=4416 HTTP/1.1" 200 10436 "-" "Mozilla/5.0 (compatible; Googlebot/2.1; +http://www.google.com/bot.html)"
5.10.83.34 - - [02/Oct/2013:21:06:53 +0200] "GET /news.php?cs_go=archiv&cs_id=4423&cs_search= HTTP/1.1" 200 11460 "-" "Mozilla/5.0 (compatible; AhrefsBot/5.0; +http://ahrefs.com/robot/)"
5.10.83.92 - - [02/Oct/2013:21:09:20 +0200] "GET /news.php?cs_go=archiv&cs_id=4402&cs_search= HTTP/1.1" 200 8663 "-" "Mozilla/5.0 (compatible; AhrefsBot/5.0; +http://ahrefs.com/robot/)"
5.10.83.53 - - [02/Oct/2013:21:14:47 +0200] "GET /lexikon.php?cs_go=3&cs_id=83 HTTP/1.1" 200 6036 "-" "Mozilla/5.0 (compatible; AhrefsBot/5.0; +http://ahrefs.com/robot/)"
141.8.147.12 - - [02/Oct/2013:21:26:49 +0200] "GET /lexikon.php?cs_go=3&cs_id=59 HTTP/1.1" 200 6310 "-" "Mozilla/5.0 (compatible; YandexBot/3.0; +http://yandex.com/bots)"
5.10.83.7 - - [02/Oct/2013:21:30:26 +0200] "GET /lexikon.php?cs_go=3&cs_id=103 HTTP/1.1" 200 6818 "-" "Mozilla/5.0 (compatible; AhrefsBot/5.0; +http://ahrefs.com/robot/)"
141.8.147.12 - - [02/Oct/2013:21:34:30 +0200] "GET /lexikon.php?cs_go=3&cs_id=12 HTTP/1.1" 200 6172 "-" "Mozilla/5.0 (compatible; YandexBot/3.0; +http://yandex.com/bots)"
66.249.78.46 - - [02/Oct/2013:21:34:30 +0200] "GET /news.php?cs_go=archiv&cs_id=4422 HTTP/1.1" 200 7966 "-" "Mozilla/5.0 (compatible; Googlebot/2.1; +http://www.google.com/bot.html)"
141.8.147.12 - - [02/Oct/2013:21:35:52 +0200] "GET /lexikon.php?cs_go=3&cs_id=89 HTTP/1.1" 200 5996 "-" "Mozilla/5.0 (compatible; YandexBot/3.0; +http://yandex.com/bots)"
66.249.78.46 - - [02/Oct/2013:21:41:14 +0200] "GET /images/logos.jpg?cache7822 HTTP/1.1" 200 35043 "-" "Googlebot-Image/1.0"
66.249.78.46 - - [02/Oct/2013:21:41:51 +0200] "GET /images/logos.jpg?cache2160 HTTP/1.1" 200 35043 "-" "Googlebot-Image/1.0"
66.249.78.46 - - [02/Oct/2013:21:42:19 +0200] "GET /images/logos.jpg?cache5836 HTTP/1.1" 200 35043 "-" "Googlebot-Image/1.0"
66.249.78.46 - - [02/Oct/2013:21:42:45 +0200] "GET /images/logos.jpg?cache9087 HTTP/1.1" 200 35043 "-" "Googlebot-Image/1.0"
5.10.83.7 - - [02/Oct/2013:21:44:30 +0200] "GET /news.php?cs_go=archiv&cs_id=4515&cs_search= HTTP/1.1" 200 9315 "-" "Mozilla/5.0 (compatible; AhrefsBot/5.0; +http://ahrefs.com/robot/)"
141.8.147.12 - - [02/Oct/2013:21:47:32 +0200] "GET /news.php?cs_go=archiv&cs_id=4587 HTTP/1.1" 200 10171 "-" "Mozilla/5.0 (compatible; YandexBot/3.0; +http://yandex.com/bots)"
208.115.113.91 - - [02/Oct/2013:21:48:01 +0200] "GET /robots.txt HTTP/1.1" 200 177 "-" "Mozilla/5.0 (compatible; Ezooms/1.0; ezooms.bot@gmail.com)"
5.10.83.61 - - [02/Oct/2013:21:51:42 +0200] "GET /lexikon.php?cs_go=3&cs_id=73 HTTP/1.1" 200 7228 "-" "Mozilla/5.0 (compatible; AhrefsBot/5.0; +http://ahrefs.com/robot/)"
79.192.140.111 - - [02/Oct/2013:22:01:15 +0200] "GET /preisanfrage.php HTTP/1.1" 200 8557 "https://www.google.de/" "Mozilla/5.0 (iPad; CPU OS 6_1_3 like Mac OS X) AppleWebKit/536.26 (KHTML, like Gecko) Version/6.0 Mobile/10B329 Safari/8536.25"
79.192.140.111 - - [02/Oct/2013:22:01:16 +0200] "GET /style.css HTTP/1.1" 200 8402 "http://www.mink-gmbh.de/preisanfrage.php" "Mozilla/5.0 (iPad; CPU OS 6_1_3 like Mac OS X) AppleWebKit/536.26 (KHTML, like Gecko) Version/6.0 Mobile/10B329 Safari/8536.25"
79.192.140.111 - - [02/Oct/2013:22:01:16 +0200] "GET /modul.css HTTP/1.1" 200 35038 "http://www.mink-gmbh.de/preisanfrage.php" "Mozilla/5.0 (iPad; CPU OS 6_1_3 like Mac OS X) AppleWebKit/536.26 (KHTML, like Gecko) Version/6.0 Mobile/10B329 Safari/8536.25"
79.192.140.111 - - [02/Oct/2013:22:01:16 +0200] "GET /images/freecall.jpg HTTP/1.1" 200 39195 "http://www.mink-gmbh.de/preisanfrage.php" "Mozilla/5.0 (iPad; CPU OS 6_1_3 like Mac OS X) AppleWebKit/536.26 (KHTML, like Gecko) Version/6.0 Mobile/10B329 Safari/8536.25"
79.192.140.111 - - [02/Oct/2013:22:01:16 +0200] "GET /images/kwk.gif HTTP/1.1" 200 6403 "http://www.mink-gmbh.de/preisanfrage.php" "Mozilla/5.0 (iPad; CPU OS 6_1_3 like Mac OS X) AppleWebKit/536.26 (KHTML, like Gecko) Version/6.0 Mobile/10B329 Safari/8536.25"
79.192.140.111 - - [02/Oct/2013:22:01:16 +0200] "GET /images/wunschpreis.jpg HTTP/1.1" 200 16767 "http://www.mink-gmbh.de/preisanfrage.php" "Mozilla/5.0 (iPad; CPU OS 6_1_3 like Mac OS X) AppleWebKit/536.26 (KHTML, like Gecko) Version/6.0 Mobile/10B329 Safari/8536.25"
79.192.140.111 - - [02/Oct/2013:22:01:16 +0200] "GET /images/logos.jpg?cache1773 HTTP/1.1" 200 35043 "http://www.mink-gmbh.de/preisanfrage.php" "Mozilla/5.0 (iPad; CPU OS 6_1_3 like Mac OS X) AppleWebKit/536.26 (KHTML, like Gecko) Version/6.0 Mobile/10B329 Safari/8536.25"
79.192.140.111 - - [02/Oct/2013:22:01:17 +0200] "GET /images/bg.png HTTP/1.1" 200 922 "http://www.mink-gmbh.de/preisanfrage.php" "Mozilla/5.0 (iPad; CPU OS 6_1_3 like Mac OS X) AppleWebKit/536.26 (KHTML, like Gecko) Version/6.0 Mobile/10B329 Safari/8536.25"
79.192.140.111 - - [02/Oct/2013:22:01:17 +0200] "GET /images/newsletter.png HTTP/1.1" 200 14619 "http://www.mink-gmbh.de/preisanfrage.php" "Mozilla/5.0 (iPad; CPU OS 6_1_3 like Mac OS X) AppleWebKit/536.26 (KHTML, like Gecko) Version/6.0 Mobile/10B329 Safari/8536.25"
79.192.140.111 - - [02/Oct/2013:22:01:17 +0200] "GET /images/wrapperbg.jpg HTTP/1.1" 200 27465 "http://www.mink-gmbh.de/preisanfrage.php" "Mozilla/5.0 (iPad; CPU OS 6_1_3 like Mac OS X) AppleWebKit/536.26 (KHTML, like Gecko) Version/6.0 Mobile/10B329 Safari/8536.25"
79.192.140.111 - - [02/Oct/2013:22:01:17 +0200] "GET /images/header.jpg HTTP/1.1" 200 25189 "http://www.mink-gmbh.de/preisanfrage.php" "Mozilla/5.0 (iPad; CPU OS 6_1_3 like Mac OS X) AppleWebKit/536.26 (KHTML, like Gecko) Version/6.0 Mobile/10B329 Safari/8536.25"
79.192.140.111 - - [02/Oct/2013:22:01:17 +0200] "GET /images/footerbg.jpg HTTP/1.1" 200 2184 "http://www.mink-gmbh.de/preisanfrage.php" "Mozilla/5.0 (iPad; CPU OS 6_1_3 like Mac OS X) AppleWebKit/536.26 (KHTML, like Gecko) Version/6.0 Mobile/10B329 Safari/8536.25"
79.192.140.111 - - [02/Oct/2013:22:01:17 +0200] "GET /images/navibg.png HTTP/1.1" 200 2803 "http://www.mink-gmbh.de/preisanfrage.php" "Mozilla/5.0 (iPad; CPU OS 6_1_3 like Mac OS X) AppleWebKit/536.26 (KHTML, like Gecko) Version/6.0 Mobile/10B329 Safari/8536.25"
79.192.140.111 - - [02/Oct/2013:22:01:40 +0200] "POST /preisanfrage.php HTTP/1.1" 200 8725 "http://www.mink-gmbh.de/preisanfrage.php" "Mozilla/5.0 (iPad; CPU OS 6_1_3 like Mac OS X) AppleWebKit/536.26 (KHTML, like Gecko) Version/6.0 Mobile/10B329 Safari/8536.25"
79.192.140.111 - - [02/Oct/2013:22:01:41 +0200] "GET /images/logos.jpg?cache2791 HTTP/1.1" 200 35043 "http://www.mink-gmbh.de/preisanfrage.php" "Mozilla/5.0 (iPad; CPU OS 6_1_3 like Mac OS X) AppleWebKit/536.26 (KHTML, like Gecko) Version/6.0 Mobile/10B329 Safari/8536.25"
79.192.140.111 - - [02/Oct/2013:22:02:12 +0200] "GET /wunschpreis.php HTTP/1.1" 200 10292 "http://www.mink-gmbh.de/preisanfrage.php" "Mozilla/5.0 (iPad; CPU OS 6_1_3 like Mac OS X) AppleWebKit/536.26 (KHTML, like Gecko) Version/6.0 Mobile/10B329 Safari/8536.25"
79.192.140.111 - - [02/Oct/2013:22:02:12 +0200] "GET /images/logos.jpg?cache8569 HTTP/1.1" 200 35043 "http://www.mink-gmbh.de/wunschpreis.php" "Mozilla/5.0 (iPad; CPU OS 6_1_3 like Mac OS X) AppleWebKit/536.26 (KHTML, like Gecko) Version/6.0 Mobile/10B329 Safari/8536.25"
5.10.83.61 - - [02/Oct/2013:22:02:12 +0200] "GET /lexikon.php?cs_go=3&cs_id=229 HTTP/1.1" 200 5597 "-" "Mozilla/5.0 (compatible; AhrefsBot/5.0; +http://ahrefs.com/robot/)"
5.10.83.53 - - [02/Oct/2013:22:05:59 +0200] "GET /lexikon.php?cs_go=3&cs_id=203 HTTP/1.1" 200 6411 "-" "Mozilla/5.0 (compatible; AhrefsBot/5.0; +http://ahrefs.com/robot/)"
5.10.83.104 - - [02/Oct/2013:22:06:30 +0200] "GET /lexikon.php?cs_go=3&cs_id=90 HTTP/1.1" 200 7166 "-" "Mozilla/5.0 (compatible; AhrefsBot/5.0; +http://ahrefs.com/robot/)"
5.10.83.101 - - [02/Oct/2013:22:07:24 +0200] "GET /lexikon.php?cs_go=3&cs_id=209 HTTP/1.1" 200 5897 "-" "Mozilla/5.0 (compatible; AhrefsBot/5.0; +http://ahrefs.com/robot/)"
176.9.138.27 - - [02/Oct/2013:22:08:06 +0200] "GET /robots.txt HTTP/1.1" 200 177 "-" "Mozilla/5.0 (compatible; Spiderlytics/1.0; +spider@spiderlytics.com)"
176.9.138.27 - - [02/Oct/2013:22:08:06 +0200] "GET /.php HTTP/1.1" 404 - "-" "Mozilla/5.0 (compatible; Spiderlytics/1.0; +spider@spiderlytics.com)"
5.10.83.34 - - [02/Oct/2013:22:08:11 +0200] "GET /news.php?cs_go=archiv&cs_id=4560&cs_search= HTTP/1.1" 200 9078 "-" "Mozilla/5.0 (compatible; AhrefsBot/5.0; +http://ahrefs.com/robot/)"
5.10.83.74 - - [02/Oct/2013:22:21:39 +0200] "GET /lexikon.php?cs_go=2&cs_char=q HTTP/1.1" 200 5763 "-" "Mozilla/5.0 (compatible; AhrefsBot/5.0; +http://ahrefs.com/robot/)"
141.8.147.12 - - [02/Oct/2013:22:21:52 +0200] "GET /news.php?cs_go=archiv&cs_id=4598&cs_search= HTTP/1.1" 200 11846 "-" "Mozilla/5.0 (compatible; YandexBot/3.0; +http://yandex.com/bots)"
66.249.78.46 - - [02/Oct/2013:22:26:56 +0200] "GET /news.php?cs_go=archiv&cs_id=4166 HTTP/1.1" 200 7622 "-" "Mozilla/5.0 (compatible; Googlebot/2.1; +http://www.google.com/bot.html)"
141.8.147.12 - - [02/Oct/2013:22:31:45 +0200] "GET /lexikon.php?cs_go=3&cs_id=21 HTTP/1.1" 200 6706 "-" "Mozilla/5.0 (compatible; YandexBot/3.0; +http://yandex.com/bots)"
5.10.83.61 - - [02/Oct/2013:22:32:47 +0200] "GET /lexikon.php?cs_go=3&cs_id=141 HTTP/1.1" 200 6477 "-" "Mozilla/5.0 (compatible; AhrefsBot/5.0; +http://ahrefs.com/robot/)"
5.10.83.61 - - [02/Oct/2013:22:37:43 +0200] "GET /lexikon.php?cs_go=3&cs_id=174 HTTP/1.1" 200 6314 "-" "Mozilla/5.0 (compatible; AhrefsBot/5.0; +http://ahrefs.com/robot/)"
123.125.71.15 - - [02/Oct/2013:22:39:46 +0200] "GET / HTTP/1.1" 200 6723 "-" "Mozilla/5.0 (compatible; Baiduspider/2.0; +http://www.baidu.com/search/spider.html)"
220.181.108.115 - - [02/Oct/2013:22:40:23 +0200] "GET / HTTP/1.1" 200 6597 "-" "Mozilla/5.0 (compatible; Baiduspider/2.0; +http://www.baidu.com/search/spider.html)"
66.249.78.46 - - [02/Oct/2013:22:42:18 +0200] "GET /news.php?cs_go=archiv&cs_startpos=10 HTTP/1.1" 200 20437 "-" "Mozilla/5.0 (iPhone; U; CPU iPhone OS 4_1 like Mac OS X; en-us) AppleWebKit/532.9 (KHTML, like Gecko) Version/4.0.5 Mobile/8B117 Safari/6531.22.7 (compatible; Googlebot-Mobile/2.1; +http://www.google.com/bot.html)"
5.10.83.74 - - [02/Oct/2013:22:43:26 +0200] "GET /news.php?cs_go=archiv&cs_id=4520&cs_search= HTTP/1.1" 200 12094 "-" "Mozilla/5.0 (compatible; AhrefsBot/5.0; +http://ahrefs.com/robot/)"
66.249.78.46 - - [02/Oct/2013:22:44:25 +0200] "GET /news.php?cs_go=archiv&cs_id=4404 HTTP/1.1" 200 9020 "-" "Mozilla/5.0 (compatible; Googlebot/2.1; +http://www.google.com/bot.html)"
5.10.83.22 - - [02/Oct/2013:22:45:19 +0200] "GET /lexikon.php?cs_go=3&cs_id=35 HTTP/1.1" 200 6085 "-" "Mozilla/5.0 (compatible; AhrefsBot/5.0; +http://ahrefs.com/robot/)"
157.55.32.54 - - [02/Oct/2013:22:47:31 +0200] "GET /robots.txt HTTP/1.1" 200 177 "-" "Mozilla/5.0 (compatible; bingbot/2.0; +http://www.bing.com/bingbot.htm)"
157.55.32.54 - - [02/Oct/2013:22:48:30 +0200] "GET / HTTP/1.1" 200 12446 "-" "Mozilla/5.0 (compatible; bingbot/2.0; +http://www.bing.com/bingbot.htm)"
5.10.83.101 - - [02/Oct/2013:22:52:24 +0200] "GET /news.php?cs_go=archiv&cs_id=4572&cs_search= HTTP/1.1" 200 11854 "-" "Mozilla/5.0 (compatible; AhrefsBot/5.0; +http://ahrefs.com/robot/)"
141.8.147.12 - - [02/Oct/2013:22:59:01 +0200] "GET /news.php?cs_go=archiv&cs_id=4599&cs_search= HTTP/1.1" 200 7546 "-" "Mozilla/5.0 (compatible; YandexBot/3.0; +http://yandex.com/bots)"
141.8.147.12 - - [02/Oct/2013:23:05:50 +0200] "GET /lexikon.php?cs_go=3&cs_id=48 HTTP/1.1" 200 6992 "-" "Mozilla/5.0 (compatible; YandexBot/3.0; +http://yandex.com/bots)"
141.8.147.12 - - [02/Oct/2013:23:14:18 +0200] "GET /lexikon.php?cs_go=3&cs_id=27 HTTP/1.1" 200 6117 "-" "Mozilla/5.0 (compatible; YandexBot/3.0; +http://yandex.com/bots)"
141.8.147.12 - - [02/Oct/2013:23:22:46 +0200] "GET /news.php?cs_go=archiv&cs_id=4350&cs_search= HTTP/1.1" 200 7657 "-" "Mozilla/5.0 (compatible; YandexBot/3.0; +http://yandex.com/bots)"
5.10.83.101 - - [02/Oct/2013:23:28:50 +0200] "GET /standard.php HTTP/1.1" 200 6807 "-" "Mozilla/5.0 (compatible; AhrefsBot/5.0; +http://ahrefs.com/robot/)"
157.55.32.54 - - [02/Oct/2013:23:30:02 +0200] "GET / HTTP/1.1" 200 12446 "-" "Mozilla/5.0 (compatible; bingbot/2.0; +http://www.bing.com/bingbot.htm)"
141.8.147.12 - - [02/Oct/2013:23:36:56 +0200] "GET /news.php?cs_go=archiv&cs_id=4600 HTTP/1.1" 200 11567 "-" "Mozilla/5.0 (compatible; YandexBot/3.0; +http://yandex.com/bots)"
66.249.78.46 - - [02/Oct/2013:23:37:33 +0200] "GET /news.php?cs_go=archiv&cs_id=4589&cs_search= HTTP/1.1" 200 11824 "-" "Mozilla/5.0 (iPhone; U; CPU iPhone OS 4_1 like Mac OS X; en-us) AppleWebKit/532.9 (KHTML, like Gecko) Version/4.0.5 Mobile/8B117 Safari/6531.22.7 (compatible; Googlebot-Mobile/2.1; +http://www.google.com/bot.html)"
141.8.147.12 - - [02/Oct/2013:23:44:36 +0200] "GET /lexikon.php?cs_go=3&cs_id=87 HTTP/1.1" 200 5942 "-" "Mozilla/5.0 (compatible; YandexBot/3.0; +http://yandex.com/bots)"
208.115.113.91 - - [02/Oct/2013:23:51:20 +0200] "GET /news.php?cs_go=archiv&cs_id=4484&cs_search= HTTP/1.1" 200 11555 "-" "Mozilla/5.0 (compatible; Ezooms/1.0; ezooms.bot@gmail.com)"
141.8.147.12 - - [02/Oct/2013:23:52:16 +0200] "GET /news.php?cs_go=archiv&cs_id=4367&cs_search= HTTP/1.1" 200 11576 "-" "Mozilla/5.0 (compatible; YandexBot/3.0; +http://yandex.com/bots)"
141.8.147.12 - - [02/Oct/2013:23:54:04 +0200] "GET /lexikon.php?cs_go=3&cs_id=24 HTTP/1.1" 200 5670 "-" "Mozilla/5.0 (compatible; YandexBot/3.0; +http://yandex.com/bots)"
5.10.83.53 - - [02/Oct/2013:23:55:44 +0200] "GET /news.php?cs_go=archiv&cs_id=4479&cs_search= HTTP/1.1" 200 8367 "-" "Mozilla/5.0 (compatible; AhrefsBot/5.0; +http://ahrefs.com/robot/)"
5.10.83.96 - - [02/Oct/2013:23:57:52 +0200] "GET /news.php?cs_go=archiv&cs_id=4358&cs_search= HTTP/1.1" 200 7537 "-" "Mozilla/5.0 (compatible; AhrefsBot/5.0; +http://ahrefs.com/robot/)"
141.8.147.12 - - [03/Oct/2013:00:03:10 +0200] "GET /lexikon.php?cs_go=3&cs_id=17 HTTP/1.1" 200 6062 "-" "Mozilla/5.0 (compatible; YandexBot/3.0; +http://yandex.com/bots)"
5.10.83.7 - - [03/Oct/2013:00:01:05 +0200] "GET /news.php?cs_go=archiv&cs_id=4439&cs_search= HTTP/1.1" 200 7981 "-" "Mozilla/5.0 (compatible; AhrefsBot/5.0; +http://ahrefs.com/robot/)"
5.10.83.51 - - [03/Oct/2013:00:15:31 +0200] "GET /lexikon.php?cs_go=3&cs_id=205 HTTP/1.1" 200 5900 "-" "Mozilla/5.0 (compatible; AhrefsBot/5.0; +http://ahrefs.com/robot/)"
141.8.147.12 - - [03/Oct/2013:00:18:21 +0200] "GET /lexikon.php?cs_go=3&cs_id=65 HTTP/1.1" 200 6207 "-" "Mozilla/5.0 (compatible; YandexBot/3.0; +http://yandex.com/bots)"
141.8.147.12 - - [03/Oct/2013:00:19:54 +0200] "GET /lexikon.php?cs_go=3&cs_id=14 HTTP/1.1" 200 6183 "-" "Mozilla/5.0 (compatible; YandexBot/3.0; +http://yandex.com/bots)"
66.249.78.46 - - [03/Oct/2013:00:20:32 +0200] "GET /news.php?cs_go=archiv&cs_id=4413 HTTP/1.1" 200 11570 "-" "Mozilla/5.0 (compatible; Googlebot/2.1; +http://www.google.com/bot.html)"
66.249.78.46 - - [03/Oct/2013:00:24:01 +0200] "GET /news.php?cs_go=archiv&cs_id=4021 HTTP/1.1" 200 11630 "-" "Mozilla/5.0 (compatible; Googlebot/2.1; +http://www.google.com/bot.html)"
141.8.147.12 - - [03/Oct/2013:00:26:30 +0200] "GET /news.php?cs_go=archiv&cs_startpos=20 HTTP/1.1" 200 20227 "-" "Mozilla/5.0 (compatible; YandexBot/3.0; +http://yandex.com/bots)"
5.10.83.101 - - [03/Oct/2013:00:26:38 +0200] "GET /news.php?cs_go=archiv&cs_id=4446&cs_search= HTTP/1.1" 200 7718 "-" "Mozilla/5.0 (compatible; AhrefsBot/5.0; +http://ahrefs.com/robot/)"
178.77.126.55 - - [03/Oct/2013:00:28:12 +0200] "GET /robots.txt HTTP/1.1" 200 177 "-" "Mozilla/5.0 (compatible; CareerBot/1.1; +http://www.career-x.de/bot.html)"
178.77.126.55 - - [03/Oct/2013:00:28:12 +0200] "GET / HTTP/1.1" 200 12446 "-" "Mozilla/5.0 (compatible; CareerBot/1.1; +http://www.career-x.de/bot.html)"
5.10.83.61 - - [03/Oct/2013:00:30:01 +0200] "GET /news.php?cs_go=archiv&cs_id=4477&cs_search= HTTP/1.1" 200 11855 "-" "Mozilla/5.0 (compatible; AhrefsBot/5.0; +http://ahrefs.com/robot/)"
5.10.83.92 - - [03/Oct/2013:00:37:21 +0200] "GET /news.php?cs_go=archiv&cs_id=4563&cs_search= HTTP/1.1" 200 7561 "-" "Mozilla/5.0 (compatible; AhrefsBot/5.0; +http://ahrefs.com/robot/)"
5.10.83.74 - - [03/Oct/2013:00:37:38 +0200] "GET /news.php?cs_go=archiv&cs_id=4368&cs_search= HTTP/1.1" 200 7639 "-" "Mozilla/5.0 (compatible; AhrefsBot/5.0; +http://ahrefs.com/robot/)"
5.10.83.92 - - [03/Oct/2013:00:39:28 +0200] "GET /lexikon.php?cs_go=3&cs_id=136 HTTP/1.1" 200 5589 "-" "Mozilla/5.0 (compatible; AhrefsBot/5.0; +http://ahrefs.com/robot/)"
5.10.83.101 - - [03/Oct/2013:00:52:33 +0200] "GET /lexikon.php?cs_go=2&cs_char=y HTTP/1.1" 200 6211 "-" "Mozilla/5.0 (compatible; AhrefsBot/5.0; +http://ahrefs.com/robot/)"
5.10.83.51 - - [03/Oct/2013:00:53:35 +0200] "GET /lexikon.php?cs_go=3&cs_id=42 HTTP/1.1" 200 5973 "-" "Mozilla/5.0 (compatible; AhrefsBot/5.0; +http://ahrefs.com/robot/)"
5.10.83.74 - - [03/Oct/2013:01:09:42 +0200] "GET /news.php?cs_go=archiv&cs_id=4484&cs_search= HTTP/1.1" 200 11555 "-" "Mozilla/5.0 (compatible; AhrefsBot/5.0; +http://ahrefs.com/robot/)"
5.10.83.51 - - [03/Oct/2013:01:12:16 +0200] "GET /preisanfrage.php HTTP/1.1" 200 8557 "-" "Mozilla/5.0 (compatible; AhrefsBot/5.0; +http://ahrefs.com/robot/)"
66.249.78.46 - - [03/Oct/2013:01:12:56 +0200] "GET /lexikon.php?cs_go=3&cs_id=99 HTTP/1.1" 200 7101 "-" "Mozilla/5.0 (compatible; Googlebot/2.1; +http://www.google.com/bot.html)"
5.10.83.61 - - [03/Oct/2013:01:14:11 +0200] "GET /news.php HTTP/1.1" 200 20120 "-" "Mozilla/5.0 (compatible; AhrefsBot/5.0; +http://ahrefs.com/robot/)"
66.249.78.46 - - [03/Oct/2013:01:18:01 +0200] "GET /lexikon.php?cs_go=2&cs_char=b HTTP/1.1" 200 7331 "-" "Mozilla/5.0 (iPhone; U; CPU iPhone OS 4_1 like Mac OS X; en-us) AppleWebKit/532.9 (KHTML, like Gecko) Version/4.0.5 Mobile/8B117 Safari/6531.22.7 (compatible; Googlebot-Mobile/2.1; +http://www.google.com/bot.html)"
5.10.83.7 - - [03/Oct/2013:01:24:09 +0200] "GET /additive.php HTTP/1.1" 200 5974 "-" "Mozilla/5.0 (compatible; AhrefsBot/5.0; +http://ahrefs.com/robot/)"
5.10.83.74 - - [03/Oct/2013:01:24:24 +0200] "GET /lexikon.php?cs_go=3&cs_id=23 HTTP/1.1" 200 7070 "-" "Mozilla/5.0 (compatible; AhrefsBot/5.0; +http://ahrefs.com/robot/)"
66.249.78.46 - - [03/Oct/2013:01:26:55 +0200] "GET /news.php?cs_go=archiv&cs_id=4425 HTTP/1.1" 200 11770 "-" "Mozilla/5.0 (compatible; Googlebot/2.1; +http://www.google.com/bot.html)"
5.10.83.96 - - [03/Oct/2013:01:30:15 +0200] "GET /lexikon.php?cs_go=3&cs_id=117 HTTP/1.1" 200 5970 "-" "Mozilla/5.0 (compatible; AhrefsBot/5.0; +http://ahrefs.com/robot/)"
66.249.78.46 - - [03/Oct/2013:01:37:24 +0200] "GET /news.php?cs_go=archiv&cs_id=3967 HTTP/1.1" 200 8064 "-" "Mozilla/5.0 (compatible; Googlebot/2.1; +http://www.google.com/bot.html)"
66.249.78.46 - - [03/Oct/2013:01:40:54 +0200] "GET /news.php?cs_go=archiv&cs_id=4261&cs_search= HTTP/1.1" 200 9415 "-" "Mozilla/5.0 (compatible; Googlebot/2.1; +http://www.google.com/bot.html)"
5.10.83.7 - - [03/Oct/2013:02:10:33 +0200] "GET /news.php?cs_go=archiv&cs_id=4279&cs_search= HTTP/1.1" 200 7590 "-" "Mozilla/5.0 (compatible; AhrefsBot/5.0; +http://ahrefs.com/robot/)"
5.10.83.104 - - [03/Oct/2013:02:16:17 +0200] "GET /lexikon.php?cs_go=3&cs_id=213 HTTP/1.1" 200 6093 "-" "Mozilla/5.0 (compatible; AhrefsBot/5.0; +http://ahrefs.com/robot/)"
5.10.83.74 - - [03/Oct/2013:02:21:46 +0200] "GET /news.php?cs_go=archiv&cs_id=4524&cs_search= HTTP/1.1" 200 11646 "-" "Mozilla/5.0 (compatible; AhrefsBot/5.0; +http://ahrefs.com/robot/)"
5.10.83.34 - - [03/Oct/2013:02:26:12 +0200] "GET /\"http://www.brennstoffboerse.de/index.php?go=fluessiggas_tank\" HTTP/1.1" 404 - "-" "Mozilla/5.0 (compatible; AhrefsBot/5.0; +http://ahrefs.com/robot/)"
5.10.83.101 - - [03/Oct/2013:02:27:29 +0200] "GET /news.php?cs_go=archiv&cs_id=4418&cs_search= HTTP/1.1" 200 9779 "-" "Mozilla/5.0 (compatible; AhrefsBot/5.0; +http://ahrefs.com/robot/)"
66.249.66.49 - - [03/Oct/2013:02:42:26 +0200] "GET /news.php?cs_go=archiv&cs_id=4140&cs_search= HTTP/1.1" 200 9444 "-" "DoCoMo/2.0 N905i(c100;TB;W24H16) (compatible; Googlebot-Mobile/2.1; +http://www.google.com/bot.html)"
