176.199.54.245 - - [06/Oct/2013:22:42:51 +0200] "GET /js_contentserver24_greybox/indicator.gif HTTP/1.1" 200 8238 "http://www.mink-gmbh.de/js_contentserver24_greybox/loader_frame.html?s=0" "Mozilla/5.0 (Windows NT 5.1; rv:24.0) Gecko/20100101 Firefox/24.0 SeaMonkey/2.21"
176.199.54.245 - - [06/Oct/2013:22:43:03 +0200] "GET /js_contentserver24_greybox/g_close.gif HTTP/1.1" 200 541 "http://www.mink-gmbh.de/index.php" "Mozilla/5.0 (Windows NT 5.1; rv:24.0) Gecko/20100101 Firefox/24.0 SeaMonkey/2.21"
66.249.78.46 - - [06/Oct/2013:22:51:51 +0200] "GET /news.php?cs_go=archiv&cs_id=4124 HTTP/1.1" 200 8526 "-" "Mozilla/5.0 (compatible; Googlebot/2.1; +http://www.google.com/bot.html)"
5.10.83.38 - - [06/Oct/2013:22:53:11 +0200] "GET /news.php?cs_go=archiv&cs_id=4542&cs_search= HTTP/1.1" 200 7601 "-" "Mozilla/5.0 (compatible; AhrefsBot/5.0; +http://ahrefs.com/robot/)"
66.249.78.46 - - [06/Oct/2013:22:55:10 +0200] "GET /news.php?cs_go=archiv&cs_startpos=190 HTTP/1.1" 200 20706 "-" "Mozilla/5.0 (iPhone; U; CPU iPhone OS 4_1 like Mac OS X; en-us) AppleWebKit/532.9 (KHTML, like Gecko) Version/4.0.5 Mobile/8B117 Safari/6531.22.7 (compatible; Googlebot-Mobile/2.1; +http://www.google.com/bot.html)"
66.249.78.46 - - [06/Oct/2013:22:55:44 +0200] "GET /images/logos.jpg?cache9011 HTTP/1.1" 200 35043 "-" "Googlebot-Image/1.0"
66.249.78.46 - - [06/Oct/2013:22:56:28 +0200] "GET /news.php?cs_go=archiv HTTP/1.1" 200 20020 "-" "Mozilla/5.0 (compatible; Googlebot/2.1; +http://www.google.com/bot.html)"
66.249.78.46 - - [06/Oct/2013:23:01:05 +0200] "GET /jobs.php HTTP/1.1" 200 5020 "-" "Mozilla/5.0 (compatible; Googlebot/2.1; +http://www.google.com/bot.html)"
141.8.147.12 - - [06/Oct/2013:23:05:52 +0200] "GET /news.php HTTP/1.1" 200 20020 "-" "Mozilla/5.0 (compatible; YandexBot/3.0; +http://yandex.com/bots)"
5.10.83.38 - - [06/Oct/2013:23:09:24 +0200] "GET /news.php?cs_go=archiv&cs_id=4450&cs_search= HTTP/1.1" 200 11768 "-" "Mozilla/5.0 (compatible; AhrefsBot/5.0; +http://ahrefs.com/robot/)"
5.10.83.38 - - [06/Oct/2013:23:13:08 +0200] "GET /news.php?cs_go=archiv&cs_id=4456&cs_search= HTTP/1.1" 200 11777 "-" "Mozilla/5.0 (compatible; AhrefsBot/5.0; +http://ahrefs.com/robot/)"
157.55.32.166 - - [06/Oct/2013:23:13:20 +0200] "GET /robots.txt HTTP/1.1" 200 177 "-" "Mozilla/5.0 (compatible; bingbot/2.0; +http://www.bing.com/bingbot.htm)"
157.55.32.166 - - [06/Oct/2013:23:17:05 +0200] "GET / HTTP/1.1" 200 12417 "-" "Mozilla/5.0 (compatible; bingbot/2.0; +http://www.bing.com/bingbot.htm)"
176.9.138.27 - - [06/Oct/2013:23:22:43 +0200] "GET /robots.txt HTTP/1.1" 200 177 "-" "Mozilla/5.0 (compatible; Spiderlytics/1.0; +spider@spiderlytics.com)"
176.9.138.27 - - [06/Oct/2013:23:22:43 +0200] "GET /images/logos.jpg?cache1001 HTTP/1.1" 200 35043 "-" "Mozilla/5.0 (compatible; Spiderlytics/1.0; +spider@spiderlytics.com)"
5.10.83.71 - - [06/Oct/2013:23:23:06 +0200] "GET /lexikon.php?cs_go=3&cs_id=15 HTTP/1.1" 200 5678 "-" "Mozilla/5.0 (compatible; AhrefsBot/5.0; +http://ahrefs.com/robot/)"
5.10.83.75 - - [06/Oct/2013:23:25:40 +0200] "GET /lexikon.php?cs_go=3&cs_id=93 HTTP/1.1" 200 5592 "-" "Mozilla/5.0 (compatible; AhrefsBot/5.0; +http://ahrefs.com/robot/)"
66.249.78.46 - - [06/Oct/2013:23:28:46 +0200] "GET /images/logos.jpg?cache6779 HTTP/1.1" 200 35043 "-" "Googlebot-Image/1.0"
199.30.20.0 - - [06/Oct/2013:23:31:40 +0200] "GET /robots.txt HTTP/1.1" 200 177 "-" "msnbot-media/1.1 (+http://search.msn.com/msnbot.htm)"
199.30.20.0 - - [06/Oct/2013:23:31:40 +0200] "GET /images/logos.jpg?cache9154 HTTP/1.1" 200 35043 "-" "msnbot-media/1.1 (+http://search.msn.com/msnbot.htm)"
5.10.83.70 - - [06/Oct/2013:23:41:44 +0200] "GET /news.php?cs_go=archiv&cs_id=4602 HTTP/1.1" 200 8005 "-" "Mozilla/5.0 (compatible; AhrefsBot/5.0; +http://ahrefs.com/robot/)"
66.249.78.46 - - [06/Oct/2013:23:42:38 +0200] "GET /news.php?cs_go=archiv&cs_id=3885 HTTP/1.1" 200 11195 "-" "Mozilla/5.0 (compatible; Googlebot/2.1; +http://www.google.com/bot.html)"
208.115.113.91 - - [06/Oct/2013:23:56:00 +0200] "GET /modernisierung.php?cs_gp_go=description HTTP/1.1" 200 8445 "-" "Mozilla/5.0 (compatible; Ezooms/1.0; ezooms.bot@gmail.com)"
66.249.78.46 - - [06/Oct/2013:23:56:29 +0200] "GET /wunschpreis.php HTTP/1.1" 200 10292 "-" "Mozilla/5.0 (compatible; Googlebot/2.1; +http://www.google.com/bot.html)"
5.10.83.9 - - [06/Oct/2013:23:58:08 +0200] "GET /news.php?cs_go=archiv&cs_id=4395&cs_search= HTTP/1.1" 200 11580 "-" "Mozilla/5.0 (compatible; AhrefsBot/5.0; +http://ahrefs.com/robot/)"
66.249.78.46 - - [07/Oct/2013:00:01:47 +0200] "GET /images/logos.jpg?cache3201 HTTP/1.1" 200 35043 "-" "Googlebot-Image/1.0"
5.10.83.9 - - [07/Oct/2013:00:11:18 +0200] "GET /news.php?cs_go=archiv&cs_id=4438&cs_search= HTTP/1.1" 200 7546 "-" "Mozilla/5.0 (compatible; AhrefsBot/5.0; +http://ahrefs.com/robot/)"
66.249.78.46 - - [07/Oct/2013:00:28:47 +0200] "GET /news.php?cs_go=archiv&cs_id=4606 HTTP/1.1" 200 11630 "-" "Mozilla/5.0 (compatible; Googlebot/2.1; +http://www.google.com/bot.html)"
157.55.32.166 - - [07/Oct/2013:00:45:30 +0200] "GET /robots.txt HTTP/1.1" 200 177 "-" "Mozilla/5.0 (compatible; bingbot/2.0; +http://www.bing.com/bingbot.htm)"
157.55.32.166 - - [07/Oct/2013:00:56:28 +0200] "GET /news.php?cs_go=archiv&cs_id=4508 HTTP/1.1" 200 7990 "-" "Mozilla/5.0 (compatible; bingbot/2.0; +http://www.bing.com/bingbot.htm)"
65.36.241.79 - - [07/Oct/2013:01:22:34 +0200] "HEAD / HTTP/1.1" 200 - "-" "InternetSeer.com"
66.249.78.46 - - [07/Oct/2013:01:29:27 +0200] "GET /news.php?cs_go=archiv&cs_startpos=220 HTTP/1.1" 200 20243 "-" "Mozilla/5.0 (iPhone; U; CPU iPhone OS 4_1 like Mac OS X; en-us) AppleWebKit/532.9 (KHTML, like Gecko) Version/4.0.5 Mobile/8B117 Safari/6531.22.7 (compatible; Googlebot-Mobile/2.1; +http://www.google.com/bot.html)"
208.115.113.91 - - [07/Oct/2013:01:46:05 +0200] "GET /robots.txt HTTP/1.1" 200 177 "-" "Mozilla/5.0 (compatible; Ezooms/1.0; ezooms.bot@gmail.com)"
66.249.78.46 - - [07/Oct/2013:01:51:53 +0200] "GET /news.php?cs_go=archiv&cs_id=4602 HTTP/1.1" 200 8005 "-" "Mozilla/5.0 (compatible; Googlebot/2.1; +http://www.google.com/bot.html)"
66.249.78.46 - - [07/Oct/2013:02:28:48 +0200] "GET /news.php?cs_go=archiv&cs_id=4608 HTTP/1.1" 200 11354 "-" "Mozilla/5.0 (compatible; Googlebot/2.1; +http://www.google.com/bot.html)"
141.8.147.12 - - [07/Oct/2013:02:41:56 +0200] "GET /lexikon.php?cs_go=3&cs_id=30 HTTP/1.1" 200 5598 "-" "Mozilla/5.0 (compatible; YandexBot/3.0; +http://yandex.com/bots)"
66.249.78.46 - - [07/Oct/2013:02:51:21 +0200] "GET /news.php?cs_go=archiv&cs_id=4215&cs_search= HTTP/1.1" 200 7684 "-" "SAMSUNG-SGH-E250/1.0 Profile/MIDP-2.0 Configuration/CLDC-1.1 UP.Browser/6.2.3.3.c.1.101 (GUI) MMP/2.0 (compatible; Googlebot-Mobile/2.1; +http://www.google.com/bot.html)"
141.8.147.12 - - [07/Oct/2013:03:03:42 +0200] "GET /lexikon.php?cs_go=3&cs_id=163 HTTP/1.1" 200 5831 "-" "Mozilla/5.0 (compatible; YandexBot/3.0; +http://yandex.com/bots)"
141.8.147.12 - - [07/Oct/2013:03:12:07 +0200] "GET /news.php?cs_go=archiv&cs_startpos=450 HTTP/1.1" 200 5727 "-" "Mozilla/5.0 (compatible; YandexBot/3.0; +http://yandex.com/bots)"
141.8.147.12 - - [07/Oct/2013:03:12:33 +0200] "GET /lexikon.php?cs_go=3&cs_id=108 HTTP/1.1" 200 7217 "-" "Mozilla/5.0 (compatible; YandexBot/3.0; +http://yandex.com/bots)"
141.8.147.12 - - [07/Oct/2013:03:23:47 +0200] "GET /lexikon.php?cs_go=3&cs_id=10 HTTP/1.1" 200 6195 "-" "Mozilla/5.0 (compatible; YandexBot/3.0; +http://yandex.com/bots)"
141.8.147.12 - - [07/Oct/2013:03:42:19 +0200] "GET /robots.txt HTTP/1.1" 200 177 "-" "Mozilla/5.0 (compatible; YandexBot/3.0; +http://yandex.com/bots)"
66.249.78.46 - - [07/Oct/2013:03:42:40 +0200] "GET /news.php?cs_go=archiv&cs_id=4609 HTTP/1.1" 200 13932 "-" "Mozilla/5.0 (compatible; Googlebot/2.1; +http://www.google.com/bot.html)"
208.115.113.91 - - [07/Oct/2013:03:52:06 +0200] "GET /kwk.php HTTP/1.1" 200 8484 "-" "Mozilla/5.0 (compatible; Ezooms/1.0; ezooms.bot@gmail.com)"
141.8.147.12 - - [07/Oct/2013:03:53:19 +0200] "GET /news.php?cs_go=archiv&cs_startpos=540 HTTP/1.1" 200 5727 "-" "Mozilla/5.0 (compatible; YandexBot/3.0; +http://yandex.com/bots)"
141.8.147.12 - - [07/Oct/2013:03:55:02 +0200] "GET /lexikon.php?cs_go=3&cs_id=191 HTTP/1.1" 200 6963 "-" "Mozilla/5.0 (compatible; YandexBot/3.0; +http://yandex.com/bots)"
66.249.75.49 - - [07/Oct/2013:04:00:08 +0200] "GET /news.php?cs_go=archiv&cs_id=3887 HTTP/1.1" 200 13692 "-" "DoCoMo/2.0 N905i(c100;TB;W24H16) (compatible; Googlebot-Mobile/2.1; +http://www.google.com/bot.html)"
141.8.147.12 - - [07/Oct/2013:04:03:59 +0200] "GET /news.php?cs_go=archiv&cs_startpos=590 HTTP/1.1" 200 5727 "-" "Mozilla/5.0 (compatible; YandexBot/3.0; +http://yandex.com/bots)"
141.8.147.12 - - [07/Oct/2013:04:16:05 +0200] "GET /news.php?cs_go=archiv&cs_startpos=141 HTTP/1.1" 200 20633 "-" "Mozilla/5.0 (compatible; YandexBot/3.0; +http://yandex.com/bots)"
141.8.147.12 - - [07/Oct/2013:04:18:41 +0200] "GET /lexikon.php?cs_go=3&cs_id=67 HTTP/1.1" 200 6227 "-" "Mozilla/5.0 (compatible; YandexBot/3.0; +http://yandex.com/bots)"
141.8.147.12 - - [07/Oct/2013:04:30:00 +0200] "GET /lexikon.php?cs_go=3&cs_id=60 HTTP/1.1" 200 6101 "-" "Mozilla/5.0 (compatible; YandexBot/3.0; +http://yandex.com/bots)"
176.9.138.27 - - [07/Oct/2013:04:31:47 +0200] "GET /robots.txt HTTP/1.1" 200 177 "-" "Mozilla/5.0 (compatible; Spiderlytics/1.0; +spider@spiderlytics.com)"
66.249.78.46 - - [07/Oct/2013:04:35:22 +0200] "GET /news.php?cs_go=archiv&cs_id=4607 HTTP/1.1" 200 7645 "-" "Mozilla/5.0 (compatible; Googlebot/2.1; +http://www.google.com/bot.html)"
141.8.147.12 - - [07/Oct/2013:04:45:19 +0200] "GET /news.php?cs_go=archiv&cs_startpos=191 HTTP/1.1" 200 20736 "-" "Mozilla/5.0 (compatible; YandexBot/3.0; +http://yandex.com/bots)"
66.249.78.46 - - [07/Oct/2013:04:48:32 +0200] "GET /preisanfrage.php HTTP/1.1" 200 8557 "-" "Mozilla/5.0 (compatible; Googlebot/2.1; +http://www.google.com/bot.html)"
141.8.147.12 - - [07/Oct/2013:04:50:55 +0200] "GET /lexikon.php?cs_go=3&cs_id=102 HTTP/1.1" 200 5589 "-" "Mozilla/5.0 (compatible; YandexBot/3.0; +http://yandex.com/bots)"
66.249.78.46 - - [07/Oct/2013:05:05:11 +0200] "GET / HTTP/1.1" 200 12417 "-" "Mozilla/5.0 (iPhone; U; CPU iPhone OS 4_1 like Mac OS X; en-us) AppleWebKit/532.9 (KHTML, like Gecko) Version/4.0.5 Mobile/8B117 Safari/6531.22.7 (compatible; Googlebot-Mobile/2.1; +http://www.google.com/bot.html)"
81.209.177.95 - - [07/Oct/2013:05:05:59 +0200] "GET /robots.txt HTTP/1.1" 200 177 "-" "netEstate NE Crawler (+http://www.website-datenbank.de/)"
81.209.177.202 - - [07/Oct/2013:05:06:02 +0200] "GET / HTTP/1.1" 200 12417 "-" "netEstate NE Crawler (+http://www.website-datenbank.de/)"
81.209.177.202 - - [07/Oct/2013:05:06:20 +0200] "GET /news.php?cs_go=archiv&cs_id=4608 HTTP/1.1" 200 11354 "-" "netEstate NE Crawler (+http://www.website-datenbank.de/)"
81.209.177.202 - - [07/Oct/2013:05:06:36 +0200] "GET /newsletter.php HTTP/1.1" 200 6529 "-" "netEstate NE Crawler (+http://www.website-datenbank.de/)"
81.209.177.95 - - [07/Oct/2013:05:06:53 +0200] "GET /news.php?cs_go=archiv&cs_id=4603 HTTP/1.1" 200 10007 "-" "netEstate NE Crawler (+http://www.website-datenbank.de/)"
81.209.177.95 - - [07/Oct/2013:05:07:10 +0200] "GET /faq.php HTTP/1.1" 200 216868 "-" "netEstate NE Crawler (+http://www.website-datenbank.de/)"
81.209.177.95 - - [07/Oct/2013:05:07:39 +0200] "GET /agb.php HTTP/1.1" 200 17598 "-" "netEstate NE Crawler (+http://www.website-datenbank.de/)"
81.209.177.140 - - [07/Oct/2013:05:08:16 +0200] "GET /schwefelarmstandard.php HTTP/1.1" 200 10767 "-" "netEstate NE Crawler (+http://www.website-datenbank.de/)"
81.209.177.202 - - [07/Oct/2013:05:08:44 +0200] "GET /diesel.php HTTP/1.1" 200 8229 "-" "netEstate NE Crawler (+http://www.website-datenbank.de/)"
81.209.177.202 - - [07/Oct/2013:05:08:58 +0200] "GET /impressum.php HTTP/1.1" 200 6360 "-" "netEstate NE Crawler (+http://www.website-datenbank.de/)"
81.209.177.202 - - [07/Oct/2013:05:09:12 +0200] "GET /foerdermittel.php HTTP/1.1" 200 10510 "-" "netEstate NE Crawler (+http://www.website-datenbank.de/)"
81.209.177.202 - - [07/Oct/2013:05:09:33 +0200] "GET /rueckrufservice.php HTTP/1.1" 200 8337 "-" "netEstate NE Crawler (+http://www.website-datenbank.de/)"
81.209.177.140 - - [07/Oct/2013:05:10:04 +0200] "GET /edl.php HTTP/1.1" 200 8633 "-" "netEstate NE Crawler (+http://www.website-datenbank.de/)"
81.209.177.202 - - [07/Oct/2013:05:10:21 +0200] "GET /wunschpreis.php HTTP/1.1" 200 10292 "-" "netEstate NE Crawler (+http://www.website-datenbank.de/)"
81.209.177.202 - - [07/Oct/2013:05:10:37 +0200] "GET /news.php?cs_go=archiv&cs_id=4609 HTTP/1.1" 200 13932 "-" "netEstate NE Crawler (+http://www.website-datenbank.de/)"
81.209.177.202 - - [07/Oct/2013:05:10:57 +0200] "GET /jobs.php HTTP/1.1" 200 5020 "-" "netEstate NE Crawler (+http://www.website-datenbank.de/)"
81.209.177.202 - - [07/Oct/2013:05:11:11 +0200] "GET /energiesparcheck.php HTTP/1.1" 200 11181 "-" "netEstate NE Crawler (+http://www.website-datenbank.de/)"
81.209.177.202 - - [07/Oct/2013:05:11:25 +0200] "GET /news.php?cs_go=archiv HTTP/1.1" 200 20020 "-" "netEstate NE Crawler (+http://www.website-datenbank.de/)"
81.209.177.140 - - [07/Oct/2013:05:11:47 +0200] "GET /news.php?cs_go=archiv&cs_startpos=0 HTTP/1.1" 200 20020 "-" "netEstate NE Crawler (+http://www.website-datenbank.de/)"
81.209.177.140 - - [07/Oct/2013:05:12:11 +0200] "GET /news.php?cs_go=archiv&cs_id=4602 HTTP/1.1" 200 8005 "-" "netEstate NE Crawler (+http://www.website-datenbank.de/)"
81.209.177.202 - - [07/Oct/2013:05:12:31 +0200] "GET /news.php?cs_go=archiv&cs_id=4609&cs_search= HTTP/1.1" 200 13932 "-" "netEstate NE Crawler (+http://www.website-datenbank.de/)"
81.209.177.95 - - [07/Oct/2013:05:12:51 +0200] "GET /preisanfrage.php HTTP/1.1" 200 8557 "-" "netEstate NE Crawler (+http://www.website-datenbank.de/)"
81.209.177.202 - - [07/Oct/2013:05:13:08 +0200] "GET /news.php?cs_go=archiv&cs_startpos=10 HTTP/1.1" 200 20438 "-" "netEstate NE Crawler (+http://www.website-datenbank.de/)"
81.209.177.202 - - [07/Oct/2013:05:13:25 +0200] "GET /news.php HTTP/1.1" 200 20020 "-" "netEstate NE Crawler (+http://www.website-datenbank.de/)"
81.209.177.202 - - [07/Oct/2013:05:13:41 +0200] "GET /kontakt.php HTTP/1.1" 200 7021 "-" "netEstate NE Crawler (+http://www.website-datenbank.de/)"
81.209.177.95 - - [07/Oct/2013:05:13:57 +0200] "GET /news.php?cs_go=archiv&cs_id=4598&cs_search= HTTP/1.1" 200 11846 "-" "netEstate NE Crawler (+http://www.website-datenbank.de/)"
81.209.177.202 - - [07/Oct/2013:05:14:13 +0200] "GET /news.php?cs_go=archiv&cs_startpos=50 HTTP/1.1" 200 20493 "-" "netEstate NE Crawler (+http://www.website-datenbank.de/)"
81.209.177.202 - - [07/Oct/2013:05:14:29 +0200] "GET /news.php?cs_go=archiv&cs_startpos=20 HTTP/1.1" 200 20232 "-" "netEstate NE Crawler (+http://www.website-datenbank.de/)"
81.209.177.202 - - [07/Oct/2013:05:14:48 +0200] "GET /news.php?cs_go=archiv&cs_id=4607&cs_search= HTTP/1.1" 200 7645 "-" "netEstate NE Crawler (+http://www.website-datenbank.de/)"
141.8.147.12 - - [07/Oct/2013:05:14:55 +0200] "GET /news.php?cs_go=archiv&cs_startpos=410 HTTP/1.1" 200 5727 "-" "Mozilla/5.0 (compatible; YandexBot/3.0; +http://yandex.com/bots)"
81.209.177.202 - - [07/Oct/2013:05:15:02 +0200] "GET /news.php?cs_go=archiv&cs_id=4597&cs_search= HTTP/1.1" 200 19819 "-" "netEstate NE Crawler (+http://www.website-datenbank.de/)"
81.209.177.140 - - [07/Oct/2013:05:15:28 +0200] "GET /news.php?cs_go=archiv&cs_id=4578&cs_search= HTTP/1.1" 200 9877 "-" "netEstate NE Crawler (+http://www.website-datenbank.de/)"
81.209.177.140 - - [07/Oct/2013:05:15:49 +0200] "GET /news.php?cs_go=archiv&cs_startpos=60 HTTP/1.1" 200 20261 "-" "netEstate NE Crawler (+http://www.website-datenbank.de/)"
81.209.177.202 - - [07/Oct/2013:05:16:11 +0200] "GET /robots.txt HTTP/1.1" 200 177 "-" "netEstate NE Crawler (+http://www.website-datenbank.de/)"
81.209.177.202 - - [07/Oct/2013:05:16:18 +0200] "GET /news.php?cs_go=archiv&cs_id=4606&cs_search= HTTP/1.1" 200 11630 "-" "netEstate NE Crawler (+http://www.website-datenbank.de/)"
81.209.177.202 - - [07/Oct/2013:05:16:33 +0200] "GET /news.php?cs_go=archiv&cs_id=4602&cs_search= HTTP/1.1" 200 8005 "-" "netEstate NE Crawler (+http://www.website-datenbank.de/)"
81.209.177.140 - - [07/Oct/2013:05:16:57 +0200] "GET /news.php?cs_go=archiv&cs_id=4536&cs_search= HTTP/1.1" 200 7763 "-" "netEstate NE Crawler (+http://www.website-datenbank.de/)"
81.209.177.202 - - [07/Oct/2013:05:17:23 +0200] "GET /news.php?cs_go=archiv&cs_id=4534&cs_search= HTTP/1.1" 200 7588 "-" "netEstate NE Crawler (+http://www.website-datenbank.de/)"
81.209.177.202 - - [07/Oct/2013:05:17:42 +0200] "GET /news.php?cs_go=archiv&cs_id=4542&cs_search= HTTP/1.1" 200 7601 "-" "netEstate NE Crawler (+http://www.website-datenbank.de/)"
81.209.177.202 - - [07/Oct/2013:05:17:57 +0200] "GET /news.php?cs_go=archiv&cs_id=4545&cs_search= HTTP/1.1" 200 9761 "-" "netEstate NE Crawler (+http://www.website-datenbank.de/)"
81.209.177.202 - - [07/Oct/2013:05:18:12 +0200] "GET /news.php?cs_go=archiv&cs_startpos=110 HTTP/1.1" 200 20607 "-" "netEstate NE Crawler (+http://www.website-datenbank.de/)"
81.209.177.202 - - [07/Oct/2013:05:18:29 +0200] "GET /standard.php HTTP/1.1" 200 6807 "-" "netEstate NE Crawler (+http://www.website-datenbank.de/)"
81.209.177.202 - - [07/Oct/2013:05:18:48 +0200] "GET /news.php?cs_go=archiv&cs_id=4540&cs_search= HTTP/1.1" 200 8337 "-" "netEstate NE Crawler (+http://www.website-datenbank.de/)"
81.209.177.140 - - [07/Oct/2013:05:19:12 +0200] "GET /news.php?cs_go=archiv&cs_id=4476&cs_search= HTTP/1.1" 200 9161 "-" "netEstate NE Crawler (+http://www.website-datenbank.de/)"
81.209.177.202 - - [07/Oct/2013:05:19:32 +0200] "GET /news.php?cs_go=archiv&cs_id=4608&cs_search= HTTP/1.1" 200 11354 "-" "netEstate NE Crawler (+http://www.website-datenbank.de/)"
81.209.177.202 - - [07/Oct/2013:05:19:46 +0200] "GET /news.php?cs_go=archiv&cs_id=4530&cs_search= HTTP/1.1" 200 13747 "-" "netEstate NE Crawler (+http://www.website-datenbank.de/)"
81.209.177.202 - - [07/Oct/2013:05:20:06 +0200] "GET /news.php?cs_go=archiv&cs_id=4484&cs_search= HTTP/1.1" 200 11555 "-" "netEstate NE Crawler (+http://www.website-datenbank.de/)"
81.209.177.202 - - [07/Oct/2013:05:20:22 +0200] "GET /news.php?cs_go=archiv&cs_id=4543&cs_search= HTTP/1.1" 200 9859 "-" "netEstate NE Crawler (+http://www.website-datenbank.de/)"
81.209.177.202 - - [07/Oct/2013:05:20:38 +0200] "GET /news.php?cs_go=archiv&cs_startpos=140 HTTP/1.1" 200 20665 "-" "netEstate NE Crawler (+http://www.website-datenbank.de/)"
81.209.177.95 - - [07/Oct/2013:05:20:56 +0200] "GET /news.php?cs_go=archiv&cs_id=4446&cs_search= HTTP/1.1" 200 7718 "-" "netEstate NE Crawler (+http://www.website-datenbank.de/)"
81.209.177.140 - - [07/Oct/2013:05:21:22 +0200] "GET /news.php?cs_go=archiv&cs_id=4585&cs_search= HTTP/1.1" 200 7689 "-" "netEstate NE Crawler (+http://www.website-datenbank.de/)"
81.209.177.202 - - [07/Oct/2013:05:21:41 +0200] "GET /news.php?cs_go=archiv&cs_id=4478&cs_search= HTTP/1.1" 200 7713 "-" "netEstate NE Crawler (+http://www.website-datenbank.de/)"
81.209.177.95 - - [07/Oct/2013:05:21:55 +0200] "GET /news.php?cs_go=archiv&cs_id=4589&cs_search= HTTP/1.1" 200 11824 "-" "netEstate NE Crawler (+http://www.website-datenbank.de/)"
81.209.177.140 - - [07/Oct/2013:05:22:22 +0200] "GET /news.php?cs_go=archiv&cs_id=4449&cs_search= HTTP/1.1" 200 8754 "-" "netEstate NE Crawler (+http://www.website-datenbank.de/)"
81.209.177.202 - - [07/Oct/2013:05:22:50 +0200] "GET /news.php?cs_go=archiv&cs_startpos=160 HTTP/1.1" 200 20215 "-" "netEstate NE Crawler (+http://www.website-datenbank.de/)"
81.209.177.95 - - [07/Oct/2013:05:23:08 +0200] "GET /news.php?cs_go=archiv&cs_id=4599&cs_search= HTTP/1.1" 200 7546 "-" "netEstate NE Crawler (+http://www.website-datenbank.de/)"
81.209.177.202 - - [07/Oct/2013:05:23:25 +0200] "GET /news.php?cs_go=archiv&cs_id=4586&cs_search= HTTP/1.1" 200 8916 "-" "netEstate NE Crawler (+http://www.website-datenbank.de/)"
81.209.177.95 - - [07/Oct/2013:05:23:42 +0200] "GET /news.php?cs_go=archiv&cs_id=4596&cs_search= HTTP/1.1" 200 9426 "-" "netEstate NE Crawler (+http://www.website-datenbank.de/)"
81.209.177.202 - - [07/Oct/2013:05:24:02 +0200] "GET /news.php?cs_go=archiv&cs_startpos=240 HTTP/1.1" 200 18240 "-" "netEstate NE Crawler (+http://www.website-datenbank.de/)"
81.209.177.202 - - [07/Oct/2013:05:24:20 +0200] "GET /news.php?cs_go=archiv&cs_id=4581&cs_search= HTTP/1.1" 200 7670 "-" "netEstate NE Crawler (+http://www.website-datenbank.de/)"
81.209.177.202 - - [07/Oct/2013:05:24:34 +0200] "GET /news.php?cs_go=archiv&cs_id=4429&cs_search= HTTP/1.1" 200 7534 "-" "netEstate NE Crawler (+http://www.website-datenbank.de/)"
81.209.177.95 - - [07/Oct/2013:05:24:51 +0200] "GET /news.php?cs_go=archiv&cs_id=4601&cs_search= HTTP/1.1" 200 7890 "-" "netEstate NE Crawler (+http://www.website-datenbank.de/)"
81.209.177.202 - - [07/Oct/2013:05:25:10 +0200] "GET /news.php?cs_go=archiv&cs_id=4451&cs_search= HTTP/1.1" 200 8043 "-" "netEstate NE Crawler (+http://www.website-datenbank.de/)"
81.209.177.202 - - [07/Oct/2013:05:25:24 +0200] "GET /news.php?cs_go=archiv&cs_id=4537&cs_search= HTTP/1.1" 200 11580 "-" "netEstate NE Crawler (+http://www.website-datenbank.de/)"
81.209.177.95 - - [07/Oct/2013:05:25:43 +0200] "GET /news.php?cs_go=archiv&cs_id=4548&cs_search= HTTP/1.1" 200 11814 "-" "netEstate NE Crawler (+http://www.website-datenbank.de/)"
81.209.177.202 - - [07/Oct/2013:05:25:58 +0200] "GET /news.php?cs_go=archiv&cs_startpos=30 HTTP/1.1" 200 20483 "-" "netEstate NE Crawler (+http://www.website-datenbank.de/)"
81.209.177.202 - - [07/Oct/2013:05:26:14 +0200] "GET /robots.txt HTTP/1.1" 200 177 "-" "netEstate NE Crawler (+http://www.website-datenbank.de/)"
81.209.177.202 - - [07/Oct/2013:05:26:20 +0200] "GET /news.php?cs_go=archiv&cs_id=4532&cs_search= HTTP/1.1" 200 8324 "-" "netEstate NE Crawler (+http://www.website-datenbank.de/)"
81.209.177.202 - - [07/Oct/2013:05:26:39 +0200] "GET /news.php?cs_go=archiv&cs_startpos=180 HTTP/1.1" 200 20651 "-" "netEstate NE Crawler (+http://www.website-datenbank.de/)"
81.209.177.202 - - [07/Oct/2013:05:26:55 +0200] "GET /news.php?cs_go=archiv&cs_id=4421&cs_search= HTTP/1.1" 200 7536 "-" "netEstate NE Crawler (+http://www.website-datenbank.de/)"
81.209.177.202 - - [07/Oct/2013:05:27:13 +0200] "GET /news.php?cs_go=archiv&cs_startpos=210 HTTP/1.1" 200 20454 "-" "netEstate NE Crawler (+http://www.website-datenbank.de/)"
81.209.177.202 - - [07/Oct/2013:05:27:30 +0200] "GET /news.php?cs_go=archiv&cs_id=4572&cs_search= HTTP/1.1" 200 11854 "-" "netEstate NE Crawler (+http://www.website-datenbank.de/)"
81.209.177.202 - - [07/Oct/2013:05:27:50 +0200] "GET /news.php?cs_go=archiv&cs_id=4557&cs_search= HTTP/1.1" 200 7821 "-" "netEstate NE Crawler (+http://www.website-datenbank.de/)"
81.209.177.95 - - [07/Oct/2013:05:28:07 +0200] "GET /additive.php HTTP/1.1" 200 5974 "-" "netEstate NE Crawler (+http://www.website-datenbank.de/)"
81.209.177.95 - - [07/Oct/2013:05:28:23 +0200] "GET /news.php?cs_go=archiv&cs_id=4454&cs_search= HTTP/1.1" 200 7823 "-" "netEstate NE Crawler (+http://www.website-datenbank.de/)"
81.209.177.95 - - [07/Oct/2013:05:28:44 +0200] "GET /news.php?cs_go=archiv&cs_id=4485&cs_search= HTTP/1.1" 200 7717 "-" "netEstate NE Crawler (+http://www.website-datenbank.de/)"
81.209.177.202 - - [07/Oct/2013:05:29:02 +0200] "GET /news.php?cs_go=archiv&cs_id=4373&cs_search= HTTP/1.1" 200 9438 "-" "netEstate NE Crawler (+http://www.website-datenbank.de/)"
81.209.177.95 - - [07/Oct/2013:05:29:19 +0200] "GET /news.php?cs_go=archiv&cs_id=4547&cs_search= HTTP/1.1" 200 8689 "-" "netEstate NE Crawler (+http://www.website-datenbank.de/)"
81.209.177.202 - - [07/Oct/2013:05:29:33 +0200] "GET /lexikon.php HTTP/1.1" 200 8152 "-" "netEstate NE Crawler (+http://www.website-datenbank.de/)"
81.209.177.95 - - [07/Oct/2013:05:29:54 +0200] "GET /news.php?cs_go=archiv&cs_id=4383&cs_search= HTTP/1.1" 200 7568 "-" "netEstate NE Crawler (+http://www.website-datenbank.de/)"
81.209.177.202 - - [07/Oct/2013:05:30:13 +0200] "GET /news.php?cs_go=archiv&cs_id=4570&cs_search= HTTP/1.1" 200 8350 "-" "netEstate NE Crawler (+http://www.website-datenbank.de/)"
81.209.177.95 - - [07/Oct/2013:05:30:30 +0200] "GET /lexikon.php?cs_go=2&cs_char=a HTTP/1.1" 200 7404 "-" "netEstate NE Crawler (+http://www.website-datenbank.de/)"
81.209.177.140 - - [07/Oct/2013:05:30:52 +0200] "GET /lexikon.php?cs_go=3&cs_id=16 HTTP/1.1" 200 6531 "-" "netEstate NE Crawler (+http://www.website-datenbank.de/)"
81.209.177.95 - - [07/Oct/2013:05:31:21 +0200] "GET /news.php?cs_go=archiv&cs_id=4414&cs_search= HTTP/1.1" 200 7639 "-" "netEstate NE Crawler (+http://www.website-datenbank.de/)"
81.209.177.95 - - [07/Oct/2013:05:31:40 +0200] "GET /lexikon.php?cs_go=3&cs_id=6 HTTP/1.1" 200 5766 "-" "netEstate NE Crawler (+http://www.website-datenbank.de/)"
81.209.177.202 - - [07/Oct/2013:05:32:00 +0200] "GET /index.php HTTP/1.1" 200 12417 "-" "netEstate NE Crawler (+http://www.website-datenbank.de/)"
81.209.177.95 - - [07/Oct/2013:05:32:21 +0200] "GET /lexikon.php?cs_go=2&cs_char=p HTTP/1.1" 200 6767 "-" "netEstate NE Crawler (+http://www.website-datenbank.de/)"
81.209.177.95 - - [07/Oct/2013:05:32:43 +0200] "GET /news.php?cs_go=archiv&cs_id=4573&cs_search= HTTP/1.1" 200 7560 "-" "netEstate NE Crawler (+http://www.website-datenbank.de/)"
81.209.177.202 - - [07/Oct/2013:05:32:59 +0200] "GET /news.php?cs_go=archiv&cs_id=4535&cs_search= HTTP/1.1" 200 11843 "-" "netEstate NE Crawler (+http://www.website-datenbank.de/)"
81.209.177.202 - - [07/Oct/2013:05:33:16 +0200] "GET /lexikon.php?cs_go=3&cs_id=1 HTTP/1.1" 200 6164 "-" "netEstate NE Crawler (+http://www.website-datenbank.de/)"
81.209.177.95 - - [07/Oct/2013:05:33:32 +0200] "GET /news.php?cs_go=archiv&cs_startpos=70 HTTP/1.1" 200 20447 "-" "netEstate NE Crawler (+http://www.website-datenbank.de/)"
81.209.177.95 - - [07/Oct/2013:05:33:49 +0200] "GET /lexikon.php?cs_go=2&cs_char=c HTTP/1.1" 200 6437 "-" "netEstate NE Crawler (+http://www.website-datenbank.de/)"
81.209.177.95 - - [07/Oct/2013:05:34:08 +0200] "GET /news.php?cs_go=archiv&cs_id=4339&cs_search= HTTP/1.1" 200 14069 "-" "netEstate NE Crawler (+http://www.website-datenbank.de/)"
81.209.177.95 - - [07/Oct/2013:05:34:27 +0200] "GET /news.php?cs_go=archiv&cs_id=4480&cs_search= HTTP/1.1" 200 9909 "-" "netEstate NE Crawler (+http://www.website-datenbank.de/)"
81.209.177.140 - - [07/Oct/2013:05:34:53 +0200] "GET /news.php?cs_go=archiv&cs_startpos=220 HTTP/1.1" 200 20243 "-" "netEstate NE Crawler (+http://www.website-datenbank.de/)"
81.209.177.95 - - [07/Oct/2013:05:35:25 +0200] "GET /news.php?cs_go=archiv&cs_startpos=190 HTTP/1.1" 200 20706 "-" "netEstate NE Crawler (+http://www.website-datenbank.de/)"
81.209.177.202 - - [07/Oct/2013:05:35:47 +0200] "GET /news.php?cs_go=archiv&cs_id=4533&cs_search= HTTP/1.1" 200 11603 "-" "netEstate NE Crawler (+http://www.website-datenbank.de/)"
81.209.177.202 - - [07/Oct/2013:05:36:04 +0200] "GET /lexikon.php?cs_go=2&cs_char=v HTTP/1.1" 200 6718 "-" "netEstate NE Crawler (+http://www.website-datenbank.de/)"
81.209.177.202 - - [07/Oct/2013:05:36:18 +0200] "GET /robots.txt HTTP/1.1" 200 177 "-" "netEstate NE Crawler (+http://www.website-datenbank.de/)"
81.209.177.202 - - [07/Oct/2013:05:36:24 +0200] "GET /lexikon.php?cs_go=3&cs_id=41 HTTP/1.1" 200 5954 "-" "netEstate NE Crawler (+http://www.website-datenbank.de/)"
81.209.177.202 - - [07/Oct/2013:05:36:43 +0200] "GET /news.php?cs_go=archiv&cs_id=4519&cs_search= HTTP/1.1" 200 7935 "-" "netEstate NE Crawler (+http://www.website-datenbank.de/)"
81.209.177.202 - - [07/Oct/2013:05:36:58 +0200] "GET /news.php?cs_go=archiv&cs_id=4417&cs_search= HTTP/1.1" 200 11579 "-" "netEstate NE Crawler (+http://www.website-datenbank.de/)"
81.209.177.202 - - [07/Oct/2013:05:37:18 +0200] "GET /news.php?cs_go=archiv&cs_id=4436&cs_search= HTTP/1.1" 200 8343 "-" "netEstate NE Crawler (+http://www.website-datenbank.de/)"
141.8.147.12 - - [07/Oct/2013:05:37:29 +0200] "GET /lexikon.php?cs_go=3&cs_id=208 HTTP/1.1" 200 5958 "-" "Mozilla/5.0 (compatible; YandexBot/3.0; +http://yandex.com/bots)"
81.209.177.140 - - [07/Oct/2013:05:37:40 +0200] "GET /news.php?cs_go=archiv&cs_id=4583&cs_search= HTTP/1.1" 200 13225 "-" "netEstate NE Crawler (+http://www.website-datenbank.de/)"
81.209.177.202 - - [07/Oct/2013:05:38:04 +0200] "GET /lexikon.php?cs_go=3&cs_id=154 HTTP/1.1" 200 5827 "-" "netEstate NE Crawler (+http://www.website-datenbank.de/)"
81.209.177.202 - - [07/Oct/2013:05:38:23 +0200] "GET /news.php?cs_go=archiv&cs_id=4549&cs_search= HTTP/1.1" 200 7636 "-" "netEstate NE Crawler (+http://www.website-datenbank.de/)"
81.209.177.202 - - [07/Oct/2013:05:38:39 +0200] "GET /news.php?cs_go=archiv&cs_id=4422&cs_search= HTTP/1.1" 200 7966 "-" "netEstate NE Crawler (+http://www.website-datenbank.de/)"
81.209.177.202 - - [07/Oct/2013:05:38:54 +0200] "GET /news.php?cs_go=archiv&cs_id=4569&cs_search= HTTP/1.1" 200 7732 "-" "netEstate NE Crawler (+http://www.website-datenbank.de/)"
81.209.177.95 - - [07/Oct/2013:05:39:14 +0200] "GET /news.php?cs_go=archiv&cs_id=4576&cs_search= HTTP/1.1" 200 11973 "-" "netEstate NE Crawler (+http://www.website-datenbank.de/)"
81.209.177.202 - - [07/Oct/2013:05:39:30 +0200] "GET /news.php?cs_go=archiv&cs_id=4565&cs_search= HTTP/1.1" 200 9190 "-" "netEstate NE Crawler (+http://www.website-datenbank.de/)"
81.209.177.95 - - [07/Oct/2013:05:39:47 +0200] "GET /lexikon.php?cs_go=3&cs_id=5 HTTP/1.1" 200 5789 "-" "netEstate NE Crawler (+http://www.website-datenbank.de/)"
81.209.177.95 - - [07/Oct/2013:05:40:04 +0200] "GET /lexikon.php?cs_go=2&cs_char=n HTTP/1.1" 200 6179 "-" "netEstate NE Crawler (+http://www.website-datenbank.de/)"
81.209.177.202 - - [07/Oct/2013:05:40:28 +0200] "GET /news.php?cs_go=archiv&cs_id=4579&cs_search= HTTP/1.1" 200 9006 "-" "netEstate NE Crawler (+http://www.website-datenbank.de/)"
81.209.177.95 - - [07/Oct/2013:05:40:47 +0200] "GET /news.php?cs_go=archiv&cs_id=4365&cs_search= HTTP/1.1" 200 11576 "-" "netEstate NE Crawler (+http://www.website-datenbank.de/)"
81.209.177.202 - - [07/Oct/2013:05:41:07 +0200] "GET /news.php?cs_go=archiv&cs_startpos=170 HTTP/1.1" 200 20312 "-" "netEstate NE Crawler (+http://www.website-datenbank.de/)"
81.209.177.95 - - [07/Oct/2013:05:41:26 +0200] "GET /news.php?cs_go=archiv&cs_id=4475&cs_search= HTTP/1.1" 200 7606 "-" "netEstate NE Crawler (+http://www.website-datenbank.de/)"
81.209.177.202 - - [07/Oct/2013:05:41:45 +0200] "GET /news.php?cs_go=archiv&cs_id=4420&cs_search= HTTP/1.1" 200 10169 "-" "netEstate NE Crawler (+http://www.website-datenbank.de/)"
81.209.177.202 - - [07/Oct/2013:05:42:04 +0200] "GET /news.php?cs_go=archiv&cs_startpos=80 HTTP/1.1" 200 20208 "-" "netEstate NE Crawler (+http://www.website-datenbank.de/)"
81.209.177.95 - - [07/Oct/2013:05:42:22 +0200] "GET /news.php?cs_go=archiv&cs_id=4507&cs_search= HTTP/1.1" 200 9369 "-" "netEstate NE Crawler (+http://www.website-datenbank.de/)"
81.209.177.202 - - [07/Oct/2013:05:42:40 +0200] "GET /news.php?cs_go=archiv&cs_id=4413&cs_search= HTTP/1.1" 200 11570 "-" "netEstate NE Crawler (+http://www.website-datenbank.de/)"
81.209.177.202 - - [07/Oct/2013:05:42:54 +0200] "GET /news.php?cs_go=archiv&cs_id=4382&cs_search= HTTP/1.1" 200 11414 "-" "netEstate NE Crawler (+http://www.website-datenbank.de/)"
81.209.177.202 - - [07/Oct/2013:05:43:13 +0200] "GET /news.php?cs_go=archiv&cs_id=4406&cs_search= HTTP/1.1" 200 8913 "-" "netEstate NE Crawler (+http://www.website-datenbank.de/)"
81.209.177.140 - - [07/Oct/2013:05:43:34 +0200] "GET /news.php?cs_go=archiv&cs_id=4500&cs_search= HTTP/1.1" 200 10545 "-" "netEstate NE Crawler (+http://www.website-datenbank.de/)"
81.209.177.202 - - [07/Oct/2013:05:44:00 +0200] "GET /news.php?cs_go=archiv&cs_id=4588&cs_search= HTTP/1.1" 200 9594 "-" "netEstate NE Crawler (+http://www.website-datenbank.de/)"
81.209.177.202 - - [07/Oct/2013:05:44:15 +0200] "GET /news.php?cs_go=archiv&cs_id=4367&cs_search= HTTP/1.1" 200 11576 "-" "netEstate NE Crawler (+http://www.website-datenbank.de/)"
81.209.177.95 - - [07/Oct/2013:05:44:35 +0200] "GET /news.php?cs_go=archiv&cs_startpos=120 HTTP/1.1" 200 20485 "-" "netEstate NE Crawler (+http://www.website-datenbank.de/)"
81.209.177.202 - - [07/Oct/2013:05:44:56 +0200] "GET /lexikon.php?cs_go=2&cs_char=k HTTP/1.1" 200 7480 "-" "netEstate NE Crawler (+http://www.website-datenbank.de/)"
81.209.177.202 - - [07/Oct/2013:05:45:10 +0200] "GET /lexikon.php?cs_go=3&cs_id=219 HTTP/1.1" 200 5594 "-" "netEstate NE Crawler (+http://www.website-datenbank.de/)"
81.209.177.202 - - [07/Oct/2013:05:45:29 +0200] "GET /lexikon.php?cs_go=3&cs_id=217 HTTP/1.1" 200 5722 "-" "netEstate NE Crawler (+http://www.website-datenbank.de/)"
81.209.177.95 - - [07/Oct/2013:05:45:50 +0200] "GET /lexikon.php?cs_go=3&cs_id=116 HTTP/1.1" 200 6967 "-" "netEstate NE Crawler (+http://www.website-datenbank.de/)"
81.209.177.140 - - [07/Oct/2013:05:46:12 +0200] "GET /news.php?cs_go=archiv&cs_id=4372&cs_search= HTTP/1.1" 200 9224 "-" "netEstate NE Crawler (+http://www.website-datenbank.de/)"
81.209.177.202 - - [07/Oct/2013:05:46:33 +0200] "GET /robots.txt HTTP/1.1" 200 177 "-" "netEstate NE Crawler (+http://www.website-datenbank.de/)"
81.209.177.202 - - [07/Oct/2013:05:46:39 +0200] "GET /lexikon.php?cs_go=3&cs_id=100 HTTP/1.1" 200 6301 "-" "netEstate NE Crawler (+http://www.website-datenbank.de/)"
81.209.177.202 - - [07/Oct/2013:05:46:55 +0200] "GET /lexikon.php?cs_go=3&cs_id=35 HTTP/1.1" 200 6085 "-" "netEstate NE Crawler (+http://www.website-datenbank.de/)"
81.209.177.140 - - [07/Oct/2013:05:47:19 +0200] "GET /lexikon.php?cs_go=3&cs_id=10 HTTP/1.1" 200 6195 "-" "netEstate NE Crawler (+http://www.website-datenbank.de/)"
66.249.78.46 - - [07/Oct/2013:05:47:21 +0200] "GET /standard.php HTTP/1.1" 200 6807 "-" "Mozilla/5.0 (compatible; Googlebot/2.1; +http://www.google.com/bot.html)"
81.209.177.95 - - [07/Oct/2013:05:47:42 +0200] "GET /lexikon.php?cs_go=3&cs_id=138 HTTP/1.1" 200 6505 "-" "netEstate NE Crawler (+http://www.website-datenbank.de/)"
81.209.177.202 - - [07/Oct/2013:05:47:56 +0200] "GET /news.php?cs_go=archiv&cs_id=4424&cs_search= HTTP/1.1" 200 7552 "-" "netEstate NE Crawler (+http://www.website-datenbank.de/)"
81.209.177.202 - - [07/Oct/2013:05:48:11 +0200] "GET /news.php?cs_go=archiv&cs_id=4371&cs_search= HTTP/1.1" 200 7840 "-" "netEstate NE Crawler (+http://www.website-datenbank.de/)"
81.209.177.202 - - [07/Oct/2013:05:48:30 +0200] "GET /news.php?cs_go=archiv&cs_id=4452&cs_search= HTTP/1.1" 200 11754 "-" "netEstate NE Crawler (+http://www.website-datenbank.de/)"
141.8.147.12 - - [07/Oct/2013:05:48:46 +0200] "GET /lexikon.php?cs_go=3&cs_id=96 HTTP/1.1" 200 5908 "-" "Mozilla/5.0 (compatible; YandexBot/3.0; +http://yandex.com/bots)"
81.209.177.95 - - [07/Oct/2013:05:48:48 +0200] "GET /news.php?cs_go=archiv&cs_id=4437&cs_search= HTTP/1.1" 200 11765 "-" "netEstate NE Crawler (+http://www.website-datenbank.de/)"
208.115.113.91 - - [07/Oct/2013:05:48:50 +0200] "GET /robots.txt HTTP/1.1" 200 177 "-" "Mozilla/5.0 (compatible; Ezooms/1.0; ezooms.bot@gmail.com)"
81.209.177.140 - - [07/Oct/2013:05:49:11 +0200] "GET /lexikon.php?cs_go=3&cs_id=157 HTTP/1.1" 200 5979 "-" "netEstate NE Crawler (+http://www.website-datenbank.de/)"
81.209.177.202 - - [07/Oct/2013:05:49:25 +0200] "GET /lexikon.php?cs_go=3&cs_id=39 HTTP/1.1" 200 5958 "-" "netEstate NE Crawler (+http://www.website-datenbank.de/)"
81.209.177.202 - - [07/Oct/2013:05:49:39 +0200] "GET /news.php?cs_go=archiv&cs_id=4514&cs_search= HTTP/1.1" 200 10191 "-" "netEstate NE Crawler (+http://www.website-datenbank.de/)"
66.249.78.46 - - [07/Oct/2013:05:49:55 +0200] "GET /modul.css HTTP/1.1" 200 35038 "-" "Mozilla/5.0 (compatible; Googlebot/2.1; +http://www.google.com/bot.html)"
81.209.177.202 - - [07/Oct/2013:05:49:56 +0200] "GET /news.php?cs_go=archiv&cs_id=4401&cs_search= HTTP/1.1" 200 11738 "-" "netEstate NE Crawler (+http://www.website-datenbank.de/)"
81.209.177.202 - - [07/Oct/2013:05:50:10 +0200] "GET /news.php?cs_go=archiv&cs_id=4524&cs_search= HTTP/1.1" 200 11646 "-" "netEstate NE Crawler (+http://www.website-datenbank.de/)"
81.209.177.202 - - [07/Oct/2013:05:50:26 +0200] "GET /lexikon.php?cs_go=3&cs_id=37 HTTP/1.1" 200 6007 "-" "netEstate NE Crawler (+http://www.website-datenbank.de/)"
81.209.177.202 - - [07/Oct/2013:05:50:41 +0200] "GET /news.php?cs_go=archiv&cs_startpos=130 HTTP/1.1" 200 20773 "-" "netEstate NE Crawler (+http://www.website-datenbank.de/)"
81.209.177.95 - - [07/Oct/2013:05:51:00 +0200] "GET /news.php?cs_go=archiv&cs_id=4375&cs_search= HTTP/1.1" 200 9323 "-" "netEstate NE Crawler (+http://www.website-datenbank.de/)"
81.209.177.140 - - [07/Oct/2013:05:51:25 +0200] "GET /news.php?cs_go=archiv&cs_id=4575&cs_search= HTTP/1.1" 200 8405 "-" "netEstate NE Crawler (+http://www.website-datenbank.de/)"
81.209.177.140 - - [07/Oct/2013:05:51:47 +0200] "GET /lexikon.php?cs_go=3&cs_id=220 HTTP/1.1" 200 5622 "-" "netEstate NE Crawler (+http://www.website-datenbank.de/)"
81.209.177.95 - - [07/Oct/2013:05:52:09 +0200] "GET /news.php?cs_go=archiv&cs_id=4525&cs_search= HTTP/1.1" 200 7525 "-" "netEstate NE Crawler (+http://www.website-datenbank.de/)"
81.209.177.202 - - [07/Oct/2013:05:52:28 +0200] "GET /lexikon.php?cs_go=3&cs_id=114 HTTP/1.1" 200 6285 "-" "netEstate NE Crawler (+http://www.website-datenbank.de/)"
81.209.177.140 - - [07/Oct/2013:05:52:48 +0200] "GET /news.php?cs_go=archiv&cs_id=4508&cs_search= HTTP/1.1" 200 7990 "-" "netEstate NE Crawler (+http://www.website-datenbank.de/)"
81.209.177.202 - - [07/Oct/2013:05:53:13 +0200] "GET /news.php?cs_go=archiv&cs_id=4393&cs_search= HTTP/1.1" 200 11088 "-" "netEstate NE Crawler (+http://www.website-datenbank.de/)"
81.209.177.95 - - [07/Oct/2013:05:53:30 +0200] "GET /news.php?cs_go=archiv&cs_id=4331&cs_search= HTTP/1.1" 200 9561 "-" "netEstate NE Crawler (+http://www.website-datenbank.de/)"
81.209.177.202 - - [07/Oct/2013:05:53:47 +0200] "GET /news.php?cs_go=archiv&cs_id=4348&cs_search= HTTP/1.1" 200 11122 "-" "netEstate NE Crawler (+http://www.website-datenbank.de/)"
81.209.177.202 - - [07/Oct/2013:05:54:02 +0200] "GET /news.php?cs_go=archiv&cs_id=4462&cs_search= HTTP/1.1" 200 9135 "-" "netEstate NE Crawler (+http://www.website-datenbank.de/)"
81.209.177.202 - - [07/Oct/2013:05:54:16 +0200] "GET /news.php?cs_go=archiv&cs_id=4518&cs_search= HTTP/1.1" 200 7663 "-" "netEstate NE Crawler (+http://www.website-datenbank.de/)"
81.209.177.202 - - [07/Oct/2013:05:54:31 +0200] "GET /news.php?cs_go=archiv&cs_id=4350&cs_search= HTTP/1.1" 200 7657 "-" "netEstate NE Crawler (+http://www.website-datenbank.de/)"
81.209.177.202 - - [07/Oct/2013:05:54:50 +0200] "GET /lexikon.php?cs_go=3&cs_id=106 HTTP/1.1" 200 6061 "-" "netEstate NE Crawler (+http://www.website-datenbank.de/)"
81.209.177.202 - - [07/Oct/2013:05:55:06 +0200] "GET /lexikon.php?cs_go=3&cs_id=108 HTTP/1.1" 200 7217 "-" "netEstate NE Crawler (+http://www.website-datenbank.de/)"
81.209.177.202 - - [07/Oct/2013:05:55:25 +0200] "GET /news.php?cs_go=archiv&cs_id=4587&cs_search= HTTP/1.1" 200 10171 "-" "netEstate NE Crawler (+http://www.website-datenbank.de/)"
81.209.177.202 - - [07/Oct/2013:05:55:41 +0200] "GET /lexikon.php?cs_go=3&cs_id=111 HTTP/1.1" 200 5658 "-" "netEstate NE Crawler (+http://www.website-datenbank.de/)"
81.209.177.95 - - [07/Oct/2013:05:56:02 +0200] "GET /lexikon.php?cs_go=3&cs_id=221 HTTP/1.1" 200 5618 "-" "netEstate NE Crawler (+http://www.website-datenbank.de/)"
81.209.177.202 - - [07/Oct/2013:05:56:17 +0200] "GET /news.php?cs_go=archiv&cs_id=4426&cs_search= HTTP/1.1" 200 13831 "-" "netEstate NE Crawler (+http://www.website-datenbank.de/)"
81.209.177.95 - - [07/Oct/2013:05:56:35 +0200] "GET /robots.txt HTTP/1.1" 200 177 "-" "netEstate NE Crawler (+http://www.website-datenbank.de/)"
81.209.177.202 - - [07/Oct/2013:05:56:41 +0200] "GET /lexikon.php?cs_go=3&cs_id=104 HTTP/1.1" 200 6075 "-" "netEstate NE Crawler (+http://www.website-datenbank.de/)"
81.209.177.202 - - [07/Oct/2013:05:56:58 +0200] "GET /news.php?cs_go=archiv&cs_id=4523&cs_search= HTTP/1.1" 200 9431 "-" "netEstate NE Crawler (+http://www.website-datenbank.de/)"
81.209.177.202 - - [07/Oct/2013:05:57:13 +0200] "GET /news.php?cs_go=archiv&cs_id=4374&cs_search= HTTP/1.1" 200 8743 "-" "netEstate NE Crawler (+http://www.website-datenbank.de/)"
81.209.177.140 - - [07/Oct/2013:05:57:33 +0200] "GET /lexikon.php?cs_go=3&cs_id=159 HTTP/1.1" 200 7360 "-" "netEstate NE Crawler (+http://www.website-datenbank.de/)"
81.209.177.95 - - [07/Oct/2013:05:57:55 +0200] "GET /news.php?cs_go=archiv&cs_id=4368&cs_search= HTTP/1.1" 200 7639 "-" "netEstate NE Crawler (+http://www.website-datenbank.de/)"
81.209.177.202 - - [07/Oct/2013:05:58:09 +0200] "GET /news.php?cs_go=archiv&cs_id=4461&cs_search= HTTP/1.1" 200 7675 "-" "netEstate NE Crawler (+http://www.website-datenbank.de/)"
81.209.177.202 - - [07/Oct/2013:05:58:23 +0200] "GET /news.php?cs_go=archiv&cs_id=4458&cs_search= HTTP/1.1" 200 12189 "-" "netEstate NE Crawler (+http://www.website-datenbank.de/)"
81.209.177.202 - - [07/Oct/2013:05:58:43 +0200] "GET /news.php?cs_go=archiv&cs_id=4396&cs_search= HTTP/1.1" 200 10195 "-" "netEstate NE Crawler (+http://www.website-datenbank.de/)"
81.209.177.95 - - [07/Oct/2013:05:59:01 +0200] "GET /news.php?cs_go=archiv&cs_id=4463&cs_search= HTTP/1.1" 200 8371 "-" "netEstate NE Crawler (+http://www.website-datenbank.de/)"
81.209.177.95 - - [07/Oct/2013:05:59:23 +0200] "GET /news.php?cs_go=archiv&cs_id=4590&cs_search= HTTP/1.1" 200 7783 "-" "netEstate NE Crawler (+http://www.website-datenbank.de/)"
66.249.78.46 - - [07/Oct/2013:05:59:30 +0200] "GET /rueckrufservice.php HTTP/1.1" 200 8337 "-" "Mozilla/5.0 (compatible; Googlebot/2.1; +http://www.google.com/bot.html)"
81.209.177.140 - - [07/Oct/2013:05:59:44 +0200] "GET /news.php?cs_go=archiv&cs_id=4468&cs_search= HTTP/1.1" 200 11738 "-" "netEstate NE Crawler (+http://www.website-datenbank.de/)"
81.209.177.202 - - [07/Oct/2013:06:00:06 +0200] "GET /lexikon.php?cs_go=3&cs_id=12 HTTP/1.1" 200 6172 "-" "netEstate NE Crawler (+http://www.website-datenbank.de/)"
81.209.177.202 - - [07/Oct/2013:06:00:24 +0200] "GET /news.php?cs_go=archiv&cs_id=4582&cs_search= HTTP/1.1" 200 9130 "-" "netEstate NE Crawler (+http://www.website-datenbank.de/)"
81.209.177.202 - - [07/Oct/2013:06:00:39 +0200] "GET /news.php?cs_go=archiv&cs_id=4580&cs_search= HTTP/1.1" 200 11497 "-" "netEstate NE Crawler (+http://www.website-datenbank.de/)"
81.209.177.202 - - [07/Oct/2013:06:00:58 +0200] "GET /lexikon.php?cs_go=3&cs_id=164 HTTP/1.1" 200 5860 "-" "netEstate NE Crawler (+http://www.website-datenbank.de/)"
81.209.177.202 - - [07/Oct/2013:06:01:12 +0200] "GET /lexikon.php?cs_go=2&cs_char=s HTTP/1.1" 200 7669 "-" "netEstate NE Crawler (+http://www.website-datenbank.de/)"
81.209.177.202 - - [07/Oct/2013:06:02:55 +0200] "GET /lexikon.php?cs_go=3&cs_id=165 HTTP/1.1" 200 5887 "-" "netEstate NE Crawler (+http://www.website-datenbank.de/)"
81.209.177.202 - - [07/Oct/2013:06:03:08 +0200] "GET /kwk.php HTTP/1.1" 200 8484 "-" "netEstate NE Crawler (+http://www.website-datenbank.de/)"
81.209.177.95 - - [07/Oct/2013:06:03:25 +0200] "GET /lexikon.php?cs_go=3&cs_id=200 HTTP/1.1" 200 7601 "-" "netEstate NE Crawler (+http://www.website-datenbank.de/)"
81.209.177.202 - - [07/Oct/2013:06:03:39 +0200] "GET /news.php?cs_go=archiv&cs_id=4416&cs_search= HTTP/1.1" 200 10436 "-" "netEstate NE Crawler (+http://www.website-datenbank.de/)"
81.209.177.202 - - [07/Oct/2013:06:03:56 +0200] "GET /news.php?cs_go=archiv&cs_id=4447&cs_search= HTTP/1.1" 200 8283 "-" "netEstate NE Crawler (+http://www.website-datenbank.de/)"
81.209.177.202 - - [07/Oct/2013:06:04:11 +0200] "GET /lexikon.php?cs_go=2&cs_char=j HTTP/1.1" 200 6211 "-" "netEstate NE Crawler (+http://www.website-datenbank.de/)"
81.209.177.202 - - [07/Oct/2013:06:04:25 +0200] "GET /news.php?cs_go=archiv&cs_id=4541&cs_search= HTTP/1.1" 200 12083 "-" "netEstate NE Crawler (+http://www.website-datenbank.de/)"
81.209.177.140 - - [07/Oct/2013:06:04:48 +0200] "GET /lexikon.php?cs_go=3&cs_id=3 HTTP/1.1" 200 6086 "-" "netEstate NE Crawler (+http://www.website-datenbank.de/)"
81.209.177.202 - - [07/Oct/2013:06:05:05 +0200] "GET /news.php?cs_go=archiv&cs_id=4363&cs_search= HTTP/1.1" 200 11463 "-" "netEstate NE Crawler (+http://www.website-datenbank.de/)"
81.209.177.202 - - [07/Oct/2013:06:05:22 +0200] "GET /lexikon.php?cs_go=3&cs_id=105 HTTP/1.1" 200 6009 "-" "netEstate NE Crawler (+http://www.website-datenbank.de/)"
81.209.177.202 - - [07/Oct/2013:06:05:38 +0200] "GET /lexikon.php?cs_go=2&cs_char=z HTTP/1.1" 200 5862 "-" "netEstate NE Crawler (+http://www.website-datenbank.de/)"
81.209.177.95 - - [07/Oct/2013:06:05:54 +0200] "GET /news.php?cs_go=archiv&cs_id=4427&cs_search= HTTP/1.1" 200 7551 "-" "netEstate NE Crawler (+http://www.website-datenbank.de/)"
81.209.177.202 - - [07/Oct/2013:06:06:14 +0200] "GET /news.php?cs_go=archiv&cs_id=4430&cs_search= HTTP/1.1" 200 11598 "-" "netEstate NE Crawler (+http://www.website-datenbank.de/)"
81.209.177.95 - - [07/Oct/2013:06:06:37 +0200] "GET /lexikon.php?cs_go=3&cs_id=163 HTTP/1.1" 200 5831 "-" "netEstate NE Crawler (+http://www.website-datenbank.de/)"
81.209.177.95 - - [07/Oct/2013:06:06:57 +0200] "GET /robots.txt HTTP/1.1" 200 177 "-" "netEstate NE Crawler (+http://www.website-datenbank.de/)"
81.209.177.202 - - [07/Oct/2013:06:07:04 +0200] "GET /news.php?cs_go=archiv&cs_id=4351&cs_search= HTTP/1.1" 200 11066 "-" "netEstate NE Crawler (+http://www.website-datenbank.de/)"
81.209.177.140 - - [07/Oct/2013:06:07:29 +0200] "GET /lexikon.php?cs_go=3&cs_id=198 HTTP/1.1" 200 6623 "-" "netEstate NE Crawler (+http://www.website-datenbank.de/)"
81.209.177.140 - - [07/Oct/2013:06:07:49 +0200] "GET /news.php?cs_go=archiv&cs_id=4464&cs_search= HTTP/1.1" 200 11502 "-" "netEstate NE Crawler (+http://www.website-datenbank.de/)"
81.209.177.140 - - [07/Oct/2013:06:08:24 +0200] "GET /lexikon.php?cs_go=3&cs_id=215 HTTP/1.1" 200 6233 "-" "netEstate NE Crawler (+http://www.website-datenbank.de/)"
81.209.177.140 - - [07/Oct/2013:06:08:49 +0200] "GET /news.php?cs_go=archiv&cs_id=4605&cs_search= HTTP/1.1" 200 7704 "-" "netEstate NE Crawler (+http://www.website-datenbank.de/)"
81.209.177.202 - - [07/Oct/2013:06:09:05 +0200] "GET /news.php?cs_go=archiv&cs_id=4377&cs_search= HTTP/1.1" 200 9240 "-" "netEstate NE Crawler (+http://www.website-datenbank.de/)"
81.209.177.202 - - [07/Oct/2013:06:09:20 +0200] "GET /news.php?cs_go=archiv&cs_startpos=200 HTTP/1.1" 200 20331 "-" "netEstate NE Crawler (+http://www.website-datenbank.de/)"
81.209.177.202 - - [07/Oct/2013:06:09:37 +0200] "GET /lexikon.php?cs_go=3&cs_id=158 HTTP/1.1" 200 5955 "-" "netEstate NE Crawler (+http://www.website-datenbank.de/)"
81.209.177.95 - - [07/Oct/2013:06:09:58 +0200] "GET /lexikon.php?cs_go=2&cs_char=f HTTP/1.1" 200 7196 "-" "netEstate NE Crawler (+http://www.website-datenbank.de/)"
81.209.177.95 - - [07/Oct/2013:06:10:20 +0200] "GET /news.php?cs_go=archiv&cs_id=4438&cs_search= HTTP/1.1" 200 7546 "-" "netEstate NE Crawler (+http://www.website-datenbank.de/)"
81.209.177.140 - - [07/Oct/2013:06:10:43 +0200] "GET /news.php?cs_go=archiv&cs_id=4425&cs_search= HTTP/1.1" 200 11770 "-" "netEstate NE Crawler (+http://www.website-datenbank.de/)"
81.209.177.95 - - [07/Oct/2013:06:11:13 +0200] "GET /news.php?cs_go=archiv&cs_id=4555&cs_search= HTTP/1.1" 200 9489 "-" "netEstate NE Crawler (+http://www.website-datenbank.de/)"
81.209.177.95 - - [07/Oct/2013:06:11:34 +0200] "GET /news.php?cs_go=archiv&cs_id=4386&cs_search= HTTP/1.1" 200 11330 "-" "netEstate NE Crawler (+http://www.website-datenbank.de/)"
141.8.147.12 - - [07/Oct/2013:06:11:44 +0200] "GET /lexikon.php?cs_go=3&cs_id=205 HTTP/1.1" 200 5900 "-" "Mozilla/5.0 (compatible; YandexBot/3.0; +http://yandex.com/bots)"
81.209.177.202 - - [07/Oct/2013:06:11:49 +0200] "GET /news.php?cs_go=archiv&cs_id=4431&cs_search= HTTP/1.1" 200 7838 "-" "netEstate NE Crawler (+http://www.website-datenbank.de/)"
81.209.177.202 - - [07/Oct/2013:06:12:04 +0200] "GET /lexikon.php?cs_go=3&cs_id=183 HTTP/1.1" 200 6165 "-" "netEstate NE Crawler (+http://www.website-datenbank.de/)"
81.209.177.95 - - [07/Oct/2013:06:12:22 +0200] "GET /news.php?cs_go=archiv&cs_id=4389&cs_search= HTTP/1.1" 200 7647 "-" "netEstate NE Crawler (+http://www.website-datenbank.de/)"
81.209.177.202 - - [07/Oct/2013:06:12:41 +0200] "GET /news.php?cs_go=archiv&cs_id=4516&cs_search= HTTP/1.1" 200 8899 "-" "netEstate NE Crawler (+http://www.website-datenbank.de/)"
81.209.177.95 - - [07/Oct/2013:06:13:00 +0200] "GET /lexikon.php?cs_go=3&cs_id=140 HTTP/1.1" 200 6345 "-" "netEstate NE Crawler (+http://www.website-datenbank.de/)"
81.209.177.202 - - [07/Oct/2013:06:13:16 +0200] "GET /news.php?cs_go=archiv&cs_id=4364&cs_search= HTTP/1.1" 200 7632 "-" "netEstate NE Crawler (+http://www.website-datenbank.de/)"
81.209.177.202 - - [07/Oct/2013:06:13:35 +0200] "GET /news.php?cs_go=archiv&cs_id=4411&cs_search= HTTP/1.1" 200 11500 "-" "netEstate NE Crawler (+http://www.website-datenbank.de/)"
81.209.177.95 - - [07/Oct/2013:06:13:52 +0200] "GET /lexikon.php?cs_go=3&cs_id=216 HTTP/1.1" 200 5721 "-" "netEstate NE Crawler (+http://www.website-datenbank.de/)"
81.209.177.202 - - [07/Oct/2013:06:14:07 +0200] "GET /lexikon.php?cs_go=3&cs_id=103 HTTP/1.1" 200 6818 "-" "netEstate NE Crawler (+http://www.website-datenbank.de/)"
81.209.177.202 - - [07/Oct/2013:06:14:25 +0200] "GET /news.php?cs_go=archiv&cs_id=4397&cs_search= HTTP/1.1" 200 7486 "-" "netEstate NE Crawler (+http://www.website-datenbank.de/)"
81.209.177.95 - - [07/Oct/2013:06:14:39 +0200] "GET /lexikon.php?cs_go=3&cs_id=191 HTTP/1.1" 200 6963 "-" "netEstate NE Crawler (+http://www.website-datenbank.de/)"
81.209.177.140 - - [07/Oct/2013:06:15:02 +0200] "GET /news.php?cs_go=archiv&cs_id=4591&cs_search= HTTP/1.1" 200 8463 "-" "netEstate NE Crawler (+http://www.website-datenbank.de/)"
81.209.177.95 - - [07/Oct/2013:06:15:30 +0200] "GET /news.php?cs_go=archiv&cs_id=4423&cs_search= HTTP/1.1" 200 11460 "-" "netEstate NE Crawler (+http://www.website-datenbank.de/)"
