5.10.83.75 - - [06/Oct/2013:00:10:22 +0200] "GET /news.php?cs_go=archiv&cs_id=4597&cs_search= HTTP/1.1" 200 19819 "-" "Mozilla/5.0 (compatible; AhrefsBot/5.0; +http://ahrefs.com/robot/)"
5.10.83.69 - - [06/Oct/2013:00:10:52 +0200] "GET /news.php?cs_go=archiv&cs_id=4602&cs_search= HTTP/1.1" 200 8005 "-" "Mozilla/5.0 (compatible; AhrefsBot/5.0; +http://ahrefs.com/robot/)"
66.249.78.46 - - [06/Oct/2013:00:14:45 +0200] "GET /news.php?cs_go=archiv&cs_startpos=50 HTTP/1.1" 200 20493 "-" "Mozilla/5.0 (iPhone; U; CPU iPhone OS 4_1 like Mac OS X; en-us) AppleWebKit/532.9 (KHTML, like Gecko) Version/4.0.5 Mobile/8B117 Safari/6531.22.7 (compatible; Googlebot-Mobile/2.1; +http://www.google.com/bot.html)"
5.10.83.76 - - [06/Oct/2013:00:17:03 +0200] "GET /modernisierung.php?cs_gp_go=description HTTP/1.1" 200 8445 "-" "Mozilla/5.0 (compatible; AhrefsBot/5.0; +http://ahrefs.com/robot/)"
5.10.83.70 - - [06/Oct/2013:00:17:20 +0200] "GET /lexikon.php?cs_go=3&cs_id=177 HTTP/1.1" 200 5583 "-" "Mozilla/5.0 (compatible; AhrefsBot/5.0; +http://ahrefs.com/robot/)"
141.8.147.12 - - [06/Oct/2013:00:25:14 +0200] "GET /lexikon.php?cs_go=3&cs_id=190 HTTP/1.1" 200 6078 "-" "Mozilla/5.0 (compatible; YandexBot/3.0; +http://yandex.com/bots)"
5.10.83.76 - - [06/Oct/2013:00:27:18 +0200] "GET /lexikon.php?cs_go=3&cs_id=168 HTTP/1.1" 200 6739 "-" "Mozilla/5.0 (compatible; AhrefsBot/5.0; +http://ahrefs.com/robot/)"
5.10.83.38 - - [06/Oct/2013:00:30:44 +0200] "GET /news.php?cs_go=archiv&cs_id=4413&cs_search= HTTP/1.1" 200 11570 "-" "Mozilla/5.0 (compatible; AhrefsBot/5.0; +http://ahrefs.com/robot/)"
5.10.83.76 - - [06/Oct/2013:00:40:40 +0200] "GET /lexikon.php?cs_go=3&cs_id=202 HTTP/1.1" 200 6120 "-" "Mozilla/5.0 (compatible; AhrefsBot/5.0; +http://ahrefs.com/robot/)"
66.249.78.46 - - [06/Oct/2013:00:42:25 +0200] "GET /lexikon.php?cs_go=3&cs_id=42 HTTP/1.1" 200 5973 "-" "Mozilla/5.0 (compatible; Googlebot/2.1; +http://www.google.com/bot.html)"
5.10.83.75 - - [06/Oct/2013:00:43:07 +0200] "GET /news.php?cs_go=archiv&cs_id=4420&cs_search= HTTP/1.1" 200 10169 "-" "Mozilla/5.0 (compatible; AhrefsBot/5.0; +http://ahrefs.com/robot/)"
5.10.83.70 - - [06/Oct/2013:00:43:10 +0200] "GET /lexikon.php?cs_go=3&cs_id=116 HTTP/1.1" 200 6967 "-" "Mozilla/5.0 (compatible; AhrefsBot/5.0; +http://ahrefs.com/robot/)"
141.8.147.12 - - [06/Oct/2013:00:45:13 +0200] "GET /lexikon.php?cs_go=3&cs_id=222 HTTP/1.1" 200 7224 "-" "Mozilla/5.0 (compatible; YandexBot/3.0; +http://yandex.com/bots)"
5.10.83.96 - - [06/Oct/2013:00:47:51 +0200] "GET /news.php?cs_go=archiv&cs_id=4567&cs_search= HTTP/1.1" 200 9165 "-" "Mozilla/5.0 (compatible; AhrefsBot/5.0; +http://ahrefs.com/robot/)"
5.10.83.71 - - [06/Oct/2013:00:59:23 +0200] "GET /news.php?cs_go=archiv&cs_startpos=50 HTTP/1.1" 200 20493 "-" "Mozilla/5.0 (compatible; AhrefsBot/5.0; +http://ahrefs.com/robot/)"
5.10.83.76 - - [06/Oct/2013:00:59:49 +0200] "GET /news.php?cs_go=archiv&cs_id=4494&cs_search= HTTP/1.1" 200 11137 "-" "Mozilla/5.0 (compatible; AhrefsBot/5.0; +http://ahrefs.com/robot/)"
5.10.83.43 - - [06/Oct/2013:01:01:28 +0200] "GET /lexikon.php?cs_go=3&cs_id=222 HTTP/1.1" 200 7224 "-" "Mozilla/5.0 (compatible; AhrefsBot/5.0; +http://ahrefs.com/robot/)"
5.10.83.38 - - [06/Oct/2013:01:01:33 +0200] "GET /lexikon.php?cs_go=3&cs_id=155 HTTP/1.1" 200 5598 "-" "Mozilla/5.0 (compatible; AhrefsBot/5.0; +http://ahrefs.com/robot/)"
141.8.147.12 - - [06/Oct/2013:01:04:31 +0200] "GET /lexikon.php?cs_go=3&cs_id=228 HTTP/1.1" 200 6845 "-" "Mozilla/5.0 (compatible; YandexBot/3.0; +http://yandex.com/bots)"
66.249.78.46 - - [06/Oct/2013:01:14:44 +0200] "GET /news.php?cs_go=archiv&cs_id=4344 HTTP/1.1" 200 7570 "-" "Mozilla/5.0 (compatible; Googlebot/2.1; +http://www.google.com/bot.html)"
5.10.83.42 - - [06/Oct/2013:01:15:00 +0200] "GET /lexikon.php?cs_go=3&cs_id=2 HTTP/1.1" 200 6025 "-" "Mozilla/5.0 (compatible; AhrefsBot/5.0; +http://ahrefs.com/robot/)"
5.10.83.43 - - [06/Oct/2013:01:15:13 +0200] "GET /wunschpreis.php HTTP/1.1" 200 10292 "-" "Mozilla/5.0 (compatible; AhrefsBot/5.0; +http://ahrefs.com/robot/)"
5.10.83.43 - - [06/Oct/2013:01:17:33 +0200] "GET /lexikon.php?cs_go=3&cs_id=195 HTTP/1.1" 200 6599 "-" "Mozilla/5.0 (compatible; AhrefsBot/5.0; +http://ahrefs.com/robot/)"
141.8.147.12 - - [06/Oct/2013:01:25:48 +0200] "GET /lexikon.php?cs_go=3&cs_id=184 HTTP/1.1" 200 5597 "-" "Mozilla/5.0 (compatible; YandexBot/3.0; +http://yandex.com/bots)"
5.10.83.70 - - [06/Oct/2013:01:26:01 +0200] "GET /news.php?cs_go=archiv&cs_id=4406&cs_search= HTTP/1.1" 200 8913 "-" "Mozilla/5.0 (compatible; AhrefsBot/5.0; +http://ahrefs.com/robot/)"
5.10.83.70 - - [06/Oct/2013:01:31:27 +0200] "GET /lexikon.php?cs_go=3&cs_id=185 HTTP/1.1" 200 5947 "-" "Mozilla/5.0 (compatible; AhrefsBot/5.0; +http://ahrefs.com/robot/)"
5.10.83.70 - - [06/Oct/2013:01:39:46 +0200] "GET /ansprechpartner.php HTTP/1.1" 404 - "-" "Mozilla/5.0 (compatible; AhrefsBot/5.0; +http://ahrefs.com/robot/)"
141.8.147.12 - - [06/Oct/2013:01:49:41 +0200] "GET /lexikon.php?cs_go=3&cs_id=100 HTTP/1.1" 200 6301 "-" "Mozilla/5.0 (compatible; YandexBot/3.0; +http://yandex.com/bots)"
5.10.83.38 - - [06/Oct/2013:01:57:13 +0200] "GET /lexikon.php?cs_go=3&cs_id=66 HTTP/1.1" 200 5598 "-" "Mozilla/5.0 (compatible; AhrefsBot/5.0; +http://ahrefs.com/robot/)"
141.8.147.12 - - [06/Oct/2013:02:07:09 +0200] "GET /lexikon.php?cs_go=3&cs_id=129 HTTP/1.1" 200 6248 "-" "Mozilla/5.0 (compatible; YandexBot/3.0; +http://yandex.com/bots)"
144.76.95.231 - - [06/Oct/2013:02:15:21 +0200] "GET /robots.txt HTTP/1.0" 200 177 "-" "Mozilla/5.0 (compatible; MJ12bot/v1.4.4; http://www.majestic12.co.uk/bot.php?+)"
144.76.95.231 - - [06/Oct/2013:02:15:23 +0200] "GET /news.php?cs_go=archiv&cs_id=4602 HTTP/1.0" 200 8005 "-" "Mozilla/5.0 (compatible; MJ12bot/v1.4.4; http://www.majestic12.co.uk/bot.php?+)"
144.76.95.231 - - [06/Oct/2013:02:15:25 +0200] "GET /news.php?cs_go=archiv&cs_id=4603 HTTP/1.0" 200 10007 "-" "Mozilla/5.0 (compatible; MJ12bot/v1.4.4; http://www.majestic12.co.uk/bot.php?+)"
144.76.95.231 - - [06/Oct/2013:02:15:27 +0200] "GET /news.php?cs_go=archiv&cs_id=4608 HTTP/1.0" 200 11354 "-" "Mozilla/5.0 (compatible; MJ12bot/v1.4.4; http://www.majestic12.co.uk/bot.php?+)"
144.76.95.231 - - [06/Oct/2013:02:15:29 +0200] "GET /news.php?cs_go=archiv&cs_id=4609 HTTP/1.0" 200 13932 "-" "Mozilla/5.0 (compatible; MJ12bot/v1.4.4; http://www.majestic12.co.uk/bot.php?+)"
5.10.83.9 - - [06/Oct/2013:02:17:01 +0200] "GET /lexikon.php?cs_go=3&cs_id=117 HTTP/1.1" 200 5970 "-" "Mozilla/5.0 (compatible; AhrefsBot/5.0; +http://ahrefs.com/robot/)"
141.8.147.12 - - [06/Oct/2013:02:21:56 +0200] "GET /images/logos.jpg HTTP/1.1" 304 - "-" "Mozilla/5.0 (compatible; YandexImages/3.0; +http://yandex.com/bots)"
5.10.83.9 - - [06/Oct/2013:02:29:10 +0200] "GET /lexikon.php?cs_go=3&cs_id=7 HTTP/1.1" 200 6132 "-" "Mozilla/5.0 (compatible; AhrefsBot/5.0; +http://ahrefs.com/robot/)"
66.249.66.49 - - [06/Oct/2013:02:41:06 +0200] "GET /news.php?cs_go=archiv&cs_id=4026&cs_search= HTTP/1.1" 200 11158 "-" "DoCoMo/2.0 N905i(c100;TB;W24H16) (compatible; Googlebot-Mobile/2.1; +http://www.google.com/bot.html)"
141.8.147.12 - - [06/Oct/2013:02:42:45 +0200] "GET /lexikon.php?cs_go=3&cs_id=193 HTTP/1.1" 200 5606 "-" "Mozilla/5.0 (compatible; YandexBot/3.0; +http://yandex.com/bots)"
5.10.83.76 - - [06/Oct/2013:02:44:00 +0200] "GET /news.php?cs_go=archiv&cs_id=4361&cs_search= HTTP/1.1" 200 8186 "-" "Mozilla/5.0 (compatible; AhrefsBot/5.0; +http://ahrefs.com/robot/)"
5.10.83.75 - - [06/Oct/2013:02:45:27 +0200] "GET /news.php?cs_go=archiv&cs_id=4471&cs_search= HTTP/1.1" 200 11789 "-" "Mozilla/5.0 (compatible; AhrefsBot/5.0; +http://ahrefs.com/robot/)"
5.10.83.69 - - [06/Oct/2013:02:52:21 +0200] "GET /news.php?cs_go=archiv&cs_id=4457&cs_search= HTTP/1.1" 200 7639 "-" "Mozilla/5.0 (compatible; AhrefsBot/5.0; +http://ahrefs.com/robot/)"
66.249.78.46 - - [06/Oct/2013:02:55:55 +0200] "GET /standard.php HTTP/1.1" 200 6807 "-" "Mozilla/5.0 (iPhone; U; CPU iPhone OS 4_1 like Mac OS X; en-us) AppleWebKit/532.9 (KHTML, like Gecko) Version/4.0.5 Mobile/8B117 Safari/6531.22.7 (compatible; Googlebot-Mobile/2.1; +http://www.google.com/bot.html)"
66.249.78.46 - - [06/Oct/2013:02:56:17 +0200] "GET /news.php?cs_go=archiv&cs_id=4345 HTTP/1.1" 200 7981 "-" "Mozilla/5.0 (compatible; Googlebot/2.1; +http://www.google.com/bot.html)"
65.36.241.79 - - [06/Oct/2013:02:56:51 +0200] "HEAD / HTTP/1.1" 200 - "-" "InternetSeer.com"
141.8.147.12 - - [06/Oct/2013:03:06:03 +0200] "GET /robots.txt HTTP/1.1" 200 177 "-" "Mozilla/5.0 (compatible; YandexBot/3.0; +http://yandex.com/bots)"
5.10.83.71 - - [06/Oct/2013:03:03:45 +0200] "GET /lexikon.php?cs_go=3&cs_id=196 HTTP/1.1" 200 5892 "-" "Mozilla/5.0 (compatible; AhrefsBot/5.0; +http://ahrefs.com/robot/)"
5.10.83.38 - - [06/Oct/2013:03:09:34 +0200] "GET /news.php?cs_go=archiv&cs_startpos=140 HTTP/1.1" 200 20665 "-" "Mozilla/5.0 (compatible; AhrefsBot/5.0; +http://ahrefs.com/robot/)"
5.10.83.69 - - [06/Oct/2013:03:15:21 +0200] "GET /lexikon.php?cs_go=2&cs_char=f HTTP/1.1" 200 7196 "-" "Mozilla/5.0 (compatible; AhrefsBot/5.0; +http://ahrefs.com/robot/)"
5.10.83.30 - - [06/Oct/2013:03:23:02 +0200] "GET /lexikon.php?cs_go=3&cs_id=159 HTTP/1.1" 200 7360 "-" "Mozilla/5.0 (compatible; AhrefsBot/5.0; +http://ahrefs.com/robot/)"
141.8.147.12 - - [06/Oct/2013:03:23:17 +0200] "GET /lexikon.php?cs_go=3&cs_id=232 HTTP/1.1" 200 5574 "-" "Mozilla/5.0 (compatible; YandexBot/3.0; +http://yandex.com/bots)"
141.8.147.12 - - [06/Oct/2013:03:27:03 +0200] "GET /lexikon.php?cs_go=3&cs_id=143 HTTP/1.1" 200 6899 "-" "Mozilla/5.0 (compatible; YandexBot/3.0; +http://yandex.com/bots)"
141.8.147.12 - - [06/Oct/2013:03:27:47 +0200] "GET /lexikon.php?cs_go=3&cs_id=233 HTTP/1.1" 200 6601 "-" "Mozilla/5.0 (compatible; YandexBot/3.0; +http://yandex.com/bots)"
66.249.78.46 - - [06/Oct/2013:03:28:36 +0200] "GET /news.php?cs_go=archiv&cs_startpos=251 HTTP/1.1" 200 6187 "-" "Mozilla/5.0 (compatible; Googlebot/2.1; +http://www.google.com/bot.html)"
5.10.83.42 - - [06/Oct/2013:03:29:09 +0200] "GET /lexikon.php?cs_go=3&cs_id=140 HTTP/1.1" 200 6345 "-" "Mozilla/5.0 (compatible; AhrefsBot/5.0; +http://ahrefs.com/robot/)"
5.10.83.43 - - [06/Oct/2013:03:31:18 +0200] "GET /news.php?cs_go=archiv&cs_id=4400&cs_search= HTTP/1.1" 200 7570 "-" "Mozilla/5.0 (compatible; AhrefsBot/5.0; +http://ahrefs.com/robot/)"
141.8.147.12 - - [06/Oct/2013:03:31:43 +0200] "GET /lexikon.php?cs_go=3&cs_id=181 HTTP/1.1" 200 5594 "-" "Mozilla/5.0 (compatible; YandexBot/3.0; +http://yandex.com/bots)"
141.8.147.12 - - [06/Oct/2013:03:34:23 +0200] "GET /lexikon.php?cs_go=3&cs_id=124 HTTP/1.1" 200 6092 "-" "Mozilla/5.0 (compatible; YandexBot/3.0; +http://yandex.com/bots)"
141.8.147.12 - - [06/Oct/2013:03:35:29 +0200] "GET /lexikon.php?cs_go=3&cs_id=224 HTTP/1.1" 200 5877 "-" "Mozilla/5.0 (compatible; YandexBot/3.0; +http://yandex.com/bots)"
66.249.78.46 - - [06/Oct/2013:03:41:20 +0200] "GET /news.php?cs_go=archiv&cs_startpos=230 HTTP/1.1" 200 19986 "-" "SAMSUNG-SGH-E250/1.0 Profile/MIDP-2.0 Configuration/CLDC-1.1 UP.Browser/6.2.3.3.c.1.101 (GUI) MMP/2.0 (compatible; Googlebot-Mobile/2.1; +http://www.google.com/bot.html)"
208.115.111.75 - - [06/Oct/2013:03:44:06 +0200] "GET /robots.txt HTTP/1.1" 200 177 "-" "Mozilla/5.0 (compatible; Ezooms/1.0; ezooms.bot@gmail.com)"
5.10.83.71 - - [06/Oct/2013:03:46:08 +0200] "GET /news.php?cs_go=archiv&cs_id=4524&cs_search= HTTP/1.1" 200 11646 "-" "Mozilla/5.0 (compatible; AhrefsBot/5.0; +http://ahrefs.com/robot/)"
141.8.147.12 - - [06/Oct/2013:03:47:44 +0200] "GET /lexikon.php?cs_go=3&cs_id=182 HTTP/1.1" 200 6011 "-" "Mozilla/5.0 (compatible; YandexBot/3.0; +http://yandex.com/bots)"
5.10.83.71 - - [06/Oct/2013:03:54:37 +0200] "GET /lexikon.php?cs_go=3&cs_id=212 HTTP/1.1" 200 6144 "-" "Mozilla/5.0 (compatible; AhrefsBot/5.0; +http://ahrefs.com/robot/)"
141.8.147.12 - - [06/Oct/2013:04:02:06 +0200] "GET /lexikon.php?cs_go=3&cs_id=118 HTTP/1.1" 200 4228 "-" "Mozilla/5.0 (compatible; YandexBot/3.0; +http://yandex.com/bots)"
5.10.83.96 - - [06/Oct/2013:04:03:30 +0200] "GET /lexikon.php?cs_go=3&cs_id=145 HTTP/1.1" 200 6511 "-" "Mozilla/5.0 (compatible; AhrefsBot/5.0; +http://ahrefs.com/robot/)"
5.10.83.76 - - [06/Oct/2013:04:03:42 +0200] "GET /news.php?cs_go=archiv&cs_id=4501&cs_search= HTTP/1.1" 200 11667 "-" "Mozilla/5.0 (compatible; AhrefsBot/5.0; +http://ahrefs.com/robot/)"
141.8.147.12 - - [06/Oct/2013:04:04:38 +0200] "GET /lexikon.php?cs_go=3&cs_id=118 HTTP/1.1" 200 6105 "-" "Mozilla/5.0 (compatible; YandexBot/3.0; +http://yandex.com/bots)"
141.8.147.12 - - [06/Oct/2013:04:14:42 +0200] "GET /news.php?cs_go=archiv&cs_id=4608 HTTP/1.1" 200 11354 "-" "Mozilla/5.0 (compatible; YandexBot/3.0; +http://yandex.com/bots)"
66.249.78.46 - - [06/Oct/2013:04:22:32 +0200] "GET /images/logos.jpg?cache7275 HTTP/1.1" 200 35043 "-" "Googlebot-Image/1.0"
66.249.78.46 - - [06/Oct/2013:04:22:33 +0200] "GET /images/logos.jpg?cache8167 HTTP/1.1" 200 35043 "-" "Googlebot-Image/1.0"
66.249.78.46 - - [06/Oct/2013:04:23:45 +0200] "GET /images/logos.jpg?cache9788 HTTP/1.1" 200 35043 "-" "Googlebot-Image/1.0"
66.249.78.46 - - [06/Oct/2013:04:23:48 +0200] "GET /images/logos.jpg?cache5991 HTTP/1.1" 200 35043 "-" "Googlebot-Image/1.0"
66.249.78.46 - - [06/Oct/2013:04:23:59 +0200] "GET /images/logos.jpg?cache4122 HTTP/1.1" 200 35043 "-" "Googlebot-Image/1.0"
66.249.78.46 - - [06/Oct/2013:04:24:00 +0200] "GET /news.php?cs_go=archiv&cs_startpos=240 HTTP/1.1" 200 19574 "-" "Mozilla/5.0 (compatible; Googlebot/2.1; +http://www.google.com/bot.html)"
5.10.83.76 - - [06/Oct/2013:04:25:05 +0200] "GET /news.php?cs_go=archiv&cs_id=4451&cs_search= HTTP/1.1" 200 8043 "-" "Mozilla/5.0 (compatible; AhrefsBot/5.0; +http://ahrefs.com/robot/)"
66.249.78.46 - - [06/Oct/2013:04:26:35 +0200] "GET /images/logos.jpg?cache5471 HTTP/1.1" 200 35043 "-" "Googlebot-Image/1.0"
66.249.78.46 - - [06/Oct/2013:04:33:45 +0200] "GET /modul.css HTTP/1.1" 200 35038 "-" "Mozilla/5.0 (compatible; Googlebot/2.1; +http://www.google.com/bot.html)"
141.8.147.12 - - [06/Oct/2013:04:33:52 +0200] "GET /news.php HTTP/1.1" 200 20020 "-" "Mozilla/5.0 (compatible; YandexBot/3.0; +http://yandex.com/bots)"
5.10.83.69 - - [06/Oct/2013:04:37:49 +0200] "GET /lexikon.php?cs_go=3&cs_id=137 HTTP/1.1" 200 6927 "-" "Mozilla/5.0 (compatible; AhrefsBot/5.0; +http://ahrefs.com/robot/)"
5.10.83.43 - - [06/Oct/2013:04:38:25 +0200] "GET /lexikon.php?cs_go=3&cs_id=170 HTTP/1.1" 200 7025 "-" "Mozilla/5.0 (compatible; AhrefsBot/5.0; +http://ahrefs.com/robot/)"
5.10.83.70 - - [06/Oct/2013:04:54:48 +0200] "GET /news.php?cs_go=archiv&cs_id=4336&cs_search= HTTP/1.1" 200 10114 "-" "Mozilla/5.0 (compatible; AhrefsBot/5.0; +http://ahrefs.com/robot/)"
5.10.83.38 - - [06/Oct/2013:05:03:43 +0200] "GET /news.php?cs_go=archiv&cs_id=4608 HTTP/1.1" 200 11354 "-" "Mozilla/5.0 (compatible; AhrefsBot/5.0; +http://ahrefs.com/robot/)"
5.10.83.76 - - [06/Oct/2013:05:09:15 +0200] "GET /.php HTTP/1.1" 404 - "-" "Mozilla/5.0 (compatible; AhrefsBot/5.0; +http://ahrefs.com/robot/)"
66.249.78.46 - - [06/Oct/2013:05:09:34 +0200] "GET /images/logos.jpg?cache5573 HTTP/1.1" 200 35043 "-" "Googlebot-Image/1.0"
5.10.83.43 - - [06/Oct/2013:05:12:32 +0200] "GET /news.php?cs_go=archiv&cs_id=4540&cs_search= HTTP/1.1" 200 8337 "-" "Mozilla/5.0 (compatible; AhrefsBot/5.0; +http://ahrefs.com/robot/)"
5.10.83.96 - - [06/Oct/2013:05:22:57 +0200] "GET /news.php?cs_go=archiv&cs_id=4399&cs_search= HTTP/1.1" 200 11424 "-" "Mozilla/5.0 (compatible; AhrefsBot/5.0; +http://ahrefs.com/robot/)"
66.249.78.46 - - [06/Oct/2013:05:28:37 +0200] "GET /news.php?cs_go=archiv&cs_id=4427 HTTP/1.1" 200 7551 "-" "Mozilla/5.0 (compatible; Googlebot/2.1; +http://www.google.com/bot.html)"
208.115.111.75 - - [06/Oct/2013:05:36:13 +0200] "GET /news.php?cs_go=archiv&cs_id=4272&cs_search= HTTP/1.1" 200 9304 "-" "Mozilla/5.0 (compatible; Ezooms/1.0; ezooms.bot@gmail.com)"
5.10.83.75 - - [06/Oct/2013:05:38:04 +0200] "GET /news.php?cs_go=archiv&cs_id=4605&cs_search= HTTP/1.1" 200 7704 "-" "Mozilla/5.0 (compatible; AhrefsBot/5.0; +http://ahrefs.com/robot/)"
5.10.83.30 - - [06/Oct/2013:05:39:53 +0200] "GET /news.php?cs_go=archiv&cs_id=4504&cs_search= HTTP/1.1" 200 11806 "-" "Mozilla/5.0 (compatible; AhrefsBot/5.0; +http://ahrefs.com/robot/)"
208.115.113.91 - - [06/Oct/2013:05:46:00 +0200] "GET /robots.txt HTTP/1.1" 200 177 "-" "Mozilla/5.0 (compatible; Ezooms/1.0; ezooms.bot@gmail.com)"
123.125.71.29 - - [06/Oct/2013:05:50:12 +0200] "GET / HTTP/1.1" 200 6591 "-" "Mozilla/5.0 (compatible; Baiduspider/2.0; +http://www.baidu.com/search/spider.html)"
220.181.108.118 - - [06/Oct/2013:05:50:25 +0200] "GET / HTTP/1.1" 200 6591 "-" "Mozilla/5.0 (compatible; Baiduspider/2.0; +http://www.baidu.com/search/spider.html)"
5.10.83.75 - - [06/Oct/2013:05:53:08 +0200] "GET /lexikon.php?cs_go=3&cs_id=94 HTTP/1.1" 200 6079 "-" "Mozilla/5.0 (compatible; AhrefsBot/5.0; +http://ahrefs.com/robot/)"
5.10.83.9 - - [06/Oct/2013:05:54:50 +0200] "GET /lexikon.php?cs_go=3&cs_id=135 HTTP/1.1" 200 6798 "-" "Mozilla/5.0 (compatible; AhrefsBot/5.0; +http://ahrefs.com/robot/)"
66.249.78.46 - - [06/Oct/2013:05:57:17 +0200] "GET /images/logos.jpg?cache7775 HTTP/1.1" 200 35043 "-" "Googlebot-Image/1.0"
176.9.138.27 - - [06/Oct/2013:05:58:32 +0200] "GET /robots.txt HTTP/1.1" 200 177 "-" "Mozilla/5.0 (compatible; Spiderlytics/1.0; +spider@spiderlytics.com)"
176.9.138.27 - - [06/Oct/2013:05:58:32 +0200] "GET /.php HTTP/1.1" 404 - "-" "Mozilla/5.0 (compatible; Spiderlytics/1.0; +spider@spiderlytics.com)"
5.10.83.70 - - [06/Oct/2013:05:58:43 +0200] "GET /news.php?cs_go=archiv&cs_id=4411&cs_search= HTTP/1.1" 200 11500 "-" "Mozilla/5.0 (compatible; AhrefsBot/5.0; +http://ahrefs.com/robot/)"
66.249.78.46 - - [06/Oct/2013:06:24:01 +0200] "GET /news.php?cs_go=archiv&cs_id=4228&cs_search= HTTP/1.1" 200 10014 "-" "Mozilla/5.0 (compatible; Googlebot/2.1; +http://www.google.com/bot.html)"
5.10.83.42 - - [06/Oct/2013:06:41:44 +0200] "GET /news.php?cs_go=archiv&cs_id=4578&cs_search= HTTP/1.1" 200 9877 "-" "Mozilla/5.0 (compatible; AhrefsBot/5.0; +http://ahrefs.com/robot/)"
5.10.83.76 - - [06/Oct/2013:06:42:10 +0200] "GET /lexikon.php?cs_go=3&cs_id=113 HTTP/1.1" 200 5777 "-" "Mozilla/5.0 (compatible; AhrefsBot/5.0; +http://ahrefs.com/robot/)"
66.249.78.46 - - [06/Oct/2013:06:44:59 +0200] "GET /images/logos.jpg?cache5213 HTTP/1.1" 200 35043 "-" "Googlebot-Image/1.0"
5.10.83.43 - - [06/Oct/2013:06:55:27 +0200] "GET /news.php?cs_go=archiv&cs_id=4367&cs_search= HTTP/1.1" 200 11576 "-" "Mozilla/5.0 (compatible; AhrefsBot/5.0; +http://ahrefs.com/robot/)"
5.10.83.9 - - [06/Oct/2013:06:58:33 +0200] "GET /lexikon.php?cs_go=3&cs_id=198 HTTP/1.1" 200 6623 "-" "Mozilla/5.0 (compatible; AhrefsBot/5.0; +http://ahrefs.com/robot/)"
5.10.83.42 - - [06/Oct/2013:07:14:43 +0200] "GET /news.php HTTP/1.1" 200 20020 "-" "Mozilla/5.0 (compatible; AhrefsBot/5.0; +http://ahrefs.com/robot/)"
5.10.83.9 - - [06/Oct/2013:07:16:07 +0200] "GET /news.php?cs_go=archiv&cs_id=4441&cs_search= HTTP/1.1" 200 7705 "-" "Mozilla/5.0 (compatible; AhrefsBot/5.0; +http://ahrefs.com/robot/)"
66.249.78.46 - - [06/Oct/2013:07:24:01 +0200] "GET /news.php?cs_go=archiv&cs_id=3735&cs_search= HTTP/1.1" 200 9811 "-" "Mozilla/5.0 (compatible; Googlebot/2.1; +http://www.google.com/bot.html)"
66.249.78.46 - - [06/Oct/2013:07:24:36 +0200] "GET /news.php?cs_go=archiv&cs_startpos=70 HTTP/1.1" 200 20447 "-" "Mozilla/5.0 (iPhone; U; CPU iPhone OS 4_1 like Mac OS X; en-us) AppleWebKit/532.9 (KHTML, like Gecko) Version/4.0.5 Mobile/8B117 Safari/6531.22.7 (compatible; Googlebot-Mobile/2.1; +http://www.google.com/bot.html)"
5.10.83.38 - - [06/Oct/2013:07:26:06 +0200] "GET /news.php?cs_go=archiv&cs_id=4599&cs_search= HTTP/1.1" 200 7546 "-" "Mozilla/5.0 (compatible; AhrefsBot/5.0; +http://ahrefs.com/robot/)"
117.26.195.194 - - [06/Oct/2013:07:31:52 +0200] "GET /news.php?cs_go=archiv&cs_id=4112&cs_search= HTTP/1.0" 200 9472 "http://www.mink-gmbh.de/news.php?cs_go=archiv&cs_id=4112&cs_search=" "Mozilla/5.0 (Windows NT 6.1; WOW64) AppleWebKit/537.4 (KHTML, like Gecko) Chrome/22.0.1229.94 Safari/537.4"
5.10.83.70 - - [06/Oct/2013:07:34:01 +0200] "GET /news.php?cs_go=archiv&cs_id=4560&cs_search= HTTP/1.1" 200 9078 "-" "Mozilla/5.0 (compatible; AhrefsBot/5.0; +http://ahrefs.com/robot/)"
5.10.83.76 - - [06/Oct/2013:07:38:12 +0200] "GET /lexikon.php?cs_go=2&cs_char=b HTTP/1.1" 200 7331 "-" "Mozilla/5.0 (compatible; AhrefsBot/5.0; +http://ahrefs.com/robot/)"
5.10.83.42 - - [06/Oct/2013:07:41:51 +0200] "GET /news.php?cs_go=archiv&cs_startpos=260 HTTP/1.1" 200 6095 "-" "Mozilla/5.0 (compatible; AhrefsBot/5.0; +http://ahrefs.com/robot/)"
208.115.111.75 - - [06/Oct/2013:07:45:32 +0200] "GET /robots.txt HTTP/1.1" 200 177 "-" "Mozilla/5.0 (compatible; Ezooms/1.0; ezooms.bot@gmail.com)"
208.115.113.91 - - [06/Oct/2013:07:48:07 +0200] "GET /news.php?cs_go=archiv&cs_id=4422&cs_search= HTTP/1.1" 200 7966 "-" "Mozilla/5.0 (compatible; Ezooms/1.0; ezooms.bot@gmail.com)"
208.115.113.91 - - [06/Oct/2013:07:48:10 +0200] "GET /news.php?cs_go=archiv&cs_startpos=30 HTTP/1.1" 200 20483 "-" "Mozilla/5.0 (compatible; Ezooms/1.0; ezooms.bot@gmail.com)"
144.76.95.232 - - [06/Oct/2013:07:48:24 +0200] "GET /robots.txt HTTP/1.0" 200 177 "-" "Mozilla/5.0 (compatible; MJ12bot/v1.4.4; http://www.majestic12.co.uk/bot.php?+)"
144.76.95.232 - - [06/Oct/2013:07:48:32 +0200] "GET /news.php?cs_go=archiv&cs_id=4074 HTTP/1.0" 200 11107 "-" "Mozilla/5.0 (compatible; MJ12bot/v1.4.4; http://www.majestic12.co.uk/bot.php?+)"
144.76.95.232 - - [06/Oct/2013:07:48:39 +0200] "GET /news.php?cs_go=archiv&cs_id=4076 HTTP/1.0" 200 9387 "-" "Mozilla/5.0 (compatible; MJ12bot/v1.4.4; http://www.majestic12.co.uk/bot.php?+)"
144.76.95.232 - - [06/Oct/2013:07:48:43 +0200] "GET /news.php?cs_go=archiv&cs_id=4081 HTTP/1.0" 200 7518 "-" "Mozilla/5.0 (compatible; MJ12bot/v1.4.4; http://www.majestic12.co.uk/bot.php?+)"
144.76.95.232 - - [06/Oct/2013:07:48:45 +0200] "GET /news.php?cs_go=archiv&cs_id=4082 HTTP/1.0" 200 9453 "-" "Mozilla/5.0 (compatible; MJ12bot/v1.4.4; http://www.majestic12.co.uk/bot.php?+)"
144.76.95.232 - - [06/Oct/2013:07:48:59 +0200] "GET /news.php?cs_go=archiv&cs_id=4083 HTTP/1.0" 200 10716 "-" "Mozilla/5.0 (compatible; MJ12bot/v1.4.4; http://www.majestic12.co.uk/bot.php?+)"
144.76.95.232 - - [06/Oct/2013:07:49:12 +0200] "GET /news.php?cs_go=archiv&cs_id=4086 HTTP/1.0" 200 7940 "-" "Mozilla/5.0 (compatible; MJ12bot/v1.4.4; http://www.majestic12.co.uk/bot.php?+)"
144.76.95.232 - - [06/Oct/2013:07:50:01 +0200] "GET /news.php?cs_go=archiv&cs_id=4087 HTTP/1.0" 200 11481 "-" "Mozilla/5.0 (compatible; MJ12bot/v1.4.4; http://www.majestic12.co.uk/bot.php?+)"
144.76.95.232 - - [06/Oct/2013:07:50:12 +0200] "GET /news.php?cs_go=archiv&cs_id=4093 HTTP/1.0" 200 12815 "-" "Mozilla/5.0 (compatible; MJ12bot/v1.4.4; http://www.majestic12.co.uk/bot.php?+)"
144.76.95.232 - - [06/Oct/2013:07:50:16 +0200] "GET /news.php?cs_go=archiv&cs_id=4100 HTTP/1.0" 200 7985 "-" "Mozilla/5.0 (compatible; MJ12bot/v1.4.4; http://www.majestic12.co.uk/bot.php?+)"
144.76.95.232 - - [06/Oct/2013:07:50:21 +0200] "GET /news.php?cs_go=archiv&cs_id=4102 HTTP/1.0" 200 11549 "-" "Mozilla/5.0 (compatible; MJ12bot/v1.4.4; http://www.majestic12.co.uk/bot.php?+)"
5.10.83.71 - - [06/Oct/2013:08:00:39 +0200] "GET /lexikon.php?cs_go=3&cs_id=110 HTTP/1.1" 200 6302 "-" "Mozilla/5.0 (compatible; AhrefsBot/5.0; +http://ahrefs.com/robot/)"
65.36.241.79 - - [06/Oct/2013:08:05:59 +0200] "HEAD / HTTP/1.1" 200 - "-" "InternetSeer.com"
141.8.147.12 - - [06/Oct/2013:08:14:40 +0200] "GET /lexikon.php?cs_go=3&cs_id=199 HTTP/1.1" 200 5592 "-" "Mozilla/5.0 (compatible; YandexBot/3.0; +http://yandex.com/bots)"
5.10.83.75 - - [06/Oct/2013:08:15:46 +0200] "GET /energiesparcheck.php HTTP/1.1" 200 11181 "-" "Mozilla/5.0 (compatible; AhrefsBot/5.0; +http://ahrefs.com/robot/)"
66.249.78.46 - - [06/Oct/2013:08:19:25 +0200] "GET /robots.txt HTTP/1.1" 200 177 "-" "Mozilla/5.0 (compatible; Googlebot/2.1; +http://www.google.com/bot.html)"
66.249.78.46 - - [06/Oct/2013:08:19:25 +0200] "GET /lexikon.php?cs_go=2&cs_char=s HTTP/1.1" 200 7669 "-" "Mozilla/5.0 (compatible; Googlebot/2.1; +http://www.google.com/bot.html)"
141.8.147.12 - - [06/Oct/2013:08:32:36 +0200] "GET /lexikon.php?cs_go=3&cs_id=204 HTTP/1.1" 200 5605 "-" "Mozilla/5.0 (compatible; YandexBot/3.0; +http://yandex.com/bots)"
176.9.138.27 - - [06/Oct/2013:08:32:43 +0200] "GET /robots.txt HTTP/1.1" 200 177 "-" "Mozilla/5.0 (compatible; Spiderlytics/1.0; +spider@spiderlytics.com)"
176.9.138.27 - - [06/Oct/2013:08:32:44 +0200] "GET /news.php?cs_go=archiv&cs_startpos=841 HTTP/1.1" 200 5727 "-" "Mozilla/5.0 (compatible; Spiderlytics/1.0; +spider@spiderlytics.com)"
141.8.147.12 - - [06/Oct/2013:08:57:01 +0200] "GET /lexikon.php?cs_go=3&cs_id=218 HTTP/1.1" 200 5615 "-" "Mozilla/5.0 (compatible; YandexBot/3.0; +http://yandex.com/bots)"
66.249.78.46 - - [06/Oct/2013:09:05:26 +0200] "GET /news.php?cs_go=archiv&cs_id=4605 HTTP/1.1" 200 7704 "-" "Mozilla/5.0 (iPhone; U; CPU iPhone OS 4_1 like Mac OS X; en-us) AppleWebKit/532.9 (KHTML, like Gecko) Version/4.0.5 Mobile/8B117 Safari/6531.22.7 (compatible; Googlebot-Mobile/2.1; +http://www.google.com/bot.html)"
141.8.147.12 - - [06/Oct/2013:09:30:27 +0200] "GET /lexikon.php?cs_go=3&cs_id=219 HTTP/1.1" 200 5594 "-" "Mozilla/5.0 (compatible; YandexBot/3.0; +http://yandex.com/bots)"
66.249.78.46 - - [06/Oct/2013:09:37:53 +0200] "GET /news.php?cs_go=archiv&cs_id=4138 HTTP/1.1" 200 8546 "-" "Mozilla/5.0 (compatible; Googlebot/2.1; +http://www.google.com/bot.html)"
208.115.111.75 - - [06/Oct/2013:09:38:12 +0200] "GET /news.php?cs_go=archiv&cs_id=4504&cs_search= HTTP/1.1" 200 11806 "-" "Mozilla/5.0 (compatible; Ezooms/1.0; ezooms.bot@gmail.com)"
46.235.12.157 - - [06/Oct/2013:09:43:15 +0200] "GET / HTTP/1.1" 200 12417 "-" "Mozilla/5.0 (Windows; U; Windows NT 5.1; en-US; rv:1.8.1.6) Gecko/20070725 Firefox/2.0.0.6 Ara.com.tr AraBot 1.0"
46.235.12.157 - - [06/Oct/2013:09:43:18 +0200] "GET /robots.txt HTTP/1.1" 200 177 "-" "Mozilla/5.0 (Windows; U; Windows NT 5.1; en-US; rv:1.8.1.6) Gecko/20070725 Firefox/2.0.0.6 Ara.com.tr AraBot 1.0"
46.235.12.157 - - [06/Oct/2013:09:43:20 +0200] "GET /favicon.ico HTTP/1.1" 200 3638 "http://www.mink-gmbh.de/" "Mozilla/5.0 (Windows; U; Windows NT 5.1; en-US; rv:1.8.1.6) Gecko/20070725 Firefox/2.0.0.6 Ara.com.tr AraBot 1.0"
46.235.12.157 - - [06/Oct/2013:09:43:21 +0200] "GET /images/close.png HTTP/1.1" 200 703 "http://www.mink-gmbh.de/" "Mozilla/5.0 (Windows; U; Windows NT 5.1; en-US; rv:1.8.1.6) Gecko/20070725 Firefox/2.0.0.6 Ara.com.tr AraBot 1.0"
46.235.12.157 - - [06/Oct/2013:09:43:23 +0200] "GET /images/newsletter_bg.jpg HTTP/1.1" 200 33610 "http://www.mink-gmbh.de/" "Mozilla/5.0 (Windows; U; Windows NT 5.1; en-US; rv:1.8.1.6) Gecko/20070725 Firefox/2.0.0.6 Ara.com.tr AraBot 1.0"
46.235.12.157 - - [06/Oct/2013:09:43:26 +0200] "GET /newsletter.php HTTP/1.1" 200 6529 "http://www.mink-gmbh.de/" "Mozilla/5.0 (Windows; U; Windows NT 5.1; en-US; rv:1.8.1.6) Gecko/20070725 Firefox/2.0.0.6 Ara.com.tr AraBot 1.0"
46.235.12.157 - - [06/Oct/2013:09:43:28 +0200] "GET /index.php HTTP/1.1" 200 11677 "http://www.mink-gmbh.de/" "Mozilla/5.0 (Windows; U; Windows NT 5.1; en-US; rv:1.8.1.6) Gecko/20070725 Firefox/2.0.0.6 Ara.com.tr AraBot 1.0"
46.235.12.157 - - [06/Oct/2013:09:43:30 +0200] "GET /standard.php HTTP/1.1" 200 6807 "http://www.mink-gmbh.de/" "Mozilla/5.0 (Windows; U; Windows NT 5.1; en-US; rv:1.8.1.6) Gecko/20070725 Firefox/2.0.0.6 Ara.com.tr AraBot 1.0"
46.235.12.157 - - [06/Oct/2013:09:43:33 +0200] "GET /wunschpreis.php HTTP/1.1" 200 10292 "http://www.mink-gmbh.de/" "Mozilla/5.0 (Windows; U; Windows NT 5.1; en-US; rv:1.8.1.6) Gecko/20070725 Firefox/2.0.0.6 Ara.com.tr AraBot 1.0"
46.235.12.157 - - [06/Oct/2013:09:43:35 +0200] "GET /preisanfrage.php HTTP/1.1" 200 8557 "http://www.mink-gmbh.de/" "Mozilla/5.0 (Windows; U; Windows NT 5.1; en-US; rv:1.8.1.6) Gecko/20070725 Firefox/2.0.0.6 Ara.com.tr AraBot 1.0"
46.235.12.157 - - [06/Oct/2013:09:43:38 +0200] "GET /news.php HTTP/1.1" 200 20020 "http://www.mink-gmbh.de/" "Mozilla/5.0 (Windows; U; Windows NT 5.1; en-US; rv:1.8.1.6) Gecko/20070725 Firefox/2.0.0.6 Ara.com.tr AraBot 1.0"
46.235.12.157 - - [06/Oct/2013:09:43:40 +0200] "GET /kontakt.php HTTP/1.1" 200 7021 "http://www.mink-gmbh.de/" "Mozilla/5.0 (Windows; U; Windows NT 5.1; en-US; rv:1.8.1.6) Gecko/20070725 Firefox/2.0.0.6 Ara.com.tr AraBot 1.0"
46.235.12.157 - - [06/Oct/2013:09:43:42 +0200] "GET /jobs.php HTTP/1.1" 200 5020 "http://www.mink-gmbh.de/" "Mozilla/5.0 (Windows; U; Windows NT 5.1; en-US; rv:1.8.1.6) Gecko/20070725 Firefox/2.0.0.6 Ara.com.tr AraBot 1.0"
46.235.12.157 - - [06/Oct/2013:09:43:44 +0200] "GET /impressum.php HTTP/1.1" 200 6360 "http://www.mink-gmbh.de/" "Mozilla/5.0 (Windows; U; Windows NT 5.1; en-US; rv:1.8.1.6) Gecko/20070725 Firefox/2.0.0.6 Ara.com.tr AraBot 1.0"
46.235.12.157 - - [06/Oct/2013:09:43:46 +0200] "GET /news.php?cs_go=archiv&cs_id=4603 HTTP/1.1" 200 10007 "http://www.mink-gmbh.de/" "Mozilla/5.0 (Windows; U; Windows NT 5.1; en-US; rv:1.8.1.6) Gecko/20070725 Firefox/2.0.0.6 Ara.com.tr AraBot 1.0"
46.235.12.157 - - [06/Oct/2013:09:43:49 +0200] "GET /news.php?cs_go=archiv&cs_id=4609 HTTP/1.1" 200 13932 "http://www.mink-gmbh.de/" "Mozilla/5.0 (Windows; U; Windows NT 5.1; en-US; rv:1.8.1.6) Gecko/20070725 Firefox/2.0.0.6 Ara.com.tr AraBot 1.0"
46.235.12.157 - - [06/Oct/2013:09:43:50 +0200] "GET /news.php?cs_go=archiv&cs_id=4608 HTTP/1.1" 200 11354 "http://www.mink-gmbh.de/" "Mozilla/5.0 (Windows; U; Windows NT 5.1; en-US; rv:1.8.1.6) Gecko/20070725 Firefox/2.0.0.6 Ara.com.tr AraBot 1.0"
46.235.12.157 - - [06/Oct/2013:09:43:52 +0200] "GET /news.php?cs_go=archiv&cs_id=4602 HTTP/1.1" 200 8005 "http://www.mink-gmbh.de/" "Mozilla/5.0 (Windows; U; Windows NT 5.1; en-US; rv:1.8.1.6) Gecko/20070725 Firefox/2.0.0.6 Ara.com.tr AraBot 1.0"
46.235.12.157 - - [06/Oct/2013:09:43:54 +0200] "GET /news.php?cs_go=archiv HTTP/1.1" 200 20020 "http://www.mink-gmbh.de/" "Mozilla/5.0 (Windows; U; Windows NT 5.1; en-US; rv:1.8.1.6) Gecko/20070725 Firefox/2.0.0.6 Ara.com.tr AraBot 1.0"
46.235.12.157 - - [06/Oct/2013:09:43:58 +0200] "GET /images/tkw.jpg HTTP/1.1" 200 64031 "http://www.mink-gmbh.de/" "Mozilla/5.0 (Windows; U; Windows NT 5.1; en-US; rv:1.8.1.6) Gecko/20070725 Firefox/2.0.0.6 Ara.com.tr AraBot 1.0"
46.235.12.157 - - [06/Oct/2013:09:44:00 +0200] "GET /images/team-energie.png HTTP/1.1" 200 17383 "http://www.mink-gmbh.de/" "Mozilla/5.0 (Windows; U; Windows NT 5.1; en-US; rv:1.8.1.6) Gecko/20070725 Firefox/2.0.0.6 Ara.com.tr AraBot 1.0"
46.235.12.157 - - [06/Oct/2013:09:44:02 +0200] "GET /rueckrufservice.php HTTP/1.1" 200 8337 "http://www.mink-gmbh.de/" "Mozilla/5.0 (Windows; U; Windows NT 5.1; en-US; rv:1.8.1.6) Gecko/20070725 Firefox/2.0.0.6 Ara.com.tr AraBot 1.0"
46.235.12.157 - - [06/Oct/2013:09:44:04 +0200] "GET /images/freecall.jpg HTTP/1.1" 200 39195 "http://www.mink-gmbh.de/" "Mozilla/5.0 (Windows; U; Windows NT 5.1; en-US; rv:1.8.1.6) Gecko/20070725 Firefox/2.0.0.6 Ara.com.tr AraBot 1.0"
46.235.12.157 - - [06/Oct/2013:09:44:06 +0200] "GET /images/mail.jpg HTTP/1.1" 200 11165 "http://www.mink-gmbh.de/" "Mozilla/5.0 (Windows; U; Windows NT 5.1; en-US; rv:1.8.1.6) Gecko/20070725 Firefox/2.0.0.6 Ara.com.tr AraBot 1.0"
46.235.12.157 - - [06/Oct/2013:09:44:08 +0200] "GET /kwk.php HTTP/1.1" 200 8484 "http://www.mink-gmbh.de/" "Mozilla/5.0 (Windows; U; Windows NT 5.1; en-US; rv:1.8.1.6) Gecko/20070725 Firefox/2.0.0.6 Ara.com.tr AraBot 1.0"
46.235.12.157 - - [06/Oct/2013:09:44:11 +0200] "GET /images/kwk.gif HTTP/1.1" 200 6403 "http://www.mink-gmbh.de/" "Mozilla/5.0 (Windows; U; Windows NT 5.1; en-US; rv:1.8.1.6) Gecko/20070725 Firefox/2.0.0.6 Ara.com.tr AraBot 1.0"
46.235.12.157 - - [06/Oct/2013:09:44:12 +0200] "GET /images/wunschpreis.jpg HTTP/1.1" 200 16767 "http://www.mink-gmbh.de/" "Mozilla/5.0 (Windows; U; Windows NT 5.1; en-US; rv:1.8.1.6) Gecko/20070725 Firefox/2.0.0.6 Ara.com.tr AraBot 1.0"
46.235.12.157 - - [06/Oct/2013:09:44:15 +0200] "GET /images/logos.jpg?cache8315 HTTP/1.1" 200 35043 "http://www.mink-gmbh.de/" "Mozilla/5.0 (Windows; U; Windows NT 5.1; en-US; rv:1.8.1.6) Gecko/20070725 Firefox/2.0.0.6 Ara.com.tr AraBot 1.0"
46.235.12.157 - - [06/Oct/2013:09:44:18 +0200] "GET /images/RAL_Guetezeichen_Energiehandel.pdf HTTP/1.1" 200 288367 "http://www.mink-gmbh.de/" "Mozilla/5.0 (Windows; U; Windows NT 5.1; en-US; rv:1.8.1.6) Gecko/20070725 Firefox/2.0.0.6 Ara.com.tr AraBot 1.0"
46.235.12.157 - - [06/Oct/2013:09:44:20 +0200] "GET /schwefelarmstandard.php HTTP/1.1" 200 10767 "http://www.mink-gmbh.de/" "Mozilla/5.0 (Windows; U; Windows NT 5.1; en-US; rv:1.8.1.6) Gecko/20070725 Firefox/2.0.0.6 Ara.com.tr AraBot 1.0"
46.235.12.157 - - [06/Oct/2013:09:44:22 +0200] "GET /agb.php HTTP/1.1" 200 17598 "http://www.mink-gmbh.de/" "Mozilla/5.0 (Windows; U; Windows NT 5.1; en-US; rv:1.8.1.6) Gecko/20070725 Firefox/2.0.0.6 Ara.com.tr AraBot 1.0"
46.235.12.157 - - [06/Oct/2013:09:44:25 +0200] "GET /faq.php HTTP/1.1" 200 216868 "http://www.mink-gmbh.de/newsletter.php" "Mozilla/5.0 (Windows; U; Windows NT 5.1; en-US; rv:1.8.1.6) Gecko/20070725 Firefox/2.0.0.6 Ara.com.tr AraBot 1.0"
46.235.12.157 - - [06/Oct/2013:09:44:28 +0200] "GET /lexikon.php HTTP/1.1" 200 8152 "http://www.mink-gmbh.de/newsletter.php" "Mozilla/5.0 (Windows; U; Windows NT 5.1; en-US; rv:1.8.1.6) Gecko/20070725 Firefox/2.0.0.6 Ara.com.tr AraBot 1.0"
46.235.12.157 - - [06/Oct/2013:09:44:31 +0200] "GET /energiesparcheck.php HTTP/1.1" 200 11181 "http://www.mink-gmbh.de/newsletter.php" "Mozilla/5.0 (Windows; U; Windows NT 5.1; en-US; rv:1.8.1.6) Gecko/20070725 Firefox/2.0.0.6 Ara.com.tr AraBot 1.0"
46.235.12.157 - - [06/Oct/2013:09:44:33 +0200] "GET /foerdermittel.php HTTP/1.1" 200 10510 "http://www.mink-gmbh.de/newsletter.php" "Mozilla/5.0 (Windows; U; Windows NT 5.1; en-US; rv:1.8.1.6) Gecko/20070725 Firefox/2.0.0.6 Ara.com.tr AraBot 1.0"
46.235.12.157 - - [06/Oct/2013:09:44:35 +0200] "GET /modernisierung.php HTTP/1.1" 200 9289 "http://www.mink-gmbh.de/newsletter.php" "Mozilla/5.0 (Windows; U; Windows NT 5.1; en-US; rv:1.8.1.6) Gecko/20070725 Firefox/2.0.0.6 Ara.com.tr AraBot 1.0"
46.235.12.157 - - [06/Oct/2013:09:44:38 +0200] "GET /edl.php HTTP/1.1" 200 8633 "http://www.mink-gmbh.de/newsletter.php" "Mozilla/5.0 (Windows; U; Windows NT 5.1; en-US; rv:1.8.1.6) Gecko/20070725 Firefox/2.0.0.6 Ara.com.tr AraBot 1.0"
46.235.12.157 - - [06/Oct/2013:09:44:41 +0200] "GET /images/logos.jpg?cache7900 HTTP/1.1" 200 35043 "http://www.mink-gmbh.de/newsletter.php" "Mozilla/5.0 (Windows; U; Windows NT 5.1; en-US; rv:1.8.1.6) Gecko/20070725 Firefox/2.0.0.6 Ara.com.tr AraBot 1.0"
46.235.12.157 - - [06/Oct/2013:09:44:44 +0200] "GET /images/logos.jpg?cache2109 HTTP/1.1" 200 35043 "http://www.mink-gmbh.de/index.php" "Mozilla/5.0 (Windows; U; Windows NT 5.1; en-US; rv:1.8.1.6) Gecko/20070725 Firefox/2.0.0.6 Ara.com.tr AraBot 1.0"
46.235.12.157 - - [06/Oct/2013:09:44:46 +0200] "GET /diesel.php HTTP/1.1" 200 8229 "http://www.mink-gmbh.de/standard.php" "Mozilla/5.0 (Windows; U; Windows NT 5.1; en-US; rv:1.8.1.6) Gecko/20070725 Firefox/2.0.0.6 Ara.com.tr AraBot 1.0"
46.235.12.157 - - [06/Oct/2013:09:44:47 +0200] "GET /additive.php HTTP/1.1" 200 5974 "http://www.mink-gmbh.de/standard.php" "Mozilla/5.0 (Windows; U; Windows NT 5.1; en-US; rv:1.8.1.6) Gecko/20070725 Firefox/2.0.0.6 Ara.com.tr AraBot 1.0"
46.235.12.157 - - [06/Oct/2013:09:44:49 +0200] "GET /images/logos.jpg?cache8359 HTTP/1.1" 200 35043 "http://www.mink-gmbh.de/standard.php" "Mozilla/5.0 (Windows; U; Windows NT 5.1; en-US; rv:1.8.1.6) Gecko/20070725 Firefox/2.0.0.6 Ara.com.tr AraBot 1.0"
46.235.12.157 - - [06/Oct/2013:09:44:51 +0200] "GET /images/logos.jpg?cache8747 HTTP/1.1" 200 35043 "http://www.mink-gmbh.de/wunschpreis.php" "Mozilla/5.0 (Windows; U; Windows NT 5.1; en-US; rv:1.8.1.6) Gecko/20070725 Firefox/2.0.0.6 Ara.com.tr AraBot 1.0"
46.235.12.157 - - [06/Oct/2013:09:44:53 +0200] "GET /images/logos.jpg?cache1260 HTTP/1.1" 200 35043 "http://www.mink-gmbh.de/preisanfrage.php" "Mozilla/5.0 (Windows; U; Windows NT 5.1; en-US; rv:1.8.1.6) Gecko/20070725 Firefox/2.0.0.6 Ara.com.tr AraBot 1.0"
46.235.12.157 - - [06/Oct/2013:09:44:55 +0200] "GET /news.php?cs_go=archiv&cs_id=4603&cs_search= HTTP/1.1" 200 10007 "http://www.mink-gmbh.de/news.php" "Mozilla/5.0 (Windows; U; Windows NT 5.1; en-US; rv:1.8.1.6) Gecko/20070725 Firefox/2.0.0.6 Ara.com.tr AraBot 1.0"
46.235.12.157 - - [06/Oct/2013:09:44:57 +0200] "GET /news.php?cs_go=archiv&cs_id=4609&cs_search= HTTP/1.1" 200 13932 "http://www.mink-gmbh.de/news.php" "Mozilla/5.0 (Windows; U; Windows NT 5.1; en-US; rv:1.8.1.6) Gecko/20070725 Firefox/2.0.0.6 Ara.com.tr AraBot 1.0"
46.235.12.157 - - [06/Oct/2013:09:45:01 +0200] "GET /news.php?cs_go=archiv&cs_id=4608&cs_search= HTTP/1.1" 200 11354 "http://www.mink-gmbh.de/news.php" "Mozilla/5.0 (Windows; U; Windows NT 5.1; en-US; rv:1.8.1.6) Gecko/20070725 Firefox/2.0.0.6 Ara.com.tr AraBot 1.0"
46.235.12.157 - - [06/Oct/2013:09:45:03 +0200] "GET /news.php?cs_go=archiv&cs_id=4602&cs_search= HTTP/1.1" 200 8005 "http://www.mink-gmbh.de/news.php" "Mozilla/5.0 (Windows; U; Windows NT 5.1; en-US; rv:1.8.1.6) Gecko/20070725 Firefox/2.0.0.6 Ara.com.tr AraBot 1.0"
46.235.12.157 - - [06/Oct/2013:09:45:06 +0200] "GET /news.php?cs_go=archiv&cs_id=4607&cs_search= HTTP/1.1" 200 7645 "http://www.mink-gmbh.de/news.php" "Mozilla/5.0 (Windows; U; Windows NT 5.1; en-US; rv:1.8.1.6) Gecko/20070725 Firefox/2.0.0.6 Ara.com.tr AraBot 1.0"
46.235.12.157 - - [06/Oct/2013:09:45:10 +0200] "GET /news.php?cs_go=archiv&cs_id=4606&cs_search= HTTP/1.1" 200 11630 "http://www.mink-gmbh.de/news.php" "Mozilla/5.0 (Windows; U; Windows NT 5.1; en-US; rv:1.8.1.6) Gecko/20070725 Firefox/2.0.0.6 Ara.com.tr AraBot 1.0"
46.235.12.157 - - [06/Oct/2013:09:45:13 +0200] "GET /news.php?cs_go=archiv&cs_id=4601&cs_search= HTTP/1.1" 200 7890 "http://www.mink-gmbh.de/news.php" "Mozilla/5.0 (Windows; U; Windows NT 5.1; en-US; rv:1.8.1.6) Gecko/20070725 Firefox/2.0.0.6 Ara.com.tr AraBot 1.0"
46.235.12.157 - - [06/Oct/2013:09:45:16 +0200] "GET /news.php?cs_go=archiv&cs_id=4605&cs_search= HTTP/1.1" 200 7704 "http://www.mink-gmbh.de/news.php" "Mozilla/5.0 (Windows; U; Windows NT 5.1; en-US; rv:1.8.1.6) Gecko/20070725 Firefox/2.0.0.6 Ara.com.tr AraBot 1.0"
46.235.12.157 - - [06/Oct/2013:09:45:18 +0200] "GET /news.php?cs_go=archiv&cs_id=4600&cs_search= HTTP/1.1" 200 11567 "http://www.mink-gmbh.de/news.php" "Mozilla/5.0 (Windows; U; Windows NT 5.1; en-US; rv:1.8.1.6) Gecko/20070725 Firefox/2.0.0.6 Ara.com.tr AraBot 1.0"
46.235.12.157 - - [06/Oct/2013:09:45:21 +0200] "GET /news.php?cs_go=archiv&cs_id=4597&cs_search= HTTP/1.1" 200 19819 "http://www.mink-gmbh.de/news.php" "Mozilla/5.0 (Windows; U; Windows NT 5.1; en-US; rv:1.8.1.6) Gecko/20070725 Firefox/2.0.0.6 Ara.com.tr AraBot 1.0"
46.235.12.157 - - [06/Oct/2013:09:45:23 +0200] "GET /news.php?cs_go=archiv&cs_startpos=0 HTTP/1.1" 200 20020 "http://www.mink-gmbh.de/news.php" "Mozilla/5.0 (Windows; U; Windows NT 5.1; en-US; rv:1.8.1.6) Gecko/20070725 Firefox/2.0.0.6 Ara.com.tr AraBot 1.0"
46.235.12.157 - - [06/Oct/2013:09:45:25 +0200] "GET /news.php?cs_go=archiv&cs_startpos=10 HTTP/1.1" 200 20438 "http://www.mink-gmbh.de/news.php" "Mozilla/5.0 (Windows; U; Windows NT 5.1; en-US; rv:1.8.1.6) Gecko/20070725 Firefox/2.0.0.6 Ara.com.tr AraBot 1.0"
46.235.12.157 - - [06/Oct/2013:09:45:28 +0200] "GET /news.php?cs_go=archiv&cs_startpos=20 HTTP/1.1" 200 20232 "http://www.mink-gmbh.de/news.php" "Mozilla/5.0 (Windows; U; Windows NT 5.1; en-US; rv:1.8.1.6) Gecko/20070725 Firefox/2.0.0.6 Ara.com.tr AraBot 1.0"
46.235.12.157 - - [06/Oct/2013:09:45:30 +0200] "GET /news.php?cs_go=archiv&cs_startpos=30 HTTP/1.1" 200 20483 "http://www.mink-gmbh.de/news.php" "Mozilla/5.0 (Windows; U; Windows NT 5.1; en-US; rv:1.8.1.6) Gecko/20070725 Firefox/2.0.0.6 Ara.com.tr AraBot 1.0"
46.235.12.157 - - [06/Oct/2013:09:45:33 +0200] "GET /news.php?cs_go=archiv&cs_startpos=40 HTTP/1.1" 200 20290 "http://www.mink-gmbh.de/news.php" "Mozilla/5.0 (Windows; U; Windows NT 5.1; en-US; rv:1.8.1.6) Gecko/20070725 Firefox/2.0.0.6 Ara.com.tr AraBot 1.0"
46.235.12.157 - - [06/Oct/2013:09:45:35 +0200] "GET /news.php?cs_go=archiv&cs_startpos=50 HTTP/1.1" 200 20493 "http://www.mink-gmbh.de/news.php" "Mozilla/5.0 (Windows; U; Windows NT 5.1; en-US; rv:1.8.1.6) Gecko/20070725 Firefox/2.0.0.6 Ara.com.tr AraBot 1.0"
46.235.12.157 - - [06/Oct/2013:09:45:38 +0200] "GET /news.php?cs_go=archiv&cs_startpos=240 HTTP/1.1" 200 18240 "http://www.mink-gmbh.de/news.php" "Mozilla/5.0 (Windows; U; Windows NT 5.1; en-US; rv:1.8.1.6) Gecko/20070725 Firefox/2.0.0.6 Ara.com.tr AraBot 1.0"
46.235.12.157 - - [06/Oct/2013:09:45:41 +0200] "GET /images/logos.jpg?cache2917 HTTP/1.1" 200 35043 "http://www.mink-gmbh.de/news.php" "Mozilla/5.0 (Windows; U; Windows NT 5.1; en-US; rv:1.8.1.6) Gecko/20070725 Firefox/2.0.0.6 Ara.com.tr AraBot 1.0"
46.235.12.157 - - [06/Oct/2013:09:45:44 +0200] "GET /images/logos.jpg?cache8742 HTTP/1.1" 200 35043 "http://www.mink-gmbh.de/kontakt.php" "Mozilla/5.0 (Windows; U; Windows NT 5.1; en-US; rv:1.8.1.6) Gecko/20070725 Firefox/2.0.0.6 Ara.com.tr AraBot 1.0"
46.235.12.157 - - [06/Oct/2013:09:45:46 +0200] "GET /images/logos.jpg?cache9572 HTTP/1.1" 200 35043 "http://www.mink-gmbh.de/jobs.php" "Mozilla/5.0 (Windows; U; Windows NT 5.1; en-US; rv:1.8.1.6) Gecko/20070725 Firefox/2.0.0.6 Ara.com.tr AraBot 1.0"
46.235.12.157 - - [06/Oct/2013:09:45:48 +0200] "GET /images/logos.jpg?cache9778 HTTP/1.1" 200 35043 "http://www.mink-gmbh.de/impressum.php" "Mozilla/5.0 (Windows; U; Windows NT 5.1; en-US; rv:1.8.1.6) Gecko/20070725 Firefox/2.0.0.6 Ara.com.tr AraBot 1.0"
46.235.12.157 - - [06/Oct/2013:09:45:51 +0200] "GET /images/logos.jpg?cache8050 HTTP/1.1" 200 35043 "http://www.mink-gmbh.de/news.php?cs_go=archiv&cs_id=4603" "Mozilla/5.0 (Windows; U; Windows NT 5.1; en-US; rv:1.8.1.6) Gecko/20070725 Firefox/2.0.0.6 Ara.com.tr AraBot 1.0"
46.235.12.157 - - [06/Oct/2013:09:45:53 +0200] "GET /images/logos.jpg?cache4081 HTTP/1.1" 200 35043 "http://www.mink-gmbh.de/news.php?cs_go=archiv&cs_id=4609" "Mozilla/5.0 (Windows; U; Windows NT 5.1; en-US; rv:1.8.1.6) Gecko/20070725 Firefox/2.0.0.6 Ara.com.tr AraBot 1.0"
46.235.12.157 - - [06/Oct/2013:09:45:56 +0200] "GET /images/logos.jpg?cache1822 HTTP/1.1" 200 35043 "http://www.mink-gmbh.de/news.php?cs_go=archiv&cs_id=4608" "Mozilla/5.0 (Windows; U; Windows NT 5.1; en-US; rv:1.8.1.6) Gecko/20070725 Firefox/2.0.0.6 Ara.com.tr AraBot 1.0"
46.235.12.157 - - [06/Oct/2013:09:45:59 +0200] "GET /images/logos.jpg?cache3959 HTTP/1.1" 200 35043 "http://www.mink-gmbh.de/news.php?cs_go=archiv&cs_id=4602" "Mozilla/5.0 (Windows; U; Windows NT 5.1; en-US; rv:1.8.1.6) Gecko/20070725 Firefox/2.0.0.6 Ara.com.tr AraBot 1.0"
46.235.12.157 - - [06/Oct/2013:09:46:01 +0200] "GET /images/logos.jpg?cache6973 HTTP/1.1" 200 35043 "http://www.mink-gmbh.de/news.php?cs_go=archiv" "Mozilla/5.0 (Windows; U; Windows NT 5.1; en-US; rv:1.8.1.6) Gecko/20070725 Firefox/2.0.0.6 Ara.com.tr AraBot 1.0"
46.235.12.157 - - [06/Oct/2013:09:46:04 +0200] "GET /images/logos.jpg?cache5001 HTTP/1.1" 200 35043 "http://www.mink-gmbh.de/rueckrufservice.php" "Mozilla/5.0 (Windows; U; Windows NT 5.1; en-US; rv:1.8.1.6) Gecko/20070725 Firefox/2.0.0.6 Ara.com.tr AraBot 1.0"
46.235.12.157 - - [06/Oct/2013:09:46:06 +0200] "GET /kwk.php?cs_go=1 HTTP/1.1" 200 8484 "http://www.mink-gmbh.de/kwk.php" "Mozilla/5.0 (Windows; U; Windows NT 5.1; en-US; rv:1.8.1.6) Gecko/20070725 Firefox/2.0.0.6 Ara.com.tr AraBot 1.0"
46.235.12.157 - - [06/Oct/2013:09:46:08 +0200] "GET /kwk.php?cs_go=2 HTTP/1.1" 200 9455 "http://www.mink-gmbh.de/kwk.php" "Mozilla/5.0 (Windows; U; Windows NT 5.1; en-US; rv:1.8.1.6) Gecko/20070725 Firefox/2.0.0.6 Ara.com.tr AraBot 1.0"
46.235.12.157 - - [06/Oct/2013:09:46:11 +0200] "GET /kwk.php?cs_go=3 HTTP/1.1" 200 7885 "http://www.mink-gmbh.de/kwk.php" "Mozilla/5.0 (Windows; U; Windows NT 5.1; en-US; rv:1.8.1.6) Gecko/20070725 Firefox/2.0.0.6 Ara.com.tr AraBot 1.0"
46.235.12.157 - - [06/Oct/2013:09:46:13 +0200] "GET /kwk.php?cs_go=4 HTTP/1.1" 200 7855 "http://www.mink-gmbh.de/kwk.php" "Mozilla/5.0 (Windows; U; Windows NT 5.1; en-US; rv:1.8.1.6) Gecko/20070725 Firefox/2.0.0.6 Ara.com.tr AraBot 1.0"
46.235.12.157 - - [06/Oct/2013:09:46:15 +0200] "GET /images/logos.jpg?cache9713 HTTP/1.1" 200 35043 "http://www.mink-gmbh.de/kwk.php" "Mozilla/5.0 (Windows; U; Windows NT 5.1; en-US; rv:1.8.1.6) Gecko/20070725 Firefox/2.0.0.6 Ara.com.tr AraBot 1.0"
46.235.12.157 - - [06/Oct/2013:09:46:17 +0200] "GET /images/logos.jpg?cache3095 HTTP/1.1" 200 35043 "http://www.mink-gmbh.de/schwefelarmstandard.php" "Mozilla/5.0 (Windows; U; Windows NT 5.1; en-US; rv:1.8.1.6) Gecko/20070725 Firefox/2.0.0.6 Ara.com.tr AraBot 1.0"
46.235.12.157 - - [06/Oct/2013:09:46:19 +0200] "GET /images/logos.jpg?cache6627 HTTP/1.1" 200 35043 "http://www.mink-gmbh.de/agb.php" "Mozilla/5.0 (Windows; U; Windows NT 5.1; en-US; rv:1.8.1.6) Gecko/20070725 Firefox/2.0.0.6 Ara.com.tr AraBot 1.0"
46.235.12.157 - - [06/Oct/2013:09:46:21 +0200] "GET /%22http://www.brennstoffboerse.de/index.php?go=fluessiggas_tank%22 HTTP/1.1" 404 - "http://www.mink-gmbh.de/faq.php" "Mozilla/5.0 (Windows; U; Windows NT 5.1; en-US; rv:1.8.1.6) Gecko/20070725 Firefox/2.0.0.6 Ara.com.tr AraBot 1.0"
46.235.12.157 - - [06/Oct/2013:09:46:23 +0200] "GET /%22http://www.brennstoffboerse.de/index.php?go=fluessiggas_pruefung%22 HTTP/1.1" 404 - "http://www.mink-gmbh.de/faq.php" "Mozilla/5.0 (Windows; U; Windows NT 5.1; en-US; rv:1.8.1.6) Gecko/20070725 Firefox/2.0.0.6 Ara.com.tr AraBot 1.0"
46.235.12.157 - - [06/Oct/2013:09:46:26 +0200] "GET /images/logos.jpg?cache2150 HTTP/1.1" 200 35043 "http://www.mink-gmbh.de/faq.php" "Mozilla/5.0 (Windows; U; Windows NT 5.1; en-US; rv:1.8.1.6) Gecko/20070725 Firefox/2.0.0.6 Ara.com.tr AraBot 1.0"
46.235.12.157 - - [06/Oct/2013:09:46:28 +0200] "GET /lexikon.php?cs_go=2&cs_char=a HTTP/1.1" 200 7404 "http://www.mink-gmbh.de/lexikon.php" "Mozilla/5.0 (Windows; U; Windows NT 5.1; en-US; rv:1.8.1.6) Gecko/20070725 Firefox/2.0.0.6 Ara.com.tr AraBot 1.0"
46.235.12.157 - - [06/Oct/2013:09:46:31 +0200] "GET /lexikon.php?cs_go=2&cs_char=b HTTP/1.1" 200 7331 "http://www.mink-gmbh.de/lexikon.php" "Mozilla/5.0 (Windows; U; Windows NT 5.1; en-US; rv:1.8.1.6) Gecko/20070725 Firefox/2.0.0.6 Ara.com.tr AraBot 1.0"
46.235.12.157 - - [06/Oct/2013:09:46:33 +0200] "GET /lexikon.php?cs_go=2&cs_char=c HTTP/1.1" 200 6437 "http://www.mink-gmbh.de/lexikon.php" "Mozilla/5.0 (Windows; U; Windows NT 5.1; en-US; rv:1.8.1.6) Gecko/20070725 Firefox/2.0.0.6 Ara.com.tr AraBot 1.0"
46.235.12.157 - - [06/Oct/2013:09:46:35 +0200] "GET /lexikon.php?cs_go=2&cs_char=d HTTP/1.1" 200 7022 "http://www.mink-gmbh.de/lexikon.php" "Mozilla/5.0 (Windows; U; Windows NT 5.1; en-US; rv:1.8.1.6) Gecko/20070725 Firefox/2.0.0.6 Ara.com.tr AraBot 1.0"
46.235.12.157 - - [06/Oct/2013:09:46:38 +0200] "GET /lexikon.php?cs_go=2&cs_char=e HTTP/1.1" 200 6680 "http://www.mink-gmbh.de/lexikon.php" "Mozilla/5.0 (Windows; U; Windows NT 5.1; en-US; rv:1.8.1.6) Gecko/20070725 Firefox/2.0.0.6 Ara.com.tr AraBot 1.0"
46.235.12.157 - - [06/Oct/2013:09:46:39 +0200] "GET /lexikon.php?cs_go=2&cs_char=f HTTP/1.1" 200 7196 "http://www.mink-gmbh.de/lexikon.php" "Mozilla/5.0 (Windows; U; Windows NT 5.1; en-US; rv:1.8.1.6) Gecko/20070725 Firefox/2.0.0.6 Ara.com.tr AraBot 1.0"
46.235.12.157 - - [06/Oct/2013:09:46:42 +0200] "GET /lexikon.php?cs_go=2&cs_char=g HTTP/1.1" 200 6727 "http://www.mink-gmbh.de/lexikon.php" "Mozilla/5.0 (Windows; U; Windows NT 5.1; en-US; rv:1.8.1.6) Gecko/20070725 Firefox/2.0.0.6 Ara.com.tr AraBot 1.0"
46.235.12.157 - - [06/Oct/2013:09:46:44 +0200] "GET /lexikon.php?cs_go=2&cs_char=h HTTP/1.1" 200 6401 "http://www.mink-gmbh.de/lexikon.php" "Mozilla/5.0 (Windows; U; Windows NT 5.1; en-US; rv:1.8.1.6) Gecko/20070725 Firefox/2.0.0.6 Ara.com.tr AraBot 1.0"
46.235.12.157 - - [06/Oct/2013:09:46:46 +0200] "GET /lexikon.php?cs_go=2&cs_char=i HTTP/1.1" 200 6003 "http://www.mink-gmbh.de/lexikon.php" "Mozilla/5.0 (Windows; U; Windows NT 5.1; en-US; rv:1.8.1.6) Gecko/20070725 Firefox/2.0.0.6 Ara.com.tr AraBot 1.0"
46.235.12.157 - - [06/Oct/2013:09:46:48 +0200] "GET /lexikon.php?cs_go=2&cs_char=j HTTP/1.1" 200 6211 "http://www.mink-gmbh.de/lexikon.php" "Mozilla/5.0 (Windows; U; Windows NT 5.1; en-US; rv:1.8.1.6) Gecko/20070725 Firefox/2.0.0.6 Ara.com.tr AraBot 1.0"
46.235.12.157 - - [06/Oct/2013:09:46:50 +0200] "GET /lexikon.php?cs_go=2&cs_char=k HTTP/1.1" 200 7480 "http://www.mink-gmbh.de/lexikon.php" "Mozilla/5.0 (Windows; U; Windows NT 5.1; en-US; rv:1.8.1.6) Gecko/20070725 Firefox/2.0.0.6 Ara.com.tr AraBot 1.0"
46.235.12.157 - - [06/Oct/2013:09:46:52 +0200] "GET /lexikon.php?cs_go=2&cs_char=l HTTP/1.1" 200 6374 "http://www.mink-gmbh.de/lexikon.php" "Mozilla/5.0 (Windows; U; Windows NT 5.1; en-US; rv:1.8.1.6) Gecko/20070725 Firefox/2.0.0.6 Ara.com.tr AraBot 1.0"
46.235.12.157 - - [06/Oct/2013:09:46:55 +0200] "GET /lexikon.php?cs_go=2&cs_char=m HTTP/1.1" 200 6674 "http://www.mink-gmbh.de/lexikon.php" "Mozilla/5.0 (Windows; U; Windows NT 5.1; en-US; rv:1.8.1.6) Gecko/20070725 Firefox/2.0.0.6 Ara.com.tr AraBot 1.0"
46.235.12.157 - - [06/Oct/2013:09:46:56 +0200] "GET /lexikon.php?cs_go=2&cs_char=n HTTP/1.1" 200 6179 "http://www.mink-gmbh.de/lexikon.php" "Mozilla/5.0 (Windows; U; Windows NT 5.1; en-US; rv:1.8.1.6) Gecko/20070725 Firefox/2.0.0.6 Ara.com.tr AraBot 1.0"
46.235.12.157 - - [06/Oct/2013:09:46:58 +0200] "GET /lexikon.php?cs_go=2&cs_char=o HTTP/1.1" 200 6862 "http://www.mink-gmbh.de/lexikon.php" "Mozilla/5.0 (Windows; U; Windows NT 5.1; en-US; rv:1.8.1.6) Gecko/20070725 Firefox/2.0.0.6 Ara.com.tr AraBot 1.0"
46.235.12.157 - - [06/Oct/2013:09:47:01 +0200] "GET /lexikon.php?cs_go=2&cs_char=p HTTP/1.1" 200 6767 "http://www.mink-gmbh.de/lexikon.php" "Mozilla/5.0 (Windows; U; Windows NT 5.1; en-US; rv:1.8.1.6) Gecko/20070725 Firefox/2.0.0.6 Ara.com.tr AraBot 1.0"
46.235.12.157 - - [06/Oct/2013:09:47:04 +0200] "GET /lexikon.php?cs_go=2&cs_char=q HTTP/1.1" 200 5763 "http://www.mink-gmbh.de/lexikon.php" "Mozilla/5.0 (Windows; U; Windows NT 5.1; en-US; rv:1.8.1.6) Gecko/20070725 Firefox/2.0.0.6 Ara.com.tr AraBot 1.0"
