5.10.83.105 - - [13/Oct/2013:16:12:05 +0200] "GET /news.php?cs_go=archiv&cs_id=4537&cs_search= HTTP/1.1" 200 11580 "-" "Mozilla/5.0 (compatible; AhrefsBot/5.0; +http://ahrefs.com/robot/)"
5.10.83.105 - - [13/Oct/2013:16:30:35 +0200] "GET /lexikon.php?cs_go=3&cs_id=90 HTTP/1.1" 200 7166 "-" "Mozilla/5.0 (compatible; AhrefsBot/5.0; +http://ahrefs.com/robot/)"
66.249.78.46 - - [13/Oct/2013:16:31:12 +0200] "GET /news.php HTTP/1.1" 200 19796 "-" "SAMSUNG-SGH-E250/1.0 Profile/MIDP-2.0 Configuration/CLDC-1.1 UP.Browser/6.2.3.3.c.1.101 (GUI) MMP/2.0 (compatible; Googlebot-Mobile/2.1; +http://www.google.com/bot.html)"
66.249.78.46 - - [13/Oct/2013:16:44:35 +0200] "GET /images/RAL_Guetezeichen_Energiehandel.pdf HTTP/1.1" 304 - "-" "Mozilla/5.0 (iPhone; U; CPU iPhone OS 4_1 like Mac OS X; en-us) AppleWebKit/532.9 (KHTML, like Gecko) Version/4.0.5 Mobile/8B117 Safari/6531.22.7 (compatible; Googlebot-Mobile/2.1; +http://www.google.com/bot.html)"
5.10.83.105 - - [13/Oct/2013:16:45:24 +0200] "GET /news.php?cs_go=archiv&cs_startpos=100 HTTP/1.1" 200 20168 "-" "Mozilla/5.0 (compatible; AhrefsBot/5.0; +http://ahrefs.com/robot/)"
5.10.83.105 - - [13/Oct/2013:16:52:53 +0200] "GET /news.php?cs_go=archiv&cs_id=4358&cs_search= HTTP/1.1" 200 7537 "-" "Mozilla/5.0 (compatible; AhrefsBot/5.0; +http://ahrefs.com/robot/)"
46.161.41.24 - - [13/Oct/2013:16:56:30 +0200] "GET /news.php?cs_go=archiv&cs_startpos=160 HTTP/1.1" 200 20610 "-" "Mozilla/4.0 (compatible; MSIE 6.0; MSIE 5.5; Windows 95) Opera 7.03 [de]"
5.10.83.64 - - [13/Oct/2013:17:03:51 +0200] "GET /news.php?cs_go=archiv&cs_id=4481&cs_search= HTTP/1.1" 200 9277 "-" "Mozilla/5.0 (compatible; AhrefsBot/5.0; +http://ahrefs.com/robot/)"
66.249.78.46 - - [13/Oct/2013:17:12:23 +0200] "GET /images/logos.jpg?cache8075 HTTP/1.1" 200 35043 "-" "Googlebot-Image/1.0"
66.249.78.46 - - [13/Oct/2013:17:12:32 +0200] "GET /images/logos.jpg?cache1932 HTTP/1.1" 200 35043 "-" "Googlebot-Image/1.0"
66.249.78.46 - - [13/Oct/2013:17:12:51 +0200] "GET /images/logos.jpg?cache7180 HTTP/1.1" 200 35043 "-" "Googlebot-Image/1.0"
5.10.83.41 - - [13/Oct/2013:17:13:36 +0200] "GET /news.php?cs_go=archiv&cs_id=4625&cs_search= HTTP/1.1" 200 7701 "-" "Mozilla/5.0 (compatible; AhrefsBot/5.0; +http://ahrefs.com/robot/)"
66.249.78.46 - - [13/Oct/2013:17:13:52 +0200] "GET /images/logos.jpg?cache7810 HTTP/1.1" 200 35043 "-" "Googlebot-Image/1.0"
66.249.78.46 - - [13/Oct/2013:17:14:32 +0200] "GET /images/logos.jpg?cache7152 HTTP/1.1" 200 35043 "-" "Googlebot-Image/1.0"
5.10.83.73 - - [13/Oct/2013:17:30:20 +0200] "GET /news.php?cs_go=archiv&cs_id=4612 HTTP/1.1" 200 8180 "-" "Mozilla/5.0 (compatible; AhrefsBot/5.0; +http://ahrefs.com/robot/)"
91.17.32.137 - - [13/Oct/2013:17:37:18 +0200] "GET /optiplus.php HTTP/1.1" 200 8676 "http://www.google.de/url?sa=t&rct=j&q=&esrc=s&frm=1&source=web&cd=2&ved=0CEYQFjAB&url=http%3A%2F%2Fwww.mink-gmbh.de%2Foptiplus.php&ei=Sr1aUouCKsmctQaYoYG4Cg&usg=AFQjCNEouGCMmLgK9iGVLaDNxyZZMZ_YPQ" "Mozilla/4.0 (compatible; MSIE 8.0; Windows NT 5.1; Trident/4.0; .NET CLR 2.0.50727; .NET CLR 3.0.4506.2152; .NET CLR 3.5.30729)"
91.17.32.137 - - [13/Oct/2013:17:37:19 +0200] "GET /style.css HTTP/1.1" 200 8402 "http://www.mink-gmbh.de/optiplus.php" "Mozilla/4.0 (compatible; MSIE 8.0; Windows NT 5.1; Trident/4.0; .NET CLR 2.0.50727; .NET CLR 3.0.4506.2152; .NET CLR 3.5.30729)"
91.17.32.137 - - [13/Oct/2013:17:37:19 +0200] "GET /modul.css HTTP/1.1" 200 35038 "http://www.mink-gmbh.de/optiplus.php" "Mozilla/4.0 (compatible; MSIE 8.0; Windows NT 5.1; Trident/4.0; .NET CLR 2.0.50727; .NET CLR 3.0.4506.2152; .NET CLR 3.5.30729)"
91.17.32.137 - - [13/Oct/2013:17:37:19 +0200] "GET /images/bg.png HTTP/1.1" 200 922 "http://www.mink-gmbh.de/optiplus.php" "Mozilla/4.0 (compatible; MSIE 8.0; Windows NT 5.1; Trident/4.0; .NET CLR 2.0.50727; .NET CLR 3.0.4506.2152; .NET CLR 3.5.30729)"
91.17.32.137 - - [13/Oct/2013:17:37:19 +0200] "GET /images/navibg.png HTTP/1.1" 200 2803 "http://www.mink-gmbh.de/optiplus.php" "Mozilla/4.0 (compatible; MSIE 8.0; Windows NT 5.1; Trident/4.0; .NET CLR 2.0.50727; .NET CLR 3.0.4506.2152; .NET CLR 3.5.30729)"
91.17.32.137 - - [13/Oct/2013:17:37:19 +0200] "GET /images/newsletter.png HTTP/1.1" 200 14619 "http://www.mink-gmbh.de/optiplus.php" "Mozilla/4.0 (compatible; MSIE 8.0; Windows NT 5.1; Trident/4.0; .NET CLR 2.0.50727; .NET CLR 3.0.4506.2152; .NET CLR 3.5.30729)"
91.17.32.137 - - [13/Oct/2013:17:37:19 +0200] "GET /images/kwk.gif HTTP/1.1" 200 6403 "http://www.mink-gmbh.de/optiplus.php" "Mozilla/4.0 (compatible; MSIE 8.0; Windows NT 5.1; Trident/4.0; .NET CLR 2.0.50727; .NET CLR 3.0.4506.2152; .NET CLR 3.5.30729)"
91.17.32.137 - - [13/Oct/2013:17:37:20 +0200] "GET /images/header.jpg HTTP/1.1" 200 25189 "http://www.mink-gmbh.de/optiplus.php" "Mozilla/4.0 (compatible; MSIE 8.0; Windows NT 5.1; Trident/4.0; .NET CLR 2.0.50727; .NET CLR 3.0.4506.2152; .NET CLR 3.5.30729)"
91.17.32.137 - - [13/Oct/2013:17:37:19 +0200] "GET /images/wrapperbg.jpg HTTP/1.1" 200 27465 "http://www.mink-gmbh.de/optiplus.php" "Mozilla/4.0 (compatible; MSIE 8.0; Windows NT 5.1; Trident/4.0; .NET CLR 2.0.50727; .NET CLR 3.0.4506.2152; .NET CLR 3.5.30729)"
91.17.32.137 - - [13/Oct/2013:17:37:19 +0200] "GET /images/logos.jpg?cache8886 HTTP/1.1" 200 35043 "http://www.mink-gmbh.de/optiplus.php" "Mozilla/4.0 (compatible; MSIE 8.0; Windows NT 5.1; Trident/4.0; .NET CLR 2.0.50727; .NET CLR 3.0.4506.2152; .NET CLR 3.5.30729)"
91.17.32.137 - - [13/Oct/2013:17:37:19 +0200] "GET /images/freecall.jpg HTTP/1.1" 200 39195 "http://www.mink-gmbh.de/optiplus.php" "Mozilla/4.0 (compatible; MSIE 8.0; Windows NT 5.1; Trident/4.0; .NET CLR 2.0.50727; .NET CLR 3.0.4506.2152; .NET CLR 3.5.30729)"
91.17.32.137 - - [13/Oct/2013:17:37:20 +0200] "GET /images/wunschpreis.jpg HTTP/1.1" 200 16767 "http://www.mink-gmbh.de/optiplus.php" "Mozilla/4.0 (compatible; MSIE 8.0; Windows NT 5.1; Trident/4.0; .NET CLR 2.0.50727; .NET CLR 3.0.4506.2152; .NET CLR 3.5.30729)"
91.17.32.137 - - [13/Oct/2013:17:37:22 +0200] "GET /images/Optiseite.jpg HTTP/1.1" 200 32107 "http://www.mink-gmbh.de/optiplus.php" "Mozilla/4.0 (compatible; MSIE 8.0; Windows NT 5.1; Trident/4.0; .NET CLR 2.0.50727; .NET CLR 3.0.4506.2152; .NET CLR 3.5.30729)"
91.17.32.137 - - [13/Oct/2013:17:37:22 +0200] "GET /images/footerbg.jpg HTTP/1.1" 200 2184 "http://www.mink-gmbh.de/optiplus.php" "Mozilla/4.0 (compatible; MSIE 8.0; Windows NT 5.1; Trident/4.0; .NET CLR 2.0.50727; .NET CLR 3.0.4506.2152; .NET CLR 3.5.30729)"
91.17.32.137 - - [13/Oct/2013:17:37:22 +0200] "GET /images/optiplus.jpg HTTP/1.1" 200 37436 "http://www.mink-gmbh.de/optiplus.php" "Mozilla/4.0 (compatible; MSIE 8.0; Windows NT 5.1; Trident/4.0; .NET CLR 2.0.50727; .NET CLR 3.0.4506.2152; .NET CLR 3.5.30729)"
91.17.32.137 - - [13/Oct/2013:17:37:23 +0200] "GET /favicon.ico HTTP/1.1" 200 3638 "-" "Mozilla/4.0 (compatible; MSIE 8.0; Windows NT 5.1; Trident/4.0; .NET CLR 2.0.50727; .NET CLR 3.0.4506.2152; .NET CLR 3.5.30729)"
91.17.32.137 - - [13/Oct/2013:17:37:47 +0200] "GET /preisanfrage.php HTTP/1.1" 200 8557 "http://www.mink-gmbh.de/optiplus.php" "Mozilla/4.0 (compatible; MSIE 8.0; Windows NT 5.1; Trident/4.0; .NET CLR 2.0.50727; .NET CLR 3.0.4506.2152; .NET CLR 3.5.30729)"
91.17.32.137 - - [13/Oct/2013:17:37:48 +0200] "GET /images/logos.jpg?cache8509 HTTP/1.1" 200 35043 "http://www.mink-gmbh.de/preisanfrage.php" "Mozilla/4.0 (compatible; MSIE 8.0; Windows NT 5.1; Trident/4.0; .NET CLR 2.0.50727; .NET CLR 3.0.4506.2152; .NET CLR 3.5.30729)"
91.17.32.137 - - [13/Oct/2013:17:38:15 +0200] "GET /wunschpreis.php HTTP/1.1" 200 10292 "http://www.mink-gmbh.de/preisanfrage.php" "Mozilla/4.0 (compatible; MSIE 8.0; Windows NT 5.1; Trident/4.0; .NET CLR 2.0.50727; .NET CLR 3.0.4506.2152; .NET CLR 3.5.30729)"
91.17.32.137 - - [13/Oct/2013:17:38:16 +0200] "GET /images/logos.jpg?cache5760 HTTP/1.1" 200 35043 "http://www.mink-gmbh.de/wunschpreis.php" "Mozilla/4.0 (compatible; MSIE 8.0; Windows NT 5.1; Trident/4.0; .NET CLR 2.0.50727; .NET CLR 3.0.4506.2152; .NET CLR 3.5.30729)"
91.17.32.137 - - [13/Oct/2013:17:38:21 +0200] "GET /preisanfrage.php HTTP/1.1" 200 8557 "http://www.mink-gmbh.de/optiplus.php" "Mozilla/4.0 (compatible; MSIE 8.0; Windows NT 5.1; Trident/4.0; .NET CLR 2.0.50727; .NET CLR 3.0.4506.2152; .NET CLR 3.5.30729)"
91.17.32.137 - - [13/Oct/2013:17:38:23 +0200] "GET /optiplus.php HTTP/1.1" 200 8676 "http://www.google.de/url?sa=t&rct=j&q=&esrc=s&frm=1&source=web&cd=2&ved=0CEYQFjAB&url=http%3A%2F%2Fwww.mink-gmbh.de%2Foptiplus.php&ei=Sr1aUouCKsmctQaYoYG4Cg&usg=AFQjCNEouGCMmLgK9iGVLaDNxyZZMZ_YPQ" "Mozilla/4.0 (compatible; MSIE 8.0; Windows NT 5.1; Trident/4.0; .NET CLR 2.0.50727; .NET CLR 3.0.4506.2152; .NET CLR 3.5.30729)"
91.17.32.137 - - [13/Oct/2013:17:38:23 +0200] "GET /images/logos.jpg?cache5252 HTTP/1.1" 200 35043 "http://www.mink-gmbh.de/optiplus.php" "Mozilla/4.0 (compatible; MSIE 8.0; Windows NT 5.1; Trident/4.0; .NET CLR 2.0.50727; .NET CLR 3.0.4506.2152; .NET CLR 3.5.30729)"
208.115.113.91 - - [13/Oct/2013:17:58:28 +0200] "GET /robots.txt HTTP/1.1" 200 177 "-" "Mozilla/5.0 (compatible; Ezooms/1.0; ezooms.bot@gmail.com)"
5.10.83.64 - - [13/Oct/2013:18:00:49 +0200] "GET /lexikon.php?cs_go=3&cs_id=166 HTTP/1.1" 200 6792 "-" "Mozilla/5.0 (compatible; AhrefsBot/5.0; +http://ahrefs.com/robot/)"
5.10.83.61 - - [13/Oct/2013:18:02:09 +0200] "GET /news.php?cs_go=archiv&cs_startpos=250 HTTP/1.1" 200 13025 "-" "Mozilla/5.0 (compatible; AhrefsBot/5.0; +http://ahrefs.com/robot/)"
5.10.83.73 - - [13/Oct/2013:18:24:03 +0200] "GET /news.php?cs_go=archiv&cs_startpos=20 HTTP/1.1" 200 20390 "-" "Mozilla/5.0 (compatible; AhrefsBot/5.0; +http://ahrefs.com/robot/)"
5.10.83.52 - - [13/Oct/2013:18:38:54 +0200] "GET /lexikon.php?cs_go=2&cs_char=g HTTP/1.1" 200 6727 "-" "Mozilla/5.0 (compatible; AhrefsBot/5.0; +http://ahrefs.com/robot/)"
5.10.83.105 - - [13/Oct/2013:18:46:09 +0200] "GET /lexikon.php?cs_go=3&cs_id=68 HTTP/1.1" 200 6101 "-" "Mozilla/5.0 (compatible; AhrefsBot/5.0; +http://ahrefs.com/robot/)"
5.10.83.95 - - [13/Oct/2013:18:47:11 +0200] "GET /lexikon.php?cs_go=3&cs_id=74 HTTP/1.1" 200 6270 "-" "Mozilla/5.0 (compatible; AhrefsBot/5.0; +http://ahrefs.com/robot/)"
123.125.71.16 - - [13/Oct/2013:18:51:27 +0200] "GET / HTTP/1.1" 200 6594 "-" "Mozilla/5.0 (compatible; Baiduspider/2.0; +http://www.baidu.com/search/spider.html)"
220.181.108.76 - - [13/Oct/2013:18:52:12 +0200] "GET / HTTP/1.1" 200 6594 "-" "Mozilla/5.0 (compatible; Baiduspider/2.0; +http://www.baidu.com/search/spider.html)"
91.61.71.120 - - [13/Oct/2013:18:53:41 +0200] "GET /jobs.php HTTP/1.1" 200 5020 "-" "Mozilla/5.0 (Windows NT 6.1; Win64; x64; rv:22.0) Gecko/20130328 Firefox/22.0"
88.73.43.82 - - [13/Oct/2013:18:59:09 +0200] "GET /style.css HTTP/1.1" 200 8402 "http://www.mink-gmbh.de/" "Mozilla/5.0 (Windows NT 6.1; WOW64) AppleWebKit/537.36 (KHTML, like Gecko) Chrome/30.0.1599.69 Safari/537.36"
88.73.43.82 - - [13/Oct/2013:18:59:09 +0200] "GET /modul.css HTTP/1.1" 200 35038 "http://www.mink-gmbh.de/" "Mozilla/5.0 (Windows NT 6.1; WOW64) AppleWebKit/537.36 (KHTML, like Gecko) Chrome/30.0.1599.69 Safari/537.36"
88.73.43.82 - - [13/Oct/2013:18:59:09 +0200] "GET /js_contentserver24_greybox/gb_styles.css HTTP/1.1" 200 2302 "http://www.mink-gmbh.de/" "Mozilla/5.0 (Windows NT 6.1; WOW64) AppleWebKit/537.36 (KHTML, like Gecko) Chrome/30.0.1599.69 Safari/537.36"
88.73.43.82 - - [13/Oct/2013:18:59:09 +0200] "GET /js_contentserver24_greybox/AJS.js HTTP/1.1" 200 10396 "http://www.mink-gmbh.de/" "Mozilla/5.0 (Windows NT 6.1; WOW64) AppleWebKit/537.36 (KHTML, like Gecko) Chrome/30.0.1599.69 Safari/537.36"
88.73.43.82 - - [13/Oct/2013:18:59:09 +0200] "GET /js_contentserver24_greybox/AJS_fx.js HTTP/1.1" 200 3192 "http://www.mink-gmbh.de/" "Mozilla/5.0 (Windows NT 6.1; WOW64) AppleWebKit/537.36 (KHTML, like Gecko) Chrome/30.0.1599.69 Safari/537.36"
88.73.43.82 - - [13/Oct/2013:18:59:09 +0200] "GET /js_contentserver24_greybox/gb_scripts.js HTTP/1.1" 200 11913 "http://www.mink-gmbh.de/" "Mozilla/5.0 (Windows NT 6.1; WOW64) AppleWebKit/537.36 (KHTML, like Gecko) Chrome/30.0.1599.69 Safari/537.36"
88.73.43.82 - - [13/Oct/2013:18:59:09 +0200] "GET / HTTP/1.1" 200 12401 "https://www.google.de/" "Mozilla/5.0 (Windows NT 6.1; WOW64) AppleWebKit/537.36 (KHTML, like Gecko) Chrome/30.0.1599.69 Safari/537.36"
88.73.43.82 - - [13/Oct/2013:18:59:10 +0200] "GET /images/bg.png HTTP/1.1" 200 922 "http://www.mink-gmbh.de/" "Mozilla/5.0 (Windows NT 6.1; WOW64) AppleWebKit/537.36 (KHTML, like Gecko) Chrome/30.0.1599.69 Safari/537.36"
88.73.43.82 - - [13/Oct/2013:18:59:10 +0200] "GET /js_contentserver24_greybox/w_close.gif HTTP/1.1" 200 74 "http://www.mink-gmbh.de/" "Mozilla/5.0 (Windows NT 6.1; WOW64) AppleWebKit/537.36 (KHTML, like Gecko) Chrome/30.0.1599.69 Safari/537.36"
88.73.43.82 - - [13/Oct/2013:18:59:10 +0200] "GET /images/close.png HTTP/1.1" 200 703 "http://www.mink-gmbh.de/" "Mozilla/5.0 (Windows NT 6.1; WOW64) AppleWebKit/537.36 (KHTML, like Gecko) Chrome/30.0.1599.69 Safari/537.36"
88.73.43.82 - - [13/Oct/2013:18:59:10 +0200] "GET /images/newsletter_bg.jpg HTTP/1.1" 200 33610 "http://www.mink-gmbh.de/" "Mozilla/5.0 (Windows NT 6.1; WOW64) AppleWebKit/537.36 (KHTML, like Gecko) Chrome/30.0.1599.69 Safari/537.36"
88.73.43.82 - - [13/Oct/2013:18:59:10 +0200] "GET /images/newsletter.png HTTP/1.1" 200 14619 "http://www.mink-gmbh.de/" "Mozilla/5.0 (Windows NT 6.1; WOW64) AppleWebKit/537.36 (KHTML, like Gecko) Chrome/30.0.1599.69 Safari/537.36"
88.73.43.82 - - [13/Oct/2013:18:59:10 +0200] "GET /images/navibg.png HTTP/1.1" 200 2803 "http://www.mink-gmbh.de/" "Mozilla/5.0 (Windows NT 6.1; WOW64) AppleWebKit/537.36 (KHTML, like Gecko) Chrome/30.0.1599.69 Safari/537.36"
88.73.43.82 - - [13/Oct/2013:18:59:10 +0200] "GET /images/fallend.png HTTP/1.1" 200 713 "http://www.mink-gmbh.de/" "Mozilla/5.0 (Windows NT 6.1; WOW64) AppleWebKit/537.36 (KHTML, like Gecko) Chrome/30.0.1599.69 Safari/537.36"
88.73.43.82 - - [13/Oct/2013:18:59:10 +0200] "GET /images/steigend.png HTTP/1.1" 200 688 "http://www.mink-gmbh.de/" "Mozilla/5.0 (Windows NT 6.1; WOW64) AppleWebKit/537.36 (KHTML, like Gecko) Chrome/30.0.1599.69 Safari/537.36"
88.73.43.82 - - [13/Oct/2013:18:59:10 +0200] "GET /images/header.jpg HTTP/1.1" 200 25189 "http://www.mink-gmbh.de/" "Mozilla/5.0 (Windows NT 6.1; WOW64) AppleWebKit/537.36 (KHTML, like Gecko) Chrome/30.0.1599.69 Safari/537.36"
88.73.43.82 - - [13/Oct/2013:18:59:10 +0200] "GET /images/wrapperbg.jpg HTTP/1.1" 200 27465 "http://www.mink-gmbh.de/" "Mozilla/5.0 (Windows NT 6.1; WOW64) AppleWebKit/537.36 (KHTML, like Gecko) Chrome/30.0.1599.69 Safari/537.36"
88.73.43.82 - - [13/Oct/2013:18:59:10 +0200] "GET /images/mobil.jpg HTTP/1.1" 200 25293 "http://www.mink-gmbh.de/" "Mozilla/5.0 (Windows NT 6.1; WOW64) AppleWebKit/537.36 (KHTML, like Gecko) Chrome/30.0.1599.69 Safari/537.36"
88.73.43.82 - - [13/Oct/2013:18:59:10 +0200] "GET /images/newsletter.jpg HTTP/1.1" 200 13130 "http://www.mink-gmbh.de/" "Mozilla/5.0 (Windows NT 6.1; WOW64) AppleWebKit/537.36 (KHTML, like Gecko) Chrome/30.0.1599.69 Safari/537.36"
88.73.43.82 - - [13/Oct/2013:18:59:10 +0200] "GET /images/tkw.jpg HTTP/1.1" 200 64031 "http://www.mink-gmbh.de/" "Mozilla/5.0 (Windows NT 6.1; WOW64) AppleWebKit/537.36 (KHTML, like Gecko) Chrome/30.0.1599.69 Safari/537.36"
88.73.43.82 - - [13/Oct/2013:18:59:10 +0200] "GET /images/team-energie.png HTTP/1.1" 200 17383 "http://www.mink-gmbh.de/" "Mozilla/5.0 (Windows NT 6.1; WOW64) AppleWebKit/537.36 (KHTML, like Gecko) Chrome/30.0.1599.69 Safari/537.36"
88.73.43.82 - - [13/Oct/2013:18:59:10 +0200] "GET /images/freecall.jpg HTTP/1.1" 200 39195 "http://www.mink-gmbh.de/" "Mozilla/5.0 (Windows NT 6.1; WOW64) AppleWebKit/537.36 (KHTML, like Gecko) Chrome/30.0.1599.69 Safari/537.36"
88.73.43.82 - - [13/Oct/2013:18:59:10 +0200] "GET /images/mail.jpg HTTP/1.1" 200 11165 "http://www.mink-gmbh.de/" "Mozilla/5.0 (Windows NT 6.1; WOW64) AppleWebKit/537.36 (KHTML, like Gecko) Chrome/30.0.1599.69 Safari/537.36"
88.73.43.82 - - [13/Oct/2013:18:59:10 +0200] "GET /images/kwk.gif HTTP/1.1" 200 6403 "http://www.mink-gmbh.de/" "Mozilla/5.0 (Windows NT 6.1; WOW64) AppleWebKit/537.36 (KHTML, like Gecko) Chrome/30.0.1599.69 Safari/537.36"
88.73.43.82 - - [13/Oct/2013:18:59:10 +0200] "GET /images/wunschpreis.jpg HTTP/1.1" 200 16767 "http://www.mink-gmbh.de/" "Mozilla/5.0 (Windows NT 6.1; WOW64) AppleWebKit/537.36 (KHTML, like Gecko) Chrome/30.0.1599.69 Safari/537.36"
88.73.43.82 - - [13/Oct/2013:18:59:10 +0200] "GET /images/footerbg.jpg HTTP/1.1" 200 2184 "http://www.mink-gmbh.de/" "Mozilla/5.0 (Windows NT 6.1; WOW64) AppleWebKit/537.36 (KHTML, like Gecko) Chrome/30.0.1599.69 Safari/537.36"
88.73.43.82 - - [13/Oct/2013:18:59:10 +0200] "GET /images/logos.jpg?cache3414 HTTP/1.1" 200 35043 "http://www.mink-gmbh.de/" "Mozilla/5.0 (Windows NT 6.1; WOW64) AppleWebKit/537.36 (KHTML, like Gecko) Chrome/30.0.1599.69 Safari/537.36"
88.73.43.82 - - [13/Oct/2013:18:59:10 +0200] "GET /js_contentserver24_greybox/header_bg.gif HTTP/1.1" 200 1188 "http://www.mink-gmbh.de/" "Mozilla/5.0 (Windows NT 6.1; WOW64) AppleWebKit/537.36 (KHTML, like Gecko) Chrome/30.0.1599.69 Safari/537.36"
88.73.43.82 - - [13/Oct/2013:18:59:10 +0200] "GET /js_contentserver24_greybox/loader_frame.html?s=0 HTTP/1.1" 200 2084 "http://www.mink-gmbh.de/" "Mozilla/5.0 (Windows NT 6.1; WOW64) AppleWebKit/537.36 (KHTML, like Gecko) Chrome/30.0.1599.69 Safari/537.36"
88.73.43.82 - - [13/Oct/2013:18:59:10 +0200] "GET /js_contentserver24_greybox/g_close.gif HTTP/1.1" 200 541 "http://www.mink-gmbh.de/" "Mozilla/5.0 (Windows NT 6.1; WOW64) AppleWebKit/537.36 (KHTML, like Gecko) Chrome/30.0.1599.69 Safari/537.36"
88.73.43.82 - - [13/Oct/2013:18:59:10 +0200] "GET /js_contentserver24_greybox/indicator.gif HTTP/1.1" 200 8238 "http://www.mink-gmbh.de/" "Mozilla/5.0 (Windows NT 6.1; WOW64) AppleWebKit/537.36 (KHTML, like Gecko) Chrome/30.0.1599.69 Safari/537.36"
88.73.43.82 - - [13/Oct/2013:18:59:11 +0200] "GET /favicon.ico HTTP/1.1" 200 3638 "-" "Mozilla/5.0 (Windows NT 6.1; WOW64) AppleWebKit/537.36 (KHTML, like Gecko) Chrome/30.0.1599.69 Safari/537.36"
5.10.83.64 - - [13/Oct/2013:19:01:01 +0200] "GET /news.php?cs_go=archiv&cs_startpos=121 HTTP/1.1" 200 20483 "-" "Mozilla/5.0 (compatible; AhrefsBot/5.0; +http://ahrefs.com/robot/)"
88.73.43.82 - - [13/Oct/2013:19:11:38 +0200] "GET / HTTP/1.1" 200 11661 "https://www.google.de/" "Mozilla/5.0 (Windows NT 6.1; WOW64) AppleWebKit/537.36 (KHTML, like Gecko) Chrome/30.0.1599.69 Safari/537.36"
88.73.43.82 - - [13/Oct/2013:19:11:41 +0200] "GET /images/logos.jpg?cache4462 HTTP/1.1" 200 35043 "http://www.mink-gmbh.de/" "Mozilla/5.0 (Windows NT 6.1; WOW64) AppleWebKit/537.36 (KHTML, like Gecko) Chrome/30.0.1599.69 Safari/537.36"
88.73.43.82 - - [13/Oct/2013:19:12:33 +0200] "GET / HTTP/1.1" 200 11661 "https://www.google.de/url?sa=t&rct=j&q=&esrc=s&source=web&cd=1&ved=0CDgQFjAA&url=http%3A%2F%2Fwww.mink-gmbh.de%2F&ei=79NaUpHzKMrw4QTkqIDQAg&usg=AFQjCNFHX4Iglls9oo-KYXTmDUV_5KOVIg" "Mozilla/5.0 (Windows NT 6.1; WOW64) AppleWebKit/537.36 (KHTML, like Gecko) Chrome/30.0.1599.69 Safari/537.36"
88.73.43.82 - - [13/Oct/2013:19:12:33 +0200] "GET /images/logos.jpg?cache6272 HTTP/1.1" 200 35043 "http://www.mink-gmbh.de/" "Mozilla/5.0 (Windows NT 6.1; WOW64) AppleWebKit/537.36 (KHTML, like Gecko) Chrome/30.0.1599.69 Safari/537.36"
88.73.43.82 - - [13/Oct/2013:19:12:42 +0200] "GET /wunschpreis.php HTTP/1.1" 200 10292 "http://www.mink-gmbh.de/" "Mozilla/5.0 (Windows NT 6.1; WOW64) AppleWebKit/537.36 (KHTML, like Gecko) Chrome/30.0.1599.69 Safari/537.36"
88.73.43.82 - - [13/Oct/2013:19:12:42 +0200] "GET /images/logos.jpg?cache6330 HTTP/1.1" 200 35043 "http://www.mink-gmbh.de/wunschpreis.php" "Mozilla/5.0 (Windows NT 6.1; WOW64) AppleWebKit/537.36 (KHTML, like Gecko) Chrome/30.0.1599.69 Safari/537.36"
88.73.43.82 - - [13/Oct/2013:19:12:44 +0200] "GET /preisanfrage.php HTTP/1.1" 200 8557 "http://www.mink-gmbh.de/wunschpreis.php" "Mozilla/5.0 (Windows NT 6.1; WOW64) AppleWebKit/537.36 (KHTML, like Gecko) Chrome/30.0.1599.69 Safari/537.36"
88.73.43.82 - - [13/Oct/2013:19:12:45 +0200] "GET /images/logos.jpg?cache7699 HTTP/1.1" 200 35043 "http://www.mink-gmbh.de/preisanfrage.php" "Mozilla/5.0 (Windows NT 6.1; WOW64) AppleWebKit/537.36 (KHTML, like Gecko) Chrome/30.0.1599.69 Safari/537.36"
88.73.43.82 - - [13/Oct/2013:19:12:54 +0200] "GET /index.php HTTP/1.1" 200 11661 "http://www.mink-gmbh.de/preisanfrage.php" "Mozilla/5.0 (Windows NT 6.1; WOW64) AppleWebKit/537.36 (KHTML, like Gecko) Chrome/30.0.1599.69 Safari/537.36"
88.73.43.82 - - [13/Oct/2013:19:12:54 +0200] "GET /images/logos.jpg?cache8056 HTTP/1.1" 200 35043 "http://www.mink-gmbh.de/index.php" "Mozilla/5.0 (Windows NT 6.1; WOW64) AppleWebKit/537.36 (KHTML, like Gecko) Chrome/30.0.1599.69 Safari/537.36"
88.73.43.82 - - [13/Oct/2013:19:13:03 +0200] "GET /preisanfrage.php HTTP/1.1" 200 8557 "http://www.mink-gmbh.de/wunschpreis.php" "Mozilla/5.0 (Windows NT 6.1; WOW64) AppleWebKit/537.36 (KHTML, like Gecko) Chrome/30.0.1599.69 Safari/537.36"
88.73.43.82 - - [13/Oct/2013:19:13:03 +0200] "GET /images/logos.jpg?cache9949 HTTP/1.1" 200 35043 "http://www.mink-gmbh.de/preisanfrage.php" "Mozilla/5.0 (Windows NT 6.1; WOW64) AppleWebKit/537.36 (KHTML, like Gecko) Chrome/30.0.1599.69 Safari/537.36"
88.73.43.82 - - [13/Oct/2013:19:13:06 +0200] "GET /wunschpreis.php HTTP/1.1" 200 10292 "http://www.mink-gmbh.de/" "Mozilla/5.0 (Windows NT 6.1; WOW64) AppleWebKit/537.36 (KHTML, like Gecko) Chrome/30.0.1599.69 Safari/537.36"
88.73.43.82 - - [13/Oct/2013:19:13:06 +0200] "GET /images/logos.jpg?cache1856 HTTP/1.1" 200 35043 "http://www.mink-gmbh.de/wunschpreis.php" "Mozilla/5.0 (Windows NT 6.1; WOW64) AppleWebKit/537.36 (KHTML, like Gecko) Chrome/30.0.1599.69 Safari/537.36"
88.73.43.82 - - [13/Oct/2013:19:13:07 +0200] "GET / HTTP/1.1" 200 11661 "https://www.google.de/url?sa=t&rct=j&q=&esrc=s&source=web&cd=1&ved=0CDgQFjAA&url=http%3A%2F%2Fwww.mink-gmbh.de%2F&ei=79NaUpHzKMrw4QTkqIDQAg&usg=AFQjCNFHX4Iglls9oo-KYXTmDUV_5KOVIg" "Mozilla/5.0 (Windows NT 6.1; WOW64) AppleWebKit/537.36 (KHTML, like Gecko) Chrome/30.0.1599.69 Safari/537.36"
88.73.43.82 - - [13/Oct/2013:19:13:08 +0200] "GET /images/logos.jpg?cache4160 HTTP/1.1" 200 35043 "http://www.mink-gmbh.de/" "Mozilla/5.0 (Windows NT 6.1; WOW64) AppleWebKit/537.36 (KHTML, like Gecko) Chrome/30.0.1599.69 Safari/537.36"
88.73.43.82 - - [13/Oct/2013:19:15:29 +0200] "GET /optiplus.php HTTP/1.1" 200 8676 "https://www.google.de/url?sa=t&rct=j&q=&esrc=s&source=web&cd=2&ved=0CEcQjBAwAQ&url=http%3A%2F%2Fwww.mink-gmbh.de%2Foptiplus.php&ei=79NaUpHzKMrw4QTkqIDQAg&usg=AFQjCNEouGCMmLgK9iGVLaDNxyZZMZ_YPQ" "Mozilla/5.0 (Windows NT 6.1; WOW64) AppleWebKit/537.36 (KHTML, like Gecko) Chrome/30.0.1599.69 Safari/537.36"
88.73.43.82 - - [13/Oct/2013:19:15:29 +0200] "GET /images/Optiseite.jpg HTTP/1.1" 200 32107 "http://www.mink-gmbh.de/optiplus.php" "Mozilla/5.0 (Windows NT 6.1; WOW64) AppleWebKit/537.36 (KHTML, like Gecko) Chrome/30.0.1599.69 Safari/537.36"
88.73.43.82 - - [13/Oct/2013:19:15:29 +0200] "GET /images/optiplus.jpg HTTP/1.1" 200 37436 "http://www.mink-gmbh.de/optiplus.php" "Mozilla/5.0 (Windows NT 6.1; WOW64) AppleWebKit/537.36 (KHTML, like Gecko) Chrome/30.0.1599.69 Safari/537.36"
88.73.43.82 - - [13/Oct/2013:19:15:29 +0200] "GET /images/logos.jpg?cache3317 HTTP/1.1" 200 35043 "http://www.mink-gmbh.de/optiplus.php" "Mozilla/5.0 (Windows NT 6.1; WOW64) AppleWebKit/537.36 (KHTML, like Gecko) Chrome/30.0.1599.69 Safari/537.36"
88.73.43.82 - - [13/Oct/2013:19:15:48 +0200] "GET /index.php HTTP/1.1" 200 11661 "http://www.mink-gmbh.de/optiplus.php" "Mozilla/5.0 (Windows NT 6.1; WOW64) AppleWebKit/537.36 (KHTML, like Gecko) Chrome/30.0.1599.69 Safari/537.36"
88.73.43.82 - - [13/Oct/2013:19:15:49 +0200] "GET /images/logos.jpg?cache3718 HTTP/1.1" 200 35043 "http://www.mink-gmbh.de/index.php" "Mozilla/5.0 (Windows NT 6.1; WOW64) AppleWebKit/537.36 (KHTML, like Gecko) Chrome/30.0.1599.69 Safari/537.36"
88.73.43.82 - - [13/Oct/2013:19:16:33 +0200] "GET /standard.php HTTP/1.1" 200 6807 "http://www.mink-gmbh.de/index.php" "Mozilla/5.0 (Windows NT 6.1; WOW64) AppleWebKit/537.36 (KHTML, like Gecko) Chrome/30.0.1599.69 Safari/537.36"
88.73.43.82 - - [13/Oct/2013:19:16:33 +0200] "GET /images/logos.jpg?cache7862 HTTP/1.1" 200 35043 "http://www.mink-gmbh.de/standard.php" "Mozilla/5.0 (Windows NT 6.1; WOW64) AppleWebKit/537.36 (KHTML, like Gecko) Chrome/30.0.1599.69 Safari/537.36"
88.73.43.82 - - [13/Oct/2013:19:16:40 +0200] "GET /preisanfrage.php HTTP/1.1" 200 8557 "http://www.mink-gmbh.de/standard.php" "Mozilla/5.0 (Windows NT 6.1; WOW64) AppleWebKit/537.36 (KHTML, like Gecko) Chrome/30.0.1599.69 Safari/537.36"
88.73.43.82 - - [13/Oct/2013:19:16:40 +0200] "GET /images/logos.jpg?cache6677 HTTP/1.1" 200 35043 "http://www.mink-gmbh.de/preisanfrage.php" "Mozilla/5.0 (Windows NT 6.1; WOW64) AppleWebKit/537.36 (KHTML, like Gecko) Chrome/30.0.1599.69 Safari/537.36"
88.73.43.82 - - [13/Oct/2013:19:16:44 +0200] "GET /standard.php HTTP/1.1" 200 6807 "http://www.mink-gmbh.de/index.php" "Mozilla/5.0 (Windows NT 6.1; WOW64) AppleWebKit/537.36 (KHTML, like Gecko) Chrome/30.0.1599.69 Safari/537.36"
88.73.43.82 - - [13/Oct/2013:19:16:44 +0200] "GET /images/logos.jpg?cache2554 HTTP/1.1" 200 35043 "http://www.mink-gmbh.de/standard.php" "Mozilla/5.0 (Windows NT 6.1; WOW64) AppleWebKit/537.36 (KHTML, like Gecko) Chrome/30.0.1599.69 Safari/537.36"
88.73.43.82 - - [13/Oct/2013:19:16:46 +0200] "GET /index.php HTTP/1.1" 200 11661 "http://www.mink-gmbh.de/optiplus.php" "Mozilla/5.0 (Windows NT 6.1; WOW64) AppleWebKit/537.36 (KHTML, like Gecko) Chrome/30.0.1599.69 Safari/537.36"
88.73.43.82 - - [13/Oct/2013:19:16:46 +0200] "GET /images/logos.jpg?cache1932 HTTP/1.1" 200 35043 "http://www.mink-gmbh.de/index.php" "Mozilla/5.0 (Windows NT 6.1; WOW64) AppleWebKit/537.36 (KHTML, like Gecko) Chrome/30.0.1599.69 Safari/537.36"
88.73.43.82 - - [13/Oct/2013:19:16:48 +0200] "GET /optiplus.php HTTP/1.1" 200 8676 "https://www.google.de/url?sa=t&rct=j&q=&esrc=s&source=web&cd=2&ved=0CEcQjBAwAQ&url=http%3A%2F%2Fwww.mink-gmbh.de%2Foptiplus.php&ei=79NaUpHzKMrw4QTkqIDQAg&usg=AFQjCNEouGCMmLgK9iGVLaDNxyZZMZ_YPQ" "Mozilla/5.0 (Windows NT 6.1; WOW64) AppleWebKit/537.36 (KHTML, like Gecko) Chrome/30.0.1599.69 Safari/537.36"
88.73.43.82 - - [13/Oct/2013:19:16:48 +0200] "GET /images/logos.jpg?cache2319 HTTP/1.1" 200 35043 "http://www.mink-gmbh.de/optiplus.php" "Mozilla/5.0 (Windows NT 6.1; WOW64) AppleWebKit/537.36 (KHTML, like Gecko) Chrome/30.0.1599.69 Safari/537.36"
5.10.83.105 - - [13/Oct/2013:19:17:31 +0200] "GET /news.php?cs_go=archiv&cs_id=4601&cs_search= HTTP/1.1" 200 7890 "-" "Mozilla/5.0 (compatible; AhrefsBot/5.0; +http://ahrefs.com/robot/)"
77.81.183.75 - - [13/Oct/2013:19:17:42 +0200] "GET / HTTP/1.1" 200 12401 "-" "Mozilla/5.0 (Windows; U; Windows NT 6.1; ru; rv:1.9.2.13) Gecko/20101203 Firefox/3.6.13 sputnik 2.1.0.18 YB/4.3.0"
91.61.71.120 - - [13/Oct/2013:19:18:06 +0200] "GET /jobs.php HTTP/1.1" 200 5020 "-" "Mozilla/5.0 (Windows NT 6.1; Win64; x64; rv:22.0) Gecko/20130328 Firefox/22.0"
88.73.43.82 - - [13/Oct/2013:19:25:07 +0200] "GET /optiplus.php HTTP/1.1" 200 8676 "https://www.google.de/url?sa=t&rct=j&q=&esrc=s&source=web&cd=2&ved=0CEcQjBAwAQ&url=http%3A%2F%2Fwww.mink-gmbh.de%2Foptiplus.php&ei=79NaUpHzKMrw4QTkqIDQAg&usg=AFQjCNEouGCMmLgK9iGVLaDNxyZZMZ_YPQ" "Mozilla/5.0 (Windows NT 6.1; WOW64) AppleWebKit/537.36 (KHTML, like Gecko) Chrome/30.0.1599.69 Safari/537.36"
88.73.43.82 - - [13/Oct/2013:19:25:08 +0200] "GET /images/logos.jpg?cache2619 HTTP/1.1" 200 35043 "http://www.mink-gmbh.de/optiplus.php" "Mozilla/5.0 (Windows NT 6.1; WOW64) AppleWebKit/537.36 (KHTML, like Gecko) Chrome/30.0.1599.69 Safari/537.36"
65.36.241.79 - - [13/Oct/2013:19:37:20 +0200] "HEAD / HTTP/1.1" 200 - "-" "InternetSeer.com"
5.10.83.64 - - [13/Oct/2013:19:41:25 +0200] "GET /lexikon.php?cs_go=3&cs_id=226 HTTP/1.1" 200 6354 "-" "Mozilla/5.0 (compatible; AhrefsBot/5.0; +http://ahrefs.com/robot/)"
141.8.147.12 - - [13/Oct/2013:19:42:03 +0200] "GET /news.php?cs_go=archiv&cs_id=4611&cs_search= HTTP/1.1" 200 8128 "-" "Mozilla/5.0 (compatible; YandexBot/3.0; +http://yandex.com/bots)"
208.115.111.75 - - [13/Oct/2013:19:44:43 +0200] "GET /robots.txt HTTP/1.1" 200 177 "-" "Mozilla/5.0 (compatible; Ezooms/1.0; ezooms.bot@gmail.com)"
5.10.83.73 - - [13/Oct/2013:19:59:19 +0200] "GET /news.php?cs_go=archiv&cs_id=4494&cs_search= HTTP/1.1" 200 11137 "-" "Mozilla/5.0 (compatible; AhrefsBot/5.0; +http://ahrefs.com/robot/)"
176.9.138.27 - - [13/Oct/2013:20:01:00 +0200] "GET /robots.txt HTTP/1.1" 200 177 "-" "Mozilla/5.0 (compatible; Spiderlytics/1.0; +spider@spiderlytics.com)"
208.115.113.91 - - [13/Oct/2013:20:04:57 +0200] "GET /wunschpreis.php HTTP/1.1" 200 10292 "-" "Mozilla/5.0 (compatible; Ezooms/1.0; ezooms.bot@gmail.com)"
66.249.78.46 - - [13/Oct/2013:20:08:55 +0200] "GET /news.php?cs_go=archiv&cs_startpos=160 HTTP/1.1" 200 20610 "-" "Mozilla/5.0 (iPhone; U; CPU iPhone OS 4_1 like Mac OS X; en-us) AppleWebKit/532.9 (KHTML, like Gecko) Version/4.0.5 Mobile/8B117 Safari/6531.22.7 (compatible; Googlebot-Mobile/2.1; +http://www.google.com/bot.html)"
5.10.83.105 - - [13/Oct/2013:20:10:40 +0200] "GET /news.php?cs_go=archiv&cs_id=4554&cs_search= HTTP/1.1" 200 9203 "-" "Mozilla/5.0 (compatible; AhrefsBot/5.0; +http://ahrefs.com/robot/)"
123.125.71.54 - - [13/Oct/2013:20:42:57 +0200] "GET / HTTP/1.1" 200 6594 "-" "Mozilla/5.0 (compatible; Baiduspider/2.0; +http://www.baidu.com/search/spider.html)"
220.181.108.114 - - [13/Oct/2013:20:43:22 +0200] "GET / HTTP/1.1" 200 6594 "-" "Mozilla/5.0 (compatible; Baiduspider/2.0; +http://www.baidu.com/search/spider.html)"
66.249.78.46 - - [13/Oct/2013:20:45:14 +0200] "GET /news.php?cs_go=archiv&cs_id=4613&cs_search= HTTP/1.1" 200 8832 "-" "Mozilla/5.0 (iPhone; U; CPU iPhone OS 4_1 like Mac OS X; en-us) AppleWebKit/532.9 (KHTML, like Gecko) Version/4.0.5 Mobile/8B117 Safari/6531.22.7 (compatible; Googlebot-Mobile/2.1; +http://www.google.com/bot.html)"
157.56.93.103 - - [13/Oct/2013:20:46:36 +0200] "GET /robots.txt HTTP/1.1" 200 177 "-" "Mozilla/5.0 (compatible; bingbot/2.0; +http://www.bing.com/bingbot.htm)"
176.9.138.27 - - [13/Oct/2013:20:53:10 +0200] "GET /robots.txt HTTP/1.1" 200 177 "-" "Mozilla/5.0 (compatible; Spiderlytics/1.0; +spider@spiderlytics.com)"
157.56.93.103 - - [13/Oct/2013:20:54:13 +0200] "GET /news.php?cs_go=archiv&cs_id=4567&cs_search= HTTP/1.1" 200 9165 "-" "Mozilla/5.0 (compatible; bingbot/2.0; +http://www.bing.com/bingbot.htm)"
188.138.41.175 - - [13/Oct/2013:20:59:35 +0200] "GET / HTTP/1.1" 200 12401 "-" "Mozilla/5.0 (X11; U; Linux i686; en-US; rv:1.9.0.1) Gecko/2008070206 Firefox/3.0.1"
188.138.41.175 - - [13/Oct/2013:20:59:35 +0200] "GET /impressum.php HTTP/1.1" 200 6360 "-" "Mozilla/5.0 (X11; U; Linux i686; en-US; rv:1.9.0.1) Gecko/2008070206 Firefox/3.0.1"
5.10.83.105 - - [13/Oct/2013:21:13:00 +0200] "GET /news.php?cs_go=archiv&cs_id=4453&cs_search= HTTP/1.1" 200 9380 "-" "Mozilla/5.0 (compatible; AhrefsBot/5.0; +http://ahrefs.com/robot/)"
5.10.83.95 - - [13/Oct/2013:21:17:50 +0200] "GET /news.php?cs_go=archiv&cs_id=4550&cs_search= HTTP/1.1" 200 8224 "-" "Mozilla/5.0 (compatible; AhrefsBot/5.0; +http://ahrefs.com/robot/)"
66.249.78.46 - - [13/Oct/2013:21:21:45 +0200] "GET /style.css HTTP/1.1" 200 8402 "-" "Mozilla/5.0 (compatible; Googlebot/2.1; +http://www.google.com/bot.html)"
208.115.111.75 - - [13/Oct/2013:21:33:33 +0200] "GET /news.php?cs_go=archiv&cs_id=4316&cs_search= HTTP/1.1" 200 11060 "-" "Mozilla/5.0 (compatible; Ezooms/1.0; ezooms.bot@gmail.com)"
208.115.111.75 - - [13/Oct/2013:21:33:36 +0200] "GET /news.php?cs_go=archiv&cs_id=4520 HTTP/1.1" 200 12094 "-" "Mozilla/5.0 (compatible; Ezooms/1.0; ezooms.bot@gmail.com)"
5.10.83.105 - - [13/Oct/2013:21:41:21 +0200] "GET /energiesparcheck.php HTTP/1.1" 200 11181 "-" "Mozilla/5.0 (compatible; AhrefsBot/5.0; +http://ahrefs.com/robot/)"
220.181.108.117 - - [13/Oct/2013:21:45:28 +0200] "GET / HTTP/1.1" 200 6720 "-" "Mozilla/5.0 (compatible; Baiduspider/2.0; +http://www.baidu.com/search/spider.html)"
123.125.71.17 - - [13/Oct/2013:21:46:10 +0200] "GET / HTTP/1.1" 200 6594 "-" "Mozilla/5.0 (compatible; Baiduspider/2.0; +http://www.baidu.com/search/spider.html)"
208.115.113.91 - - [13/Oct/2013:21:58:21 +0200] "GET /robots.txt HTTP/1.1" 200 177 "-" "Mozilla/5.0 (compatible; Ezooms/1.0; ezooms.bot@gmail.com)"
46.161.41.24 - - [13/Oct/2013:22:12:17 +0200] "GET /news.php?cs_go=archiv&cs_id=4412&cs_search= HTTP/1.1" 200 7650 "-" "Mozilla/4.0 (compatible; MSIE 6.0; MSIE 5.5; Windows 95) Opera 7.03 [de]"
5.10.83.74 - - [13/Oct/2013:22:16:00 +0200] "GET /news.php?cs_go=archiv&cs_id=4365&cs_search= HTTP/1.1" 200 11576 "-" "Mozilla/5.0 (compatible; AhrefsBot/5.0; +http://ahrefs.com/robot/)"
66.249.78.46 - - [13/Oct/2013:22:22:30 +0200] "GET /news.php?cs_go=archiv&cs_startpos=10 HTTP/1.1" 200 20318 "-" "SAMSUNG-SGH-E250/1.0 Profile/MIDP-2.0 Configuration/CLDC-1.1 UP.Browser/6.2.3.3.c.1.101 (GUI) MMP/2.0 (compatible; Googlebot-Mobile/2.1; +http://www.google.com/bot.html)"
5.10.83.83 - - [13/Oct/2013:22:25:18 +0200] "GET /news.php?cs_go=archiv&cs_id=4559&cs_search= HTTP/1.1" 200 7652 "-" "Mozilla/5.0 (compatible; AhrefsBot/5.0; +http://ahrefs.com/robot/)"
5.10.83.74 - - [13/Oct/2013:22:26:46 +0200] "GET /news.php?cs_go=archiv&cs_id=4617&cs_search= HTTP/1.1" 200 9512 "-" "Mozilla/5.0 (compatible; AhrefsBot/5.0; +http://ahrefs.com/robot/)"
66.249.66.49 - - [13/Oct/2013:22:30:15 +0200] "GET /news.php?cs_go=archiv&cs_startpos=10 HTTP/1.1" 200 20318 "-" "DoCoMo/2.0 N905i(c100;TB;W24H16) (compatible; Googlebot-Mobile/2.1; +http://www.google.com/bot.html)"
66.249.78.46 - - [13/Oct/2013:22:33:29 +0200] "GET /news.php?cs_go=archiv&cs_id=4294 HTTP/1.1" 200 9080 "-" "Mozilla/5.0 (iPhone; U; CPU iPhone OS 4_1 like Mac OS X; en-us) AppleWebKit/532.9 (KHTML, like Gecko) Version/4.0.5 Mobile/8B117 Safari/6531.22.7 (compatible; Googlebot-Mobile/2.1; +http://www.google.com/bot.html)"
82.94.179.38 - - [13/Oct/2013:22:35:15 +0200] "GET /robots.txt HTTP/1.0" 200 177 "-" "Mozilla/4.0 (compatible; Freshbot/1.0/EU; http://webagent.wise-guys.nl/)"
82.94.179.38 - - [13/Oct/2013:22:35:15 +0200] "GET / HTTP/1.1" 200 12401 "-" "Mozilla/5.0 (X11; Linux i686; rv:6.0) Gecko/20100101 Firefox/6.0 (Freshbot/1.0/EU; http://webagent.wise-guys.nl/)"
66.249.78.46 - - [13/Oct/2013:22:38:19 +0200] "GET /modul.css HTTP/1.1" 200 35038 "http://www.mink-gmbh.de/news.php?cs_go=archiv&cs_id=4294" "Mozilla/5.0 (compatible; Googlebot/2.1; +http://www.google.com/bot.html)"
5.10.83.64 - - [13/Oct/2013:22:40:06 +0200] "GET /lexikon.php?cs_go=3&cs_id=210 HTTP/1.1" 200 7145 "-" "Mozilla/5.0 (compatible; AhrefsBot/5.0; +http://ahrefs.com/robot/)"
5.10.83.52 - - [13/Oct/2013:22:58:55 +0200] "GET /news.php?cs_go=archiv&cs_id=4456&cs_search= HTTP/1.1" 200 11777 "-" "Mozilla/5.0 (compatible; AhrefsBot/5.0; +http://ahrefs.com/robot/)"
66.249.78.46 - - [13/Oct/2013:23:00:51 +0200] "GET /news.php HTTP/1.1" 200 19796 "-" "Mozilla/5.0 (compatible; Googlebot/2.1; +http://www.google.com/bot.html)"
66.249.78.46 - - [13/Oct/2013:23:06:57 +0200] "GET /news.php?cs_go=archiv&cs_id=4626&cs_search= HTTP/1.1" 200 9120 "-" "Mozilla/5.0 (compatible; Googlebot/2.1; +http://www.google.com/bot.html)"
66.249.78.46 - - [13/Oct/2013:23:08:08 +0200] "GET /news.php?cs_go=archiv&cs_id=4636&cs_search= HTTP/1.1" 200 11791 "-" "Mozilla/5.0 (compatible; Googlebot/2.1; +http://www.google.com/bot.html)"
5.10.83.52 - - [13/Oct/2013:23:08:14 +0200] "GET /news.php?cs_go=archiv&cs_id=4618 HTTP/1.1" 200 9436 "-" "Mozilla/5.0 (compatible; AhrefsBot/5.0; +http://ahrefs.com/robot/)"
66.249.78.46 - - [13/Oct/2013:23:09:20 +0200] "GET /news.php?cs_go=archiv&cs_id=4618&cs_search= HTTP/1.1" 200 9436 "-" "Mozilla/5.0 (compatible; Googlebot/2.1; +http://www.google.com/bot.html)"
5.10.83.41 - - [13/Oct/2013:23:12:52 +0200] "GET /lexikon.php?cs_go=3&cs_id=13 HTTP/1.1" 200 5663 "-" "Mozilla/5.0 (compatible; AhrefsBot/5.0; +http://ahrefs.com/robot/)"
5.10.83.61 - - [13/Oct/2013:23:17:01 +0200] "GET /lexikon.php?cs_go=3&cs_id=94 HTTP/1.1" 200 6079 "-" "Mozilla/5.0 (compatible; AhrefsBot/5.0; +http://ahrefs.com/robot/)"
5.10.83.73 - - [13/Oct/2013:23:23:03 +0200] "GET /news.php?cs_go=archiv&cs_id=4405&cs_search= HTTP/1.1" 200 8869 "-" "Mozilla/5.0 (compatible; AhrefsBot/5.0; +http://ahrefs.com/robot/)"
66.249.78.46 - - [13/Oct/2013:23:24:22 +0200] "GET /news.php?cs_go=archiv&cs_id=4614&cs_search= HTTP/1.1" 200 11573 "-" "Mozilla/5.0 (iPhone; U; CPU iPhone OS 4_1 like Mac OS X; en-us) AppleWebKit/532.9 (KHTML, like Gecko) Version/4.0.5 Mobile/8B117 Safari/6531.22.7 (compatible; Googlebot-Mobile/2.1; +http://www.google.com/bot.html)"
5.10.83.73 - - [13/Oct/2013:23:38:21 +0200] "GET /lexikon.php?cs_go=3&cs_id=183 HTTP/1.1" 200 6165 "-" "Mozilla/5.0 (compatible; AhrefsBot/5.0; +http://ahrefs.com/robot/)"
5.10.83.105 - - [13/Oct/2013:23:41:57 +0200] "GET /news.php?cs_go=archiv&cs_id=4363&cs_search= HTTP/1.1" 200 11463 "-" "Mozilla/5.0 (compatible; AhrefsBot/5.0; +http://ahrefs.com/robot/)"
141.8.147.12 - - [13/Oct/2013:23:46:48 +0200] "GET /robots.txt HTTP/1.1" 200 177 "-" "Mozilla/5.0 (compatible; YandexBot/3.0; +http://yandex.com/bots)"
5.10.83.87 - - [13/Oct/2013:23:53:24 +0200] "GET /news.php?cs_go=archiv&cs_startpos=240 HTTP/1.1" 200 20101 "-" "Mozilla/5.0 (compatible; AhrefsBot/5.0; +http://ahrefs.com/robot/)"
5.10.83.61 - - [13/Oct/2013:23:53:55 +0200] "GET /news.php?cs_go=archiv&cs_id=4496&cs_search= HTTP/1.1" 200 10913 "-" "Mozilla/5.0 (compatible; AhrefsBot/5.0; +http://ahrefs.com/robot/)"
208.115.113.91 - - [14/Oct/2013:00:09:05 +0200] "GET /news.php?cs_go=archiv&cs_id=4521 HTTP/1.1" 200 7782 "-" "Mozilla/5.0 (compatible; Ezooms/1.0; ezooms.bot@gmail.com)"
66.249.78.46 - - [14/Oct/2013:00:10:33 +0200] "GET /optiplus.php HTTP/1.1" 200 8676 "-" "Mozilla/5.0 (compatible; Googlebot/2.1; +http://www.google.com/bot.html)"
5.10.83.87 - - [14/Oct/2013:00:18:22 +0200] "GET /news.php?cs_go=archiv&cs_id=4581&cs_search= HTTP/1.1" 200 7670 "-" "Mozilla/5.0 (compatible; AhrefsBot/5.0; +http://ahrefs.com/robot/)"
5.10.83.74 - - [14/Oct/2013:00:27:02 +0200] "GET /news.php?cs_go=archiv&cs_id=4437&cs_search= HTTP/1.1" 200 11765 "-" "Mozilla/5.0 (compatible; AhrefsBot/5.0; +http://ahrefs.com/robot/)"
5.10.83.87 - - [14/Oct/2013:00:34:29 +0200] "GET /lexikon.php?cs_go=3&cs_id=96 HTTP/1.1" 200 5908 "-" "Mozilla/5.0 (compatible; AhrefsBot/5.0; +http://ahrefs.com/robot/)"
65.36.241.79 - - [14/Oct/2013:00:48:26 +0200] "HEAD / HTTP/1.1" 200 - "-" "InternetSeer.com"
5.10.83.64 - - [14/Oct/2013:00:56:49 +0200] "GET /news.php?cs_go=archiv&cs_id=4507&cs_search= HTTP/1.1" 200 9369 "-" "Mozilla/5.0 (compatible; AhrefsBot/5.0; +http://ahrefs.com/robot/)"
66.249.78.46 - - [14/Oct/2013:00:59:19 +0200] "GET /jobs.php HTTP/1.1" 200 5020 "-" "Mozilla/5.0 (compatible; Googlebot/2.1; +http://www.google.com/bot.html)"
66.249.78.46 - - [14/Oct/2013:01:01:47 +0200] "GET /schwefelarmstandard.php HTTP/1.1" 200 10767 "-" "Mozilla/5.0 (compatible; Googlebot/2.1; +http://www.google.com/bot.html)"
5.10.83.42 - - [14/Oct/2013:01:08:13 +0200] "GET /kwk.php HTTP/1.1" 200 8484 "-" "Mozilla/5.0 (compatible; AhrefsBot/5.0; +http://ahrefs.com/robot/)"
5.10.83.73 - - [14/Oct/2013:01:10:42 +0200] "GET /news.php?cs_go=archiv&cs_id=4512&cs_search= HTTP/1.1" 200 11690 "-" "Mozilla/5.0 (compatible; AhrefsBot/5.0; +http://ahrefs.com/robot/)"
5.10.83.42 - - [14/Oct/2013:01:17:24 +0200] "GET /news.php?cs_go=archiv&cs_id=4521&cs_search= HTTP/1.1" 200 7782 "-" "Mozilla/5.0 (compatible; AhrefsBot/5.0; +http://ahrefs.com/robot/)"
123.151.148.178 - - [14/Oct/2013:01:21:01 +0200] "GET /robots.txt HTTP/1.1" 200 177 "http://www.mink-gmbh.de/" "Mozilla/5.0 (compatible; MSIE 8.0; Windows NT 6.1)"
5.10.83.61 - - [14/Oct/2013:01:23:48 +0200] "GET /news.php?cs_go=archiv&cs_id=4366&cs_search= HTTP/1.1" 200 11367 "-" "Mozilla/5.0 (compatible; AhrefsBot/5.0; +http://ahrefs.com/robot/)"
176.9.138.27 - - [14/Oct/2013:01:42:39 +0200] "GET /robots.txt HTTP/1.1" 200 177 "-" "Mozilla/5.0 (compatible; Spiderlytics/1.0; +spider@spiderlytics.com)"
176.9.138.27 - - [14/Oct/2013:01:42:39 +0200] "GET /ansprechpartner.php HTTP/1.1" 404 - "-" "Mozilla/5.0 (compatible; Spiderlytics/1.0; +spider@spiderlytics.com)"
208.115.113.91 - - [14/Oct/2013:02:02:07 +0200] "GET /robots.txt HTTP/1.1" 200 177 "-" "Mozilla/5.0 (compatible; Ezooms/1.0; ezooms.bot@gmail.com)"
5.10.83.105 - - [14/Oct/2013:02:04:14 +0200] "GET /.php HTTP/1.1" 404 - "-" "Mozilla/5.0 (compatible; AhrefsBot/5.0; +http://ahrefs.com/robot/)"
5.10.83.105 - - [14/Oct/2013:02:10:31 +0200] "GET /lexikon.php?cs_go=3&cs_id=136 HTTP/1.1" 200 5589 "-" "Mozilla/5.0 (compatible; AhrefsBot/5.0; +http://ahrefs.com/robot/)"
5.9.88.119 - - [14/Oct/2013:02:14:10 +0200] "GET /robots.txt HTTP/1.1" 200 177 "-" "Mozilla/5.0 (compatible; Infohelfer/1.3.3; +http://www.infohelfer.de/crawler.php)"
5.9.88.119 - - [14/Oct/2013:02:14:10 +0200] "GET / HTTP/1.1" 200 12401 "-" "Mozilla/5.0 (compatible; Infohelfer/1.3.3; +http://www.infohelfer.de/crawler.php)"
5.10.83.61 - - [14/Oct/2013:02:34:16 +0200] "GET /news.php?cs_go=archiv&cs_id=4618&cs_search= HTTP/1.1" 200 9436 "-" "Mozilla/5.0 (compatible; AhrefsBot/5.0; +http://ahrefs.com/robot/)"
5.10.83.61 - - [14/Oct/2013:02:38:29 +0200] "GET /news.php?cs_go=archiv&cs_startpos=190 HTTP/1.1" 200 20363 "-" "Mozilla/5.0 (compatible; AhrefsBot/5.0; +http://ahrefs.com/robot/)"
123.125.71.15 - - [14/Oct/2013:02:43:59 +0200] "GET / HTTP/1.1" 200 6594 "-" "Mozilla/5.0 (compatible; Baiduspider/2.0; +http://www.baidu.com/search/spider.html)"
220.181.108.120 - - [14/Oct/2013:02:44:47 +0200] "GET / HTTP/1.1" 200 6594 "-" "Mozilla/5.0 (compatible; Baiduspider/2.0; +http://www.baidu.com/search/spider.html)"
66.249.78.46 - - [14/Oct/2013:03:03:20 +0200] "GET /news.php?cs_go=archiv&cs_id=4633 HTTP/1.1" 200 11707 "-" "Mozilla/5.0 (compatible; Googlebot/2.1; +http://www.google.com/bot.html)"
5.10.83.83 - - [14/Oct/2013:03:08:55 +0200] "GET /news.php?cs_go=archiv&cs_id=4448&cs_search= HTTP/1.1" 200 8771 "-" "Mozilla/5.0 (compatible; AhrefsBot/5.0; +http://ahrefs.com/robot/)"
66.249.78.46 - - [14/Oct/2013:03:09:34 +0200] "GET /news.php?cs_go=archiv&cs_id=4633 HTTP/1.1" 200 11707 "-" "Mozilla/5.0 (compatible; Googlebot/2.1; +http://www.google.com/bot.html)"
5.10.83.83 - - [14/Oct/2013:03:18:22 +0200] "GET /news.php?cs_go=archiv&cs_id=4578&cs_search= HTTP/1.1" 200 9877 "-" "Mozilla/5.0 (compatible; AhrefsBot/5.0; +http://ahrefs.com/robot/)"
5.10.83.52 - - [14/Oct/2013:03:24:32 +0200] "GET /standard.php HTTP/1.1" 200 6807 "-" "Mozilla/5.0 (compatible; AhrefsBot/5.0; +http://ahrefs.com/robot/)"
208.115.111.75 - - [14/Oct/2013:03:41:43 +0200] "GET /robots.txt HTTP/1.1" 200 177 "-" "Mozilla/5.0 (compatible; Ezooms/1.0; ezooms.bot@gmail.com)"
5.10.83.64 - - [14/Oct/2013:03:42:01 +0200] "GET /news.php?cs_go=archiv&cs_id=4354&cs_search= HTTP/1.1" 200 7794 "-" "Mozilla/5.0 (compatible; AhrefsBot/5.0; +http://ahrefs.com/robot/)"
5.10.83.61 - - [14/Oct/2013:03:43:49 +0200] "GET /news.php?cs_go=archiv&cs_id=4459&cs_search= HTTP/1.1" 200 7566 "-" "Mozilla/5.0 (compatible; AhrefsBot/5.0; +http://ahrefs.com/robot/)"
5.10.83.61 - - [14/Oct/2013:03:47:41 +0200] "GET /lexikon.php?cs_go=3&cs_id=232 HTTP/1.1" 200 5574 "-" "Mozilla/5.0 (compatible; AhrefsBot/5.0; +http://ahrefs.com/robot/)"
66.249.78.46 - - [14/Oct/2013:03:50:31 +0200] "GET /index.php HTTP/1.1" 200 12401 "-" "Mozilla/5.0 (compatible; Googlebot/2.1; +http://www.google.com/bot.html)"
5.10.83.42 - - [14/Oct/2013:03:53:38 +0200] "GET /modernisierung.php?cs_gp_go=description HTTP/1.1" 200 8445 "-" "Mozilla/5.0 (compatible; AhrefsBot/5.0; +http://ahrefs.com/robot/)"
176.9.138.27 - - [14/Oct/2013:03:53:41 +0200] "GET /robots.txt HTTP/1.1" 200 177 "-" "Mozilla/5.0 (compatible; Spiderlytics/1.0; +spider@spiderlytics.com)"
5.10.83.64 - - [14/Oct/2013:03:56:40 +0200] "GET /news.php?cs_go=archiv&cs_id=4626&cs_search= HTTP/1.1" 200 9120 "-" "Mozilla/5.0 (compatible; AhrefsBot/5.0; +http://ahrefs.com/robot/)"
5.10.83.42 - - [14/Oct/2013:03:57:02 +0200] "GET /news.php?cs_go=archiv&cs_startpos=0 HTTP/1.1" 200 19796 "-" "Mozilla/5.0 (compatible; AhrefsBot/5.0; +http://ahrefs.com/robot/)"
208.115.113.91 - - [14/Oct/2013:04:13:35 +0200] "GET /news.php?cs_go=archiv&cs_id=4495&cs_search= HTTP/1.1" 200 7997 "-" "Mozilla/5.0 (compatible; Ezooms/1.0; ezooms.bot@gmail.com)"
208.115.113.91 - - [14/Oct/2013:04:13:40 +0200] "GET /news.php?cs_go=archiv&cs_id=4523 HTTP/1.1" 200 9431 "-" "Mozilla/5.0 (compatible; Ezooms/1.0; ezooms.bot@gmail.com)"
208.115.113.91 - - [14/Oct/2013:04:13:43 +0200] "GET /news.php?cs_go=archiv&cs_startpos=110 HTTP/1.1" 200 20636 "-" "Mozilla/5.0 (compatible; Ezooms/1.0; ezooms.bot@gmail.com)"
5.10.83.64 - - [14/Oct/2013:04:15:13 +0200] "GET /news.php?cs_go=archiv&cs_id=4361&cs_search= HTTP/1.1" 200 8186 "-" "Mozilla/5.0 (compatible; AhrefsBot/5.0; +http://ahrefs.com/robot/)"
66.249.78.46 - - [14/Oct/2013:04:22:45 +0200] "GET /news.php?cs_go=archiv&cs_id=4634 HTTP/1.1" 200 7846 "-" "Mozilla/5.0 (compatible; Googlebot/2.1; +http://www.google.com/bot.html)"
5.10.83.64 - - [14/Oct/2013:04:32:02 +0200] "GET /news.php?cs_go=archiv&cs_id=4446&cs_search= HTTP/1.1" 200 7718 "-" "Mozilla/5.0 (compatible; AhrefsBot/5.0; +http://ahrefs.com/robot/)"
5.10.83.42 - - [14/Oct/2013:04:33:38 +0200] "GET /news.php?cs_go=archiv&cs_id=4495&cs_search= HTTP/1.1" 200 7997 "-" "Mozilla/5.0 (compatible; AhrefsBot/5.0; +http://ahrefs.com/robot/)"
5.10.83.73 - - [14/Oct/2013:04:44:35 +0200] "GET /news.php?cs_go=archiv&cs_id=4380&cs_search= HTTP/1.1" 200 9159 "-" "Mozilla/5.0 (compatible; AhrefsBot/5.0; +http://ahrefs.com/robot/)"
5.10.83.52 - - [14/Oct/2013:04:44:37 +0200] "GET /news.php?cs_go=archiv&cs_id=4562&cs_search= HTTP/1.1" 200 11685 "-" "Mozilla/5.0 (compatible; AhrefsBot/5.0; +http://ahrefs.com/robot/)"
5.10.83.87 - - [14/Oct/2013:04:46:38 +0200] "GET /lexikon.php?cs_go=2&cs_char=o HTTP/1.1" 200 6862 "-" "Mozilla/5.0 (compatible; AhrefsBot/5.0; +http://ahrefs.com/robot/)"
5.10.83.64 - - [14/Oct/2013:04:55:20 +0200] "GET /\"http://www.brennstoffboerse.de/index.php?go=fluessiggas_tank\" HTTP/1.1" 404 - "-" "Mozilla/5.0 (compatible; AhrefsBot/5.0; +http://ahrefs.com/robot/)"
5.10.83.64 - - [14/Oct/2013:05:01:42 +0200] "GET /lexikon.php?cs_go=3&cs_id=204 HTTP/1.1" 200 5605 "-" "Mozilla/5.0 (compatible; AhrefsBot/5.0; +http://ahrefs.com/robot/)"
5.9.88.119 - - [14/Oct/2013:05:07:20 +0200] "GET /newsletter.php HTTP/1.1" 200 6529 "-" "Mozilla/5.0 (compatible; Infohelfer/1.3.3; +http://www.infohelfer.de/crawler.php)"
5.9.88.119 - - [14/Oct/2013:05:08:51 +0200] "GET /index.php HTTP/1.1" 200 12401 "-" "Mozilla/5.0 (compatible; Infohelfer/1.3.3; +http://www.infohelfer.de/crawler.php)"
5.9.88.119 - - [14/Oct/2013:05:10:04 +0200] "GET /standard.php HTTP/1.1" 200 6807 "-" "Mozilla/5.0 (compatible; Infohelfer/1.3.3; +http://www.infohelfer.de/crawler.php)"
5.9.88.119 - - [14/Oct/2013:05:11:05 +0200] "GET /wunschpreis.php HTTP/1.1" 200 10292 "-" "Mozilla/5.0 (compatible; Infohelfer/1.3.3; +http://www.infohelfer.de/crawler.php)"
5.10.83.87 - - [14/Oct/2013:05:11:19 +0200] "GET /news.php?cs_go=archiv&cs_id=4504&cs_search= HTTP/1.1" 200 11806 "-" "Mozilla/5.0 (compatible; AhrefsBot/5.0; +http://ahrefs.com/robot/)"
176.9.138.27 - - [14/Oct/2013:05:12:06 +0200] "GET /robots.txt HTTP/1.1" 200 177 "-" "Mozilla/5.0 (compatible; Spiderlytics/1.0; +spider@spiderlytics.com)"
176.9.138.27 - - [14/Oct/2013:05:12:06 +0200] "GET /images/logos.jpg?cache6867 HTTP/1.1" 200 35043 "-" "Mozilla/5.0 (compatible; Spiderlytics/1.0; +spider@spiderlytics.com)"
5.9.88.119 - - [14/Oct/2013:05:12:11 +0200] "GET /preisanfrage.php HTTP/1.1" 200 8557 "-" "Mozilla/5.0 (compatible; Infohelfer/1.3.3; +http://www.infohelfer.de/crawler.php)"
66.249.78.46 - - [14/Oct/2013:05:12:33 +0200] "GET /optiplus.php HTTP/1.1" 200 8676 "-" "Mozilla/5.0 (compatible; Googlebot/2.1; +http://www.google.com/bot.html)"
5.9.88.119 - - [14/Oct/2013:05:13:12 +0200] "GET /news.php HTTP/1.1" 200 19796 "-" "Mozilla/5.0 (compatible; Infohelfer/1.3.3; +http://www.infohelfer.de/crawler.php)"
5.9.88.119 - - [14/Oct/2013:05:14:34 +0200] "GET /kontakt.php HTTP/1.1" 200 7021 "-" "Mozilla/5.0 (compatible; Infohelfer/1.3.3; +http://www.infohelfer.de/crawler.php)"
5.10.83.87 - - [14/Oct/2013:05:16:12 +0200] "GET /edl.php HTTP/1.1" 200 8633 "-" "Mozilla/5.0 (compatible; AhrefsBot/5.0; +http://ahrefs.com/robot/)"
5.9.88.119 - - [14/Oct/2013:05:16:14 +0200] "GET /jobs.php HTTP/1.1" 200 5020 "-" "Mozilla/5.0 (compatible; Infohelfer/1.3.3; +http://www.infohelfer.de/crawler.php)"
5.9.88.119 - - [14/Oct/2013:05:17:42 +0200] "GET /impressum.php HTTP/1.1" 200 6360 "-" "Mozilla/5.0 (compatible; Infohelfer/1.3.3; +http://www.infohelfer.de/crawler.php)"
5.9.88.119 - - [14/Oct/2013:05:19:05 +0200] "GET /news.php?cs_go=archiv&cs_id=4636 HTTP/1.1" 200 11791 "-" "Mozilla/5.0 (compatible; Infohelfer/1.3.3; +http://www.infohelfer.de/crawler.php)"
5.9.88.119 - - [14/Oct/2013:05:20:24 +0200] "GET /news.php?cs_go=archiv&cs_id=4626 HTTP/1.1" 200 9120 "-" "Mozilla/5.0 (compatible; Infohelfer/1.3.3; +http://www.infohelfer.de/crawler.php)"
5.9.88.119 - - [14/Oct/2013:05:22:03 +0200] "GET /news.php?cs_go=archiv&cs_id=4618 HTTP/1.1" 200 9436 "-" "Mozilla/5.0 (compatible; Infohelfer/1.3.3; +http://www.infohelfer.de/crawler.php)"
5.9.88.119 - - [14/Oct/2013:05:23:24 +0200] "GET /news.php?cs_go=archiv&cs_id=4635 HTTP/1.1" 200 7684 "-" "Mozilla/5.0 (compatible; Infohelfer/1.3.3; +http://www.infohelfer.de/crawler.php)"
5.9.88.119 - - [14/Oct/2013:05:24:42 +0200] "GET /news.php?cs_go=archiv HTTP/1.1" 200 19796 "-" "Mozilla/5.0 (compatible; Infohelfer/1.3.3; +http://www.infohelfer.de/crawler.php)"
5.9.88.119 - - [14/Oct/2013:05:25:58 +0200] "GET /rueckrufservice.php HTTP/1.1" 200 8337 "-" "Mozilla/5.0 (compatible; Infohelfer/1.3.3; +http://www.infohelfer.de/crawler.php)"
5.9.88.119 - - [14/Oct/2013:05:27:22 +0200] "GET /kwk.php HTTP/1.1" 200 8484 "-" "Mozilla/5.0 (compatible; Infohelfer/1.3.3; +http://www.infohelfer.de/crawler.php)"
