82.94.179.38 - - [10/Oct/2013:12:15:12 +0200] "GET /news.php?cs_go=archiv&cs_id=4086 HTTP/1.1" 200 7940 "http://www.mink-gmbh.de/index.php" "Mozilla/4.0 (compatible; Vagabondo/4.0/EU; http://www.wise-guys.nl/)"
82.94.179.38 - - [10/Oct/2013:12:15:19 +0200] "GET /news.php?cs_go=archiv&cs_id=4068 HTTP/1.1" 200 7950 "http://www.mink-gmbh.de/index.php" "Mozilla/4.0 (compatible; Vagabondo/4.0/EU; http://www.wise-guys.nl/)"
82.94.179.38 - - [10/Oct/2013:12:15:25 +0200] "GET /news.php?cs_go=archiv&cs_id=4127 HTTP/1.1" 200 7592 "http://www.mink-gmbh.de/news.php?cs_go=archiv&cs_startpos=10" "Mozilla/4.0 (compatible; Vagabondo/4.0/EU; http://www.wise-guys.nl/)"
82.94.179.38 - - [10/Oct/2013:12:15:32 +0200] "GET /news.php?cs_go=archiv&cs_id=3778 HTTP/1.1" 200 7669 "http://www.mink-gmbh.de/news.php?cs_go=archiv&cs_startpos=150" "Mozilla/4.0 (compatible; Vagabondo/4.0/EU; http://www.wise-guys.nl/)"
82.94.179.38 - - [10/Oct/2013:12:15:38 +0200] "GET /news.php?cs_go=archiv&cs_id=3831 HTTP/1.1" 200 11184 "http://www.mink-gmbh.de/news.php?cs_go=archiv&cs_startpos=130" "Mozilla/4.0 (compatible; Vagabondo/4.0/EU; http://www.wise-guys.nl/)"
82.94.179.38 - - [10/Oct/2013:12:15:45 +0200] "GET /news.php?cs_go=archiv&cs_id=4107 HTTP/1.1" 200 8025 "http://www.mink-gmbh.de/news.php?cs_go=archiv&cs_startpos=40" "Mozilla/4.0 (compatible; Vagabondo/4.0/EU; http://www.wise-guys.nl/)"
82.94.179.38 - - [10/Oct/2013:12:15:52 +0200] "GET /news.php?cs_go=archiv&cs_id=4058 HTTP/1.1" 200 7725 "http://www.mink-gmbh.de/news.php?cs_go=archiv&cs_startpos=10" "Mozilla/4.0 (compatible; Vagabondo/4.0/EU; http://www.wise-guys.nl/)"
82.94.179.38 - - [10/Oct/2013:12:15:58 +0200] "GET /news.php?cs_go=archiv&cs_id=4115 HTTP/1.1" 200 9315 "http://www.mink-gmbh.de/news.php?cs_go=archiv&cs_startpos=30" "Mozilla/4.0 (compatible; Vagabondo/4.0/EU; http://www.wise-guys.nl/)"
82.94.179.38 - - [10/Oct/2013:12:16:04 +0200] "GET /news.php?cs_go=archiv&cs_id=4090 HTTP/1.1" 200 8132 "http://www.mink-gmbh.de/news.php?cs_go=archiv&cs_startpos=10" "Mozilla/4.0 (compatible; Vagabondo/4.0/EU; http://www.wise-guys.nl/)"
82.94.179.38 - - [10/Oct/2013:12:16:11 +0200] "GET /news.php?cs_go=archiv&cs_id=4075 HTTP/1.1" 200 10210 "http://www.mink-gmbh.de/news.php?cs_go=archiv&cs_startpos=20" "Mozilla/4.0 (compatible; Vagabondo/4.0/EU; http://www.wise-guys.nl/)"
82.94.179.38 - - [10/Oct/2013:12:16:18 +0200] "GET /news.php?cs_go=archiv&cs_id=4129 HTTP/1.1" 200 8029 "http://www.mink-gmbh.de/news.php?cs_go=archiv&cs_startpos=30" "Mozilla/4.0 (compatible; Vagabondo/4.0/EU; http://www.wise-guys.nl/)"
82.94.179.38 - - [10/Oct/2013:12:16:24 +0200] "GET /news.php?cs_go=archiv&cs_id=4149 HTTP/1.1" 200 9287 "http://www.mink-gmbh.de/index.php" "Mozilla/4.0 (compatible; Vagabondo/4.0/EU; http://www.wise-guys.nl/)"
82.94.179.38 - - [10/Oct/2013:12:16:30 +0200] "GET /news.php?cs_go=archiv&cs_id=4121 HTTP/1.1" 200 11326 "http://www.mink-gmbh.de/news.php?cs_go=archiv&cs_startpos=30" "Mozilla/4.0 (compatible; Vagabondo/4.0/EU; http://www.wise-guys.nl/)"
82.94.179.38 - - [10/Oct/2013:12:16:35 +0200] "GET /news.php?cs_go=archiv&cs_id=4076 HTTP/1.1" 200 9387 "http://www.mink-gmbh.de/index.php" "Mozilla/4.0 (compatible; Vagabondo/4.0/EU; http://www.wise-guys.nl/)"
82.94.179.38 - - [10/Oct/2013:12:16:41 +0200] "GET /news.php?cs_go=archiv&cs_id=4123 HTTP/1.1" 200 19441 "http://www.mink-gmbh.de/news.php?cs_go=archiv&cs_startpos=20" "Mozilla/4.0 (compatible; Vagabondo/4.0/EU; http://www.wise-guys.nl/)"
82.94.179.38 - - [10/Oct/2013:12:16:48 +0200] "GET /news.php?cs_go=archiv&cs_id=4152 HTTP/1.1" 200 7968 "http://www.mink-gmbh.de/index.php" "Mozilla/4.0 (compatible; Vagabondo/4.0/EU; http://www.wise-guys.nl/)"
82.94.179.38 - - [10/Oct/2013:12:16:53 +0200] "GET /news.php?cs_go=archiv&cs_id=4060 HTTP/1.1" 200 7935 "http://www.mink-gmbh.de/news.php?cs_go=archiv&cs_startpos=10" "Mozilla/4.0 (compatible; Vagabondo/4.0/EU; http://www.wise-guys.nl/)"
82.94.179.38 - - [10/Oct/2013:12:16:59 +0200] "GET /news.php?cs_go=archiv&cs_id=3734 HTTP/1.1" 200 9128 "http://www.mink-gmbh.de/news.php?cs_go=archiv&cs_startpos=150" "Mozilla/4.0 (compatible; Vagabondo/4.0/EU; http://www.wise-guys.nl/)"
82.94.179.38 - - [10/Oct/2013:12:17:04 +0200] "GET /news.php?cs_go=archiv&cs_id=4077 HTTP/1.1" 200 7494 "http://www.mink-gmbh.de/news.php?cs_go=archiv&cs_startpos=20" "Mozilla/4.0 (compatible; Vagabondo/4.0/EU; http://www.wise-guys.nl/)"
82.94.179.38 - - [10/Oct/2013:12:17:09 +0200] "GET /news.php?cs_go=archiv&cs_id=3781 HTTP/1.1" 200 8986 "http://www.mink-gmbh.de/news.php?cs_go=archiv&cs_startpos=150" "Mozilla/4.0 (compatible; Vagabondo/4.0/EU; http://www.wise-guys.nl/)"
82.94.179.38 - - [10/Oct/2013:12:17:13 +0200] "GET /news.php?cs_go=archiv&cs_id=4153 HTTP/1.1" 200 11338 "http://www.mink-gmbh.de/news.php" "Mozilla/4.0 (compatible; Vagabondo/4.0/EU; http://www.wise-guys.nl/)"
82.94.179.38 - - [10/Oct/2013:12:17:18 +0200] "GET /news.php?cs_go=archiv&cs_id=4071 HTTP/1.1" 200 7491 "http://www.mink-gmbh.de/news.php?cs_go=archiv&cs_startpos=20" "Mozilla/4.0 (compatible; Vagabondo/4.0/EU; http://www.wise-guys.nl/)"
82.94.179.38 - - [10/Oct/2013:12:17:22 +0200] "GET /news.php?cs_go=archiv&cs_id=3830 HTTP/1.1" 200 11159 "http://www.mink-gmbh.de/news.php?cs_go=archiv&cs_startpos=140" "Mozilla/4.0 (compatible; Vagabondo/4.0/EU; http://www.wise-guys.nl/)"
82.94.179.38 - - [10/Oct/2013:12:17:27 +0200] "GET /news.php?cs_go=archiv&cs_id=4069 HTTP/1.1" 200 8036 "http://www.mink-gmbh.de/news.php?cs_go=archiv&cs_startpos=20" "Mozilla/4.0 (compatible; Vagabondo/4.0/EU; http://www.wise-guys.nl/)"
82.94.179.38 - - [10/Oct/2013:12:17:32 +0200] "GET /news.php?cs_go=archiv&cs_id=4053 HTTP/1.1" 200 7702 "http://www.mink-gmbh.de/news.php?cs_go=archiv&cs_startpos=10" "Mozilla/4.0 (compatible; Vagabondo/4.0/EU; http://www.wise-guys.nl/)"
82.94.179.38 - - [10/Oct/2013:12:17:37 +0200] "GET /news.php?cs_go=archiv&cs_id=4156 HTTP/1.1" 200 10625 "http://www.mink-gmbh.de" "Mozilla/4.0 (compatible; Vagabondo/4.0/EU; http://www.wise-guys.nl/)"
82.94.179.38 - - [10/Oct/2013:12:17:41 +0200] "GET /news.php?cs_go=archiv&cs_id=4114 HTTP/1.1" 200 8073 "http://www.mink-gmbh.de/news.php?cs_go=archiv&cs_startpos=20" "Mozilla/4.0 (compatible; Vagabondo/4.0/EU; http://www.wise-guys.nl/)"
82.94.179.38 - - [10/Oct/2013:12:17:46 +0200] "GET /news.php?cs_go=archiv&cs_id=3815 HTTP/1.1" 200 10853 "http://www.mink-gmbh.de/news.php?cs_go=archiv&cs_startpos=150" "Mozilla/4.0 (compatible; Vagabondo/4.0/EU; http://www.wise-guys.nl/)"
82.94.179.38 - - [10/Oct/2013:12:17:51 +0200] "GET /news.php?cs_go=archiv&cs_id=4066 HTTP/1.1" 200 9969 "http://www.mink-gmbh.de/news.php" "Mozilla/4.0 (compatible; Vagabondo/4.0/EU; http://www.wise-guys.nl/)"
82.94.179.38 - - [10/Oct/2013:12:17:56 +0200] "GET /news.php?cs_go=archiv&cs_id=3814 HTTP/1.1" 200 10649 "http://www.mink-gmbh.de/news.php?cs_go=archiv&cs_startpos=150" "Mozilla/4.0 (compatible; Vagabondo/4.0/EU; http://www.wise-guys.nl/)"
82.94.179.38 - - [10/Oct/2013:12:18:00 +0200] "GET /news.php?cs_go=archiv&cs_id=4044 HTTP/1.1" 200 13289 "http://www.mink-gmbh.de/news.php?cs_go=archiv&cs_startpos=20" "Mozilla/4.0 (compatible; Vagabondo/4.0/EU; http://www.wise-guys.nl/)"
82.94.179.38 - - [10/Oct/2013:12:18:05 +0200] "GET /news.php?cs_go=archiv&cs_id=4067 HTTP/1.1" 200 8369 "http://www.mink-gmbh.de/index.php" "Mozilla/4.0 (compatible; Vagabondo/4.0/EU; http://www.wise-guys.nl/)"
82.94.179.38 - - [10/Oct/2013:12:18:10 +0200] "GET /news.php?cs_go=archiv&cs_id=3721 HTTP/1.1" 200 8716 "http://www.mink-gmbh.de/news.php?cs_go=archiv&cs_startpos=150" "Mozilla/4.0 (compatible; Vagabondo/4.0/EU; http://www.wise-guys.nl/)"
82.94.179.38 - - [10/Oct/2013:12:18:14 +0200] "GET /news.php?cs_go=archiv&cs_id=4064 HTTP/1.1" 200 11482 "http://www.mink-gmbh.de/news.php" "Mozilla/4.0 (compatible; Vagabondo/4.0/EU; http://www.wise-guys.nl/)"
82.94.179.38 - - [10/Oct/2013:12:18:18 +0200] "GET /news.php?cs_go=archiv&cs_id=4057 HTTP/1.1" 200 10900 "http://www.mink-gmbh.de/news.php?cs_go=archiv&cs_startpos=10" "Mozilla/4.0 (compatible; Vagabondo/4.0/EU; http://www.wise-guys.nl/)"
82.94.179.38 - - [10/Oct/2013:12:18:23 +0200] "GET /news.php?cs_go=archiv&cs_id=4042 HTTP/1.1" 200 7798 "http://www.mink-gmbh.de/news.php?cs_go=archiv&cs_startpos=20" "Mozilla/4.0 (compatible; Vagabondo/4.0/EU; http://www.wise-guys.nl/)"
82.94.179.38 - - [10/Oct/2013:12:18:28 +0200] "GET /news.php?cs_go=archiv&cs_id=4108 HTTP/1.1" 200 8493 "http://www.mink-gmbh.de/news.php?cs_go=archiv&cs_startpos=30" "Mozilla/4.0 (compatible; Vagabondo/4.0/EU; http://www.wise-guys.nl/)"
82.94.179.38 - - [10/Oct/2013:12:18:32 +0200] "GET /news.php?cs_go=archiv&cs_id=4062 HTTP/1.1" 200 10799 "http://www.mink-gmbh.de/news.php?cs_go=archiv" "Mozilla/4.0 (compatible; Vagabondo/4.0/EU; http://www.wise-guys.nl/)"
82.94.179.38 - - [10/Oct/2013:12:18:36 +0200] "GET /news.php?cs_go=archiv&cs_id=4146 HTTP/1.1" 200 11241 "http://www.mink-gmbh.de/news.php?cs_go=archiv&cs_startpos=10" "Mozilla/4.0 (compatible; Vagabondo/4.0/EU; http://www.wise-guys.nl/)"
82.94.179.38 - - [10/Oct/2013:12:18:41 +0200] "GET /news.php?cs_go=archiv&cs_startpos=231 HTTP/1.1" 200 20144 "http://www.mink-gmbh.de/news.php?cs_go=archiv&cs_startpos=221" "Mozilla/4.0 (compatible; Vagabondo/4.0/EU; http://www.wise-guys.nl/)"
82.94.179.38 - - [10/Oct/2013:12:18:45 +0200] "GET /news.php?cs_go=archiv&cs_id=4144 HTTP/1.1" 200 11161 "http://www.mink-gmbh.de/news.php?cs_go=archiv&cs_startpos=10" "Mozilla/4.0 (compatible; Vagabondo/4.0/EU; http://www.wise-guys.nl/)"
82.94.179.38 - - [10/Oct/2013:12:18:49 +0200] "GET /news.php?cs_go=archiv&cs_id=4139 HTTP/1.1" 200 8764 "http://www.mink-gmbh.de/news.php?cs_go=archiv&cs_startpos=10" "Mozilla/4.0 (compatible; Vagabondo/4.0/EU; http://www.wise-guys.nl/)"
82.94.179.38 - - [10/Oct/2013:12:18:54 +0200] "GET /news.php?cs_go=archiv&cs_id=4145 HTTP/1.1" 200 7565 "http://www.mink-gmbh.de/news.php?cs_go=archiv&cs_startpos=10" "Mozilla/4.0 (compatible; Vagabondo/4.0/EU; http://www.wise-guys.nl/)"
82.94.179.38 - - [10/Oct/2013:12:18:58 +0200] "GET /news.php?cs_go=archiv&cs_startpos=211 HTTP/1.1" 200 20412 "http://www.mink-gmbh.de/news.php?cs_go=archiv&cs_startpos=221" "Mozilla/4.0 (compatible; Vagabondo/4.0/EU; http://www.wise-guys.nl/)"
82.94.179.38 - - [10/Oct/2013:12:19:03 +0200] "GET /news.php?cs_go=archiv&cs_id=4138 HTTP/1.1" 200 8546 "http://www.mink-gmbh.de/news.php?cs_go=archiv&cs_startpos=10" "Mozilla/4.0 (compatible; Vagabondo/4.0/EU; http://www.wise-guys.nl/)"
82.94.179.38 - - [10/Oct/2013:12:19:07 +0200] "GET /news.php?cs_go=archiv&cs_id=4142 HTTP/1.1" 200 10089 "http://www.mink-gmbh.de/news.php?cs_go=archiv&cs_startpos=10" "Mozilla/4.0 (compatible; Vagabondo/4.0/EU; http://www.wise-guys.nl/)"
178.0.176.240 - - [10/Oct/2013:12:31:10 +0200] "GET /style.css HTTP/1.1" 200 8402 "http://www.mink-gmbh.de/" "Mozilla/5.0 (Macintosh; Intel Mac OS X 10.6; rv:24.0) Gecko/20100101 Firefox/24.0"
178.0.176.240 - - [10/Oct/2013:12:31:10 +0200] "GET /modul.css HTTP/1.1" 200 35038 "http://www.mink-gmbh.de/" "Mozilla/5.0 (Macintosh; Intel Mac OS X 10.6; rv:24.0) Gecko/20100101 Firefox/24.0"
178.0.176.240 - - [10/Oct/2013:12:31:10 +0200] "GET /favicon.ico HTTP/1.1" 200 3638 "-" "Mozilla/5.0 (Macintosh; Intel Mac OS X 10.6; rv:24.0) Gecko/20100101 Firefox/24.0"
178.0.176.240 - - [10/Oct/2013:12:31:10 +0200] "GET /js_contentserver24_greybox/gb_styles.css HTTP/1.1" 200 2302 "http://www.mink-gmbh.de/" "Mozilla/5.0 (Macintosh; Intel Mac OS X 10.6; rv:24.0) Gecko/20100101 Firefox/24.0"
178.0.176.240 - - [10/Oct/2013:12:31:11 +0200] "GET /js_contentserver24_greybox/AJS.js HTTP/1.1" 200 10396 "http://www.mink-gmbh.de/" "Mozilla/5.0 (Macintosh; Intel Mac OS X 10.6; rv:24.0) Gecko/20100101 Firefox/24.0"
178.0.176.240 - - [10/Oct/2013:12:31:11 +0200] "GET /js_contentserver24_greybox/AJS_fx.js HTTP/1.1" 200 3192 "http://www.mink-gmbh.de/" "Mozilla/5.0 (Macintosh; Intel Mac OS X 10.6; rv:24.0) Gecko/20100101 Firefox/24.0"
178.0.176.240 - - [10/Oct/2013:12:31:11 +0200] "GET /js_contentserver24_greybox/gb_scripts.js HTTP/1.1" 200 11913 "http://www.mink-gmbh.de/" "Mozilla/5.0 (Macintosh; Intel Mac OS X 10.6; rv:24.0) Gecko/20100101 Firefox/24.0"
178.0.176.240 - - [10/Oct/2013:12:31:11 +0200] "GET /images/bg.png HTTP/1.1" 200 922 "http://www.mink-gmbh.de/style.css" "Mozilla/5.0 (Macintosh; Intel Mac OS X 10.6; rv:24.0) Gecko/20100101 Firefox/24.0"
178.0.176.240 - - [10/Oct/2013:12:31:10 +0200] "GET / HTTP/1.1" 200 12408 "http://www.11880.com/42106319-3303040/kohlen-und-brennstoffe-berlin.html" "Mozilla/5.0 (Macintosh; Intel Mac OS X 10.6; rv:24.0) Gecko/20100101 Firefox/24.0"
178.0.176.240 - - [10/Oct/2013:12:31:11 +0200] "GET /js_contentserver24_greybox/w_close.gif HTTP/1.1" 200 74 "http://www.mink-gmbh.de/" "Mozilla/5.0 (Macintosh; Intel Mac OS X 10.6; rv:24.0) Gecko/20100101 Firefox/24.0"
178.0.176.240 - - [10/Oct/2013:12:31:11 +0200] "GET /images/close.png HTTP/1.1" 200 703 "http://www.mink-gmbh.de/" "Mozilla/5.0 (Macintosh; Intel Mac OS X 10.6; rv:24.0) Gecko/20100101 Firefox/24.0"
178.0.176.240 - - [10/Oct/2013:12:31:11 +0200] "GET /images/newsletter_bg.jpg HTTP/1.1" 200 33610 "http://www.mink-gmbh.de/" "Mozilla/5.0 (Macintosh; Intel Mac OS X 10.6; rv:24.0) Gecko/20100101 Firefox/24.0"
178.0.176.240 - - [10/Oct/2013:12:31:11 +0200] "GET /images/newsletter.png HTTP/1.1" 200 14619 "http://www.mink-gmbh.de/style.css" "Mozilla/5.0 (Macintosh; Intel Mac OS X 10.6; rv:24.0) Gecko/20100101 Firefox/24.0"
178.0.176.240 - - [10/Oct/2013:12:31:11 +0200] "GET /images/wrapperbg.jpg HTTP/1.1" 200 27465 "http://www.mink-gmbh.de/style.css" "Mozilla/5.0 (Macintosh; Intel Mac OS X 10.6; rv:24.0) Gecko/20100101 Firefox/24.0"
178.0.176.240 - - [10/Oct/2013:12:31:11 +0200] "GET /images/header.jpg HTTP/1.1" 200 25189 "http://www.mink-gmbh.de/style.css" "Mozilla/5.0 (Macintosh; Intel Mac OS X 10.6; rv:24.0) Gecko/20100101 Firefox/24.0"
178.0.176.240 - - [10/Oct/2013:12:31:11 +0200] "GET /images/navibg.png HTTP/1.1" 200 2803 "http://www.mink-gmbh.de/style.css" "Mozilla/5.0 (Macintosh; Intel Mac OS X 10.6; rv:24.0) Gecko/20100101 Firefox/24.0"
178.0.176.240 - - [10/Oct/2013:12:31:11 +0200] "GET /images/steigend.png HTTP/1.1" 200 688 "http://www.mink-gmbh.de/modul.css" "Mozilla/5.0 (Macintosh; Intel Mac OS X 10.6; rv:24.0) Gecko/20100101 Firefox/24.0"
178.0.176.240 - - [10/Oct/2013:12:31:11 +0200] "GET /images/tkw.jpg HTTP/1.1" 200 64031 "http://www.mink-gmbh.de/" "Mozilla/5.0 (Macintosh; Intel Mac OS X 10.6; rv:24.0) Gecko/20100101 Firefox/24.0"
178.0.176.240 - - [10/Oct/2013:12:31:11 +0200] "GET /images/team-energie.png HTTP/1.1" 200 17383 "http://www.mink-gmbh.de/" "Mozilla/5.0 (Macintosh; Intel Mac OS X 10.6; rv:24.0) Gecko/20100101 Firefox/24.0"
178.0.176.240 - - [10/Oct/2013:12:31:11 +0200] "GET /images/freecall.jpg HTTP/1.1" 200 39195 "http://www.mink-gmbh.de/" "Mozilla/5.0 (Macintosh; Intel Mac OS X 10.6; rv:24.0) Gecko/20100101 Firefox/24.0"
178.0.176.240 - - [10/Oct/2013:12:31:11 +0200] "GET /images/mail.jpg HTTP/1.1" 200 11165 "http://www.mink-gmbh.de/" "Mozilla/5.0 (Macintosh; Intel Mac OS X 10.6; rv:24.0) Gecko/20100101 Firefox/24.0"
178.0.176.240 - - [10/Oct/2013:12:31:11 +0200] "GET /images/kwk.gif HTTP/1.1" 200 6403 "http://www.mink-gmbh.de/" "Mozilla/5.0 (Macintosh; Intel Mac OS X 10.6; rv:24.0) Gecko/20100101 Firefox/24.0"
178.0.176.240 - - [10/Oct/2013:12:31:11 +0200] "GET /images/wunschpreis.jpg HTTP/1.1" 200 16767 "http://www.mink-gmbh.de/" "Mozilla/5.0 (Macintosh; Intel Mac OS X 10.6; rv:24.0) Gecko/20100101 Firefox/24.0"
178.0.176.240 - - [10/Oct/2013:12:31:11 +0200] "GET /images/logos.jpg?cache5401 HTTP/1.1" 200 35043 "http://www.mink-gmbh.de/" "Mozilla/5.0 (Macintosh; Intel Mac OS X 10.6; rv:24.0) Gecko/20100101 Firefox/24.0"
178.0.176.240 - - [10/Oct/2013:12:31:11 +0200] "GET /images/mobil.jpg HTTP/1.1" 200 25293 "http://www.mink-gmbh.de/style.css" "Mozilla/5.0 (Macintosh; Intel Mac OS X 10.6; rv:24.0) Gecko/20100101 Firefox/24.0"
178.0.176.240 - - [10/Oct/2013:12:31:11 +0200] "GET /images/newsletter.jpg HTTP/1.1" 200 13130 "http://www.mink-gmbh.de/style.css" "Mozilla/5.0 (Macintosh; Intel Mac OS X 10.6; rv:24.0) Gecko/20100101 Firefox/24.0"
178.0.176.240 - - [10/Oct/2013:12:31:11 +0200] "GET /images/footerbg.jpg HTTP/1.1" 200 2184 "http://www.mink-gmbh.de/style.css" "Mozilla/5.0 (Macintosh; Intel Mac OS X 10.6; rv:24.0) Gecko/20100101 Firefox/24.0"
178.0.176.240 - - [10/Oct/2013:12:31:11 +0200] "GET /js_contentserver24_greybox/loader_frame.html?s=0 HTTP/1.1" 200 2084 "http://www.mink-gmbh.de/" "Mozilla/5.0 (Macintosh; Intel Mac OS X 10.6; rv:24.0) Gecko/20100101 Firefox/24.0"
178.0.176.240 - - [10/Oct/2013:12:31:11 +0200] "GET /js_contentserver24_greybox/header_bg.gif HTTP/1.1" 200 1188 "http://www.mink-gmbh.de/" "Mozilla/5.0 (Macintosh; Intel Mac OS X 10.6; rv:24.0) Gecko/20100101 Firefox/24.0"
178.0.176.240 - - [10/Oct/2013:12:31:11 +0200] "GET /js_contentserver24_greybox/indicator.gif HTTP/1.1" 200 8238 "http://www.mink-gmbh.de/js_contentserver24_greybox/loader_frame.html?s=0" "Mozilla/5.0 (Macintosh; Intel Mac OS X 10.6; rv:24.0) Gecko/20100101 Firefox/24.0"
178.0.176.240 - - [10/Oct/2013:12:31:12 +0200] "GET /js_contentserver24_greybox/g_close.gif HTTP/1.1" 200 541 "http://www.mink-gmbh.de/" "Mozilla/5.0 (Macintosh; Intel Mac OS X 10.6; rv:24.0) Gecko/20100101 Firefox/24.0"
178.0.176.240 - - [10/Oct/2013:12:31:17 +0200] "GET /standard.php HTTP/1.1" 200 6807 "http://www.mink-gmbh.de/" "Mozilla/5.0 (Macintosh; Intel Mac OS X 10.6; rv:24.0) Gecko/20100101 Firefox/24.0"
178.0.176.240 - - [10/Oct/2013:12:31:17 +0200] "GET /images/logos.jpg?cache1281 HTTP/1.1" 200 35043 "http://www.mink-gmbh.de/standard.php" "Mozilla/5.0 (Macintosh; Intel Mac OS X 10.6; rv:24.0) Gecko/20100101 Firefox/24.0"
178.0.176.240 - - [10/Oct/2013:12:31:26 +0200] "GET / HTTP/1.1" 200 11668 "http://www.11880.com/42106319-3303040/kohlen-und-brennstoffe-berlin.html" "Mozilla/5.0 (Macintosh; Intel Mac OS X 10.6; rv:24.0) Gecko/20100101 Firefox/24.0"
178.0.176.240 - - [10/Oct/2013:12:31:27 +0200] "GET /images/logos.jpg?cache3817 HTTP/1.1" 200 35043 "http://www.mink-gmbh.de/" "Mozilla/5.0 (Macintosh; Intel Mac OS X 10.6; rv:24.0) Gecko/20100101 Firefox/24.0"
66.249.78.46 - - [10/Oct/2013:12:37:45 +0200] "GET /images/logos.jpg?cache8262 HTTP/1.1" 200 35043 "-" "Googlebot-Image/1.0"
66.249.78.46 - - [10/Oct/2013:13:16:46 +0200] "GET /images/logos.jpg?cache9289 HTTP/1.1" 200 35043 "-" "Googlebot-Image/1.0"
178.137.89.18 - - [10/Oct/2013:13:30:22 +0200] "GET /agb.php HTTP/1.0" 200 17598 "http://www.mink-gmbh.de/agb.php" "Mozilla/5.0 (Windows NT 6.1; WOW64) AppleWebKit/535.19 (KHTML, like Gecko) Chrome/18.0.1025.1634 Safari/535.19 YE"
65.36.241.79 - - [10/Oct/2013:13:31:57 +0200] "HEAD / HTTP/1.1" 200 - "-" "InternetSeer.com"
144.76.95.39 - - [10/Oct/2013:13:53:53 +0200] "GET /robots.txt HTTP/1.0" 200 177 "-" "Mozilla/5.0 (compatible; MJ12bot/v1.4.4; http://www.majestic12.co.uk/bot.php?+)"
144.76.95.39 - - [10/Oct/2013:13:54:16 +0200] "GET /news.php?cs_go=archiv&cs_id=4201 HTTP/1.0" 200 9444 "-" "Mozilla/5.0 (compatible; MJ12bot/v1.4.4; http://www.majestic12.co.uk/bot.php?+)"
66.249.78.46 - - [10/Oct/2013:13:55:47 +0200] "GET /robots.txt HTTP/1.1" 200 177 "-" "Mozilla/5.0 (compatible; Googlebot/2.1; +http://www.google.com/bot.html)"
66.249.78.46 - - [10/Oct/2013:13:55:47 +0200] "GET /images/logos.jpg?cache9745 HTTP/1.1" 200 35043 "-" "Googlebot-Image/1.0"
66.249.66.49 - - [10/Oct/2013:14:31:37 +0200] "GET /rueckrufservice.php HTTP/1.1" 200 8337 "-" "DoCoMo/2.0 N905i(c100;TB;W24H16) (compatible; Googlebot-Mobile/2.1; +http://www.google.com/bot.html)"
67.195.112.164 - - [10/Oct/2013:14:36:24 +0200] "GET /robots.txt HTTP/1.0" 200 177 "-" "Mozilla/5.0 (compatible; Yahoo! Slurp; http://help.yahoo.com/help/us/ysearch/slurp)"
67.195.112.164 - - [10/Oct/2013:14:36:25 +0200] "GET /style.css HTTP/1.0" 200 8402 "http://www.mink-gmbh.de/" "Mozilla/5.0 (compatible; Yahoo! Slurp; http://help.yahoo.com/help/us/ysearch/slurp)"
67.195.112.164 - - [10/Oct/2013:14:36:24 +0200] "GET / HTTP/1.0" 200 12351 "-" "Mozilla/5.0 (compatible; Yahoo! Slurp; http://help.yahoo.com/help/us/ysearch/slurp)"
67.195.112.164 - - [10/Oct/2013:14:36:25 +0200] "GET /modul.css HTTP/1.0" 200 35038 "http://www.mink-gmbh.de/" "Mozilla/5.0 (compatible; Yahoo! Slurp; http://help.yahoo.com/help/us/ysearch/slurp)"
67.195.112.164 - - [10/Oct/2013:14:36:26 +0200] "GET /js_contentserver24_greybox/gb_styles.css HTTP/1.0" 200 2302 "http://www.mink-gmbh.de/" "Mozilla/5.0 (compatible; Yahoo! Slurp; http://help.yahoo.com/help/us/ysearch/slurp)"
66.249.78.46 - - [10/Oct/2013:15:17:45 +0200] "GET / HTTP/1.1" 200 12351 "-" "Mozilla/5.0 (iPhone; U; CPU iPhone OS 4_1 like Mac OS X; en-us) AppleWebKit/532.9 (KHTML, like Gecko) Version/4.0.5 Mobile/8B117 Safari/6531.22.7 (compatible; Googlebot-Mobile/2.1; +http://www.google.com/bot.html)"
176.9.138.27 - - [10/Oct/2013:15:28:30 +0200] "GET /robots.txt HTTP/1.1" 200 177 "-" "Mozilla/5.0 (compatible; Spiderlytics/1.0; +spider@spiderlytics.com)"
208.115.111.75 - - [10/Oct/2013:15:43:58 +0200] "GET /robots.txt HTTP/1.1" 200 177 "-" "Mozilla/5.0 (compatible; Ezooms/1.0; ezooms.bot@gmail.com)"
66.249.78.46 - - [10/Oct/2013:16:23:22 +0200] "GET /news.php?cs_go=archiv&cs_id=4547 HTTP/1.1" 200 8689 "-" "Mozilla/5.0 (compatible; Googlebot/2.1; +http://www.google.com/bot.html)"
123.125.71.19 - - [10/Oct/2013:16:46:35 +0200] "GET / HTTP/1.1" 200 6594 "-" "Mozilla/5.0 (compatible; Baiduspider/2.0; +http://www.baidu.com/search/spider.html)"
220.181.108.108 - - [10/Oct/2013:16:48:01 +0200] "GET / HTTP/1.1" 200 8839 "-" "Mozilla/5.0 (compatible; Baiduspider/2.0; +http://www.baidu.com/search/spider.html)"
66.249.78.46 - - [10/Oct/2013:16:50:23 +0200] "GET /news.php HTTP/1.1" 200 19833 "-" "SAMSUNG-SGH-E250/1.0 Profile/MIDP-2.0 Configuration/CLDC-1.1 UP.Browser/6.2.3.3.c.1.101 (GUI) MMP/2.0 (compatible; Googlebot-Mobile/2.1; +http://www.google.com/bot.html)"
66.249.78.46 - - [10/Oct/2013:16:53:04 +0200] "GET /news.php?cs_go=archiv&cs_startpos=261 HTTP/1.1" 200 6187 "-" "Mozilla/5.0 (compatible; Googlebot/2.1; +http://www.google.com/bot.html)"
120.37.209.207 - - [10/Oct/2013:17:11:08 +0200] "GET /news.php?cs_go=archiv&cs_id=4112&cs_search= HTTP/1.0" 200 9472 "http://www.mink-gmbh.de/news.php?cs_go=archiv&cs_id=4112&cs_search=" "Mozilla/5.0 (Windows NT 6.1; rv:10.0) Gecko/20100101 Firefox/10.0"
66.249.78.46 - - [10/Oct/2013:17:33:54 +0200] "GET /faq.php HTTP/1.1" 200 216868 "-" "Mozilla/5.0 (compatible; Googlebot/2.1; +http://www.google.com/bot.html)"
208.115.111.75 - - [10/Oct/2013:17:36:34 +0200] "GET /news.php?cs_go=archiv&cs_startpos=200 HTTP/1.1" 200 20665 "-" "Mozilla/5.0 (compatible; Ezooms/1.0; ezooms.bot@gmail.com)"
157.55.32.225 - - [10/Oct/2013:17:47:04 +0200] "GET /robots.txt HTTP/1.1" 200 177 "-" "Mozilla/5.0 (compatible; bingbot/2.0; +http://www.bing.com/bingbot.htm)"
66.249.78.46 - - [10/Oct/2013:18:08:31 +0200] "GET /news.php?cs_go=archiv&cs_id=4608 HTTP/1.1" 200 11354 "-" "Mozilla/5.0 (iPhone; U; CPU iPhone OS 4_1 like Mac OS X; en-us) AppleWebKit/532.9 (KHTML, like Gecko) Version/4.0.5 Mobile/8B117 Safari/6531.22.7 (compatible; Googlebot-Mobile/2.1; +http://www.google.com/bot.html)"
66.249.78.46 - - [10/Oct/2013:18:09:21 +0200] "GET /style.css HTTP/1.1" 200 8402 "http://www.mink-gmbh.de/news.php?cs_go=archiv&cs_startpos=261" "Mozilla/5.0 (compatible; Googlebot/2.1; +http://www.google.com/bot.html)"
66.249.78.46 - - [10/Oct/2013:18:18:26 +0200] "GET /news.php?cs_go=archiv&cs_id=4434 HTTP/1.1" 200 10214 "-" "Mozilla/5.0 (compatible; Googlebot/2.1; +http://www.google.com/bot.html)"
193.158.74.218 - - [10/Oct/2013:18:25:21 +0200] "GET /style.css HTTP/1.1" 200 8402 "http://www.mink-gmbh.de/" "Mozilla/4.0 (compatible; MSIE 8.0; Windows NT 5.1; Trident/4.0; .NET CLR 1.1.4322; .NET CLR 2.0.50727; .NET CLR 3.0.04506.30; .NET CLR 3.0.04506.648; .NET CLR 3.0.4506.2152; .NET CLR 3.5.30729)"
193.158.74.218 - - [10/Oct/2013:18:25:21 +0200] "GET /modul.css HTTP/1.1" 200 35038 "http://www.mink-gmbh.de/" "Mozilla/4.0 (compatible; MSIE 8.0; Windows NT 5.1; Trident/4.0; .NET CLR 1.1.4322; .NET CLR 2.0.50727; .NET CLR 3.0.04506.30; .NET CLR 3.0.04506.648; .NET CLR 3.0.4506.2152; .NET CLR 3.5.30729)"
193.158.74.218 - - [10/Oct/2013:18:25:21 +0200] "GET /js_contentserver24_greybox/gb_styles.css HTTP/1.1" 200 2302 "http://www.mink-gmbh.de/" "Mozilla/4.0 (compatible; MSIE 8.0; Windows NT 5.1; Trident/4.0; .NET CLR 1.1.4322; .NET CLR 2.0.50727; .NET CLR 3.0.04506.30; .NET CLR 3.0.04506.648; .NET CLR 3.0.4506.2152; .NET CLR 3.5.30729)"
193.158.74.218 - - [10/Oct/2013:18:25:21 +0200] "GET /js_contentserver24_greybox/AJS_fx.js HTTP/1.1" 200 3192 "http://www.mink-gmbh.de/" "Mozilla/4.0 (compatible; MSIE 8.0; Windows NT 5.1; Trident/4.0; .NET CLR 1.1.4322; .NET CLR 2.0.50727; .NET CLR 3.0.04506.30; .NET CLR 3.0.04506.648; .NET CLR 3.0.4506.2152; .NET CLR 3.5.30729)"
193.158.74.218 - - [10/Oct/2013:18:25:21 +0200] "GET /js_contentserver24_greybox/gb_scripts.js HTTP/1.1" 200 11913 "http://www.mink-gmbh.de/" "Mozilla/4.0 (compatible; MSIE 8.0; Windows NT 5.1; Trident/4.0; .NET CLR 1.1.4322; .NET CLR 2.0.50727; .NET CLR 3.0.04506.30; .NET CLR 3.0.04506.648; .NET CLR 3.0.4506.2152; .NET CLR 3.5.30729)"
193.158.74.218 - - [10/Oct/2013:18:25:21 +0200] "GET /js_contentserver24_greybox/AJS.js HTTP/1.1" 200 10396 "http://www.mink-gmbh.de/" "Mozilla/4.0 (compatible; MSIE 8.0; Windows NT 5.1; Trident/4.0; .NET CLR 1.1.4322; .NET CLR 2.0.50727; .NET CLR 3.0.04506.30; .NET CLR 3.0.04506.648; .NET CLR 3.0.4506.2152; .NET CLR 3.5.30729)"
193.158.74.218 - - [10/Oct/2013:18:25:20 +0200] "GET / HTTP/1.1" 200 12351 "http://handball.bfc-preussen.de/index.php/maenner/1-maenner" "Mozilla/4.0 (compatible; MSIE 8.0; Windows NT 5.1; Trident/4.0; .NET CLR 1.1.4322; .NET CLR 2.0.50727; .NET CLR 3.0.04506.30; .NET CLR 3.0.04506.648; .NET CLR 3.0.4506.2152; .NET CLR 3.5.30729)"
193.158.74.218 - - [10/Oct/2013:18:25:21 +0200] "GET /js_contentserver24_greybox/w_close.gif HTTP/1.1" 200 74 "http://www.mink-gmbh.de/" "Mozilla/4.0 (compatible; MSIE 8.0; Windows NT 5.1; Trident/4.0; .NET CLR 1.1.4322; .NET CLR 2.0.50727; .NET CLR 3.0.04506.30; .NET CLR 3.0.04506.648; .NET CLR 3.0.4506.2152; .NET CLR 3.5.30729)"
193.158.74.218 - - [10/Oct/2013:18:25:21 +0200] "GET /images/bg.png HTTP/1.1" 200 922 "http://www.mink-gmbh.de/" "Mozilla/4.0 (compatible; MSIE 8.0; Windows NT 5.1; Trident/4.0; .NET CLR 1.1.4322; .NET CLR 2.0.50727; .NET CLR 3.0.04506.30; .NET CLR 3.0.04506.648; .NET CLR 3.0.4506.2152; .NET CLR 3.5.30729)"
193.158.74.218 - - [10/Oct/2013:18:25:21 +0200] "GET /images/newsletter_bg.jpg HTTP/1.1" 200 33610 "http://www.mink-gmbh.de/" "Mozilla/4.0 (compatible; MSIE 8.0; Windows NT 5.1; Trident/4.0; .NET CLR 1.1.4322; .NET CLR 2.0.50727; .NET CLR 3.0.04506.30; .NET CLR 3.0.04506.648; .NET CLR 3.0.4506.2152; .NET CLR 3.5.30729)"
193.158.74.218 - - [10/Oct/2013:18:25:21 +0200] "GET /images/wrapperbg.jpg HTTP/1.1" 200 27465 "http://www.mink-gmbh.de/" "Mozilla/4.0 (compatible; MSIE 8.0; Windows NT 5.1; Trident/4.0; .NET CLR 1.1.4322; .NET CLR 2.0.50727; .NET CLR 3.0.04506.30; .NET CLR 3.0.04506.648; .NET CLR 3.0.4506.2152; .NET CLR 3.5.30729)"
193.158.74.218 - - [10/Oct/2013:18:25:21 +0200] "GET /js_contentserver24_greybox/header_bg.gif HTTP/1.1" 200 1188 "http://www.mink-gmbh.de/" "Mozilla/4.0 (compatible; MSIE 8.0; Windows NT 5.1; Trident/4.0; .NET CLR 1.1.4322; .NET CLR 2.0.50727; .NET CLR 3.0.04506.30; .NET CLR 3.0.04506.648; .NET CLR 3.0.4506.2152; .NET CLR 3.5.30729)"
193.158.74.218 - - [10/Oct/2013:18:25:21 +0200] "GET /images/close.png HTTP/1.1" 200 703 "http://www.mink-gmbh.de/" "Mozilla/4.0 (compatible; MSIE 8.0; Windows NT 5.1; Trident/4.0; .NET CLR 1.1.4322; .NET CLR 2.0.50727; .NET CLR 3.0.04506.30; .NET CLR 3.0.04506.648; .NET CLR 3.0.4506.2152; .NET CLR 3.5.30729)"
193.158.74.218 - - [10/Oct/2013:18:25:21 +0200] "GET /images/navibg.png HTTP/1.1" 200 2803 "http://www.mink-gmbh.de/" "Mozilla/4.0 (compatible; MSIE 8.0; Windows NT 5.1; Trident/4.0; .NET CLR 1.1.4322; .NET CLR 2.0.50727; .NET CLR 3.0.04506.30; .NET CLR 3.0.04506.648; .NET CLR 3.0.4506.2152; .NET CLR 3.5.30729)"
193.158.74.218 - - [10/Oct/2013:18:25:21 +0200] "GET /images/newsletter.png HTTP/1.1" 200 14619 "http://www.mink-gmbh.de/" "Mozilla/4.0 (compatible; MSIE 8.0; Windows NT 5.1; Trident/4.0; .NET CLR 1.1.4322; .NET CLR 2.0.50727; .NET CLR 3.0.04506.30; .NET CLR 3.0.04506.648; .NET CLR 3.0.4506.2152; .NET CLR 3.5.30729)"
193.158.74.218 - - [10/Oct/2013:18:25:21 +0200] "GET /images/header.jpg HTTP/1.1" 200 25189 "http://www.mink-gmbh.de/" "Mozilla/4.0 (compatible; MSIE 8.0; Windows NT 5.1; Trident/4.0; .NET CLR 1.1.4322; .NET CLR 2.0.50727; .NET CLR 3.0.04506.30; .NET CLR 3.0.04506.648; .NET CLR 3.0.4506.2152; .NET CLR 3.5.30729)"
193.158.74.218 - - [10/Oct/2013:18:25:21 +0200] "GET /images/steigend.png HTTP/1.1" 200 688 "http://www.mink-gmbh.de/" "Mozilla/4.0 (compatible; MSIE 8.0; Windows NT 5.1; Trident/4.0; .NET CLR 1.1.4322; .NET CLR 2.0.50727; .NET CLR 3.0.04506.30; .NET CLR 3.0.04506.648; .NET CLR 3.0.4506.2152; .NET CLR 3.5.30729)"
193.158.74.218 - - [10/Oct/2013:18:25:21 +0200] "GET /images/fallend.png HTTP/1.1" 200 713 "http://www.mink-gmbh.de/" "Mozilla/4.0 (compatible; MSIE 8.0; Windows NT 5.1; Trident/4.0; .NET CLR 1.1.4322; .NET CLR 2.0.50727; .NET CLR 3.0.04506.30; .NET CLR 3.0.04506.648; .NET CLR 3.0.4506.2152; .NET CLR 3.5.30729)"
193.158.74.218 - - [10/Oct/2013:18:25:22 +0200] "GET /images/team-energie.png HTTP/1.1" 200 17383 "http://www.mink-gmbh.de/" "Mozilla/4.0 (compatible; MSIE 8.0; Windows NT 5.1; Trident/4.0; .NET CLR 1.1.4322; .NET CLR 2.0.50727; .NET CLR 3.0.04506.30; .NET CLR 3.0.04506.648; .NET CLR 3.0.4506.2152; .NET CLR 3.5.30729)"
193.158.74.218 - - [10/Oct/2013:18:25:22 +0200] "GET /images/freecall.jpg HTTP/1.1" 200 39195 "http://www.mink-gmbh.de/" "Mozilla/4.0 (compatible; MSIE 8.0; Windows NT 5.1; Trident/4.0; .NET CLR 1.1.4322; .NET CLR 2.0.50727; .NET CLR 3.0.04506.30; .NET CLR 3.0.04506.648; .NET CLR 3.0.4506.2152; .NET CLR 3.5.30729)"
193.158.74.218 - - [10/Oct/2013:18:25:22 +0200] "GET /images/kwk.gif HTTP/1.1" 200 6403 "http://www.mink-gmbh.de/" "Mozilla/4.0 (compatible; MSIE 8.0; Windows NT 5.1; Trident/4.0; .NET CLR 1.1.4322; .NET CLR 2.0.50727; .NET CLR 3.0.04506.30; .NET CLR 3.0.04506.648; .NET CLR 3.0.4506.2152; .NET CLR 3.5.30729)"
193.158.74.218 - - [10/Oct/2013:18:25:21 +0200] "GET /images/tkw.jpg HTTP/1.1" 200 64031 "http://www.mink-gmbh.de/" "Mozilla/4.0 (compatible; MSIE 8.0; Windows NT 5.1; Trident/4.0; .NET CLR 1.1.4322; .NET CLR 2.0.50727; .NET CLR 3.0.04506.30; .NET CLR 3.0.04506.648; .NET CLR 3.0.4506.2152; .NET CLR 3.5.30729)"
193.158.74.218 - - [10/Oct/2013:18:25:22 +0200] "GET /images/wunschpreis.jpg HTTP/1.1" 200 16767 "http://www.mink-gmbh.de/" "Mozilla/4.0 (compatible; MSIE 8.0; Windows NT 5.1; Trident/4.0; .NET CLR 1.1.4322; .NET CLR 2.0.50727; .NET CLR 3.0.04506.30; .NET CLR 3.0.04506.648; .NET CLR 3.0.4506.2152; .NET CLR 3.5.30729)"
193.158.74.218 - - [10/Oct/2013:18:25:22 +0200] "GET /images/logos.jpg?cache3242 HTTP/1.1" 200 35043 "http://www.mink-gmbh.de/" "Mozilla/4.0 (compatible; MSIE 8.0; Windows NT 5.1; Trident/4.0; .NET CLR 1.1.4322; .NET CLR 2.0.50727; .NET CLR 3.0.04506.30; .NET CLR 3.0.04506.648; .NET CLR 3.0.4506.2152; .NET CLR 3.5.30729)"
193.158.74.218 - - [10/Oct/2013:18:25:22 +0200] "GET /images/mobil.jpg HTTP/1.1" 200 25293 "http://www.mink-gmbh.de/" "Mozilla/4.0 (compatible; MSIE 8.0; Windows NT 5.1; Trident/4.0; .NET CLR 1.1.4322; .NET CLR 2.0.50727; .NET CLR 3.0.04506.30; .NET CLR 3.0.04506.648; .NET CLR 3.0.4506.2152; .NET CLR 3.5.30729)"
193.158.74.218 - - [10/Oct/2013:18:25:22 +0200] "GET /images/mail.jpg HTTP/1.1" 200 11165 "http://www.mink-gmbh.de/" "Mozilla/4.0 (compatible; MSIE 8.0; Windows NT 5.1; Trident/4.0; .NET CLR 1.1.4322; .NET CLR 2.0.50727; .NET CLR 3.0.04506.30; .NET CLR 3.0.04506.648; .NET CLR 3.0.4506.2152; .NET CLR 3.5.30729)"
193.158.74.218 - - [10/Oct/2013:18:25:22 +0200] "GET /images/newsletter.jpg HTTP/1.1" 200 13130 "http://www.mink-gmbh.de/" "Mozilla/4.0 (compatible; MSIE 8.0; Windows NT 5.1; Trident/4.0; .NET CLR 1.1.4322; .NET CLR 2.0.50727; .NET CLR 3.0.04506.30; .NET CLR 3.0.04506.648; .NET CLR 3.0.4506.2152; .NET CLR 3.5.30729)"
193.158.74.218 - - [10/Oct/2013:18:25:22 +0200] "GET /images/footerbg.jpg HTTP/1.1" 200 2184 "http://www.mink-gmbh.de/" "Mozilla/4.0 (compatible; MSIE 8.0; Windows NT 5.1; Trident/4.0; .NET CLR 1.1.4322; .NET CLR 2.0.50727; .NET CLR 3.0.04506.30; .NET CLR 3.0.04506.648; .NET CLR 3.0.4506.2152; .NET CLR 3.5.30729)"
193.158.74.218 - - [10/Oct/2013:18:25:22 +0200] "GET /js_contentserver24_greybox/loader_frame.html?s=0 HTTP/1.1" 200 2084 "http://www.mink-gmbh.de/" "Mozilla/4.0 (compatible; MSIE 8.0; Windows NT 5.1; Trident/4.0; .NET CLR 1.1.4322; .NET CLR 2.0.50727; .NET CLR 3.0.04506.30; .NET CLR 3.0.04506.648; .NET CLR 3.0.4506.2152; .NET CLR 3.5.30729)"
193.158.74.218 - - [10/Oct/2013:18:25:22 +0200] "GET /js_contentserver24_greybox/indicator.gif HTTP/1.1" 200 8238 "http://www.mink-gmbh.de/js_contentserver24_greybox/loader_frame.html?s=0" "Mozilla/4.0 (compatible; MSIE 8.0; Windows NT 5.1; Trident/4.0; .NET CLR 1.1.4322; .NET CLR 2.0.50727; .NET CLR 3.0.04506.30; .NET CLR 3.0.04506.648; .NET CLR 3.0.4506.2152; .NET CLR 3.5.30729)"
193.158.74.218 - - [10/Oct/2013:18:25:22 +0200] "GET /js_contentserver24_greybox/g_close.gif HTTP/1.1" 200 541 "http://www.mink-gmbh.de/" "Mozilla/4.0 (compatible; MSIE 8.0; Windows NT 5.1; Trident/4.0; .NET CLR 1.1.4322; .NET CLR 2.0.50727; .NET CLR 3.0.04506.30; .NET CLR 3.0.04506.648; .NET CLR 3.0.4506.2152; .NET CLR 3.5.30729)"
193.158.74.218 - - [10/Oct/2013:18:25:22 +0200] "GET /favicon.ico HTTP/1.1" 200 3638 "-" "Mozilla/4.0 (compatible; MSIE 8.0; Windows NT 5.1; Trident/4.0; .NET CLR 1.1.4322; .NET CLR 2.0.50727; .NET CLR 3.0.04506.30; .NET CLR 3.0.04506.648; .NET CLR 3.0.4506.2152; .NET CLR 3.5.30729)"
66.249.78.46 - - [10/Oct/2013:18:29:56 +0200] "GET /images/logos.jpg?cache7404 HTTP/1.1" 200 35043 "-" "Googlebot-Image/1.0"
66.249.78.46 - - [10/Oct/2013:18:30:21 +0200] "GET /images/logos.jpg?cache4220 HTTP/1.1" 200 35043 "-" "Googlebot-Image/1.0"
157.55.32.225 - - [10/Oct/2013:18:32:02 +0200] "GET / HTTP/1.1" 200 12351 "-" "Mozilla/5.0 (compatible; bingbot/2.0; +http://www.bing.com/bingbot.htm)"
66.249.78.46 - - [10/Oct/2013:18:36:16 +0200] "GET /images/logos.jpg?cache1249 HTTP/1.1" 200 35043 "-" "Googlebot-Image/1.0"
66.249.78.46 - - [10/Oct/2013:19:11:30 +0200] "GET /images/logos.jpg?cache8486 HTTP/1.1" 200 35043 "-" "Googlebot-Image/1.0"
207.241.226.239 - - [10/Oct/2013:19:17:29 +0200] "GET /robots.txt HTTP/1.1" 200 177 "-" "ia_archiver(OS-Wayback)"
5.10.83.10 - - [10/Oct/2013:19:17:45 +0200] "GET /faq.php HTTP/1.1" 200 216868 "-" "Mozilla/5.0 (compatible; AhrefsBot/5.0; +http://ahrefs.com/robot/)"
5.10.83.88 - - [10/Oct/2013:19:20:58 +0200] "GET /lexikon.php?cs_go=3&cs_id=199 HTTP/1.1" 200 5592 "-" "Mozilla/5.0 (compatible; AhrefsBot/5.0; +http://ahrefs.com/robot/)"
5.10.83.71 - - [10/Oct/2013:19:22:49 +0200] "GET /news.php?cs_go=archiv&cs_id=4506&cs_search= HTTP/1.1" 200 8048 "-" "Mozilla/5.0 (compatible; AhrefsBot/5.0; +http://ahrefs.com/robot/)"
5.10.83.71 - - [10/Oct/2013:19:32:10 +0200] "GET /news.php?cs_go=archiv&cs_id=4559&cs_search= HTTP/1.1" 200 7652 "-" "Mozilla/5.0 (compatible; AhrefsBot/5.0; +http://ahrefs.com/robot/)"
66.249.78.46 - - [10/Oct/2013:19:40:06 +0200] "GET /news.php?cs_go=archiv&cs_id=4442 HTTP/1.1" 200 11937 "-" "Mozilla/5.0 (compatible; Googlebot/2.1; +http://www.google.com/bot.html)"
5.10.83.99 - - [10/Oct/2013:19:44:26 +0200] "GET /lexikon.php?cs_go=3&cs_id=175 HTTP/1.1" 200 5782 "-" "Mozilla/5.0 (compatible; AhrefsBot/5.0; +http://ahrefs.com/robot/)"
66.249.78.46 - - [10/Oct/2013:19:50:30 +0200] "GET /images/logos.jpg?cache8489 HTTP/1.1" 200 35043 "-" "Googlebot-Image/1.0"
188.138.41.207 - - [10/Oct/2013:19:52:37 +0200] "GET /robots.txt HTTP/1.1" 200 177 "-" "Mozilla/5.0 (X11; U; Linux i686; de; rv:1.9.0.1; compatible; iCjobs Stellenangebote Jobs; http://www.icjobs.de) Gecko/20100401 iCjobs/3.2.3"
188.138.41.207 - - [10/Oct/2013:19:52:37 +0200] "GET / HTTP/1.1" 200 12351 "-" "Mozilla/5.0 (X11; U; Linux i686; de; rv:1.9.0.1; compatible; iCjobs Stellenangebote Jobs; http://www.icjobs.de) Gecko/20100401 iCjobs/3.2.3"
188.138.41.207 - - [10/Oct/2013:19:52:37 +0200] "GET / HTTP/1.1" 200 12351 "-" "Mozilla/5.0 (Windows NT 6.1; rv:17.0) Gecko/20100101 Firefox/17.0"
188.138.41.207 - - [10/Oct/2013:19:52:38 +0200] "GET /style.css HTTP/1.1" 200 8402 "http://www.mink-gmbh.de/" "Mozilla/5.0 (Windows NT 6.1; rv:17.0) Gecko/20100101 Firefox/17.0"
188.138.41.207 - - [10/Oct/2013:19:52:39 +0200] "GET /modul.css HTTP/1.1" 200 35038 "http://www.mink-gmbh.de/" "Mozilla/5.0 (Windows NT 6.1; rv:17.0) Gecko/20100101 Firefox/17.0"
188.138.41.207 - - [10/Oct/2013:19:52:39 +0200] "GET /js_contentserver24_greybox/AJS.js HTTP/1.1" 200 10396 "http://www.mink-gmbh.de/" "Mozilla/5.0 (Windows NT 6.1; rv:17.0) Gecko/20100101 Firefox/17.0"
188.138.41.207 - - [10/Oct/2013:19:52:40 +0200] "GET /js_contentserver24_greybox/AJS_fx.js HTTP/1.1" 200 3192 "http://www.mink-gmbh.de/" "Mozilla/5.0 (Windows NT 6.1; rv:17.0) Gecko/20100101 Firefox/17.0"
188.138.41.207 - - [10/Oct/2013:19:52:40 +0200] "GET /js_contentserver24_greybox/gb_scripts.js HTTP/1.1" 200 11913 "http://www.mink-gmbh.de/" "Mozilla/5.0 (Windows NT 6.1; rv:17.0) Gecko/20100101 Firefox/17.0"
188.138.41.207 - - [10/Oct/2013:19:52:40 +0200] "GET /js_contentserver24_greybox/gb_styles.css HTTP/1.1" 200 2302 "http://www.mink-gmbh.de/" "Mozilla/5.0 (Windows NT 6.1; rv:17.0) Gecko/20100101 Firefox/17.0"
188.138.41.207 - - [10/Oct/2013:19:52:40 +0200] "GET /js_contentserver24_greybox/loader_frame.html?s=0 HTTP/1.1" 200 2084 "http://www.mink-gmbh.de/" "Mozilla/5.0 (Windows NT 6.1; rv:17.0) Gecko/20100101 Firefox/17.0"
188.138.41.207 - - [10/Oct/2013:19:52:40 +0200] "GET /js_contentserver24_greybox/AJS.js HTTP/1.1" 200 10396 "http://www.mink-gmbh.de/js_contentserver24_greybox/loader_frame.html?s=0" "Mozilla/5.0 (Windows NT 6.1; rv:17.0) Gecko/20100101 Firefox/17.0"
188.138.41.207 - - [10/Oct/2013:19:52:40 +0200] "GET /js_contentserver24_greybox/AJS_fx.js HTTP/1.1" 200 3192 "http://www.mink-gmbh.de/js_contentserver24_greybox/loader_frame.html?s=0" "Mozilla/5.0 (Windows NT 6.1; rv:17.0) Gecko/20100101 Firefox/17.0"
65.36.241.79 - - [10/Oct/2013:19:55:27 +0200] "HEAD / HTTP/1.1" 200 - "-" "InternetSeer.com"
5.10.83.99 - - [10/Oct/2013:20:01:20 +0200] "GET /lexikon.php?cs_go=3&cs_id=188 HTTP/1.1" 200 5603 "-" "Mozilla/5.0 (compatible; AhrefsBot/5.0; +http://ahrefs.com/robot/)"
5.10.83.71 - - [10/Oct/2013:20:05:57 +0200] "GET /news.php?cs_go=archiv&cs_id=4443&cs_search= HTTP/1.1" 200 7756 "-" "Mozilla/5.0 (compatible; AhrefsBot/5.0; +http://ahrefs.com/robot/)"
5.10.83.88 - - [10/Oct/2013:20:14:28 +0200] "GET /news.php?cs_go=archiv&cs_startpos=230 HTTP/1.1" 200 20234 "-" "Mozilla/5.0 (compatible; AhrefsBot/5.0; +http://ahrefs.com/robot/)"
5.10.83.89 - - [10/Oct/2013:20:24:42 +0200] "GET /lexikon.php?cs_go=3&cs_id=16 HTTP/1.1" 200 6531 "-" "Mozilla/5.0 (compatible; AhrefsBot/5.0; +http://ahrefs.com/robot/)"
5.10.83.99 - - [10/Oct/2013:20:24:48 +0200] "GET /news.php?cs_go=archiv&cs_id=4550&cs_search= HTTP/1.1" 200 8224 "-" "Mozilla/5.0 (compatible; AhrefsBot/5.0; +http://ahrefs.com/robot/)"
5.10.83.71 - - [10/Oct/2013:20:29:15 +0200] "GET /news.php?cs_go=archiv&cs_id=4576&cs_search= HTTP/1.1" 200 11973 "-" "Mozilla/5.0 (compatible; AhrefsBot/5.0; +http://ahrefs.com/robot/)"
66.249.78.46 - - [10/Oct/2013:20:29:30 +0200] "GET /images/logos.jpg?cache2062 HTTP/1.1" 200 35043 "-" "Googlebot-Image/1.0"
66.249.78.46 - - [10/Oct/2013:20:30:50 +0200] "GET /news.php?cs_go=archiv&cs_startpos=20 HTTP/1.1" 200 20505 "-" "Mozilla/5.0 (iPhone; U; CPU iPhone OS 4_1 like Mac OS X; en-us) AppleWebKit/532.9 (KHTML, like Gecko) Version/4.0.5 Mobile/8B117 Safari/6531.22.7 (compatible; Googlebot-Mobile/2.1; +http://www.google.com/bot.html)"
157.55.32.225 - - [10/Oct/2013:20:34:20 +0200] "GET /robots.txt HTTP/1.1" 200 177 "-" "Mozilla/5.0 (compatible; bingbot/2.0; +http://www.bing.com/bingbot.htm)"
5.10.83.71 - - [10/Oct/2013:20:36:04 +0200] "GET /kwk.php HTTP/1.1" 200 8484 "-" "Mozilla/5.0 (compatible; AhrefsBot/5.0; +http://ahrefs.com/robot/)"
5.10.83.89 - - [10/Oct/2013:20:36:16 +0200] "GET /news.php?cs_go=archiv&cs_id=4614&cs_search= HTTP/1.1" 200 11573 "-" "Mozilla/5.0 (compatible; AhrefsBot/5.0; +http://ahrefs.com/robot/)"
113.212.69.132 - - [10/Oct/2013:20:40:09 +0200] "GET /user/register HTTP/1.1" 404 - "http://www.cyberslang.de/?q=user/register" "Mozilla/5.0 (Windows NT 6.1; WOW64) AppleWebKit/536.3 (KHTML, like Gecko) Chrome/19.0.1061.1 Safari/536.3"
113.212.69.132 - - [10/Oct/2013:20:40:09 +0200] "GET /?q=user/register HTTP/1.1" 200 12351 "http://www.mink-gmbh.de/user/register" "Mozilla/5.0 (Windows NT 6.1; WOW64) AppleWebKit/536.3 (KHTML, like Gecko) Chrome/19.0.1061.1 Safari/536.3"
66.249.78.46 - - [10/Oct/2013:20:43:13 +0200] "GET /news.php?cs_go=archiv&cs_id=4438 HTTP/1.1" 200 7546 "-" "Mozilla/5.0 (compatible; Googlebot/2.1; +http://www.google.com/bot.html)"
5.10.83.71 - - [10/Oct/2013:20:51:54 +0200] "GET /news.php?cs_go=archiv&cs_startpos=50 HTTP/1.1" 200 20475 "-" "Mozilla/5.0 (compatible; AhrefsBot/5.0; +http://ahrefs.com/robot/)"
5.10.83.89 - - [10/Oct/2013:20:53:22 +0200] "GET /news.php?cs_go=archiv&cs_id=4569&cs_search= HTTP/1.1" 200 7732 "-" "Mozilla/5.0 (compatible; AhrefsBot/5.0; +http://ahrefs.com/robot/)"
5.10.83.88 - - [10/Oct/2013:20:54:18 +0200] "GET /news.php?cs_go=archiv&cs_id=4373&cs_search= HTTP/1.1" 200 9438 "-" "Mozilla/5.0 (compatible; AhrefsBot/5.0; +http://ahrefs.com/robot/)"
5.10.83.42 - - [10/Oct/2013:20:54:43 +0200] "GET /news.php?cs_go=archiv&cs_id=4549&cs_search= HTTP/1.1" 200 7636 "-" "Mozilla/5.0 (compatible; AhrefsBot/5.0; +http://ahrefs.com/robot/)"
5.10.83.55 - - [10/Oct/2013:20:55:16 +0200] "GET /lexikon.php?cs_go=3&cs_id=8 HTTP/1.1" 200 6828 "-" "Mozilla/5.0 (compatible; AhrefsBot/5.0; +http://ahrefs.com/robot/)"
5.10.83.21 - - [10/Oct/2013:21:14:32 +0200] "GET /news.php?cs_go=archiv&cs_startpos=100 HTTP/1.1" 200 20333 "-" "Mozilla/5.0 (compatible; AhrefsBot/5.0; +http://ahrefs.com/robot/)"
66.249.78.46 - - [10/Oct/2013:21:16:37 +0200] "GET /lexikon.php?cs_go=3&cs_id=225 HTTP/1.1" 200 5817 "-" "Mozilla/5.0 (compatible; Googlebot/2.1; +http://www.google.com/bot.html)"
5.10.83.89 - - [10/Oct/2013:21:17:09 +0200] "GET /lexikon.php?cs_go=3&cs_id=214 HTTP/1.1" 200 5740 "-" "Mozilla/5.0 (compatible; AhrefsBot/5.0; +http://ahrefs.com/robot/)"
5.10.83.10 - - [10/Oct/2013:21:21:12 +0200] "GET /news.php?cs_go=archiv&cs_id=4458&cs_search= HTTP/1.1" 200 12189 "-" "Mozilla/5.0 (compatible; AhrefsBot/5.0; +http://ahrefs.com/robot/)"
5.10.83.21 - - [10/Oct/2013:21:22:23 +0200] "GET /news.php?cs_go=archiv&cs_id=4342&cs_search= HTTP/1.1" 200 7523 "-" "Mozilla/5.0 (compatible; AhrefsBot/5.0; +http://ahrefs.com/robot/)"
141.8.147.12 - - [10/Oct/2013:21:37:53 +0200] "GET /robots.txt HTTP/1.1" 200 177 "-" "Mozilla/5.0 (compatible; YandexBot/3.0; +http://yandex.com/bots)"
5.10.83.55 - - [10/Oct/2013:21:39:29 +0200] "GET /news.php?cs_go=archiv&cs_id=4499&cs_search= HTTP/1.1" 200 8947 "-" "Mozilla/5.0 (compatible; AhrefsBot/5.0; +http://ahrefs.com/robot/)"
157.55.32.225 - - [10/Oct/2013:21:47:05 +0200] "GET /preisanfrage.php HTTP/1.1" 200 8557 "-" "Mozilla/5.0 (compatible; bingbot/2.0; +http://www.bing.com/bingbot.htm)"
208.115.113.91 - - [10/Oct/2013:21:48:45 +0200] "GET /robots.txt HTTP/1.1" 200 177 "-" "Mozilla/5.0 (compatible; Ezooms/1.0; ezooms.bot@gmail.com)"
5.10.83.21 - - [10/Oct/2013:21:59:56 +0200] "GET /lexikon.php?cs_go=3&cs_id=31 HTTP/1.1" 200 5638 "-" "Mozilla/5.0 (compatible; AhrefsBot/5.0; +http://ahrefs.com/robot/)"
66.249.66.49 - - [10/Oct/2013:22:05:20 +0200] "GET /news.php?cs_go=archiv&cs_startpos=0 HTTP/1.1" 200 19833 "-" "DoCoMo/2.0 N905i(c100;TB;W24H16) (compatible; Googlebot-Mobile/2.1; +http://www.google.com/bot.html)"
66.249.78.46 - - [10/Oct/2013:22:05:43 +0200] "GET /news.php?cs_go=archiv&cs_id=4603&cs_search= HTTP/1.1" 200 10007 "-" "Mozilla/5.0 (iPhone; U; CPU iPhone OS 4_1 like Mac OS X; en-us) AppleWebKit/532.9 (KHTML, like Gecko) Version/4.0.5 Mobile/8B117 Safari/6531.22.7 (compatible; Googlebot-Mobile/2.1; +http://www.google.com/bot.html)"
5.10.83.10 - - [10/Oct/2013:22:05:51 +0200] "GET /news.php?cs_go=archiv&cs_id=4616&cs_search= HTTP/1.1" 200 9434 "-" "Mozilla/5.0 (compatible; AhrefsBot/5.0; +http://ahrefs.com/robot/)"
82.94.179.38 - - [10/Oct/2013:22:07:50 +0200] "GET /robots.txt HTTP/1.0" 200 177 "-" "Mozilla/4.0 (compatible; Freshbot/1.0/EU; http://webagent.wise-guys.nl/)"
82.94.179.38 - - [10/Oct/2013:22:07:50 +0200] "GET / HTTP/1.1" 200 12351 "-" "Mozilla/5.0 (X11; Linux i686; rv:6.0) Gecko/20100101 Firefox/6.0 (Freshbot/1.0/EU; http://webagent.wise-guys.nl/)"
82.94.179.38 - - [10/Oct/2013:22:07:58 +0200] "GET /news.php?cs_go=archiv&cs_id=4617 HTTP/1.1" 200 9512 "-" "Mozilla/5.0 (X11; Linux i686; rv:6.0) Gecko/20100101 Firefox/6.0 (Freshbot/1.0/EU; http://webagent.wise-guys.nl/)"
82.94.179.38 - - [10/Oct/2013:22:08:03 +0200] "GET /news.php?cs_go=archiv&cs_id=4634 HTTP/1.1" 200 7846 "-" "Mozilla/5.0 (X11; Linux i686; rv:6.0) Gecko/20100101 Firefox/6.0 (Freshbot/1.0/EU; http://webagent.wise-guys.nl/)"
82.94.179.38 - - [10/Oct/2013:22:08:08 +0200] "GET /news.php?cs_go=archiv&cs_id=4633 HTTP/1.1" 200 11707 "-" "Mozilla/5.0 (X11; Linux i686; rv:6.0) Gecko/20100101 Firefox/6.0 (Freshbot/1.0/EU; http://webagent.wise-guys.nl/)"
82.94.179.38 - - [10/Oct/2013:22:08:13 +0200] "GET /news.php?cs_go=archiv&cs_id=4632 HTTP/1.1" 200 8183 "-" "Mozilla/5.0 (X11; Linux i686; rv:6.0) Gecko/20100101 Firefox/6.0 (Freshbot/1.0/EU; http://webagent.wise-guys.nl/)"
66.249.78.46 - - [10/Oct/2013:22:23:26 +0200] "GET /news.php?cs_go=archiv&cs_id=4440 HTTP/1.1" 200 11738 "-" "Mozilla/5.0 (compatible; Googlebot/2.1; +http://www.google.com/bot.html)"
141.8.147.12 - - [10/Oct/2013:22:26:35 +0200] "GET /news.php?cs_go=archiv&cs_id=4615 HTTP/1.1" 200 7694 "-" "Mozilla/5.0 (compatible; YandexBot/3.0; +http://yandex.com/bots)"
5.10.83.55 - - [10/Oct/2013:22:26:51 +0200] "GET /news.php?cs_go=archiv&cs_startpos=241 HTTP/1.1" 200 20148 "-" "Mozilla/5.0 (compatible; AhrefsBot/5.0; +http://ahrefs.com/robot/)"
141.8.147.12 - - [10/Oct/2013:22:44:52 +0200] "GET /news.php?cs_go=archiv&cs_id=4613 HTTP/1.1" 200 8832 "-" "Mozilla/5.0 (compatible; YandexBot/3.0; +http://yandex.com/bots)"
5.10.83.21 - - [10/Oct/2013:22:46:56 +0200] "GET /lexikon.php?cs_go=3&cs_id=172 HTTP/1.1" 200 6007 "-" "Mozilla/5.0 (compatible; AhrefsBot/5.0; +http://ahrefs.com/robot/)"
5.10.83.7 - - [10/Oct/2013:22:56:17 +0200] "GET /news.php?cs_go=archiv&cs_id=4362&cs_search= HTTP/1.1" 200 9723 "-" "Mozilla/5.0 (compatible; AhrefsBot/5.0; +http://ahrefs.com/robot/)"
66.249.78.46 - - [10/Oct/2013:23:02:47 +0200] "GET /news.php?cs_go=archiv&cs_startpos=0 HTTP/1.1" 200 19833 "-" "Mozilla/5.0 (iPhone; U; CPU iPhone OS 4_1 like Mac OS X; en-us) AppleWebKit/532.9 (KHTML, like Gecko) Version/4.0.5 Mobile/8B117 Safari/6531.22.7 (compatible; Googlebot-Mobile/2.1; +http://www.google.com/bot.html)"
5.10.83.88 - - [10/Oct/2013:23:06:16 +0200] "GET /lexikon.php?cs_go=3&cs_id=27 HTTP/1.1" 200 6117 "-" "Mozilla/5.0 (compatible; AhrefsBot/5.0; +http://ahrefs.com/robot/)"
5.10.83.42 - - [10/Oct/2013:23:07:16 +0200] "GET /news.php?cs_go=archiv&cs_id=4555&cs_search= HTTP/1.1" 200 9489 "-" "Mozilla/5.0 (compatible; AhrefsBot/5.0; +http://ahrefs.com/robot/)"
141.8.147.12 - - [10/Oct/2013:23:07:33 +0200] "GET /news.php?cs_go=archiv&cs_id=4630 HTTP/1.1" 200 11708 "-" "Mozilla/5.0 (compatible; YandexBot/3.0; +http://yandex.com/bots)"
5.10.83.10 - - [10/Oct/2013:23:13:37 +0200] "GET /lexikon.php?cs_go=2&cs_char=q HTTP/1.1" 200 5763 "-" "Mozilla/5.0 (compatible; AhrefsBot/5.0; +http://ahrefs.com/robot/)"
123.151.148.178 - - [10/Oct/2013:23:23:52 +0200] "GET /robots.txt HTTP/1.1" 200 177 "http://www.mink-gmbh.de/" "Mozilla/5.0 (compatible; MSIE 8.0; Windows NT 6.1)"
66.249.78.46 - - [10/Oct/2013:23:30:15 +0200] "GET /news.php?cs_go=archiv&cs_id=4433 HTTP/1.1" 200 9126 "-" "Mozilla/5.0 (compatible; Googlebot/2.1; +http://www.google.com/bot.html)"
5.10.83.8 - - [10/Oct/2013:23:36:45 +0200] "GET /news.php?cs_go=archiv&cs_id=4392&cs_search= HTTP/1.1" 200 9308 "-" "Mozilla/5.0 (compatible; AhrefsBot/5.0; +http://ahrefs.com/robot/)"
5.10.83.69 - - [10/Oct/2013:23:45:24 +0200] "GET /news.php?cs_go=archiv&cs_id=4350&cs_search= HTTP/1.1" 200 7657 "-" "Mozilla/5.0 (compatible; AhrefsBot/5.0; +http://ahrefs.com/robot/)"
5.10.83.69 - - [10/Oct/2013:23:46:13 +0200] "GET /news.php?cs_go=archiv&cs_id=4397&cs_search= HTTP/1.1" 200 7486 "-" "Mozilla/5.0 (compatible; AhrefsBot/5.0; +http://ahrefs.com/robot/)"
141.8.147.12 - - [10/Oct/2013:23:52:05 +0200] "GET /news.php?cs_go=archiv&cs_id=4623 HTTP/1.1" 200 12793 "-" "Mozilla/5.0 (compatible; YandexBot/3.0; +http://yandex.com/bots)"
66.249.66.49 - - [10/Oct/2013:23:55:44 +0200] "GET /news.php?cs_go=archiv&cs_id=3861 HTTP/1.1" 200 11435 "-" "DoCoMo/2.0 N905i(c100;TB;W24H16) (compatible; Googlebot-Mobile/2.1; +http://www.google.com/bot.html)"
5.10.83.42 - - [11/Oct/2013:00:01:48 +0200] "GET /lexikon.php?cs_go=3&cs_id=211 HTTP/1.1" 200 6164 "-" "Mozilla/5.0 (compatible; AhrefsBot/5.0; +http://ahrefs.com/robot/)"
66.249.78.46 - - [11/Oct/2013:00:03:32 +0200] "GET /news.php?cs_go=archiv&cs_id=4218 HTTP/1.1" 200 8794 "-" "SAMSUNG-SGH-E250/1.0 Profile/MIDP-2.0 Configuration/CLDC-1.1 UP.Browser/6.2.3.3.c.1.101 (GUI) MMP/2.0 (compatible; Googlebot-Mobile/2.1; +http://www.google.com/bot.html)"
5.10.83.89 - - [11/Oct/2013:00:01:53 +0200] "GET /news.php?cs_go=archiv&cs_id=4494&cs_search= HTTP/1.1" 200 11137 "-" "Mozilla/5.0 (compatible; AhrefsBot/5.0; +http://ahrefs.com/robot/)"
208.115.113.91 - - [11/Oct/2013:00:05:00 +0200] "GET /news.php?cs_go=archiv&cs_startpos=0 HTTP/1.1" 200 19833 "-" "Mozilla/5.0 (compatible; Ezooms/1.0; ezooms.bot@gmail.com)"
