5.10.83.7 - - [03/Oct/2013:02:43:15 +0200] "GET /news.php?cs_go=archiv&cs_id=4522&cs_search= HTTP/1.1" 200 11615 "-" "Mozilla/5.0 (compatible; AhrefsBot/5.0; +http://ahrefs.com/robot/)"
5.10.83.74 - - [03/Oct/2013:02:53:24 +0200] "GET /news.php?cs_go=archiv&cs_id=4482&cs_search= HTTP/1.1" 200 8950 "-" "Mozilla/5.0 (compatible; AhrefsBot/5.0; +http://ahrefs.com/robot/)"
5.10.83.22 - - [03/Oct/2013:02:59:05 +0200] "GET /news.php?cs_go=archiv&cs_id=4555&cs_search= HTTP/1.1" 200 9489 "-" "Mozilla/5.0 (compatible; AhrefsBot/5.0; +http://ahrefs.com/robot/)"
5.10.83.34 - - [03/Oct/2013:03:07:36 +0200] "GET /news.php?cs_go=archiv&cs_id=4499&cs_search= HTTP/1.1" 200 8947 "-" "Mozilla/5.0 (compatible; AhrefsBot/5.0; +http://ahrefs.com/robot/)"
176.9.138.27 - - [03/Oct/2013:03:08:11 +0200] "GET /robots.txt HTTP/1.1" 200 177 "-" "Mozilla/5.0 (compatible; Spiderlytics/1.0; +spider@spiderlytics.com)"
176.9.138.27 - - [03/Oct/2013:03:08:11 +0200] "GET /ansprechpartner.php HTTP/1.1" 404 - "-" "Mozilla/5.0 (compatible; Spiderlytics/1.0; +spider@spiderlytics.com)"
5.10.83.92 - - [03/Oct/2013:03:10:32 +0200] "GET /news.php?cs_go=archiv&cs_id=4496&cs_search= HTTP/1.1" 200 10913 "-" "Mozilla/5.0 (compatible; AhrefsBot/5.0; +http://ahrefs.com/robot/)"
5.10.83.96 - - [03/Oct/2013:03:11:26 +0200] "GET /lexikon.php?cs_go=3&cs_id=208 HTTP/1.1" 200 5958 "-" "Mozilla/5.0 (compatible; AhrefsBot/5.0; +http://ahrefs.com/robot/)"
66.249.78.46 - - [03/Oct/2013:03:14:35 +0200] "GET /lexikon.php?cs_go=3&cs_id=69 HTTP/1.1" 200 7708 "-" "Mozilla/5.0 (compatible; Googlebot/2.1; +http://www.google.com/bot.html)"
66.249.78.46 - - [03/Oct/2013:03:18:04 +0200] "GET /news.php?cs_go=archiv&cs_id=4482 HTTP/1.1" 200 8950 "-" "Mozilla/5.0 (compatible; Googlebot/2.1; +http://www.google.com/bot.html)"
5.10.83.92 - - [03/Oct/2013:03:21:13 +0200] "GET /lexikon.php?cs_go=3&cs_id=138 HTTP/1.1" 200 6505 "-" "Mozilla/5.0 (compatible; AhrefsBot/5.0; +http://ahrefs.com/robot/)"
5.10.83.101 - - [03/Oct/2013:03:21:23 +0200] "GET /lexikon.php?cs_go=3&cs_id=37 HTTP/1.1" 200 6007 "-" "Mozilla/5.0 (compatible; AhrefsBot/5.0; +http://ahrefs.com/robot/)"
66.249.78.46 - - [03/Oct/2013:03:21:34 +0200] "GET /news.php?cs_go=archiv&cs_id=4171 HTTP/1.1" 200 9293 "-" "Mozilla/5.0 (compatible; Googlebot/2.1; +http://www.google.com/bot.html)"
65.36.241.79 - - [03/Oct/2013:03:24:15 +0200] "HEAD / HTTP/1.1" 200 - "-" "InternetSeer.com"
5.10.83.7 - - [03/Oct/2013:03:24:26 +0200] "GET /lexikon.php?cs_go=2&cs_char=s HTTP/1.1" 200 7669 "-" "Mozilla/5.0 (compatible; AhrefsBot/5.0; +http://ahrefs.com/robot/)"
66.249.78.46 - - [03/Oct/2013:03:33:07 +0200] "GET /news.php?cs_go=archiv&cs_startpos=0 HTTP/1.1" 200 20120 "-" "SAMSUNG-SGH-E250/1.0 Profile/MIDP-2.0 Configuration/CLDC-1.1 UP.Browser/6.2.3.3.c.1.101 (GUI) MMP/2.0 (compatible; Googlebot-Mobile/2.1; +http://www.google.com/bot.html)"
208.115.111.75 - - [03/Oct/2013:03:46:23 +0200] "GET /robots.txt HTTP/1.1" 200 177 "-" "Mozilla/5.0 (compatible; Ezooms/1.0; ezooms.bot@gmail.com)"
66.249.78.46 - - [03/Oct/2013:03:53:02 +0200] "GET /lexikon.php?cs_go=3&cs_id=20 HTTP/1.1" 200 6510 "-" "Mozilla/5.0 (compatible; Googlebot/2.1; +http://www.google.com/bot.html)"
5.10.83.7 - - [03/Oct/2013:04:00:13 +0200] "GET /news.php?cs_go=archiv&cs_id=4347&cs_search= HTTP/1.1" 200 7808 "-" "Mozilla/5.0 (compatible; AhrefsBot/5.0; +http://ahrefs.com/robot/)"
5.10.83.7 - - [03/Oct/2013:04:02:34 +0200] "GET /lexikon.php?cs_go=3&cs_id=94 HTTP/1.1" 200 6079 "-" "Mozilla/5.0 (compatible; AhrefsBot/5.0; +http://ahrefs.com/robot/)"
5.10.83.101 - - [03/Oct/2013:04:17:02 +0200] "GET /news.php?cs_go=archiv&cs_id=4393&cs_search= HTTP/1.1" 200 11088 "-" "Mozilla/5.0 (compatible; AhrefsBot/5.0; +http://ahrefs.com/robot/)"
5.10.83.51 - - [03/Oct/2013:04:17:25 +0200] "GET /lexikon.php?cs_go=3&cs_id=92 HTTP/1.1" 200 6126 "-" "Mozilla/5.0 (compatible; AhrefsBot/5.0; +http://ahrefs.com/robot/)"
5.10.83.92 - - [03/Oct/2013:04:23:59 +0200] "GET /news.php?cs_go=archiv&cs_id=4396&cs_search= HTTP/1.1" 200 10195 "-" "Mozilla/5.0 (compatible; AhrefsBot/5.0; +http://ahrefs.com/robot/)"
5.10.83.74 - - [03/Oct/2013:04:26:20 +0200] "GET /lexikon.php?cs_go=3&cs_id=93 HTTP/1.1" 200 5592 "-" "Mozilla/5.0 (compatible; AhrefsBot/5.0; +http://ahrefs.com/robot/)"
5.10.83.101 - - [03/Oct/2013:04:28:12 +0200] "GET /lexikon.php?cs_go=2&cs_char=h HTTP/1.1" 200 6401 "-" "Mozilla/5.0 (compatible; AhrefsBot/5.0; +http://ahrefs.com/robot/)"
5.10.83.101 - - [03/Oct/2013:04:29:56 +0200] "GET /news.php?cs_go=archiv&cs_id=4341&cs_search= HTTP/1.1" 200 9006 "-" "Mozilla/5.0 (compatible; AhrefsBot/5.0; +http://ahrefs.com/robot/)"
176.9.138.27 - - [03/Oct/2013:04:41:09 +0200] "GET /robots.txt HTTP/1.1" 200 177 "-" "Mozilla/5.0 (compatible; Spiderlytics/1.0; +spider@spiderlytics.com)"
176.9.138.27 - - [03/Oct/2013:04:41:09 +0200] "GET /images/logos.jpg?cache5502 HTTP/1.1" 200 35043 "-" "Mozilla/5.0 (compatible; Spiderlytics/1.0; +spider@spiderlytics.com)"
5.10.83.22 - - [03/Oct/2013:04:45:45 +0200] "GET /news.php?cs_go=archiv&cs_startpos=41 HTTP/1.1" 200 20407 "-" "Mozilla/5.0 (compatible; AhrefsBot/5.0; +http://ahrefs.com/robot/)"
66.249.78.46 - - [03/Oct/2013:04:50:42 +0200] "GET /news.php?cs_go=archiv&cs_id=3971 HTTP/1.1" 200 7434 "-" "Mozilla/5.0 (compatible; Googlebot/2.1; +http://www.google.com/bot.html)"
66.249.78.46 - - [03/Oct/2013:04:59:36 +0200] "GET /news.php?cs_go=archiv&cs_id=4211 HTTP/1.1" 200 7598 "-" "Mozilla/5.0 (compatible; Googlebot/2.1; +http://www.google.com/bot.html)"
66.249.78.46 - - [03/Oct/2013:05:05:20 +0200] "GET / HTTP/1.1" 200 12446 "-" "Mozilla/5.0 (iPhone; U; CPU iPhone OS 4_1 like Mac OS X; en-us) AppleWebKit/532.9 (KHTML, like Gecko) Version/4.0.5 Mobile/8B117 Safari/6531.22.7 (compatible; Googlebot-Mobile/2.1; +http://www.google.com/bot.html)"
66.249.78.46 - - [03/Oct/2013:05:19:30 +0200] "GET /news.php?cs_go=archiv&cs_id=3928 HTTP/1.1" 200 7549 "-" "Mozilla/5.0 (compatible; Googlebot/2.1; +http://www.google.com/bot.html)"
66.249.78.46 - - [03/Oct/2013:05:20:58 +0200] "GET /js_contentserver24_greybox/gb_styles.css HTTP/1.1" 200 2302 "-" "Mozilla/5.0 (compatible; Googlebot/2.1; +http://www.google.com/bot.html)"
5.10.83.34 - - [03/Oct/2013:05:22:59 +0200] "GET /lexikon.php?cs_go=2&cs_char=m HTTP/1.1" 200 6674 "-" "Mozilla/5.0 (compatible; AhrefsBot/5.0; +http://ahrefs.com/robot/)"
5.10.83.7 - - [03/Oct/2013:05:25:19 +0200] "GET /news.php?cs_go=archiv&cs_startpos=151 HTTP/1.1" 200 20494 "-" "Mozilla/5.0 (compatible; AhrefsBot/5.0; +http://ahrefs.com/robot/)"
5.10.83.34 - - [03/Oct/2013:05:25:20 +0200] "GET /news.php?cs_go=archiv&cs_startpos=150 HTTP/1.1" 200 20645 "-" "Mozilla/5.0 (compatible; AhrefsBot/5.0; +http://ahrefs.com/robot/)"
5.10.83.74 - - [03/Oct/2013:05:25:24 +0200] "GET /news.php?cs_go=archiv&cs_id=4585&cs_search= HTTP/1.1" 200 7689 "-" "Mozilla/5.0 (compatible; AhrefsBot/5.0; +http://ahrefs.com/robot/)"
5.10.83.7 - - [03/Oct/2013:05:27:32 +0200] "GET /news.php?cs_go=archiv&cs_id=4375&cs_search= HTTP/1.1" 200 9323 "-" "Mozilla/5.0 (compatible; AhrefsBot/5.0; +http://ahrefs.com/robot/)"
5.10.83.74 - - [03/Oct/2013:05:27:53 +0200] "GET /news.php?cs_go=archiv&cs_id=4495&cs_search= HTTP/1.1" 200 7997 "-" "Mozilla/5.0 (compatible; AhrefsBot/5.0; +http://ahrefs.com/robot/)"
5.10.83.53 - - [03/Oct/2013:05:28:32 +0200] "GET /kwk.php?cs_go=2 HTTP/1.1" 200 9455 "-" "Mozilla/5.0 (compatible; AhrefsBot/5.0; +http://ahrefs.com/robot/)"
5.10.83.7 - - [03/Oct/2013:05:38:10 +0200] "GET /lexikon.php?cs_go=2&cs_char=r HTTP/1.1" 200 7333 "-" "Mozilla/5.0 (compatible; AhrefsBot/5.0; +http://ahrefs.com/robot/)"
208.115.111.75 - - [03/Oct/2013:05:39:29 +0200] "GET /modernisierung.php?cs_gp_go=coupon HTTP/1.1" 200 7866 "-" "Mozilla/5.0 (compatible; Ezooms/1.0; ezooms.bot@gmail.com)"
208.115.113.91 - - [03/Oct/2013:05:47:48 +0200] "GET /robots.txt HTTP/1.1" 200 177 "-" "Mozilla/5.0 (compatible; Ezooms/1.0; ezooms.bot@gmail.com)"
66.249.78.46 - - [03/Oct/2013:05:51:11 +0200] "GET /lexikon.php?cs_go=3&cs_id=208 HTTP/1.1" 200 5958 "-" "Mozilla/5.0 (compatible; Googlebot/2.1; +http://www.google.com/bot.html)"
66.249.78.46 - - [03/Oct/2013:05:55:13 +0200] "GET /news.php?cs_go=archiv&cs_id=3752 HTTP/1.1" 200 8017 "-" "Mozilla/5.0 (compatible; Googlebot/2.1; +http://www.google.com/bot.html)"
5.10.83.61 - - [03/Oct/2013:06:15:15 +0200] "GET /news.php?cs_go=archiv&cs_id=4329&cs_search= HTTP/1.1" 200 9929 "-" "Mozilla/5.0 (compatible; AhrefsBot/5.0; +http://ahrefs.com/robot/)"
220.181.108.114 - - [03/Oct/2013:06:44:01 +0200] "GET / HTTP/1.1" 200 6597 "-" "Mozilla/5.0 (compatible; Baiduspider/2.0; +http://www.baidu.com/search/spider.html)"
5.10.83.96 - - [03/Oct/2013:06:46:20 +0200] "GET /lexikon.php?cs_go=2&cs_char=p HTTP/1.1" 200 6767 "-" "Mozilla/5.0 (compatible; AhrefsBot/5.0; +http://ahrefs.com/robot/)"
123.125.71.15 - - [03/Oct/2013:06:46:52 +0200] "GET / HTTP/1.1" 200 12446 "-" "Mozilla/5.0 (compatible; Baiduspider/2.0; +http://www.baidu.com/search/spider.html)"
5.10.83.101 - - [03/Oct/2013:06:54:04 +0200] "GET /news.php?cs_go=archiv&cs_id=4354&cs_search= HTTP/1.1" 200 7794 "-" "Mozilla/5.0 (compatible; AhrefsBot/5.0; +http://ahrefs.com/robot/)"
5.10.83.96 - - [03/Oct/2013:07:00:20 +0200] "GET /lexikon.php?cs_go=2&cs_char=c HTTP/1.1" 200 6437 "-" "Mozilla/5.0 (compatible; AhrefsBot/5.0; +http://ahrefs.com/robot/)"
66.249.78.46 - - [03/Oct/2013:07:03:42 +0200] "GET /lexikon.php?cs_go=2&cs_char=p HTTP/1.1" 200 6767 "-" "Mozilla/5.0 (compatible; Googlebot/2.1; +http://www.google.com/bot.html)"
5.10.83.51 - - [03/Oct/2013:07:14:01 +0200] "GET /news.php?cs_go=archiv&cs_id=4557&cs_search= HTTP/1.1" 200 7821 "-" "Mozilla/5.0 (compatible; AhrefsBot/5.0; +http://ahrefs.com/robot/)"
176.9.138.27 - - [03/Oct/2013:07:41:15 +0200] "GET /robots.txt HTTP/1.1" 200 177 "-" "Mozilla/5.0 (compatible; Spiderlytics/1.0; +spider@spiderlytics.com)"
176.9.138.27 - - [03/Oct/2013:07:41:15 +0200] "GET /images/logos.jpg?cache4578 HTTP/1.1" 200 35043 "-" "Mozilla/5.0 (compatible; Spiderlytics/1.0; +spider@spiderlytics.com)"
5.10.83.34 - - [03/Oct/2013:07:42:49 +0200] "GET /ansprechpartner.php HTTP/1.1" 404 - "-" "Mozilla/5.0 (compatible; AhrefsBot/5.0; +http://ahrefs.com/robot/)"
220.181.108.96 - - [03/Oct/2013:07:45:44 +0200] "GET / HTTP/1.1" 200 6597 "-" "Mozilla/5.0 (compatible; Baiduspider/2.0; +http://www.baidu.com/search/spider.html)"
5.10.83.101 - - [03/Oct/2013:07:47:19 +0200] "GET /lexikon.php?cs_go=3&cs_id=225 HTTP/1.1" 200 5817 "-" "Mozilla/5.0 (compatible; AhrefsBot/5.0; +http://ahrefs.com/robot/)"
123.125.71.27 - - [03/Oct/2013:07:48:10 +0200] "GET / HTTP/1.1" 200 6597 "-" "Mozilla/5.0 (compatible; Baiduspider/2.0; +http://www.baidu.com/search/spider.html)"
66.249.78.46 - - [03/Oct/2013:07:49:32 +0200] "GET /robots.txt HTTP/1.1" 200 177 "-" "Mozilla/5.0 (compatible; Googlebot/2.1; +http://www.google.com/bot.html)"
66.249.78.46 - - [03/Oct/2013:07:49:33 +0200] "GET /preisanfrage.php HTTP/1.1" 200 8557 "-" "Mozilla/5.0 (iPhone; U; CPU iPhone OS 4_1 like Mac OS X; en-us) AppleWebKit/532.9 (KHTML, like Gecko) Version/4.0.5 Mobile/8B117 Safari/6531.22.7 (compatible; Googlebot-Mobile/2.1; +http://www.google.com/bot.html)"
208.115.113.91 - - [03/Oct/2013:07:50:42 +0200] "GET /news.php?cs_go=archiv&cs_id=4545&cs_search= HTTP/1.1" 200 9761 "-" "Mozilla/5.0 (compatible; Ezooms/1.0; ezooms.bot@gmail.com)"
66.249.78.46 - - [03/Oct/2013:07:52:28 +0200] "GET /news.php?cs_go=archiv&cs_id=4112 HTTP/1.1" 200 9472 "-" "Mozilla/5.0 (compatible; Googlebot/2.1; +http://www.google.com/bot.html)"
5.10.83.104 - - [03/Oct/2013:07:56:14 +0200] "GET /lexikon.php?cs_go=3&cs_id=101 HTTP/1.1" 200 7817 "-" "Mozilla/5.0 (compatible; AhrefsBot/5.0; +http://ahrefs.com/robot/)"
66.249.78.46 - - [03/Oct/2013:08:01:22 +0200] "GET /news.php?cs_go=archiv&cs_id=4177 HTTP/1.1" 200 7601 "-" "Mozilla/5.0 (compatible; Googlebot/2.1; +http://www.google.com/bot.html)"
66.249.66.49 - - [03/Oct/2013:08:05:36 +0200] "GET /jobs.php HTTP/1.1" 200 5020 "-" "DoCoMo/2.0 N905i(c100;TB;W24H16) (compatible; Googlebot-Mobile/2.1; +http://www.google.com/bot.html)"
66.249.78.46 - - [03/Oct/2013:08:07:17 +0200] "GET /news.php?cs_go=archiv&cs_id=4293 HTTP/1.1" 200 12176 "-" "Mozilla/5.0 (compatible; Googlebot/2.1; +http://www.google.com/bot.html)"
5.10.83.51 - - [03/Oct/2013:08:11:52 +0200] "GET /lexikon.php?cs_go=3&cs_id=182 HTTP/1.1" 200 6011 "-" "Mozilla/5.0 (compatible; AhrefsBot/5.0; +http://ahrefs.com/robot/)"
131.253.38.99 - - [03/Oct/2013:08:25:27 +0200] "GET /robots.txt HTTP/1.1" 200 177 "-" "msnbot-media/1.1 (+http://search.msn.com/msnbot.htm)"
131.253.38.99 - - [03/Oct/2013:08:25:27 +0200] "GET /images/logos.jpg?cache2835 HTTP/1.1" 200 35043 "-" "msnbot-media/1.1 (+http://search.msn.com/msnbot.htm)"
66.249.78.46 - - [03/Oct/2013:08:28:50 +0200] "GET /news.php?cs_go=archiv&cs_id=4304 HTTP/1.1" 200 7610 "-" "Mozilla/5.0 (compatible; Googlebot/2.1; +http://www.google.com/bot.html)"
65.36.241.79 - - [03/Oct/2013:08:29:48 +0200] "HEAD / HTTP/1.1" 200 - "-" "InternetSeer.com"
66.249.78.46 - - [03/Oct/2013:08:38:42 +0200] "GET /style.css HTTP/1.1" 200 8402 "-" "Mozilla/5.0 (compatible; Googlebot/2.1; +http://www.google.com/bot.html)"
5.10.83.22 - - [03/Oct/2013:08:43:08 +0200] "GET /lexikon.php?cs_go=3&cs_id=129 HTTP/1.1" 200 6248 "-" "Mozilla/5.0 (compatible; AhrefsBot/5.0; +http://ahrefs.com/robot/)"
5.10.83.104 - - [03/Oct/2013:09:00:52 +0200] "GET /news.php?cs_go=archiv&cs_id=4468&cs_search= HTTP/1.1" 200 11738 "-" "Mozilla/5.0 (compatible; AhrefsBot/5.0; +http://ahrefs.com/robot/)"
66.249.78.46 - - [03/Oct/2013:09:08:07 +0200] "GET /news.php?cs_go=archiv&cs_startpos=220 HTTP/1.1" 200 20346 "-" "Mozilla/5.0 (iPhone; U; CPU iPhone OS 4_1 like Mac OS X; en-us) AppleWebKit/532.9 (KHTML, like Gecko) Version/4.0.5 Mobile/8B117 Safari/6531.22.7 (compatible; Googlebot-Mobile/2.1; +http://www.google.com/bot.html)"
5.10.83.61 - - [03/Oct/2013:09:09:26 +0200] "GET /kwk.php?cs_go=3 HTTP/1.1" 200 7885 "-" "Mozilla/5.0 (compatible; AhrefsBot/5.0; +http://ahrefs.com/robot/)"
5.10.83.61 - - [03/Oct/2013:09:09:33 +0200] "GET /news.php?cs_go=archiv&cs_id=4385&cs_search= HTTP/1.1" 200 7994 "-" "Mozilla/5.0 (compatible; AhrefsBot/5.0; +http://ahrefs.com/robot/)"
5.10.83.34 - - [03/Oct/2013:09:27:42 +0200] "GET /news.php?cs_go=archiv&cs_id=4359&cs_search= HTTP/1.1" 200 12869 "-" "Mozilla/5.0 (compatible; AhrefsBot/5.0; +http://ahrefs.com/robot/)"
5.10.83.53 - - [03/Oct/2013:09:46:26 +0200] "GET /news.php?cs_go=archiv&cs_id=4567&cs_search= HTTP/1.1" 200 9165 "-" "Mozilla/5.0 (compatible; AhrefsBot/5.0; +http://ahrefs.com/robot/)"
66.249.78.46 - - [03/Oct/2013:09:47:44 +0200] "GET /news.php?cs_go=archiv&cs_id=2650 HTTP/1.1" 200 5489 "-" "Mozilla/5.0 (compatible; Googlebot/2.1; +http://www.google.com/bot.html)"
208.115.113.91 - - [03/Oct/2013:09:48:56 +0200] "GET /robots.txt HTTP/1.1" 200 177 "-" "Mozilla/5.0 (compatible; Ezooms/1.0; ezooms.bot@gmail.com)"
5.10.83.53 - - [03/Oct/2013:09:58:36 +0200] "GET /impressum.php HTTP/1.1" 200 6360 "-" "Mozilla/5.0 (compatible; AhrefsBot/5.0; +http://ahrefs.com/robot/)"
66.249.78.46 - - [03/Oct/2013:10:01:07 +0200] "GET /news.php?cs_go=archiv&cs_id=4098 HTTP/1.1" 200 11454 "-" "Mozilla/5.0 (compatible; Googlebot/2.1; +http://www.google.com/bot.html)"
66.249.78.46 - - [03/Oct/2013:10:03:48 +0200] "GET /news.php?cs_go=archiv&cs_id=4590&cs_search= HTTP/1.1" 200 7783 "-" "Mozilla/5.0 (iPhone; U; CPU iPhone OS 4_1 like Mac OS X; en-us) AppleWebKit/532.9 (KHTML, like Gecko) Version/4.0.5 Mobile/8B117 Safari/6531.22.7 (compatible; Googlebot-Mobile/2.1; +http://www.google.com/bot.html)"
5.10.83.51 - - [03/Oct/2013:10:07:31 +0200] "GET /lexikon.php?cs_go=2&cs_char=k HTTP/1.1" 200 7480 "-" "Mozilla/5.0 (compatible; AhrefsBot/5.0; +http://ahrefs.com/robot/)"
5.10.83.53 - - [03/Oct/2013:10:09:48 +0200] "GET /news.php?cs_go=archiv&cs_id=4511&cs_search= HTTP/1.1" 200 13855 "-" "Mozilla/5.0 (compatible; AhrefsBot/5.0; +http://ahrefs.com/robot/)"
5.10.83.34 - - [03/Oct/2013:10:10:42 +0200] "GET /lexikon.php?cs_go=3&cs_id=36 HTTP/1.1" 200 6321 "-" "Mozilla/5.0 (compatible; AhrefsBot/5.0; +http://ahrefs.com/robot/)"
5.10.83.101 - - [03/Oct/2013:10:24:57 +0200] "GET /news.php?cs_go=archiv&cs_startpos=50 HTTP/1.1" 200 20499 "-" "Mozilla/5.0 (compatible; AhrefsBot/5.0; +http://ahrefs.com/robot/)"
5.10.83.34 - - [03/Oct/2013:10:27:40 +0200] "GET /news.php?cs_go=archiv&cs_id=4394&cs_search= HTTP/1.1" 200 8442 "-" "Mozilla/5.0 (compatible; AhrefsBot/5.0; +http://ahrefs.com/robot/)"
5.10.83.22 - - [03/Oct/2013:10:38:40 +0200] "GET /news.php?cs_go=archiv&cs_id=4486&cs_search= HTTP/1.1" 200 11619 "-" "Mozilla/5.0 (compatible; AhrefsBot/5.0; +http://ahrefs.com/robot/)"
157.55.35.31 - - [03/Oct/2013:10:51:49 +0200] "GET /robots.txt HTTP/1.1" 200 177 "-" "Mozilla/5.0 (compatible; bingbot/2.0; +http://www.bing.com/bingbot.htm)"
157.55.35.31 - - [03/Oct/2013:10:53:30 +0200] "GET / HTTP/1.1" 200 12446 "-" "Mozilla/5.0 (compatible; bingbot/2.0; +http://www.bing.com/bingbot.htm)"
5.10.83.22 - - [03/Oct/2013:10:54:18 +0200] "GET /lexikon.php?cs_go=2&cs_char=g HTTP/1.1" 200 6727 "-" "Mozilla/5.0 (compatible; AhrefsBot/5.0; +http://ahrefs.com/robot/)"
66.249.78.46 - - [03/Oct/2013:11:03:55 +0200] "GET /news.php?cs_go=archiv&cs_id=4352 HTTP/1.1" 200 7753 "-" "Mozilla/5.0 (iPhone; U; CPU iPhone OS 4_1 like Mac OS X; en-us) AppleWebKit/532.9 (KHTML, like Gecko) Version/4.0.5 Mobile/8B117 Safari/6531.22.7 (compatible; Googlebot-Mobile/2.1; +http://www.google.com/bot.html)"
144.76.95.39 - - [03/Oct/2013:11:06:06 +0200] "GET /robots.txt HTTP/1.0" 200 177 "-" "Mozilla/5.0 (compatible; MJ12bot/v1.4.4; http://www.majestic12.co.uk/bot.php?+)"
144.76.95.39 - - [03/Oct/2013:11:06:08 +0200] "GET /news.php?cs_go=archiv&cs_id=3945 HTTP/1.0" 200 7704 "-" "Mozilla/5.0 (compatible; MJ12bot/v1.4.4; http://www.majestic12.co.uk/bot.php?+)"
144.76.95.39 - - [03/Oct/2013:11:06:10 +0200] "GET /news.php?cs_go=archiv&cs_id=3946 HTTP/1.0" 200 7662 "-" "Mozilla/5.0 (compatible; MJ12bot/v1.4.4; http://www.majestic12.co.uk/bot.php?+)"
144.76.95.39 - - [03/Oct/2013:11:06:12 +0200] "GET /news.php?cs_go=archiv&cs_id=3947 HTTP/1.0" 200 11086 "-" "Mozilla/5.0 (compatible; MJ12bot/v1.4.4; http://www.majestic12.co.uk/bot.php?+)"
144.76.95.39 - - [03/Oct/2013:11:06:14 +0200] "GET /news.php?cs_go=archiv&cs_id=3948 HTTP/1.0" 200 8575 "-" "Mozilla/5.0 (compatible; MJ12bot/v1.4.4; http://www.majestic12.co.uk/bot.php?+)"
144.76.95.39 - - [03/Oct/2013:11:06:16 +0200] "GET /news.php?cs_go=archiv&cs_id=3951&cs_search= HTTP/1.0" 200 11159 "-" "Mozilla/5.0 (compatible; MJ12bot/v1.4.4; http://www.majestic12.co.uk/bot.php?+)"
144.76.95.39 - - [03/Oct/2013:11:06:18 +0200] "GET /news.php?cs_go=archiv&cs_id=3952 HTTP/1.0" 200 8761 "-" "Mozilla/5.0 (compatible; MJ12bot/v1.4.4; http://www.majestic12.co.uk/bot.php?+)"
144.76.95.39 - - [03/Oct/2013:11:06:20 +0200] "GET /news.php?cs_go=archiv&cs_id=3952&cs_search= HTTP/1.0" 200 8761 "-" "Mozilla/5.0 (compatible; MJ12bot/v1.4.4; http://www.majestic12.co.uk/bot.php?+)"
144.76.95.39 - - [03/Oct/2013:11:06:22 +0200] "GET /news.php?cs_go=archiv&cs_id=3954 HTTP/1.0" 200 10089 "-" "Mozilla/5.0 (compatible; MJ12bot/v1.4.4; http://www.majestic12.co.uk/bot.php?+)"
144.76.95.39 - - [03/Oct/2013:11:06:25 +0200] "GET /news.php?cs_go=archiv&cs_id=3955 HTTP/1.0" 200 8928 "-" "Mozilla/5.0 (compatible; MJ12bot/v1.4.4; http://www.majestic12.co.uk/bot.php?+)"
144.76.95.39 - - [03/Oct/2013:11:06:27 +0200] "GET /news.php?cs_go=archiv&cs_id=3955&cs_search= HTTP/1.0" 200 8928 "-" "Mozilla/5.0 (compatible; MJ12bot/v1.4.4; http://www.majestic12.co.uk/bot.php?+)"
144.76.95.39 - - [03/Oct/2013:11:06:29 +0200] "GET /news.php?cs_go=archiv&cs_id=3956 HTTP/1.0" 200 10847 "-" "Mozilla/5.0 (compatible; MJ12bot/v1.4.4; http://www.majestic12.co.uk/bot.php?+)"
144.76.95.39 - - [03/Oct/2013:11:06:31 +0200] "GET /news.php?cs_go=archiv&cs_id=3956&cs_search= HTTP/1.0" 200 10847 "-" "Mozilla/5.0 (compatible; MJ12bot/v1.4.4; http://www.majestic12.co.uk/bot.php?+)"
144.76.95.39 - - [03/Oct/2013:11:06:33 +0200] "GET /news.php?cs_go=archiv&cs_id=3957 HTTP/1.0" 200 8320 "-" "Mozilla/5.0 (compatible; MJ12bot/v1.4.4; http://www.majestic12.co.uk/bot.php?+)"
144.76.95.39 - - [03/Oct/2013:11:06:35 +0200] "GET /news.php?cs_go=archiv&cs_id=3958 HTTP/1.0" 200 7881 "-" "Mozilla/5.0 (compatible; MJ12bot/v1.4.4; http://www.majestic12.co.uk/bot.php?+)"
144.76.95.39 - - [03/Oct/2013:11:06:37 +0200] "GET /news.php?cs_go=archiv&cs_id=3964 HTTP/1.0" 200 9781 "-" "Mozilla/5.0 (compatible; MJ12bot/v1.4.4; http://www.majestic12.co.uk/bot.php?+)"
144.76.95.39 - - [03/Oct/2013:11:06:39 +0200] "GET /news.php?cs_go=archiv&cs_id=3965 HTTP/1.0" 200 10747 "-" "Mozilla/5.0 (compatible; MJ12bot/v1.4.4; http://www.majestic12.co.uk/bot.php?+)"
144.76.95.39 - - [03/Oct/2013:11:06:42 +0200] "GET /news.php?cs_go=archiv&cs_id=3968 HTTP/1.0" 200 9925 "-" "Mozilla/5.0 (compatible; MJ12bot/v1.4.4; http://www.majestic12.co.uk/bot.php?+)"
144.76.95.39 - - [03/Oct/2013:11:06:43 +0200] "GET /news.php?cs_go=archiv&cs_id=3969 HTTP/1.0" 200 11574 "-" "Mozilla/5.0 (compatible; MJ12bot/v1.4.4; http://www.majestic12.co.uk/bot.php?+)"
144.76.95.39 - - [03/Oct/2013:11:06:46 +0200] "GET /news.php?cs_go=archiv&cs_id=3970 HTTP/1.0" 200 8003 "-" "Mozilla/5.0 (compatible; MJ12bot/v1.4.4; http://www.majestic12.co.uk/bot.php?+)"
144.76.95.39 - - [03/Oct/2013:11:06:48 +0200] "GET /news.php?cs_go=archiv&cs_id=3971 HTTP/1.0" 200 7434 "-" "Mozilla/5.0 (compatible; MJ12bot/v1.4.4; http://www.majestic12.co.uk/bot.php?+)"
144.76.95.39 - - [03/Oct/2013:11:06:51 +0200] "GET /news.php?cs_go=archiv&cs_id=3972 HTTP/1.0" 200 9483 "-" "Mozilla/5.0 (compatible; MJ12bot/v1.4.4; http://www.majestic12.co.uk/bot.php?+)"
144.76.95.39 - - [03/Oct/2013:11:06:53 +0200] "GET /news.php?cs_go=archiv&cs_id=3973 HTTP/1.0" 200 11164 "-" "Mozilla/5.0 (compatible; MJ12bot/v1.4.4; http://www.majestic12.co.uk/bot.php?+)"
144.76.95.39 - - [03/Oct/2013:11:06:55 +0200] "GET /news.php?cs_go=archiv&cs_id=3979 HTTP/1.0" 200 11158 "-" "Mozilla/5.0 (compatible; MJ12bot/v1.4.4; http://www.majestic12.co.uk/bot.php?+)"
144.76.95.39 - - [03/Oct/2013:11:06:58 +0200] "GET /news.php?cs_go=archiv&cs_id=3980 HTTP/1.0" 200 7595 "-" "Mozilla/5.0 (compatible; MJ12bot/v1.4.4; http://www.majestic12.co.uk/bot.php?+)"
144.76.95.39 - - [03/Oct/2013:11:06:59 +0200] "GET /news.php?cs_go=archiv&cs_id=3981 HTTP/1.0" 200 9940 "-" "Mozilla/5.0 (compatible; MJ12bot/v1.4.4; http://www.majestic12.co.uk/bot.php?+)"
144.76.95.39 - - [03/Oct/2013:11:07:01 +0200] "GET /news.php?cs_go=archiv&cs_id=3982 HTTP/1.0" 200 11108 "-" "Mozilla/5.0 (compatible; MJ12bot/v1.4.4; http://www.majestic12.co.uk/bot.php?+)"
144.76.95.39 - - [03/Oct/2013:11:07:03 +0200] "GET /news.php?cs_go=archiv&cs_id=3983 HTTP/1.0" 200 7654 "-" "Mozilla/5.0 (compatible; MJ12bot/v1.4.4; http://www.majestic12.co.uk/bot.php?+)"
144.76.95.39 - - [03/Oct/2013:11:07:05 +0200] "GET /news.php?cs_go=archiv&cs_id=3984 HTTP/1.0" 200 10859 "-" "Mozilla/5.0 (compatible; MJ12bot/v1.4.4; http://www.majestic12.co.uk/bot.php?+)"
144.76.95.39 - - [03/Oct/2013:11:07:07 +0200] "GET /news.php?cs_go=archiv&cs_id=3990 HTTP/1.0" 200 10919 "-" "Mozilla/5.0 (compatible; MJ12bot/v1.4.4; http://www.majestic12.co.uk/bot.php?+)"
144.76.95.39 - - [03/Oct/2013:11:07:09 +0200] "GET /news.php?cs_go=archiv&cs_id=3991 HTTP/1.0" 200 7609 "-" "Mozilla/5.0 (compatible; MJ12bot/v1.4.4; http://www.majestic12.co.uk/bot.php?+)"
144.76.95.39 - - [03/Oct/2013:11:07:11 +0200] "GET /news.php?cs_go=archiv&cs_id=3992 HTTP/1.0" 200 10284 "-" "Mozilla/5.0 (compatible; MJ12bot/v1.4.4; http://www.majestic12.co.uk/bot.php?+)"
144.76.95.39 - - [03/Oct/2013:11:07:13 +0200] "GET /news.php?cs_go=archiv&cs_id=3993 HTTP/1.0" 200 10794 "-" "Mozilla/5.0 (compatible; MJ12bot/v1.4.4; http://www.majestic12.co.uk/bot.php?+)"
144.76.95.39 - - [03/Oct/2013:11:07:15 +0200] "GET /news.php?cs_go=archiv&cs_id=3994 HTTP/1.0" 200 7766 "-" "Mozilla/5.0 (compatible; MJ12bot/v1.4.4; http://www.majestic12.co.uk/bot.php?+)"
144.76.95.39 - - [03/Oct/2013:11:07:17 +0200] "GET /news.php?cs_go=archiv&cs_id=4000 HTTP/1.0" 200 7651 "-" "Mozilla/5.0 (compatible; MJ12bot/v1.4.4; http://www.majestic12.co.uk/bot.php?+)"
144.76.95.39 - - [03/Oct/2013:11:07:19 +0200] "GET /news.php?cs_go=archiv&cs_id=4006 HTTP/1.0" 200 8994 "-" "Mozilla/5.0 (compatible; MJ12bot/v1.4.4; http://www.majestic12.co.uk/bot.php?+)"
144.76.95.39 - - [03/Oct/2013:11:07:21 +0200] "GET /news.php?cs_go=archiv&cs_id=4009 HTTP/1.0" 200 8038 "-" "Mozilla/5.0 (compatible; MJ12bot/v1.4.4; http://www.majestic12.co.uk/bot.php?+)"
144.76.95.39 - - [03/Oct/2013:11:07:22 +0200] "GET /news.php?cs_go=archiv&cs_id=4010 HTTP/1.0" 200 11212 "-" "Mozilla/5.0 (compatible; MJ12bot/v1.4.4; http://www.majestic12.co.uk/bot.php?+)"
144.76.95.39 - - [03/Oct/2013:11:07:25 +0200] "GET /news.php?cs_go=archiv&cs_id=4016 HTTP/1.0" 200 7781 "-" "Mozilla/5.0 (compatible; MJ12bot/v1.4.4; http://www.majestic12.co.uk/bot.php?+)"
144.76.95.39 - - [03/Oct/2013:11:07:28 +0200] "GET /news.php?cs_go=archiv&cs_id=4017 HTTP/1.0" 200 9256 "-" "Mozilla/5.0 (compatible; MJ12bot/v1.4.4; http://www.majestic12.co.uk/bot.php?+)"
5.10.83.104 - - [03/Oct/2013:11:07:30 +0200] "GET /news.php?cs_go=archiv&cs_id=4417&cs_search= HTTP/1.1" 200 11579 "-" "Mozilla/5.0 (compatible; AhrefsBot/5.0; +http://ahrefs.com/robot/)"
144.76.95.39 - - [03/Oct/2013:11:07:31 +0200] "GET /news.php?cs_go=archiv&cs_id=4018 HTTP/1.0" 200 9115 "-" "Mozilla/5.0 (compatible; MJ12bot/v1.4.4; http://www.majestic12.co.uk/bot.php?+)"
144.76.95.39 - - [03/Oct/2013:11:07:32 +0200] "GET /news.php?cs_go=archiv&cs_id=4021 HTTP/1.0" 200 11630 "-" "Mozilla/5.0 (compatible; MJ12bot/v1.4.4; http://www.majestic12.co.uk/bot.php?+)"
144.76.95.39 - - [03/Oct/2013:11:07:34 +0200] "GET /news.php?cs_go=archiv&cs_id=4023 HTTP/1.0" 200 10962 "-" "Mozilla/5.0 (compatible; MJ12bot/v1.4.4; http://www.majestic12.co.uk/bot.php?+)"
144.76.95.39 - - [03/Oct/2013:11:07:36 +0200] "GET /news.php?cs_go=archiv&cs_id=4024 HTTP/1.0" 200 11004 "-" "Mozilla/5.0 (compatible; MJ12bot/v1.4.4; http://www.majestic12.co.uk/bot.php?+)"
144.76.95.39 - - [03/Oct/2013:11:07:38 +0200] "GET /news.php?cs_go=archiv&cs_id=4025 HTTP/1.0" 200 7865 "-" "Mozilla/5.0 (compatible; MJ12bot/v1.4.4; http://www.majestic12.co.uk/bot.php?+)"
144.76.95.39 - - [03/Oct/2013:11:07:40 +0200] "GET /news.php?cs_go=archiv&cs_id=4026 HTTP/1.0" 200 11158 "-" "Mozilla/5.0 (compatible; MJ12bot/v1.4.4; http://www.majestic12.co.uk/bot.php?+)"
144.76.95.39 - - [03/Oct/2013:11:07:42 +0200] "GET /news.php?cs_go=archiv&cs_id=4029 HTTP/1.0" 200 7741 "-" "Mozilla/5.0 (compatible; MJ12bot/v1.4.4; http://www.majestic12.co.uk/bot.php?+)"
144.76.95.39 - - [03/Oct/2013:11:07:44 +0200] "GET /news.php?cs_go=archiv&cs_id=4030 HTTP/1.0" 200 10913 "-" "Mozilla/5.0 (compatible; MJ12bot/v1.4.4; http://www.majestic12.co.uk/bot.php?+)"
144.76.95.39 - - [03/Oct/2013:11:07:46 +0200] "GET /news.php?cs_go=archiv&cs_id=4031 HTTP/1.0" 200 7941 "-" "Mozilla/5.0 (compatible; MJ12bot/v1.4.4; http://www.majestic12.co.uk/bot.php?+)"
144.76.95.39 - - [03/Oct/2013:11:07:49 +0200] "GET /news.php?cs_go=archiv&cs_id=4032 HTTP/1.0" 200 11184 "-" "Mozilla/5.0 (compatible; MJ12bot/v1.4.4; http://www.majestic12.co.uk/bot.php?+)"
144.76.95.39 - - [03/Oct/2013:11:07:51 +0200] "GET /news.php?cs_go=archiv&cs_id=4033 HTTP/1.0" 200 7627 "-" "Mozilla/5.0 (compatible; MJ12bot/v1.4.4; http://www.majestic12.co.uk/bot.php?+)"
144.76.95.39 - - [03/Oct/2013:11:07:52 +0200] "GET /news.php?cs_go=archiv&cs_id=4034 HTTP/1.0" 200 10659 "-" "Mozilla/5.0 (compatible; MJ12bot/v1.4.4; http://www.majestic12.co.uk/bot.php?+)"
144.76.95.39 - - [03/Oct/2013:11:07:55 +0200] "GET /news.php?cs_go=archiv&cs_id=4035 HTTP/1.0" 200 7481 "-" "Mozilla/5.0 (compatible; MJ12bot/v1.4.4; http://www.majestic12.co.uk/bot.php?+)"
144.76.95.39 - - [03/Oct/2013:11:07:56 +0200] "GET /news.php?cs_go=archiv&cs_id=4036 HTTP/1.0" 200 10737 "-" "Mozilla/5.0 (compatible; MJ12bot/v1.4.4; http://www.majestic12.co.uk/bot.php?+)"
144.76.95.39 - - [03/Oct/2013:11:07:58 +0200] "GET /news.php?cs_go=archiv&cs_id=4037 HTTP/1.0" 200 7536 "-" "Mozilla/5.0 (compatible; MJ12bot/v1.4.4; http://www.majestic12.co.uk/bot.php?+)"
144.76.95.39 - - [03/Oct/2013:11:08:00 +0200] "GET /news.php?cs_go=archiv&cs_id=4038 HTTP/1.0" 200 10771 "-" "Mozilla/5.0 (compatible; MJ12bot/v1.4.4; http://www.majestic12.co.uk/bot.php?+)"
144.76.95.39 - - [03/Oct/2013:11:08:02 +0200] "GET /news.php?cs_go=archiv&cs_id=4039 HTTP/1.0" 200 10566 "-" "Mozilla/5.0 (compatible; MJ12bot/v1.4.4; http://www.majestic12.co.uk/bot.php?+)"
144.76.95.39 - - [03/Oct/2013:11:08:05 +0200] "GET /news.php?cs_go=archiv&cs_id=4040 HTTP/1.0" 200 10084 "-" "Mozilla/5.0 (compatible; MJ12bot/v1.4.4; http://www.majestic12.co.uk/bot.php?+)"
144.76.95.39 - - [03/Oct/2013:11:08:07 +0200] "GET /news.php?cs_go=archiv&cs_id=4041 HTTP/1.0" 200 10748 "-" "Mozilla/5.0 (compatible; MJ12bot/v1.4.4; http://www.majestic12.co.uk/bot.php?+)"
144.76.95.39 - - [03/Oct/2013:11:08:08 +0200] "GET /news.php?cs_go=archiv&cs_id=4044 HTTP/1.0" 200 13289 "-" "Mozilla/5.0 (compatible; MJ12bot/v1.4.4; http://www.majestic12.co.uk/bot.php?+)"
144.76.95.39 - - [03/Oct/2013:11:08:10 +0200] "GET /news.php?cs_go=archiv&cs_id=4103 HTTP/1.0" 200 7581 "-" "Mozilla/5.0 (compatible; MJ12bot/v1.4.4; http://www.majestic12.co.uk/bot.php?+)"
144.76.95.39 - - [03/Oct/2013:11:08:13 +0200] "GET /news.php?cs_go=archiv&cs_id=4104 HTTP/1.0" 200 11244 "-" "Mozilla/5.0 (compatible; MJ12bot/v1.4.4; http://www.majestic12.co.uk/bot.php?+)"
144.76.95.39 - - [03/Oct/2013:11:08:15 +0200] "GET /news.php?cs_go=archiv&cs_id=4105 HTTP/1.0" 200 10113 "-" "Mozilla/5.0 (compatible; MJ12bot/v1.4.4; http://www.majestic12.co.uk/bot.php?+)"
144.76.95.39 - - [03/Oct/2013:11:08:17 +0200] "GET /news.php?cs_go=archiv&cs_id=4106 HTTP/1.0" 200 11213 "-" "Mozilla/5.0 (compatible; MJ12bot/v1.4.4; http://www.majestic12.co.uk/bot.php?+)"
144.76.95.39 - - [03/Oct/2013:11:08:19 +0200] "GET /news.php?cs_go=archiv&cs_id=4114 HTTP/1.0" 200 8073 "-" "Mozilla/5.0 (compatible; MJ12bot/v1.4.4; http://www.majestic12.co.uk/bot.php?+)"
144.76.95.39 - - [03/Oct/2013:11:08:21 +0200] "GET /news.php?cs_go=archiv&cs_id=4116 HTTP/1.0" 200 10160 "-" "Mozilla/5.0 (compatible; MJ12bot/v1.4.4; http://www.majestic12.co.uk/bot.php?+)"
66.249.78.46 - - [03/Oct/2013:11:08:23 +0200] "GET /news.php?cs_go=archiv&cs_id=4295 HTTP/1.1" 200 8990 "-" "Mozilla/5.0 (compatible; Googlebot/2.1; +http://www.google.com/bot.html)"
144.76.95.39 - - [03/Oct/2013:11:08:23 +0200] "GET /news.php?cs_go=archiv&cs_id=4123 HTTP/1.0" 200 19441 "-" "Mozilla/5.0 (compatible; MJ12bot/v1.4.4; http://www.majestic12.co.uk/bot.php?+)"
144.76.95.39 - - [03/Oct/2013:11:08:25 +0200] "GET /news.php?cs_go=archiv&cs_id=4124 HTTP/1.0" 200 8526 "-" "Mozilla/5.0 (compatible; MJ12bot/v1.4.4; http://www.majestic12.co.uk/bot.php?+)"
144.76.95.39 - - [03/Oct/2013:11:08:27 +0200] "GET /news.php?cs_go=archiv&cs_id=4125 HTTP/1.0" 200 9191 "-" "Mozilla/5.0 (compatible; MJ12bot/v1.4.4; http://www.majestic12.co.uk/bot.php?+)"
144.76.95.39 - - [03/Oct/2013:11:08:29 +0200] "GET /news.php?cs_go=archiv&cs_id=4126 HTTP/1.0" 200 9110 "-" "Mozilla/5.0 (compatible; MJ12bot/v1.4.4; http://www.majestic12.co.uk/bot.php?+)"
144.76.95.39 - - [03/Oct/2013:11:08:31 +0200] "GET /news.php?cs_go=archiv&cs_id=4128 HTTP/1.0" 200 7693 "-" "Mozilla/5.0 (compatible; MJ12bot/v1.4.4; http://www.majestic12.co.uk/bot.php?+)"
144.76.95.39 - - [03/Oct/2013:11:08:33 +0200] "GET /news.php?cs_go=archiv&cs_id=4130 HTTP/1.0" 200 11380 "-" "Mozilla/5.0 (compatible; MJ12bot/v1.4.4; http://www.majestic12.co.uk/bot.php?+)"
144.76.95.39 - - [03/Oct/2013:11:08:35 +0200] "GET /news.php?cs_go=archiv&cs_id=4138 HTTP/1.0" 200 8546 "-" "Mozilla/5.0 (compatible; MJ12bot/v1.4.4; http://www.majestic12.co.uk/bot.php?+)"
144.76.95.39 - - [03/Oct/2013:11:08:37 +0200] "GET /news.php?cs_go=archiv&cs_id=4139 HTTP/1.0" 200 8764 "-" "Mozilla/5.0 (compatible; MJ12bot/v1.4.4; http://www.majestic12.co.uk/bot.php?+)"
144.76.95.39 - - [03/Oct/2013:11:08:39 +0200] "GET /news.php?cs_go=archiv&cs_id=4140 HTTP/1.0" 200 9444 "-" "Mozilla/5.0 (compatible; MJ12bot/v1.4.4; http://www.majestic12.co.uk/bot.php?+)"
144.76.95.39 - - [03/Oct/2013:11:08:41 +0200] "GET /news.php?cs_go=archiv&cs_id=4146 HTTP/1.0" 200 11241 "-" "Mozilla/5.0 (compatible; MJ12bot/v1.4.4; http://www.majestic12.co.uk/bot.php?+)"
144.76.95.39 - - [03/Oct/2013:11:08:44 +0200] "GET /news.php?cs_go=archiv&cs_id=4148 HTTP/1.0" 200 9910 "-" "Mozilla/5.0 (compatible; MJ12bot/v1.4.4; http://www.majestic12.co.uk/bot.php?+)"
144.76.95.39 - - [03/Oct/2013:11:08:46 +0200] "GET /news.php?cs_go=archiv&cs_id=4149 HTTP/1.0" 200 9287 "-" "Mozilla/5.0 (compatible; MJ12bot/v1.4.4; http://www.majestic12.co.uk/bot.php?+)"
144.76.95.39 - - [03/Oct/2013:11:08:50 +0200] "GET /news.php?cs_go=archiv&cs_id=4152 HTTP/1.0" 200 7968 "-" "Mozilla/5.0 (compatible; MJ12bot/v1.4.4; http://www.majestic12.co.uk/bot.php?+)"
144.76.95.39 - - [03/Oct/2013:11:08:52 +0200] "GET /news.php?cs_go=archiv&cs_id=4157 HTTP/1.0" 200 11709 "-" "Mozilla/5.0 (compatible; MJ12bot/v1.4.4; http://www.majestic12.co.uk/bot.php?+)"
144.76.95.39 - - [03/Oct/2013:11:08:54 +0200] "GET /news.php?cs_go=archiv&cs_id=4159 HTTP/1.0" 200 13244 "-" "Mozilla/5.0 (compatible; MJ12bot/v1.4.4; http://www.majestic12.co.uk/bot.php?+)"
144.76.95.39 - - [03/Oct/2013:11:08:56 +0200] "GET /news.php?cs_go=archiv&cs_id=4162 HTTP/1.0" 200 9071 "-" "Mozilla/5.0 (compatible; MJ12bot/v1.4.4; http://www.majestic12.co.uk/bot.php?+)"
144.76.95.39 - - [03/Oct/2013:11:08:59 +0200] "GET /news.php?cs_go=archiv&cs_id=4163 HTTP/1.0" 200 7817 "-" "Mozilla/5.0 (compatible; MJ12bot/v1.4.4; http://www.majestic12.co.uk/bot.php?+)"
144.76.95.39 - - [03/Oct/2013:11:09:01 +0200] "GET /news.php?cs_go=archiv&cs_id=4167 HTTP/1.0" 200 10726 "-" "Mozilla/5.0 (compatible; MJ12bot/v1.4.4; http://www.majestic12.co.uk/bot.php?+)"
144.76.95.39 - - [03/Oct/2013:11:09:03 +0200] "GET /news.php?cs_go=archiv&cs_id=4168 HTTP/1.0" 200 8927 "-" "Mozilla/5.0 (compatible; MJ12bot/v1.4.4; http://www.majestic12.co.uk/bot.php?+)"
144.76.95.39 - - [03/Oct/2013:11:09:05 +0200] "GET /news.php?cs_go=archiv&cs_id=4169 HTTP/1.0" 200 11445 "-" "Mozilla/5.0 (compatible; MJ12bot/v1.4.4; http://www.majestic12.co.uk/bot.php?+)"
144.76.95.39 - - [03/Oct/2013:11:09:08 +0200] "GET /news.php?cs_go=archiv&cs_id=4170 HTTP/1.0" 200 7722 "-" "Mozilla/5.0 (compatible; MJ12bot/v1.4.4; http://www.majestic12.co.uk/bot.php?+)"
144.76.95.39 - - [03/Oct/2013:11:09:10 +0200] "GET /news.php?cs_go=archiv&cs_id=4173 HTTP/1.0" 200 11432 "-" "Mozilla/5.0 (compatible; MJ12bot/v1.4.4; http://www.majestic12.co.uk/bot.php?+)"
144.76.95.39 - - [03/Oct/2013:11:09:12 +0200] "GET /news.php?cs_go=archiv&cs_id=4175 HTTP/1.0" 200 8580 "-" "Mozilla/5.0 (compatible; MJ12bot/v1.4.4; http://www.majestic12.co.uk/bot.php?+)"
144.76.95.39 - - [03/Oct/2013:11:09:14 +0200] "GET /news.php?cs_go=archiv&cs_id=4176 HTTP/1.0" 200 11615 "-" "Mozilla/5.0 (compatible; MJ12bot/v1.4.4; http://www.majestic12.co.uk/bot.php?+)"
144.76.95.39 - - [03/Oct/2013:11:09:16 +0200] "GET /news.php?cs_go=archiv&cs_id=4177 HTTP/1.0" 200 7601 "-" "Mozilla/5.0 (compatible; MJ12bot/v1.4.4; http://www.majestic12.co.uk/bot.php?+)"
144.76.95.39 - - [03/Oct/2013:11:09:18 +0200] "GET /news.php?cs_go=archiv&cs_id=4178 HTTP/1.0" 200 8470 "-" "Mozilla/5.0 (compatible; MJ12bot/v1.4.4; http://www.majestic12.co.uk/bot.php?+)"
144.76.95.39 - - [03/Oct/2013:11:09:20 +0200] "GET /news.php?cs_go=archiv&cs_id=4238 HTTP/1.0" 200 11410 "-" "Mozilla/5.0 (compatible; MJ12bot/v1.4.4; http://www.majestic12.co.uk/bot.php?+)"
5.10.83.92 - - [03/Oct/2013:11:11:15 +0200] "GET /news.php?cs_go=archiv&cs_id=4569&cs_search= HTTP/1.1" 200 7732 "-" "Mozilla/5.0 (compatible; AhrefsBot/5.0; +http://ahrefs.com/robot/)"
5.10.83.53 - - [03/Oct/2013:11:14:45 +0200] "GET /news.php?cs_go=archiv&cs_id=4400&cs_search= HTTP/1.1" 200 7570 "-" "Mozilla/5.0 (compatible; AhrefsBot/5.0; +http://ahrefs.com/robot/)"
5.10.83.61 - - [03/Oct/2013:11:39:40 +0200] "GET /lexikon.php?cs_go=3&cs_id=224 HTTP/1.1" 200 5877 "-" "Mozilla/5.0 (compatible; AhrefsBot/5.0; +http://ahrefs.com/robot/)"
208.115.111.75 - - [03/Oct/2013:11:48:02 +0200] "GET /robots.txt HTTP/1.1" 200 177 "-" "Mozilla/5.0 (compatible; Ezooms/1.0; ezooms.bot@gmail.com)"
79.192.143.230 - - [03/Oct/2013:11:49:22 +0200] "GET /wunschpreis.php HTTP/1.1" 200 10292 "http://www.mink-gmbh.de/preisanfrage.php" "Mozilla/5.0 (iPad; CPU OS 6_1_3 like Mac OS X) AppleWebKit/536.26 (KHTML, like Gecko) Version/6.0 Mobile/10B329 Safari/8536.25"
79.192.143.230 - - [03/Oct/2013:11:49:22 +0200] "GET /style.css HTTP/1.1" 304 - "http://www.mink-gmbh.de/wunschpreis.php" "Mozilla/5.0 (iPad; CPU OS 6_1_3 like Mac OS X) AppleWebKit/536.26 (KHTML, like Gecko) Version/6.0 Mobile/10B329 Safari/8536.25"
79.192.143.230 - - [03/Oct/2013:11:49:22 +0200] "GET /modul.css HTTP/1.1" 304 - "http://www.mink-gmbh.de/wunschpreis.php" "Mozilla/5.0 (iPad; CPU OS 6_1_3 like Mac OS X) AppleWebKit/536.26 (KHTML, like Gecko) Version/6.0 Mobile/10B329 Safari/8536.25"
79.192.143.230 - - [03/Oct/2013:11:49:23 +0200] "GET /images/freecall.jpg HTTP/1.1" 304 - "http://www.mink-gmbh.de/wunschpreis.php" "Mozilla/5.0 (iPad; CPU OS 6_1_3 like Mac OS X) AppleWebKit/536.26 (KHTML, like Gecko) Version/6.0 Mobile/10B329 Safari/8536.25"
79.192.143.230 - - [03/Oct/2013:11:49:23 +0200] "GET /images/kwk.gif HTTP/1.1" 304 - "http://www.mink-gmbh.de/wunschpreis.php" "Mozilla/5.0 (iPad; CPU OS 6_1_3 like Mac OS X) AppleWebKit/536.26 (KHTML, like Gecko) Version/6.0 Mobile/10B329 Safari/8536.25"
79.192.143.230 - - [03/Oct/2013:11:49:23 +0200] "GET /images/wunschpreis.jpg HTTP/1.1" 304 - "http://www.mink-gmbh.de/wunschpreis.php" "Mozilla/5.0 (iPad; CPU OS 6_1_3 like Mac OS X) AppleWebKit/536.26 (KHTML, like Gecko) Version/6.0 Mobile/10B329 Safari/8536.25"
79.192.143.230 - - [03/Oct/2013:11:49:23 +0200] "GET /images/logos.jpg?cache4179 HTTP/1.1" 200 35043 "http://www.mink-gmbh.de/wunschpreis.php" "Mozilla/5.0 (iPad; CPU OS 6_1_3 like Mac OS X) AppleWebKit/536.26 (KHTML, like Gecko) Version/6.0 Mobile/10B329 Safari/8536.25"
79.192.143.230 - - [03/Oct/2013:11:49:23 +0200] "GET /images/bg.png HTTP/1.1" 304 - "http://www.mink-gmbh.de/wunschpreis.php" "Mozilla/5.0 (iPad; CPU OS 6_1_3 like Mac OS X) AppleWebKit/536.26 (KHTML, like Gecko) Version/6.0 Mobile/10B329 Safari/8536.25"
79.192.143.230 - - [03/Oct/2013:11:49:23 +0200] "GET /images/newsletter.png HTTP/1.1" 304 - "http://www.mink-gmbh.de/wunschpreis.php" "Mozilla/5.0 (iPad; CPU OS 6_1_3 like Mac OS X) AppleWebKit/536.26 (KHTML, like Gecko) Version/6.0 Mobile/10B329 Safari/8536.25"
79.192.143.230 - - [03/Oct/2013:11:49:23 +0200] "GET /images/wrapperbg.jpg HTTP/1.1" 304 - "http://www.mink-gmbh.de/wunschpreis.php" "Mozilla/5.0 (iPad; CPU OS 6_1_3 like Mac OS X) AppleWebKit/536.26 (KHTML, like Gecko) Version/6.0 Mobile/10B329 Safari/8536.25"
79.192.143.230 - - [03/Oct/2013:11:49:23 +0200] "GET /images/header.jpg HTTP/1.1" 304 - "http://www.mink-gmbh.de/wunschpreis.php" "Mozilla/5.0 (iPad; CPU OS 6_1_3 like Mac OS X) AppleWebKit/536.26 (KHTML, like Gecko) Version/6.0 Mobile/10B329 Safari/8536.25"
79.192.143.230 - - [03/Oct/2013:11:49:23 +0200] "GET /images/navibg.png HTTP/1.1" 304 - "http://www.mink-gmbh.de/wunschpreis.php" "Mozilla/5.0 (iPad; CPU OS 6_1_3 like Mac OS X) AppleWebKit/536.26 (KHTML, like Gecko) Version/6.0 Mobile/10B329 Safari/8536.25"
79.192.143.230 - - [03/Oct/2013:11:49:23 +0200] "GET /images/footerbg.jpg HTTP/1.1" 304 - "http://www.mink-gmbh.de/wunschpreis.php" "Mozilla/5.0 (iPad; CPU OS 6_1_3 like Mac OS X) AppleWebKit/536.26 (KHTML, like Gecko) Version/6.0 Mobile/10B329 Safari/8536.25"
79.192.143.230 - - [03/Oct/2013:11:49:25 +0200] "GET /style.css HTTP/1.1" 304 - "http://www.mink-gmbh.de/wunschpreis.php" "Mozilla/5.0 (iPad; CPU OS 6_1_3 like Mac OS X) AppleWebKit/536.26 (KHTML, like Gecko) Version/6.0 Mobile/10B329 Safari/8536.25"
79.192.143.230 - - [03/Oct/2013:11:49:25 +0200] "GET /modul.css HTTP/1.1" 304 - "http://www.mink-gmbh.de/wunschpreis.php" "Mozilla/5.0 (iPad; CPU OS 6_1_3 like Mac OS X) AppleWebKit/536.26 (KHTML, like Gecko) Version/6.0 Mobile/10B329 Safari/8536.25"
79.192.143.230 - - [03/Oct/2013:11:49:25 +0200] "GET /wunschpreis.php HTTP/1.1" 200 10292 "http://www.mink-gmbh.de/preisanfrage.php" "Mozilla/5.0 (iPad; CPU OS 6_1_3 like Mac OS X) AppleWebKit/536.26 (KHTML, like Gecko) Version/6.0 Mobile/10B329 Safari/8536.25"
79.192.143.230 - - [03/Oct/2013:11:49:26 +0200] "GET /images/freecall.jpg HTTP/1.1" 304 - "http://www.mink-gmbh.de/wunschpreis.php" "Mozilla/5.0 (iPad; CPU OS 6_1_3 like Mac OS X) AppleWebKit/536.26 (KHTML, like Gecko) Version/6.0 Mobile/10B329 Safari/8536.25"
79.192.143.230 - - [03/Oct/2013:11:49:26 +0200] "GET /images/kwk.gif HTTP/1.1" 304 - "http://www.mink-gmbh.de/wunschpreis.php" "Mozilla/5.0 (iPad; CPU OS 6_1_3 like Mac OS X) AppleWebKit/536.26 (KHTML, like Gecko) Version/6.0 Mobile/10B329 Safari/8536.25"
79.192.143.230 - - [03/Oct/2013:11:49:26 +0200] "GET /images/wunschpreis.jpg HTTP/1.1" 304 - "http://www.mink-gmbh.de/wunschpreis.php" "Mozilla/5.0 (iPad; CPU OS 6_1_3 like Mac OS X) AppleWebKit/536.26 (KHTML, like Gecko) Version/6.0 Mobile/10B329 Safari/8536.25"
79.192.143.230 - - [03/Oct/2013:11:49:26 +0200] "GET /images/logos.jpg?cache5278 HTTP/1.1" 200 35043 "http://www.mink-gmbh.de/wunschpreis.php" "Mozilla/5.0 (iPad; CPU OS 6_1_3 like Mac OS X) AppleWebKit/536.26 (KHTML, like Gecko) Version/6.0 Mobile/10B329 Safari/8536.25"
79.192.143.230 - - [03/Oct/2013:11:49:28 +0200] "GET /style.css HTTP/1.1" 304 - "http://www.mink-gmbh.de/wunschpreis.php" "Mozilla/5.0 (iPad; CPU OS 6_1_3 like Mac OS X) AppleWebKit/536.26 (KHTML, like Gecko) Version/6.0 Mobile/10B329 Safari/8536.25"
79.192.143.230 - - [03/Oct/2013:11:49:28 +0200] "GET /modul.css HTTP/1.1" 304 - "http://www.mink-gmbh.de/wunschpreis.php" "Mozilla/5.0 (iPad; CPU OS 6_1_3 like Mac OS X) AppleWebKit/536.26 (KHTML, like Gecko) Version/6.0 Mobile/10B329 Safari/8536.25"
79.192.143.230 - - [03/Oct/2013:11:49:27 +0200] "GET /wunschpreis.php HTTP/1.1" 200 10292 "http://www.mink-gmbh.de/preisanfrage.php" "Mozilla/5.0 (iPad; CPU OS 6_1_3 like Mac OS X) AppleWebKit/536.26 (KHTML, like Gecko) Version/6.0 Mobile/10B329 Safari/8536.25"
79.192.143.230 - - [03/Oct/2013:11:49:28 +0200] "GET /images/freecall.jpg HTTP/1.1" 304 - "http://www.mink-gmbh.de/wunschpreis.php" "Mozilla/5.0 (iPad; CPU OS 6_1_3 like Mac OS X) AppleWebKit/536.26 (KHTML, like Gecko) Version/6.0 Mobile/10B329 Safari/8536.25"
79.192.143.230 - - [03/Oct/2013:11:49:28 +0200] "GET /images/kwk.gif HTTP/1.1" 304 - "http://www.mink-gmbh.de/wunschpreis.php" "Mozilla/5.0 (iPad; CPU OS 6_1_3 like Mac OS X) AppleWebKit/536.26 (KHTML, like Gecko) Version/6.0 Mobile/10B329 Safari/8536.25"
79.192.143.230 - - [03/Oct/2013:11:49:28 +0200] "GET /images/wunschpreis.jpg HTTP/1.1" 304 - "http://www.mink-gmbh.de/wunschpreis.php" "Mozilla/5.0 (iPad; CPU OS 6_1_3 like Mac OS X) AppleWebKit/536.26 (KHTML, like Gecko) Version/6.0 Mobile/10B329 Safari/8536.25"
79.192.143.230 - - [03/Oct/2013:11:49:28 +0200] "GET /images/logos.jpg?cache5113 HTTP/1.1" 200 35043 "http://www.mink-gmbh.de/wunschpreis.php" "Mozilla/5.0 (iPad; CPU OS 6_1_3 like Mac OS X) AppleWebKit/536.26 (KHTML, like Gecko) Version/6.0 Mobile/10B329 Safari/8536.25"
79.192.143.230 - - [03/Oct/2013:11:49:28 +0200] "GET /preisanfrage.php HTTP/1.1" 200 8557 "http://www.mink-gmbh.de/preisanfrage.php" "Mozilla/5.0 (iPad; CPU OS 6_1_3 like Mac OS X) AppleWebKit/536.26 (KHTML, like Gecko) Version/6.0 Mobile/10B329 Safari/8536.25"
79.192.143.230 - - [03/Oct/2013:11:49:29 +0200] "GET /images/logos.jpg?cache9564 HTTP/1.1" 200 35043 "http://www.mink-gmbh.de/preisanfrage.php" "Mozilla/5.0 (iPad; CPU OS 6_1_3 like Mac OS X) AppleWebKit/536.26 (KHTML, like Gecko) Version/6.0 Mobile/10B329 Safari/8536.25"
79.192.143.230 - - [03/Oct/2013:11:49:29 +0200] "GET /preisanfrage.php HTTP/1.1" 200 8557 "https://www.google.de/" "Mozilla/5.0 (iPad; CPU OS 6_1_3 like Mac OS X) AppleWebKit/536.26 (KHTML, like Gecko) Version/6.0 Mobile/10B329 Safari/8536.25"
79.192.143.230 - - [03/Oct/2013:11:49:30 +0200] "GET /images/logos.jpg?cache8306 HTTP/1.1" 200 35043 "http://www.mink-gmbh.de/preisanfrage.php" "Mozilla/5.0 (iPad; CPU OS 6_1_3 like Mac OS X) AppleWebKit/536.26 (KHTML, like Gecko) Version/6.0 Mobile/10B329 Safari/8536.25"
66.249.78.46 - - [03/Oct/2013:11:53:05 +0200] "GET /news.php?cs_go=archiv&cs_id=4082 HTTP/1.1" 200 9453 "-" "Mozilla/5.0 (compatible; Googlebot/2.1; +http://www.google.com/bot.html)"
208.115.113.91 - - [03/Oct/2013:11:53:36 +0200] "GET /news.php?cs_go=archiv&cs_id=4471&cs_search= HTTP/1.1" 200 11789 "-" "Mozilla/5.0 (compatible; Ezooms/1.0; ezooms.bot@gmail.com)"
5.10.83.7 - - [03/Oct/2013:11:54:08 +0200] "GET /news.php?cs_go=archiv&cs_id=4460&cs_search= HTTP/1.1" 200 9402 "-" "Mozilla/5.0 (compatible; AhrefsBot/5.0; +http://ahrefs.com/robot/)"
5.10.83.7 - - [03/Oct/2013:11:54:35 +0200] "GET /lexikon.php?cs_go=3&cs_id=232 HTTP/1.1" 200 5574 "-" "Mozilla/5.0 (compatible; AhrefsBot/5.0; +http://ahrefs.com/robot/)"
66.249.78.46 - - [03/Oct/2013:12:04:44 +0200] "GET / HTTP/1.1" 200 12446 "-" "SAMSUNG-SGH-E250/1.0 Profile/MIDP-2.0 Configuration/CLDC-1.1 UP.Browser/6.2.3.3.c.1.101 (GUI) MMP/2.0 (compatible; Googlebot-Mobile/2.1; +http://www.google.com/bot.html)"
5.10.83.101 - - [03/Oct/2013:12:10:16 +0200] "GET /wunschpreis.php HTTP/1.1" 200 10292 "-" "Mozilla/5.0 (compatible; AhrefsBot/5.0; +http://ahrefs.com/robot/)"
66.249.78.46 - - [03/Oct/2013:12:11:27 +0200] "GET /news.php?cs_go=archiv&cs_startpos=270 HTTP/1.1" 200 6095 "-" "Mozilla/5.0 (compatible; Googlebot/2.1; +http://www.google.com/bot.html)"
5.10.83.92 - - [03/Oct/2013:12:22:29 +0200] "GET /news.php?cs_go=archiv&cs_id=4410&cs_search= HTTP/1.1" 200 7871 "-" "Mozilla/5.0 (compatible; AhrefsBot/5.0; +http://ahrefs.com/robot/)"
5.10.83.53 - - [03/Oct/2013:12:26:35 +0200] "GET /news.php?cs_go=archiv&cs_id=4565&cs_search= HTTP/1.1" 200 9190 "-" "Mozilla/5.0 (compatible; AhrefsBot/5.0; +http://ahrefs.com/robot/)"
5.10.83.101 - - [03/Oct/2013:12:28:41 +0200] "GET /news.php?cs_go=archiv&cs_id=4430&cs_search= HTTP/1.1" 200 11598 "-" "Mozilla/5.0 (compatible; AhrefsBot/5.0; +http://ahrefs.com/robot/)"
94.219.89.58 - - [03/Oct/2013:12:33:03 +0200] "GET /kwk.php HTTP/1.1" 200 8484 "http://www.google.de/url?sa=t&rct=j&q=&esrc=s&source=web&cd=8&ved=0CHAQFjAH&url=http%3A%2F%2Fwww.mink-gmbh.de%2Fkwk.php&ei=QUVNUqxdiNS1BtWygZAL&usg=AFQjCNGJX9pmJcxX74rgu0xR5BtEnG4u2w&bvm=bv.53537100,d.Yms" "Mozilla/5.0 (Windows NT 6.0; rv:24.0) Gecko/20100101 Firefox/24.0"
94.219.89.58 - - [03/Oct/2013:12:33:03 +0200] "GET /style.css HTTP/1.1" 200 8402 "http://www.mink-gmbh.de/kwk.php" "Mozilla/5.0 (Windows NT 6.0; rv:24.0) Gecko/20100101 Firefox/24.0"
94.219.89.58 - - [03/Oct/2013:12:33:03 +0200] "GET /modul.css HTTP/1.1" 200 35038 "http://www.mink-gmbh.de/kwk.php" "Mozilla/5.0 (Windows NT 6.0; rv:24.0) Gecko/20100101 Firefox/24.0"
94.219.89.58 - - [03/Oct/2013:12:33:03 +0200] "GET /favicon.ico HTTP/1.1" 200 3638 "-" "Mozilla/5.0 (Windows NT 6.0; rv:24.0) Gecko/20100101 Firefox/24.0"
94.219.89.58 - - [03/Oct/2013:12:33:04 +0200] "GET /images/logos.jpg?cache1365 HTTP/1.1" 200 35043 "http://www.mink-gmbh.de/kwk.php" "Mozilla/5.0 (Windows NT 6.0; rv:24.0) Gecko/20100101 Firefox/24.0"
94.219.89.58 - - [03/Oct/2013:12:33:04 +0200] "GET /images/freecall.jpg HTTP/1.1" 200 39195 "http://www.mink-gmbh.de/kwk.php" "Mozilla/5.0 (Windows NT 6.0; rv:24.0) Gecko/20100101 Firefox/24.0"
94.219.89.58 - - [03/Oct/2013:12:33:04 +0200] "GET /images/kwk.gif HTTP/1.1" 200 6403 "http://www.mink-gmbh.de/kwk.php" "Mozilla/5.0 (Windows NT 6.0; rv:24.0) Gecko/20100101 Firefox/24.0"
94.219.89.58 - - [03/Oct/2013:12:33:04 +0200] "GET /images/wunschpreis.jpg HTTP/1.1" 200 16767 "http://www.mink-gmbh.de/kwk.php" "Mozilla/5.0 (Windows NT 6.0; rv:24.0) Gecko/20100101 Firefox/24.0"
94.219.89.58 - - [03/Oct/2013:12:33:04 +0200] "GET /images/newsletter.png HTTP/1.1" 200 14619 "http://www.mink-gmbh.de/style.css" "Mozilla/5.0 (Windows NT 6.0; rv:24.0) Gecko/20100101 Firefox/24.0"
94.219.89.58 - - [03/Oct/2013:12:33:04 +0200] "GET /images/wrapperbg.jpg HTTP/1.1" 200 27465 "http://www.mink-gmbh.de/style.css" "Mozilla/5.0 (Windows NT 6.0; rv:24.0) Gecko/20100101 Firefox/24.0"
94.219.89.58 - - [03/Oct/2013:12:33:04 +0200] "GET /images/bg.png HTTP/1.1" 200 922 "http://www.mink-gmbh.de/style.css" "Mozilla/5.0 (Windows NT 6.0; rv:24.0) Gecko/20100101 Firefox/24.0"
94.219.89.58 - - [03/Oct/2013:12:33:04 +0200] "GET /images/header.jpg HTTP/1.1" 200 25189 "http://www.mink-gmbh.de/style.css" "Mozilla/5.0 (Windows NT 6.0; rv:24.0) Gecko/20100101 Firefox/24.0"
94.219.89.58 - - [03/Oct/2013:12:33:04 +0200] "GET /images/navibg.png HTTP/1.1" 200 2803 "http://www.mink-gmbh.de/style.css" "Mozilla/5.0 (Windows NT 6.0; rv:24.0) Gecko/20100101 Firefox/24.0"
94.219.89.58 - - [03/Oct/2013:12:33:04 +0200] "GET /images/footerbg.jpg HTTP/1.1" 200 2184 "http://www.mink-gmbh.de/style.css" "Mozilla/5.0 (Windows NT 6.0; rv:24.0) Gecko/20100101 Firefox/24.0"
5.10.83.34 - - [03/Oct/2013:12:43:49 +0200] "GET /news.php?cs_go=archiv&cs_id=4575&cs_search= HTTP/1.1" 200 8405 "-" "Mozilla/5.0 (compatible; AhrefsBot/5.0; +http://ahrefs.com/robot/)"
5.10.83.34 - - [03/Oct/2013:12:44:47 +0200] "GET /lexikon.php?cs_go=3&cs_id=217 HTTP/1.1" 200 5722 "-" "Mozilla/5.0 (compatible; AhrefsBot/5.0; +http://ahrefs.com/robot/)"
77.75.77.36 - - [03/Oct/2013:12:46:47 +0200] "GET /robots.txt HTTP/1.1" 200 177 "-" "SeznamBot/3.0 (+http://fulltext.sblog.cz/)"
77.75.77.36 - - [03/Oct/2013:12:46:48 +0200] "GET /kontakt.php HTTP/1.1" 200 7021 "-" "SeznamBot/3.0 (+http://fulltext.sblog.cz/)"
77.75.77.36 - - [03/Oct/2013:12:46:51 +0200] "GET / HTTP/1.1" 200 12446 "-" "SeznamBot/3.0 (+http://fulltext.sblog.cz/)"
77.75.77.36 - - [03/Oct/2013:12:46:56 +0200] "GET /news.php HTTP/1.1" 200 20120 "-" "SeznamBot/3.0 (+http://fulltext.sblog.cz/)"
