66.249.78.46 - - [07/Oct/2013:21:32:52 +0200] "GET /news.php?cs_go=archiv&cs_id=4607 HTTP/1.1" 200 7645 "-" "Mozilla/5.0 (iPhone; U; CPU iPhone OS 4_1 like Mac OS X; en-us) AppleWebKit/532.9 (KHTML, like Gecko) Version/4.0.5 Mobile/8B117 Safari/6531.22.7 (compatible; Googlebot-Mobile/2.1; +http://www.google.com/bot.html)"
82.94.179.38 - - [07/Oct/2013:21:41:59 +0200] "GET /robots.txt HTTP/1.0" 200 177 "-" "Mozilla/4.0 (compatible; Freshbot/1.0/EU; http://webagent.wise-guys.nl/)"
82.94.179.38 - - [07/Oct/2013:21:41:59 +0200] "GET / HTTP/1.1" 200 12485 "-" "Mozilla/5.0 (X11; Linux i686; rv:6.0) Gecko/20100101 Firefox/6.0 (Freshbot/1.0/EU; http://webagent.wise-guys.nl/)"
82.94.179.38 - - [07/Oct/2013:21:42:06 +0200] "GET /news.php?cs_go=archiv&cs_id=4614 HTTP/1.1" 200 11573 "-" "Mozilla/5.0 (X11; Linux i686; rv:6.0) Gecko/20100101 Firefox/6.0 (Freshbot/1.0/EU; http://webagent.wise-guys.nl/)"
82.94.179.38 - - [07/Oct/2013:21:42:11 +0200] "GET /news.php?cs_go=archiv&cs_id=4611 HTTP/1.1" 200 8128 "-" "Mozilla/5.0 (X11; Linux i686; rv:6.0) Gecko/20100101 Firefox/6.0 (Freshbot/1.0/EU; http://webagent.wise-guys.nl/)"
82.94.179.38 - - [07/Oct/2013:21:42:16 +0200] "GET /news.php?cs_go=archiv&cs_id=4604 HTTP/1.1" 200 8799 "-" "Mozilla/5.0 (X11; Linux i686; rv:6.0) Gecko/20100101 Firefox/6.0 (Freshbot/1.0/EU; http://webagent.wise-guys.nl/)"
82.94.179.38 - - [07/Oct/2013:21:42:21 +0200] "GET /news.php?cs_go=archiv&cs_id=4610 HTTP/1.1" 200 7593 "-" "Mozilla/5.0 (X11; Linux i686; rv:6.0) Gecko/20100101 Firefox/6.0 (Freshbot/1.0/EU; http://webagent.wise-guys.nl/)"
208.115.111.75 - - [07/Oct/2013:21:42:40 +0200] "GET /news.php?cs_go=archiv&cs_startpos=50 HTTP/1.1" 200 20424 "-" "Mozilla/5.0 (compatible; Ezooms/1.0; ezooms.bot@gmail.com)"
157.56.93.72 - - [07/Oct/2013:21:50:34 +0200] "GET /robots.txt HTTP/1.1" 200 177 "-" "Mozilla/5.0 (compatible; bingbot/2.0; +http://www.bing.com/bingbot.htm)"
188.138.41.175 - - [07/Oct/2013:21:52:52 +0200] "GET / HTTP/1.1" 200 12485 "-" "Mozilla/5.0 (X11; U; Linux i686; en-US; rv:1.9.0.1) Gecko/2008070206 Firefox/3.0.1"
188.138.41.175 - - [07/Oct/2013:21:52:53 +0200] "GET /impressum.php HTTP/1.1" 200 6360 "-" "Mozilla/5.0 (X11; U; Linux i686; en-US; rv:1.9.0.1) Gecko/2008070206 Firefox/3.0.1"
188.138.41.175 - - [07/Oct/2013:21:52:54 +0200] "GET / HTTP/1.1" 200 11745 "-" "Mozilla/5.0 (X11; U; Linux i686; en-US; rv:1.9.0.1) Gecko/2008070206 Firefox/3.0.1"
188.138.41.175 - - [07/Oct/2013:21:52:55 +0200] "GET /impressum.php HTTP/1.1" 200 6360 "-" "Mozilla/5.0 (X11; U; Linux i686; en-US; rv:1.9.0.1) Gecko/2008070206 Firefox/3.0.1"
157.56.93.72 - - [07/Oct/2013:21:53:00 +0200] "GET / HTTP/1.1" 200 12485 "-" "Mozilla/5.0 (compatible; bingbot/2.0; +http://www.bing.com/bingbot.htm)"
176.9.138.27 - - [07/Oct/2013:22:19:16 +0200] "GET /robots.txt HTTP/1.1" 200 177 "-" "Mozilla/5.0 (compatible; Spiderlytics/1.0; +spider@spiderlytics.com)"
176.9.138.27 - - [07/Oct/2013:22:19:16 +0200] "GET /.php HTTP/1.1" 404 - "-" "Mozilla/5.0 (compatible; Spiderlytics/1.0; +spider@spiderlytics.com)"
66.249.78.46 - - [07/Oct/2013:22:24:50 +0200] "GET /images/logos.jpg?cache1733 HTTP/1.1" 200 35043 "-" "Googlebot-Image/1.0"
66.249.78.46 - - [07/Oct/2013:22:29:12 +0200] "GET /news.php?cs_go=archiv&cs_startpos=230 HTTP/1.1" 200 20200 "-" "Mozilla/5.0 (iPhone; U; CPU iPhone OS 4_1 like Mac OS X; en-us) AppleWebKit/532.9 (KHTML, like Gecko) Version/4.0.5 Mobile/8B117 Safari/6531.22.7 (compatible; Googlebot-Mobile/2.1; +http://www.google.com/bot.html)"
188.138.41.175 - - [07/Oct/2013:22:54:23 +0200] "GET / HTTP/1.1" 200 11745 "-" "Mozilla/5.0 (X11; U; Linux i686; en-US; rv:1.9.0.1) Gecko/2008070206 Firefox/3.0.1"
188.138.41.175 - - [07/Oct/2013:22:54:24 +0200] "GET /impressum.php HTTP/1.1" 200 6360 "-" "Mozilla/5.0 (X11; U; Linux i686; en-US; rv:1.9.0.1) Gecko/2008070206 Firefox/3.0.1"
66.249.78.46 - - [07/Oct/2013:23:11:45 +0200] "GET /news.php?cs_go=archiv&cs_startpos=40 HTTP/1.1" 200 20365 "-" "SAMSUNG-SGH-E250/1.0 Profile/MIDP-2.0 Configuration/CLDC-1.1 UP.Browser/6.2.3.3.c.1.101 (GUI) MMP/2.0 (compatible; Googlebot-Mobile/2.1; +http://www.google.com/bot.html)"
66.249.78.46 - - [07/Oct/2013:23:18:31 +0200] "GET /images/logos.jpg?cache8021 HTTP/1.1" 200 35043 "-" "Googlebot-Image/1.0"
176.9.138.27 - - [07/Oct/2013:23:36:22 +0200] "GET /robots.txt HTTP/1.1" 200 177 "-" "Mozilla/5.0 (compatible; Spiderlytics/1.0; +spider@spiderlytics.com)"
208.115.111.75 - - [07/Oct/2013:23:42:40 +0200] "GET /robots.txt HTTP/1.1" 200 177 "-" "Mozilla/5.0 (compatible; Ezooms/1.0; ezooms.bot@gmail.com)"
188.138.41.175 - - [08/Oct/2013:00:05:15 +0200] "GET / HTTP/1.1" 200 12485 "-" "Mozilla/5.0 (X11; U; Linux i686; en-US; rv:1.9.0.1) Gecko/2008070206 Firefox/3.0.1"
188.138.41.175 - - [08/Oct/2013:00:05:16 +0200] "GET /impressum.php HTTP/1.1" 200 6360 "-" "Mozilla/5.0 (X11; U; Linux i686; en-US; rv:1.9.0.1) Gecko/2008070206 Firefox/3.0.1"
66.249.78.46 - - [08/Oct/2013:01:14:21 +0200] "GET /news.php?cs_go=archiv&cs_id=4391 HTTP/1.1" 200 7647 "-" "Mozilla/5.0 (iPhone; U; CPU iPhone OS 4_1 like Mac OS X; en-us) AppleWebKit/532.9 (KHTML, like Gecko) Version/4.0.5 Mobile/8B117 Safari/6531.22.7 (compatible; Googlebot-Mobile/2.1; +http://www.google.com/bot.html)"
208.115.111.75 - - [08/Oct/2013:01:33:51 +0200] "GET /news.php?cs_go=archiv&cs_id=4322&cs_search= HTTP/1.1" 200 7966 "-" "Mozilla/5.0 (compatible; Ezooms/1.0; ezooms.bot@gmail.com)"
208.115.113.91 - - [08/Oct/2013:01:48:00 +0200] "GET /robots.txt HTTP/1.1" 200 177 "-" "Mozilla/5.0 (compatible; Ezooms/1.0; ezooms.bot@gmail.com)"
176.9.138.27 - - [08/Oct/2013:02:44:13 +0200] "GET /robots.txt HTTP/1.1" 200 177 "-" "Mozilla/5.0 (compatible; Spiderlytics/1.0; +spider@spiderlytics.com)"
176.9.138.27 - - [08/Oct/2013:02:44:13 +0200] "GET /news.php?cs_go=archiv&cs_startpos=831 HTTP/1.1" 200 5727 "-" "Mozilla/5.0 (compatible; Spiderlytics/1.0; +spider@spiderlytics.com)"
65.36.241.79 - - [08/Oct/2013:02:59:41 +0200] "HEAD / HTTP/1.1" 200 - "-" "InternetSeer.com"
66.249.75.49 - - [08/Oct/2013:03:15:43 +0200] "GET /news.php?cs_go=archiv&cs_id=4159 HTTP/1.1" 200 13244 "-" "DoCoMo/2.0 N905i(c100;TB;W24H16) (compatible; Googlebot-Mobile/2.1; +http://www.google.com/bot.html)"
66.249.78.46 - - [08/Oct/2013:03:35:48 +0200] "GET /images/logos.jpg?cache5636 HTTP/1.1" 200 35043 "-" "Googlebot-Image/1.0"
66.249.75.49 - - [08/Oct/2013:03:36:17 +0200] "GET /images/logos.jpg?cache9588 HTTP/1.1" 200 35043 "-" "Googlebot-Image/1.0"
66.249.78.46 - - [08/Oct/2013:03:36:54 +0200] "GET /images/logos.jpg?cache8460 HTTP/1.1" 200 35043 "-" "Googlebot-Image/1.0"
66.249.78.46 - - [08/Oct/2013:03:36:56 +0200] "GET /images/logos.jpg?cache6648 HTTP/1.1" 200 35043 "-" "Googlebot-Image/1.0"
208.115.113.91 - - [08/Oct/2013:03:44:20 +0200] "GET /news.php?cs_go=archiv&cs_id=4494&cs_search= HTTP/1.1" 200 11137 "-" "Mozilla/5.0 (compatible; Ezooms/1.0; ezooms.bot@gmail.com)"
66.249.78.46 - - [08/Oct/2013:03:46:53 +0200] "GET /images/logos.jpg?cache3647 HTTP/1.1" 200 35043 "-" "Googlebot-Image/1.0"
5.10.83.47 - - [08/Oct/2013:04:26:43 +0200] "GET /news.php?cs_go=archiv&cs_id=4388&cs_search= HTTP/1.1" 200 11452 "-" "Mozilla/5.0 (compatible; AhrefsBot/5.0; +http://ahrefs.com/robot/)"
5.10.83.47 - - [08/Oct/2013:04:26:46 +0200] "GET /lexikon.php?cs_go=3&cs_id=213 HTTP/1.1" 200 6093 "-" "Mozilla/5.0 (compatible; AhrefsBot/5.0; +http://ahrefs.com/robot/)"
5.10.83.82 - - [08/Oct/2013:04:28:47 +0200] "GET /lexikon.php?cs_go=2&cs_char=e HTTP/1.1" 200 6680 "-" "Mozilla/5.0 (compatible; AhrefsBot/5.0; +http://ahrefs.com/robot/)"
5.10.83.45 - - [08/Oct/2013:04:30:07 +0200] "GET /lexikon.php?cs_go=3&cs_id=180 HTTP/1.1" 200 6678 "-" "Mozilla/5.0 (compatible; AhrefsBot/5.0; +http://ahrefs.com/robot/)"
5.10.83.82 - - [08/Oct/2013:04:32:51 +0200] "GET /lexikon.php?cs_go=3&cs_id=207 HTTP/1.1" 200 5604 "-" "Mozilla/5.0 (compatible; AhrefsBot/5.0; +http://ahrefs.com/robot/)"
141.8.147.12 - - [08/Oct/2013:04:33:24 +0200] "GET /robots.txt HTTP/1.1" 200 177 "-" "Mozilla/5.0 (compatible; YandexBot/3.0; +http://yandex.com/bots)"
5.10.83.23 - - [08/Oct/2013:04:40:38 +0200] "GET /news.php?cs_go=archiv&cs_id=4420&cs_search= HTTP/1.1" 200 10169 "-" "Mozilla/5.0 (compatible; AhrefsBot/5.0; +http://ahrefs.com/robot/)"
5.10.83.66 - - [08/Oct/2013:04:55:37 +0200] "GET /news.php?cs_go=archiv&cs_id=4368&cs_search= HTTP/1.1" 200 7639 "-" "Mozilla/5.0 (compatible; AhrefsBot/5.0; +http://ahrefs.com/robot/)"
176.9.138.27 - - [08/Oct/2013:05:19:48 +0200] "GET /robots.txt HTTP/1.1" 200 177 "-" "Mozilla/5.0 (compatible; Spiderlytics/1.0; +spider@spiderlytics.com)"
5.10.83.50 - - [08/Oct/2013:05:27:59 +0200] "GET /lexikon.php?cs_go=3&cs_id=82 HTTP/1.1" 200 5990 "-" "Mozilla/5.0 (compatible; AhrefsBot/5.0; +http://ahrefs.com/robot/)"
5.10.83.66 - - [08/Oct/2013:05:36:19 +0200] "GET /news.php?cs_go=archiv&cs_id=4379&cs_search= HTTP/1.1" 200 9334 "-" "Mozilla/5.0 (compatible; AhrefsBot/5.0; +http://ahrefs.com/robot/)"
199.30.20.85 - - [08/Oct/2013:05:55:39 +0200] "GET /robots.txt HTTP/1.1" 200 177 "-" "msnbot-media/1.1 (+http://search.msn.com/msnbot.htm)"
199.30.20.85 - - [08/Oct/2013:05:55:39 +0200] "GET /images/logos.jpg?cache9154 HTTP/1.1" 200 35043 "-" "msnbot-media/1.1 (+http://search.msn.com/msnbot.htm)"
141.8.147.12 - - [08/Oct/2013:06:15:16 +0200] "GET /news.php?cs_go=archiv&cs_startpos=530 HTTP/1.1" 200 5727 "-" "Mozilla/5.0 (compatible; YandexBot/3.0; +http://yandex.com/bots)"
5.10.83.47 - - [08/Oct/2013:06:22:00 +0200] "GET /news.php?cs_go=archiv&cs_id=4499&cs_search= HTTP/1.1" 200 8947 "-" "Mozilla/5.0 (compatible; AhrefsBot/5.0; +http://ahrefs.com/robot/)"
199.30.20.85 - - [08/Oct/2013:06:25:42 +0200] "GET /robots.txt HTTP/1.1" 200 177 "-" "msnbot-media/1.1 (+http://search.msn.com/msnbot.htm)"
199.30.20.85 - - [08/Oct/2013:06:25:42 +0200] "GET /images/logos.jpg?cache9154 HTTP/1.1" 200 35043 "-" "msnbot-media/1.1 (+http://search.msn.com/msnbot.htm)"
5.10.83.2 - - [08/Oct/2013:06:42:35 +0200] "GET /news.php?cs_go=archiv&cs_startpos=180 HTTP/1.1" 200 20556 "-" "Mozilla/5.0 (compatible; AhrefsBot/5.0; +http://ahrefs.com/robot/)"
176.9.138.27 - - [08/Oct/2013:06:47:08 +0200] "GET /robots.txt HTTP/1.1" 200 177 "-" "Mozilla/5.0 (compatible; Spiderlytics/1.0; +spider@spiderlytics.com)"
176.9.138.27 - - [08/Oct/2013:06:47:08 +0200] "GET /images/logos.jpg?cache3831 HTTP/1.1" 200 35043 "-" "Mozilla/5.0 (compatible; Spiderlytics/1.0; +spider@spiderlytics.com)"
5.10.83.50 - - [08/Oct/2013:06:52:45 +0200] "GET /news.php?cs_go=archiv&cs_id=4416&cs_search= HTTP/1.1" 200 10436 "-" "Mozilla/5.0 (compatible; AhrefsBot/5.0; +http://ahrefs.com/robot/)"
141.8.147.12 - - [08/Oct/2013:06:54:18 +0200] "GET /news.php?cs_go=archiv&cs_startpos=470 HTTP/1.1" 200 5727 "-" "Mozilla/5.0 (compatible; YandexBot/3.0; +http://yandex.com/bots)"
66.249.78.46 - - [08/Oct/2013:07:07:14 +0200] "GET /images/logos.jpg?cache2454 HTTP/1.1" 200 35043 "-" "Googlebot-Image/1.0"
66.249.78.46 - - [08/Oct/2013:07:08:19 +0200] "GET / HTTP/1.1" 200 12485 "-" "Mozilla/5.0 (compatible; Googlebot/2.1; +http://www.google.com/bot.html)"
5.10.83.88 - - [08/Oct/2013:07:11:25 +0200] "GET /lexikon.php?cs_go=3&cs_id=69 HTTP/1.1" 200 7708 "-" "Mozilla/5.0 (compatible; AhrefsBot/5.0; +http://ahrefs.com/robot/)"
66.249.78.46 - - [08/Oct/2013:07:14:25 +0200] "GET /news.php?cs_go=archiv&cs_startpos=50 HTTP/1.1" 200 20424 "-" "Mozilla/5.0 (iPhone; U; CPU iPhone OS 4_1 like Mac OS X; en-us) AppleWebKit/532.9 (KHTML, like Gecko) Version/4.0.5 Mobile/8B117 Safari/6531.22.7 (compatible; Googlebot-Mobile/2.1; +http://www.google.com/bot.html)"
141.8.147.12 - - [08/Oct/2013:07:22:59 +0200] "GET /news.php?cs_go=archiv&cs_startpos=580 HTTP/1.1" 200 5727 "-" "Mozilla/5.0 (compatible; YandexBot/3.0; +http://yandex.com/bots)"
66.249.78.46 - - [08/Oct/2013:07:24:08 +0200] "GET /news.php?cs_go=archiv&cs_id=4610 HTTP/1.1" 200 7593 "-" "Mozilla/5.0 (compatible; Googlebot/2.1; +http://www.google.com/bot.html)"
66.249.78.46 - - [08/Oct/2013:07:24:37 +0200] "GET /news.php?cs_go=archiv&cs_id=4604 HTTP/1.1" 200 8799 "-" "Mozilla/5.0 (compatible; Googlebot/2.1; +http://www.google.com/bot.html)"
66.249.78.46 - - [08/Oct/2013:07:25:01 +0200] "GET /news.php?cs_go=archiv&cs_id=4614 HTTP/1.1" 200 11573 "-" "Mozilla/5.0 (compatible; Googlebot/2.1; +http://www.google.com/bot.html)"
66.249.78.46 - - [08/Oct/2013:07:25:32 +0200] "GET /news.php?cs_go=archiv&cs_id=4611 HTTP/1.1" 200 8128 "-" "Mozilla/5.0 (compatible; Googlebot/2.1; +http://www.google.com/bot.html)"
110.89.61.50 - - [08/Oct/2013:07:28:25 +0200] "GET /news.php?cs_go=archiv&cs_id=4269&cs_search= HTTP/1.0" 200 9460 "http://www.mink-gmbh.de/news.php?cs_go=archiv&cs_id=4269&cs_search=" "Opera/9.80 (Windows NT 5.1; Edition Ukraine Local) Presto/2.12.388 Version/12.10"
141.8.147.12 - - [08/Oct/2013:07:52:35 +0200] "GET /news.php?cs_go=archiv&cs_startpos=400 HTTP/1.1" 200 5727 "-" "Mozilla/5.0 (compatible; YandexBot/3.0; +http://yandex.com/bots)"
141.8.147.12 - - [08/Oct/2013:07:53:07 +0200] "GET /news.php?cs_go=archiv&cs_startpos=201 HTTP/1.1" 200 20504 "-" "Mozilla/5.0 (compatible; YandexBot/3.0; +http://yandex.com/bots)"
5.10.83.29 - - [08/Oct/2013:08:13:13 +0200] "GET /news.php?cs_go=archiv&cs_id=4586&cs_search= HTTP/1.1" 200 8916 "-" "Mozilla/5.0 (compatible; AhrefsBot/5.0; +http://ahrefs.com/robot/)"
176.9.138.27 - - [08/Oct/2013:08:13:47 +0200] "GET /robots.txt HTTP/1.1" 200 177 "-" "Mozilla/5.0 (compatible; Spiderlytics/1.0; +spider@spiderlytics.com)"
176.9.138.27 - - [08/Oct/2013:08:13:47 +0200] "GET /images/logos.jpg?cache4391 HTTP/1.1" 200 35043 "-" "Mozilla/5.0 (compatible; Spiderlytics/1.0; +spider@spiderlytics.com)"
141.8.147.12 - - [08/Oct/2013:08:21:27 +0200] "GET /news.php?cs_go=archiv&cs_startpos=571 HTTP/1.1" 200 5727 "-" "Mozilla/5.0 (compatible; YandexBot/3.0; +http://yandex.com/bots)"
141.8.147.12 - - [08/Oct/2013:08:35:44 +0200] "GET /news.php?cs_go=archiv&cs_startpos=131 HTTP/1.1" 200 20681 "-" "Mozilla/5.0 (compatible; YandexBot/3.0; +http://yandex.com/bots)"
66.249.78.46 - - [08/Oct/2013:08:44:00 +0200] "GET /news.php?cs_go=archiv&cs_id=4608 HTTP/1.1" 200 11354 "-" "Mozilla/5.0 (iPhone; U; CPU iPhone OS 4_1 like Mac OS X; en-us) AppleWebKit/532.9 (KHTML, like Gecko) Version/4.0.5 Mobile/8B117 Safari/6531.22.7 (compatible; Googlebot-Mobile/2.1; +http://www.google.com/bot.html)"
66.249.78.46 - - [08/Oct/2013:08:45:33 +0200] "GET /modul.css HTTP/1.1" 200 35038 "http://www.mink-gmbh.de/news.php?cs_go=archiv&cs_id=4608" "Mozilla/5.0 (compatible; Googlebot/2.1; +http://www.google.com/bot.html)"
65.36.241.79 - - [08/Oct/2013:08:56:21 +0200] "HEAD / HTTP/1.1" 200 - "-" "InternetSeer.com"
66.249.78.46 - - [08/Oct/2013:09:14:33 +0200] "GET /news.php?cs_go=archiv&cs_startpos=20 HTTP/1.1" 200 20532 "-" "Mozilla/5.0 (iPhone; U; CPU iPhone OS 4_1 like Mac OS X; en-us) AppleWebKit/532.9 (KHTML, like Gecko) Version/4.0.5 Mobile/8B117 Safari/6531.22.7 (compatible; Googlebot-Mobile/2.1; +http://www.google.com/bot.html)"
5.10.83.2 - - [08/Oct/2013:09:23:28 +0200] "GET /lexikon.php?cs_go=3&cs_id=187 HTTP/1.1" 200 6104 "-" "Mozilla/5.0 (compatible; AhrefsBot/5.0; +http://ahrefs.com/robot/)"
5.10.83.82 - - [08/Oct/2013:09:39:46 +0200] "GET /\"http://www.brennstoffboerse.de/index.php?go=fluessiggas_pruefung\" HTTP/1.1" 404 - "-" "Mozilla/5.0 (compatible; AhrefsBot/5.0; +http://ahrefs.com/robot/)"
5.10.83.35 - - [08/Oct/2013:09:45:37 +0200] "GET /lexikon.php?cs_go=2&cs_char=w HTTP/1.1" 200 6188 "-" "Mozilla/5.0 (compatible; AhrefsBot/5.0; +http://ahrefs.com/robot/)"
208.115.113.91 - - [08/Oct/2013:09:47:55 +0200] "GET /robots.txt HTTP/1.1" 200 177 "-" "Mozilla/5.0 (compatible; Ezooms/1.0; ezooms.bot@gmail.com)"
5.10.83.2 - - [08/Oct/2013:09:52:18 +0200] "GET /news.php?cs_go=archiv&cs_id=4346&cs_search= HTTP/1.1" 200 11828 "-" "Mozilla/5.0 (compatible; AhrefsBot/5.0; +http://ahrefs.com/robot/)"
5.10.83.82 - - [08/Oct/2013:10:02:16 +0200] "GET /news.php?cs_go=archiv&cs_id=4549&cs_search= HTTP/1.1" 200 7636 "-" "Mozilla/5.0 (compatible; AhrefsBot/5.0; +http://ahrefs.com/robot/)"
5.10.83.82 - - [08/Oct/2013:10:09:05 +0200] "GET /news.php?cs_go=archiv&cs_id=4344&cs_search= HTTP/1.1" 200 7570 "-" "Mozilla/5.0 (compatible; AhrefsBot/5.0; +http://ahrefs.com/robot/)"
123.125.71.109 - - [08/Oct/2013:10:20:48 +0200] "GET /robots.txt HTTP/1.1" 200 177 "-" "Mozilla/5.0 (compatible; Baiduspider/2.0; +http://www.baidu.com/search/spider.html)"
5.10.83.35 - - [08/Oct/2013:10:22:35 +0200] "GET /news.php?cs_go=archiv&cs_id=4343&cs_search= HTTP/1.1" 200 11386 "-" "Mozilla/5.0 (compatible; AhrefsBot/5.0; +http://ahrefs.com/robot/)"
5.10.83.47 - - [08/Oct/2013:10:23:18 +0200] "GET /rueckrufservice.php HTTP/1.1" 200 8337 "-" "Mozilla/5.0 (compatible; AhrefsBot/5.0; +http://ahrefs.com/robot/)"
5.10.83.23 - - [08/Oct/2013:10:38:44 +0200] "GET /news.php?cs_go=archiv&cs_id=4529&cs_search= HTTP/1.1" 200 16586 "-" "Mozilla/5.0 (compatible; AhrefsBot/5.0; +http://ahrefs.com/robot/)"
144.76.95.39 - - [08/Oct/2013:10:41:29 +0200] "GET /robots.txt HTTP/1.0" 200 177 "-" "Mozilla/5.0 (compatible; MJ12bot/v1.4.4; http://www.majestic12.co.uk/bot.php?+)"
144.76.95.39 - - [08/Oct/2013:10:41:30 +0200] "GET /news.php?cs_go=archiv&cs_id=4074 HTTP/1.0" 200 11107 "-" "Mozilla/5.0 (compatible; MJ12bot/v1.4.4; http://www.majestic12.co.uk/bot.php?+)"
144.76.95.39 - - [08/Oct/2013:10:41:31 +0200] "GET /news.php?cs_go=archiv&cs_id=4076 HTTP/1.0" 200 9387 "-" "Mozilla/5.0 (compatible; MJ12bot/v1.4.4; http://www.majestic12.co.uk/bot.php?+)"
144.76.95.39 - - [08/Oct/2013:10:41:33 +0200] "GET /news.php?cs_go=archiv&cs_id=4081 HTTP/1.0" 200 7518 "-" "Mozilla/5.0 (compatible; MJ12bot/v1.4.4; http://www.majestic12.co.uk/bot.php?+)"
144.76.95.39 - - [08/Oct/2013:10:41:34 +0200] "GET /news.php?cs_go=archiv&cs_id=4082 HTTP/1.0" 200 9453 "-" "Mozilla/5.0 (compatible; MJ12bot/v1.4.4; http://www.majestic12.co.uk/bot.php?+)"
144.76.95.39 - - [08/Oct/2013:10:41:36 +0200] "GET /news.php?cs_go=archiv&cs_id=4083 HTTP/1.0" 200 10716 "-" "Mozilla/5.0 (compatible; MJ12bot/v1.4.4; http://www.majestic12.co.uk/bot.php?+)"
144.76.95.39 - - [08/Oct/2013:10:41:38 +0200] "GET /news.php?cs_go=archiv&cs_id=4086 HTTP/1.0" 200 7940 "-" "Mozilla/5.0 (compatible; MJ12bot/v1.4.4; http://www.majestic12.co.uk/bot.php?+)"
144.76.95.39 - - [08/Oct/2013:10:41:40 +0200] "GET /news.php?cs_go=archiv&cs_id=4087 HTTP/1.0" 200 11481 "-" "Mozilla/5.0 (compatible; MJ12bot/v1.4.4; http://www.majestic12.co.uk/bot.php?+)"
144.76.95.39 - - [08/Oct/2013:10:41:42 +0200] "GET /news.php?cs_go=archiv&cs_id=4093 HTTP/1.0" 200 12815 "-" "Mozilla/5.0 (compatible; MJ12bot/v1.4.4; http://www.majestic12.co.uk/bot.php?+)"
144.76.95.39 - - [08/Oct/2013:10:41:44 +0200] "GET /news.php?cs_go=archiv&cs_id=4100 HTTP/1.0" 200 7985 "-" "Mozilla/5.0 (compatible; MJ12bot/v1.4.4; http://www.majestic12.co.uk/bot.php?+)"
144.76.95.39 - - [08/Oct/2013:10:41:45 +0200] "GET /news.php?cs_go=archiv&cs_id=4102 HTTP/1.0" 200 11549 "-" "Mozilla/5.0 (compatible; MJ12bot/v1.4.4; http://www.majestic12.co.uk/bot.php?+)"
5.10.83.23 - - [08/Oct/2013:10:45:00 +0200] "GET /news.php?cs_go=archiv&cs_id=4510&cs_search= HTTP/1.1" 200 8936 "-" "Mozilla/5.0 (compatible; AhrefsBot/5.0; +http://ahrefs.com/robot/)"
5.10.83.82 - - [08/Oct/2013:11:11:42 +0200] "GET /news.php?cs_go=archiv&cs_id=4393&cs_search= HTTP/1.1" 200 11088 "-" "Mozilla/5.0 (compatible; AhrefsBot/5.0; +http://ahrefs.com/robot/)"
5.10.83.45 - - [08/Oct/2013:11:13:10 +0200] "GET /kwk.php?cs_go=1 HTTP/1.1" 200 8484 "-" "Mozilla/5.0 (compatible; AhrefsBot/5.0; +http://ahrefs.com/robot/)"
5.10.83.23 - - [08/Oct/2013:11:14:47 +0200] "GET /news.php?cs_go=archiv&cs_id=4608&cs_search= HTTP/1.1" 200 11354 "-" "Mozilla/5.0 (compatible; AhrefsBot/5.0; +http://ahrefs.com/robot/)"
5.10.83.2 - - [08/Oct/2013:11:15:32 +0200] "GET /news.php?cs_go=archiv&cs_id=4595&cs_search= HTTP/1.1" 200 7576 "-" "Mozilla/5.0 (compatible; AhrefsBot/5.0; +http://ahrefs.com/robot/)"
144.76.95.232 - - [08/Oct/2013:11:21:04 +0200] "GET /robots.txt HTTP/1.0" 200 177 "-" "Mozilla/5.0 (compatible; MJ12bot/v1.4.4; http://www.majestic12.co.uk/bot.php?+)"
144.76.95.232 - - [08/Oct/2013:11:21:07 +0200] "GET /news.php?cs_go=archiv&cs_id=3949&cs_search= HTTP/1.0" 200 7571 "-" "Mozilla/5.0 (compatible; MJ12bot/v1.4.4; http://www.majestic12.co.uk/bot.php?+)"
144.76.95.232 - - [08/Oct/2013:11:21:09 +0200] "GET /news.php?cs_go=archiv&cs_id=3950&cs_search= HTTP/1.0" 200 9668 "-" "Mozilla/5.0 (compatible; MJ12bot/v1.4.4; http://www.majestic12.co.uk/bot.php?+)"
144.76.95.232 - - [08/Oct/2013:11:21:11 +0200] "GET /news.php?cs_go=archiv&cs_id=4193 HTTP/1.0" 200 9336 "-" "Mozilla/5.0 (compatible; MJ12bot/v1.4.4; http://www.majestic12.co.uk/bot.php?+)"
66.249.78.46 - - [08/Oct/2013:11:26:30 +0200] "GET /images/logos.jpg?cache2249 HTTP/1.1" 200 35043 "-" "Googlebot-Image/1.0"
66.249.78.46 - - [08/Oct/2013:11:27:00 +0200] "GET /images/logos.jpg?cache7745 HTTP/1.1" 200 35043 "-" "Googlebot-Image/1.0"
5.10.83.66 - - [08/Oct/2013:11:44:12 +0200] "GET /lexikon.php?cs_go=3&cs_id=51 HTTP/1.1" 200 7095 "-" "Mozilla/5.0 (compatible; AhrefsBot/5.0; +http://ahrefs.com/robot/)"
208.115.111.75 - - [08/Oct/2013:11:45:17 +0200] "GET /robots.txt HTTP/1.1" 200 177 "-" "Mozilla/5.0 (compatible; Ezooms/1.0; ezooms.bot@gmail.com)"
79.226.1.125 - - [08/Oct/2013:11:45:27 +0200] "GET /style.css HTTP/1.1" 200 8402 "http://www.mink-gmbh.de/" "Mozilla/5.0 (Windows NT 6.1; WOW64; rv:18.0) Gecko/20100101 Firefox/18.0"
79.226.1.125 - - [08/Oct/2013:11:45:27 +0200] "GET /modul.css HTTP/1.1" 200 35038 "http://www.mink-gmbh.de/" "Mozilla/5.0 (Windows NT 6.1; WOW64; rv:18.0) Gecko/20100101 Firefox/18.0"
79.226.1.125 - - [08/Oct/2013:11:45:27 +0200] "GET /favicon.ico HTTP/1.1" 200 3638 "-" "Mozilla/5.0 (Windows NT 6.1; WOW64; rv:18.0) Gecko/20100101 Firefox/18.0"
79.226.1.125 - - [08/Oct/2013:11:45:28 +0200] "GET /js_contentserver24_greybox/gb_styles.css HTTP/1.1" 200 2302 "http://www.mink-gmbh.de/" "Mozilla/5.0 (Windows NT 6.1; WOW64; rv:18.0) Gecko/20100101 Firefox/18.0"
79.226.1.125 - - [08/Oct/2013:11:45:28 +0200] "GET /js_contentserver24_greybox/AJS_fx.js HTTP/1.1" 200 3192 "http://www.mink-gmbh.de/" "Mozilla/5.0 (Windows NT 6.1; WOW64; rv:18.0) Gecko/20100101 Firefox/18.0"
79.226.1.125 - - [08/Oct/2013:11:45:28 +0200] "GET /js_contentserver24_greybox/AJS.js HTTP/1.1" 200 10396 "http://www.mink-gmbh.de/" "Mozilla/5.0 (Windows NT 6.1; WOW64; rv:18.0) Gecko/20100101 Firefox/18.0"
79.226.1.125 - - [08/Oct/2013:11:45:28 +0200] "GET /js_contentserver24_greybox/gb_scripts.js HTTP/1.1" 200 11913 "http://www.mink-gmbh.de/" "Mozilla/5.0 (Windows NT 6.1; WOW64; rv:18.0) Gecko/20100101 Firefox/18.0"
79.226.1.125 - - [08/Oct/2013:11:45:28 +0200] "GET /js_contentserver24_greybox/w_close.gif HTTP/1.1" 200 74 "http://www.mink-gmbh.de/" "Mozilla/5.0 (Windows NT 6.1; WOW64; rv:18.0) Gecko/20100101 Firefox/18.0"
79.226.1.125 - - [08/Oct/2013:11:45:28 +0200] "GET /images/bg.png HTTP/1.1" 200 922 "http://www.mink-gmbh.de/style.css" "Mozilla/5.0 (Windows NT 6.1; WOW64; rv:18.0) Gecko/20100101 Firefox/18.0"
79.226.1.125 - - [08/Oct/2013:11:45:28 +0200] "GET /images/close.png HTTP/1.1" 200 703 "http://www.mink-gmbh.de/" "Mozilla/5.0 (Windows NT 6.1; WOW64; rv:18.0) Gecko/20100101 Firefox/18.0"
79.226.1.125 - - [08/Oct/2013:11:45:28 +0200] "GET /images/newsletter.png HTTP/1.1" 200 14619 "http://www.mink-gmbh.de/style.css" "Mozilla/5.0 (Windows NT 6.1; WOW64; rv:18.0) Gecko/20100101 Firefox/18.0"
79.226.1.125 - - [08/Oct/2013:11:45:28 +0200] "GET /images/header.jpg HTTP/1.1" 200 25189 "http://www.mink-gmbh.de/style.css" "Mozilla/5.0 (Windows NT 6.1; WOW64; rv:18.0) Gecko/20100101 Firefox/18.0"
79.226.1.125 - - [08/Oct/2013:11:45:28 +0200] "GET /images/navibg.png HTTP/1.1" 200 2803 "http://www.mink-gmbh.de/style.css" "Mozilla/5.0 (Windows NT 6.1; WOW64; rv:18.0) Gecko/20100101 Firefox/18.0"
79.226.1.125 - - [08/Oct/2013:11:45:28 +0200] "GET /images/wrapperbg.jpg HTTP/1.1" 200 27465 "http://www.mink-gmbh.de/style.css" "Mozilla/5.0 (Windows NT 6.1; WOW64; rv:18.0) Gecko/20100101 Firefox/18.0"
79.226.1.125 - - [08/Oct/2013:11:45:28 +0200] "GET /images/steigend.png HTTP/1.1" 200 688 "http://www.mink-gmbh.de/modul.css" "Mozilla/5.0 (Windows NT 6.1; WOW64; rv:18.0) Gecko/20100101 Firefox/18.0"
79.226.1.125 - - [08/Oct/2013:11:45:28 +0200] "GET /images/newsletter_bg.jpg HTTP/1.1" 200 33610 "http://www.mink-gmbh.de/" "Mozilla/5.0 (Windows NT 6.1; WOW64; rv:18.0) Gecko/20100101 Firefox/18.0"
79.226.1.125 - - [08/Oct/2013:11:45:27 +0200] "GET / HTTP/1.1" 200 12375 "http://www.google.de/url?sa=t&rct=j&q=&esrc=s&source=web&cd=3&ved=0CD4QFjAC&url=http%3A%2F%2Fwww.mink-gmbh.de%2F&ei=KdRTUoP4C4HH0QX13oCADg&usg=AFQjCNFHX4Iglls9oo-KYXTmDUV_5KOVIg&sig2=lr_mqaZVaMd9PVdxfJ3H3A&bvm=bv.53760139,bs.1,d.Yms" "Mozilla/5.0 (Windows NT 6.1; WOW64; rv:18.0) Gecko/20100101 Firefox/18.0"
79.226.1.125 - - [08/Oct/2013:11:45:28 +0200] "GET /images/team-energie.png HTTP/1.1" 200 17383 "http://www.mink-gmbh.de/" "Mozilla/5.0 (Windows NT 6.1; WOW64; rv:18.0) Gecko/20100101 Firefox/18.0"
79.226.1.125 - - [08/Oct/2013:11:45:28 +0200] "GET /images/freecall.jpg HTTP/1.1" 200 39195 "http://www.mink-gmbh.de/" "Mozilla/5.0 (Windows NT 6.1; WOW64; rv:18.0) Gecko/20100101 Firefox/18.0"
79.226.1.125 - - [08/Oct/2013:11:45:28 +0200] "GET /images/mail.jpg HTTP/1.1" 200 11165 "http://www.mink-gmbh.de/" "Mozilla/5.0 (Windows NT 6.1; WOW64; rv:18.0) Gecko/20100101 Firefox/18.0"
79.226.1.125 - - [08/Oct/2013:11:45:28 +0200] "GET /images/kwk.gif HTTP/1.1" 200 6403 "http://www.mink-gmbh.de/" "Mozilla/5.0 (Windows NT 6.1; WOW64; rv:18.0) Gecko/20100101 Firefox/18.0"
79.226.1.125 - - [08/Oct/2013:11:45:28 +0200] "GET /images/wunschpreis.jpg HTTP/1.1" 200 16767 "http://www.mink-gmbh.de/" "Mozilla/5.0 (Windows NT 6.1; WOW64; rv:18.0) Gecko/20100101 Firefox/18.0"
79.226.1.125 - - [08/Oct/2013:11:45:28 +0200] "GET /images/tkw.jpg HTTP/1.1" 200 64031 "http://www.mink-gmbh.de/" "Mozilla/5.0 (Windows NT 6.1; WOW64; rv:18.0) Gecko/20100101 Firefox/18.0"
79.226.1.125 - - [08/Oct/2013:11:45:28 +0200] "GET /images/logos.jpg?cache2872 HTTP/1.1" 200 35043 "http://www.mink-gmbh.de/" "Mozilla/5.0 (Windows NT 6.1; WOW64; rv:18.0) Gecko/20100101 Firefox/18.0"
79.226.1.125 - - [08/Oct/2013:11:45:28 +0200] "GET /images/mobil.jpg HTTP/1.1" 200 25293 "http://www.mink-gmbh.de/style.css" "Mozilla/5.0 (Windows NT 6.1; WOW64; rv:18.0) Gecko/20100101 Firefox/18.0"
79.226.1.125 - - [08/Oct/2013:11:45:28 +0200] "GET /images/newsletter.jpg HTTP/1.1" 200 13130 "http://www.mink-gmbh.de/style.css" "Mozilla/5.0 (Windows NT 6.1; WOW64; rv:18.0) Gecko/20100101 Firefox/18.0"
79.226.1.125 - - [08/Oct/2013:11:45:28 +0200] "GET /images/footerbg.jpg HTTP/1.1" 200 2184 "http://www.mink-gmbh.de/style.css" "Mozilla/5.0 (Windows NT 6.1; WOW64; rv:18.0) Gecko/20100101 Firefox/18.0"
79.226.1.125 - - [08/Oct/2013:11:45:28 +0200] "GET /js_contentserver24_greybox/loader_frame.html?s=0 HTTP/1.1" 200 2084 "http://www.mink-gmbh.de/" "Mozilla/5.0 (Windows NT 6.1; WOW64; rv:18.0) Gecko/20100101 Firefox/18.0"
79.226.1.125 - - [08/Oct/2013:11:45:28 +0200] "GET /js_contentserver24_greybox/header_bg.gif HTTP/1.1" 200 1188 "http://www.mink-gmbh.de/" "Mozilla/5.0 (Windows NT 6.1; WOW64; rv:18.0) Gecko/20100101 Firefox/18.0"
79.226.1.125 - - [08/Oct/2013:11:45:28 +0200] "GET /js_contentserver24_greybox/indicator.gif HTTP/1.1" 200 8238 "http://www.mink-gmbh.de/js_contentserver24_greybox/loader_frame.html?s=0" "Mozilla/5.0 (Windows NT 6.1; WOW64; rv:18.0) Gecko/20100101 Firefox/18.0"
79.226.1.125 - - [08/Oct/2013:11:45:29 +0200] "GET /js_contentserver24_greybox/g_close.gif HTTP/1.1" 200 541 "http://www.mink-gmbh.de/" "Mozilla/5.0 (Windows NT 6.1; WOW64; rv:18.0) Gecko/20100101 Firefox/18.0"
123.125.71.14 - - [08/Oct/2013:11:45:50 +0200] "GET / HTTP/1.1" 200 6591 "-" "Mozilla/5.0 (compatible; Baiduspider/2.0; +http://www.baidu.com/search/spider.html)"
79.226.1.125 - - [08/Oct/2013:11:46:10 +0200] "GET /impressum.php HTTP/1.1" 200 6360 "http://www.mink-gmbh.de/" "Mozilla/5.0 (Windows NT 6.1; WOW64; rv:18.0) Gecko/20100101 Firefox/18.0"
79.226.1.125 - - [08/Oct/2013:11:46:10 +0200] "GET /images/logos.jpg?cache2040 HTTP/1.1" 200 35043 "http://www.mink-gmbh.de/impressum.php" "Mozilla/5.0 (Windows NT 6.1; WOW64; rv:18.0) Gecko/20100101 Firefox/18.0"
5.10.83.29 - - [08/Oct/2013:11:46:22 +0200] "GET /news.php?cs_go=archiv&cs_startpos=101 HTTP/1.1" 200 20585 "-" "Mozilla/5.0 (compatible; AhrefsBot/5.0; +http://ahrefs.com/robot/)"
5.10.83.47 - - [08/Oct/2013:11:46:38 +0200] "GET /news.php?cs_go=archiv&cs_id=4518&cs_search= HTTP/1.1" 200 7663 "-" "Mozilla/5.0 (compatible; AhrefsBot/5.0; +http://ahrefs.com/robot/)"
79.226.1.125 - - [08/Oct/2013:11:47:06 +0200] "GET /standard.php HTTP/1.1" 200 6807 "http://www.mink-gmbh.de/impressum.php" "Mozilla/5.0 (Windows NT 6.1; WOW64; rv:18.0) Gecko/20100101 Firefox/18.0"
79.226.1.125 - - [08/Oct/2013:11:47:06 +0200] "GET /images/logos.jpg?cache9263 HTTP/1.1" 200 35043 "http://www.mink-gmbh.de/standard.php" "Mozilla/5.0 (Windows NT 6.1; WOW64; rv:18.0) Gecko/20100101 Firefox/18.0"
79.226.1.125 - - [08/Oct/2013:11:47:13 +0200] "GET /impressum.php HTTP/1.1" 200 6360 "http://www.mink-gmbh.de/standard.php" "Mozilla/5.0 (Windows NT 6.1; WOW64; rv:18.0) Gecko/20100101 Firefox/18.0"
79.226.1.125 - - [08/Oct/2013:11:47:13 +0200] "GET /images/logos.jpg?cache3432 HTTP/1.1" 200 35043 "http://www.mink-gmbh.de/impressum.php" "Mozilla/5.0 (Windows NT 6.1; WOW64; rv:18.0) Gecko/20100101 Firefox/18.0"
79.226.1.125 - - [08/Oct/2013:11:50:37 +0200] "GET /standard.php HTTP/1.1" 200 6807 "http://www.mink-gmbh.de/impressum.php" "Mozilla/5.0 (Windows NT 6.1; WOW64; rv:18.0) Gecko/20100101 Firefox/18.0"
79.226.1.125 - - [08/Oct/2013:11:50:37 +0200] "GET /images/logos.jpg?cache8041 HTTP/1.1" 200 35043 "http://www.mink-gmbh.de/standard.php" "Mozilla/5.0 (Windows NT 6.1; WOW64; rv:18.0) Gecko/20100101 Firefox/18.0"
79.226.1.125 - - [08/Oct/2013:11:50:39 +0200] "GET /impressum.php HTTP/1.1" 200 6360 "http://www.mink-gmbh.de/" "Mozilla/5.0 (Windows NT 6.1; WOW64; rv:18.0) Gecko/20100101 Firefox/18.0"
79.226.1.125 - - [08/Oct/2013:11:50:39 +0200] "GET /images/logos.jpg?cache7694 HTTP/1.1" 200 35043 "http://www.mink-gmbh.de/impressum.php" "Mozilla/5.0 (Windows NT 6.1; WOW64; rv:18.0) Gecko/20100101 Firefox/18.0"
79.226.1.125 - - [08/Oct/2013:11:50:40 +0200] "GET / HTTP/1.1" 200 11635 "http://www.google.de/url?sa=t&rct=j&q=&esrc=s&source=web&cd=3&ved=0CD4QFjAC&url=http%3A%2F%2Fwww.mink-gmbh.de%2F&ei=KdRTUoP4C4HH0QX13oCADg&usg=AFQjCNFHX4Iglls9oo-KYXTmDUV_5KOVIg&sig2=lr_mqaZVaMd9PVdxfJ3H3A&bvm=bv.53760139,bs.1,d.Yms" "Mozilla/5.0 (Windows NT 6.1; WOW64; rv:18.0) Gecko/20100101 Firefox/18.0"
79.226.1.125 - - [08/Oct/2013:11:50:41 +0200] "GET /images/logos.jpg?cache2453 HTTP/1.1" 200 35043 "http://www.mink-gmbh.de/" "Mozilla/5.0 (Windows NT 6.1; WOW64; rv:18.0) Gecko/20100101 Firefox/18.0"
220.181.108.83 - - [08/Oct/2013:11:52:01 +0200] "GET / HTTP/1.1" 200 6591 "-" "Mozilla/5.0 (compatible; Baiduspider/2.0; +http://www.baidu.com/search/spider.html)"
208.115.113.91 - - [08/Oct/2013:11:52:08 +0200] "GET /news.php?cs_go=archiv&cs_id=4548&cs_search= HTTP/1.1" 200 11814 "-" "Mozilla/5.0 (compatible; Ezooms/1.0; ezooms.bot@gmail.com)"
66.249.78.46 - - [08/Oct/2013:12:05:08 +0200] "GET /news.php?cs_go=archiv&cs_startpos=10 HTTP/1.1" 200 20414 "-" "Mozilla/5.0 (iPhone; U; CPU iPhone OS 4_1 like Mac OS X; en-us) AppleWebKit/532.9 (KHTML, like Gecko) Version/4.0.5 Mobile/8B117 Safari/6531.22.7 (compatible; Googlebot-Mobile/2.1; +http://www.google.com/bot.html)"
5.10.83.35 - - [08/Oct/2013:12:07:47 +0200] "GET /news.php?cs_go=archiv&cs_id=4460&cs_search= HTTP/1.1" 200 9402 "-" "Mozilla/5.0 (compatible; AhrefsBot/5.0; +http://ahrefs.com/robot/)"
5.10.83.66 - - [08/Oct/2013:12:09:44 +0200] "GET /kwk.php?cs_go=3 HTTP/1.1" 200 7885 "-" "Mozilla/5.0 (compatible; AhrefsBot/5.0; +http://ahrefs.com/robot/)"
5.10.83.85 - - [08/Oct/2013:12:17:51 +0200] "GET /lexikon.php?cs_go=3&cs_id=111 HTTP/1.1" 200 5658 "-" "Mozilla/5.0 (compatible; AhrefsBot/5.0; +http://ahrefs.com/robot/)"
176.9.138.27 - - [08/Oct/2013:12:26:43 +0200] "GET /robots.txt HTTP/1.1" 200 177 "-" "Mozilla/5.0 (compatible; Spiderlytics/1.0; +spider@spiderlytics.com)"
176.9.138.27 - - [08/Oct/2013:12:26:43 +0200] "GET /images/logos.jpg?cache2153 HTTP/1.1" 200 35043 "-" "Mozilla/5.0 (compatible; Spiderlytics/1.0; +spider@spiderlytics.com)"
5.10.83.45 - - [08/Oct/2013:12:29:07 +0200] "GET /lexikon.php?cs_go=3&cs_id=137 HTTP/1.1" 200 6927 "-" "Mozilla/5.0 (compatible; AhrefsBot/5.0; +http://ahrefs.com/robot/)"
5.10.83.2 - - [08/Oct/2013:12:30:13 +0200] "GET /lexikon.php?cs_go=2&cs_char=i HTTP/1.1" 200 6003 "-" "Mozilla/5.0 (compatible; AhrefsBot/5.0; +http://ahrefs.com/robot/)"
5.10.83.29 - - [08/Oct/2013:12:39:31 +0200] "GET /news.php?cs_go=archiv&cs_id=4369&cs_search= HTTP/1.1" 200 11567 "-" "Mozilla/5.0 (compatible; AhrefsBot/5.0; +http://ahrefs.com/robot/)"
5.10.83.66 - - [08/Oct/2013:12:39:56 +0200] "GET /news.php?cs_go=archiv&cs_startpos=100 HTTP/1.1" 200 20557 "-" "Mozilla/5.0 (compatible; AhrefsBot/5.0; +http://ahrefs.com/robot/)"
5.10.83.66 - - [08/Oct/2013:12:41:31 +0200] "GET /lexikon.php?cs_go=2&cs_char=f HTTP/1.1" 200 7196 "-" "Mozilla/5.0 (compatible; AhrefsBot/5.0; +http://ahrefs.com/robot/)"
5.10.83.66 - - [08/Oct/2013:12:57:41 +0200] "GET /news.php?cs_go=archiv&cs_startpos=230 HTTP/1.1" 200 20263 "-" "Mozilla/5.0 (compatible; AhrefsBot/5.0; +http://ahrefs.com/robot/)"
5.10.83.2 - - [08/Oct/2013:13:01:03 +0200] "GET /news.php?cs_go=archiv&cs_id=4396&cs_search= HTTP/1.1" 200 10195 "-" "Mozilla/5.0 (compatible; AhrefsBot/5.0; +http://ahrefs.com/robot/)"
5.10.83.2 - - [08/Oct/2013:13:30:44 +0200] "GET /news.php?cs_go=archiv&cs_startpos=251 HTTP/1.1" 200 6187 "-" "Mozilla/5.0 (compatible; AhrefsBot/5.0; +http://ahrefs.com/robot/)"
208.115.111.75 - - [08/Oct/2013:13:39:05 +0200] "GET /news.php?cs_go=archiv&cs_startpos=130 HTTP/1.1" 200 20662 "-" "Mozilla/5.0 (compatible; Ezooms/1.0; ezooms.bot@gmail.com)"
5.10.83.88 - - [08/Oct/2013:13:43:57 +0200] "GET /lexikon.php?cs_go=3&cs_id=178 HTTP/1.1" 200 6074 "-" "Mozilla/5.0 (compatible; AhrefsBot/5.0; +http://ahrefs.com/robot/)"
141.8.147.12 - - [08/Oct/2013:13:47:09 +0200] "GET /index.php HTTP/1.1" 200 12382 "-" "Mozilla/5.0 (compatible; YandexBot/3.0; +http://yandex.com/bots)"
141.8.147.12 - - [08/Oct/2013:13:47:11 +0200] "GET / HTTP/1.1" 200 12382 "-" "Mozilla/5.0 (compatible; YandexBot/3.0; +http://yandex.com/bots)"
141.8.147.12 - - [08/Oct/2013:13:47:14 +0200] "GET /index.php HTTP/1.1" 200 12382 "-" "Mozilla/5.0 (compatible; YandexBot/3.0; +http://yandex.com/bots)"
141.8.147.12 - - [08/Oct/2013:13:47:17 +0200] "GET / HTTP/1.1" 200 12382 "-" "Mozilla/5.0 (compatible; YandexBot/3.0; +http://yandex.com/bots)"
5.10.83.29 - - [08/Oct/2013:13:58:59 +0200] "GET /kwk.php HTTP/1.1" 200 8484 "-" "Mozilla/5.0 (compatible; AhrefsBot/5.0; +http://ahrefs.com/robot/)"
5.10.83.45 - - [08/Oct/2013:13:59:15 +0200] "GET /lexikon.php?cs_go=3&cs_id=166 HTTP/1.1" 200 6792 "-" "Mozilla/5.0 (compatible; AhrefsBot/5.0; +http://ahrefs.com/robot/)"
5.10.83.82 - - [08/Oct/2013:13:59:29 +0200] "GET /news.php?cs_go=archiv&cs_startpos=70 HTTP/1.1" 200 20319 "-" "Mozilla/5.0 (compatible; AhrefsBot/5.0; +http://ahrefs.com/robot/)"
5.10.83.82 - - [08/Oct/2013:14:10:43 +0200] "GET /standard.php HTTP/1.1" 200 6807 "-" "Mozilla/5.0 (compatible; AhrefsBot/5.0; +http://ahrefs.com/robot/)"
5.10.83.45 - - [08/Oct/2013:14:14:33 +0200] "GET /lexikon.php?cs_go=3&cs_id=121 HTTP/1.1" 200 5974 "-" "Mozilla/5.0 (compatible; AhrefsBot/5.0; +http://ahrefs.com/robot/)"
176.9.138.27 - - [08/Oct/2013:14:52:58 +0200] "GET /robots.txt HTTP/1.1" 200 177 "-" "Mozilla/5.0 (compatible; Spiderlytics/1.0; +spider@spiderlytics.com)"
176.9.138.27 - - [08/Oct/2013:14:52:58 +0200] "GET /content/encyclopedia/images/1_023.jpg HTTP/1.1" 404 - "-" "Mozilla/5.0 (compatible; Spiderlytics/1.0; +spider@spiderlytics.com)"
5.10.83.88 - - [08/Oct/2013:14:53:07 +0200] "GET /news.php?cs_go=archiv&cs_id=4462&cs_search= HTTP/1.1" 200 9135 "-" "Mozilla/5.0 (compatible; AhrefsBot/5.0; +http://ahrefs.com/robot/)"
5.10.83.85 - - [08/Oct/2013:14:56:54 +0200] "GET /news.php?cs_go=archiv&cs_startpos=61 HTTP/1.1" 200 20422 "-" "Mozilla/5.0 (compatible; AhrefsBot/5.0; +http://ahrefs.com/robot/)"
66.249.78.46 - - [08/Oct/2013:14:59:29 +0200] "GET /robots.txt HTTP/1.1" 200 177 "-" "Mozilla/5.0 (compatible; Googlebot/2.1; +http://www.google.com/bot.html)"
66.249.78.46 - - [08/Oct/2013:14:59:29 +0200] "GET / HTTP/1.1" 200 12382 "-" "Mozilla/5.0 (iPhone; U; CPU iPhone OS 4_1 like Mac OS X; en-us) AppleWebKit/532.9 (KHTML, like Gecko) Version/4.0.5 Mobile/8B117 Safari/6531.22.7 (compatible; Googlebot-Mobile/2.1; +http://www.google.com/bot.html)"
66.249.78.46 - - [08/Oct/2013:15:06:20 +0200] "GET /js_contentserver24_greybox/gb_styles.css HTTP/1.1" 200 2302 "-" "Mozilla/5.0 (compatible; Googlebot/2.1; +http://www.google.com/bot.html)"
5.10.83.29 - - [08/Oct/2013:15:07:49 +0200] "GET /lexikon.php?cs_go=2&cs_char=v HTTP/1.1" 200 6718 "-" "Mozilla/5.0 (compatible; AhrefsBot/5.0; +http://ahrefs.com/robot/)"
5.10.83.50 - - [08/Oct/2013:15:15:08 +0200] "GET /news.php?cs_go=archiv&cs_id=4541&cs_search= HTTP/1.1" 200 12083 "-" "Mozilla/5.0 (compatible; AhrefsBot/5.0; +http://ahrefs.com/robot/)"
65.36.241.79 - - [08/Oct/2013:15:16:27 +0200] "HEAD / HTTP/1.1" 200 - "-" "InternetSeer.com"
5.10.83.88 - - [08/Oct/2013:15:22:45 +0200] "GET /news.php?cs_go=archiv&cs_startpos=170 HTTP/1.1" 200 20083 "-" "Mozilla/5.0 (compatible; AhrefsBot/5.0; +http://ahrefs.com/robot/)"
5.10.83.23 - - [08/Oct/2013:15:23:25 +0200] "GET /lexikon.php?cs_go=3&cs_id=22 HTTP/1.1" 200 6318 "-" "Mozilla/5.0 (compatible; AhrefsBot/5.0; +http://ahrefs.com/robot/)"
5.10.83.50 - - [08/Oct/2013:15:26:43 +0200] "GET /news.php?cs_go=archiv&cs_id=4339&cs_search= HTTP/1.1" 200 14069 "-" "Mozilla/5.0 (compatible; AhrefsBot/5.0; +http://ahrefs.com/robot/)"
208.115.111.75 - - [08/Oct/2013:15:42:20 +0200] "GET /robots.txt HTTP/1.1" 200 177 "-" "Mozilla/5.0 (compatible; Ezooms/1.0; ezooms.bot@gmail.com)"
123.125.71.44 - - [08/Oct/2013:15:42:41 +0200] "GET / HTTP/1.1" 200 6591 "-" "Mozilla/5.0 (compatible; Baiduspider/2.0; +http://www.baidu.com/search/spider.html)"
220.181.108.102 - - [08/Oct/2013:15:43:29 +0200] "GET / HTTP/1.1" 200 6591 "-" "Mozilla/5.0 (compatible; Baiduspider/2.0; +http://www.baidu.com/search/spider.html)"
5.10.83.2 - - [08/Oct/2013:15:45:07 +0200] "GET /lexikon.php?cs_go=3&cs_id=139 HTTP/1.1" 200 5795 "-" "Mozilla/5.0 (compatible; AhrefsBot/5.0; +http://ahrefs.com/robot/)"
5.10.83.45 - - [08/Oct/2013:15:46:20 +0200] "GET /lexikon.php?cs_go=2&cs_char=y HTTP/1.1" 200 6211 "-" "Mozilla/5.0 (compatible; AhrefsBot/5.0; +http://ahrefs.com/robot/)"
5.10.83.29 - - [08/Oct/2013:15:46:39 +0200] "GET /news.php?cs_go=archiv&cs_id=4422&cs_search= HTTP/1.1" 200 7966 "-" "Mozilla/5.0 (compatible; AhrefsBot/5.0; +http://ahrefs.com/robot/)"
66.249.78.46 - - [08/Oct/2013:15:58:41 +0200] "GET /rueckrufservice.php HTTP/1.1" 200 8337 "-" "Mozilla/5.0 (iPhone; U; CPU iPhone OS 4_1 like Mac OS X; en-us) AppleWebKit/532.9 (KHTML, like Gecko) Version/4.0.5 Mobile/8B117 Safari/6531.22.7 (compatible; Googlebot-Mobile/2.1; +http://www.google.com/bot.html)"
5.10.83.23 - - [08/Oct/2013:15:58:55 +0200] "GET /news.php?cs_go=archiv&cs_id=4366&cs_search= HTTP/1.1" 200 11367 "-" "Mozilla/5.0 (compatible; AhrefsBot/5.0; +http://ahrefs.com/robot/)"
5.10.83.35 - - [08/Oct/2013:16:14:14 +0200] "GET /news.php?cs_go=archiv&cs_id=4558&cs_search= HTTP/1.1" 200 11632 "-" "Mozilla/5.0 (compatible; AhrefsBot/5.0; +http://ahrefs.com/robot/)"
66.249.78.46 - - [08/Oct/2013:16:20:43 +0200] "GET /news.php?cs_go=archiv&cs_id=4131 HTTP/1.1" 200 7805 "-" "Mozilla/5.0 (compatible; Googlebot/2.1; +http://www.google.com/bot.html)"
5.10.83.85 - - [08/Oct/2013:16:22:24 +0200] "GET /lexikon.php?cs_go=3&cs_id=214 HTTP/1.1" 200 5740 "-" "Mozilla/5.0 (compatible; AhrefsBot/5.0; +http://ahrefs.com/robot/)"
5.10.83.23 - - [08/Oct/2013:16:42:06 +0200] "GET / HTTP/1.1" 200 12382 "-" "Mozilla/5.0 (compatible; AhrefsBot/5.0; +http://ahrefs.com/robot/)"
123.125.71.47 - - [08/Oct/2013:16:43:44 +0200] "GET / HTTP/1.1" 200 6591 "-" "Mozilla/5.0 (compatible; Baiduspider/2.0; +http://www.baidu.com/search/spider.html)"
220.181.108.90 - - [08/Oct/2013:16:44:02 +0200] "GET / HTTP/1.1" 200 6591 "-" "Mozilla/5.0 (compatible; Baiduspider/2.0; +http://www.baidu.com/search/spider.html)"
66.249.78.46 - - [08/Oct/2013:16:55:43 +0200] "GET /lexikon.php?cs_go=3&cs_id=212 HTTP/1.1" 200 6144 "-" "Mozilla/5.0 (compatible; Googlebot/2.1; +http://www.google.com/bot.html)"
5.10.83.85 - - [08/Oct/2013:16:59:04 +0200] "GET /news.php?cs_go=archiv&cs_id=4469&cs_search= HTTP/1.1" 200 7936 "-" "Mozilla/5.0 (compatible; AhrefsBot/5.0; +http://ahrefs.com/robot/)"
5.10.83.66 - - [08/Oct/2013:17:00:00 +0200] "GET /news.php?cs_go=archiv&cs_id=4599&cs_search= HTTP/1.1" 200 7546 "-" "Mozilla/5.0 (compatible; AhrefsBot/5.0; +http://ahrefs.com/robot/)"
5.10.83.82 - - [08/Oct/2013:17:02:08 +0200] "GET /news.php?cs_go=archiv&cs_startpos=270 HTTP/1.1" 200 6095 "-" "Mozilla/5.0 (compatible; AhrefsBot/5.0; +http://ahrefs.com/robot/)"
5.10.83.35 - - [08/Oct/2013:17:12:16 +0200] "GET /news.php?cs_go=archiv&cs_startpos=140 HTTP/1.1" 200 20612 "-" "Mozilla/5.0 (compatible; AhrefsBot/5.0; +http://ahrefs.com/robot/)"
208.115.111.75 - - [08/Oct/2013:17:42:34 +0200] "GET /news.php?cs_go=archiv&cs_id=4501&cs_search= HTTP/1.1" 200 11667 "-" "Mozilla/5.0 (compatible; Ezooms/1.0; ezooms.bot@gmail.com)"
5.10.83.82 - - [08/Oct/2013:17:46:55 +0200] "GET /lexikon.php?cs_go=2&cs_char=p HTTP/1.1" 200 6767 "-" "Mozilla/5.0 (compatible; AhrefsBot/5.0; +http://ahrefs.com/robot/)"
5.10.83.35 - - [08/Oct/2013:17:52:49 +0200] "GET /wunschpreis.php HTTP/1.1" 200 10292 "-" "Mozilla/5.0 (compatible; AhrefsBot/5.0; +http://ahrefs.com/robot/)"
66.249.78.46 - - [08/Oct/2013:17:56:34 +0200] "GET /style.css HTTP/1.1" 200 8402 "-" "Mozilla/5.0 (compatible; Googlebot/2.1; +http://www.google.com/bot.html)"
208.115.113.91 - - [08/Oct/2013:18:01:06 +0200] "GET /robots.txt HTTP/1.1" 200 177 "-" "Mozilla/5.0 (compatible; Ezooms/1.0; ezooms.bot@gmail.com)"
5.10.83.29 - - [08/Oct/2013:18:22:37 +0200] "GET /lexikon.php?cs_go=3&cs_id=95 HTTP/1.1" 200 6335 "-" "Mozilla/5.0 (compatible; AhrefsBot/5.0; +http://ahrefs.com/robot/)"
5.10.83.82 - - [08/Oct/2013:18:26:27 +0200] "GET /lexikon.php?cs_go=3&cs_id=156 HTTP/1.1" 200 6322 "-" "Mozilla/5.0 (compatible; AhrefsBot/5.0; +http://ahrefs.com/robot/)"
5.10.83.29 - - [08/Oct/2013:18:31:38 +0200] "GET /lexikon.php?cs_go=2&cs_char=j HTTP/1.1" 200 6211 "-" "Mozilla/5.0 (compatible; AhrefsBot/5.0; +http://ahrefs.com/robot/)"
66.249.78.46 - - [08/Oct/2013:18:36:01 +0200] "GET /lexikon.php?cs_go=3&cs_id=209 HTTP/1.1" 200 5897 "-" "Mozilla/5.0 (compatible; Googlebot/2.1; +http://www.google.com/bot.html)"
5.10.83.66 - - [08/Oct/2013:18:40:11 +0200] "GET /lexikon.php?cs_go=3&cs_id=87 HTTP/1.1" 200 5942 "-" "Mozilla/5.0 (compatible; AhrefsBot/5.0; +http://ahrefs.com/robot/)"
5.10.83.82 - - [08/Oct/2013:18:42:53 +0200] "GET /news.php?cs_go=archiv&cs_startpos=190 HTTP/1.1" 200 20672 "-" "Mozilla/5.0 (compatible; AhrefsBot/5.0; +http://ahrefs.com/robot/)"
157.55.32.117 - - [08/Oct/2013:18:51:58 +0200] "GET /robots.txt HTTP/1.1" 200 177 "-" "Mozilla/5.0 (compatible; bingbot/2.0; +http://www.bing.com/bingbot.htm)"
157.55.32.117 - - [08/Oct/2013:18:52:38 +0200] "GET / HTTP/1.1" 200 12382 "-" "Mozilla/5.0 (compatible; bingbot/2.0; +http://www.bing.com/bingbot.htm)"
5.10.83.85 - - [08/Oct/2013:18:55:07 +0200] "GET /news.php?cs_go=archiv&cs_id=4527&cs_search= HTTP/1.1" 200 11934 "-" "Mozilla/5.0 (compatible; AhrefsBot/5.0; +http://ahrefs.com/robot/)"
5.10.83.35 - - [08/Oct/2013:19:06:39 +0200] "GET /news.php?cs_go=archiv&cs_id=4602&cs_search= HTTP/1.1" 200 8005 "-" "Mozilla/5.0 (compatible; AhrefsBot/5.0; +http://ahrefs.com/robot/)"
5.10.83.85 - - [08/Oct/2013:19:15:31 +0200] "GET /news.php?cs_go=archiv&cs_id=4484&cs_search= HTTP/1.1" 200 11555 "-" "Mozilla/5.0 (compatible; AhrefsBot/5.0; +http://ahrefs.com/robot/)"
66.249.78.46 - - [08/Oct/2013:19:18:48 +0200] "GET /images/logos.jpg?cache7441 HTTP/1.1" 200 35043 "-" "Googlebot-Image/1.0"
66.249.78.46 - - [08/Oct/2013:19:19:06 +0200] "GET /images/logos.jpg?cache6001 HTTP/1.1" 200 35043 "-" "Googlebot-Image/1.0"
66.249.78.46 - - [08/Oct/2013:19:21:26 +0200] "GET /images/logos.jpg?cache3695 HTTP/1.1" 200 35043 "-" "Googlebot-Image/1.0"
66.249.78.46 - - [08/Oct/2013:19:25:40 +0200] "GET /images/logos.jpg?cache7635 HTTP/1.1" 200 35043 "-" "Googlebot-Image/1.0"
5.10.83.47 - - [08/Oct/2013:19:32:01 +0200] "GET /news.php?cs_go=archiv&cs_id=4454&cs_search= HTTP/1.1" 200 7823 "-" "Mozilla/5.0 (compatible; AhrefsBot/5.0; +http://ahrefs.com/robot/)"
5.10.83.23 - - [08/Oct/2013:19:39:19 +0200] "GET /lexikon.php?cs_go=3&cs_id=65 HTTP/1.1" 200 6207 "-" "Mozilla/5.0 (compatible; AhrefsBot/5.0; +http://ahrefs.com/robot/)"
5.10.83.82 - - [08/Oct/2013:19:40:28 +0200] "GET /news.php?cs_go=archiv&cs_id=4362&cs_search= HTTP/1.1" 200 9723 "-" "Mozilla/5.0 (compatible; AhrefsBot/5.0; +http://ahrefs.com/robot/)"
87.106.227.210 - - [08/Oct/2013:19:43:03 +0200] "GET / HTTP/1.1" 200 12382 "-" "-"
5.10.83.50 - - [08/Oct/2013:19:43:19 +0200] "GET /news.php?cs_go=archiv&cs_id=4531&cs_search= HTTP/1.1" 200 13958 "-" "Mozilla/5.0 (compatible; AhrefsBot/5.0; +http://ahrefs.com/robot/)"
66.249.78.46 - - [08/Oct/2013:19:44:07 +0200] "GET /news.php?cs_go=archiv&cs_id=4170 HTTP/1.1" 200 7722 "-" "Mozilla/5.0 (compatible; Googlebot/2.1; +http://www.google.com/bot.html)"
88.73.132.143 - - [08/Oct/2013:19:54:47 +0200] "GET /style.css HTTP/1.1" 200 8402 "http://www.mink-gmbh.de/" "Mozilla/5.0 (Windows NT 6.0; rv:24.0) Gecko/20100101 Firefox/24.0"
88.73.132.143 - - [08/Oct/2013:19:54:47 +0200] "GET /favicon.ico HTTP/1.1" 200 3638 "-" "Mozilla/5.0 (Windows NT 6.0; rv:24.0) Gecko/20100101 Firefox/24.0"
88.73.132.143 - - [08/Oct/2013:19:54:47 +0200] "GET /js_contentserver24_greybox/gb_styles.css HTTP/1.1" 200 2302 "http://www.mink-gmbh.de/" "Mozilla/5.0 (Windows NT 6.0; rv:24.0) Gecko/20100101 Firefox/24.0"
88.73.132.143 - - [08/Oct/2013:19:54:47 +0200] "GET /modul.css HTTP/1.1" 200 35038 "http://www.mink-gmbh.de/" "Mozilla/5.0 (Windows NT 6.0; rv:24.0) Gecko/20100101 Firefox/24.0"
88.73.132.143 - - [08/Oct/2013:19:54:48 +0200] "GET /js_contentserver24_greybox/AJS.js HTTP/1.1" 200 10396 "http://www.mink-gmbh.de/" "Mozilla/5.0 (Windows NT 6.0; rv:24.0) Gecko/20100101 Firefox/24.0"
88.73.132.143 - - [08/Oct/2013:19:54:48 +0200] "GET /js_contentserver24_greybox/AJS_fx.js HTTP/1.1" 200 3192 "http://www.mink-gmbh.de/" "Mozilla/5.0 (Windows NT 6.0; rv:24.0) Gecko/20100101 Firefox/24.0"
88.73.132.143 - - [08/Oct/2013:19:54:48 +0200] "GET /js_contentserver24_greybox/gb_scripts.js HTTP/1.1" 200 11913 "http://www.mink-gmbh.de/" "Mozilla/5.0 (Windows NT 6.0; rv:24.0) Gecko/20100101 Firefox/24.0"
88.73.132.143 - - [08/Oct/2013:19:54:47 +0200] "GET / HTTP/1.1" 200 12382 "http://www.google.de/url?sa=t&rct=j&q=&esrc=s&source=web&cd=1&ved=0CD0QFjAA&url=http%3A%2F%2Fwww.mink-gmbh.de%2F&ei=2EZUUvbzGKn54QT6koHQCw&usg=AFQjCNFHX4Iglls9oo-KYXTmDUV_5KOVIg&bvm=bv.53537100,d.bGE" "Mozilla/5.0 (Windows NT 6.0; rv:24.0) Gecko/20100101 Firefox/24.0"
88.73.132.143 - - [08/Oct/2013:19:54:48 +0200] "GET /images/bg.png HTTP/1.1" 200 922 "http://www.mink-gmbh.de/style.css" "Mozilla/5.0 (Windows NT 6.0; rv:24.0) Gecko/20100101 Firefox/24.0"
88.73.132.143 - - [08/Oct/2013:19:54:48 +0200] "GET /images/team-energie.png HTTP/1.1" 200 17383 "http://www.mink-gmbh.de/" "Mozilla/5.0 (Windows NT 6.0; rv:24.0) Gecko/20100101 Firefox/24.0"
88.73.132.143 - - [08/Oct/2013:19:54:48 +0200] "GET /images/mail.jpg HTTP/1.1" 200 11165 "http://www.mink-gmbh.de/" "Mozilla/5.0 (Windows NT 6.0; rv:24.0) Gecko/20100101 Firefox/24.0"
88.73.132.143 - - [08/Oct/2013:19:54:48 +0200] "GET /images/kwk.gif HTTP/1.1" 200 6403 "http://www.mink-gmbh.de/" "Mozilla/5.0 (Windows NT 6.0; rv:24.0) Gecko/20100101 Firefox/24.0"
88.73.132.143 - - [08/Oct/2013:19:54:48 +0200] "GET /images/tkw.jpg HTTP/1.1" 200 64031 "http://www.mink-gmbh.de/" "Mozilla/5.0 (Windows NT 6.0; rv:24.0) Gecko/20100101 Firefox/24.0"
88.73.132.143 - - [08/Oct/2013:19:54:48 +0200] "GET /images/logos.jpg?cache3037 HTTP/1.1" 200 35043 "http://www.mink-gmbh.de/" "Mozilla/5.0 (Windows NT 6.0; rv:24.0) Gecko/20100101 Firefox/24.0"
88.73.132.143 - - [08/Oct/2013:19:54:48 +0200] "GET /images/freecall.jpg HTTP/1.1" 200 39195 "http://www.mink-gmbh.de/" "Mozilla/5.0 (Windows NT 6.0; rv:24.0) Gecko/20100101 Firefox/24.0"
88.73.132.143 - - [08/Oct/2013:19:54:48 +0200] "GET /js_contentserver24_greybox/w_close.gif HTTP/1.1" 200 74 "http://www.mink-gmbh.de/" "Mozilla/5.0 (Windows NT 6.0; rv:24.0) Gecko/20100101 Firefox/24.0"
88.73.132.143 - - [08/Oct/2013:19:54:48 +0200] "GET /images/close.png HTTP/1.1" 200 703 "http://www.mink-gmbh.de/" "Mozilla/5.0 (Windows NT 6.0; rv:24.0) Gecko/20100101 Firefox/24.0"
88.73.132.143 - - [08/Oct/2013:19:54:48 +0200] "GET /images/wunschpreis.jpg HTTP/1.1" 200 16767 "http://www.mink-gmbh.de/" "Mozilla/5.0 (Windows NT 6.0; rv:24.0) Gecko/20100101 Firefox/24.0"
88.73.132.143 - - [08/Oct/2013:19:54:48 +0200] "GET /images/newsletter.png HTTP/1.1" 200 14619 "http://www.mink-gmbh.de/style.css" "Mozilla/5.0 (Windows NT 6.0; rv:24.0) Gecko/20100101 Firefox/24.0"
88.73.132.143 - - [08/Oct/2013:19:54:48 +0200] "GET /images/wrapperbg.jpg HTTP/1.1" 200 27465 "http://www.mink-gmbh.de/style.css" "Mozilla/5.0 (Windows NT 6.0; rv:24.0) Gecko/20100101 Firefox/24.0"
88.73.132.143 - - [08/Oct/2013:19:54:48 +0200] "GET /images/navibg.png HTTP/1.1" 200 2803 "http://www.mink-gmbh.de/style.css" "Mozilla/5.0 (Windows NT 6.0; rv:24.0) Gecko/20100101 Firefox/24.0"
88.73.132.143 - - [08/Oct/2013:19:54:48 +0200] "GET /images/steigend.png HTTP/1.1" 200 688 "http://www.mink-gmbh.de/modul.css" "Mozilla/5.0 (Windows NT 6.0; rv:24.0) Gecko/20100101 Firefox/24.0"
