67.195.112.164 - - [09/Oct/2013:05:14:53 +0200] "GET /robots.txt HTTP/1.0" 200 177 "-" "Mozilla/5.0 (compatible; Yahoo! Slurp; http://help.yahoo.com/help/us/ysearch/slurp)"
67.195.112.164 - - [09/Oct/2013:05:14:53 +0200] "GET /SlurpConfirm404.htm HTTP/1.0" 404 - "-" "Mozilla/5.0 (compatible; Yahoo! Slurp; http://help.yahoo.com/help/us/ysearch/slurp)"
5.10.83.2 - - [09/Oct/2013:05:16:45 +0200] "GET /lexikon.php?cs_go=3&cs_id=151 HTTP/1.1" 200 6284 "-" "Mozilla/5.0 (compatible; AhrefsBot/5.0; +http://ahrefs.com/robot/)"
66.249.78.46 - - [09/Oct/2013:05:28:59 +0200] "GET /optiplus.php HTTP/1.1" 200 8676 "-" "Mozilla/5.0 (compatible; Googlebot/2.1; +http://www.google.com/bot.html)"
66.249.78.46 - - [09/Oct/2013:05:35:38 +0200] "GET /images/logos.jpg?cache3861 HTTP/1.1" 200 35043 "-" "Googlebot-Image/1.0"
208.115.111.75 - - [09/Oct/2013:05:37:54 +0200] "GET /news.php?cs_go=archiv&cs_id=4280&cs_search= HTTP/1.1" 200 11779 "-" "Mozilla/5.0 (compatible; Ezooms/1.0; ezooms.bot@gmail.com)"
208.115.111.75 - - [09/Oct/2013:05:37:58 +0200] "GET /news.php?cs_go=archiv&cs_startpos=250 HTTP/1.1" 200 7615 "-" "Mozilla/5.0 (compatible; Ezooms/1.0; ezooms.bot@gmail.com)"
66.249.78.46 - - [09/Oct/2013:05:42:00 +0200] "GET /.php HTTP/1.1" 404 - "-" "Mozilla/5.0 (compatible; Googlebot/2.1; +http://www.google.com/bot.html)"
208.115.113.91 - - [09/Oct/2013:05:46:50 +0200] "GET /robots.txt HTTP/1.1" 200 177 "-" "Mozilla/5.0 (compatible; Ezooms/1.0; ezooms.bot@gmail.com)"
5.10.83.2 - - [09/Oct/2013:05:53:03 +0200] "GET /news.php?cs_go=archiv&cs_id=4588&cs_search= HTTP/1.1" 200 9594 "-" "Mozilla/5.0 (compatible; AhrefsBot/5.0; +http://ahrefs.com/robot/)"
5.10.83.85 - - [09/Oct/2013:05:58:59 +0200] "GET /lexikon.php?cs_go=3&cs_id=3 HTTP/1.1" 200 6086 "-" "Mozilla/5.0 (compatible; AhrefsBot/5.0; +http://ahrefs.com/robot/)"
110.89.13.50 - - [09/Oct/2013:06:02:46 +0200] "GET /news.php?cs_go=archiv&cs_id=4112&cs_search= HTTP/1.0" 200 9472 "http://www.mink-gmbh.de/news.php?cs_go=archiv&cs_id=4112&cs_search=" "Opera/9.80 (Windows NT 6.0; U; ru) Presto/2.10.289 Version/12.02"
208.115.113.91 - - [09/Oct/2013:06:09:36 +0200] "GET /news.php?cs_go=archiv&cs_id=4565 HTTP/1.1" 200 9190 "-" "Mozilla/5.0 (compatible; Ezooms/1.0; ezooms.bot@gmail.com)"
66.249.78.46 - - [09/Oct/2013:06:16:01 +0200] "GET /kwk.php HTTP/1.1" 200 8484 "-" "SAMSUNG-SGH-E250/1.0 Profile/MIDP-2.0 Configuration/CLDC-1.1 UP.Browser/6.2.3.3.c.1.101 (GUI) MMP/2.0 (compatible; Googlebot-Mobile/2.1; +http://www.google.com/bot.html)"
65.55.52.111 - - [09/Oct/2013:06:17:49 +0200] "GET /robots.txt HTTP/1.1" 200 177 "-" "Mozilla/5.0 (compatible; bingbot/2.0; +http://www.bing.com/bingbot.htm)"
5.10.83.85 - - [09/Oct/2013:06:27:18 +0200] "GET /lexikon.php?cs_go=2&cs_char=d HTTP/1.1" 200 7022 "-" "Mozilla/5.0 (compatible; AhrefsBot/5.0; +http://ahrefs.com/robot/)"
5.10.83.66 - - [09/Oct/2013:06:27:27 +0200] "GET /lexikon.php?cs_go=3&cs_id=109 HTTP/1.1" 200 7102 "-" "Mozilla/5.0 (compatible; AhrefsBot/5.0; +http://ahrefs.com/robot/)"
65.55.52.111 - - [09/Oct/2013:06:28:05 +0200] "GET /images/RAL_Guetezeichen_Energiehandel.pdf HTTP/1.1" 200 288367 "-" "Mozilla/5.0 (compatible; bingbot/2.0; +http://www.bing.com/bingbot.htm)"
123.125.71.31 - - [09/Oct/2013:06:45:01 +0200] "GET / HTTP/1.1" 200 6591 "-" "Mozilla/5.0 (compatible; Baiduspider/2.0; +http://www.baidu.com/search/spider.html)"
220.181.108.99 - - [09/Oct/2013:06:45:34 +0200] "GET / HTTP/1.1" 200 6591 "-" "Mozilla/5.0 (compatible; Baiduspider/2.0; +http://www.baidu.com/search/spider.html)"
66.249.78.46 - - [09/Oct/2013:06:48:54 +0200] "GET /news.php?cs_go=archiv&cs_id=4602 HTTP/1.1" 200 8005 "-" "Mozilla/5.0 (compatible; Googlebot/2.1; +http://www.google.com/bot.html)"
5.10.83.50 - - [09/Oct/2013:06:55:26 +0200] "GET /news.php?cs_go=archiv&cs_id=4607&cs_search= HTTP/1.1" 200 7645 "-" "Mozilla/5.0 (compatible; AhrefsBot/5.0; +http://ahrefs.com/robot/)"
5.10.83.23 - - [09/Oct/2013:07:10:01 +0200] "GET /news.php?cs_go=archiv&cs_startpos=20 HTTP/1.1" 200 20528 "-" "Mozilla/5.0 (compatible; AhrefsBot/5.0; +http://ahrefs.com/robot/)"
5.10.83.66 - - [09/Oct/2013:07:10:21 +0200] "GET /lexikon.php?cs_go=2&cs_char=h HTTP/1.1" 200 6401 "-" "Mozilla/5.0 (compatible; AhrefsBot/5.0; +http://ahrefs.com/robot/)"
220.181.108.89 - - [09/Oct/2013:07:45:10 +0200] "GET / HTTP/1.1" 200 6591 "-" "Mozilla/5.0 (compatible; Baiduspider/2.0; +http://www.baidu.com/search/spider.html)"
5.10.83.2 - - [09/Oct/2013:07:45:17 +0200] "GET /news.php?cs_go=archiv&cs_id=4381&cs_search= HTTP/1.1" 200 10816 "-" "Mozilla/5.0 (compatible; AhrefsBot/5.0; +http://ahrefs.com/robot/)"
123.125.71.47 - - [09/Oct/2013:07:45:36 +0200] "GET / HTTP/1.1" 200 6591 "-" "Mozilla/5.0 (compatible; Baiduspider/2.0; +http://www.baidu.com/search/spider.html)"
5.10.83.66 - - [09/Oct/2013:07:55:25 +0200] "GET /news.php?cs_go=archiv&cs_id=4382&cs_search= HTTP/1.1" 200 11414 "-" "Mozilla/5.0 (compatible; AhrefsBot/5.0; +http://ahrefs.com/robot/)"
66.249.78.46 - - [09/Oct/2013:07:58:18 +0200] "GET /news.php?cs_go=archiv&cs_id=4608 HTTP/1.1" 200 11354 "-" "Mozilla/5.0 (compatible; Googlebot/2.1; +http://www.google.com/bot.html)"
208.115.113.91 - - [09/Oct/2013:07:59:09 +0200] "GET /news.php?cs_go=archiv&cs_id=4497&cs_search= HTTP/1.1" 200 9440 "-" "Mozilla/5.0 (compatible; Ezooms/1.0; ezooms.bot@gmail.com)"
217.69.133.216 - - [09/Oct/2013:08:01:32 +0200] "GET /robots.txt HTTP/1.0" 200 177 "-" "Mozilla/5.0 (compatible; Linux x86_64; Mail.RU_Bot/2.0; +http://go.mail.ru/help/robots)"
217.69.133.216 - - [09/Oct/2013:08:01:33 +0200] "GET /robots.txt HTTP/1.0" 200 177 "-" "Mozilla/5.0 (compatible; Linux x86_64; Mail.RU_Bot/2.0; +http://go.mail.ru/help/robots)"
5.10.83.2 - - [09/Oct/2013:08:02:13 +0200] "GET /news.php?cs_go=archiv&cs_id=4524&cs_search= HTTP/1.1" 200 11646 "-" "Mozilla/5.0 (compatible; AhrefsBot/5.0; +http://ahrefs.com/robot/)"
5.10.83.35 - - [09/Oct/2013:08:03:04 +0200] "GET /lexikon.php?cs_go=3&cs_id=125 HTTP/1.1" 200 6580 "-" "Mozilla/5.0 (compatible; AhrefsBot/5.0; +http://ahrefs.com/robot/)"
66.249.78.46 - - [09/Oct/2013:08:05:01 +0200] "GET /news.php?cs_go=archiv&cs_id=2819&cs_search= HTTP/1.1" 200 7875 "-" "Mozilla/5.0 (iPhone; U; CPU iPhone OS 4_1 like Mac OS X; en-us) AppleWebKit/532.9 (KHTML, like Gecko) Version/4.0.5 Mobile/8B117 Safari/6531.22.7 (compatible; Googlebot-Mobile/2.1; +http://www.google.com/bot.html)"
5.10.83.88 - - [09/Oct/2013:08:10:22 +0200] "GET /news.php?cs_go=archiv&cs_id=4546&cs_search= HTTP/1.1" 200 8214 "-" "Mozilla/5.0 (compatible; AhrefsBot/5.0; +http://ahrefs.com/robot/)"
5.10.83.45 - - [09/Oct/2013:08:10:57 +0200] "GET /lexikon.php?cs_go=2&cs_char=s HTTP/1.1" 200 7669 "-" "Mozilla/5.0 (compatible; AhrefsBot/5.0; +http://ahrefs.com/robot/)"
65.36.241.79 - - [09/Oct/2013:08:15:19 +0200] "HEAD / HTTP/1.1" 200 - "-" "InternetSeer.com"
5.10.83.88 - - [09/Oct/2013:08:29:36 +0200] "GET /lexikon.php?cs_go=3&cs_id=24 HTTP/1.1" 200 5670 "-" "Mozilla/5.0 (compatible; AhrefsBot/5.0; +http://ahrefs.com/robot/)"
109.206.179.178 - - [09/Oct/2013:08:40:54 +0200] "GET /kontakt.php HTTP/1.1" 200 7021 "-" "Mozilla/5.0 (X11; U; Linux x86_64; en-US; rv:1.9.2a1pre) Gecko/20090428 Firefox/3.6a1pre"
66.249.78.46 - - [09/Oct/2013:08:41:41 +0200] "GET /news.php?cs_go=archiv&cs_id=4609 HTTP/1.1" 200 13932 "-" "Mozilla/5.0 (compatible; Googlebot/2.1; +http://www.google.com/bot.html)"
66.249.78.46 - - [09/Oct/2013:09:32:42 +0200] "GET /news.php?cs_go=archiv&cs_id=4603 HTTP/1.1" 200 10007 "-" "Mozilla/5.0 (iPhone; U; CPU iPhone OS 4_1 like Mac OS X; en-us) AppleWebKit/532.9 (KHTML, like Gecko) Version/4.0.5 Mobile/8B117 Safari/6531.22.7 (compatible; Googlebot-Mobile/2.1; +http://www.google.com/bot.html)"
84.38.65.176 - - [09/Oct/2013:09:38:04 +0200] "GET / HTTP/1.0" 200 3575 "http://www.domain-reputation.de/www.mink-gmbh.de" "Mozilla/5.0 (Windows; U; Windows NT 6.0; en-US) AppleWebKit/533.4 (KHTML, like Gecko) Chrome/5.0.375.126 Safari/533.4"
66.249.78.46 - - [09/Oct/2013:09:38:05 +0200] "GET /news.php?cs_go=archiv&cs_id=4607 HTTP/1.1" 200 7645 "-" "Mozilla/5.0 (compatible; Googlebot/2.1; +http://www.google.com/bot.html)"
5.10.83.35 - - [09/Oct/2013:09:46:11 +0200] "GET /news.php?cs_go=archiv&cs_id=4452&cs_search= HTTP/1.1" 200 11754 "-" "Mozilla/5.0 (compatible; AhrefsBot/5.0; +http://ahrefs.com/robot/)"
2.202.138.102 - - [09/Oct/2013:10:02:03 +0200] "GET / HTTP/1.1" 200 12403 "http://www.google.de/url?sa=t&rct=j&q=&esrc=s&source=web&cd=2&ved=0CDsQFjAB&url=http%3A%2F%2Fwww.mink-gmbh.de%2F&ei=Vg1VUrLpIaq40QWWq4G4Cw&usg=AFQjCNFHX4Iglls9oo-KYXTmDUV_5KOVIg" "Mozilla/5.0 (Windows NT 5.1; rv:24.0) Gecko/20100101 Firefox/24.0"
2.202.138.102 - - [09/Oct/2013:10:02:03 +0200] "GET /js_contentserver24_greybox/AJS_fx.js HTTP/1.1" 200 3192 "http://www.mink-gmbh.de/" "Mozilla/5.0 (Windows NT 5.1; rv:24.0) Gecko/20100101 Firefox/24.0"
2.202.138.102 - - [09/Oct/2013:10:02:03 +0200] "GET /js_contentserver24_greybox/AJS.js HTTP/1.1" 200 10396 "http://www.mink-gmbh.de/" "Mozilla/5.0 (Windows NT 5.1; rv:24.0) Gecko/20100101 Firefox/24.0"
2.202.138.102 - - [09/Oct/2013:10:02:03 +0200] "GET /js_contentserver24_greybox/gb_scripts.js HTTP/1.1" 200 11913 "http://www.mink-gmbh.de/" "Mozilla/5.0 (Windows NT 5.1; rv:24.0) Gecko/20100101 Firefox/24.0"
2.202.138.102 - - [09/Oct/2013:10:02:03 +0200] "GET /js_contentserver24_greybox/gb_styles.css HTTP/1.1" 200 2302 "http://www.mink-gmbh.de/" "Mozilla/5.0 (Windows NT 5.1; rv:24.0) Gecko/20100101 Firefox/24.0"
2.202.138.102 - - [09/Oct/2013:10:02:03 +0200] "GET /style.css HTTP/1.1" 200 8402 "http://www.mink-gmbh.de/" "Mozilla/5.0 (Windows NT 5.1; rv:24.0) Gecko/20100101 Firefox/24.0"
2.202.138.102 - - [09/Oct/2013:10:02:03 +0200] "GET /modul.css HTTP/1.1" 200 35038 "http://www.mink-gmbh.de/" "Mozilla/5.0 (Windows NT 5.1; rv:24.0) Gecko/20100101 Firefox/24.0"
2.202.138.102 - - [09/Oct/2013:10:02:04 +0200] "GET /favicon.ico HTTP/1.1" 200 3638 "-" "Mozilla/5.0 (Windows NT 5.1; rv:24.0) Gecko/20100101 Firefox/24.0"
2.202.138.102 - - [09/Oct/2013:10:02:04 +0200] "GET /images/tkw.jpg HTTP/1.1" 200 64031 "http://www.mink-gmbh.de/" "Mozilla/5.0 (Windows NT 5.1; rv:24.0) Gecko/20100101 Firefox/24.0"
2.202.138.102 - - [09/Oct/2013:10:02:04 +0200] "GET /images/freecall.jpg HTTP/1.1" 200 39195 "http://www.mink-gmbh.de/" "Mozilla/5.0 (Windows NT 5.1; rv:24.0) Gecko/20100101 Firefox/24.0"
2.202.138.102 - - [09/Oct/2013:10:02:04 +0200] "GET /images/mail.jpg HTTP/1.1" 200 11165 "http://www.mink-gmbh.de/" "Mozilla/5.0 (Windows NT 5.1; rv:24.0) Gecko/20100101 Firefox/24.0"
2.202.138.102 - - [09/Oct/2013:10:02:04 +0200] "GET /images/kwk.gif HTTP/1.1" 200 6403 "http://www.mink-gmbh.de/" "Mozilla/5.0 (Windows NT 5.1; rv:24.0) Gecko/20100101 Firefox/24.0"
2.202.138.102 - - [09/Oct/2013:10:02:04 +0200] "GET /images/wunschpreis.jpg HTTP/1.1" 200 16767 "http://www.mink-gmbh.de/" "Mozilla/5.0 (Windows NT 5.1; rv:24.0) Gecko/20100101 Firefox/24.0"
2.202.138.102 - - [09/Oct/2013:10:02:04 +0200] "GET /images/logos.jpg?cache6559 HTTP/1.1" 200 35043 "http://www.mink-gmbh.de/" "Mozilla/5.0 (Windows NT 5.1; rv:24.0) Gecko/20100101 Firefox/24.0"
2.202.138.102 - - [09/Oct/2013:10:02:04 +0200] "GET /images/team-energie.png HTTP/1.1" 200 17383 "http://www.mink-gmbh.de/" "Mozilla/5.0 (Windows NT 5.1; rv:24.0) Gecko/20100101 Firefox/24.0"
2.202.138.102 - - [09/Oct/2013:10:02:04 +0200] "GET /js_contentserver24_greybox/w_close.gif HTTP/1.1" 200 74 "http://www.mink-gmbh.de/" "Mozilla/5.0 (Windows NT 5.1; rv:24.0) Gecko/20100101 Firefox/24.0"
2.202.138.102 - - [09/Oct/2013:10:02:04 +0200] "GET /images/bg.png HTTP/1.1" 200 922 "http://www.mink-gmbh.de/" "Mozilla/5.0 (Windows NT 5.1; rv:24.0) Gecko/20100101 Firefox/24.0"
2.202.138.102 - - [09/Oct/2013:10:02:04 +0200] "GET /images/close.png HTTP/1.1" 200 703 "http://www.mink-gmbh.de/" "Mozilla/5.0 (Windows NT 5.1; rv:24.0) Gecko/20100101 Firefox/24.0"
2.202.138.102 - - [09/Oct/2013:10:02:04 +0200] "GET /images/newsletter_bg.jpg HTTP/1.1" 200 33610 "http://www.mink-gmbh.de/" "Mozilla/5.0 (Windows NT 5.1; rv:24.0) Gecko/20100101 Firefox/24.0"
2.202.138.102 - - [09/Oct/2013:10:02:04 +0200] "GET /images/newsletter.png HTTP/1.1" 200 14619 "http://www.mink-gmbh.de/" "Mozilla/5.0 (Windows NT 5.1; rv:24.0) Gecko/20100101 Firefox/24.0"
2.202.138.102 - - [09/Oct/2013:10:02:04 +0200] "GET /images/wrapperbg.jpg HTTP/1.1" 200 27465 "http://www.mink-gmbh.de/" "Mozilla/5.0 (Windows NT 5.1; rv:24.0) Gecko/20100101 Firefox/24.0"
2.202.138.102 - - [09/Oct/2013:10:02:04 +0200] "GET /images/header.jpg HTTP/1.1" 200 25189 "http://www.mink-gmbh.de/" "Mozilla/5.0 (Windows NT 5.1; rv:24.0) Gecko/20100101 Firefox/24.0"
2.202.138.102 - - [09/Oct/2013:10:02:04 +0200] "GET /images/navibg.png HTTP/1.1" 200 2803 "http://www.mink-gmbh.de/" "Mozilla/5.0 (Windows NT 5.1; rv:24.0) Gecko/20100101 Firefox/24.0"
2.202.138.102 - - [09/Oct/2013:10:02:04 +0200] "GET /images/steigend.png HTTP/1.1" 200 688 "http://www.mink-gmbh.de/" "Mozilla/5.0 (Windows NT 5.1; rv:24.0) Gecko/20100101 Firefox/24.0"
2.202.138.102 - - [09/Oct/2013:10:02:04 +0200] "GET /images/mobil.jpg HTTP/1.1" 200 25293 "http://www.mink-gmbh.de/" "Mozilla/5.0 (Windows NT 5.1; rv:24.0) Gecko/20100101 Firefox/24.0"
2.202.138.102 - - [09/Oct/2013:10:02:04 +0200] "GET /images/newsletter.jpg HTTP/1.1" 200 13130 "http://www.mink-gmbh.de/" "Mozilla/5.0 (Windows NT 5.1; rv:24.0) Gecko/20100101 Firefox/24.0"
2.202.138.102 - - [09/Oct/2013:10:02:04 +0200] "GET /images/footerbg.jpg HTTP/1.1" 200 2184 "http://www.mink-gmbh.de/" "Mozilla/5.0 (Windows NT 5.1; rv:24.0) Gecko/20100101 Firefox/24.0"
2.202.138.102 - - [09/Oct/2013:10:02:04 +0200] "GET /js_contentserver24_greybox/loader_frame.html?s=0 HTTP/1.1" 200 2084 "http://www.mink-gmbh.de/" "Mozilla/5.0 (Windows NT 5.1; rv:24.0) Gecko/20100101 Firefox/24.0"
2.202.138.102 - - [09/Oct/2013:10:02:05 +0200] "GET /js_contentserver24_greybox/header_bg.gif HTTP/1.1" 200 1188 "http://www.mink-gmbh.de/" "Mozilla/5.0 (Windows NT 5.1; rv:24.0) Gecko/20100101 Firefox/24.0"
2.202.138.102 - - [09/Oct/2013:10:02:05 +0200] "GET /js_contentserver24_greybox/indicator.gif HTTP/1.1" 200 8238 "http://www.mink-gmbh.de/js_contentserver24_greybox/loader_frame.html?s=0" "Mozilla/5.0 (Windows NT 5.1; rv:24.0) Gecko/20100101 Firefox/24.0"
2.202.138.102 - - [09/Oct/2013:10:02:05 +0200] "GET /js_contentserver24_greybox/g_close.gif HTTP/1.1" 200 541 "http://www.mink-gmbh.de/" "Mozilla/5.0 (Windows NT 5.1; rv:24.0) Gecko/20100101 Firefox/24.0"
2.202.138.102 - - [09/Oct/2013:10:02:05 +0200] "GET /js_contentserver24_greybox/indicator.gif HTTP/1.1" 200 8238 "http://www.mink-gmbh.de/" "Mozilla/5.0 (Windows NT 5.1; rv:24.0) Gecko/20100101 Firefox/24.0"
2.202.138.102 - - [09/Oct/2013:10:02:16 +0200] "GET /preisanfrage.php HTTP/1.1" 200 8557 "http://www.mink-gmbh.de/" "Mozilla/5.0 (Windows NT 5.1; rv:24.0) Gecko/20100101 Firefox/24.0"
2.202.138.102 - - [09/Oct/2013:10:02:16 +0200] "GET /images/wunschpreis.jpg HTTP/1.1" 200 16767 "http://www.mink-gmbh.de/preisanfrage.php" "Mozilla/5.0 (Windows NT 5.1; rv:24.0) Gecko/20100101 Firefox/24.0"
2.202.138.102 - - [09/Oct/2013:10:02:16 +0200] "GET /images/logos.jpg?cache2603 HTTP/1.1" 200 35043 "http://www.mink-gmbh.de/preisanfrage.php" "Mozilla/5.0 (Windows NT 5.1; rv:24.0) Gecko/20100101 Firefox/24.0"
2.202.138.102 - - [09/Oct/2013:10:02:16 +0200] "GET /images/freecall.jpg HTTP/1.1" 200 39195 "http://www.mink-gmbh.de/preisanfrage.php" "Mozilla/5.0 (Windows NT 5.1; rv:24.0) Gecko/20100101 Firefox/24.0"
2.202.138.102 - - [09/Oct/2013:10:02:16 +0200] "GET /images/kwk.gif HTTP/1.1" 200 6403 "http://www.mink-gmbh.de/preisanfrage.php" "Mozilla/5.0 (Windows NT 5.1; rv:24.0) Gecko/20100101 Firefox/24.0"
2.202.138.102 - - [09/Oct/2013:10:02:19 +0200] "GET / HTTP/1.1" 200 11663 "http://www.google.de/url?sa=t&rct=j&q=&esrc=s&source=web&cd=2&ved=0CDsQFjAB&url=http%3A%2F%2Fwww.mink-gmbh.de%2F&ei=Vg1VUrLpIaq40QWWq4G4Cw&usg=AFQjCNFHX4Iglls9oo-KYXTmDUV_5KOVIg" "Mozilla/5.0 (Windows NT 5.1; rv:24.0) Gecko/20100101 Firefox/24.0"
2.202.138.102 - - [09/Oct/2013:10:02:20 +0200] "GET /images/logos.jpg?cache3156 HTTP/1.1" 200 35043 "http://www.mink-gmbh.de/" "Mozilla/5.0 (Windows NT 5.1; rv:24.0) Gecko/20100101 Firefox/24.0"
66.249.75.49 - - [09/Oct/2013:10:07:52 +0200] "GET / HTTP/1.1" 200 12403 "-" "DoCoMo/2.0 N905i(c100;TB;W24H16) (compatible; Googlebot-Mobile/2.1; +http://www.google.com/bot.html)"
66.249.78.46 - - [09/Oct/2013:10:27:18 +0200] "GET /news.php?cs_go=archiv&cs_id=4290 HTTP/1.1" 200 10118 "-" "Mozilla/5.0 (iPhone; U; CPU iPhone OS 4_1 like Mac OS X; en-us) AppleWebKit/532.9 (KHTML, like Gecko) Version/4.0.5 Mobile/8B117 Safari/6531.22.7 (compatible; Googlebot-Mobile/2.1; +http://www.google.com/bot.html)"
66.249.78.46 - - [09/Oct/2013:10:37:21 +0200] "GET /modul.css HTTP/1.1" 200 35038 "http://www.mink-gmbh.de/news.php?cs_go=archiv&cs_id=4290" "Mozilla/5.0 (compatible; Googlebot/2.1; +http://www.google.com/bot.html)"
5.10.83.85 - - [09/Oct/2013:10:48:13 +0200] "GET /lexikon.php?cs_go=3&cs_id=71 HTTP/1.1" 200 6722 "-" "Mozilla/5.0 (compatible; AhrefsBot/5.0; +http://ahrefs.com/robot/)"
66.249.78.46 - - [09/Oct/2013:10:56:10 +0200] "GET /jobs.php HTTP/1.1" 200 5020 "-" "Mozilla/5.0 (compatible; Googlebot/2.1; +http://www.google.com/bot.html)"
5.10.83.29 - - [09/Oct/2013:10:58:54 +0200] "GET /news.php?cs_go=archiv&cs_id=4508&cs_search= HTTP/1.1" 200 7990 "-" "Mozilla/5.0 (compatible; AhrefsBot/5.0; +http://ahrefs.com/robot/)"
5.10.83.85 - - [09/Oct/2013:11:00:41 +0200] "GET /news.php?cs_go=archiv&cs_id=4550&cs_search= HTTP/1.1" 200 8224 "-" "Mozilla/5.0 (compatible; AhrefsBot/5.0; +http://ahrefs.com/robot/)"
5.10.83.88 - - [09/Oct/2013:11:01:36 +0200] "GET /news.php?cs_go=archiv&cs_id=4587&cs_search= HTTP/1.1" 200 10171 "-" "Mozilla/5.0 (compatible; AhrefsBot/5.0; +http://ahrefs.com/robot/)"
66.249.78.46 - - [09/Oct/2013:11:04:36 +0200] "GET /images/logos.jpg?cache9069 HTTP/1.1" 200 35043 "-" "Googlebot-Image/1.0"
66.249.78.46 - - [09/Oct/2013:11:04:37 +0200] "GET /images/logos.jpg?cache5882 HTTP/1.1" 200 35043 "-" "Googlebot-Image/1.0"
66.249.75.49 - - [09/Oct/2013:11:04:37 +0200] "GET /images/logos.jpg?cache6429 HTTP/1.1" 200 35043 "-" "Googlebot-Image/1.0"
66.249.78.46 - - [09/Oct/2013:11:04:40 +0200] "GET /images/logos.jpg?cache8038 HTTP/1.1" 200 35043 "-" "Googlebot-Image/1.0"
66.249.78.46 - - [09/Oct/2013:11:04:41 +0200] "GET /images/logos.jpg?cache7798 HTTP/1.1" 200 35043 "-" "Googlebot-Image/1.0"
199.30.20.88 - - [09/Oct/2013:11:05:33 +0200] "GET /robots.txt HTTP/1.1" 200 177 "-" "msnbot-media/1.1 (+http://search.msn.com/msnbot.htm)"
199.30.20.88 - - [09/Oct/2013:11:05:33 +0200] "GET /images/logos.jpg?cache9154 HTTP/1.1" 200 35043 "-" "msnbot-media/1.1 (+http://search.msn.com/msnbot.htm)"
66.249.78.46 - - [09/Oct/2013:11:05:44 +0200] "GET /images/logos.jpg?cache4711 HTTP/1.1" 200 35043 "-" "Googlebot-Image/1.0"
180.76.5.10 - - [09/Oct/2013:11:40:43 +0200] "GET /robots.txt HTTP/1.1" 200 177 "-" "Mozilla/5.0 (Windows NT 5.1; rv:6.0.2) Gecko/20100101 Firefox/6.0.2"
5.10.83.2 - - [09/Oct/2013:11:52:01 +0200] "GET /lexikon.php?cs_go=3&cs_id=90 HTTP/1.1" 200 7166 "-" "Mozilla/5.0 (compatible; AhrefsBot/5.0; +http://ahrefs.com/robot/)"
176.57.142.28 - - [09/Oct/2013:11:53:16 +0200] "GET /impressum.php HTTP/1.1" 200 6360 "-" "Mozilla/5.0 (X11; Linux i686; rv:6.0) Gecko/20100101 Firefox/6.0"
5.10.83.23 - - [09/Oct/2013:11:55:10 +0200] "GET /news.php?cs_go=archiv&cs_id=4609&cs_search= HTTP/1.1" 200 13932 "-" "Mozilla/5.0 (compatible; AhrefsBot/5.0; +http://ahrefs.com/robot/)"
5.10.83.23 - - [09/Oct/2013:11:58:04 +0200] "GET /lexikon.php?cs_go=3&cs_id=32 HTTP/1.1" 200 5787 "-" "Mozilla/5.0 (compatible; AhrefsBot/5.0; +http://ahrefs.com/robot/)"
5.10.83.23 - - [09/Oct/2013:12:08:48 +0200] "GET /news.php?cs_go=archiv&cs_id=4330&cs_search= HTTP/1.1" 200 8346 "-" "Mozilla/5.0 (compatible; AhrefsBot/5.0; +http://ahrefs.com/robot/)"
5.10.83.88 - - [09/Oct/2013:12:17:50 +0200] "GET /lexikon.php?cs_go=3&cs_id=192 HTTP/1.1" 200 6008 "-" "Mozilla/5.0 (compatible; AhrefsBot/5.0; +http://ahrefs.com/robot/)"
157.56.93.94 - - [09/Oct/2013:12:38:39 +0200] "GET /robots.txt HTTP/1.1" 200 177 "-" "Mozilla/5.0 (compatible; bingbot/2.0; +http://www.bing.com/bingbot.htm)"
157.56.93.94 - - [09/Oct/2013:12:39:17 +0200] "GET / HTTP/1.1" 200 12419 "-" "Mozilla/5.0 (compatible; bingbot/2.0; +http://www.bing.com/bingbot.htm)"
178.12.232.89 - - [09/Oct/2013:12:43:50 +0200] "GET /style.css HTTP/1.1" 200 8402 "http://www.mink-gmbh.de/" "Mozilla/5.0 (Windows NT 6.1; WOW64; rv:24.0) Gecko/20100101 Firefox/24.0"
178.12.232.89 - - [09/Oct/2013:12:43:50 +0200] "GET /favicon.ico HTTP/1.1" 200 3638 "-" "Mozilla/5.0 (Windows NT 6.1; WOW64; rv:24.0) Gecko/20100101 Firefox/24.0"
178.12.232.89 - - [09/Oct/2013:12:43:50 +0200] "GET /modul.css HTTP/1.1" 200 35038 "http://www.mink-gmbh.de/" "Mozilla/5.0 (Windows NT 6.1; WOW64; rv:24.0) Gecko/20100101 Firefox/24.0"
178.12.232.89 - - [09/Oct/2013:12:43:50 +0200] "GET /js_contentserver24_greybox/gb_styles.css HTTP/1.1" 200 2302 "http://www.mink-gmbh.de/" "Mozilla/5.0 (Windows NT 6.1; WOW64; rv:24.0) Gecko/20100101 Firefox/24.0"
178.12.232.89 - - [09/Oct/2013:12:43:49 +0200] "GET / HTTP/1.1" 200 12419 "http://www.google.de/url?sa=t&rct=j&q=&esrc=s&source=web&cd=4&ved=0CEYQFjAD&url=http%3A%2F%2Fwww.mink-gmbh.de%2F&ei=QzNVUrTLBtGA0AW1yoHAAg&usg=AFQjCNFHX4Iglls9oo-KYXTmDUV_5KOVIg" "Mozilla/5.0 (Windows NT 6.1; WOW64; rv:24.0) Gecko/20100101 Firefox/24.0"
178.12.232.89 - - [09/Oct/2013:12:43:51 +0200] "GET /js_contentserver24_greybox/gb_scripts.js HTTP/1.1" 200 11913 "http://www.mink-gmbh.de/" "Mozilla/5.0 (Windows NT 6.1; WOW64; rv:24.0) Gecko/20100101 Firefox/24.0"
178.12.232.89 - - [09/Oct/2013:12:43:51 +0200] "GET /images/team-energie.png HTTP/1.1" 200 17383 "http://www.mink-gmbh.de/" "Mozilla/5.0 (Windows NT 6.1; WOW64; rv:24.0) Gecko/20100101 Firefox/24.0"
178.12.232.89 - - [09/Oct/2013:12:43:51 +0200] "GET /js_contentserver24_greybox/AJS.js HTTP/1.1" 200 10396 "http://www.mink-gmbh.de/" "Mozilla/5.0 (Windows NT 6.1; WOW64; rv:24.0) Gecko/20100101 Firefox/24.0"
178.12.232.89 - - [09/Oct/2013:12:43:51 +0200] "GET /js_contentserver24_greybox/AJS_fx.js HTTP/1.1" 200 3192 "http://www.mink-gmbh.de/" "Mozilla/5.0 (Windows NT 6.1; WOW64; rv:24.0) Gecko/20100101 Firefox/24.0"
178.12.232.89 - - [09/Oct/2013:12:43:51 +0200] "GET /images/mail.jpg HTTP/1.1" 200 11165 "http://www.mink-gmbh.de/" "Mozilla/5.0 (Windows NT 6.1; WOW64; rv:24.0) Gecko/20100101 Firefox/24.0"
178.12.232.89 - - [09/Oct/2013:12:43:51 +0200] "GET /images/kwk.gif HTTP/1.1" 200 6403 "http://www.mink-gmbh.de/" "Mozilla/5.0 (Windows NT 6.1; WOW64; rv:24.0) Gecko/20100101 Firefox/24.0"
178.12.232.89 - - [09/Oct/2013:12:43:51 +0200] "GET /images/wunschpreis.jpg HTTP/1.1" 200 16767 "http://www.mink-gmbh.de/" "Mozilla/5.0 (Windows NT 6.1; WOW64; rv:24.0) Gecko/20100101 Firefox/24.0"
178.12.232.89 - - [09/Oct/2013:12:43:51 +0200] "GET /images/logos.jpg?cache4283 HTTP/1.1" 200 35043 "http://www.mink-gmbh.de/" "Mozilla/5.0 (Windows NT 6.1; WOW64; rv:24.0) Gecko/20100101 Firefox/24.0"
178.12.232.89 - - [09/Oct/2013:12:43:51 +0200] "GET /images/bg.png HTTP/1.1" 200 922 "http://www.mink-gmbh.de/style.css" "Mozilla/5.0 (Windows NT 6.1; WOW64; rv:24.0) Gecko/20100101 Firefox/24.0"
178.12.232.89 - - [09/Oct/2013:12:43:51 +0200] "GET /js_contentserver24_greybox/w_close.gif HTTP/1.1" 200 74 "http://www.mink-gmbh.de/" "Mozilla/5.0 (Windows NT 6.1; WOW64; rv:24.0) Gecko/20100101 Firefox/24.0"
178.12.232.89 - - [09/Oct/2013:12:43:51 +0200] "GET /images/tkw.jpg HTTP/1.1" 200 64031 "http://www.mink-gmbh.de/" "Mozilla/5.0 (Windows NT 6.1; WOW64; rv:24.0) Gecko/20100101 Firefox/24.0"
178.12.232.89 - - [09/Oct/2013:12:43:51 +0200] "GET /images/freecall.jpg HTTP/1.1" 200 39195 "http://www.mink-gmbh.de/" "Mozilla/5.0 (Windows NT 6.1; WOW64; rv:24.0) Gecko/20100101 Firefox/24.0"
178.12.232.89 - - [09/Oct/2013:12:43:51 +0200] "GET /images/close.png HTTP/1.1" 200 703 "http://www.mink-gmbh.de/" "Mozilla/5.0 (Windows NT 6.1; WOW64; rv:24.0) Gecko/20100101 Firefox/24.0"
178.12.232.89 - - [09/Oct/2013:12:43:51 +0200] "GET /images/newsletter_bg.jpg HTTP/1.1" 200 33610 "http://www.mink-gmbh.de/" "Mozilla/5.0 (Windows NT 6.1; WOW64; rv:24.0) Gecko/20100101 Firefox/24.0"
178.12.232.89 - - [09/Oct/2013:12:43:51 +0200] "GET /images/newsletter.png HTTP/1.1" 200 14619 "http://www.mink-gmbh.de/style.css" "Mozilla/5.0 (Windows NT 6.1; WOW64; rv:24.0) Gecko/20100101 Firefox/24.0"
178.12.232.89 - - [09/Oct/2013:12:43:51 +0200] "GET /images/wrapperbg.jpg HTTP/1.1" 200 27465 "http://www.mink-gmbh.de/style.css" "Mozilla/5.0 (Windows NT 6.1; WOW64; rv:24.0) Gecko/20100101 Firefox/24.0"
178.12.232.89 - - [09/Oct/2013:12:43:51 +0200] "GET /images/header.jpg HTTP/1.1" 200 25189 "http://www.mink-gmbh.de/style.css" "Mozilla/5.0 (Windows NT 6.1; WOW64; rv:24.0) Gecko/20100101 Firefox/24.0"
178.12.232.89 - - [09/Oct/2013:12:43:51 +0200] "GET /images/navibg.png HTTP/1.1" 200 2803 "http://www.mink-gmbh.de/style.css" "Mozilla/5.0 (Windows NT 6.1; WOW64; rv:24.0) Gecko/20100101 Firefox/24.0"
178.12.232.89 - - [09/Oct/2013:12:43:51 +0200] "GET /images/steigend.png HTTP/1.1" 200 688 "http://www.mink-gmbh.de/modul.css" "Mozilla/5.0 (Windows NT 6.1; WOW64; rv:24.0) Gecko/20100101 Firefox/24.0"
178.12.232.89 - - [09/Oct/2013:12:43:51 +0200] "GET /images/mobil.jpg HTTP/1.1" 200 25293 "http://www.mink-gmbh.de/style.css" "Mozilla/5.0 (Windows NT 6.1; WOW64; rv:24.0) Gecko/20100101 Firefox/24.0"
178.12.232.89 - - [09/Oct/2013:12:43:51 +0200] "GET /images/newsletter.jpg HTTP/1.1" 200 13130 "http://www.mink-gmbh.de/style.css" "Mozilla/5.0 (Windows NT 6.1; WOW64; rv:24.0) Gecko/20100101 Firefox/24.0"
178.12.232.89 - - [09/Oct/2013:12:43:51 +0200] "GET /images/footerbg.jpg HTTP/1.1" 200 2184 "http://www.mink-gmbh.de/style.css" "Mozilla/5.0 (Windows NT 6.1; WOW64; rv:24.0) Gecko/20100101 Firefox/24.0"
178.12.232.89 - - [09/Oct/2013:12:43:51 +0200] "GET /js_contentserver24_greybox/loader_frame.html?s=0 HTTP/1.1" 200 2084 "http://www.mink-gmbh.de/" "Mozilla/5.0 (Windows NT 6.1; WOW64; rv:24.0) Gecko/20100101 Firefox/24.0"
178.12.232.89 - - [09/Oct/2013:12:43:51 +0200] "GET /js_contentserver24_greybox/header_bg.gif HTTP/1.1" 200 1188 "http://www.mink-gmbh.de/" "Mozilla/5.0 (Windows NT 6.1; WOW64; rv:24.0) Gecko/20100101 Firefox/24.0"
178.12.232.89 - - [09/Oct/2013:12:43:51 +0200] "GET /js_contentserver24_greybox/indicator.gif HTTP/1.1" 200 8238 "http://www.mink-gmbh.de/js_contentserver24_greybox/loader_frame.html?s=0" "Mozilla/5.0 (Windows NT 6.1; WOW64; rv:24.0) Gecko/20100101 Firefox/24.0"
178.12.232.89 - - [09/Oct/2013:12:43:52 +0200] "GET /js_contentserver24_greybox/g_close.gif HTTP/1.1" 200 541 "http://www.mink-gmbh.de/" "Mozilla/5.0 (Windows NT 6.1; WOW64; rv:24.0) Gecko/20100101 Firefox/24.0"
5.10.83.66 - - [09/Oct/2013:12:45:29 +0200] "GET /lexikon.php?cs_go=3&cs_id=61 HTTP/1.1" 200 6393 "-" "Mozilla/5.0 (compatible; AhrefsBot/5.0; +http://ahrefs.com/robot/)"
66.249.78.46 - - [09/Oct/2013:12:52:12 +0200] "GET /images/logos.jpg?cache3903 HTTP/1.1" 200 35043 "-" "Googlebot-Image/1.0"
5.10.83.45 - - [09/Oct/2013:13:12:56 +0200] "GET /kwk.php?cs_go=4 HTTP/1.1" 200 7855 "-" "Mozilla/5.0 (compatible; AhrefsBot/5.0; +http://ahrefs.com/robot/)"
5.10.83.29 - - [09/Oct/2013:13:17:25 +0200] "GET /news.php?cs_go=archiv&cs_startpos=51 HTTP/1.1" 200 20382 "-" "Mozilla/5.0 (compatible; AhrefsBot/5.0; +http://ahrefs.com/robot/)"
5.10.83.50 - - [09/Oct/2013:13:43:18 +0200] "GET /lexikon.php?cs_go=3&cs_id=210 HTTP/1.1" 200 7145 "-" "Mozilla/5.0 (compatible; AhrefsBot/5.0; +http://ahrefs.com/robot/)"
66.249.78.46 - - [09/Oct/2013:13:45:50 +0200] "GET /robots.txt HTTP/1.1" 200 177 "-" "Mozilla/5.0 (compatible; Googlebot/2.1; +http://www.google.com/bot.html)"
66.249.78.46 - - [09/Oct/2013:13:45:51 +0200] "GET /images/logos.jpg?cache5882 HTTP/1.1" 200 35043 "-" "Googlebot-Image/1.0"
5.10.83.88 - - [09/Oct/2013:13:46:54 +0200] "GET /news.php?cs_go=archiv&cs_id=4516&cs_search= HTTP/1.1" 200 8899 "-" "Mozilla/5.0 (compatible; AhrefsBot/5.0; +http://ahrefs.com/robot/)"
66.249.78.46 - - [09/Oct/2013:13:49:42 +0200] "GET /news.php?cs_go=archiv&cs_id=4602 HTTP/1.1" 200 8005 "-" "Mozilla/5.0 (compatible; Googlebot/2.1; +http://www.google.com/bot.html)"
5.10.83.82 - - [09/Oct/2013:13:54:37 +0200] "GET /lexikon.php?cs_go=3&cs_id=233 HTTP/1.1" 200 6601 "-" "Mozilla/5.0 (compatible; AhrefsBot/5.0; +http://ahrefs.com/robot/)"
208.115.113.91 - - [09/Oct/2013:13:56:56 +0200] "GET /robots.txt HTTP/1.1" 200 177 "-" "Mozilla/5.0 (compatible; Ezooms/1.0; ezooms.bot@gmail.com)"
141.8.147.12 - - [09/Oct/2013:14:12:15 +0200] "GET /robots.txt HTTP/1.1" 200 177 "-" "Mozilla/5.0 (compatible; YandexBot/3.0; +http://yandex.com/bots)"
199.21.99.93 - - [09/Oct/2013:14:12:19 +0200] "GET / HTTP/1.1" 200 12402 "-" "Mozilla/5.0 (compatible; YandexBot/3.0; +http://yandex.com/bots)"
79.197.83.211 - - [09/Oct/2013:14:18:40 +0200] "GET /news.php?cs_go=archiv&cs_id=4562 HTTP/1.1" 200 11685 "-" "Mozilla/5.0 (Windows NT 6.1; rv:24.0) Gecko/20100101 Firefox/24.0"
79.197.83.211 - - [09/Oct/2013:14:18:41 +0200] "GET /images/logos.jpg?cache5764 HTTP/1.1" 200 35043 "http://www.mink-gmbh.de/news.php?cs_go=archiv&cs_id=4562" "Mozilla/5.0 (Windows NT 6.1; rv:24.0) Gecko/20100101 Firefox/24.0"
79.197.83.211 - - [09/Oct/2013:14:20:29 +0200] "GET / HTTP/1.1" 200 12402 "-" "Mozilla/5.0 (Windows NT 6.1; rv:24.0) Gecko/20100101 Firefox/24.0"
79.197.83.211 - - [09/Oct/2013:14:20:30 +0200] "GET /js_contentserver24_greybox/loader_frame.html?s=0 HTTP/1.1" 304 - "http://www.mink-gmbh.de/" "Mozilla/5.0 (Windows NT 6.1; rv:24.0) Gecko/20100101 Firefox/24.0"
79.197.83.211 - - [09/Oct/2013:14:20:30 +0200] "GET /images/logos.jpg?cache5943 HTTP/1.1" 200 35043 "http://www.mink-gmbh.de/" "Mozilla/5.0 (Windows NT 6.1; rv:24.0) Gecko/20100101 Firefox/24.0"
79.197.83.211 - - [09/Oct/2013:14:21:14 +0200] "GET /news.php?cs_go=archiv&cs_id=4630 HTTP/1.1" 200 11708 "http://www.mink-gmbh.de/" "Mozilla/5.0 (Windows NT 6.1; rv:24.0) Gecko/20100101 Firefox/24.0"
79.197.83.211 - - [09/Oct/2013:14:21:14 +0200] "GET /images/logos.jpg?cache7167 HTTP/1.1" 200 35043 "http://www.mink-gmbh.de/news.php?cs_go=archiv&cs_id=4630" "Mozilla/5.0 (Windows NT 6.1; rv:24.0) Gecko/20100101 Firefox/24.0"
5.10.83.23 - - [09/Oct/2013:14:28:12 +0200] "GET /news.php?cs_go=archiv&cs_startpos=240 HTTP/1.1" 200 20018 "-" "Mozilla/5.0 (compatible; AhrefsBot/5.0; +http://ahrefs.com/robot/)"
5.10.83.47 - - [09/Oct/2013:14:37:56 +0200] "GET /lexikon.php?cs_go=3&cs_id=140 HTTP/1.1" 200 6345 "-" "Mozilla/5.0 (compatible; AhrefsBot/5.0; +http://ahrefs.com/robot/)"
66.249.78.46 - - [09/Oct/2013:14:39:29 +0200] "GET /images/logos.jpg?cache9069 HTTP/1.1" 200 35043 "-" "Googlebot-Image/1.0"
5.10.83.50 - - [09/Oct/2013:14:47:12 +0200] "GET /news.php?cs_go=archiv&cs_id=4585&cs_search= HTTP/1.1" 200 7689 "-" "Mozilla/5.0 (compatible; AhrefsBot/5.0; +http://ahrefs.com/robot/)"
65.36.241.79 - - [09/Oct/2013:14:54:52 +0200] "HEAD / HTTP/1.1" 200 - "-" "InternetSeer.com"
66.249.78.46 - - [09/Oct/2013:14:59:06 +0200] "GET /news.php?cs_go=archiv&cs_id=4608 HTTP/1.1" 200 11354 "-" "Mozilla/5.0 (compatible; Googlebot/2.1; +http://www.google.com/bot.html)"
5.10.83.88 - - [09/Oct/2013:15:00:07 +0200] "GET /news.php?cs_go=archiv&cs_id=4568&cs_search= HTTP/1.1" 200 9668 "-" "Mozilla/5.0 (compatible; AhrefsBot/5.0; +http://ahrefs.com/robot/)"
66.249.78.46 - - [09/Oct/2013:15:11:18 +0200] "GET / HTTP/1.1" 200 12402 "-" "Mozilla/5.0 (iPhone; U; CPU iPhone OS 4_1 like Mac OS X; en-us) AppleWebKit/532.9 (KHTML, like Gecko) Version/4.0.5 Mobile/8B117 Safari/6531.22.7 (compatible; Googlebot-Mobile/2.1; +http://www.google.com/bot.html)"
66.249.78.46 - - [09/Oct/2013:15:16:06 +0200] "GET /js_contentserver24_greybox/gb_styles.css HTTP/1.1" 200 2302 "-" "Mozilla/5.0 (compatible; Googlebot/2.1; +http://www.google.com/bot.html)"
5.10.83.45 - - [09/Oct/2013:15:27:44 +0200] "GET /news.php?cs_go=archiv&cs_startpos=30 HTTP/1.1" 200 20398 "-" "Mozilla/5.0 (compatible; AhrefsBot/5.0; +http://ahrefs.com/robot/)"
66.249.78.46 - - [09/Oct/2013:15:33:08 +0200] "GET /images/logos.jpg?cache9911 HTTP/1.1" 200 35043 "-" "Googlebot-Image/1.0"
5.10.83.66 - - [09/Oct/2013:15:48:01 +0200] "GET /news.php?cs_go=archiv&cs_id=4313&cs_search= HTTP/1.1" 200 7521 "-" "Mozilla/5.0 (compatible; AhrefsBot/5.0; +http://ahrefs.com/robot/)"
123.125.71.23 - - [09/Oct/2013:15:48:56 +0200] "GET / HTTP/1.1" 200 6591 "-" "Mozilla/5.0 (compatible; Baiduspider/2.0; +http://www.baidu.com/search/spider.html)"
220.181.108.94 - - [09/Oct/2013:15:49:12 +0200] "GET / HTTP/1.1" 200 8890 "-" "Mozilla/5.0 (compatible; Baiduspider/2.0; +http://www.baidu.com/search/spider.html)"
5.10.83.88 - - [09/Oct/2013:16:14:16 +0200] "GET /news.php?cs_go=archiv&cs_startpos=161 HTTP/1.1" 200 20507 "-" "Mozilla/5.0 (compatible; AhrefsBot/5.0; +http://ahrefs.com/robot/)"
208.115.113.91 - - [09/Oct/2013:16:14:43 +0200] "GET /news.php?cs_go=archiv&cs_startpos=150 HTTP/1.1" 200 20728 "-" "Mozilla/5.0 (compatible; Ezooms/1.0; ezooms.bot@gmail.com)"
66.249.78.46 - - [09/Oct/2013:16:17:11 +0200] "GET /news.php?cs_go=archiv&cs_id=4609 HTTP/1.1" 200 13932 "-" "Mozilla/5.0 (compatible; Googlebot/2.1; +http://www.google.com/bot.html)"
157.56.92.155 - - [09/Oct/2013:16:24:04 +0200] "GET /robots.txt HTTP/1.1" 200 177 "-" "Mozilla/5.0 (compatible; bingbot/2.0; +http://www.bing.com/bingbot.htm)"
157.56.92.155 - - [09/Oct/2013:16:24:55 +0200] "GET /news.php HTTP/1.1" 200 20040 "-" "Mozilla/5.0 (compatible; bingbot/2.0; +http://www.bing.com/bingbot.htm)"
123.125.71.38 - - [09/Oct/2013:16:43:06 +0200] "GET / HTTP/1.1" 200 6717 "-" "Mozilla/5.0 (compatible; Baiduspider/2.0; +http://www.baidu.com/search/spider.html)"
220.181.108.81 - - [09/Oct/2013:16:49:13 +0200] "GET / HTTP/1.1" 200 6591 "-" "Mozilla/5.0 (compatible; Baiduspider/2.0; +http://www.baidu.com/search/spider.html)"
5.10.83.66 - - [09/Oct/2013:16:56:57 +0200] "GET /lexikon.php?cs_go=3&cs_id=209 HTTP/1.1" 200 5897 "-" "Mozilla/5.0 (compatible; AhrefsBot/5.0; +http://ahrefs.com/robot/)"
199.30.20.106 - - [09/Oct/2013:16:58:57 +0200] "GET /robots.txt HTTP/1.1" 200 177 "-" "msnbot-media/1.1 (+http://search.msn.com/msnbot.htm)"
199.30.20.106 - - [09/Oct/2013:16:58:57 +0200] "GET /images/logos.jpg?cache1915 HTTP/1.1" 200 35043 "-" "msnbot-media/1.1 (+http://search.msn.com/msnbot.htm)"
5.10.83.66 - - [09/Oct/2013:17:00:01 +0200] "GET /lexikon.php?cs_go=2&cs_char=o HTTP/1.1" 200 6862 "-" "Mozilla/5.0 (compatible; AhrefsBot/5.0; +http://ahrefs.com/robot/)"
120.37.209.173 - - [09/Oct/2013:17:41:35 +0200] "GET /news.php?cs_go=archiv&cs_id=4269&cs_search= HTTP/1.0" 200 9460 "http://www.mink-gmbh.de/news.php?cs_go=archiv&cs_id=4269&cs_search=" "Mozilla/5.0 (Windows NT 5.1; rv:12.0) Gecko/20100101 Firefox/12.0"
208.115.113.91 - - [09/Oct/2013:17:43:11 +0200] "GET /robots.txt HTTP/1.1" 200 177 "-" "Mozilla/5.0 (compatible; Ezooms/1.0; ezooms.bot@gmail.com)"
157.56.229.211 - - [09/Oct/2013:17:44:11 +0200] "GET / HTTP/1.1" 200 12402 "-" "Mozilla/5.0 (compatible; bingbot/2.0; +http://www.bing.com/bingbot.htm)"
5.10.83.2 - - [09/Oct/2013:17:46:09 +0200] "GET /news.php?cs_go=archiv&cs_startpos=160 HTTP/1.1" 200 20522 "-" "Mozilla/5.0 (compatible; AhrefsBot/5.0; +http://ahrefs.com/robot/)"
66.249.78.46 - - [09/Oct/2013:17:56:58 +0200] "GET /schwefelarmstandard.php HTTP/1.1" 200 10767 "-" "Mozilla/5.0 (compatible; Googlebot/2.1; +http://www.google.com/bot.html)"
66.249.78.46 - - [09/Oct/2013:17:59:25 +0200] "GET /style.css HTTP/1.1" 200 8402 "-" "Mozilla/5.0 (compatible; Googlebot/2.1; +http://www.google.com/bot.html)"
5.10.83.85 - - [09/Oct/2013:18:01:55 +0200] "GET /news.php?cs_go=archiv&cs_id=4412&cs_search= HTTP/1.1" 200 7650 "-" "Mozilla/5.0 (compatible; AhrefsBot/5.0; +http://ahrefs.com/robot/)"
46.161.41.24 - - [09/Oct/2013:18:05:28 +0200] "GET /news.php?cs_go=archiv&cs_id=4355&cs_search= HTTP/1.1" 200 11524 "-" "Mozilla/4.0 (compatible; MSIE 6.0; MSIE 5.5; Windows 95) Opera 7.03 [de]"
157.56.229.211 - - [09/Oct/2013:18:10:58 +0200] "GET / HTTP/1.1" 200 12402 "-" "Mozilla/5.0 (compatible; bingbot/2.0; +http://www.bing.com/bingbot.htm)"
5.10.83.47 - - [09/Oct/2013:18:25:28 +0200] "GET /news.php?cs_go=archiv&cs_id=4419&cs_search= HTTP/1.1" 200 8730 "-" "Mozilla/5.0 (compatible; AhrefsBot/5.0; +http://ahrefs.com/robot/)"
157.55.32.166 - - [09/Oct/2013:18:28:15 +0200] "GET / HTTP/1.1" 200 12402 "-" "Mozilla/5.0 (compatible; bingbot/2.0; +http://www.bing.com/bingbot.htm)"
5.10.83.50 - - [09/Oct/2013:18:44:01 +0200] "GET /news.php?cs_go=archiv&cs_id=4591&cs_search= HTTP/1.1" 200 8463 "-" "Mozilla/5.0 (compatible; AhrefsBot/5.0; +http://ahrefs.com/robot/)"
5.10.83.66 - - [09/Oct/2013:18:44:57 +0200] "GET /news.php?cs_go=archiv&cs_id=4357&cs_search= HTTP/1.1" 200 11161 "-" "Mozilla/5.0 (compatible; AhrefsBot/5.0; +http://ahrefs.com/robot/)"
66.249.78.46 - - [09/Oct/2013:18:53:13 +0200] "GET /images/logos.jpg?cache8948 HTTP/1.1" 200 35043 "-" "Googlebot-Image/1.0"
66.249.78.46 - - [09/Oct/2013:18:53:16 +0200] "GET /images/logos.jpg?cache5434 HTTP/1.1" 200 35043 "-" "Googlebot-Image/1.0"
66.249.78.46 - - [09/Oct/2013:18:53:22 +0200] "GET /kwk.php HTTP/1.1" 200 8484 "-" "Mozilla/5.0 (compatible; Googlebot/2.1; +http://www.google.com/bot.html)"
5.10.83.45 - - [09/Oct/2013:18:54:08 +0200] "GET /news.php?cs_go=archiv&cs_id=4459&cs_search= HTTP/1.1" 200 7566 "-" "Mozilla/5.0 (compatible; AhrefsBot/5.0; +http://ahrefs.com/robot/)"
66.249.78.46 - - [09/Oct/2013:18:55:00 +0200] "GET /images/logos.jpg?cache7124 HTTP/1.1" 200 35043 "-" "Googlebot-Image/1.0"
66.249.78.46 - - [09/Oct/2013:18:55:53 +0200] "GET /images/logos.jpg?cache9844 HTTP/1.1" 200 35043 "-" "Googlebot-Image/1.0"
5.10.83.85 - - [09/Oct/2013:19:01:53 +0200] "GET /news.php?cs_go=archiv&cs_startpos=0 HTTP/1.1" 200 20040 "-" "Mozilla/5.0 (compatible; AhrefsBot/5.0; +http://ahrefs.com/robot/)"
66.249.66.49 - - [09/Oct/2013:19:05:52 +0200] "GET /news.php HTTP/1.1" 200 20040 "-" "DoCoMo/2.0 N905i(c100;TB;W24H16) (compatible; Googlebot-Mobile/2.1; +http://www.google.com/bot.html)"
5.10.83.88 - - [09/Oct/2013:19:06:25 +0200] "GET /lexikon.php?cs_go=3&cs_id=146 HTTP/1.1" 200 6218 "-" "Mozilla/5.0 (compatible; AhrefsBot/5.0; +http://ahrefs.com/robot/)"
121.205.249.74 - - [09/Oct/2013:19:08:45 +0200] "GET /news.php?cs_go=archiv&cs_id=4112&cs_search= HTTP/1.0" 200 9472 "http://www.mink-gmbh.de/news.php?cs_go=archiv&cs_id=4112&cs_search=" "Opera/9.80 (Windows NT 6.1; WOW64; U; Edition Next; Edition Yx; ru) Presto/2.11.310 Version/12.50"
66.249.78.46 - - [09/Oct/2013:19:10:59 +0200] "GET /news.php HTTP/1.1" 200 20040 "-" "Mozilla/5.0 (iPhone; U; CPU iPhone OS 4_1 like Mac OS X; en-us) AppleWebKit/532.9 (KHTML, like Gecko) Version/4.0.5 Mobile/8B117 Safari/6531.22.7 (compatible; Googlebot-Mobile/2.1; +http://www.google.com/bot.html)"
5.10.83.88 - - [09/Oct/2013:19:17:19 +0200] "GET /lexikon.php?cs_go=3&cs_id=226 HTTP/1.1" 200 6354 "-" "Mozilla/5.0 (compatible; AhrefsBot/5.0; +http://ahrefs.com/robot/)"
5.10.83.82 - - [09/Oct/2013:19:29:18 +0200] "GET /news.php?cs_go=archiv&cs_id=4547&cs_search= HTTP/1.1" 200 8689 "-" "Mozilla/5.0 (compatible; AhrefsBot/5.0; +http://ahrefs.com/robot/)"
5.10.83.88 - - [09/Oct/2013:19:36:45 +0200] "GET /lexikon.php?cs_go=3&cs_id=119 HTTP/1.1" 200 5743 "-" "Mozilla/5.0 (compatible; AhrefsBot/5.0; +http://ahrefs.com/robot/)"
5.10.83.50 - - [09/Oct/2013:19:41:05 +0200] "GET /lexikon.php?cs_go=3&cs_id=81 HTTP/1.1" 200 6021 "-" "Mozilla/5.0 (compatible; AhrefsBot/5.0; +http://ahrefs.com/robot/)"
208.115.111.75 - - [09/Oct/2013:19:45:31 +0200] "GET /robots.txt HTTP/1.1" 200 177 "-" "Mozilla/5.0 (compatible; Ezooms/1.0; ezooms.bot@gmail.com)"
208.115.113.91 - - [09/Oct/2013:19:49:28 +0200] "GET /news.php?cs_go=archiv&cs_id=4543&cs_search= HTTP/1.1" 200 9859 "-" "Mozilla/5.0 (compatible; Ezooms/1.0; ezooms.bot@gmail.com)"
123.125.71.30 - - [09/Oct/2013:19:53:30 +0200] "GET / HTTP/1.1" 200 6591 "-" "Mozilla/5.0 (compatible; Baiduspider/2.0; +http://www.baidu.com/search/spider.html)"
220.181.108.92 - - [09/Oct/2013:19:56:11 +0200] "GET / HTTP/1.1" 200 6717 "-" "Mozilla/5.0 (compatible; Baiduspider/2.0; +http://www.baidu.com/search/spider.html)"
5.10.83.29 - - [09/Oct/2013:20:00:12 +0200] "GET /news.php?cs_go=archiv&cs_id=4453&cs_search= HTTP/1.1" 200 9380 "-" "Mozilla/5.0 (compatible; AhrefsBot/5.0; +http://ahrefs.com/robot/)"
65.36.241.79 - - [09/Oct/2013:20:03:47 +0200] "HEAD / HTTP/1.1" 200 - "-" "InternetSeer.com"
67.195.112.164 - - [09/Oct/2013:20:04:27 +0200] "GET /robots.txt HTTP/1.0" 200 177 "-" "Mozilla/5.0 (compatible; Yahoo! Slurp; http://help.yahoo.com/help/us/ysearch/slurp)"
67.195.112.164 - - [09/Oct/2013:20:04:28 +0200] "GET /SlurpConfirm404/catala.htm HTTP/1.0" 404 - "-" "Mozilla/5.0 (compatible; Yahoo! Slurp; http://help.yahoo.com/help/us/ysearch/slurp)"
5.10.83.23 - - [09/Oct/2013:20:07:24 +0200] "GET /edl.php HTTP/1.1" 200 8633 "-" "Mozilla/5.0 (compatible; AhrefsBot/5.0; +http://ahrefs.com/robot/)"
5.10.83.35 - - [09/Oct/2013:20:22:14 +0200] "GET /news.php?cs_go=archiv&cs_id=4543&cs_search= HTTP/1.1" 200 9859 "-" "Mozilla/5.0 (compatible; AhrefsBot/5.0; +http://ahrefs.com/robot/)"
5.10.83.35 - - [09/Oct/2013:20:32:22 +0200] "GET /news.php?cs_go=archiv&cs_id=4596&cs_search= HTTP/1.1" 200 9426 "-" "Mozilla/5.0 (compatible; AhrefsBot/5.0; +http://ahrefs.com/robot/)"
5.10.83.88 - - [09/Oct/2013:20:46:50 +0200] "GET /news.php?cs_go=archiv&cs_startpos=220 HTTP/1.1" 200 20463 "-" "Mozilla/5.0 (compatible; AhrefsBot/5.0; +http://ahrefs.com/robot/)"
5.10.83.82 - - [09/Oct/2013:20:51:20 +0200] "GET /news.php?cs_go=archiv HTTP/1.1" 200 20040 "-" "Mozilla/5.0 (compatible; AhrefsBot/5.0; +http://ahrefs.com/robot/)"
5.10.83.2 - - [09/Oct/2013:21:00:27 +0200] "GET /news.php?cs_go=archiv&cs_id=4336&cs_search= HTTP/1.1" 200 10114 "-" "Mozilla/5.0 (compatible; AhrefsBot/5.0; +http://ahrefs.com/robot/)"
5.10.83.2 - - [09/Oct/2013:21:03:11 +0200] "GET /news.php?cs_go=archiv&cs_id=4553&cs_search= HTTP/1.1" 200 9704 "-" "Mozilla/5.0 (compatible; AhrefsBot/5.0; +http://ahrefs.com/robot/)"
92.78.242.50 - - [09/Oct/2013:21:09:54 +0200] "GET /style.css HTTP/1.1" 200 8402 "http://www.mink-gmbh.de/index.php" "Mozilla/5.0 (Windows NT 6.1; WOW64; rv:24.0) Gecko/20100101 Firefox/24.0"
92.78.242.50 - - [09/Oct/2013:21:09:54 +0200] "GET /modul.css HTTP/1.1" 200 35038 "http://www.mink-gmbh.de/index.php" "Mozilla/5.0 (Windows NT 6.1; WOW64; rv:24.0) Gecko/20100101 Firefox/24.0"
92.78.242.50 - - [09/Oct/2013:21:09:54 +0200] "GET /favicon.ico HTTP/1.1" 200 3638 "-" "Mozilla/5.0 (Windows NT 6.1; WOW64; rv:24.0) Gecko/20100101 Firefox/24.0"
92.78.242.50 - - [09/Oct/2013:21:09:54 +0200] "GET /js_contentserver24_greybox/gb_styles.css HTTP/1.1" 200 2302 "http://www.mink-gmbh.de/index.php" "Mozilla/5.0 (Windows NT 6.1; WOW64; rv:24.0) Gecko/20100101 Firefox/24.0"
92.78.242.50 - - [09/Oct/2013:21:09:54 +0200] "GET /js_contentserver24_greybox/AJS.js HTTP/1.1" 200 10396 "http://www.mink-gmbh.de/index.php" "Mozilla/5.0 (Windows NT 6.1; WOW64; rv:24.0) Gecko/20100101 Firefox/24.0"
92.78.242.50 - - [09/Oct/2013:21:09:54 +0200] "GET /js_contentserver24_greybox/AJS_fx.js HTTP/1.1" 200 3192 "http://www.mink-gmbh.de/index.php" "Mozilla/5.0 (Windows NT 6.1; WOW64; rv:24.0) Gecko/20100101 Firefox/24.0"
92.78.242.50 - - [09/Oct/2013:21:09:54 +0200] "GET /js_contentserver24_greybox/gb_scripts.js HTTP/1.1" 200 11913 "http://www.mink-gmbh.de/index.php" "Mozilla/5.0 (Windows NT 6.1; WOW64; rv:24.0) Gecko/20100101 Firefox/24.0"
92.78.242.50 - - [09/Oct/2013:21:09:54 +0200] "GET /images/bg.png HTTP/1.1" 200 922 "http://www.mink-gmbh.de/style.css" "Mozilla/5.0 (Windows NT 6.1; WOW64; rv:24.0) Gecko/20100101 Firefox/24.0"
92.78.242.50 - - [09/Oct/2013:21:09:53 +0200] "GET /index.php HTTP/1.1" 200 12402 "-" "Mozilla/5.0 (Windows NT 6.1; WOW64; rv:24.0) Gecko/20100101 Firefox/24.0"
92.78.242.50 - - [09/Oct/2013:21:09:54 +0200] "GET /js_contentserver24_greybox/w_close.gif HTTP/1.1" 200 74 "http://www.mink-gmbh.de/index.php" "Mozilla/5.0 (Windows NT 6.1; WOW64; rv:24.0) Gecko/20100101 Firefox/24.0"
92.78.242.50 - - [09/Oct/2013:21:09:54 +0200] "GET /images/close.png HTTP/1.1" 200 703 "http://www.mink-gmbh.de/index.php" "Mozilla/5.0 (Windows NT 6.1; WOW64; rv:24.0) Gecko/20100101 Firefox/24.0"
92.78.242.50 - - [09/Oct/2013:21:09:54 +0200] "GET /images/newsletter_bg.jpg HTTP/1.1" 200 33610 "http://www.mink-gmbh.de/index.php" "Mozilla/5.0 (Windows NT 6.1; WOW64; rv:24.0) Gecko/20100101 Firefox/24.0"
92.78.242.50 - - [09/Oct/2013:21:09:54 +0200] "GET /images/newsletter.png HTTP/1.1" 200 14619 "http://www.mink-gmbh.de/style.css" "Mozilla/5.0 (Windows NT 6.1; WOW64; rv:24.0) Gecko/20100101 Firefox/24.0"
92.78.242.50 - - [09/Oct/2013:21:09:54 +0200] "GET /images/wrapperbg.jpg HTTP/1.1" 200 27465 "http://www.mink-gmbh.de/style.css" "Mozilla/5.0 (Windows NT 6.1; WOW64; rv:24.0) Gecko/20100101 Firefox/24.0"
92.78.242.50 - - [09/Oct/2013:21:09:54 +0200] "GET /images/header.jpg HTTP/1.1" 200 25189 "http://www.mink-gmbh.de/style.css" "Mozilla/5.0 (Windows NT 6.1; WOW64; rv:24.0) Gecko/20100101 Firefox/24.0"
92.78.242.50 - - [09/Oct/2013:21:09:54 +0200] "GET /images/navibg.png HTTP/1.1" 200 2803 "http://www.mink-gmbh.de/style.css" "Mozilla/5.0 (Windows NT 6.1; WOW64; rv:24.0) Gecko/20100101 Firefox/24.0"
92.78.242.50 - - [09/Oct/2013:21:09:54 +0200] "GET /images/steigend.png HTTP/1.1" 200 688 "http://www.mink-gmbh.de/modul.css" "Mozilla/5.0 (Windows NT 6.1; WOW64; rv:24.0) Gecko/20100101 Firefox/24.0"
92.78.242.50 - - [09/Oct/2013:21:09:54 +0200] "GET /images/team-energie.png HTTP/1.1" 200 17383 "http://www.mink-gmbh.de/index.php" "Mozilla/5.0 (Windows NT 6.1; WOW64; rv:24.0) Gecko/20100101 Firefox/24.0"
92.78.242.50 - - [09/Oct/2013:21:09:54 +0200] "GET /images/freecall.jpg HTTP/1.1" 200 39195 "http://www.mink-gmbh.de/index.php" "Mozilla/5.0 (Windows NT 6.1; WOW64; rv:24.0) Gecko/20100101 Firefox/24.0"
92.78.242.50 - - [09/Oct/2013:21:09:54 +0200] "GET /images/mail.jpg HTTP/1.1" 200 11165 "http://www.mink-gmbh.de/index.php" "Mozilla/5.0 (Windows NT 6.1; WOW64; rv:24.0) Gecko/20100101 Firefox/24.0"
92.78.242.50 - - [09/Oct/2013:21:09:54 +0200] "GET /images/tkw.jpg HTTP/1.1" 200 64031 "http://www.mink-gmbh.de/index.php" "Mozilla/5.0 (Windows NT 6.1; WOW64; rv:24.0) Gecko/20100101 Firefox/24.0"
92.78.242.50 - - [09/Oct/2013:21:09:54 +0200] "GET /images/kwk.gif HTTP/1.1" 200 6403 "http://www.mink-gmbh.de/index.php" "Mozilla/5.0 (Windows NT 6.1; WOW64; rv:24.0) Gecko/20100101 Firefox/24.0"
92.78.242.50 - - [09/Oct/2013:21:09:54 +0200] "GET /images/wunschpreis.jpg HTTP/1.1" 200 16767 "http://www.mink-gmbh.de/index.php" "Mozilla/5.0 (Windows NT 6.1; WOW64; rv:24.0) Gecko/20100101 Firefox/24.0"
92.78.242.50 - - [09/Oct/2013:21:09:54 +0200] "GET /images/logos.jpg?cache4599 HTTP/1.1" 200 35043 "http://www.mink-gmbh.de/index.php" "Mozilla/5.0 (Windows NT 6.1; WOW64; rv:24.0) Gecko/20100101 Firefox/24.0"
92.78.242.50 - - [09/Oct/2013:21:09:55 +0200] "GET /images/mobil.jpg HTTP/1.1" 200 25293 "http://www.mink-gmbh.de/style.css" "Mozilla/5.0 (Windows NT 6.1; WOW64; rv:24.0) Gecko/20100101 Firefox/24.0"
92.78.242.50 - - [09/Oct/2013:21:09:55 +0200] "GET /images/newsletter.jpg HTTP/1.1" 200 13130 "http://www.mink-gmbh.de/style.css" "Mozilla/5.0 (Windows NT 6.1; WOW64; rv:24.0) Gecko/20100101 Firefox/24.0"
92.78.242.50 - - [09/Oct/2013:21:09:55 +0200] "GET /images/footerbg.jpg HTTP/1.1" 200 2184 "http://www.mink-gmbh.de/style.css" "Mozilla/5.0 (Windows NT 6.1; WOW64; rv:24.0) Gecko/20100101 Firefox/24.0"
92.78.242.50 - - [09/Oct/2013:21:09:55 +0200] "GET /js_contentserver24_greybox/loader_frame.html?s=0 HTTP/1.1" 200 2084 "http://www.mink-gmbh.de/index.php" "Mozilla/5.0 (Windows NT 6.1; WOW64; rv:24.0) Gecko/20100101 Firefox/24.0"
92.78.242.50 - - [09/Oct/2013:21:09:55 +0200] "GET /js_contentserver24_greybox/header_bg.gif HTTP/1.1" 200 1188 "http://www.mink-gmbh.de/index.php" "Mozilla/5.0 (Windows NT 6.1; WOW64; rv:24.0) Gecko/20100101 Firefox/24.0"
92.78.242.50 - - [09/Oct/2013:21:09:55 +0200] "GET /js_contentserver24_greybox/indicator.gif HTTP/1.1" 200 8238 "http://www.mink-gmbh.de/js_contentserver24_greybox/loader_frame.html?s=0" "Mozilla/5.0 (Windows NT 6.1; WOW64; rv:24.0) Gecko/20100101 Firefox/24.0"
92.78.242.50 - - [09/Oct/2013:21:09:55 +0200] "GET /js_contentserver24_greybox/g_close.gif HTTP/1.1" 200 541 "http://www.mink-gmbh.de/index.php" "Mozilla/5.0 (Windows NT 6.1; WOW64; rv:24.0) Gecko/20100101 Firefox/24.0"
66.249.78.46 - - [09/Oct/2013:21:18:01 +0200] "GET /news.php?cs_go=archiv&cs_startpos=200 HTTP/1.1" 200 20834 "-" "Mozilla/5.0 (iPhone; U; CPU iPhone OS 4_1 like Mac OS X; en-us) AppleWebKit/532.9 (KHTML, like Gecko) Version/4.0.5 Mobile/8B117 Safari/6531.22.7 (compatible; Googlebot-Mobile/2.1; +http://www.google.com/bot.html)"
5.10.83.88 - - [09/Oct/2013:21:23:32 +0200] "GET /news.php?cs_go=archiv&cs_id=4478&cs_search= HTTP/1.1" 200 7713 "-" "Mozilla/5.0 (compatible; AhrefsBot/5.0; +http://ahrefs.com/robot/)"
5.10.83.2 - - [09/Oct/2013:21:24:12 +0200] "GET /foerdermittel.php HTTP/1.1" 200 10510 "-" "Mozilla/5.0 (compatible; AhrefsBot/5.0; +http://ahrefs.com/robot/)"
208.115.111.75 - - [09/Oct/2013:21:38:29 +0200] "GET /modernisierung.php?cs_gp_go=plus HTTP/1.1" 200 9289 "-" "Mozilla/5.0 (compatible; Ezooms/1.0; ezooms.bot@gmail.com)"
5.10.83.85 - - [09/Oct/2013:21:41:26 +0200] "GET /lexikon.php?cs_go=3&cs_id=94 HTTP/1.1" 200 6079 "-" "Mozilla/5.0 (compatible; AhrefsBot/5.0; +http://ahrefs.com/robot/)"
82.94.179.38 - - [09/Oct/2013:21:58:41 +0200] "GET /robots.txt HTTP/1.0" 200 177 "-" "Mozilla/4.0 (compatible; Freshbot/1.0/EU; http://webagent.wise-guys.nl/)"
82.94.179.38 - - [09/Oct/2013:21:58:41 +0200] "GET / HTTP/1.1" 200 12402 "-" "Mozilla/5.0 (X11; Linux i686; rv:6.0) Gecko/20100101 Firefox/6.0 (Freshbot/1.0/EU; http://webagent.wise-guys.nl/)"
82.94.179.38 - - [09/Oct/2013:21:58:49 +0200] "GET /news.php?cs_go=archiv&cs_id=4625 HTTP/1.1" 200 7701 "-" "Mozilla/5.0 (X11; Linux i686; rv:6.0) Gecko/20100101 Firefox/6.0 (Freshbot/1.0/EU; http://webagent.wise-guys.nl/)"
