79.193.58.82 - - [18/Oct/2013:10:08:20 +0200] "GET /standard.php HTTP/1.1" 200 6807 "http://www.mink-gmbh.de/preisanfrage.php" "Mozilla/5.0 (compatible; MSIE 10.0; Windows NT 6.1; WOW64; Trident/6.0)"
79.193.58.82 - - [18/Oct/2013:10:08:20 +0200] "GET /images/logos.jpg?cache7479 HTTP/1.1" 200 35043 "http://www.mink-gmbh.de/standard.php" "Mozilla/5.0 (compatible; MSIE 10.0; Windows NT 6.1; WOW64; Trident/6.0)"
5.10.83.68 - - [18/Oct/2013:10:17:40 +0200] "GET /lexikon.php?cs_go=3&cs_id=136 HTTP/1.1" 200 5589 "-" "Mozilla/5.0 (compatible; AhrefsBot/5.0; +http://ahrefs.com/robot/)"
79.193.58.82 - - [18/Oct/2013:10:20:11 +0200] "GET / HTTP/1.1" 200 12411 "http://www.google.de/url?sa=t&rct=j&q=&esrc=s&frm=1&source=web&cd=4&ved=0CEUQFjAD&url=http%3A%2F%2Fwww.mink-gmbh.de%2F&ei=-e5gUorMIYTMtQa4toHoAw&usg=AFQjCNFHX4Iglls9oo-KYXTmDUV_5KOVIg&bvm=bv.54934254,d.Yms" "Mozilla/5.0 (compatible; MSIE 10.0; Windows NT 6.1; WOW64; Trident/6.0)"
79.193.58.82 - - [18/Oct/2013:10:20:12 +0200] "GET /images/logos.jpg?cache6403 HTTP/1.1" 200 35043 "http://www.mink-gmbh.de/" "Mozilla/5.0 (compatible; MSIE 10.0; Windows NT 6.1; WOW64; Trident/6.0)"
79.193.58.82 - - [18/Oct/2013:10:21:02 +0200] "GET /wunschpreis.php HTTP/1.1" 200 10292 "http://www.mink-gmbh.de/" "Mozilla/5.0 (compatible; MSIE 10.0; Windows NT 6.1; WOW64; Trident/6.0)"
79.193.58.82 - - [18/Oct/2013:10:21:03 +0200] "GET /images/logos.jpg?cache8614 HTTP/1.1" 200 35043 "http://www.mink-gmbh.de/wunschpreis.php" "Mozilla/5.0 (compatible; MSIE 10.0; Windows NT 6.1; WOW64; Trident/6.0)"
79.193.58.82 - - [18/Oct/2013:10:21:24 +0200] "GET /index.php HTTP/1.1" 200 11671 "http://www.mink-gmbh.de/wunschpreis.php" "Mozilla/5.0 (compatible; MSIE 10.0; Windows NT 6.1; WOW64; Trident/6.0)"
79.193.58.82 - - [18/Oct/2013:10:21:25 +0200] "GET /images/logos.jpg?cache9587 HTTP/1.1" 200 35043 "http://www.mink-gmbh.de/index.php" "Mozilla/5.0 (compatible; MSIE 10.0; Windows NT 6.1; WOW64; Trident/6.0)"
66.249.78.46 - - [18/Oct/2013:10:21:34 +0200] "GET /news.php?cs_go=archiv&cs_id=2938 HTTP/1.1" 200 8610 "-" "Mozilla/5.0 (compatible; Googlebot/2.1; +http://www.google.com/bot.html)"
79.193.58.82 - - [18/Oct/2013:10:21:37 +0200] "GET /impressum.php HTTP/1.1" 200 6360 "http://www.mink-gmbh.de/index.php" "Mozilla/5.0 (compatible; MSIE 10.0; Windows NT 6.1; WOW64; Trident/6.0)"
79.193.58.82 - - [18/Oct/2013:10:21:37 +0200] "GET /images/logos.jpg?cache6982 HTTP/1.1" 200 35043 "http://www.mink-gmbh.de/impressum.php" "Mozilla/5.0 (compatible; MSIE 10.0; Windows NT 6.1; WOW64; Trident/6.0)"
79.193.58.82 - - [18/Oct/2013:10:22:03 +0200] "GET /index.php HTTP/1.1" 200 11671 "http://www.mink-gmbh.de/wunschpreis.php" "Mozilla/5.0 (compatible; MSIE 10.0; Windows NT 6.1; WOW64; Trident/6.0)"
79.193.58.82 - - [18/Oct/2013:10:22:04 +0200] "GET /images/logos.jpg?cache9052 HTTP/1.1" 200 35043 "http://www.mink-gmbh.de/index.php" "Mozilla/5.0 (compatible; MSIE 10.0; Windows NT 6.1; WOW64; Trident/6.0)"
79.193.58.82 - - [18/Oct/2013:10:22:05 +0200] "GET /wunschpreis.php HTTP/1.1" 200 10292 "http://www.mink-gmbh.de/" "Mozilla/5.0 (compatible; MSIE 10.0; Windows NT 6.1; WOW64; Trident/6.0)"
79.193.58.82 - - [18/Oct/2013:10:22:05 +0200] "GET /images/logos.jpg?cache3429 HTTP/1.1" 200 35043 "http://www.mink-gmbh.de/wunschpreis.php" "Mozilla/5.0 (compatible; MSIE 10.0; Windows NT 6.1; WOW64; Trident/6.0)"
66.249.78.46 - - [18/Oct/2013:10:23:07 +0200] "GET /images/logos.jpg?cache3786 HTTP/1.1" 200 35043 "-" "Googlebot-Image/1.0"
66.249.78.46 - - [18/Oct/2013:10:51:05 +0200] "GET / HTTP/1.1" 200 12411 "-" "Mozilla/5.0 (compatible; Googlebot/2.1; +http://www.google.com/bot.html)"
66.249.78.46 - - [18/Oct/2013:10:56:05 +0200] "GET /images/logos.jpg?cache4692 HTTP/1.1" 200 35043 "-" "Googlebot-Image/1.0"
5.10.83.90 - - [18/Oct/2013:11:00:46 +0200] "GET /lexikon.php?cs_go=3&cs_id=198 HTTP/1.1" 200 6623 "-" "Mozilla/5.0 (compatible; AhrefsBot/5.0; +http://ahrefs.com/robot/)"
66.249.78.46 - - [18/Oct/2013:11:02:00 +0200] "GET /news.php?cs_go=archiv&cs_id=4644 HTTP/1.1" 200 11647 "-" "Mozilla/5.0 (compatible; Googlebot/2.1; +http://www.google.com/bot.html)"
66.249.78.46 - - [18/Oct/2013:11:02:27 +0200] "GET /news.php?cs_go=archiv&cs_id=4622 HTTP/1.1" 200 8988 "-" "Mozilla/5.0 (compatible; Googlebot/2.1; +http://www.google.com/bot.html)"
66.249.78.46 - - [18/Oct/2013:11:02:47 +0200] "GET /news.php?cs_go=archiv&cs_id=4646 HTTP/1.1" 200 10757 "-" "Mozilla/5.0 (compatible; Googlebot/2.1; +http://www.google.com/bot.html)"
66.249.78.46 - - [18/Oct/2013:11:03:09 +0200] "GET /news.php?cs_go=archiv&cs_id=4645 HTTP/1.1" 200 7546 "-" "Mozilla/5.0 (compatible; Googlebot/2.1; +http://www.google.com/bot.html)"
5.10.83.81 - - [18/Oct/2013:11:05:41 +0200] "GET /lexikon.php?cs_go=3&cs_id=201 HTTP/1.1" 200 6395 "-" "Mozilla/5.0 (compatible; AhrefsBot/5.0; +http://ahrefs.com/robot/)"
5.10.83.73 - - [18/Oct/2013:11:06:36 +0200] "GET /lexikon.php?cs_go=3&cs_id=33 HTTP/1.1" 200 6423 "-" "Mozilla/5.0 (compatible; AhrefsBot/5.0; +http://ahrefs.com/robot/)"
5.10.83.98 - - [18/Oct/2013:11:09:43 +0200] "GET /news.php?cs_go=archiv&cs_id=4569&cs_search= HTTP/1.1" 200 7732 "-" "Mozilla/5.0 (compatible; AhrefsBot/5.0; +http://ahrefs.com/robot/)"
5.10.83.52 - - [18/Oct/2013:11:09:51 +0200] "GET /news.php?cs_go=archiv&cs_id=4588&cs_search= HTTP/1.1" 200 9594 "-" "Mozilla/5.0 (compatible; AhrefsBot/5.0; +http://ahrefs.com/robot/)"
5.10.83.81 - - [18/Oct/2013:11:11:51 +0200] "GET /kwk.php?cs_go=3 HTTP/1.1" 200 7885 "-" "Mozilla/5.0 (compatible; AhrefsBot/5.0; +http://ahrefs.com/robot/)"
5.10.83.90 - - [18/Oct/2013:11:13:44 +0200] "GET /news.php?cs_go=archiv&cs_id=4634&cs_search= HTTP/1.1" 200 7846 "-" "Mozilla/5.0 (compatible; AhrefsBot/5.0; +http://ahrefs.com/robot/)"
5.10.83.23 - - [18/Oct/2013:11:18:21 +0200] "GET /news.php?cs_go=archiv&cs_id=4573&cs_search= HTTP/1.1" 200 7560 "-" "Mozilla/5.0 (compatible; AhrefsBot/5.0; +http://ahrefs.com/robot/)"
5.10.83.98 - - [18/Oct/2013:11:20:09 +0200] "GET /lexikon.php?cs_go=2&cs_char=h HTTP/1.1" 200 6401 "-" "Mozilla/5.0 (compatible; AhrefsBot/5.0; +http://ahrefs.com/robot/)"
66.249.78.46 - - [18/Oct/2013:11:20:36 +0200] "GET /news.php HTTP/1.1" 200 19802 "-" "Mozilla/5.0 (compatible; Googlebot/2.1; +http://www.google.com/bot.html)"
5.10.83.90 - - [18/Oct/2013:11:26:25 +0200] "GET /news.php?cs_go=archiv&cs_startpos=120 HTTP/1.1" 200 20256 "-" "Mozilla/5.0 (compatible; AhrefsBot/5.0; +http://ahrefs.com/robot/)"
5.10.83.23 - - [18/Oct/2013:11:27:56 +0200] "GET /news.php?cs_go=archiv&cs_startpos=200 HTTP/1.1" 200 20174 "-" "Mozilla/5.0 (compatible; AhrefsBot/5.0; +http://ahrefs.com/robot/)"
5.10.83.90 - - [18/Oct/2013:11:28:08 +0200] "GET /lexikon.php?cs_go=3&cs_id=35 HTTP/1.1" 200 6085 "-" "Mozilla/5.0 (compatible; AhrefsBot/5.0; +http://ahrefs.com/robot/)"
66.249.78.46 - - [18/Oct/2013:11:29:03 +0200] "GET /images/logos.jpg?cache4624 HTTP/1.1" 200 35043 "-" "Googlebot-Image/1.0"
66.249.78.46 - - [18/Oct/2013:11:31:30 +0200] "GET /news.php?cs_go=archiv&cs_id=4646&cs_search= HTTP/1.1" 200 10757 "-" "Mozilla/5.0 (compatible; Googlebot/2.1; +http://www.google.com/bot.html)"
66.249.78.46 - - [18/Oct/2013:11:31:38 +0200] "GET /news.php?cs_go=archiv&cs_id=4629&cs_search= HTTP/1.1" 200 8960 "-" "Mozilla/5.0 (compatible; Googlebot/2.1; +http://www.google.com/bot.html)"
66.249.78.46 - - [18/Oct/2013:11:31:50 +0200] "GET /news.php?cs_go=archiv&cs_id=4642&cs_search= HTTP/1.1" 200 11804 "-" "Mozilla/5.0 (compatible; Googlebot/2.1; +http://www.google.com/bot.html)"
66.249.78.46 - - [18/Oct/2013:11:32:02 +0200] "GET /news.php?cs_go=archiv&cs_id=4641&cs_search= HTTP/1.1" 200 7671 "-" "Mozilla/5.0 (compatible; Googlebot/2.1; +http://www.google.com/bot.html)"
66.249.78.46 - - [18/Oct/2013:11:32:14 +0200] "GET /news.php?cs_go=archiv&cs_id=4644&cs_search= HTTP/1.1" 200 11647 "-" "Mozilla/5.0 (compatible; Googlebot/2.1; +http://www.google.com/bot.html)"
66.249.78.46 - - [18/Oct/2013:11:32:24 +0200] "GET /news.php?cs_go=archiv&cs_id=4645&cs_search= HTTP/1.1" 200 7546 "-" "Mozilla/5.0 (compatible; Googlebot/2.1; +http://www.google.com/bot.html)"
66.249.78.46 - - [18/Oct/2013:11:32:37 +0200] "GET /news.php?cs_go=archiv&cs_id=4622&cs_search= HTTP/1.1" 200 8988 "-" "Mozilla/5.0 (compatible; Googlebot/2.1; +http://www.google.com/bot.html)"
66.249.78.46 - - [18/Oct/2013:11:32:49 +0200] "GET /news.php?cs_go=archiv&cs_id=4647&cs_search= HTTP/1.1" 200 8225 "-" "Mozilla/5.0 (compatible; Googlebot/2.1; +http://www.google.com/bot.html)"
5.10.83.98 - - [18/Oct/2013:11:32:56 +0200] "GET /lexikon.php?cs_go=3&cs_id=37 HTTP/1.1" 200 6007 "-" "Mozilla/5.0 (compatible; AhrefsBot/5.0; +http://ahrefs.com/robot/)"
66.249.78.46 - - [18/Oct/2013:11:33:01 +0200] "GET /news.php?cs_go=archiv&cs_id=4621&cs_search= HTTP/1.1" 200 9052 "-" "Mozilla/5.0 (compatible; Googlebot/2.1; +http://www.google.com/bot.html)"
66.249.78.46 - - [18/Oct/2013:11:33:15 +0200] "GET /news.php?cs_go=archiv&cs_id=4643&cs_search= HTTP/1.1" 200 7723 "-" "Mozilla/5.0 (compatible; Googlebot/2.1; +http://www.google.com/bot.html)"
208.115.111.75 - - [18/Oct/2013:11:41:54 +0200] "GET /robots.txt HTTP/1.1" 200 177 "-" "Mozilla/5.0 (compatible; Ezooms/1.0; ezooms.bot@gmail.com)"
5.10.83.90 - - [18/Oct/2013:11:44:24 +0200] "GET /news.php?cs_go=archiv&cs_id=4511&cs_search= HTTP/1.1" 200 13855 "-" "Mozilla/5.0 (compatible; AhrefsBot/5.0; +http://ahrefs.com/robot/)"
5.10.83.79 - - [18/Oct/2013:11:51:31 +0200] "GET /news.php?cs_go=archiv&cs_id=4442&cs_search= HTTP/1.1" 200 11937 "-" "Mozilla/5.0 (compatible; AhrefsBot/5.0; +http://ahrefs.com/robot/)"
79.193.58.82 - - [18/Oct/2013:11:57:23 +0200] "GET / HTTP/1.1" 200 12361 "http://www.google.de/url?sa=t&rct=j&q=&esrc=s&frm=1&source=web&cd=4&ved=0CFMQFjAD&url=http%3A%2F%2Fwww.mink-gmbh.de%2F&ei=vAVhUqaeLoidtQaX34HYCw&usg=AFQjCNFHX4Iglls9oo-KYXTmDUV_5KOVIg&bvm=bv.54934254,d.Yms" "Mozilla/5.0 (compatible; MSIE 10.0; Windows NT 6.1; WOW64; Trident/6.0)"
79.193.58.82 - - [18/Oct/2013:11:57:25 +0200] "GET /images/logos.jpg?cache7061 HTTP/1.1" 200 35043 "http://www.mink-gmbh.de/" "Mozilla/5.0 (compatible; MSIE 10.0; Windows NT 6.1; WOW64; Trident/6.0)"
79.193.58.82 - - [18/Oct/2013:11:57:33 +0200] "GET /impressum.php HTTP/1.1" 200 6360 "http://www.mink-gmbh.de/" "Mozilla/5.0 (compatible; MSIE 10.0; Windows NT 6.1; WOW64; Trident/6.0)"
79.193.58.82 - - [18/Oct/2013:11:57:33 +0200] "GET /images/logos.jpg?cache8323 HTTP/1.1" 200 35043 "http://www.mink-gmbh.de/impressum.php" "Mozilla/5.0 (compatible; MSIE 10.0; Windows NT 6.1; WOW64; Trident/6.0)"
79.193.58.82 - - [18/Oct/2013:11:58:02 +0200] "GET / HTTP/1.1" 200 11621 "http://www.google.de/url?sa=t&rct=j&q=&esrc=s&frm=1&source=web&cd=4&ved=0CFMQFjAD&url=http%3A%2F%2Fwww.mink-gmbh.de%2F&ei=vAVhUqaeLoidtQaX34HYCw&usg=AFQjCNFHX4Iglls9oo-KYXTmDUV_5KOVIg&bvm=bv.54934254,d.Yms" "Mozilla/5.0 (compatible; MSIE 10.0; Windows NT 6.1; WOW64; Trident/6.0)"
79.193.58.82 - - [18/Oct/2013:11:58:03 +0200] "GET /images/logos.jpg?cache4313 HTTP/1.1" 200 35043 "http://www.mink-gmbh.de/" "Mozilla/5.0 (compatible; MSIE 10.0; Windows NT 6.1; WOW64; Trident/6.0)"
79.193.58.82 - - [18/Oct/2013:11:59:07 +0200] "GET / HTTP/1.1" 200 11621 "http://maps.google.de/local_url?dq=mink+heiz%C3%B6l+%C3%B6ffnungszeiten&q=http://www.mink-gmbh.de/&ved=0CBUQ5AQ&sa=X&ei=IwZhUqmpM4-w8QOT0IDwCA&s=ANYYN7kIO1cZ2xVH_uj8b34myuWREBVdNg" "Mozilla/5.0 (compatible; MSIE 10.0; Windows NT 6.1; WOW64; Trident/6.0)"
79.193.58.82 - - [18/Oct/2013:11:59:07 +0200] "GET /images/logos.jpg?cache4345 HTTP/1.1" 200 35043 "http://www.mink-gmbh.de/" "Mozilla/5.0 (compatible; MSIE 10.0; Windows NT 6.1; WOW64; Trident/6.0)"
79.193.58.82 - - [18/Oct/2013:11:59:15 +0200] "GET / HTTP/1.1" 200 11621 "http://maps.google.de/local_url?dq=mink+heiz%C3%B6l+%C3%B6ffnungszeiten&q=http://www.mink-gmbh.de/&ved=0CBUQ5AQ&sa=X&ei=IwZhUqmpM4-w8QOT0IDwCA&s=ANYYN7kIO1cZ2xVH_uj8b34myuWREBVdNg" "Mozilla/5.0 (compatible; MSIE 10.0; Windows NT 6.1; WOW64; Trident/6.0)"
79.193.58.82 - - [18/Oct/2013:11:59:16 +0200] "GET /images/logos.jpg?cache9897 HTTP/1.1" 200 35043 "http://www.mink-gmbh.de/" "Mozilla/5.0 (compatible; MSIE 10.0; Windows NT 6.1; WOW64; Trident/6.0)"
79.193.58.82 - - [18/Oct/2013:11:59:18 +0200] "GET / HTTP/1.1" 200 11621 "http://maps.google.de/local_url?dq=mink+heiz%C3%B6l+%C3%B6ffnungszeiten&q=http://www.mink-gmbh.de/&ved=0CBUQ5AQ&sa=X&ei=IwZhUqmpM4-w8QOT0IDwCA&s=ANYYN7kIO1cZ2xVH_uj8b34myuWREBVdNg" "Mozilla/5.0 (compatible; MSIE 10.0; Windows NT 6.1; WOW64; Trident/6.0)"
79.193.58.82 - - [18/Oct/2013:11:59:19 +0200] "GET /images/logos.jpg?cache2486 HTTP/1.1" 200 35043 "http://www.mink-gmbh.de/" "Mozilla/5.0 (compatible; MSIE 10.0; Windows NT 6.1; WOW64; Trident/6.0)"
79.193.58.82 - - [18/Oct/2013:11:59:21 +0200] "GET / HTTP/1.1" 200 11621 "http://maps.google.de/local_url?dq=mink+heiz%C3%B6l+%C3%B6ffnungszeiten&q=http://www.mink-gmbh.de/&ved=0CBUQ5AQ&sa=X&ei=IwZhUqmpM4-w8QOT0IDwCA&s=ANYYN7kIO1cZ2xVH_uj8b34myuWREBVdNg" "Mozilla/5.0 (compatible; MSIE 10.0; Windows NT 6.1; WOW64; Trident/6.0)"
79.193.58.82 - - [18/Oct/2013:11:59:23 +0200] "GET /images/logos.jpg?cache7861 HTTP/1.1" 200 35043 "http://www.mink-gmbh.de/" "Mozilla/5.0 (compatible; MSIE 10.0; Windows NT 6.1; WOW64; Trident/6.0)"
157.56.92.146 - - [18/Oct/2013:12:01:19 +0200] "GET /robots.txt HTTP/1.1" 200 177 "-" "Mozilla/5.0 (compatible; bingbot/2.0; +http://www.bing.com/bingbot.htm)"
5.10.83.103 - - [18/Oct/2013:12:01:48 +0200] "GET /lexikon.php?cs_go=2&cs_char=s HTTP/1.1" 200 7669 "-" "Mozilla/5.0 (compatible; AhrefsBot/5.0; +http://ahrefs.com/robot/)"
157.56.92.146 - - [18/Oct/2013:12:02:00 +0200] "GET /news.php?cs_go=archiv&cs_id=4573&cs_search= HTTP/1.1" 200 5683 "-" "Mozilla/5.0 (compatible; bingbot/2.0; +http://www.bing.com/bingbot.htm)"
66.249.78.46 - - [18/Oct/2013:12:03:42 +0200] "GET /news.php HTTP/1.1" 200 19802 "-" "Mozilla/5.0 (iPhone; CPU iPhone OS 6_0 like Mac OS X) AppleWebKit/536.26 (KHTML, like Gecko) Version/6.0 Mobile/10A5376e Safari/8536.25 (compatible; Googlebot-Mobile/2.1; +http://www.google.com/bot.html)"
66.249.78.46 - - [18/Oct/2013:12:05:38 +0200] "GET /images/logos.jpg?cache7620 HTTP/1.1" 200 35043 "-" "Googlebot-Image/1.0"
157.56.92.146 - - [18/Oct/2013:12:05:57 +0200] "GET /news.php?cs_go=archiv&cs_id=4573&cs_search= HTTP/1.0" 200 7560 "-" "Mozilla/5.0 (compatible; bingbot/2.0; +http://www.bing.com/bingbot.htm)"
5.10.83.52 - - [18/Oct/2013:12:06:17 +0200] "GET /news.php?cs_go=archiv&cs_id=4379&cs_search= HTTP/1.1" 200 9334 "-" "Mozilla/5.0 (compatible; AhrefsBot/5.0; +http://ahrefs.com/robot/)"
66.249.78.46 - - [18/Oct/2013:12:07:22 +0200] "GET /lexikon.php?cs_go=3&cs_id=71 HTTP/1.1" 200 6722 "-" "Mozilla/5.0 (compatible; Googlebot/2.1; +http://www.google.com/bot.html)"
46.165.197.141 - - [18/Oct/2013:12:07:24 +0200] "GET /robots.txt HTTP/1.0" 200 177 "-" "Mozilla/5.0 (compatible; MJ12bot/v1.4.4; http://www.majestic12.co.uk/bot.php?+)"
46.165.197.141 - - [18/Oct/2013:12:07:25 +0200] "GET /additive.php HTTP/1.0" 200 5974 "-" "Mozilla/5.0 (compatible; MJ12bot/v1.4.4; http://www.majestic12.co.uk/bot.php?+)"
46.165.197.141 - - [18/Oct/2013:12:07:27 +0200] "GET /diesel.php HTTP/1.0" 200 8229 "-" "Mozilla/5.0 (compatible; MJ12bot/v1.4.4; http://www.majestic12.co.uk/bot.php?+)"
46.165.197.141 - - [18/Oct/2013:12:07:29 +0200] "GET /kwk.php?cs_go=1 HTTP/1.0" 200 8484 "-" "Mozilla/5.0 (compatible; MJ12bot/v1.4.4; http://www.majestic12.co.uk/bot.php?+)"
46.165.197.141 - - [18/Oct/2013:12:07:31 +0200] "GET /kwk.php?cs_go=2 HTTP/1.0" 200 9455 "-" "Mozilla/5.0 (compatible; MJ12bot/v1.4.4; http://www.majestic12.co.uk/bot.php?+)"
46.165.197.141 - - [18/Oct/2013:12:07:33 +0200] "GET /kwk.php?cs_go=3 HTTP/1.0" 200 7885 "-" "Mozilla/5.0 (compatible; MJ12bot/v1.4.4; http://www.majestic12.co.uk/bot.php?+)"
46.165.197.141 - - [18/Oct/2013:12:07:34 +0200] "GET /kwk.php?cs_go=4 HTTP/1.0" 200 7855 "-" "Mozilla/5.0 (compatible; MJ12bot/v1.4.4; http://www.majestic12.co.uk/bot.php?+)"
46.165.197.141 - - [18/Oct/2013:12:07:36 +0200] "GET /news.php?cs_go=archiv&cs_id=4324 HTTP/1.0" 200 11765 "-" "Mozilla/5.0 (compatible; MJ12bot/v1.4.4; http://www.majestic12.co.uk/bot.php?+)"
46.165.197.141 - - [18/Oct/2013:12:07:38 +0200] "GET /news.php?cs_go=archiv&cs_startpos=30 HTTP/1.0" 200 20532 "-" "Mozilla/5.0 (compatible; MJ12bot/v1.4.4; http://www.majestic12.co.uk/bot.php?+)"
5.10.83.79 - - [18/Oct/2013:12:12:03 +0200] "GET /lexikon.php?cs_go=3&cs_id=93 HTTP/1.1" 200 5592 "-" "Mozilla/5.0 (compatible; AhrefsBot/5.0; +http://ahrefs.com/robot/)"
5.10.83.72 - - [18/Oct/2013:12:20:35 +0200] "GET /lexikon.php?cs_go=3&cs_id=46 HTTP/1.1" 200 5604 "-" "Mozilla/5.0 (compatible; AhrefsBot/5.0; +http://ahrefs.com/robot/)"
66.249.78.46 - - [18/Oct/2013:12:25:32 +0200] "GET /optiplus.php HTTP/1.1" 200 8676 "-" "Mozilla/5.0 (compatible; Googlebot/2.1; +http://www.google.com/bot.html)"
66.249.78.46 - - [18/Oct/2013:12:34:58 +0200] "GET /images/logos.jpg?cache2752 HTTP/1.1" 200 35043 "-" "Googlebot-Image/1.0"
5.10.83.98 - - [18/Oct/2013:12:45:53 +0200] "GET /lexikon.php?cs_go=3&cs_id=202 HTTP/1.1" 200 6120 "-" "Mozilla/5.0 (compatible; AhrefsBot/5.0; +http://ahrefs.com/robot/)"
5.10.83.103 - - [18/Oct/2013:12:51:58 +0200] "GET /lexikon.php?cs_go=2&cs_char=k HTTP/1.1" 200 7480 "-" "Mozilla/5.0 (compatible; AhrefsBot/5.0; +http://ahrefs.com/robot/)"
5.10.83.98 - - [18/Oct/2013:13:04:04 +0200] "GET /lexikon.php?cs_go=3&cs_id=112 HTTP/1.1" 200 6752 "-" "Mozilla/5.0 (compatible; AhrefsBot/5.0; +http://ahrefs.com/robot/)"
66.249.78.46 - - [18/Oct/2013:13:06:51 +0200] "GET /lexikon.php?cs_go=3&cs_id=30 HTTP/1.1" 200 5598 "-" "Mozilla/5.0 (compatible; Googlebot/2.1; +http://www.google.com/bot.html)"
66.249.78.46 - - [18/Oct/2013:13:07:56 +0200] "GET /images/logos.jpg?cache8122 HTTP/1.1" 200 35043 "-" "Googlebot-Image/1.0"
5.10.83.103 - - [18/Oct/2013:13:12:59 +0200] "GET /lexikon.php?cs_go=3&cs_id=97 HTTP/1.1" 200 9076 "-" "Mozilla/5.0 (compatible; AhrefsBot/5.0; +http://ahrefs.com/robot/)"
5.10.83.103 - - [18/Oct/2013:13:16:30 +0200] "GET /news.php?cs_go=archiv&cs_id=4501&cs_search= HTTP/1.1" 200 11667 "-" "Mozilla/5.0 (compatible; AhrefsBot/5.0; +http://ahrefs.com/robot/)"
5.10.83.103 - - [18/Oct/2013:13:17:06 +0200] "GET /news.php?cs_go=archiv&cs_id=4582&cs_search= HTTP/1.1" 200 9130 "-" "Mozilla/5.0 (compatible; AhrefsBot/5.0; +http://ahrefs.com/robot/)"
66.249.78.46 - - [18/Oct/2013:13:18:39 +0200] "GET /news.php?cs_go=archiv&cs_id=4617 HTTP/1.1" 200 9512 "-" "Mozilla/5.0 (compatible; Googlebot/2.1; +http://www.google.com/bot.html)"
5.10.83.103 - - [18/Oct/2013:13:19:44 +0200] "GET /news.php?cs_go=archiv&cs_startpos=210 HTTP/1.1" 200 20211 "-" "Mozilla/5.0 (compatible; AhrefsBot/5.0; +http://ahrefs.com/robot/)"
5.10.83.23 - - [18/Oct/2013:13:25:26 +0200] "GET /news.php?cs_go=archiv&cs_id=4612 HTTP/1.1" 200 8180 "-" "Mozilla/5.0 (compatible; AhrefsBot/5.0; +http://ahrefs.com/robot/)"
65.36.241.79 - - [18/Oct/2013:13:25:58 +0200] "HEAD / HTTP/1.1" 200 - "-" "InternetSeer.com"
5.10.83.98 - - [18/Oct/2013:13:33:05 +0200] "GET /lexikon.php?cs_go=2&cs_char=v HTTP/1.1" 200 6718 "-" "Mozilla/5.0 (compatible; AhrefsBot/5.0; +http://ahrefs.com/robot/)"
5.10.83.72 - - [18/Oct/2013:13:36:01 +0200] "GET /news.php?cs_go=archiv&cs_id=4505&cs_search= HTTP/1.1" 200 7578 "-" "Mozilla/5.0 (compatible; AhrefsBot/5.0; +http://ahrefs.com/robot/)"
208.115.111.75 - - [18/Oct/2013:13:37:08 +0200] "GET /news.php?cs_go=archiv&cs_id=4279&cs_search= HTTP/1.1" 200 7590 "-" "Mozilla/5.0 (compatible; Ezooms/1.0; ezooms.bot@gmail.com)"
208.115.111.75 - - [18/Oct/2013:13:37:12 +0200] "GET /news.php?cs_go=archiv&cs_id=4468&cs_search= HTTP/1.1" 200 11738 "-" "Mozilla/5.0 (compatible; Ezooms/1.0; ezooms.bot@gmail.com)"
66.249.78.46 - - [18/Oct/2013:13:40:54 +0200] "GET /images/logos.jpg?cache9924 HTTP/1.1" 200 35043 "-" "Googlebot-Image/1.0"
66.249.78.46 - - [18/Oct/2013:13:42:16 +0200] "GET /lexikon.php?cs_go=3&cs_id=57 HTTP/1.1" 200 7678 "-" "Mozilla/5.0 (compatible; Googlebot/2.1; +http://www.google.com/bot.html)"
5.10.83.68 - - [18/Oct/2013:13:51:25 +0200] "GET /lexikon.php?cs_go=3&cs_id=94 HTTP/1.1" 200 6079 "-" "Mozilla/5.0 (compatible; AhrefsBot/5.0; +http://ahrefs.com/robot/)"
5.10.83.79 - - [18/Oct/2013:13:56:34 +0200] "GET /lexikon.php?cs_go=3&cs_id=52 HTTP/1.1" 200 6354 "-" "Mozilla/5.0 (compatible; AhrefsBot/5.0; +http://ahrefs.com/robot/)"
5.10.83.37 - - [18/Oct/2013:13:58:52 +0200] "GET /news.php?cs_go=archiv&cs_id=4572&cs_search= HTTP/1.1" 200 11854 "-" "Mozilla/5.0 (compatible; AhrefsBot/5.0; +http://ahrefs.com/robot/)"
5.10.83.79 - - [18/Oct/2013:14:00:05 +0200] "GET /lexikon.php?cs_go=3&cs_id=234 HTTP/1.1" 200 6327 "-" "Mozilla/5.0 (compatible; AhrefsBot/5.0; +http://ahrefs.com/robot/)"
5.10.83.81 - - [18/Oct/2013:14:02:06 +0200] "GET /lexikon.php?cs_go=3&cs_id=150 HTTP/1.1" 200 5819 "-" "Mozilla/5.0 (compatible; AhrefsBot/5.0; +http://ahrefs.com/robot/)"
5.10.83.68 - - [18/Oct/2013:14:06:33 +0200] "GET /lexikon.php?cs_go=3&cs_id=152 HTTP/1.1" 200 6179 "-" "Mozilla/5.0 (compatible; AhrefsBot/5.0; +http://ahrefs.com/robot/)"
5.10.83.72 - - [18/Oct/2013:14:12:02 +0200] "GET /lexikon.php?cs_go=3&cs_id=162 HTTP/1.1" 200 7001 "-" "Mozilla/5.0 (compatible; AhrefsBot/5.0; +http://ahrefs.com/robot/)"
66.249.78.46 - - [18/Oct/2013:14:13:52 +0200] "GET /images/logos.jpg?cache5927 HTTP/1.1" 200 35043 "-" "Googlebot-Image/1.0"
217.69.133.84 - - [18/Oct/2013:14:17:11 +0200] "GET /robots.txt HTTP/1.0" 200 177 "-" "Mozilla/5.0 (compatible; Linux x86_64; Mail.RU_Bot/2.0; +http://go.mail.ru/help/robots)"
217.69.133.217 - - [18/Oct/2013:14:17:12 +0200] "GET /jobs.php HTTP/1.0" 200 5020 "-" "Mozilla/5.0 (compatible; Linux x86_64; Mail.RU_Bot/2.0; +http://go.mail.ru/help/robots)"
66.249.78.46 - - [18/Oct/2013:14:23:35 +0200] "GET /news.php?cs_go=archiv&cs_id=4633 HTTP/1.1" 200 11707 "-" "Mozilla/5.0 (compatible; Googlebot/2.1; +http://www.google.com/bot.html)"
66.249.75.49 - - [18/Oct/2013:14:27:17 +0200] "GET /news.php HTTP/1.1" 200 19731 "-" "DoCoMo/2.0 N905i(c100;TB;W24H16) (compatible; Googlebot-Mobile/2.1; +http://www.google.com/bot.html)"
5.10.83.68 - - [18/Oct/2013:14:32:56 +0200] "GET /news.php?cs_go=archiv&cs_id=4438&cs_search= HTTP/1.1" 200 7546 "-" "Mozilla/5.0 (compatible; AhrefsBot/5.0; +http://ahrefs.com/robot/)"
66.249.78.46 - - [18/Oct/2013:14:41:18 +0200] "GET /news.php?cs_go=archiv&cs_id=4474 HTTP/1.1" 200 11750 "-" "Mozilla/5.0 (compatible; Googlebot/2.1; +http://www.google.com/bot.html)"
66.249.78.46 - - [18/Oct/2013:14:46:49 +0200] "GET /images/logos.jpg?cache3268 HTTP/1.1" 200 35043 "-" "Googlebot-Image/1.0"
66.249.78.46 - - [18/Oct/2013:14:47:12 +0200] "GET /news.php?cs_go=archiv&cs_id=4634 HTTP/1.1" 200 7846 "-" "Mozilla/5.0 (compatible; Googlebot/2.1; +http://www.google.com/bot.html)"
5.10.83.90 - - [18/Oct/2013:14:57:51 +0200] "GET /news.php?cs_go=archiv&cs_id=4422&cs_search= HTTP/1.1" 200 7966 "-" "Mozilla/5.0 (compatible; AhrefsBot/5.0; +http://ahrefs.com/robot/)"
5.10.83.79 - - [18/Oct/2013:15:18:54 +0200] "GET /news.php?cs_go=archiv&cs_startpos=40 HTTP/1.1" 200 20571 "-" "Mozilla/5.0 (compatible; AhrefsBot/5.0; +http://ahrefs.com/robot/)"
66.249.78.46 - - [18/Oct/2013:15:19:47 +0200] "GET /images/logos.jpg?cache3434 HTTP/1.1" 200 35043 "-" "Googlebot-Image/1.0"
5.10.83.79 - - [18/Oct/2013:15:31:44 +0200] "GET /lexikon.php?cs_go=3&cs_id=10 HTTP/1.1" 200 6195 "-" "Mozilla/5.0 (compatible; AhrefsBot/5.0; +http://ahrefs.com/robot/)"
5.10.83.37 - - [18/Oct/2013:15:41:36 +0200] "GET /news.php?cs_go=archiv&cs_id=4517&cs_search= HTTP/1.1" 200 10981 "-" "Mozilla/5.0 (compatible; AhrefsBot/5.0; +http://ahrefs.com/robot/)"
208.115.111.75 - - [18/Oct/2013:15:45:17 +0200] "GET /robots.txt HTTP/1.1" 200 177 "-" "Mozilla/5.0 (compatible; Ezooms/1.0; ezooms.bot@gmail.com)"
5.10.83.103 - - [18/Oct/2013:15:47:39 +0200] "GET /news.php?cs_go=archiv&cs_id=4636 HTTP/1.1" 200 11791 "-" "Mozilla/5.0 (compatible; AhrefsBot/5.0; +http://ahrefs.com/robot/)"
79.197.69.25 - - [18/Oct/2013:15:48:39 +0200] "GET / HTTP/1.1" 200 12297 "-" "Mozilla/5.0 (Windows NT 6.1; rv:24.0) Gecko/20100101 Firefox/24.0"
79.197.69.25 - - [18/Oct/2013:15:48:40 +0200] "GET /images/logos.jpg?cache3720 HTTP/1.1" 200 35043 "http://www.mink-gmbh.de/" "Mozilla/5.0 (Windows NT 6.1; rv:24.0) Gecko/20100101 Firefox/24.0"
79.197.69.25 - - [18/Oct/2013:15:48:40 +0200] "GET /js_contentserver24_greybox/loader_frame.html?s=0 HTTP/1.1" 304 - "http://www.mink-gmbh.de/" "Mozilla/5.0 (Windows NT 6.1; rv:24.0) Gecko/20100101 Firefox/24.0"
5.10.83.79 - - [18/Oct/2013:15:50:27 +0200] "GET /news.php?cs_go=archiv&cs_startpos=31 HTTP/1.1" 200 20490 "-" "Mozilla/5.0 (compatible; AhrefsBot/5.0; +http://ahrefs.com/robot/)"
5.10.83.98 - - [18/Oct/2013:15:51:54 +0200] "GET /news.php?cs_go=archiv&cs_startpos=10 HTTP/1.1" 200 20035 "-" "Mozilla/5.0 (compatible; AhrefsBot/5.0; +http://ahrefs.com/robot/)"
66.249.78.46 - - [18/Oct/2013:15:52:45 +0200] "GET /images/logos.jpg?cache5426 HTTP/1.1" 200 35043 "-" "Googlebot-Image/1.0"
5.10.83.73 - - [18/Oct/2013:15:55:47 +0200] "GET /lexikon.php?cs_go=3&cs_id=168 HTTP/1.1" 200 6739 "-" "Mozilla/5.0 (compatible; AhrefsBot/5.0; +http://ahrefs.com/robot/)"
66.249.78.46 - - [18/Oct/2013:15:58:02 +0200] "GET /news.php?cs_go=archiv&cs_id=4473 HTTP/1.1" 200 7972 "-" "Mozilla/5.0 (compatible; Googlebot/2.1; +http://www.google.com/bot.html)"
5.10.83.73 - - [18/Oct/2013:16:00:31 +0200] "GET /modernisierung.php?cs_gp_go=description HTTP/1.1" 200 8445 "-" "Mozilla/5.0 (compatible; AhrefsBot/5.0; +http://ahrefs.com/robot/)"
157.55.32.83 - - [18/Oct/2013:16:02:10 +0200] "GET /robots.txt HTTP/1.1" 200 177 "-" "Mozilla/5.0 (compatible; bingbot/2.0; +http://www.bing.com/bingbot.htm)"
157.55.32.83 - - [18/Oct/2013:16:08:44 +0200] "GET / HTTP/1.1" 200 12297 "-" "Mozilla/5.0 (compatible; bingbot/2.0; +http://www.bing.com/bingbot.htm)"
66.249.78.46 - - [18/Oct/2013:16:09:50 +0200] "GET /robots.txt HTTP/1.1" 200 177 "-" "Mozilla/5.0 (compatible; Googlebot/2.1; +http://www.google.com/bot.html)"
66.249.78.46 - - [18/Oct/2013:16:09:50 +0200] "GET /news.php?cs_go=archiv&cs_id=4632 HTTP/1.1" 200 8183 "-" "Mozilla/5.0 (compatible; Googlebot/2.1; +http://www.google.com/bot.html)"
5.10.83.52 - - [18/Oct/2013:16:10:21 +0200] "GET /news.php?cs_go=archiv&cs_id=4480&cs_search= HTTP/1.1" 200 9909 "-" "Mozilla/5.0 (compatible; AhrefsBot/5.0; +http://ahrefs.com/robot/)"
5.10.83.37 - - [18/Oct/2013:16:24:20 +0200] "GET /news.php?cs_go=archiv&cs_id=4406&cs_search= HTTP/1.1" 200 8913 "-" "Mozilla/5.0 (compatible; AhrefsBot/5.0; +http://ahrefs.com/robot/)"
66.249.78.46 - - [18/Oct/2013:16:25:43 +0200] "GET /images/logos.jpg?cache7170 HTTP/1.1" 200 35043 "-" "Googlebot-Image/1.0"
5.10.83.72 - - [18/Oct/2013:16:29:02 +0200] "GET /lexikon.php?cs_go=3&cs_id=95 HTTP/1.1" 200 6335 "-" "Mozilla/5.0 (compatible; AhrefsBot/5.0; +http://ahrefs.com/robot/)"
5.10.83.73 - - [18/Oct/2013:16:37:01 +0200] "GET /lexikon.php?cs_go=3&cs_id=223 HTTP/1.1" 200 5590 "-" "Mozilla/5.0 (compatible; AhrefsBot/5.0; +http://ahrefs.com/robot/)"
66.249.78.46 - - [18/Oct/2013:16:39:21 +0200] "GET /jobs.php HTTP/1.1" 200 5020 "-" "Mozilla/5.0 (compatible; Googlebot/2.1; +http://www.google.com/bot.html)"
5.10.83.90 - - [18/Oct/2013:16:40:30 +0200] "GET /lexikon.php?cs_go=3&cs_id=203 HTTP/1.1" 200 6411 "-" "Mozilla/5.0 (compatible; AhrefsBot/5.0; +http://ahrefs.com/robot/)"
5.10.83.103 - - [18/Oct/2013:16:44:55 +0200] "GET /news.php?cs_go=archiv&cs_startpos=70 HTTP/1.1" 200 20627 "-" "Mozilla/5.0 (compatible; AhrefsBot/5.0; +http://ahrefs.com/robot/)"
66.249.78.46 - - [18/Oct/2013:16:58:40 +0200] "GET /images/logos.jpg?cache7660 HTTP/1.1" 200 35043 "-" "Googlebot-Image/1.0"
5.10.83.23 - - [18/Oct/2013:17:01:08 +0200] "GET /lexikon.php?cs_go=3&cs_id=174 HTTP/1.1" 200 6314 "-" "Mozilla/5.0 (compatible; AhrefsBot/5.0; +http://ahrefs.com/robot/)"
5.10.83.52 - - [18/Oct/2013:17:03:11 +0200] "GET /news.php?cs_go=archiv HTTP/1.1" 200 19731 "-" "Mozilla/5.0 (compatible; AhrefsBot/5.0; +http://ahrefs.com/robot/)"
144.76.95.232 - - [18/Oct/2013:17:15:22 +0200] "GET /robots.txt HTTP/1.0" 200 177 "-" "Mozilla/5.0 (compatible; MJ12bot/v1.4.4; http://www.majestic12.co.uk/bot.php?+)"
144.76.95.232 - - [18/Oct/2013:17:15:43 +0200] "GET /modernisierung.php?cs_gp_go=coupon HTTP/1.0" 200 7866 "-" "Mozilla/5.0 (compatible; MJ12bot/v1.4.4; http://www.majestic12.co.uk/bot.php?+)"
144.76.95.232 - - [18/Oct/2013:17:15:48 +0200] "GET /modernisierung.php?cs_gp_go=description HTTP/1.0" 200 8445 "-" "Mozilla/5.0 (compatible; MJ12bot/v1.4.4; http://www.majestic12.co.uk/bot.php?+)"
144.76.95.232 - - [18/Oct/2013:17:16:05 +0200] "GET /modernisierung.php?cs_gp_go=plus HTTP/1.0" 200 9289 "-" "Mozilla/5.0 (compatible; MJ12bot/v1.4.4; http://www.majestic12.co.uk/bot.php?+)"
144.76.95.232 - - [18/Oct/2013:17:17:18 +0200] "GET /news.php?cs_go=archiv&cs_id=4306&cs_search= HTTP/1.0" 200 9192 "-" "Mozilla/5.0 (compatible; MJ12bot/v1.4.4; http://www.majestic12.co.uk/bot.php?+)"
144.76.95.232 - - [18/Oct/2013:17:17:56 +0200] "GET /news.php?cs_go=archiv&cs_id=4307&cs_search= HTTP/1.0" 200 10160 "-" "Mozilla/5.0 (compatible; MJ12bot/v1.4.4; http://www.majestic12.co.uk/bot.php?+)"
144.76.95.232 - - [18/Oct/2013:17:18:06 +0200] "GET /news.php?cs_go=archiv&cs_id=4312&cs_search= HTTP/1.0" 200 11535 "-" "Mozilla/5.0 (compatible; MJ12bot/v1.4.4; http://www.majestic12.co.uk/bot.php?+)"
144.76.95.232 - - [18/Oct/2013:17:19:01 +0200] "GET /news.php?cs_go=archiv&cs_id=4313&cs_search= HTTP/1.0" 200 7521 "-" "Mozilla/5.0 (compatible; MJ12bot/v1.4.4; http://www.majestic12.co.uk/bot.php?+)"
144.76.95.232 - - [18/Oct/2013:17:19:26 +0200] "GET /news.php?cs_go=archiv&cs_id=4314&cs_search= HTTP/1.0" 200 11513 "-" "Mozilla/5.0 (compatible; MJ12bot/v1.4.4; http://www.majestic12.co.uk/bot.php?+)"
144.76.95.232 - - [18/Oct/2013:17:19:59 +0200] "GET /news.php?cs_go=archiv&cs_id=4315 HTTP/1.0" 200 9114 "-" "Mozilla/5.0 (compatible; MJ12bot/v1.4.4; http://www.majestic12.co.uk/bot.php?+)"
144.76.95.232 - - [18/Oct/2013:17:20:06 +0200] "GET /news.php?cs_go=archiv&cs_id=4315&cs_search= HTTP/1.0" 200 9114 "-" "Mozilla/5.0 (compatible; MJ12bot/v1.4.4; http://www.majestic12.co.uk/bot.php?+)"
144.76.95.232 - - [18/Oct/2013:17:20:13 +0200] "GET /news.php?cs_go=archiv&cs_id=4316 HTTP/1.0" 200 11060 "-" "Mozilla/5.0 (compatible; MJ12bot/v1.4.4; http://www.majestic12.co.uk/bot.php?+)"
144.76.95.232 - - [18/Oct/2013:17:20:30 +0200] "GET /news.php?cs_go=archiv&cs_id=4316&cs_search= HTTP/1.0" 200 11060 "-" "Mozilla/5.0 (compatible; MJ12bot/v1.4.4; http://www.majestic12.co.uk/bot.php?+)"
144.76.95.232 - - [18/Oct/2013:17:20:34 +0200] "GET /news.php?cs_go=archiv&cs_id=4321&cs_search= HTTP/1.0" 200 7613 "-" "Mozilla/5.0 (compatible; MJ12bot/v1.4.4; http://www.majestic12.co.uk/bot.php?+)"
144.76.95.232 - - [18/Oct/2013:17:20:48 +0200] "GET /news.php?cs_go=archiv&cs_id=4322 HTTP/1.0" 200 7966 "-" "Mozilla/5.0 (compatible; MJ12bot/v1.4.4; http://www.majestic12.co.uk/bot.php?+)"
144.76.95.232 - - [18/Oct/2013:17:20:57 +0200] "GET /news.php?cs_go=archiv&cs_id=4322&cs_search= HTTP/1.0" 200 7966 "-" "Mozilla/5.0 (compatible; MJ12bot/v1.4.4; http://www.majestic12.co.uk/bot.php?+)"
144.76.95.232 - - [18/Oct/2013:17:21:12 +0200] "GET /news.php?cs_go=archiv&cs_id=4324&cs_search= HTTP/1.0" 200 11765 "-" "Mozilla/5.0 (compatible; MJ12bot/v1.4.4; http://www.majestic12.co.uk/bot.php?+)"
144.76.95.232 - - [18/Oct/2013:17:21:29 +0200] "GET /news.php?cs_go=archiv&cs_id=4353&cs_search= HTTP/1.0" 200 11309 "-" "Mozilla/5.0 (compatible; MJ12bot/v1.4.4; http://www.majestic12.co.uk/bot.php?+)"
144.76.95.232 - - [18/Oct/2013:17:21:41 +0200] "GET /news.php?cs_go=archiv&cs_id=4354&cs_search= HTTP/1.0" 200 7794 "-" "Mozilla/5.0 (compatible; MJ12bot/v1.4.4; http://www.majestic12.co.uk/bot.php?+)"
144.76.95.232 - - [18/Oct/2013:17:21:51 +0200] "GET /news.php?cs_go=archiv&cs_id=4355&cs_search= HTTP/1.0" 200 11524 "-" "Mozilla/5.0 (compatible; MJ12bot/v1.4.4; http://www.majestic12.co.uk/bot.php?+)"
5.10.83.90 - - [18/Oct/2013:17:22:00 +0200] "GET /news.php?cs_go=archiv&cs_id=4601&cs_search= HTTP/1.1" 200 7890 "-" "Mozilla/5.0 (compatible; AhrefsBot/5.0; +http://ahrefs.com/robot/)"
144.76.95.232 - - [18/Oct/2013:17:22:01 +0200] "GET /news.php?cs_go=archiv&cs_id=4356&cs_search= HTTP/1.0" 200 7786 "-" "Mozilla/5.0 (compatible; MJ12bot/v1.4.4; http://www.majestic12.co.uk/bot.php?+)"
144.76.95.232 - - [18/Oct/2013:17:22:10 +0200] "GET /news.php?cs_go=archiv&cs_id=4357&cs_search= HTTP/1.0" 200 11161 "-" "Mozilla/5.0 (compatible; MJ12bot/v1.4.4; http://www.majestic12.co.uk/bot.php?+)"
144.76.95.232 - - [18/Oct/2013:17:22:12 +0200] "GET /news.php?cs_go=archiv&cs_id=4358&cs_search= HTTP/1.0" 200 7537 "-" "Mozilla/5.0 (compatible; MJ12bot/v1.4.4; http://www.majestic12.co.uk/bot.php?+)"
144.76.95.232 - - [18/Oct/2013:17:22:27 +0200] "GET /news.php?cs_go=archiv&cs_id=4359&cs_search= HTTP/1.0" 200 12869 "-" "Mozilla/5.0 (compatible; MJ12bot/v1.4.4; http://www.majestic12.co.uk/bot.php?+)"
144.76.95.232 - - [18/Oct/2013:17:22:32 +0200] "GET /news.php?cs_go=archiv&cs_id=4361&cs_search= HTTP/1.0" 200 8186 "-" "Mozilla/5.0 (compatible; MJ12bot/v1.4.4; http://www.majestic12.co.uk/bot.php?+)"
144.76.95.232 - - [18/Oct/2013:17:22:37 +0200] "GET /news.php?cs_go=archiv&cs_id=4362&cs_search= HTTP/1.0" 200 9723 "-" "Mozilla/5.0 (compatible; MJ12bot/v1.4.4; http://www.majestic12.co.uk/bot.php?+)"
144.76.95.232 - - [18/Oct/2013:17:22:47 +0200] "GET /news.php?cs_go=archiv&cs_id=4363&cs_search= HTTP/1.0" 200 11463 "-" "Mozilla/5.0 (compatible; MJ12bot/v1.4.4; http://www.majestic12.co.uk/bot.php?+)"
144.76.95.232 - - [18/Oct/2013:17:23:00 +0200] "GET /news.php?cs_go=archiv&cs_id=4364&cs_search= HTTP/1.0" 200 7632 "-" "Mozilla/5.0 (compatible; MJ12bot/v1.4.4; http://www.majestic12.co.uk/bot.php?+)"
217.69.133.219 - - [18/Oct/2013:17:23:13 +0200] "GET /robots.txt HTTP/1.0" 200 177 "-" "Mozilla/5.0 (compatible; Linux x86_64; Mail.RU_Bot/2.0; +http://go.mail.ru/help/robots)"
217.69.133.217 - - [18/Oct/2013:17:23:14 +0200] "GET /kwk.php HTTP/1.0" 200 8484 "-" "Mozilla/5.0 (compatible; Linux x86_64; Mail.RU_Bot/2.0; +http://go.mail.ru/help/robots)"
217.69.133.217 - - [18/Oct/2013:17:23:16 +0200] "GET /news.php?cs_go=archiv HTTP/1.0" 200 19731 "-" "Mozilla/5.0 (compatible; Linux x86_64; Mail.RU_Bot/2.0; +http://go.mail.ru/help/robots)"
217.69.133.215 - - [18/Oct/2013:17:23:17 +0200] "GET /agb.php HTTP/1.0" 200 17598 "-" "Mozilla/5.0 (compatible; Linux x86_64; Mail.RU_Bot/2.0; +http://go.mail.ru/help/robots)"
144.76.95.232 - - [18/Oct/2013:17:23:21 +0200] "GET /news.php?cs_go=archiv&cs_id=4365&cs_search= HTTP/1.0" 200 11576 "-" "Mozilla/5.0 (compatible; MJ12bot/v1.4.4; http://www.majestic12.co.uk/bot.php?+)"
144.76.95.232 - - [18/Oct/2013:17:23:32 +0200] "GET /news.php?cs_go=archiv&cs_id=4366&cs_search= HTTP/1.0" 200 11367 "-" "Mozilla/5.0 (compatible; MJ12bot/v1.4.4; http://www.majestic12.co.uk/bot.php?+)"
144.76.95.232 - - [18/Oct/2013:17:23:39 +0200] "GET /news.php?cs_go=archiv&cs_id=4367&cs_search= HTTP/1.0" 200 11576 "-" "Mozilla/5.0 (compatible; MJ12bot/v1.4.4; http://www.majestic12.co.uk/bot.php?+)"
144.76.95.232 - - [18/Oct/2013:17:23:49 +0200] "GET /news.php?cs_go=archiv&cs_id=4368&cs_search= HTTP/1.0" 200 7639 "-" "Mozilla/5.0 (compatible; MJ12bot/v1.4.4; http://www.majestic12.co.uk/bot.php?+)"
144.76.95.232 - - [18/Oct/2013:17:23:54 +0200] "GET /news.php?cs_go=archiv&cs_id=4369&cs_search= HTTP/1.0" 200 11567 "-" "Mozilla/5.0 (compatible; MJ12bot/v1.4.4; http://www.majestic12.co.uk/bot.php?+)"
144.76.95.232 - - [18/Oct/2013:17:24:02 +0200] "GET /news.php?cs_go=archiv&cs_id=4370&cs_search= HTTP/1.0" 200 7512 "-" "Mozilla/5.0 (compatible; MJ12bot/v1.4.4; http://www.majestic12.co.uk/bot.php?+)"
144.76.95.232 - - [18/Oct/2013:17:24:11 +0200] "GET /news.php?cs_go=archiv&cs_id=4371&cs_search= HTTP/1.0" 200 7840 "-" "Mozilla/5.0 (compatible; MJ12bot/v1.4.4; http://www.majestic12.co.uk/bot.php?+)"
144.76.95.232 - - [18/Oct/2013:17:24:17 +0200] "GET /news.php?cs_go=archiv&cs_id=4372&cs_search= HTTP/1.0" 200 9224 "-" "Mozilla/5.0 (compatible; MJ12bot/v1.4.4; http://www.majestic12.co.uk/bot.php?+)"
144.76.95.232 - - [18/Oct/2013:17:24:35 +0200] "GET /news.php?cs_go=archiv&cs_id=4373&cs_search= HTTP/1.0" 200 9438 "-" "Mozilla/5.0 (compatible; MJ12bot/v1.4.4; http://www.majestic12.co.uk/bot.php?+)"
144.76.95.232 - - [18/Oct/2013:17:24:44 +0200] "GET /news.php?cs_go=archiv&cs_id=4374&cs_search= HTTP/1.0" 200 8743 "-" "Mozilla/5.0 (compatible; MJ12bot/v1.4.4; http://www.majestic12.co.uk/bot.php?+)"
5.10.83.79 - - [18/Oct/2013:17:24:45 +0200] "GET /news.php?cs_go=archiv&cs_startpos=80 HTTP/1.1" 200 20415 "-" "Mozilla/5.0 (compatible; AhrefsBot/5.0; +http://ahrefs.com/robot/)"
144.76.95.232 - - [18/Oct/2013:17:24:57 +0200] "GET /news.php?cs_go=archiv&cs_id=4375&cs_search= HTTP/1.0" 200 9323 "-" "Mozilla/5.0 (compatible; MJ12bot/v1.4.4; http://www.majestic12.co.uk/bot.php?+)"
144.76.95.232 - - [18/Oct/2013:17:25:02 +0200] "GET /news.php?cs_go=archiv&cs_id=4376&cs_search= HTTP/1.0" 200 8262 "-" "Mozilla/5.0 (compatible; MJ12bot/v1.4.4; http://www.majestic12.co.uk/bot.php?+)"
144.76.95.232 - - [18/Oct/2013:17:25:08 +0200] "GET /news.php?cs_go=archiv&cs_id=4377&cs_search= HTTP/1.0" 200 9240 "-" "Mozilla/5.0 (compatible; MJ12bot/v1.4.4; http://www.majestic12.co.uk/bot.php?+)"
144.76.95.232 - - [18/Oct/2013:17:25:15 +0200] "GET /news.php?cs_go=archiv&cs_id=4378&cs_search= HTTP/1.0" 200 8848 "-" "Mozilla/5.0 (compatible; MJ12bot/v1.4.4; http://www.majestic12.co.uk/bot.php?+)"
144.76.95.232 - - [18/Oct/2013:17:25:18 +0200] "GET /news.php?cs_go=archiv&cs_id=4379&cs_search= HTTP/1.0" 200 9334 "-" "Mozilla/5.0 (compatible; MJ12bot/v1.4.4; http://www.majestic12.co.uk/bot.php?+)"
144.76.95.232 - - [18/Oct/2013:17:25:25 +0200] "GET /news.php?cs_go=archiv&cs_id=4380&cs_search= HTTP/1.0" 200 9159 "-" "Mozilla/5.0 (compatible; MJ12bot/v1.4.4; http://www.majestic12.co.uk/bot.php?+)"
144.76.95.232 - - [18/Oct/2013:17:25:32 +0200] "GET /news.php?cs_go=archiv&cs_id=4381&cs_search= HTTP/1.0" 200 10816 "-" "Mozilla/5.0 (compatible; MJ12bot/v1.4.4; http://www.majestic12.co.uk/bot.php?+)"
144.76.95.232 - - [18/Oct/2013:17:25:36 +0200] "GET /news.php?cs_go=archiv&cs_id=4382&cs_search= HTTP/1.0" 200 11414 "-" "Mozilla/5.0 (compatible; MJ12bot/v1.4.4; http://www.majestic12.co.uk/bot.php?+)"
144.76.95.232 - - [18/Oct/2013:17:25:49 +0200] "GET /news.php?cs_go=archiv&cs_id=4383&cs_search= HTTP/1.0" 200 7568 "-" "Mozilla/5.0 (compatible; MJ12bot/v1.4.4; http://www.majestic12.co.uk/bot.php?+)"
144.76.95.232 - - [18/Oct/2013:17:25:57 +0200] "GET /news.php?cs_go=archiv&cs_id=4385&cs_search= HTTP/1.0" 200 7994 "-" "Mozilla/5.0 (compatible; MJ12bot/v1.4.4; http://www.majestic12.co.uk/bot.php?+)"
144.76.95.232 - - [18/Oct/2013:17:26:01 +0200] "GET /news.php?cs_go=archiv&cs_id=4386&cs_search= HTTP/1.0" 200 11330 "-" "Mozilla/5.0 (compatible; MJ12bot/v1.4.4; http://www.majestic12.co.uk/bot.php?+)"
144.76.95.232 - - [18/Oct/2013:17:26:06 +0200] "GET /news.php?cs_go=archiv&cs_id=4387&cs_search= HTTP/1.0" 200 7601 "-" "Mozilla/5.0 (compatible; MJ12bot/v1.4.4; http://www.majestic12.co.uk/bot.php?+)"
144.76.95.232 - - [18/Oct/2013:17:26:15 +0200] "GET /news.php?cs_go=archiv&cs_id=4388&cs_search= HTTP/1.0" 200 11452 "-" "Mozilla/5.0 (compatible; MJ12bot/v1.4.4; http://www.majestic12.co.uk/bot.php?+)"
144.76.95.232 - - [18/Oct/2013:17:26:19 +0200] "GET /news.php?cs_go=archiv&cs_id=4389&cs_search= HTTP/1.0" 200 7647 "-" "Mozilla/5.0 (compatible; MJ12bot/v1.4.4; http://www.majestic12.co.uk/bot.php?+)"
144.76.95.232 - - [18/Oct/2013:17:26:23 +0200] "GET /news.php?cs_go=archiv&cs_id=4390&cs_search= HTTP/1.0" 200 11567 "-" "Mozilla/5.0 (compatible; MJ12bot/v1.4.4; http://www.majestic12.co.uk/bot.php?+)"
144.76.95.232 - - [18/Oct/2013:17:26:27 +0200] "GET /news.php?cs_go=archiv&cs_id=4391&cs_search= HTTP/1.0" 200 7647 "-" "Mozilla/5.0 (compatible; MJ12bot/v1.4.4; http://www.majestic12.co.uk/bot.php?+)"
144.76.95.232 - - [18/Oct/2013:17:26:39 +0200] "GET /news.php?cs_go=archiv&cs_id=4392&cs_search= HTTP/1.0" 200 9308 "-" "Mozilla/5.0 (compatible; MJ12bot/v1.4.4; http://www.majestic12.co.uk/bot.php?+)"
144.76.95.232 - - [18/Oct/2013:17:26:48 +0200] "GET /news.php?cs_go=archiv&cs_id=4395&cs_search= HTTP/1.0" 200 11580 "-" "Mozilla/5.0 (compatible; MJ12bot/v1.4.4; http://www.majestic12.co.uk/bot.php?+)"
144.76.95.232 - - [18/Oct/2013:17:26:54 +0200] "GET /news.php?cs_go=archiv&cs_id=4397&cs_search= HTTP/1.0" 200 7486 "-" "Mozilla/5.0 (compatible; MJ12bot/v1.4.4; http://www.majestic12.co.uk/bot.php?+)"
144.76.95.232 - - [18/Oct/2013:17:27:01 +0200] "GET /news.php?cs_go=archiv&cs_startpos=10 HTTP/1.0" 200 20035 "-" "Mozilla/5.0 (compatible; MJ12bot/v1.4.4; http://www.majestic12.co.uk/bot.php?+)"
144.76.95.232 - - [18/Oct/2013:17:27:06 +0200] "GET /news.php?cs_go=archiv&cs_startpos=20 HTTP/1.0" 200 20178 "-" "Mozilla/5.0 (compatible; MJ12bot/v1.4.4; http://www.majestic12.co.uk/bot.php?+)"
144.76.95.232 - - [18/Oct/2013:17:27:22 +0200] "GET /news.php?cs_go=archiv&cs_startpos=40 HTTP/1.0" 200 20571 "-" "Mozilla/5.0 (compatible; MJ12bot/v1.4.4; http://www.majestic12.co.uk/bot.php?+)"
5.10.83.68 - - [18/Oct/2013:17:30:10 +0200] "GET /news.php?cs_go=archiv&cs_id=4510&cs_search= HTTP/1.1" 200 8936 "-" "Mozilla/5.0 (compatible; AhrefsBot/5.0; +http://ahrefs.com/robot/)"
66.249.78.46 - - [18/Oct/2013:17:38:23 +0200] "GET /news.php?cs_go=archiv&cs_id=3952&cs_search= HTTP/1.1" 200 8761 "-" "Mozilla/5.0 (compatible; Googlebot/2.1; +http://www.google.com/bot.html)"
208.115.111.75 - - [18/Oct/2013:17:40:09 +0200] "GET /news.php?cs_go=archiv&cs_startpos=230 HTTP/1.1" 200 20479 "-" "Mozilla/5.0 (compatible; Ezooms/1.0; ezooms.bot@gmail.com)"
66.249.78.46 - - [18/Oct/2013:17:44:17 +0200] "GET /schwefelarmstandard.php HTTP/1.1" 200 10767 "-" "Mozilla/5.0 (compatible; Googlebot/2.1; +http://www.google.com/bot.html)"
5.10.83.73 - - [18/Oct/2013:17:50:25 +0200] "GET /lexikon.php?cs_go=2&cs_char=g HTTP/1.1" 200 6727 "-" "Mozilla/5.0 (compatible; AhrefsBot/5.0; +http://ahrefs.com/robot/)"
66.249.78.46 - - [18/Oct/2013:17:56:01 +0200] "GET /news.php?cs_go=archiv&cs_startpos=160 HTTP/1.1" 200 20524 "-" "Mozilla/5.0 (iPhone; CPU iPhone OS 6_0 like Mac OS X) AppleWebKit/536.26 (KHTML, like Gecko) Version/6.0 Mobile/10A5376e Safari/8536.25 (compatible; Googlebot-Mobile/2.1; +http://www.google.com/bot.html)"
46.229.164.100 - - [18/Oct/2013:17:58:47 +0200] "GET /robots.txt HTTP/1.1" 200 177 "-" "Mozilla/5.0 (compatible; SemrushBot/0.97; +http://www.semrush.com/bot.html)"
5.10.83.79 - - [18/Oct/2013:18:04:25 +0200] "GET /news.php?cs_go=archiv&cs_startpos=60 HTTP/1.1" 200 20560 "-" "Mozilla/5.0 (compatible; AhrefsBot/5.0; +http://ahrefs.com/robot/)"
5.10.83.98 - - [18/Oct/2013:18:15:33 +0200] "GET /lexikon.php?cs_go=3&cs_id=88 HTTP/1.1" 200 6417 "-" "Mozilla/5.0 (compatible; AhrefsBot/5.0; +http://ahrefs.com/robot/)"
5.10.83.98 - - [18/Oct/2013:18:21:48 +0200] "GET /news.php?cs_go=archiv&cs_id=4370&cs_search= HTTP/1.1" 200 7512 "-" "Mozilla/5.0 (compatible; AhrefsBot/5.0; +http://ahrefs.com/robot/)"
5.10.83.81 - - [18/Oct/2013:18:29:05 +0200] "GET /kwk.php?cs_go=4 HTTP/1.1" 200 7855 "-" "Mozilla/5.0 (compatible; AhrefsBot/5.0; +http://ahrefs.com/robot/)"
141.8.147.12 - - [18/Oct/2013:18:37:41 +0200] "GET /robots.txt HTTP/1.1" 200 177 "-" "Mozilla/5.0 (compatible; YandexBot/3.0; +http://yandex.com/bots)"
5.10.83.23 - - [18/Oct/2013:18:41:04 +0200] "GET /news.php?cs_go=archiv&cs_id=4423&cs_search= HTTP/1.1" 200 11460 "-" "Mozilla/5.0 (compatible; AhrefsBot/5.0; +http://ahrefs.com/robot/)"
5.10.83.90 - - [18/Oct/2013:18:43:09 +0200] "GET /news.php?cs_go=archiv&cs_id=4440&cs_search= HTTP/1.1" 200 11738 "-" "Mozilla/5.0 (compatible; AhrefsBot/5.0; +http://ahrefs.com/robot/)"
66.249.78.46 - - [18/Oct/2013:18:43:19 +0200] "GET /news.php?cs_go=archiv&cs_id=4004 HTTP/1.1" 200 10234 "-" "Mozilla/5.0 (compatible; Googlebot/2.1; +http://www.google.com/bot.html)"
217.69.133.216 - - [18/Oct/2013:18:54:34 +0200] "GET /robots.txt HTTP/1.0" 200 177 "-" "Mozilla/5.0 (compatible; Linux x86_64; Mail.RU_Bot/2.0; +http://go.mail.ru/help/robots)"
217.69.133.85 - - [18/Oct/2013:18:54:35 +0200] "GET /schwefelarmstandard.php HTTP/1.0" 200 10767 "-" "Mozilla/5.0 (compatible; Linux x86_64; Mail.RU_Bot/2.0; +http://go.mail.ru/help/robots)"
217.69.133.216 - - [18/Oct/2013:18:54:36 +0200] "GET /standard.php HTTP/1.0" 200 6807 "-" "Mozilla/5.0 (compatible; Linux x86_64; Mail.RU_Bot/2.0; +http://go.mail.ru/help/robots)"
5.10.83.23 - - [18/Oct/2013:19:05:53 +0200] "GET /news.php?cs_go=archiv&cs_id=4430&cs_search= HTTP/1.1" 200 11598 "-" "Mozilla/5.0 (compatible; AhrefsBot/5.0; +http://ahrefs.com/robot/)"
5.10.83.72 - - [18/Oct/2013:19:06:46 +0200] "GET /lexikon.php?cs_go=2&cs_char=f HTTP/1.1" 200 7196 "-" "Mozilla/5.0 (compatible; AhrefsBot/5.0; +http://ahrefs.com/robot/)"
66.249.78.46 - - [18/Oct/2013:19:12:49 +0200] "GET /kwk.php HTTP/1.1" 200 8484 "-" "Mozilla/5.0 (compatible; Googlebot/2.1; +http://www.google.com/bot.html)"
5.10.83.23 - - [18/Oct/2013:19:17:22 +0200] "GET /lexikon.php?cs_go=3&cs_id=96 HTTP/1.1" 200 5908 "-" "Mozilla/5.0 (compatible; AhrefsBot/5.0; +http://ahrefs.com/robot/)"
5.10.83.52 - - [18/Oct/2013:19:28:13 +0200] "GET /lexikon.php?cs_go=3&cs_id=75 HTTP/1.1" 200 6197 "-" "Mozilla/5.0 (compatible; AhrefsBot/5.0; +http://ahrefs.com/robot/)"
5.10.83.103 - - [18/Oct/2013:19:28:35 +0200] "GET /news.php?cs_go=archiv&cs_id=4441&cs_search= HTTP/1.1" 200 7705 "-" "Mozilla/5.0 (compatible; AhrefsBot/5.0; +http://ahrefs.com/robot/)"
5.10.83.37 - - [18/Oct/2013:19:29:21 +0200] "GET /news.php?cs_go=archiv&cs_id=4424&cs_search= HTTP/1.1" 200 7552 "-" "Mozilla/5.0 (compatible; AhrefsBot/5.0; +http://ahrefs.com/robot/)"
5.10.83.79 - - [18/Oct/2013:19:33:32 +0200] "GET /lexikon.php?cs_go=2&cs_char=i HTTP/1.1" 200 6003 "-" "Mozilla/5.0 (compatible; AhrefsBot/5.0; +http://ahrefs.com/robot/)"
66.249.78.46 - - [18/Oct/2013:19:36:26 +0200] "GET /news.php?cs_go=archiv&cs_startpos=130 HTTP/1.1" 200 20640 "-" "Mozilla/5.0 (compatible; Googlebot/2.1; +http://www.google.com/bot.html)"
208.115.111.75 - - [18/Oct/2013:19:44:06 +0200] "GET /robots.txt HTTP/1.1" 200 177 "-" "Mozilla/5.0 (compatible; Ezooms/1.0; ezooms.bot@gmail.com)"
5.10.83.37 - - [18/Oct/2013:19:46:17 +0200] "GET /news.php?cs_go=archiv&cs_id=4606&cs_search= HTTP/1.1" 200 11630 "-" "Mozilla/5.0 (compatible; AhrefsBot/5.0; +http://ahrefs.com/robot/)"
5.10.83.81 - - [18/Oct/2013:19:47:45 +0200] "GET /lexikon.php?cs_go=3&cs_id=180 HTTP/1.1" 200 6678 "-" "Mozilla/5.0 (compatible; AhrefsBot/5.0; +http://ahrefs.com/robot/)"
66.249.78.46 - - [18/Oct/2013:19:53:15 +0200] "GET /news.php?cs_go=archiv&cs_id=4498&cs_search= HTTP/1.1" 200 9227 "-" "Mozilla/5.0 (compatible; Googlebot/2.1; +http://www.google.com/bot.html)"
66.249.78.46 - - [18/Oct/2013:19:53:27 +0200] "GET /news.php?cs_go=archiv&cs_id=4511&cs_search= HTTP/1.1" 200 13855 "-" "Mozilla/5.0 (compatible; Googlebot/2.1; +http://www.google.com/bot.html)"
66.249.78.46 - - [18/Oct/2013:19:53:42 +0200] "GET /news.php?cs_go=archiv&cs_id=4504&cs_search= HTTP/1.1" 200 11806 "-" "Mozilla/5.0 (compatible; Googlebot/2.1; +http://www.google.com/bot.html)"
66.249.78.46 - - [18/Oct/2013:19:53:53 +0200] "GET /news.php?cs_go=archiv&cs_id=4618 HTTP/1.1" 200 9436 "-" "Mozilla/5.0 (iPhone; CPU iPhone OS 6_0 like Mac OS X) AppleWebKit/536.26 (KHTML, like Gecko) Version/6.0 Mobile/10A5376e Safari/8536.25 (compatible; Googlebot-Mobile/2.1; +http://www.google.com/bot.html)"
66.249.78.46 - - [18/Oct/2013:19:53:57 +0200] "GET /news.php?cs_go=archiv&cs_id=4505&cs_search= HTTP/1.1" 200 7578 "-" "Mozilla/5.0 (compatible; Googlebot/2.1; +http://www.google.com/bot.html)"
66.249.78.46 - - [18/Oct/2013:19:54:09 +0200] "GET /news.php?cs_go=archiv&cs_id=4497&cs_search= HTTP/1.1" 200 9440 "-" "Mozilla/5.0 (compatible; Googlebot/2.1; +http://www.google.com/bot.html)"
66.249.78.46 - - [18/Oct/2013:19:54:29 +0200] "GET /news.php?cs_go=archiv&cs_id=4506&cs_search= HTTP/1.1" 200 8048 "-" "Mozilla/5.0 (compatible; Googlebot/2.1; +http://www.google.com/bot.html)"
66.249.78.46 - - [18/Oct/2013:19:54:43 +0200] "GET /news.php?cs_go=archiv&cs_id=4499&cs_search= HTTP/1.1" 200 8947 "-" "Mozilla/5.0 (compatible; Googlebot/2.1; +http://www.google.com/bot.html)"
5.10.83.95 - - [18/Oct/2013:19:56:29 +0200] "GET /lexikon.php?cs_go=2&cs_char=p HTTP/1.1" 200 6767 "-" "Mozilla/5.0 (compatible; AhrefsBot/5.0; +http://ahrefs.com/robot/)"
5.10.83.103 - - [18/Oct/2013:19:58:22 +0200] "GET /news.php?cs_go=archiv&cs_id=4399&cs_search= HTTP/1.1" 200 11424 "-" "Mozilla/5.0 (compatible; AhrefsBot/5.0; +http://ahrefs.com/robot/)"
5.10.83.73 - - [18/Oct/2013:20:01:46 +0200] "GET /news.php?cs_go=archiv&cs_id=4597&cs_search= HTTP/1.1" 200 14919 "-" "Mozilla/5.0 (compatible; AhrefsBot/5.0; +http://ahrefs.com/robot/)"
5.10.83.72 - - [18/Oct/2013:20:02:10 +0200] "GET /lexikon.php?cs_go=3&cs_id=15 HTTP/1.1" 200 5678 "-" "Mozilla/5.0 (compatible; AhrefsBot/5.0; +http://ahrefs.com/robot/)"
5.10.83.52 - - [18/Oct/2013:20:02:08 +0200] "GET /lexikon.php?cs_go=3&cs_id=69 HTTP/1.1" 200 7708 "-" "Mozilla/5.0 (compatible; AhrefsBot/5.0; +http://ahrefs.com/robot/)"
46.161.41.24 - - [18/Oct/2013:20:20:48 +0200] "GET /news.php?cs_go=archiv&cs_id=4404&cs_search= HTTP/1.1" 200 9020 "-" "Mozilla/4.0 (compatible; MSIE 6.0; MSIE 5.5; Windows 95) Opera 7.03 [de]"
5.10.83.81 - - [18/Oct/2013:20:30:00 +0200] "GET /impressum.php HTTP/1.1" 200 6360 "-" "Mozilla/5.0 (compatible; AhrefsBot/5.0; +http://ahrefs.com/robot/)"
5.10.83.23 - - [18/Oct/2013:20:33:57 +0200] "GET /news.php?cs_go=archiv&cs_id=4490&cs_search= HTTP/1.1" 200 7640 "-" "Mozilla/5.0 (compatible; AhrefsBot/5.0; +http://ahrefs.com/robot/)"
5.10.83.98 - - [18/Oct/2013:20:44:03 +0200] "GET /index.php HTTP/1.1" 200 12297 "-" "Mozilla/5.0 (compatible; AhrefsBot/5.0; +http://ahrefs.com/robot/)"
66.249.75.49 - - [18/Oct/2013:20:51:58 +0200] "GET /news.php?cs_go=archiv&cs_id=4051 HTTP/1.1" 200 11066 "-" "DoCoMo/2.0 N905i(c100;TB;W24H16) (compatible; Googlebot-Mobile/2.1; +http://www.google.com/bot.html)"
