217.69.133.215 - - [17/Oct/2013:08:51:01 +0200] "GET /news.php?cs_go=archiv&cs_id=4575 HTTP/1.0" 200 8405 "-" "Mozilla/5.0 (compatible; Linux x86_64; Mail.RU_Bot/2.0; +http://go.mail.ru/help/robots)"
5.10.83.68 - - [17/Oct/2013:08:53:25 +0200] "GET /lexikon.php?cs_go=3&cs_id=21 HTTP/1.1" 200 6706 "-" "Mozilla/5.0 (compatible; AhrefsBot/5.0; +http://ahrefs.com/robot/)"
5.10.83.103 - - [17/Oct/2013:08:54:20 +0200] "GET /lexikon.php?cs_go=3&cs_id=206 HTTP/1.1" 200 5959 "-" "Mozilla/5.0 (compatible; AhrefsBot/5.0; +http://ahrefs.com/robot/)"
64.246.165.180 - - [17/Oct/2013:09:01:10 +0200] "GET /robots.txt HTTP/1.0" 200 177 "-" "Mozilla/5.0 (Windows; U; Windows NT 5.1; en; rv:1.9.0.13) Gecko/2009073022 Firefox/3.5.2 (.NET CLR 3.5.30729) SurveyBot/2.3 (DomainTools)"
64.246.165.180 - - [17/Oct/2013:09:01:11 +0200] "GET / HTTP/1.1" 200 12402 "http://whois.domaintools.com/mink-gmbh.de" "Mozilla/5.0 (Windows; U; Windows NT 5.1; en; rv:1.9.0.13) Gecko/2009073022 Firefox/3.5.2 (.NET CLR 3.5.30729) SurveyBot/2.3 (DomainTools)"
5.10.83.81 - - [17/Oct/2013:09:06:52 +0200] "GET /news.php?cs_go=archiv&cs_id=4563&cs_search= HTTP/1.1" 200 7561 "-" "Mozilla/5.0 (compatible; AhrefsBot/5.0; +http://ahrefs.com/robot/)"
5.10.83.52 - - [17/Oct/2013:09:15:39 +0200] "GET /lexikon.php?cs_go=3&cs_id=51 HTTP/1.1" 200 7095 "-" "Mozilla/5.0 (compatible; AhrefsBot/5.0; +http://ahrefs.com/robot/)"
5.10.83.52 - - [17/Oct/2013:09:21:38 +0200] "GET /kwk.php?cs_go=2 HTTP/1.1" 200 9455 "-" "Mozilla/5.0 (compatible; AhrefsBot/5.0; +http://ahrefs.com/robot/)"
123.151.148.193 - - [17/Oct/2013:09:24:34 +0200] "GET /robots.txt HTTP/1.1" 200 177 "http://www.mink-gmbh.de/" "Mozilla/5.0 (compatible; MSIE 8.0; Windows NT 6.1)"
5.10.83.73 - - [17/Oct/2013:09:34:43 +0200] "GET /news.php?cs_go=archiv&cs_id=4362&cs_search= HTTP/1.1" 200 9723 "-" "Mozilla/5.0 (compatible; AhrefsBot/5.0; +http://ahrefs.com/robot/)"
5.10.83.73 - - [17/Oct/2013:09:35:40 +0200] "GET /lexikon.php?cs_go=3&cs_id=231 HTTP/1.1" 200 5972 "-" "Mozilla/5.0 (compatible; AhrefsBot/5.0; +http://ahrefs.com/robot/)"
5.10.83.95 - - [17/Oct/2013:09:36:55 +0200] "GET /lexikon.php?cs_go=2&cs_char=b HTTP/1.1" 200 7331 "-" "Mozilla/5.0 (compatible; AhrefsBot/5.0; +http://ahrefs.com/robot/)"
208.115.111.75 - - [17/Oct/2013:09:39:34 +0200] "GET /news.php?cs_go=archiv&cs_id=4491&cs_search= HTTP/1.1" 200 8463 "-" "Mozilla/5.0 (compatible; Ezooms/1.0; ezooms.bot@gmail.com)"
208.115.111.75 - - [17/Oct/2013:09:39:37 +0200] "GET /news.php?cs_go=archiv&cs_startpos=70 HTTP/1.1" 200 20467 "-" "Mozilla/5.0 (compatible; Ezooms/1.0; ezooms.bot@gmail.com)"
87.123.110.55 - - [17/Oct/2013:09:42:45 +0200] "GET / HTTP/1.1" 200 12402 "http://suche.gmx.net/web?q=berlin+heiz%C3%B6l+mink&origin=serp_rcd" "Mozilla/5.0 (Windows NT 6.1; rv:24.0) Gecko/20100101 Firefox/24.0"
87.123.110.55 - - [17/Oct/2013:09:42:46 +0200] "GET /style.css HTTP/1.1" 200 8402 "http://www.mink-gmbh.de/" "Mozilla/5.0 (Windows NT 6.1; rv:24.0) Gecko/20100101 Firefox/24.0"
87.123.110.55 - - [17/Oct/2013:09:42:46 +0200] "GET /js_contentserver24_greybox/gb_styles.css HTTP/1.1" 200 2302 "http://www.mink-gmbh.de/" "Mozilla/5.0 (Windows NT 6.1; rv:24.0) Gecko/20100101 Firefox/24.0"
87.123.110.55 - - [17/Oct/2013:09:42:46 +0200] "GET /favicon.ico HTTP/1.1" 200 3638 "-" "Mozilla/5.0 (Windows NT 6.1; rv:24.0) Gecko/20100101 Firefox/24.0"
87.123.110.55 - - [17/Oct/2013:09:42:46 +0200] "GET /modul.css HTTP/1.1" 200 35038 "http://www.mink-gmbh.de/" "Mozilla/5.0 (Windows NT 6.1; rv:24.0) Gecko/20100101 Firefox/24.0"
87.123.110.55 - - [17/Oct/2013:09:42:46 +0200] "GET /js_contentserver24_greybox/AJS.js HTTP/1.1" 200 10396 "http://www.mink-gmbh.de/" "Mozilla/5.0 (Windows NT 6.1; rv:24.0) Gecko/20100101 Firefox/24.0"
87.123.110.55 - - [17/Oct/2013:09:42:46 +0200] "GET /js_contentserver24_greybox/AJS_fx.js HTTP/1.1" 200 3192 "http://www.mink-gmbh.de/" "Mozilla/5.0 (Windows NT 6.1; rv:24.0) Gecko/20100101 Firefox/24.0"
87.123.110.55 - - [17/Oct/2013:09:42:46 +0200] "GET /js_contentserver24_greybox/gb_scripts.js HTTP/1.1" 200 11913 "http://www.mink-gmbh.de/" "Mozilla/5.0 (Windows NT 6.1; rv:24.0) Gecko/20100101 Firefox/24.0"
87.123.110.55 - - [17/Oct/2013:09:42:46 +0200] "GET /images/mail.jpg HTTP/1.1" 200 11165 "http://www.mink-gmbh.de/" "Mozilla/5.0 (Windows NT 6.1; rv:24.0) Gecko/20100101 Firefox/24.0"
87.123.110.55 - - [17/Oct/2013:09:42:46 +0200] "GET /images/kwk.gif HTTP/1.1" 200 6403 "http://www.mink-gmbh.de/" "Mozilla/5.0 (Windows NT 6.1; rv:24.0) Gecko/20100101 Firefox/24.0"
87.123.110.55 - - [17/Oct/2013:09:42:47 +0200] "GET /images/wunschpreis.jpg HTTP/1.1" 200 16767 "http://www.mink-gmbh.de/" "Mozilla/5.0 (Windows NT 6.1; rv:24.0) Gecko/20100101 Firefox/24.0"
87.123.110.55 - - [17/Oct/2013:09:42:47 +0200] "GET /images/logos.jpg?cache5600 HTTP/1.1" 200 35043 "http://www.mink-gmbh.de/" "Mozilla/5.0 (Windows NT 6.1; rv:24.0) Gecko/20100101 Firefox/24.0"
87.123.110.55 - - [17/Oct/2013:09:42:47 +0200] "GET /images/team-energie.png HTTP/1.1" 200 17383 "http://www.mink-gmbh.de/" "Mozilla/5.0 (Windows NT 6.1; rv:24.0) Gecko/20100101 Firefox/24.0"
87.123.110.55 - - [17/Oct/2013:09:42:46 +0200] "GET /images/tkw.jpg HTTP/1.1" 200 64031 "http://www.mink-gmbh.de/" "Mozilla/5.0 (Windows NT 6.1; rv:24.0) Gecko/20100101 Firefox/24.0"
87.123.110.55 - - [17/Oct/2013:09:42:47 +0200] "GET /images/bg.png HTTP/1.1" 200 922 "http://www.mink-gmbh.de/style.css" "Mozilla/5.0 (Windows NT 6.1; rv:24.0) Gecko/20100101 Firefox/24.0"
87.123.110.55 - - [17/Oct/2013:09:42:47 +0200] "GET /js_contentserver24_greybox/w_close.gif HTTP/1.1" 200 74 "http://www.mink-gmbh.de/" "Mozilla/5.0 (Windows NT 6.1; rv:24.0) Gecko/20100101 Firefox/24.0"
87.123.110.55 - - [17/Oct/2013:09:42:47 +0200] "GET /images/close.png HTTP/1.1" 200 703 "http://www.mink-gmbh.de/" "Mozilla/5.0 (Windows NT 6.1; rv:24.0) Gecko/20100101 Firefox/24.0"
87.123.110.55 - - [17/Oct/2013:09:42:47 +0200] "GET /images/freecall.jpg HTTP/1.1" 200 39195 "http://www.mink-gmbh.de/" "Mozilla/5.0 (Windows NT 6.1; rv:24.0) Gecko/20100101 Firefox/24.0"
87.123.110.55 - - [17/Oct/2013:09:42:47 +0200] "GET /images/newsletter_bg.jpg HTTP/1.1" 200 33610 "http://www.mink-gmbh.de/" "Mozilla/5.0 (Windows NT 6.1; rv:24.0) Gecko/20100101 Firefox/24.0"
87.123.110.55 - - [17/Oct/2013:09:42:47 +0200] "GET /images/newsletter.png HTTP/1.1" 200 14619 "http://www.mink-gmbh.de/style.css" "Mozilla/5.0 (Windows NT 6.1; rv:24.0) Gecko/20100101 Firefox/24.0"
87.123.110.55 - - [17/Oct/2013:09:42:47 +0200] "GET /images/navibg.png HTTP/1.1" 200 2803 "http://www.mink-gmbh.de/style.css" "Mozilla/5.0 (Windows NT 6.1; rv:24.0) Gecko/20100101 Firefox/24.0"
87.123.110.55 - - [17/Oct/2013:09:42:47 +0200] "GET /images/steigend.png HTTP/1.1" 200 688 "http://www.mink-gmbh.de/modul.css" "Mozilla/5.0 (Windows NT 6.1; rv:24.0) Gecko/20100101 Firefox/24.0"
87.123.110.55 - - [17/Oct/2013:09:42:47 +0200] "GET /images/fallend.png HTTP/1.1" 200 713 "http://www.mink-gmbh.de/modul.css" "Mozilla/5.0 (Windows NT 6.1; rv:24.0) Gecko/20100101 Firefox/24.0"
87.123.110.55 - - [17/Oct/2013:09:42:47 +0200] "GET /images/mobil.jpg HTTP/1.1" 200 25293 "http://www.mink-gmbh.de/style.css" "Mozilla/5.0 (Windows NT 6.1; rv:24.0) Gecko/20100101 Firefox/24.0"
87.123.110.55 - - [17/Oct/2013:09:42:47 +0200] "GET /images/newsletter.jpg HTTP/1.1" 200 13130 "http://www.mink-gmbh.de/style.css" "Mozilla/5.0 (Windows NT 6.1; rv:24.0) Gecko/20100101 Firefox/24.0"
87.123.110.55 - - [17/Oct/2013:09:42:47 +0200] "GET /images/wrapperbg.jpg HTTP/1.1" 200 27465 "http://www.mink-gmbh.de/style.css" "Mozilla/5.0 (Windows NT 6.1; rv:24.0) Gecko/20100101 Firefox/24.0"
87.123.110.55 - - [17/Oct/2013:09:42:47 +0200] "GET /images/footerbg.jpg HTTP/1.1" 200 2184 "http://www.mink-gmbh.de/style.css" "Mozilla/5.0 (Windows NT 6.1; rv:24.0) Gecko/20100101 Firefox/24.0"
87.123.110.55 - - [17/Oct/2013:09:42:47 +0200] "GET /images/header.jpg HTTP/1.1" 200 25189 "http://www.mink-gmbh.de/style.css" "Mozilla/5.0 (Windows NT 6.1; rv:24.0) Gecko/20100101 Firefox/24.0"
87.123.110.55 - - [17/Oct/2013:09:42:47 +0200] "GET /js_contentserver24_greybox/loader_frame.html?s=0 HTTP/1.1" 200 2084 "http://www.mink-gmbh.de/" "Mozilla/5.0 (Windows NT 6.1; rv:24.0) Gecko/20100101 Firefox/24.0"
87.123.110.55 - - [17/Oct/2013:09:42:47 +0200] "GET /js_contentserver24_greybox/header_bg.gif HTTP/1.1" 200 1188 "http://www.mink-gmbh.de/" "Mozilla/5.0 (Windows NT 6.1; rv:24.0) Gecko/20100101 Firefox/24.0"
87.123.110.55 - - [17/Oct/2013:09:42:47 +0200] "GET /js_contentserver24_greybox/indicator.gif HTTP/1.1" 200 8238 "http://www.mink-gmbh.de/js_contentserver24_greybox/loader_frame.html?s=0" "Mozilla/5.0 (Windows NT 6.1; rv:24.0) Gecko/20100101 Firefox/24.0"
87.123.110.55 - - [17/Oct/2013:09:42:48 +0200] "GET /js_contentserver24_greybox/g_close.gif HTTP/1.1" 200 541 "http://www.mink-gmbh.de/" "Mozilla/5.0 (Windows NT 6.1; rv:24.0) Gecko/20100101 Firefox/24.0"
5.10.83.72 - - [17/Oct/2013:09:43:23 +0200] "GET /lexikon.php?cs_go=3&cs_id=36 HTTP/1.1" 200 6321 "-" "Mozilla/5.0 (compatible; AhrefsBot/5.0; +http://ahrefs.com/robot/)"
87.123.110.55 - - [17/Oct/2013:09:43:24 +0200] "GET /preisanfrage.php HTTP/1.1" 200 8557 "http://www.mink-gmbh.de/" "Mozilla/5.0 (Windows NT 6.1; rv:24.0) Gecko/20100101 Firefox/24.0"
87.123.110.55 - - [17/Oct/2013:09:43:25 +0200] "GET /images/logos.jpg?cache2385 HTTP/1.1" 200 35043 "http://www.mink-gmbh.de/preisanfrage.php" "Mozilla/5.0 (Windows NT 6.1; rv:24.0) Gecko/20100101 Firefox/24.0"
87.123.110.55 - - [17/Oct/2013:09:43:51 +0200] "GET /wunschpreis.php HTTP/1.1" 200 10292 "http://www.mink-gmbh.de/preisanfrage.php" "Mozilla/5.0 (Windows NT 6.1; rv:24.0) Gecko/20100101 Firefox/24.0"
87.123.110.55 - - [17/Oct/2013:09:43:51 +0200] "GET /images/logos.jpg?cache3471 HTTP/1.1" 200 35043 "http://www.mink-gmbh.de/wunschpreis.php" "Mozilla/5.0 (Windows NT 6.1; rv:24.0) Gecko/20100101 Firefox/24.0"
87.123.110.55 - - [17/Oct/2013:09:44:04 +0200] "GET /preisanfrage.php HTTP/1.1" 200 8557 "http://www.mink-gmbh.de/wunschpreis.php" "Mozilla/5.0 (Windows NT 6.1; rv:24.0) Gecko/20100101 Firefox/24.0"
87.123.110.55 - - [17/Oct/2013:09:44:04 +0200] "GET /images/logos.jpg?cache1801 HTTP/1.1" 200 35043 "http://www.mink-gmbh.de/preisanfrage.php" "Mozilla/5.0 (Windows NT 6.1; rv:24.0) Gecko/20100101 Firefox/24.0"
66.249.78.46 - - [17/Oct/2013:09:45:22 +0200] "GET /news.php?cs_go=archiv&cs_id=4634&cs_search= HTTP/1.1" 200 7846 "-" "Mozilla/5.0 (iPhone; CPU iPhone OS 6_0 like Mac OS X) AppleWebKit/536.26 (KHTML, like Gecko) Version/6.0 Mobile/10A5376e Safari/8536.25 (compatible; Googlebot-Mobile/2.1; +http://www.google.com/bot.html)"
5.10.83.52 - - [17/Oct/2013:09:49:49 +0200] "GET /lexikon.php?cs_go=3&cs_id=79 HTTP/1.1" 200 5600 "-" "Mozilla/5.0 (compatible; AhrefsBot/5.0; +http://ahrefs.com/robot/)"
66.249.78.46 - - [17/Oct/2013:09:55:45 +0200] "GET /style.css HTTP/1.1" 200 8402 "http://www.mink-gmbh.de/news.php?cs_go=archiv&cs_id=4634&cs_search=" "Mozilla/5.0 (compatible; Googlebot/2.1; +http://www.google.com/bot.html)"
5.10.83.90 - - [17/Oct/2013:10:00:19 +0200] "GET /news.php?cs_go=archiv&cs_startpos=230 HTTP/1.1" 200 20167 "-" "Mozilla/5.0 (compatible; AhrefsBot/5.0; +http://ahrefs.com/robot/)"
5.10.83.103 - - [17/Oct/2013:10:13:17 +0200] "GET /news.php?cs_go=archiv&cs_id=4426&cs_search= HTTP/1.1" 200 13831 "-" "Mozilla/5.0 (compatible; AhrefsBot/5.0; +http://ahrefs.com/robot/)"
66.249.78.46 - - [17/Oct/2013:10:14:54 +0200] "GET /news.php?cs_go=archiv&cs_id=4224&cs_search= HTTP/1.1" 200 11772 "-" "Mozilla/5.0 (iPhone; CPU iPhone OS 6_0 like Mac OS X) AppleWebKit/536.26 (KHTML, like Gecko) Version/6.0 Mobile/10A5376e Safari/8536.25 (compatible; Googlebot-Mobile/2.1; +http://www.google.com/bot.html)"
5.10.83.37 - - [17/Oct/2013:10:19:12 +0200] "GET /lexikon.php?cs_go=3&cs_id=222 HTTP/1.1" 200 7224 "-" "Mozilla/5.0 (compatible; AhrefsBot/5.0; +http://ahrefs.com/robot/)"
5.10.83.98 - - [17/Oct/2013:10:21:29 +0200] "GET /lexikon.php?cs_go=3&cs_id=220 HTTP/1.1" 200 5622 "-" "Mozilla/5.0 (compatible; AhrefsBot/5.0; +http://ahrefs.com/robot/)"
141.8.147.12 - - [17/Oct/2013:10:23:45 +0200] "GET /kwk.php?cs_go=4 HTTP/1.1" 200 7855 "-" "Mozilla/5.0 (compatible; YandexBot/3.0; +http://yandex.com/bots)"
217.69.133.67 - - [17/Oct/2013:10:24:09 +0200] "GET /robots.txt HTTP/1.0" 200 177 "-" "Mozilla/5.0 (compatible; Linux x86_64; Mail.RU_Bot/2.0; +http://go.mail.ru/help/robots)"
217.69.133.67 - - [17/Oct/2013:10:24:10 +0200] "GET /news.php?cs_go=archiv&cs_id=4576 HTTP/1.0" 200 11973 "-" "Mozilla/5.0 (compatible; Linux x86_64; Mail.RU_Bot/2.0; +http://go.mail.ru/help/robots)"
5.10.83.72 - - [17/Oct/2013:10:27:12 +0200] "GET /news.php?cs_go=archiv&cs_id=4615 HTTP/1.1" 200 7694 "-" "Mozilla/5.0 (compatible; AhrefsBot/5.0; +http://ahrefs.com/robot/)"
5.10.83.95 - - [17/Oct/2013:10:30:09 +0200] "GET /news.php?cs_go=archiv&cs_id=4377&cs_search= HTTP/1.1" 200 9240 "-" "Mozilla/5.0 (compatible; AhrefsBot/5.0; +http://ahrefs.com/robot/)"
5.10.83.37 - - [17/Oct/2013:10:35:13 +0200] "GET /lexikon.php?cs_go=3&cs_id=225 HTTP/1.1" 200 5817 "-" "Mozilla/5.0 (compatible; AhrefsBot/5.0; +http://ahrefs.com/robot/)"
5.10.83.90 - - [17/Oct/2013:10:37:42 +0200] "GET /lexikon.php?cs_go=3&cs_id=90 HTTP/1.1" 200 7166 "-" "Mozilla/5.0 (compatible; AhrefsBot/5.0; +http://ahrefs.com/robot/)"
5.10.83.79 - - [17/Oct/2013:10:43:07 +0200] "GET /news.php?cs_go=archiv&cs_id=4472&cs_search= HTTP/1.1" 200 7814 "-" "Mozilla/5.0 (compatible; AhrefsBot/5.0; +http://ahrefs.com/robot/)"
66.249.78.46 - - [17/Oct/2013:10:45:21 +0200] "GET /images/logos.jpg?cache4120 HTTP/1.1" 200 35043 "-" "Googlebot-Image/1.0"
157.55.35.53 - - [17/Oct/2013:10:49:19 +0200] "GET /robots.txt HTTP/1.1" 200 177 "-" "Mozilla/5.0 (compatible; bingbot/2.0; +http://www.bing.com/bingbot.htm)"
157.55.35.53 - - [17/Oct/2013:10:52:30 +0200] "GET /wunschpreis.php HTTP/1.1" 200 10292 "-" "Mozilla/5.0 (compatible; bingbot/2.0; +http://www.bing.com/bingbot.htm)"
5.10.83.73 - - [17/Oct/2013:11:11:13 +0200] "GET /news.php?cs_go=archiv&cs_id=4519&cs_search= HTTP/1.1" 200 7935 "-" "Mozilla/5.0 (compatible; AhrefsBot/5.0; +http://ahrefs.com/robot/)"
157.55.33.20 - - [17/Oct/2013:11:21:33 +0200] "GET /news.php?cs_go=archiv&cs_id=4572&cs_search= HTTP/1.1" 200 11854 "-" "Mozilla/5.0 (compatible; bingbot/2.0; +http://www.bing.com/bingbot.htm)"
157.55.32.233 - - [17/Oct/2013:11:30:51 +0200] "GET /news.php?cs_go=archiv&cs_id=4351 HTTP/1.1" 200 11066 "-" "Mozilla/5.0 (compatible; bingbot/2.0; +http://www.bing.com/bingbot.htm)"
5.10.83.23 - - [17/Oct/2013:11:33:23 +0200] "GET /wunschpreis.php HTTP/1.1" 200 10292 "-" "Mozilla/5.0 (compatible; AhrefsBot/5.0; +http://ahrefs.com/robot/)"
5.10.83.52 - - [17/Oct/2013:11:37:41 +0200] "GET /news.php?cs_go=archiv&cs_startpos=180 HTTP/1.1" 200 20506 "-" "Mozilla/5.0 (compatible; AhrefsBot/5.0; +http://ahrefs.com/robot/)"
208.115.111.75 - - [17/Oct/2013:11:42:46 +0200] "GET /robots.txt HTTP/1.1" 200 177 "-" "Mozilla/5.0 (compatible; Ezooms/1.0; ezooms.bot@gmail.com)"
5.10.83.52 - - [17/Oct/2013:11:43:08 +0200] "GET /kwk.php HTTP/1.1" 200 8484 "-" "Mozilla/5.0 (compatible; AhrefsBot/5.0; +http://ahrefs.com/robot/)"
5.10.83.95 - - [17/Oct/2013:11:44:41 +0200] "GET /lexikon.php?cs_go=3&cs_id=210 HTTP/1.1" 200 7145 "-" "Mozilla/5.0 (compatible; AhrefsBot/5.0; +http://ahrefs.com/robot/)"
66.249.78.46 - - [17/Oct/2013:11:45:23 +0200] "GET /agb.php HTTP/1.1" 200 17598 "-" "Mozilla/5.0 (iPhone; CPU iPhone OS 6_0 like Mac OS X) AppleWebKit/536.26 (KHTML, like Gecko) Version/6.0 Mobile/10A5376e Safari/8536.25 (compatible; Googlebot-Mobile/2.1; +http://www.google.com/bot.html)"
5.10.83.23 - - [17/Oct/2013:11:48:27 +0200] "GET /news.php?cs_go=archiv&cs_id=4451&cs_search= HTTP/1.1" 200 8043 "-" "Mozilla/5.0 (compatible; AhrefsBot/5.0; +http://ahrefs.com/robot/)"
5.10.83.90 - - [17/Oct/2013:11:48:38 +0200] "GET /lexikon.php?cs_go=3&cs_id=57 HTTP/1.1" 200 7678 "-" "Mozilla/5.0 (compatible; AhrefsBot/5.0; +http://ahrefs.com/robot/)"
5.10.83.79 - - [17/Oct/2013:11:50:01 +0200] "GET /news.php?cs_go=archiv&cs_id=4632&cs_search= HTTP/1.1" 200 8183 "-" "Mozilla/5.0 (compatible; AhrefsBot/5.0; +http://ahrefs.com/robot/)"
141.8.147.12 - - [17/Oct/2013:11:57:41 +0200] "GET /robots.txt HTTP/1.1" 200 177 "-" "Mozilla/5.0 (compatible; YandexBot/3.0; +http://yandex.com/bots)"
217.69.133.217 - - [17/Oct/2013:11:57:53 +0200] "GET /robots.txt HTTP/1.0" 200 177 "-" "Mozilla/5.0 (compatible; Linux x86_64; Mail.RU_Bot/2.0; +http://go.mail.ru/help/robots)"
217.69.133.217 - - [17/Oct/2013:11:57:54 +0200] "GET /index.php HTTP/1.0" 200 12413 "-" "Mozilla/5.0 (compatible; Linux x86_64; Mail.RU_Bot/2.0; +http://go.mail.ru/help/robots)"
141.8.147.12 - - [17/Oct/2013:11:58:58 +0200] "GET /news.php?cs_go=archiv&cs_id=4616 HTTP/1.1" 200 9434 "-" "Mozilla/5.0 (compatible; YandexBot/3.0; +http://yandex.com/bots)"
141.8.147.12 - - [17/Oct/2013:12:06:04 +0200] "GET /news.php?cs_go=archiv&cs_id=4625 HTTP/1.1" 200 7701 "-" "Mozilla/5.0 (compatible; YandexBot/3.0; +http://yandex.com/bots)"
141.8.147.12 - - [17/Oct/2013:12:07:50 +0200] "GET /news.php?cs_go=archiv&cs_id=4611&cs_search= HTTP/1.1" 200 8128 "-" "Mozilla/5.0 (compatible; YandexBot/3.0; +http://yandex.com/bots)"
5.10.83.37 - - [17/Oct/2013:12:09:56 +0200] "GET /lexikon.php?cs_go=3&cs_id=117 HTTP/1.1" 200 5970 "-" "Mozilla/5.0 (compatible; AhrefsBot/5.0; +http://ahrefs.com/robot/)"
5.10.83.72 - - [17/Oct/2013:12:13:09 +0200] "GET /lexikon.php?cs_go=2&cs_char=x HTTP/1.1" 200 6211 "-" "Mozilla/5.0 (compatible; AhrefsBot/5.0; +http://ahrefs.com/robot/)"
5.10.83.37 - - [17/Oct/2013:12:13:47 +0200] "GET /lexikon.php?cs_go=3&cs_id=124 HTTP/1.1" 200 6092 "-" "Mozilla/5.0 (compatible; AhrefsBot/5.0; +http://ahrefs.com/robot/)"
5.10.83.23 - - [17/Oct/2013:12:25:44 +0200] "GET /news.php?cs_go=archiv&cs_id=4638&cs_search= HTTP/1.1" 200 11423 "-" "Mozilla/5.0 (compatible; AhrefsBot/5.0; +http://ahrefs.com/robot/)"
5.10.83.103 - - [17/Oct/2013:12:33:47 +0200] "GET /news.php?cs_go=archiv&cs_id=4408&cs_search= HTTP/1.1" 200 10307 "-" "Mozilla/5.0 (compatible; AhrefsBot/5.0; +http://ahrefs.com/robot/)"
5.10.83.73 - - [17/Oct/2013:12:34:53 +0200] "GET /lexikon.php?cs_go=3&cs_id=47 HTTP/1.1" 200 8760 "-" "Mozilla/5.0 (compatible; AhrefsBot/5.0; +http://ahrefs.com/robot/)"
65.36.241.79 - - [17/Oct/2013:12:40:24 +0200] "HEAD / HTTP/1.1" 200 - "-" "InternetSeer.com"
5.10.83.90 - - [17/Oct/2013:12:43:19 +0200] "GET /lexikon.php?cs_go=3&cs_id=214 HTTP/1.1" 200 5740 "-" "Mozilla/5.0 (compatible; AhrefsBot/5.0; +http://ahrefs.com/robot/)"
5.10.83.98 - - [17/Oct/2013:12:49:15 +0200] "GET /standard.php HTTP/1.1" 200 6807 "-" "Mozilla/5.0 (compatible; AhrefsBot/5.0; +http://ahrefs.com/robot/)"
5.10.83.98 - - [17/Oct/2013:12:55:55 +0200] "GET /news.php?cs_go=archiv&cs_startpos=0 HTTP/1.1" 200 19809 "-" "Mozilla/5.0 (compatible; AhrefsBot/5.0; +http://ahrefs.com/robot/)"
5.10.83.37 - - [17/Oct/2013:12:57:14 +0200] "GET /news.php?cs_go=archiv&cs_id=4579&cs_search= HTTP/1.1" 200 9006 "-" "Mozilla/5.0 (compatible; AhrefsBot/5.0; +http://ahrefs.com/robot/)"
141.8.147.12 - - [17/Oct/2013:12:57:18 +0200] "GET / HTTP/1.1" 200 12413 "-" "Mozilla/5.0 (compatible; YandexBot/3.0; +http://yandex.com/bots)"
5.10.83.37 - - [17/Oct/2013:13:06:33 +0200] "GET /lexikon.php?cs_go=3&cs_id=208 HTTP/1.1" 200 5958 "-" "Mozilla/5.0 (compatible; AhrefsBot/5.0; +http://ahrefs.com/robot/)"
5.10.83.23 - - [17/Oct/2013:13:10:26 +0200] "GET /news.php?cs_go=archiv&cs_id=4427&cs_search= HTTP/1.1" 200 7551 "-" "Mozilla/5.0 (compatible; AhrefsBot/5.0; +http://ahrefs.com/robot/)"
5.10.83.95 - - [17/Oct/2013:13:11:11 +0200] "GET /lexikon.php?cs_go=3&cs_id=166 HTTP/1.1" 200 6792 "-" "Mozilla/5.0 (compatible; AhrefsBot/5.0; +http://ahrefs.com/robot/)"
5.10.83.68 - - [17/Oct/2013:13:18:24 +0200] "GET /news.php?cs_go=archiv&cs_id=4619&cs_search= HTTP/1.1" 200 7729 "-" "Mozilla/5.0 (compatible; AhrefsBot/5.0; +http://ahrefs.com/robot/)"
5.10.83.79 - - [17/Oct/2013:13:25:05 +0200] "GET /news.php?cs_go=archiv&cs_id=4389&cs_search= HTTP/1.1" 200 7647 "-" "Mozilla/5.0 (compatible; AhrefsBot/5.0; +http://ahrefs.com/robot/)"
66.249.78.46 - - [17/Oct/2013:13:28:15 +0200] "GET /images/logos.jpg?cache8619 HTTP/1.1" 200 35043 "-" "Googlebot-Image/1.0"
5.10.83.98 - - [17/Oct/2013:13:33:20 +0200] "GET /foerdermittel.php HTTP/1.1" 200 10510 "-" "Mozilla/5.0 (compatible; AhrefsBot/5.0; +http://ahrefs.com/robot/)"
5.10.83.103 - - [17/Oct/2013:13:39:04 +0200] "GET /news.php?cs_go=archiv&cs_id=4506&cs_search= HTTP/1.1" 200 8048 "-" "Mozilla/5.0 (compatible; AhrefsBot/5.0; +http://ahrefs.com/robot/)"
208.115.111.75 - - [17/Oct/2013:13:48:16 +0200] "GET /optiplus.php HTTP/1.1" 200 8676 "-" "Mozilla/5.0 (compatible; Ezooms/1.0; ezooms.bot@gmail.com)"
5.10.83.23 - - [17/Oct/2013:13:53:21 +0200] "GET /lexikon.php?cs_go=2&cs_char=n HTTP/1.1" 200 6179 "-" "Mozilla/5.0 (compatible; AhrefsBot/5.0; +http://ahrefs.com/robot/)"
5.10.83.73 - - [17/Oct/2013:13:57:01 +0200] "GET /lexikon.php?cs_go=3&cs_id=129 HTTP/1.1" 200 6248 "-" "Mozilla/5.0 (compatible; AhrefsBot/5.0; +http://ahrefs.com/robot/)"
208.115.113.91 - - [17/Oct/2013:13:58:27 +0200] "GET /robots.txt HTTP/1.1" 200 177 "-" "Mozilla/5.0 (compatible; Ezooms/1.0; ezooms.bot@gmail.com)"
123.125.71.79 - - [17/Oct/2013:14:10:14 +0200] "GET /robots.txt HTTP/1.1" 200 177 "-" "Mozilla/5.0 (compatible; Baiduspider/2.0; +http://www.baidu.com/search/spider.html)"
5.10.83.90 - - [17/Oct/2013:14:12:53 +0200] "GET /news.php?cs_go=archiv&cs_id=4364&cs_search= HTTP/1.1" 200 7632 "-" "Mozilla/5.0 (compatible; AhrefsBot/5.0; +http://ahrefs.com/robot/)"
141.8.147.12 - - [17/Oct/2013:14:12:57 +0200] "GET /index.php HTTP/1.1" 200 12435 "-" "Mozilla/5.0 (compatible; YandexBot/3.0; +http://yandex.com/bots)"
5.10.83.103 - - [17/Oct/2013:14:13:56 +0200] "GET /news.php?cs_go=archiv&cs_id=4485&cs_search= HTTP/1.1" 200 7717 "-" "Mozilla/5.0 (compatible; AhrefsBot/5.0; +http://ahrefs.com/robot/)"
141.8.147.12 - - [17/Oct/2013:14:17:53 +0200] "GET /news.php?cs_go=archiv&cs_id=4473&cs_search= HTTP/1.1" 200 7972 "-" "Mozilla/5.0 (compatible; YandexBot/3.0; +http://yandex.com/bots)"
141.8.147.12 - - [17/Oct/2013:14:17:56 +0200] "GET /news.php?cs_go=archiv&cs_id=4470&cs_search= HTTP/1.1" 200 8340 "-" "Mozilla/5.0 (compatible; YandexBot/3.0; +http://yandex.com/bots)"
79.251.154.66 - - [17/Oct/2013:14:34:33 +0200] "GET /style.css HTTP/1.1" 200 8402 "http://www.mink-gmbh.de/" "Mozilla/5.0 (Windows NT 6.1; rv:24.0) Gecko/20100101 Firefox/24.0"
79.251.154.66 - - [17/Oct/2013:14:34:33 +0200] "GET /favicon.ico HTTP/1.1" 200 3638 "-" "Mozilla/5.0 (Windows NT 6.1; rv:24.0) Gecko/20100101 Firefox/24.0"
79.251.154.66 - - [17/Oct/2013:14:34:33 +0200] "GET /modul.css HTTP/1.1" 200 35038 "http://www.mink-gmbh.de/" "Mozilla/5.0 (Windows NT 6.1; rv:24.0) Gecko/20100101 Firefox/24.0"
79.251.154.66 - - [17/Oct/2013:14:34:34 +0200] "GET /js_contentserver24_greybox/gb_styles.css HTTP/1.1" 200 2302 "http://www.mink-gmbh.de/" "Mozilla/5.0 (Windows NT 6.1; rv:24.0) Gecko/20100101 Firefox/24.0"
79.251.154.66 - - [17/Oct/2013:14:34:34 +0200] "GET /js_contentserver24_greybox/AJS_fx.js HTTP/1.1" 200 3192 "http://www.mink-gmbh.de/" "Mozilla/5.0 (Windows NT 6.1; rv:24.0) Gecko/20100101 Firefox/24.0"
79.251.154.66 - - [17/Oct/2013:14:34:34 +0200] "GET /js_contentserver24_greybox/gb_scripts.js HTTP/1.1" 200 11913 "http://www.mink-gmbh.de/" "Mozilla/5.0 (Windows NT 6.1; rv:24.0) Gecko/20100101 Firefox/24.0"
79.251.154.66 - - [17/Oct/2013:14:34:34 +0200] "GET /js_contentserver24_greybox/AJS.js HTTP/1.1" 200 10396 "http://www.mink-gmbh.de/" "Mozilla/5.0 (Windows NT 6.1; rv:24.0) Gecko/20100101 Firefox/24.0"
79.251.154.66 - - [17/Oct/2013:14:34:34 +0200] "GET /images/bg.png HTTP/1.1" 200 922 "http://www.mink-gmbh.de/style.css" "Mozilla/5.0 (Windows NT 6.1; rv:24.0) Gecko/20100101 Firefox/24.0"
79.251.154.66 - - [17/Oct/2013:14:34:34 +0200] "GET /images/close.png HTTP/1.1" 200 703 "http://www.mink-gmbh.de/" "Mozilla/5.0 (Windows NT 6.1; rv:24.0) Gecko/20100101 Firefox/24.0"
79.251.154.66 - - [17/Oct/2013:14:34:34 +0200] "GET /js_contentserver24_greybox/w_close.gif HTTP/1.1" 200 74 "http://www.mink-gmbh.de/" "Mozilla/5.0 (Windows NT 6.1; rv:24.0) Gecko/20100101 Firefox/24.0"
79.251.154.66 - - [17/Oct/2013:14:34:33 +0200] "GET / HTTP/1.1" 200 12435 "-" "Mozilla/5.0 (Windows NT 6.1; rv:24.0) Gecko/20100101 Firefox/24.0"
79.251.154.66 - - [17/Oct/2013:14:34:34 +0200] "GET /images/newsletter_bg.jpg HTTP/1.1" 200 33610 "http://www.mink-gmbh.de/" "Mozilla/5.0 (Windows NT 6.1; rv:24.0) Gecko/20100101 Firefox/24.0"
79.251.154.66 - - [17/Oct/2013:14:34:34 +0200] "GET /images/newsletter.png HTTP/1.1" 200 14619 "http://www.mink-gmbh.de/style.css" "Mozilla/5.0 (Windows NT 6.1; rv:24.0) Gecko/20100101 Firefox/24.0"
79.251.154.66 - - [17/Oct/2013:14:34:34 +0200] "GET /images/wrapperbg.jpg HTTP/1.1" 200 27465 "http://www.mink-gmbh.de/style.css" "Mozilla/5.0 (Windows NT 6.1; rv:24.0) Gecko/20100101 Firefox/24.0"
79.251.154.66 - - [17/Oct/2013:14:34:34 +0200] "GET /images/header.jpg HTTP/1.1" 200 25189 "http://www.mink-gmbh.de/style.css" "Mozilla/5.0 (Windows NT 6.1; rv:24.0) Gecko/20100101 Firefox/24.0"
79.251.154.66 - - [17/Oct/2013:14:34:34 +0200] "GET /images/navibg.png HTTP/1.1" 200 2803 "http://www.mink-gmbh.de/style.css" "Mozilla/5.0 (Windows NT 6.1; rv:24.0) Gecko/20100101 Firefox/24.0"
79.251.154.66 - - [17/Oct/2013:14:34:34 +0200] "GET /images/steigend.png HTTP/1.1" 200 688 "http://www.mink-gmbh.de/modul.css" "Mozilla/5.0 (Windows NT 6.1; rv:24.0) Gecko/20100101 Firefox/24.0"
79.251.154.66 - - [17/Oct/2013:14:34:34 +0200] "GET /images/fallend.png HTTP/1.1" 200 713 "http://www.mink-gmbh.de/modul.css" "Mozilla/5.0 (Windows NT 6.1; rv:24.0) Gecko/20100101 Firefox/24.0"
79.251.154.66 - - [17/Oct/2013:14:34:34 +0200] "GET /images/team-energie.png HTTP/1.1" 200 17383 "http://www.mink-gmbh.de/" "Mozilla/5.0 (Windows NT 6.1; rv:24.0) Gecko/20100101 Firefox/24.0"
79.251.154.66 - - [17/Oct/2013:14:34:34 +0200] "GET /images/freecall.jpg HTTP/1.1" 200 39195 "http://www.mink-gmbh.de/" "Mozilla/5.0 (Windows NT 6.1; rv:24.0) Gecko/20100101 Firefox/24.0"
79.251.154.66 - - [17/Oct/2013:14:34:34 +0200] "GET /images/mail.jpg HTTP/1.1" 200 11165 "http://www.mink-gmbh.de/" "Mozilla/5.0 (Windows NT 6.1; rv:24.0) Gecko/20100101 Firefox/24.0"
79.251.154.66 - - [17/Oct/2013:14:34:34 +0200] "GET /images/kwk.gif HTTP/1.1" 200 6403 "http://www.mink-gmbh.de/" "Mozilla/5.0 (Windows NT 6.1; rv:24.0) Gecko/20100101 Firefox/24.0"
79.251.154.66 - - [17/Oct/2013:14:34:34 +0200] "GET /images/wunschpreis.jpg HTTP/1.1" 200 16767 "http://www.mink-gmbh.de/" "Mozilla/5.0 (Windows NT 6.1; rv:24.0) Gecko/20100101 Firefox/24.0"
79.251.154.66 - - [17/Oct/2013:14:34:34 +0200] "GET /images/logos.jpg?cache1407 HTTP/1.1" 200 35043 "http://www.mink-gmbh.de/" "Mozilla/5.0 (Windows NT 6.1; rv:24.0) Gecko/20100101 Firefox/24.0"
79.251.154.66 - - [17/Oct/2013:14:34:34 +0200] "GET /images/mobil.jpg HTTP/1.1" 200 25293 "http://www.mink-gmbh.de/style.css" "Mozilla/5.0 (Windows NT 6.1; rv:24.0) Gecko/20100101 Firefox/24.0"
79.251.154.66 - - [17/Oct/2013:14:34:34 +0200] "GET /images/newsletter.jpg HTTP/1.1" 200 13130 "http://www.mink-gmbh.de/style.css" "Mozilla/5.0 (Windows NT 6.1; rv:24.0) Gecko/20100101 Firefox/24.0"
79.251.154.66 - - [17/Oct/2013:14:34:34 +0200] "GET /images/footerbg.jpg HTTP/1.1" 200 2184 "http://www.mink-gmbh.de/style.css" "Mozilla/5.0 (Windows NT 6.1; rv:24.0) Gecko/20100101 Firefox/24.0"
79.251.154.66 - - [17/Oct/2013:14:34:34 +0200] "GET /images/tkw.jpg HTTP/1.1" 200 64031 "http://www.mink-gmbh.de/" "Mozilla/5.0 (Windows NT 6.1; rv:24.0) Gecko/20100101 Firefox/24.0"
79.251.154.66 - - [17/Oct/2013:14:34:34 +0200] "GET /js_contentserver24_greybox/loader_frame.html?s=0 HTTP/1.1" 200 2084 "http://www.mink-gmbh.de/" "Mozilla/5.0 (Windows NT 6.1; rv:24.0) Gecko/20100101 Firefox/24.0"
79.251.154.66 - - [17/Oct/2013:14:34:34 +0200] "GET /js_contentserver24_greybox/header_bg.gif HTTP/1.1" 200 1188 "http://www.mink-gmbh.de/" "Mozilla/5.0 (Windows NT 6.1; rv:24.0) Gecko/20100101 Firefox/24.0"
79.251.154.66 - - [17/Oct/2013:14:34:34 +0200] "GET /js_contentserver24_greybox/indicator.gif HTTP/1.1" 200 8238 "http://www.mink-gmbh.de/js_contentserver24_greybox/loader_frame.html?s=0" "Mozilla/5.0 (Windows NT 6.1; rv:24.0) Gecko/20100101 Firefox/24.0"
79.251.154.66 - - [17/Oct/2013:14:34:35 +0200] "GET /js_contentserver24_greybox/g_close.gif HTTP/1.1" 200 541 "http://www.mink-gmbh.de/" "Mozilla/5.0 (Windows NT 6.1; rv:24.0) Gecko/20100101 Firefox/24.0"
5.10.83.95 - - [17/Oct/2013:14:38:39 +0200] "GET /lexikon.php?cs_go=3&cs_id=29 HTTP/1.1" 200 5992 "-" "Mozilla/5.0 (compatible; AhrefsBot/5.0; +http://ahrefs.com/robot/)"
5.10.83.81 - - [17/Oct/2013:14:49:07 +0200] "GET /news.php?cs_go=archiv&cs_id=4608&cs_search= HTTP/1.1" 200 11354 "-" "Mozilla/5.0 (compatible; AhrefsBot/5.0; +http://ahrefs.com/robot/)"
5.10.83.72 - - [17/Oct/2013:14:49:50 +0200] "GET /news.php?cs_go=archiv&cs_id=4417&cs_search= HTTP/1.1" 200 11579 "-" "Mozilla/5.0 (compatible; AhrefsBot/5.0; +http://ahrefs.com/robot/)"
5.10.83.23 - - [17/Oct/2013:14:54:11 +0200] "GET /news.php?cs_go=archiv&cs_id=4575&cs_search= HTTP/1.1" 200 8405 "-" "Mozilla/5.0 (compatible; AhrefsBot/5.0; +http://ahrefs.com/robot/)"
5.10.83.98 - - [17/Oct/2013:14:57:41 +0200] "GET /lexikon.php?cs_go=2&cs_char=u HTTP/1.1" 200 6345 "-" "Mozilla/5.0 (compatible; AhrefsBot/5.0; +http://ahrefs.com/robot/)"
5.10.83.72 - - [17/Oct/2013:15:07:59 +0200] "GET /lexikon.php?cs_go=3&cs_id=197 HTTP/1.1" 200 5594 "-" "Mozilla/5.0 (compatible; AhrefsBot/5.0; +http://ahrefs.com/robot/)"
5.10.83.79 - - [17/Oct/2013:15:10:42 +0200] "GET /lexikon.php?cs_go=3&cs_id=82 HTTP/1.1" 200 5990 "-" "Mozilla/5.0 (compatible; AhrefsBot/5.0; +http://ahrefs.com/robot/)"
5.10.83.37 - - [17/Oct/2013:15:12:44 +0200] "GET /news.php?cs_go=archiv&cs_id=4497&cs_search= HTTP/1.1" 200 9440 "-" "Mozilla/5.0 (compatible; AhrefsBot/5.0; +http://ahrefs.com/robot/)"
5.10.83.72 - - [17/Oct/2013:15:13:33 +0200] "GET /news.php?cs_go=archiv&cs_id=4568&cs_search= HTTP/1.1" 200 9668 "-" "Mozilla/5.0 (compatible; AhrefsBot/5.0; +http://ahrefs.com/robot/)"
5.10.83.72 - - [17/Oct/2013:15:22:28 +0200] "GET /news.php?cs_go=archiv&cs_id=4635&cs_search= HTTP/1.1" 200 7684 "-" "Mozilla/5.0 (compatible; AhrefsBot/5.0; +http://ahrefs.com/robot/)"
5.10.83.72 - - [17/Oct/2013:15:23:18 +0200] "GET /news.php?cs_go=archiv&cs_id=4504&cs_search= HTTP/1.1" 200 11806 "-" "Mozilla/5.0 (compatible; AhrefsBot/5.0; +http://ahrefs.com/robot/)"
5.10.83.90 - - [17/Oct/2013:15:34:34 +0200] "GET /news.php?cs_go=archiv&cs_id=4416&cs_search= HTTP/1.1" 200 10436 "-" "Mozilla/5.0 (compatible; AhrefsBot/5.0; +http://ahrefs.com/robot/)"
66.249.78.46 - - [17/Oct/2013:15:34:41 +0200] "GET /images/logos.jpg?cache9946 HTTP/1.1" 200 35043 "-" "Googlebot-Image/1.0"
5.10.83.79 - - [17/Oct/2013:15:37:53 +0200] "GET /news.php?cs_go=archiv&cs_id=4358&cs_search= HTTP/1.1" 200 7537 "-" "Mozilla/5.0 (compatible; AhrefsBot/5.0; +http://ahrefs.com/robot/)"
5.10.83.95 - - [17/Oct/2013:15:40:59 +0200] "GET /news.php?cs_go=archiv&cs_id=4486&cs_search= HTTP/1.1" 200 11619 "-" "Mozilla/5.0 (compatible; AhrefsBot/5.0; +http://ahrefs.com/robot/)"
5.10.83.23 - - [17/Oct/2013:15:43:09 +0200] "GET /news.php?cs_go=archiv&cs_id=4419&cs_search= HTTP/1.1" 200 8730 "-" "Mozilla/5.0 (compatible; AhrefsBot/5.0; +http://ahrefs.com/robot/)"
5.10.83.95 - - [17/Oct/2013:15:49:34 +0200] "GET /lexikon.php?cs_go=3&cs_id=99 HTTP/1.1" 200 7101 "-" "Mozilla/5.0 (compatible; AhrefsBot/5.0; +http://ahrefs.com/robot/)"
5.10.83.103 - - [17/Oct/2013:15:50:34 +0200] "GET /news.php?cs_go=archiv&cs_id=4471&cs_search= HTTP/1.1" 200 11789 "-" "Mozilla/5.0 (compatible; AhrefsBot/5.0; +http://ahrefs.com/robot/)"
5.10.83.90 - - [17/Oct/2013:16:04:01 +0200] "GET /news.php?cs_go=archiv&cs_id=4580&cs_search= HTTP/1.1" 200 11497 "-" "Mozilla/5.0 (compatible; AhrefsBot/5.0; +http://ahrefs.com/robot/)"
5.10.83.73 - - [17/Oct/2013:16:04:41 +0200] "GET /news.php?cs_go=archiv&cs_id=4599&cs_search= HTTP/1.1" 200 7546 "-" "Mozilla/5.0 (compatible; AhrefsBot/5.0; +http://ahrefs.com/robot/)"
5.10.83.90 - - [17/Oct/2013:16:04:48 +0200] "GET /news.php?cs_go=archiv&cs_id=4602&cs_search= HTTP/1.1" 200 8005 "-" "Mozilla/5.0 (compatible; AhrefsBot/5.0; +http://ahrefs.com/robot/)"
141.8.147.12 - - [17/Oct/2013:16:04:52 +0200] "GET /news.php HTTP/1.1" 200 19856 "-" "Mozilla/5.0 (compatible; YandexBot/3.0; +http://yandex.com/bots)"
5.10.83.90 - - [17/Oct/2013:16:06:05 +0200] "GET /lexikon.php?cs_go=3&cs_id=115 HTTP/1.1" 200 7183 "-" "Mozilla/5.0 (compatible; AhrefsBot/5.0; +http://ahrefs.com/robot/)"
5.10.83.98 - - [17/Oct/2013:16:06:22 +0200] "GET /news.php?cs_go=archiv&cs_startpos=30 HTTP/1.1" 200 20512 "-" "Mozilla/5.0 (compatible; AhrefsBot/5.0; +http://ahrefs.com/robot/)"
5.10.83.37 - - [17/Oct/2013:16:06:36 +0200] "GET /news.php?cs_go=archiv&cs_startpos=20 HTTP/1.1" 200 20265 "-" "Mozilla/5.0 (compatible; AhrefsBot/5.0; +http://ahrefs.com/robot/)"
66.249.78.46 - - [17/Oct/2013:16:08:30 +0200] "GET /robots.txt HTTP/1.1" 200 177 "-" "Mozilla/5.0 (compatible; Googlebot/2.1; +http://www.google.com/bot.html)"
66.249.78.46 - - [17/Oct/2013:16:08:30 +0200] "GET /images/logos.jpg?cache4862 HTTP/1.1" 200 35043 "-" "Googlebot-Image/1.0"
5.10.83.52 - - [17/Oct/2013:16:12:38 +0200] "GET /lexikon.php?cs_go=3&cs_id=211 HTTP/1.1" 200 6164 "-" "Mozilla/5.0 (compatible; AhrefsBot/5.0; +http://ahrefs.com/robot/)"
5.10.83.68 - - [17/Oct/2013:16:15:06 +0200] "GET /lexikon.php?cs_go=3&cs_id=169 HTTP/1.1" 200 5636 "-" "Mozilla/5.0 (compatible; AhrefsBot/5.0; +http://ahrefs.com/robot/)"
208.115.113.91 - - [17/Oct/2013:16:18:17 +0200] "GET /news.php?cs_go=archiv&cs_id=4421&cs_search= HTTP/1.1" 200 7536 "-" "Mozilla/5.0 (compatible; Ezooms/1.0; ezooms.bot@gmail.com)"
5.10.83.23 - - [17/Oct/2013:16:22:08 +0200] "GET /news.php?cs_go=archiv&cs_id=4409&cs_search= HTTP/1.1" 200 7838 "-" "Mozilla/5.0 (compatible; AhrefsBot/5.0; +http://ahrefs.com/robot/)"
5.10.83.95 - - [17/Oct/2013:16:25:50 +0200] "GET /agb.php HTTP/1.1" 200 17598 "-" "Mozilla/5.0 (compatible; AhrefsBot/5.0; +http://ahrefs.com/robot/)"
5.10.83.73 - - [17/Oct/2013:16:36:05 +0200] "GET /lexikon.php?cs_go=3&cs_id=213 HTTP/1.1" 200 6093 "-" "Mozilla/5.0 (compatible; AhrefsBot/5.0; +http://ahrefs.com/robot/)"
217.69.133.217 - - [17/Oct/2013:16:37:52 +0200] "GET /robots.txt HTTP/1.0" 200 177 "-" "Mozilla/5.0 (compatible; Linux x86_64; Mail.RU_Bot/2.0; +http://go.mail.ru/help/robots)"
217.69.133.218 - - [17/Oct/2013:16:37:54 +0200] "GET /preisanfrage.php HTTP/1.0" 200 8557 "-" "Mozilla/5.0 (compatible; Linux x86_64; Mail.RU_Bot/2.0; +http://go.mail.ru/help/robots)"
217.69.133.215 - - [17/Oct/2013:16:37:55 +0200] "GET /news.php?cs_go=archiv&cs_id=4567 HTTP/1.0" 200 9165 "-" "Mozilla/5.0 (compatible; Linux x86_64; Mail.RU_Bot/2.0; +http://go.mail.ru/help/robots)"
5.10.83.81 - - [17/Oct/2013:16:45:17 +0200] "GET /lexikon.php?cs_go=3&cs_id=84 HTTP/1.1" 200 5956 "-" "Mozilla/5.0 (compatible; AhrefsBot/5.0; +http://ahrefs.com/robot/)"
66.249.78.46 - - [17/Oct/2013:16:58:57 +0200] "GET /images/logos.jpg?cache4561 HTTP/1.1" 200 35043 "-" "Googlebot-Image/1.0"
5.10.83.98 - - [17/Oct/2013:17:03:53 +0200] "GET /news.php?cs_go=archiv&cs_startpos=241 HTTP/1.1" 200 20427 "-" "Mozilla/5.0 (compatible; AhrefsBot/5.0; +http://ahrefs.com/robot/)"
141.8.147.12 - - [17/Oct/2013:17:08:43 +0200] "GET /news.php?cs_go=archiv&cs_startpos=571 HTTP/1.1" 200 5727 "-" "Mozilla/5.0 (compatible; YandexBot/3.0; +http://yandex.com/bots)"
5.10.83.90 - - [17/Oct/2013:17:25:37 +0200] "GET /news.php?cs_go=archiv&cs_id=4420&cs_search= HTTP/1.1" 200 10169 "-" "Mozilla/5.0 (compatible; AhrefsBot/5.0; +http://ahrefs.com/robot/)"
5.10.83.81 - - [17/Oct/2013:17:26:12 +0200] "GET /news.php?cs_go=archiv&cs_id=4498&cs_search= HTTP/1.1" 200 9227 "-" "Mozilla/5.0 (compatible; AhrefsBot/5.0; +http://ahrefs.com/robot/)"
91.9.218.71 - - [17/Oct/2013:17:35:04 +0200] "GET /agb.php HTTP/1.1" 200 17598 "http://www.google.de/url?sa=t&rct=j&q=&esrc=s&source=web&cd=39&ved=0CHsQFjAIOB4&url=http%3A%2F%2Fwww.mink-gmbh.de%2Fagb.php&ei=aQNgUuPvHMLtswbYmYDADQ&usg=AFQjCNHBvP9iHiLUgIDG2G0vQqMKPCAwoA&bvm=bv.54176721,d.Yms" "Mozilla/5.0 (Windows NT 5.1; rv:24.0) Gecko/20100101 Firefox/24.0"
91.9.218.71 - - [17/Oct/2013:17:35:04 +0200] "GET /style.css HTTP/1.1" 200 8402 "http://www.mink-gmbh.de/agb.php" "Mozilla/5.0 (Windows NT 5.1; rv:24.0) Gecko/20100101 Firefox/24.0"
91.9.218.71 - - [17/Oct/2013:17:35:04 +0200] "GET /favicon.ico HTTP/1.1" 200 3638 "-" "Mozilla/5.0 (Windows NT 5.1; rv:24.0) Gecko/20100101 Firefox/24.0"
91.9.218.71 - - [17/Oct/2013:17:35:04 +0200] "GET /modul.css HTTP/1.1" 200 35038 "http://www.mink-gmbh.de/agb.php" "Mozilla/5.0 (Windows NT 5.1; rv:24.0) Gecko/20100101 Firefox/24.0"
91.9.218.71 - - [17/Oct/2013:17:35:05 +0200] "GET /images/wunschpreis.jpg HTTP/1.1" 200 16767 "http://www.mink-gmbh.de/agb.php" "Mozilla/5.0 (Windows NT 5.1; rv:24.0) Gecko/20100101 Firefox/24.0"
91.9.218.71 - - [17/Oct/2013:17:35:05 +0200] "GET /images/kwk.gif HTTP/1.1" 200 6403 "http://www.mink-gmbh.de/agb.php" "Mozilla/5.0 (Windows NT 5.1; rv:24.0) Gecko/20100101 Firefox/24.0"
91.9.218.71 - - [17/Oct/2013:17:35:05 +0200] "GET /images/newsletter.png HTTP/1.1" 200 14619 "http://www.mink-gmbh.de/style.css" "Mozilla/5.0 (Windows NT 5.1; rv:24.0) Gecko/20100101 Firefox/24.0"
91.9.218.71 - - [17/Oct/2013:17:35:05 +0200] "GET /images/bg.png HTTP/1.1" 200 922 "http://www.mink-gmbh.de/style.css" "Mozilla/5.0 (Windows NT 5.1; rv:24.0) Gecko/20100101 Firefox/24.0"
91.9.218.71 - - [17/Oct/2013:17:35:05 +0200] "GET /images/wrapperbg.jpg HTTP/1.1" 200 27465 "http://www.mink-gmbh.de/style.css" "Mozilla/5.0 (Windows NT 5.1; rv:24.0) Gecko/20100101 Firefox/24.0"
91.9.218.71 - - [17/Oct/2013:17:35:05 +0200] "GET /images/header.jpg HTTP/1.1" 200 25189 "http://www.mink-gmbh.de/style.css" "Mozilla/5.0 (Windows NT 5.1; rv:24.0) Gecko/20100101 Firefox/24.0"
91.9.218.71 - - [17/Oct/2013:17:35:05 +0200] "GET /images/freecall.jpg HTTP/1.1" 200 39195 "http://www.mink-gmbh.de/agb.php" "Mozilla/5.0 (Windows NT 5.1; rv:24.0) Gecko/20100101 Firefox/24.0"
91.9.218.71 - - [17/Oct/2013:17:35:05 +0200] "GET /images/navibg.png HTTP/1.1" 200 2803 "http://www.mink-gmbh.de/style.css" "Mozilla/5.0 (Windows NT 5.1; rv:24.0) Gecko/20100101 Firefox/24.0"
91.9.218.71 - - [17/Oct/2013:17:35:05 +0200] "GET /images/logos.jpg?cache1657 HTTP/1.1" 200 35043 "http://www.mink-gmbh.de/agb.php" "Mozilla/5.0 (Windows NT 5.1; rv:24.0) Gecko/20100101 Firefox/24.0"
91.9.218.71 - - [17/Oct/2013:17:35:05 +0200] "GET /images/footerbg.jpg HTTP/1.1" 200 2184 "http://www.mink-gmbh.de/style.css" "Mozilla/5.0 (Windows NT 5.1; rv:24.0) Gecko/20100101 Firefox/24.0"
91.9.218.71 - - [17/Oct/2013:17:35:11 +0200] "GET /index.php HTTP/1.1" 200 12435 "http://www.mink-gmbh.de/agb.php" "Mozilla/5.0 (Windows NT 5.1; rv:24.0) Gecko/20100101 Firefox/24.0"
91.9.218.71 - - [17/Oct/2013:17:35:12 +0200] "GET /js_contentserver24_greybox/gb_styles.css HTTP/1.1" 200 2302 "http://www.mink-gmbh.de/index.php" "Mozilla/5.0 (Windows NT 5.1; rv:24.0) Gecko/20100101 Firefox/24.0"
91.9.218.71 - - [17/Oct/2013:17:35:12 +0200] "GET /js_contentserver24_greybox/AJS_fx.js HTTP/1.1" 200 3192 "http://www.mink-gmbh.de/index.php" "Mozilla/5.0 (Windows NT 5.1; rv:24.0) Gecko/20100101 Firefox/24.0"
91.9.218.71 - - [17/Oct/2013:17:35:12 +0200] "GET /js_contentserver24_greybox/AJS.js HTTP/1.1" 200 10396 "http://www.mink-gmbh.de/index.php" "Mozilla/5.0 (Windows NT 5.1; rv:24.0) Gecko/20100101 Firefox/24.0"
91.9.218.71 - - [17/Oct/2013:17:35:12 +0200] "GET /js_contentserver24_greybox/gb_scripts.js HTTP/1.1" 200 11913 "http://www.mink-gmbh.de/index.php" "Mozilla/5.0 (Windows NT 5.1; rv:24.0) Gecko/20100101 Firefox/24.0"
91.9.218.71 - - [17/Oct/2013:17:35:12 +0200] "GET /images/team-energie.png HTTP/1.1" 200 17383 "http://www.mink-gmbh.de/index.php" "Mozilla/5.0 (Windows NT 5.1; rv:24.0) Gecko/20100101 Firefox/24.0"
91.9.218.71 - - [17/Oct/2013:17:35:12 +0200] "GET /images/mail.jpg HTTP/1.1" 200 11165 "http://www.mink-gmbh.de/index.php" "Mozilla/5.0 (Windows NT 5.1; rv:24.0) Gecko/20100101 Firefox/24.0"
91.9.218.71 - - [17/Oct/2013:17:35:12 +0200] "GET /images/tkw.jpg HTTP/1.1" 200 64031 "http://www.mink-gmbh.de/index.php" "Mozilla/5.0 (Windows NT 5.1; rv:24.0) Gecko/20100101 Firefox/24.0"
91.9.218.71 - - [17/Oct/2013:17:35:12 +0200] "GET /images/logos.jpg?cache2180 HTTP/1.1" 200 35043 "http://www.mink-gmbh.de/index.php" "Mozilla/5.0 (Windows NT 5.1; rv:24.0) Gecko/20100101 Firefox/24.0"
91.9.218.71 - - [17/Oct/2013:17:35:12 +0200] "GET /images/steigend.png HTTP/1.1" 200 688 "http://www.mink-gmbh.de/modul.css" "Mozilla/5.0 (Windows NT 5.1; rv:24.0) Gecko/20100101 Firefox/24.0"
91.9.218.71 - - [17/Oct/2013:17:35:12 +0200] "GET /js_contentserver24_greybox/w_close.gif HTTP/1.1" 200 74 "http://www.mink-gmbh.de/index.php" "Mozilla/5.0 (Windows NT 5.1; rv:24.0) Gecko/20100101 Firefox/24.0"
91.9.218.71 - - [17/Oct/2013:17:35:13 +0200] "GET /images/close.png HTTP/1.1" 200 703 "http://www.mink-gmbh.de/index.php" "Mozilla/5.0 (Windows NT 5.1; rv:24.0) Gecko/20100101 Firefox/24.0"
91.9.218.71 - - [17/Oct/2013:17:35:13 +0200] "GET /images/newsletter_bg.jpg HTTP/1.1" 200 33610 "http://www.mink-gmbh.de/index.php" "Mozilla/5.0 (Windows NT 5.1; rv:24.0) Gecko/20100101 Firefox/24.0"
91.9.218.71 - - [17/Oct/2013:17:35:13 +0200] "GET /images/fallend.png HTTP/1.1" 200 713 "http://www.mink-gmbh.de/modul.css" "Mozilla/5.0 (Windows NT 5.1; rv:24.0) Gecko/20100101 Firefox/24.0"
91.9.218.71 - - [17/Oct/2013:17:35:13 +0200] "GET /images/mobil.jpg HTTP/1.1" 200 25293 "http://www.mink-gmbh.de/style.css" "Mozilla/5.0 (Windows NT 5.1; rv:24.0) Gecko/20100101 Firefox/24.0"
91.9.218.71 - - [17/Oct/2013:17:35:13 +0200] "GET /images/newsletter.jpg HTTP/1.1" 200 13130 "http://www.mink-gmbh.de/style.css" "Mozilla/5.0 (Windows NT 5.1; rv:24.0) Gecko/20100101 Firefox/24.0"
91.9.218.71 - - [17/Oct/2013:17:35:13 +0200] "GET /js_contentserver24_greybox/loader_frame.html?s=0 HTTP/1.1" 200 2084 "http://www.mink-gmbh.de/index.php" "Mozilla/5.0 (Windows NT 5.1; rv:24.0) Gecko/20100101 Firefox/24.0"
91.9.218.71 - - [17/Oct/2013:17:35:13 +0200] "GET /js_contentserver24_greybox/header_bg.gif HTTP/1.1" 200 1188 "http://www.mink-gmbh.de/index.php" "Mozilla/5.0 (Windows NT 5.1; rv:24.0) Gecko/20100101 Firefox/24.0"
91.9.218.71 - - [17/Oct/2013:17:35:13 +0200] "GET /js_contentserver24_greybox/indicator.gif HTTP/1.1" 200 8238 "http://www.mink-gmbh.de/js_contentserver24_greybox/loader_frame.html?s=0" "Mozilla/5.0 (Windows NT 5.1; rv:24.0) Gecko/20100101 Firefox/24.0"
91.9.218.71 - - [17/Oct/2013:17:35:13 +0200] "GET /js_contentserver24_greybox/g_close.gif HTTP/1.1" 200 541 "http://www.mink-gmbh.de/index.php" "Mozilla/5.0 (Windows NT 5.1; rv:24.0) Gecko/20100101 Firefox/24.0"
91.9.218.71 - - [17/Oct/2013:17:35:20 +0200] "GET /impressum.php HTTP/1.1" 200 6360 "http://www.mink-gmbh.de/index.php" "Mozilla/5.0 (Windows NT 5.1; rv:24.0) Gecko/20100101 Firefox/24.0"
91.9.218.71 - - [17/Oct/2013:17:35:21 +0200] "GET /images/logos.jpg?cache4548 HTTP/1.1" 200 35043 "http://www.mink-gmbh.de/impressum.php" "Mozilla/5.0 (Windows NT 5.1; rv:24.0) Gecko/20100101 Firefox/24.0"
91.9.218.71 - - [17/Oct/2013:17:35:38 +0200] "GET /kontakt.php HTTP/1.1" 200 7021 "http://www.mink-gmbh.de/impressum.php" "Mozilla/5.0 (Windows NT 5.1; rv:24.0) Gecko/20100101 Firefox/24.0"
91.9.218.71 - - [17/Oct/2013:17:35:38 +0200] "GET /images/logos.jpg?cache4447 HTTP/1.1" 200 35043 "http://www.mink-gmbh.de/kontakt.php" "Mozilla/5.0 (Windows NT 5.1; rv:24.0) Gecko/20100101 Firefox/24.0"
91.9.218.71 - - [17/Oct/2013:17:35:40 +0200] "GET /jobs.php HTTP/1.1" 200 5020 "http://www.mink-gmbh.de/kontakt.php" "Mozilla/5.0 (Windows NT 5.1; rv:24.0) Gecko/20100101 Firefox/24.0"
91.9.218.71 - - [17/Oct/2013:17:35:40 +0200] "GET /images/logos.jpg?cache8763 HTTP/1.1" 200 35043 "http://www.mink-gmbh.de/jobs.php" "Mozilla/5.0 (Windows NT 5.1; rv:24.0) Gecko/20100101 Firefox/24.0"
91.9.218.71 - - [17/Oct/2013:17:35:43 +0200] "GET /news.php HTTP/1.1" 200 19856 "http://www.mink-gmbh.de/jobs.php" "Mozilla/5.0 (Windows NT 5.1; rv:24.0) Gecko/20100101 Firefox/24.0"
91.9.218.71 - - [17/Oct/2013:17:35:44 +0200] "GET /images/logos.jpg?cache6711 HTTP/1.1" 200 35043 "http://www.mink-gmbh.de/news.php" "Mozilla/5.0 (Windows NT 5.1; rv:24.0) Gecko/20100101 Firefox/24.0"
91.9.218.71 - - [17/Oct/2013:17:35:44 +0200] "GET /preisanfrage.php HTTP/1.1" 200 8557 "http://www.mink-gmbh.de/news.php" "Mozilla/5.0 (Windows NT 5.1; rv:24.0) Gecko/20100101 Firefox/24.0"
91.9.218.71 - - [17/Oct/2013:17:35:44 +0200] "GET /images/logos.jpg?cache7853 HTTP/1.1" 200 35043 "http://www.mink-gmbh.de/preisanfrage.php" "Mozilla/5.0 (Windows NT 5.1; rv:24.0) Gecko/20100101 Firefox/24.0"
91.9.218.71 - - [17/Oct/2013:17:35:45 +0200] "GET /wunschpreis.php HTTP/1.1" 200 10292 "http://www.mink-gmbh.de/preisanfrage.php" "Mozilla/5.0 (Windows NT 5.1; rv:24.0) Gecko/20100101 Firefox/24.0"
91.9.218.71 - - [17/Oct/2013:17:35:45 +0200] "GET /images/logos.jpg?cache4524 HTTP/1.1" 200 35043 "http://www.mink-gmbh.de/wunschpreis.php" "Mozilla/5.0 (Windows NT 5.1; rv:24.0) Gecko/20100101 Firefox/24.0"
91.9.218.71 - - [17/Oct/2013:17:35:46 +0200] "GET /standard.php HTTP/1.1" 200 6807 "http://www.mink-gmbh.de/wunschpreis.php" "Mozilla/5.0 (Windows NT 5.1; rv:24.0) Gecko/20100101 Firefox/24.0"
91.9.218.71 - - [17/Oct/2013:17:35:46 +0200] "GET /images/logos.jpg?cache9728 HTTP/1.1" 200 35043 "http://www.mink-gmbh.de/standard.php" "Mozilla/5.0 (Windows NT 5.1; rv:24.0) Gecko/20100101 Firefox/24.0"
91.9.218.71 - - [17/Oct/2013:17:35:49 +0200] "GET /index.php HTTP/1.1" 200 11695 "http://www.mink-gmbh.de/standard.php" "Mozilla/5.0 (Windows NT 5.1; rv:24.0) Gecko/20100101 Firefox/24.0"
91.9.218.71 - - [17/Oct/2013:17:35:50 +0200] "GET /images/logos.jpg?cache1844 HTTP/1.1" 200 35043 "http://www.mink-gmbh.de/index.php" "Mozilla/5.0 (Windows NT 5.1; rv:24.0) Gecko/20100101 Firefox/24.0"
91.9.218.71 - - [17/Oct/2013:17:36:15 +0200] "GET /news.php HTTP/1.1" 200 19856 "http://www.mink-gmbh.de/index.php" "Mozilla/5.0 (Windows NT 5.1; rv:24.0) Gecko/20100101 Firefox/24.0"
91.9.218.71 - - [17/Oct/2013:17:36:16 +0200] "GET /images/logos.jpg?cache4178 HTTP/1.1" 200 35043 "http://www.mink-gmbh.de/news.php" "Mozilla/5.0 (Windows NT 5.1; rv:24.0) Gecko/20100101 Firefox/24.0"
91.9.218.71 - - [17/Oct/2013:17:36:17 +0200] "GET /kontakt.php HTTP/1.1" 200 7021 "http://www.mink-gmbh.de/news.php" "Mozilla/5.0 (Windows NT 5.1; rv:24.0) Gecko/20100101 Firefox/24.0"
91.9.218.71 - - [17/Oct/2013:17:36:18 +0200] "GET /images/logos.jpg?cache3789 HTTP/1.1" 200 35043 "http://www.mink-gmbh.de/kontakt.php" "Mozilla/5.0 (Windows NT 5.1; rv:24.0) Gecko/20100101 Firefox/24.0"
91.9.218.71 - - [17/Oct/2013:17:36:23 +0200] "GET /index.php HTTP/1.1" 200 11695 "http://www.mink-gmbh.de/kontakt.php" "Mozilla/5.0 (Windows NT 5.1; rv:24.0) Gecko/20100101 Firefox/24.0"
91.9.218.71 - - [17/Oct/2013:17:36:23 +0200] "GET /images/logos.jpg?cache4288 HTTP/1.1" 200 35043 "http://www.mink-gmbh.de/index.php" "Mozilla/5.0 (Windows NT 5.1; rv:24.0) Gecko/20100101 Firefox/24.0"
91.9.218.71 - - [17/Oct/2013:17:36:33 +0200] "GET /kontakt.php HTTP/1.1" 200 7021 "http://www.mink-gmbh.de/news.php" "Mozilla/5.0 (Windows NT 5.1; rv:24.0) Gecko/20100101 Firefox/24.0"
91.9.218.71 - - [17/Oct/2013:17:36:33 +0200] "GET /images/logos.jpg?cache3456 HTTP/1.1" 200 35043 "http://www.mink-gmbh.de/kontakt.php" "Mozilla/5.0 (Windows NT 5.1; rv:24.0) Gecko/20100101 Firefox/24.0"
91.9.218.71 - - [17/Oct/2013:17:36:33 +0200] "GET /news.php HTTP/1.1" 200 4783 "http://www.mink-gmbh.de/index.php" "Mozilla/5.0 (Windows NT 5.1; rv:24.0) Gecko/20100101 Firefox/24.0"
91.9.218.71 - - [17/Oct/2013:17:36:33 +0200] "GET /news.php HTTP/1.1" 200 19856 "http://www.mink-gmbh.de/index.php" "Mozilla/5.0 (Windows NT 5.1; rv:24.0) Gecko/20100101 Firefox/24.0"
91.9.218.71 - - [17/Oct/2013:17:36:34 +0200] "GET /images/logos.jpg?cache4539 HTTP/1.1" 200 35043 "http://www.mink-gmbh.de/news.php" "Mozilla/5.0 (Windows NT 5.1; rv:24.0) Gecko/20100101 Firefox/24.0"
91.9.218.71 - - [17/Oct/2013:17:36:35 +0200] "GET /index.php HTTP/1.1" 200 11695 "http://www.mink-gmbh.de/standard.php" "Mozilla/5.0 (Windows NT 5.1; rv:24.0) Gecko/20100101 Firefox/24.0"
91.9.218.71 - - [17/Oct/2013:17:36:36 +0200] "GET /images/logos.jpg?cache8854 HTTP/1.1" 200 35043 "http://www.mink-gmbh.de/index.php" "Mozilla/5.0 (Windows NT 5.1; rv:24.0) Gecko/20100101 Firefox/24.0"
91.9.218.71 - - [17/Oct/2013:17:36:36 +0200] "GET /standard.php HTTP/1.1" 200 6807 "http://www.mink-gmbh.de/wunschpreis.php" "Mozilla/5.0 (Windows NT 5.1; rv:24.0) Gecko/20100101 Firefox/24.0"
91.9.218.71 - - [17/Oct/2013:17:36:37 +0200] "GET /images/logos.jpg?cache3722 HTTP/1.1" 200 35043 "http://www.mink-gmbh.de/standard.php" "Mozilla/5.0 (Windows NT 5.1; rv:24.0) Gecko/20100101 Firefox/24.0"
91.9.218.71 - - [17/Oct/2013:17:36:39 +0200] "GET /wunschpreis.php HTTP/1.1" 200 10292 "http://www.mink-gmbh.de/preisanfrage.php" "Mozilla/5.0 (Windows NT 5.1; rv:24.0) Gecko/20100101 Firefox/24.0"
91.9.218.71 - - [17/Oct/2013:17:36:39 +0200] "GET /images/logos.jpg?cache2157 HTTP/1.1" 200 35043 "http://www.mink-gmbh.de/wunschpreis.php" "Mozilla/5.0 (Windows NT 5.1; rv:24.0) Gecko/20100101 Firefox/24.0"
91.9.218.71 - - [17/Oct/2013:17:36:40 +0200] "GET /preisanfrage.php HTTP/1.1" 200 8557 "http://www.mink-gmbh.de/news.php" "Mozilla/5.0 (Windows NT 5.1; rv:24.0) Gecko/20100101 Firefox/24.0"
91.9.218.71 - - [17/Oct/2013:17:36:41 +0200] "GET /images/logos.jpg?cache5079 HTTP/1.1" 200 35043 "http://www.mink-gmbh.de/preisanfrage.php" "Mozilla/5.0 (Windows NT 5.1; rv:24.0) Gecko/20100101 Firefox/24.0"
91.9.218.71 - - [17/Oct/2013:17:36:42 +0200] "GET /news.php HTTP/1.1" 200 19856 "http://www.mink-gmbh.de/jobs.php" "Mozilla/5.0 (Windows NT 5.1; rv:24.0) Gecko/20100101 Firefox/24.0"
91.9.218.71 - - [17/Oct/2013:17:36:42 +0200] "GET /images/logos.jpg?cache6287 HTTP/1.1" 200 35043 "http://www.mink-gmbh.de/news.php" "Mozilla/5.0 (Windows NT 5.1; rv:24.0) Gecko/20100101 Firefox/24.0"
