81.209.177.202 - - [07/Oct/2013:06:15:51 +0200] "GET /news.php?cs_go=archiv&cs_id=4538&cs_search= HTTP/1.1" 200 7679 "-" "netEstate NE Crawler (+http://www.website-datenbank.de/)"
81.209.177.95 - - [07/Oct/2013:06:16:08 +0200] "GET /lexikon.php?cs_go=3&cs_id=14 HTTP/1.1" 200 6183 "-" "netEstate NE Crawler (+http://www.website-datenbank.de/)"
81.209.177.202 - - [07/Oct/2013:06:16:25 +0200] "GET /lexikon.php?cs_go=3&cs_id=66 HTTP/1.1" 200 5598 "-" "netEstate NE Crawler (+http://www.website-datenbank.de/)"
81.209.177.95 - - [07/Oct/2013:06:16:41 +0200] "GET /news.php?cs_go=archiv&cs_id=4568&cs_search= HTTP/1.1" 200 9668 "-" "netEstate NE Crawler (+http://www.website-datenbank.de/)"
81.209.177.202 - - [07/Oct/2013:06:16:56 +0200] "GET /robots.txt HTTP/1.1" 200 177 "-" "netEstate NE Crawler (+http://www.website-datenbank.de/)"
81.209.177.202 - - [07/Oct/2013:06:17:01 +0200] "GET /news.php?cs_go=archiv&cs_id=4399&cs_search= HTTP/1.1" 200 11424 "-" "netEstate NE Crawler (+http://www.website-datenbank.de/)"
81.209.177.95 - - [07/Oct/2013:06:17:19 +0200] "GET /lexikon.php?cs_go=3&cs_id=101 HTTP/1.1" 200 7817 "-" "netEstate NE Crawler (+http://www.website-datenbank.de/)"
81.209.177.140 - - [07/Oct/2013:06:17:45 +0200] "GET /news.php?cs_go=archiv&cs_id=4408&cs_search= HTTP/1.1" 200 10307 "-" "netEstate NE Crawler (+http://www.website-datenbank.de/)"
81.209.177.95 - - [07/Oct/2013:06:18:06 +0200] "GET /lexikon.php?cs_go=2&cs_char=x HTTP/1.1" 200 6211 "-" "netEstate NE Crawler (+http://www.website-datenbank.de/)"
81.209.177.202 - - [07/Oct/2013:06:18:21 +0200] "GET /lexikon.php?cs_go=3&cs_id=139 HTTP/1.1" 200 5795 "-" "netEstate NE Crawler (+http://www.website-datenbank.de/)"
81.209.177.202 - - [07/Oct/2013:06:18:39 +0200] "GET /modernisierung.php HTTP/1.1" 200 9289 "-" "netEstate NE Crawler (+http://www.website-datenbank.de/)"
81.209.177.202 - - [07/Oct/2013:06:18:55 +0200] "GET /lexikon.php?cs_go=3&cs_id=186 HTTP/1.1" 200 5842 "-" "netEstate NE Crawler (+http://www.website-datenbank.de/)"
81.209.177.202 - - [07/Oct/2013:06:19:11 +0200] "GET /lexikon.php?cs_go=2&cs_char=w HTTP/1.1" 200 6188 "-" "netEstate NE Crawler (+http://www.website-datenbank.de/)"
81.209.177.202 - - [07/Oct/2013:06:19:29 +0200] "GET /lexikon.php?cs_go=3&cs_id=109 HTTP/1.1" 200 7102 "-" "netEstate NE Crawler (+http://www.website-datenbank.de/)"
81.209.177.202 - - [07/Oct/2013:06:19:46 +0200] "GET /lexikon.php?cs_go=3&cs_id=199 HTTP/1.1" 200 5592 "-" "netEstate NE Crawler (+http://www.website-datenbank.de/)"
81.209.177.202 - - [07/Oct/2013:06:20:05 +0200] "GET /lexikon.php?cs_go=2&cs_char=g HTTP/1.1" 200 6727 "-" "netEstate NE Crawler (+http://www.website-datenbank.de/)"
81.209.177.95 - - [07/Oct/2013:06:20:20 +0200] "GET /news.php?cs_go=archiv&cs_id=4467&cs_search= HTTP/1.1" 200 7963 "-" "netEstate NE Crawler (+http://www.website-datenbank.de/)"
81.209.177.202 - - [07/Oct/2013:06:20:41 +0200] "GET /news.php?cs_go=archiv&cs_id=4388&cs_search= HTTP/1.1" 200 11452 "-" "netEstate NE Crawler (+http://www.website-datenbank.de/)"
81.209.177.140 - - [07/Oct/2013:06:20:57 +0200] "GET /lexikon.php?cs_go=3&cs_id=38 HTTP/1.1" 200 5773 "-" "netEstate NE Crawler (+http://www.website-datenbank.de/)"
81.209.177.202 - - [07/Oct/2013:06:21:12 +0200] "GET /news.php?cs_go=archiv&cs_id=4457&cs_search= HTTP/1.1" 200 7639 "-" "netEstate NE Crawler (+http://www.website-datenbank.de/)"
81.209.177.95 - - [07/Oct/2013:06:21:29 +0200] "GET /lexikon.php?cs_go=3&cs_id=218 HTTP/1.1" 200 5615 "-" "netEstate NE Crawler (+http://www.website-datenbank.de/)"
81.209.177.140 - - [07/Oct/2013:06:22:01 +0200] "GET /lexikon.php?cs_go=3&cs_id=18 HTTP/1.1" 200 5627 "-" "netEstate NE Crawler (+http://www.website-datenbank.de/)"
81.209.177.140 - - [07/Oct/2013:06:22:33 +0200] "GET /lexikon.php?cs_go=2&cs_char=o HTTP/1.1" 200 6862 "-" "netEstate NE Crawler (+http://www.website-datenbank.de/)"
81.209.177.202 - - [07/Oct/2013:06:23:01 +0200] "GET /news.php?cs_go=archiv&cs_id=4378&cs_search= HTTP/1.1" 200 8848 "-" "netEstate NE Crawler (+http://www.website-datenbank.de/)"
81.209.177.95 - - [07/Oct/2013:06:23:17 +0200] "GET /news.php?cs_go=archiv&cs_id=4391&cs_search= HTTP/1.1" 200 7647 "-" "netEstate NE Crawler (+http://www.website-datenbank.de/)"
81.209.177.140 - - [07/Oct/2013:06:23:37 +0200] "GET /news.php?cs_go=archiv&cs_id=4432&cs_search= HTTP/1.1" 200 8437 "-" "netEstate NE Crawler (+http://www.website-datenbank.de/)"
81.209.177.202 - - [07/Oct/2013:06:23:53 +0200] "GET /lexikon.php?cs_go=3&cs_id=4 HTTP/1.1" 200 5790 "-" "netEstate NE Crawler (+http://www.website-datenbank.de/)"
81.209.177.202 - - [07/Oct/2013:06:24:12 +0200] "GET /lexikon.php?cs_go=3&cs_id=146 HTTP/1.1" 200 6218 "-" "netEstate NE Crawler (+http://www.website-datenbank.de/)"
81.209.177.95 - - [07/Oct/2013:06:24:26 +0200] "GET /lexikon.php?cs_go=3&cs_id=65 HTTP/1.1" 200 6207 "-" "netEstate NE Crawler (+http://www.website-datenbank.de/)"
81.209.177.140 - - [07/Oct/2013:06:24:51 +0200] "GET /kwk.php?cs_go=3 HTTP/1.1" 200 7885 "-" "netEstate NE Crawler (+http://www.website-datenbank.de/)"
81.209.177.202 - - [07/Oct/2013:06:25:23 +0200] "GET /news.php?cs_go=archiv&cs_id=4595&cs_search= HTTP/1.1" 200 7576 "-" "netEstate NE Crawler (+http://www.website-datenbank.de/)"
81.209.177.202 - - [07/Oct/2013:06:25:38 +0200] "GET /lexikon.php?cs_go=3&cs_id=83 HTTP/1.1" 200 6036 "-" "netEstate NE Crawler (+http://www.website-datenbank.de/)"
81.209.177.202 - - [07/Oct/2013:06:25:55 +0200] "GET / HTTP/1.1" 200 12417 "-" "netEstate NE Crawler (+http://www.website-datenbank.de/)"
81.209.177.95 - - [07/Oct/2013:06:26:18 +0200] "GET /lexikon.php?cs_go=3&cs_id=196 HTTP/1.1" 200 5892 "-" "netEstate NE Crawler (+http://www.website-datenbank.de/)"
81.209.177.140 - - [07/Oct/2013:06:26:43 +0200] "GET /lexikon.php?cs_go=3&cs_id=73 HTTP/1.1" 200 7228 "-" "netEstate NE Crawler (+http://www.website-datenbank.de/)"
81.209.177.202 - - [07/Oct/2013:06:27:03 +0200] "GET /robots.txt HTTP/1.1" 200 177 "-" "netEstate NE Crawler (+http://www.website-datenbank.de/)"
81.209.177.202 - - [07/Oct/2013:06:27:06 +0200] "GET /lexikon.php?cs_go=3&cs_id=136 HTTP/1.1" 200 5589 "-" "netEstate NE Crawler (+http://www.website-datenbank.de/)"
81.209.177.202 - - [07/Oct/2013:06:27:25 +0200] "GET /news.php?cs_go=archiv&cs_id=4333&cs_search= HTTP/1.1" 200 9537 "-" "netEstate NE Crawler (+http://www.website-datenbank.de/)"
81.209.177.140 - - [07/Oct/2013:06:27:48 +0200] "GET /lexikon.php?cs_go=3&cs_id=222 HTTP/1.1" 200 7224 "-" "netEstate NE Crawler (+http://www.website-datenbank.de/)"
81.209.177.140 - - [07/Oct/2013:06:28:10 +0200] "GET /lexikon.php?cs_go=2&cs_char=d HTTP/1.1" 200 7022 "-" "netEstate NE Crawler (+http://www.website-datenbank.de/)"
81.209.177.95 - - [07/Oct/2013:06:28:36 +0200] "GET /news.php?cs_go=archiv&cs_id=4379&cs_search= HTTP/1.1" 200 9334 "-" "netEstate NE Crawler (+http://www.website-datenbank.de/)"
81.209.177.202 - - [07/Oct/2013:06:28:56 +0200] "GET /lexikon.php?cs_go=3&cs_id=7 HTTP/1.1" 200 6132 "-" "netEstate NE Crawler (+http://www.website-datenbank.de/)"
141.8.147.12 - - [07/Oct/2013:06:29:03 +0200] "GET /news.php?cs_go=archiv&cs_startpos=581 HTTP/1.1" 200 5727 "-" "Mozilla/5.0 (compatible; YandexBot/3.0; +http://yandex.com/bots)"
141.8.147.12 - - [07/Oct/2013:06:29:05 +0200] "GET /lexikon.php?cs_go=3&cs_id=3 HTTP/1.1" 200 6086 "-" "Mozilla/5.0 (compatible; YandexBot/3.0; +http://yandex.com/bots)"
81.209.177.95 - - [07/Oct/2013:06:29:14 +0200] "GET /lexikon.php?cs_go=3&cs_id=74 HTTP/1.1" 200 6270 "-" "netEstate NE Crawler (+http://www.website-datenbank.de/)"
81.209.177.140 - - [07/Oct/2013:06:29:36 +0200] "GET /lexikon.php?cs_go=3&cs_id=102 HTTP/1.1" 200 5589 "-" "netEstate NE Crawler (+http://www.website-datenbank.de/)"
81.209.177.202 - - [07/Oct/2013:06:29:54 +0200] "GET /news.php?cs_go=archiv&cs_id=4465&cs_search= HTTP/1.1" 200 7639 "-" "netEstate NE Crawler (+http://www.website-datenbank.de/)"
81.209.177.202 - - [07/Oct/2013:06:30:09 +0200] "GET /news.php?cs_go=archiv&cs_id=4577&cs_search= HTTP/1.1" 200 7548 "-" "netEstate NE Crawler (+http://www.website-datenbank.de/)"
81.209.177.202 - - [07/Oct/2013:06:30:24 +0200] "GET /lexikon.php?cs_go=3&cs_id=13 HTTP/1.1" 200 5663 "-" "netEstate NE Crawler (+http://www.website-datenbank.de/)"
141.8.147.12 - - [07/Oct/2013:06:30:37 +0200] "GET /lexikon.php?cs_go=3&cs_id=203 HTTP/1.1" 200 6411 "-" "Mozilla/5.0 (compatible; YandexBot/3.0; +http://yandex.com/bots)"
141.8.147.12 - - [07/Oct/2013:06:30:40 +0200] "GET /lexikon.php?cs_go=3&cs_id=20 HTTP/1.1" 200 6510 "-" "Mozilla/5.0 (compatible; YandexBot/3.0; +http://yandex.com/bots)"
141.8.147.12 - - [07/Oct/2013:06:30:42 +0200] "GET /lexikon.php?cs_go=3&cs_id=81 HTTP/1.1" 200 6021 "-" "Mozilla/5.0 (compatible; YandexBot/3.0; +http://yandex.com/bots)"
81.209.177.95 - - [07/Oct/2013:06:30:44 +0200] "GET /lexikon.php?cs_go=2&cs_char=h HTTP/1.1" 200 6401 "-" "netEstate NE Crawler (+http://www.website-datenbank.de/)"
141.8.147.12 - - [07/Oct/2013:06:30:44 +0200] "GET /lexikon.php?cs_go=3&cs_id=50 HTTP/1.1" 200 6334 "-" "Mozilla/5.0 (compatible; YandexBot/3.0; +http://yandex.com/bots)"
141.8.147.12 - - [07/Oct/2013:06:30:47 +0200] "GET /lexikon.php?cs_go=3&cs_id=197 HTTP/1.1" 200 5594 "-" "Mozilla/5.0 (compatible; YandexBot/3.0; +http://yandex.com/bots)"
141.8.147.12 - - [07/Oct/2013:06:30:53 +0200] "GET /lexikon.php?cs_go=3&cs_id=196 HTTP/1.1" 200 5892 "-" "Mozilla/5.0 (compatible; YandexBot/3.0; +http://yandex.com/bots)"
141.8.147.12 - - [07/Oct/2013:06:31:00 +0200] "GET /news.php?cs_go=archiv&cs_startpos=480 HTTP/1.1" 200 5727 "-" "Mozilla/5.0 (compatible; YandexBot/3.0; +http://yandex.com/bots)"
81.209.177.202 - - [07/Oct/2013:06:31:01 +0200] "GET /lexikon.php?cs_go=2&cs_char=b HTTP/1.1" 200 7331 "-" "netEstate NE Crawler (+http://www.website-datenbank.de/)"
81.209.177.202 - - [07/Oct/2013:06:31:20 +0200] "GET /news.php?cs_go=archiv&cs_id=4450&cs_search= HTTP/1.1" 200 11768 "-" "netEstate NE Crawler (+http://www.website-datenbank.de/)"
81.209.177.202 - - [07/Oct/2013:06:31:37 +0200] "GET /lexikon.php?cs_go=3&cs_id=29 HTTP/1.1" 200 5992 "-" "netEstate NE Crawler (+http://www.website-datenbank.de/)"
81.209.177.95 - - [07/Oct/2013:06:31:53 +0200] "GET /news.php?cs_go=archiv&cs_id=4567&cs_search= HTTP/1.1" 200 9165 "-" "netEstate NE Crawler (+http://www.website-datenbank.de/)"
81.209.177.202 - - [07/Oct/2013:06:32:10 +0200] "GET /lexikon.php?cs_go=3&cs_id=33 HTTP/1.1" 200 6423 "-" "netEstate NE Crawler (+http://www.website-datenbank.de/)"
81.209.177.202 - - [07/Oct/2013:06:32:29 +0200] "GET /news.php?cs_go=archiv&cs_id=4448&cs_search= HTTP/1.1" 200 8771 "-" "netEstate NE Crawler (+http://www.website-datenbank.de/)"
81.209.177.140 - - [07/Oct/2013:06:32:51 +0200] "GET /news.php?cs_go=archiv&cs_startpos=40 HTTP/1.1" 200 20290 "-" "netEstate NE Crawler (+http://www.website-datenbank.de/)"
141.8.147.12 - - [07/Oct/2013:06:32:59 +0200] "GET /lexikon.php?cs_go=3&cs_id=105 HTTP/1.1" 200 6009 "-" "Mozilla/5.0 (compatible; YandexBot/3.0; +http://yandex.com/bots)"
141.8.147.12 - - [07/Oct/2013:06:33:01 +0200] "GET /lexikon.php?cs_go=3&cs_id=19 HTTP/1.1" 200 7568 "-" "Mozilla/5.0 (compatible; YandexBot/3.0; +http://yandex.com/bots)"
141.8.147.12 - - [07/Oct/2013:06:33:03 +0200] "GET /lexikon.php?cs_go=3&cs_id=6 HTTP/1.1" 200 5766 "-" "Mozilla/5.0 (compatible; YandexBot/3.0; +http://yandex.com/bots)"
81.209.177.95 - - [07/Oct/2013:06:33:13 +0200] "GET /news.php?cs_go=archiv&cs_id=4390&cs_search= HTTP/1.1" 200 11567 "-" "netEstate NE Crawler (+http://www.website-datenbank.de/)"
141.8.147.12 - - [07/Oct/2013:06:33:18 +0200] "GET /news.php?cs_go=archiv&cs_id=4442&cs_search= HTTP/1.1" 200 11937 "-" "Mozilla/5.0 (compatible; YandexBot/3.0; +http://yandex.com/bots)"
141.8.147.12 - - [07/Oct/2013:06:33:20 +0200] "GET /news.php?cs_go=archiv&cs_id=4402&cs_search= HTTP/1.1" 200 8663 "-" "Mozilla/5.0 (compatible; YandexBot/3.0; +http://yandex.com/bots)"
81.209.177.202 - - [07/Oct/2013:06:33:28 +0200] "GET /lexikon.php?cs_go=3&cs_id=40 HTTP/1.1" 200 9708 "-" "netEstate NE Crawler (+http://www.website-datenbank.de/)"
81.209.177.202 - - [07/Oct/2013:06:33:47 +0200] "GET /news.php?cs_go=archiv&cs_startpos=150 HTTP/1.1" 200 20451 "-" "netEstate NE Crawler (+http://www.website-datenbank.de/)"
81.209.177.202 - - [07/Oct/2013:06:34:08 +0200] "GET /lexikon.php?cs_go=3&cs_id=43 HTTP/1.1" 200 5604 "-" "netEstate NE Crawler (+http://www.website-datenbank.de/)"
81.209.177.202 - - [07/Oct/2013:06:34:24 +0200] "GET /lexikon.php?cs_go=3&cs_id=113 HTTP/1.1" 200 5777 "-" "netEstate NE Crawler (+http://www.website-datenbank.de/)"
81.209.177.140 - - [07/Oct/2013:06:34:48 +0200] "GET /lexikon.php?cs_go=3&cs_id=201 HTTP/1.1" 200 6395 "-" "netEstate NE Crawler (+http://www.website-datenbank.de/)"
81.209.177.202 - - [07/Oct/2013:06:35:04 +0200] "GET /lexikon.php?cs_go=3&cs_id=46 HTTP/1.1" 200 5604 "-" "netEstate NE Crawler (+http://www.website-datenbank.de/)"
81.209.177.140 - - [07/Oct/2013:06:35:28 +0200] "GET /lexikon.php?cs_go=3&cs_id=78 HTTP/1.1" 200 5859 "-" "netEstate NE Crawler (+http://www.website-datenbank.de/)"
81.209.177.95 - - [07/Oct/2013:06:35:53 +0200] "GET /news.php?cs_go=archiv&cs_startpos=230 HTTP/1.1" 200 19986 "-" "netEstate NE Crawler (+http://www.website-datenbank.de/)"
81.209.177.95 - - [07/Oct/2013:06:36:13 +0200] "GET /lexikon.php?cs_go=3&cs_id=149 HTTP/1.1" 200 7330 "-" "netEstate NE Crawler (+http://www.website-datenbank.de/)"
81.209.177.95 - - [07/Oct/2013:06:36:32 +0200] "GET /news.php?cs_go=archiv&cs_id=4470&cs_search= HTTP/1.1" 200 8340 "-" "netEstate NE Crawler (+http://www.website-datenbank.de/)"
81.209.177.202 - - [07/Oct/2013:06:36:48 +0200] "GET /news.php?cs_go=archiv&cs_id=4404&cs_search= HTTP/1.1" 200 9020 "-" "netEstate NE Crawler (+http://www.website-datenbank.de/)"
81.209.177.202 - - [07/Oct/2013:06:37:06 +0200] "GET /robots.txt HTTP/1.1" 200 177 "-" "netEstate NE Crawler (+http://www.website-datenbank.de/)"
81.209.177.202 - - [07/Oct/2013:06:37:12 +0200] "GET /lexikon.php?cs_go=3&cs_id=152 HTTP/1.1" 200 6179 "-" "netEstate NE Crawler (+http://www.website-datenbank.de/)"
81.209.177.202 - - [07/Oct/2013:06:37:31 +0200] "GET /lexikon.php?cs_go=2&cs_char=e HTTP/1.1" 200 6680 "-" "netEstate NE Crawler (+http://www.website-datenbank.de/)"
81.209.177.95 - - [07/Oct/2013:06:37:50 +0200] "GET /lexikon.php?cs_go=3&cs_id=50 HTTP/1.1" 200 6334 "-" "netEstate NE Crawler (+http://www.website-datenbank.de/)"
81.209.177.202 - - [07/Oct/2013:06:38:07 +0200] "GET /lexikon.php?cs_go=3&cs_id=34 HTTP/1.1" 200 6039 "-" "netEstate NE Crawler (+http://www.website-datenbank.de/)"
81.209.177.202 - - [07/Oct/2013:06:38:23 +0200] "GET /lexikon.php?cs_go=3&cs_id=137 HTTP/1.1" 200 6927 "-" "netEstate NE Crawler (+http://www.website-datenbank.de/)"
81.209.177.202 - - [07/Oct/2013:06:38:38 +0200] "GET /lexikon.php?cs_go=3&cs_id=228 HTTP/1.1" 200 6845 "-" "netEstate NE Crawler (+http://www.website-datenbank.de/)"
81.209.177.202 - - [07/Oct/2013:06:38:53 +0200] "GET /news.php?cs_go=archiv&cs_id=4564&cs_search= HTTP/1.1" 200 11246 "-" "netEstate NE Crawler (+http://www.website-datenbank.de/)"
141.8.147.12 - - [07/Oct/2013:06:39:06 +0200] "GET /news.php?cs_go=archiv&cs_id=4407&cs_search= HTTP/1.1" 200 9423 "-" "Mozilla/5.0 (compatible; YandexBot/3.0; +http://yandex.com/bots)"
141.8.147.12 - - [07/Oct/2013:06:39:09 +0200] "GET /news.php?cs_go=archiv&cs_id=4040&cs_search= HTTP/1.1" 200 10084 "-" "Mozilla/5.0 (compatible; YandexBot/3.0; +http://yandex.com/bots)"
81.209.177.95 - - [07/Oct/2013:06:39:15 +0200] "GET /lexikon.php?cs_go=3&cs_id=190 HTTP/1.1" 200 6078 "-" "netEstate NE Crawler (+http://www.website-datenbank.de/)"
141.8.147.12 - - [07/Oct/2013:06:39:16 +0200] "GET /news.php?cs_go=archiv&cs_id=4414&cs_search= HTTP/1.1" 200 7639 "-" "Mozilla/5.0 (compatible; YandexBot/3.0; +http://yandex.com/bots)"
141.8.147.12 - - [07/Oct/2013:06:39:18 +0200] "GET /news.php?cs_go=archiv&cs_id=4429&cs_search= HTTP/1.1" 200 7534 "-" "Mozilla/5.0 (compatible; YandexBot/3.0; +http://yandex.com/bots)"
81.209.177.140 - - [07/Oct/2013:06:39:38 +0200] "GET /lexikon.php?cs_go=3&cs_id=193 HTTP/1.1" 200 5606 "-" "netEstate NE Crawler (+http://www.website-datenbank.de/)"
81.209.177.202 - - [07/Oct/2013:06:39:57 +0200] "GET /lexikon.php?cs_go=3&cs_id=92 HTTP/1.1" 200 6126 "-" "netEstate NE Crawler (+http://www.website-datenbank.de/)"
81.209.177.202 - - [07/Oct/2013:06:40:12 +0200] "GET /lexikon.php?cs_go=3&cs_id=195 HTTP/1.1" 200 6599 "-" "netEstate NE Crawler (+http://www.website-datenbank.de/)"
81.209.177.202 - - [07/Oct/2013:06:40:30 +0200] "GET /lexikon.php?cs_go=3&cs_id=223 HTTP/1.1" 200 5590 "-" "netEstate NE Crawler (+http://www.website-datenbank.de/)"
81.209.177.140 - - [07/Oct/2013:06:40:53 +0200] "GET /lexikon.php?cs_go=3&cs_id=85 HTTP/1.1" 200 6219 "-" "netEstate NE Crawler (+http://www.website-datenbank.de/)"
81.209.177.95 - - [07/Oct/2013:06:41:15 +0200] "GET /lexikon.php?cs_go=3&cs_id=128 HTTP/1.1" 200 6094 "-" "netEstate NE Crawler (+http://www.website-datenbank.de/)"
81.209.177.202 - - [07/Oct/2013:06:41:36 +0200] "GET /lexikon.php?cs_go=3&cs_id=11 HTTP/1.1" 200 5846 "-" "netEstate NE Crawler (+http://www.website-datenbank.de/)"
81.209.177.202 - - [07/Oct/2013:06:41:55 +0200] "GET /news.php?cs_go=archiv&cs_id=4531&cs_search= HTTP/1.1" 200 13958 "-" "netEstate NE Crawler (+http://www.website-datenbank.de/)"
81.209.177.202 - - [07/Oct/2013:06:42:15 +0200] "GET /news.php?cs_go=archiv&cs_id=4357&cs_search= HTTP/1.1" 200 11161 "-" "netEstate NE Crawler (+http://www.website-datenbank.de/)"
81.209.177.202 - - [07/Oct/2013:06:42:32 +0200] "GET /news.php?cs_go=archiv&cs_id=4392&cs_search= HTTP/1.1" 200 9308 "-" "netEstate NE Crawler (+http://www.website-datenbank.de/)"
81.209.177.95 - - [07/Oct/2013:06:42:52 +0200] "GET /lexikon.php?cs_go=3&cs_id=77 HTTP/1.1" 200 6273 "-" "netEstate NE Crawler (+http://www.website-datenbank.de/)"
81.209.177.95 - - [07/Oct/2013:06:43:15 +0200] "GET /news.php?cs_go=archiv&cs_id=4415&cs_search= HTTP/1.1" 200 9678 "-" "netEstate NE Crawler (+http://www.website-datenbank.de/)"
81.209.177.140 - - [07/Oct/2013:06:43:34 +0200] "GET /news.php?cs_go=archiv&cs_id=4474&cs_search= HTTP/1.1" 200 11750 "-" "netEstate NE Crawler (+http://www.website-datenbank.de/)"
81.209.177.140 - - [07/Oct/2013:06:44:03 +0200] "GET /lexikon.php?cs_go=3&cs_id=56 HTTP/1.1" 200 5605 "-" "netEstate NE Crawler (+http://www.website-datenbank.de/)"
81.209.177.202 - - [07/Oct/2013:06:44:22 +0200] "GET /lexikon.php?cs_go=3&cs_id=162 HTTP/1.1" 200 7001 "-" "netEstate NE Crawler (+http://www.website-datenbank.de/)"
81.209.177.140 - - [07/Oct/2013:06:44:44 +0200] "GET /news.php?cs_go=archiv&cs_startpos=90 HTTP/1.1" 200 20557 "-" "netEstate NE Crawler (+http://www.website-datenbank.de/)"
81.209.177.202 - - [07/Oct/2013:06:45:04 +0200] "GET /news.php?cs_go=archiv&cs_id=4361&cs_search= HTTP/1.1" 200 8186 "-" "netEstate NE Crawler (+http://www.website-datenbank.de/)"
81.209.177.95 - - [07/Oct/2013:06:45:20 +0200] "GET /lexikon.php?cs_go=3&cs_id=19 HTTP/1.1" 200 7568 "-" "netEstate NE Crawler (+http://www.website-datenbank.de/)"
81.209.177.95 - - [07/Oct/2013:06:45:39 +0200] "GET /lexikon.php?cs_go=3&cs_id=194 HTTP/1.1" 200 5611 "-" "netEstate NE Crawler (+http://www.website-datenbank.de/)"
81.209.177.95 - - [07/Oct/2013:06:45:57 +0200] "GET /lexikon.php?cs_go=3&cs_id=88 HTTP/1.1" 200 6417 "-" "netEstate NE Crawler (+http://www.website-datenbank.de/)"
81.209.177.95 - - [07/Oct/2013:06:46:15 +0200] "GET /news.php?cs_go=archiv&cs_id=4441&cs_search= HTTP/1.1" 200 7705 "-" "netEstate NE Crawler (+http://www.website-datenbank.de/)"
81.209.177.95 - - [07/Oct/2013:06:46:37 +0200] "GET /lexikon.php?cs_go=2&cs_char=y HTTP/1.1" 200 6211 "-" "netEstate NE Crawler (+http://www.website-datenbank.de/)"
81.209.177.202 - - [07/Oct/2013:06:46:57 +0200] "GET /lexikon.php?cs_go=3&cs_id=231 HTTP/1.1" 200 5972 "-" "netEstate NE Crawler (+http://www.website-datenbank.de/)"
81.209.177.140 - - [07/Oct/2013:06:47:19 +0200] "GET /robots.txt HTTP/1.1" 200 177 "-" "netEstate NE Crawler (+http://www.website-datenbank.de/)"
81.209.177.202 - - [07/Oct/2013:06:47:26 +0200] "GET /news.php?cs_go=archiv&cs_id=4550&cs_search= HTTP/1.1" 200 8224 "-" "netEstate NE Crawler (+http://www.website-datenbank.de/)"
81.209.177.202 - - [07/Oct/2013:06:47:43 +0200] "GET /news.php?cs_go=archiv&cs_id=4522&cs_search= HTTP/1.1" 200 11615 "-" "netEstate NE Crawler (+http://www.website-datenbank.de/)"
81.209.177.202 - - [07/Oct/2013:06:48:00 +0200] "GET /news.php?cs_go=archiv&cs_id=4504&cs_search= HTTP/1.1" 200 11806 "-" "netEstate NE Crawler (+http://www.website-datenbank.de/)"
81.209.177.140 - - [07/Oct/2013:06:48:21 +0200] "GET /lexikon.php?cs_go=3&cs_id=42 HTTP/1.1" 200 5973 "-" "netEstate NE Crawler (+http://www.website-datenbank.de/)"
81.209.177.95 - - [07/Oct/2013:06:48:49 +0200] "GET /lexikon.php?cs_go=2&cs_char=l HTTP/1.1" 200 6374 "-" "netEstate NE Crawler (+http://www.website-datenbank.de/)"
81.209.177.202 - - [07/Oct/2013:06:49:04 +0200] "GET /news.php?cs_go=archiv&cs_id=4453&cs_search= HTTP/1.1" 200 9380 "-" "netEstate NE Crawler (+http://www.website-datenbank.de/)"
81.209.177.95 - - [07/Oct/2013:06:49:24 +0200] "GET /lexikon.php?cs_go=3&cs_id=197 HTTP/1.1" 200 5594 "-" "netEstate NE Crawler (+http://www.website-datenbank.de/)"
81.209.177.202 - - [07/Oct/2013:06:49:45 +0200] "GET /lexikon.php?cs_go=3&cs_id=72 HTTP/1.1" 200 7001 "-" "netEstate NE Crawler (+http://www.website-datenbank.de/)"
81.209.177.202 - - [07/Oct/2013:06:50:04 +0200] "GET /news.php?cs_go=archiv&cs_id=4515&cs_search= HTTP/1.1" 200 9315 "-" "netEstate NE Crawler (+http://www.website-datenbank.de/)"
81.209.177.202 - - [07/Oct/2013:06:50:20 +0200] "GET /news.php?cs_go=archiv&cs_id=4551&cs_search= HTTP/1.1" 200 9685 "-" "netEstate NE Crawler (+http://www.website-datenbank.de/)"
81.209.177.95 - - [07/Oct/2013:06:50:37 +0200] "GET /lexikon.php?cs_go=3&cs_id=76 HTTP/1.1" 200 6124 "-" "netEstate NE Crawler (+http://www.website-datenbank.de/)"
81.209.177.140 - - [07/Oct/2013:06:50:57 +0200] "GET /lexikon.php?cs_go=3&cs_id=53 HTTP/1.1" 200 5780 "-" "netEstate NE Crawler (+http://www.website-datenbank.de/)"
81.209.177.140 - - [07/Oct/2013:06:51:19 +0200] "GET /news.php?cs_go=archiv&cs_id=4412&cs_search= HTTP/1.1" 200 7650 "-" "netEstate NE Crawler (+http://www.website-datenbank.de/)"
66.249.78.46 - - [07/Oct/2013:06:51:40 +0200] "GET /images/RAL_Guetezeichen_Energiehandel.pdf HTTP/1.1" 304 - "-" "Mozilla/5.0 (compatible; Googlebot/2.1; +http://www.google.com/bot.html)"
81.209.177.202 - - [07/Oct/2013:06:51:46 +0200] "GET /lexikon.php?cs_go=3&cs_id=64 HTTP/1.1" 200 6330 "-" "netEstate NE Crawler (+http://www.website-datenbank.de/)"
81.209.177.202 - - [07/Oct/2013:06:52:04 +0200] "GET /modernisierung.php?cs_gp_go=plus HTTP/1.1" 200 9289 "-" "netEstate NE Crawler (+http://www.website-datenbank.de/)"
81.209.177.140 - - [07/Oct/2013:06:52:26 +0200] "GET /lexikon.php?cs_go=3&cs_id=143 HTTP/1.1" 200 6899 "-" "netEstate NE Crawler (+http://www.website-datenbank.de/)"
81.209.177.202 - - [07/Oct/2013:06:52:55 +0200] "GET /lexikon.php?cs_go=3&cs_id=120 HTTP/1.1" 200 6118 "-" "netEstate NE Crawler (+http://www.website-datenbank.de/)"
81.209.177.95 - - [07/Oct/2013:06:53:12 +0200] "GET /news.php?cs_go=archiv&cs_id=4376&cs_search= HTTP/1.1" 200 8262 "-" "netEstate NE Crawler (+http://www.website-datenbank.de/)"
81.209.177.140 - - [07/Oct/2013:06:53:37 +0200] "GET /news.php?cs_go=archiv&cs_id=4560&cs_search= HTTP/1.1" 200 9078 "-" "netEstate NE Crawler (+http://www.website-datenbank.de/)"
81.209.177.140 - - [07/Oct/2013:06:53:58 +0200] "GET /lexikon.php?cs_go=3&cs_id=122 HTTP/1.1" 200 5820 "-" "netEstate NE Crawler (+http://www.website-datenbank.de/)"
81.209.177.95 - - [07/Oct/2013:06:54:16 +0200] "GET /lexikon.php?cs_go=3&cs_id=95 HTTP/1.1" 200 6335 "-" "netEstate NE Crawler (+http://www.website-datenbank.de/)"
81.209.177.140 - - [07/Oct/2013:06:54:38 +0200] "GET /lexikon.php?cs_go=3&cs_id=48 HTTP/1.1" 200 6992 "-" "netEstate NE Crawler (+http://www.website-datenbank.de/)"
81.209.177.140 - - [07/Oct/2013:06:55:06 +0200] "GET /lexikon.php?cs_go=3&cs_id=151 HTTP/1.1" 200 6284 "-" "netEstate NE Crawler (+http://www.website-datenbank.de/)"
81.209.177.202 - - [07/Oct/2013:06:55:21 +0200] "GET /news.php?cs_go=archiv&cs_id=4495&cs_search= HTTP/1.1" 200 7997 "-" "netEstate NE Crawler (+http://www.website-datenbank.de/)"
81.209.177.95 - - [07/Oct/2013:06:55:40 +0200] "GET /news.php?cs_go=archiv&cs_id=4407&cs_search= HTTP/1.1" 200 9423 "-" "netEstate NE Crawler (+http://www.website-datenbank.de/)"
81.209.177.202 - - [07/Oct/2013:06:55:55 +0200] "GET /lexikon.php?cs_go=3&cs_id=123 HTTP/1.1" 200 5657 "-" "netEstate NE Crawler (+http://www.website-datenbank.de/)"
81.209.177.95 - - [07/Oct/2013:06:56:12 +0200] "GET /lexikon.php?cs_go=3&cs_id=144 HTTP/1.1" 200 7452 "-" "netEstate NE Crawler (+http://www.website-datenbank.de/)"
81.209.177.202 - - [07/Oct/2013:06:56:31 +0200] "GET /news.php?cs_go=archiv&cs_id=4499&cs_search= HTTP/1.1" 200 8947 "-" "netEstate NE Crawler (+http://www.website-datenbank.de/)"
81.209.177.202 - - [07/Oct/2013:06:56:47 +0200] "GET /news.php?cs_go=archiv&cs_id=4410&cs_search= HTTP/1.1" 200 7871 "-" "netEstate NE Crawler (+http://www.website-datenbank.de/)"
81.209.177.202 - - [07/Oct/2013:06:57:02 +0200] "GET /news.php?cs_go=archiv&cs_id=4505&cs_search= HTTP/1.1" 200 7578 "-" "netEstate NE Crawler (+http://www.website-datenbank.de/)"
81.209.177.140 - - [07/Oct/2013:06:57:25 +0200] "GET /robots.txt HTTP/1.1" 200 177 "-" "netEstate NE Crawler (+http://www.website-datenbank.de/)"
66.249.78.46 - - [07/Oct/2013:06:57:25 +0200] "GET /impressum.php HTTP/1.1" 200 6360 "-" "Mozilla/5.0 (compatible; Googlebot/2.1; +http://www.google.com/bot.html)"
81.209.177.202 - - [07/Oct/2013:06:57:26 +0200] "GET /lexikon.php?cs_go=3&cs_id=49 HTTP/1.1" 200 6736 "-" "netEstate NE Crawler (+http://www.website-datenbank.de/)"
81.209.177.202 - - [07/Oct/2013:06:57:44 +0200] "GET /lexikon.php?cs_go=3&cs_id=90 HTTP/1.1" 200 7166 "-" "netEstate NE Crawler (+http://www.website-datenbank.de/)"
81.209.177.95 - - [07/Oct/2013:06:58:02 +0200] "GET /lexikon.php?cs_go=3&cs_id=60 HTTP/1.1" 200 6101 "-" "netEstate NE Crawler (+http://www.website-datenbank.de/)"
81.209.177.202 - - [07/Oct/2013:06:58:24 +0200] "GET /lexikon.php?cs_go=3&cs_id=68 HTTP/1.1" 200 6101 "-" "netEstate NE Crawler (+http://www.website-datenbank.de/)"
81.209.177.202 - - [07/Oct/2013:06:58:38 +0200] "GET /lexikon.php?cs_go=3&cs_id=63 HTTP/1.1" 200 5963 "-" "netEstate NE Crawler (+http://www.website-datenbank.de/)"
81.209.177.140 - - [07/Oct/2013:06:59:08 +0200] "GET /news.php?cs_go=archiv&cs_id=4385&cs_search= HTTP/1.1" 200 7994 "-" "netEstate NE Crawler (+http://www.website-datenbank.de/)"
81.209.177.95 - - [07/Oct/2013:06:59:35 +0200] "GET /lexikon.php?cs_go=3&cs_id=81 HTTP/1.1" 200 6021 "-" "netEstate NE Crawler (+http://www.website-datenbank.de/)"
81.209.177.95 - - [07/Oct/2013:06:59:56 +0200] "GET /news.php?cs_go=archiv&cs_id=4471&cs_search= HTTP/1.1" 200 11789 "-" "netEstate NE Crawler (+http://www.website-datenbank.de/)"
81.209.177.202 - - [07/Oct/2013:07:00:17 +0200] "GET /news.php?cs_go=archiv&cs_id=4341&cs_search= HTTP/1.1" 200 9006 "-" "netEstate NE Crawler (+http://www.website-datenbank.de/)"
81.209.177.202 - - [07/Oct/2013:07:00:34 +0200] "GET /lexikon.php?cs_go=3&cs_id=107 HTTP/1.1" 200 5990 "-" "netEstate NE Crawler (+http://www.website-datenbank.de/)"
81.209.177.202 - - [07/Oct/2013:07:00:53 +0200] "GET /lexikon.php?cs_go=3&cs_id=75 HTTP/1.1" 200 6197 "-" "netEstate NE Crawler (+http://www.website-datenbank.de/)"
81.209.177.95 - - [07/Oct/2013:07:01:10 +0200] "GET /news.php?cs_go=archiv&cs_id=4554&cs_search= HTTP/1.1" 200 9203 "-" "netEstate NE Crawler (+http://www.website-datenbank.de/)"
81.209.177.140 - - [07/Oct/2013:07:01:33 +0200] "GET /lexikon.php?cs_go=3&cs_id=233 HTTP/1.1" 200 6601 "-" "netEstate NE Crawler (+http://www.website-datenbank.de/)"
81.209.177.202 - - [07/Oct/2013:07:01:49 +0200] "GET /lexikon.php?cs_go=2&cs_char=q HTTP/1.1" 200 5763 "-" "netEstate NE Crawler (+http://www.website-datenbank.de/)"
81.209.177.95 - - [07/Oct/2013:07:02:08 +0200] "GET /news.php?cs_go=archiv&cs_id=4428&cs_search= HTTP/1.1" 200 11432 "-" "netEstate NE Crawler (+http://www.website-datenbank.de/)"
81.209.177.95 - - [07/Oct/2013:07:02:31 +0200] "GET /lexikon.php?cs_go=3&cs_id=141 HTTP/1.1" 200 6477 "-" "netEstate NE Crawler (+http://www.website-datenbank.de/)"
81.209.177.95 - - [07/Oct/2013:07:02:52 +0200] "GET /news.php?cs_go=archiv&cs_id=4366&cs_search= HTTP/1.1" 200 11367 "-" "netEstate NE Crawler (+http://www.website-datenbank.de/)"
141.8.147.12 - - [07/Oct/2013:07:03:14 +0200] "GET /news.php?cs_go=archiv&cs_id=4460&cs_search= HTTP/1.1" 200 9402 "-" "Mozilla/5.0 (compatible; YandexBot/3.0; +http://yandex.com/bots)"
81.209.177.140 - - [07/Oct/2013:07:03:15 +0200] "GET /news.php?cs_go=archiv&cs_id=4520&cs_search= HTTP/1.1" 200 12094 "-" "netEstate NE Crawler (+http://www.website-datenbank.de/)"
81.209.177.95 - - [07/Oct/2013:07:03:47 +0200] "GET /lexikon.php?cs_go=3&cs_id=121 HTTP/1.1" 200 5974 "-" "netEstate NE Crawler (+http://www.website-datenbank.de/)"
81.209.177.202 - - [07/Oct/2013:07:04:06 +0200] "GET /news.php?cs_go=archiv&cs_id=4356&cs_search= HTTP/1.1" 200 7786 "-" "netEstate NE Crawler (+http://www.website-datenbank.de/)"
81.209.177.95 - - [07/Oct/2013:07:04:25 +0200] "GET /news.php?cs_go=archiv&cs_id=4435&cs_search= HTTP/1.1" 200 9201 "-" "netEstate NE Crawler (+http://www.website-datenbank.de/)"
81.209.177.202 - - [07/Oct/2013:07:04:44 +0200] "GET /news.php?cs_go=archiv&cs_id=4556&cs_search= HTTP/1.1" 200 7861 "-" "netEstate NE Crawler (+http://www.website-datenbank.de/)"
141.8.147.12 - - [07/Oct/2013:07:04:50 +0200] "GET /news.php?cs_go=archiv&cs_id=4443&cs_search= HTTP/1.1" 200 7756 "-" "Mozilla/5.0 (compatible; YandexBot/3.0; +http://yandex.com/bots)"
141.8.147.12 - - [07/Oct/2013:07:04:52 +0200] "GET /news.php?cs_go=archiv&cs_id=4527&cs_search= HTTP/1.1" 200 11934 "-" "Mozilla/5.0 (compatible; YandexBot/3.0; +http://yandex.com/bots)"
81.209.177.202 - - [07/Oct/2013:07:05:03 +0200] "GET /lexikon.php?cs_go=3&cs_id=156 HTTP/1.1" 200 6322 "-" "netEstate NE Crawler (+http://www.website-datenbank.de/)"
81.209.177.202 - - [07/Oct/2013:07:05:21 +0200] "GET /news.php?cs_go=archiv&cs_id=4526&cs_search= HTTP/1.1" 200 9358 "-" "netEstate NE Crawler (+http://www.website-datenbank.de/)"
81.209.177.202 - - [07/Oct/2013:07:05:37 +0200] "GET /news.php?cs_go=archiv&cs_id=4460&cs_search= HTTP/1.1" 200 9402 "-" "netEstate NE Crawler (+http://www.website-datenbank.de/)"
81.209.177.202 - - [07/Oct/2013:07:05:54 +0200] "GET /news.php?cs_go=archiv&cs_id=4380&cs_search= HTTP/1.1" 200 9159 "-" "netEstate NE Crawler (+http://www.website-datenbank.de/)"
81.209.177.95 - - [07/Oct/2013:07:06:10 +0200] "GET /news.php?cs_go=archiv&cs_id=4403&cs_search= HTTP/1.1" 200 7530 "-" "netEstate NE Crawler (+http://www.website-datenbank.de/)"
81.209.177.95 - - [07/Oct/2013:07:06:31 +0200] "GET /news.php?cs_go=archiv&cs_id=4433&cs_search= HTTP/1.1" 200 9126 "-" "netEstate NE Crawler (+http://www.website-datenbank.de/)"
81.209.177.202 - - [07/Oct/2013:07:06:50 +0200] "GET /lexikon.php?cs_go=3&cs_id=22 HTTP/1.1" 200 6318 "-" "netEstate NE Crawler (+http://www.website-datenbank.de/)"
81.209.177.140 - - [07/Oct/2013:07:07:11 +0200] "GET /news.php?cs_go=archiv&cs_id=4369&cs_search= HTTP/1.1" 200 11567 "-" "netEstate NE Crawler (+http://www.website-datenbank.de/)"
81.209.177.202 - - [07/Oct/2013:07:07:27 +0200] "GET /robots.txt HTTP/1.1" 200 177 "-" "netEstate NE Crawler (+http://www.website-datenbank.de/)"
81.209.177.202 - - [07/Oct/2013:07:07:34 +0200] "GET /news.php?cs_go=archiv&cs_id=4347&cs_search= HTTP/1.1" 200 7808 "-" "netEstate NE Crawler (+http://www.website-datenbank.de/)"
81.209.177.95 - - [07/Oct/2013:07:07:52 +0200] "GET /lexikon.php?cs_go=3&cs_id=192 HTTP/1.1" 200 6008 "-" "netEstate NE Crawler (+http://www.website-datenbank.de/)"
81.209.177.202 - - [07/Oct/2013:07:08:08 +0200] "GET /news.php?cs_go=archiv&cs_id=4562&cs_search= HTTP/1.1" 200 11685 "-" "netEstate NE Crawler (+http://www.website-datenbank.de/)"
81.209.177.140 - - [07/Oct/2013:07:08:31 +0200] "GET /news.php?cs_go=archiv&cs_id=4455&cs_search= HTTP/1.1" 200 7972 "-" "netEstate NE Crawler (+http://www.website-datenbank.de/)"
81.209.177.202 - - [07/Oct/2013:07:08:51 +0200] "GET /news.php?cs_go=archiv&cs_id=4362&cs_search= HTTP/1.1" 200 9723 "-" "netEstate NE Crawler (+http://www.website-datenbank.de/)"
81.209.177.95 - - [07/Oct/2013:07:09:07 +0200] "GET /lexikon.php?cs_go=3&cs_id=166 HTTP/1.1" 200 6792 "-" "netEstate NE Crawler (+http://www.website-datenbank.de/)"
81.209.177.95 - - [07/Oct/2013:07:09:26 +0200] "GET /news.php?cs_go=archiv&cs_id=4498&cs_search= HTTP/1.1" 200 9227 "-" "netEstate NE Crawler (+http://www.website-datenbank.de/)"
66.249.78.46 - - [07/Oct/2013:07:09:36 +0200] "GET /kontakt.php HTTP/1.1" 200 7021 "-" "Mozilla/5.0 (compatible; Googlebot/2.1; +http://www.google.com/bot.html)"
81.209.177.140 - - [07/Oct/2013:07:09:47 +0200] "GET /.php HTTP/1.1" 404 - "-" "netEstate NE Crawler (+http://www.website-datenbank.de/)"
81.209.177.202 - - [07/Oct/2013:07:10:00 +0200] "GET /kwk.php?cs_go=1 HTTP/1.1" 200 8484 "-" "netEstate NE Crawler (+http://www.website-datenbank.de/)"
81.209.177.202 - - [07/Oct/2013:07:10:21 +0200] "GET /lexikon.php?cs_go=3&cs_id=189 HTTP/1.1" 200 5826 "-" "netEstate NE Crawler (+http://www.website-datenbank.de/)"
81.209.177.95 - - [07/Oct/2013:07:10:37 +0200] "GET /lexikon.php?cs_go=3&cs_id=96 HTTP/1.1" 200 5908 "-" "netEstate NE Crawler (+http://www.website-datenbank.de/)"
81.209.177.95 - - [07/Oct/2013:07:10:54 +0200] "GET /news.php?cs_go=archiv&cs_id=4559&cs_search= HTTP/1.1" 200 7652 "-" "netEstate NE Crawler (+http://www.website-datenbank.de/)"
81.209.177.202 - - [07/Oct/2013:07:11:14 +0200] "GET /lexikon.php?cs_go=3&cs_id=69 HTTP/1.1" 200 7708 "-" "netEstate NE Crawler (+http://www.website-datenbank.de/)"
81.209.177.95 - - [07/Oct/2013:07:11:34 +0200] "GET /lexikon.php?cs_go=3&cs_id=188 HTTP/1.1" 200 5603 "-" "netEstate NE Crawler (+http://www.website-datenbank.de/)"
81.209.177.202 - - [07/Oct/2013:07:11:49 +0200] "GET /news.php?cs_go=archiv&cs_id=4444&cs_search= HTTP/1.1" 200 9961 "-" "netEstate NE Crawler (+http://www.website-datenbank.de/)"
81.209.177.140 - - [07/Oct/2013:07:12:11 +0200] "GET /ansprechpartner.php HTTP/1.1" 404 - "-" "netEstate NE Crawler (+http://www.website-datenbank.de/)"
81.209.177.202 - - [07/Oct/2013:07:12:24 +0200] "GET /news.php?cs_go=archiv&cs_startpos=100 HTTP/1.1" 200 20478 "-" "netEstate NE Crawler (+http://www.website-datenbank.de/)"
81.209.177.202 - - [07/Oct/2013:07:12:44 +0200] "GET /lexikon.php?cs_go=3&cs_id=184 HTTP/1.1" 200 5597 "-" "netEstate NE Crawler (+http://www.website-datenbank.de/)"
81.209.177.202 - - [07/Oct/2013:07:13:02 +0200] "GET /lexikon.php?cs_go=3&cs_id=25 HTTP/1.1" 200 6042 "-" "netEstate NE Crawler (+http://www.website-datenbank.de/)"
81.209.177.140 - - [07/Oct/2013:07:13:26 +0200] "GET /lexikon.php?cs_go=3&cs_id=31 HTTP/1.1" 200 5638 "-" "netEstate NE Crawler (+http://www.website-datenbank.de/)"
81.209.177.202 - - [07/Oct/2013:07:13:41 +0200] "GET /lexikon.php?cs_go=2&cs_char=u HTTP/1.1" 200 6345 "-" "netEstate NE Crawler (+http://www.website-datenbank.de/)"
81.209.177.140 - - [07/Oct/2013:07:14:01 +0200] "GET /news.php?cs_go=archiv&cs_id=4481&cs_search= HTTP/1.1" 200 9277 "-" "netEstate NE Crawler (+http://www.website-datenbank.de/)"
81.209.177.95 - - [07/Oct/2013:07:14:31 +0200] "GET /news.php?cs_go=archiv&cs_id=4353&cs_search= HTTP/1.1" 200 11309 "-" "netEstate NE Crawler (+http://www.website-datenbank.de/)"
81.209.177.95 - - [07/Oct/2013:07:14:54 +0200] "GET /news.php?cs_go=archiv&cs_id=4469&cs_search= HTTP/1.1" 200 7936 "-" "netEstate NE Crawler (+http://www.website-datenbank.de/)"
81.209.177.202 - - [07/Oct/2013:07:15:11 +0200] "GET /news.php?cs_go=archiv&cs_id=4494&cs_search= HTTP/1.1" 200 11137 "-" "netEstate NE Crawler (+http://www.website-datenbank.de/)"
81.209.177.202 - - [07/Oct/2013:07:15:28 +0200] "GET /news.php?cs_go=archiv&cs_id=4558&cs_search= HTTP/1.1" 200 11632 "-" "netEstate NE Crawler (+http://www.website-datenbank.de/)"
81.209.177.202 - - [07/Oct/2013:07:15:43 +0200] "GET /news.php?cs_go=archiv&cs_id=4472&cs_search= HTTP/1.1" 200 7814 "-" "netEstate NE Crawler (+http://www.website-datenbank.de/)"
81.209.177.202 - - [07/Oct/2013:07:15:57 +0200] "GET /lexikon.php?cs_go=3&cs_id=28 HTTP/1.1" 200 5950 "-" "netEstate NE Crawler (+http://www.website-datenbank.de/)"
81.209.177.202 - - [07/Oct/2013:07:16:16 +0200] "GET /news.php?cs_go=archiv&cs_id=4510&cs_search= HTTP/1.1" 200 8936 "-" "netEstate NE Crawler (+http://www.website-datenbank.de/)"
81.209.177.202 - - [07/Oct/2013:07:16:31 +0200] "GET /lexikon.php?cs_go=3&cs_id=212 HTTP/1.1" 200 6144 "-" "netEstate NE Crawler (+http://www.website-datenbank.de/)"
81.209.177.202 - - [07/Oct/2013:07:16:47 +0200] "GET /news.php?cs_go=archiv&cs_id=4352&cs_search= HTTP/1.1" 200 7753 "-" "netEstate NE Crawler (+http://www.website-datenbank.de/)"
93.220.21.157 - - [07/Oct/2013:07:16:56 +0200] "GET /modul.css HTTP/1.1" 200 35038 "http://www.mink-gmbh.de/" "Mozilla/5.0 (Windows NT 6.2; WOW64; rv:24.0) Gecko/20100101 Firefox/24.0"
93.220.21.157 - - [07/Oct/2013:07:16:56 +0200] "GET /style.css HTTP/1.1" 200 8402 "http://www.mink-gmbh.de/" "Mozilla/5.0 (Windows NT 6.2; WOW64; rv:24.0) Gecko/20100101 Firefox/24.0"
93.220.21.157 - - [07/Oct/2013:07:16:56 +0200] "GET /favicon.ico HTTP/1.1" 200 3638 "-" "Mozilla/5.0 (Windows NT 6.2; WOW64; rv:24.0) Gecko/20100101 Firefox/24.0"
93.220.21.157 - - [07/Oct/2013:07:16:56 +0200] "GET /js_contentserver24_greybox/gb_styles.css HTTP/1.1" 200 2302 "http://www.mink-gmbh.de/" "Mozilla/5.0 (Windows NT 6.2; WOW64; rv:24.0) Gecko/20100101 Firefox/24.0"
93.220.21.157 - - [07/Oct/2013:07:16:56 +0200] "GET / HTTP/1.1" 200 12417 "http://www.google.de/url?sa=t&rct=j&q=&esrc=s&source=web&cd=1&ved=0CDIQFjAA&url=http%3A%2F%2Fwww.mink-gmbh.de%2F&ei=cUNSUufqCKSg0wWUgoGIBA&usg=AFQjCNFHX4Iglls9oo-KYXTmDUV_5KOVIg&bvm=bv.53537100,d.d2k" "Mozilla/5.0 (Windows NT 6.2; WOW64; rv:24.0) Gecko/20100101 Firefox/24.0"
93.220.21.157 - - [07/Oct/2013:07:16:57 +0200] "GET /js_contentserver24_greybox/gb_scripts.js HTTP/1.1" 200 11913 "http://www.mink-gmbh.de/" "Mozilla/5.0 (Windows NT 6.2; WOW64; rv:24.0) Gecko/20100101 Firefox/24.0"
93.220.21.157 - - [07/Oct/2013:07:16:57 +0200] "GET /js_contentserver24_greybox/AJS.js HTTP/1.1" 200 10396 "http://www.mink-gmbh.de/" "Mozilla/5.0 (Windows NT 6.2; WOW64; rv:24.0) Gecko/20100101 Firefox/24.0"
93.220.21.157 - - [07/Oct/2013:07:16:57 +0200] "GET /js_contentserver24_greybox/AJS_fx.js HTTP/1.1" 200 3192 "http://www.mink-gmbh.de/" "Mozilla/5.0 (Windows NT 6.2; WOW64; rv:24.0) Gecko/20100101 Firefox/24.0"
93.220.21.157 - - [07/Oct/2013:07:16:57 +0200] "GET /images/team-energie.png HTTP/1.1" 200 17383 "http://www.mink-gmbh.de/" "Mozilla/5.0 (Windows NT 6.2; WOW64; rv:24.0) Gecko/20100101 Firefox/24.0"
93.220.21.157 - - [07/Oct/2013:07:16:57 +0200] "GET /images/kwk.gif HTTP/1.1" 200 6403 "http://www.mink-gmbh.de/" "Mozilla/5.0 (Windows NT 6.2; WOW64; rv:24.0) Gecko/20100101 Firefox/24.0"
93.220.21.157 - - [07/Oct/2013:07:16:57 +0200] "GET /images/mail.jpg HTTP/1.1" 200 11165 "http://www.mink-gmbh.de/" "Mozilla/5.0 (Windows NT 6.2; WOW64; rv:24.0) Gecko/20100101 Firefox/24.0"
93.220.21.157 - - [07/Oct/2013:07:16:57 +0200] "GET /images/wunschpreis.jpg HTTP/1.1" 200 16767 "http://www.mink-gmbh.de/" "Mozilla/5.0 (Windows NT 6.2; WOW64; rv:24.0) Gecko/20100101 Firefox/24.0"
93.220.21.157 - - [07/Oct/2013:07:16:57 +0200] "GET /images/logos.jpg?cache3236 HTTP/1.1" 200 35043 "http://www.mink-gmbh.de/" "Mozilla/5.0 (Windows NT 6.2; WOW64; rv:24.0) Gecko/20100101 Firefox/24.0"
93.220.21.157 - - [07/Oct/2013:07:16:57 +0200] "GET /images/tkw.jpg HTTP/1.1" 200 64031 "http://www.mink-gmbh.de/" "Mozilla/5.0 (Windows NT 6.2; WOW64; rv:24.0) Gecko/20100101 Firefox/24.0"
93.220.21.157 - - [07/Oct/2013:07:16:57 +0200] "GET /images/bg.png HTTP/1.1" 200 922 "http://www.mink-gmbh.de/style.css" "Mozilla/5.0 (Windows NT 6.2; WOW64; rv:24.0) Gecko/20100101 Firefox/24.0"
93.220.21.157 - - [07/Oct/2013:07:16:57 +0200] "GET /images/freecall.jpg HTTP/1.1" 200 39195 "http://www.mink-gmbh.de/" "Mozilla/5.0 (Windows NT 6.2; WOW64; rv:24.0) Gecko/20100101 Firefox/24.0"
93.220.21.157 - - [07/Oct/2013:07:16:57 +0200] "GET /js_contentserver24_greybox/w_close.gif HTTP/1.1" 200 74 "http://www.mink-gmbh.de/" "Mozilla/5.0 (Windows NT 6.2; WOW64; rv:24.0) Gecko/20100101 Firefox/24.0"
93.220.21.157 - - [07/Oct/2013:07:16:57 +0200] "GET /images/close.png HTTP/1.1" 200 703 "http://www.mink-gmbh.de/" "Mozilla/5.0 (Windows NT 6.2; WOW64; rv:24.0) Gecko/20100101 Firefox/24.0"
93.220.21.157 - - [07/Oct/2013:07:16:57 +0200] "GET /images/newsletter_bg.jpg HTTP/1.1" 200 33610 "http://www.mink-gmbh.de/" "Mozilla/5.0 (Windows NT 6.2; WOW64; rv:24.0) Gecko/20100101 Firefox/24.0"
93.220.21.157 - - [07/Oct/2013:07:16:57 +0200] "GET /images/newsletter.png HTTP/1.1" 200 14619 "http://www.mink-gmbh.de/style.css" "Mozilla/5.0 (Windows NT 6.2; WOW64; rv:24.0) Gecko/20100101 Firefox/24.0"
93.220.21.157 - - [07/Oct/2013:07:16:57 +0200] "GET /images/wrapperbg.jpg HTTP/1.1" 200 27465 "http://www.mink-gmbh.de/style.css" "Mozilla/5.0 (Windows NT 6.2; WOW64; rv:24.0) Gecko/20100101 Firefox/24.0"
93.220.21.157 - - [07/Oct/2013:07:16:57 +0200] "GET /images/header.jpg HTTP/1.1" 200 25189 "http://www.mink-gmbh.de/style.css" "Mozilla/5.0 (Windows NT 6.2; WOW64; rv:24.0) Gecko/20100101 Firefox/24.0"
93.220.21.157 - - [07/Oct/2013:07:16:57 +0200] "GET /images/navibg.png HTTP/1.1" 200 2803 "http://www.mink-gmbh.de/style.css" "Mozilla/5.0 (Windows NT 6.2; WOW64; rv:24.0) Gecko/20100101 Firefox/24.0"
93.220.21.157 - - [07/Oct/2013:07:16:57 +0200] "GET /images/steigend.png HTTP/1.1" 200 688 "http://www.mink-gmbh.de/modul.css" "Mozilla/5.0 (Windows NT 6.2; WOW64; rv:24.0) Gecko/20100101 Firefox/24.0"
93.220.21.157 - - [07/Oct/2013:07:16:57 +0200] "GET /images/mobil.jpg HTTP/1.1" 200 25293 "http://www.mink-gmbh.de/style.css" "Mozilla/5.0 (Windows NT 6.2; WOW64; rv:24.0) Gecko/20100101 Firefox/24.0"
93.220.21.157 - - [07/Oct/2013:07:16:57 +0200] "GET /images/newsletter.jpg HTTP/1.1" 200 13130 "http://www.mink-gmbh.de/style.css" "Mozilla/5.0 (Windows NT 6.2; WOW64; rv:24.0) Gecko/20100101 Firefox/24.0"
93.220.21.157 - - [07/Oct/2013:07:16:58 +0200] "GET /images/footerbg.jpg HTTP/1.1" 200 2184 "http://www.mink-gmbh.de/style.css" "Mozilla/5.0 (Windows NT 6.2; WOW64; rv:24.0) Gecko/20100101 Firefox/24.0"
93.220.21.157 - - [07/Oct/2013:07:16:58 +0200] "GET /js_contentserver24_greybox/loader_frame.html?s=0 HTTP/1.1" 200 2084 "http://www.mink-gmbh.de/" "Mozilla/5.0 (Windows NT 6.2; WOW64; rv:24.0) Gecko/20100101 Firefox/24.0"
93.220.21.157 - - [07/Oct/2013:07:16:58 +0200] "GET /js_contentserver24_greybox/header_bg.gif HTTP/1.1" 200 1188 "http://www.mink-gmbh.de/" "Mozilla/5.0 (Windows NT 6.2; WOW64; rv:24.0) Gecko/20100101 Firefox/24.0"
93.220.21.157 - - [07/Oct/2013:07:16:58 +0200] "GET /js_contentserver24_greybox/indicator.gif HTTP/1.1" 200 8238 "http://www.mink-gmbh.de/js_contentserver24_greybox/loader_frame.html?s=0" "Mozilla/5.0 (Windows NT 6.2; WOW64; rv:24.0) Gecko/20100101 Firefox/24.0"
93.220.21.157 - - [07/Oct/2013:07:16:58 +0200] "GET /js_contentserver24_greybox/g_close.gif HTTP/1.1" 200 541 "http://www.mink-gmbh.de/" "Mozilla/5.0 (Windows NT 6.2; WOW64; rv:24.0) Gecko/20100101 Firefox/24.0"
81.209.177.140 - - [07/Oct/2013:07:17:11 +0200] "GET /news.php?cs_go=archiv&cs_id=4528&cs_search= HTTP/1.1" 200 7574 "-" "netEstate NE Crawler (+http://www.website-datenbank.de/)"
93.220.21.157 - - [07/Oct/2013:07:17:19 +0200] "GET /preisanfrage.php HTTP/1.1" 200 8557 "http://www.mink-gmbh.de/" "Mozilla/5.0 (Windows NT 6.2; WOW64; rv:24.0) Gecko/20100101 Firefox/24.0"
93.220.21.157 - - [07/Oct/2013:07:17:19 +0200] "GET /images/logos.jpg?cache6986 HTTP/1.1" 200 35043 "http://www.mink-gmbh.de/preisanfrage.php" "Mozilla/5.0 (Windows NT 6.2; WOW64; rv:24.0) Gecko/20100101 Firefox/24.0"
157.56.92.143 - - [07/Oct/2013:07:17:26 +0200] "GET /robots.txt HTTP/1.1" 200 177 "-" "Mozilla/5.0 (compatible; bingbot/2.0; +http://www.bing.com/bingbot.htm)"
81.209.177.95 - - [07/Oct/2013:07:17:29 +0200] "GET /news.php?cs_go=archiv&cs_id=4563&cs_search= HTTP/1.1" 200 7561 "-" "netEstate NE Crawler (+http://www.website-datenbank.de/)"
81.209.177.95 - - [07/Oct/2013:07:17:46 +0200] "GET /robots.txt HTTP/1.1" 200 177 "-" "netEstate NE Crawler (+http://www.website-datenbank.de/)"
81.209.177.202 - - [07/Oct/2013:07:17:53 +0200] "GET /lexikon.php?cs_go=3&cs_id=54 HTTP/1.1" 200 5603 "-" "netEstate NE Crawler (+http://www.website-datenbank.de/)"
141.8.147.12 - - [07/Oct/2013:07:17:54 +0200] "GET /news.php?cs_go=archiv&cs_id=4394&cs_search= HTTP/1.1" 200 8442 "-" "Mozilla/5.0 (compatible; YandexBot/3.0; +http://yandex.com/bots)"
81.209.177.140 - - [07/Oct/2013:07:18:08 +0200] "GET /news.php?cs_go=archiv&cs_id=4440&cs_search= HTTP/1.1" 200 11738 "-" "netEstate NE Crawler (+http://www.website-datenbank.de/)"
93.220.21.157 - - [07/Oct/2013:07:18:30 +0200] "POST /preisanfrage.php HTTP/1.1" 200 5210 "http://www.mink-gmbh.de/preisanfrage.php" "Mozilla/5.0 (Windows NT 6.2; WOW64; rv:24.0) Gecko/20100101 Firefox/24.0"
93.220.21.157 - - [07/Oct/2013:07:18:30 +0200] "GET /images/logos.jpg?cache7603 HTTP/1.1" 200 35043 "http://www.mink-gmbh.de/preisanfrage.php" "Mozilla/5.0 (Windows NT 6.2; WOW64; rv:24.0) Gecko/20100101 Firefox/24.0"
81.209.177.202 - - [07/Oct/2013:07:18:38 +0200] "GET /lexikon.php?cs_go=3&cs_id=110 HTTP/1.1" 200 6302 "-" "netEstate NE Crawler (+http://www.website-datenbank.de/)"
93.220.21.157 - - [07/Oct/2013:07:18:39 +0200] "GET /wunschpreis.php HTTP/1.1" 200 10292 "http://www.mink-gmbh.de/preisanfrage.php" "Mozilla/5.0 (Windows NT 6.2; WOW64; rv:24.0) Gecko/20100101 Firefox/24.0"
93.220.21.157 - - [07/Oct/2013:07:18:39 +0200] "GET /images/logos.jpg?cache1397 HTTP/1.1" 200 35043 "http://www.mink-gmbh.de/wunschpreis.php" "Mozilla/5.0 (Windows NT 6.2; WOW64; rv:24.0) Gecko/20100101 Firefox/24.0"
81.209.177.95 - - [07/Oct/2013:07:18:54 +0200] "GET /news.php?cs_go=archiv&cs_id=4337&cs_search= HTTP/1.1" 200 8826 "-" "netEstate NE Crawler (+http://www.website-datenbank.de/)"
157.56.92.143 - - [07/Oct/2013:07:19:08 +0200] "GET /news.php?cs_go=archiv&cs_id=4194 HTTP/1.1" 200 11821 "-" "Mozilla/5.0 (compatible; bingbot/2.0; +http://www.bing.com/bingbot.htm)"
81.209.177.140 - - [07/Oct/2013:07:19:15 +0200] "GET /news.php?cs_go=archiv&cs_id=4418&cs_search= HTTP/1.1" 200 9779 "-" "netEstate NE Crawler (+http://www.website-datenbank.de/)"
81.209.177.95 - - [07/Oct/2013:07:19:32 +0200] "GET /lexikon.php?cs_go=3&cs_id=93 HTTP/1.1" 200 5592 "-" "netEstate NE Crawler (+http://www.website-datenbank.de/)"
81.209.177.202 - - [07/Oct/2013:07:19:52 +0200] "GET /news.php?cs_go=archiv&cs_id=4502&cs_search= HTTP/1.1" 200 7574 "-" "netEstate NE Crawler (+http://www.website-datenbank.de/)"
81.209.177.95 - - [07/Oct/2013:07:20:06 +0200] "GET /news.php?cs_go=archiv&cs_id=4489&cs_search= HTTP/1.1" 200 12074 "-" "netEstate NE Crawler (+http://www.website-datenbank.de/)"
81.209.177.202 - - [07/Oct/2013:07:20:26 +0200] "GET /lexikon.php?cs_go=3&cs_id=148 HTTP/1.1" 200 6121 "-" "netEstate NE Crawler (+http://www.website-datenbank.de/)"
81.209.177.95 - - [07/Oct/2013:07:20:44 +0200] "GET /news.php?cs_go=archiv&cs_id=4490&cs_search= HTTP/1.1" 200 7640 "-" "netEstate NE Crawler (+http://www.website-datenbank.de/)"
81.209.177.202 - - [07/Oct/2013:07:21:00 +0200] "GET /news.php?cs_go=archiv&cs_id=4506&cs_search= HTTP/1.1" 200 8048 "-" "netEstate NE Crawler (+http://www.website-datenbank.de/)"
81.209.177.140 - - [07/Oct/2013:07:21:23 +0200] "GET /lexikon.php?cs_go=3&cs_id=45 HTTP/1.1" 200 5597 "-" "netEstate NE Crawler (+http://www.website-datenbank.de/)"
81.209.177.202 - - [07/Oct/2013:07:21:39 +0200] "GET /lexikon.php?cs_go=3&cs_id=229 HTTP/1.1" 200 5597 "-" "netEstate NE Crawler (+http://www.website-datenbank.de/)"
81.209.177.202 - - [07/Oct/2013:07:21:58 +0200] "GET /lexikon.php?cs_go=2&cs_char=t HTTP/1.1" 200 6563 "-" "netEstate NE Crawler (+http://www.website-datenbank.de/)"
81.209.177.95 - - [07/Oct/2013:07:22:18 +0200] "GET /news.php?cs_go=archiv&cs_id=4387&cs_search= HTTP/1.1" 200 7601 "-" "netEstate NE Crawler (+http://www.website-datenbank.de/)"
81.209.177.140 - - [07/Oct/2013:07:22:41 +0200] "GET /lexikon.php?cs_go=3&cs_id=57 HTTP/1.1" 200 7678 "-" "netEstate NE Crawler (+http://www.website-datenbank.de/)"
81.209.177.95 - - [07/Oct/2013:07:23:03 +0200] "GET /lexikon.php?cs_go=3&cs_id=8 HTTP/1.1" 200 6828 "-" "netEstate NE Crawler (+http://www.website-datenbank.de/)"
81.209.177.140 - - [07/Oct/2013:07:23:27 +0200] "GET /lexikon.php?cs_go=3&cs_id=142 HTTP/1.1" 200 6182 "-" "netEstate NE Crawler (+http://www.website-datenbank.de/)"
81.209.177.95 - - [07/Oct/2013:07:23:45 +0200] "GET /lexikon.php?cs_go=3&cs_id=232 HTTP/1.1" 200 5574 "-" "netEstate NE Crawler (+http://www.website-datenbank.de/)"
81.209.177.202 - - [07/Oct/2013:07:24:01 +0200] "GET /lexikon.php?cs_go=3&cs_id=23 HTTP/1.1" 200 7070 "-" "netEstate NE Crawler (+http://www.website-datenbank.de/)"
81.209.177.140 - - [07/Oct/2013:07:24:22 +0200] "GET /modernisierung.php?cs_gp_go=description HTTP/1.1" 200 8445 "-" "netEstate NE Crawler (+http://www.website-datenbank.de/)"
81.209.177.202 - - [07/Oct/2013:07:24:49 +0200] "GET /news.php?cs_go=archiv&cs_id=4491&cs_search= HTTP/1.1" 200 8463 "-" "netEstate NE Crawler (+http://www.website-datenbank.de/)"
81.209.177.202 - - [07/Oct/2013:07:25:05 +0200] "GET /lexikon.php?cs_go=3&cs_id=20 HTTP/1.1" 200 6510 "-" "netEstate NE Crawler (+http://www.website-datenbank.de/)"
81.209.177.202 - - [07/Oct/2013:07:25:20 +0200] "GET /lexikon.php?cs_go=3&cs_id=79 HTTP/1.1" 200 5600 "-" "netEstate NE Crawler (+http://www.website-datenbank.de/)"
