5.9.88.119 - - [14/Oct/2013:05:28:48 +0200] "GET /schwefelarmstandard.php HTTP/1.1" 200 10767 "-" "Mozilla/5.0 (compatible; Infohelfer/1.3.3; +http://www.infohelfer.de/crawler.php)"
5.9.88.119 - - [14/Oct/2013:05:30:25 +0200] "GET /agb.php HTTP/1.1" 200 17598 "-" "Mozilla/5.0 (compatible; Infohelfer/1.3.3; +http://www.infohelfer.de/crawler.php)"
208.115.111.75 - - [14/Oct/2013:05:31:00 +0200] "GET /news.php?cs_go=archiv&cs_id=4496&cs_search= HTTP/1.1" 200 10913 "-" "Mozilla/5.0 (compatible; Ezooms/1.0; ezooms.bot@gmail.com)"
208.115.111.75 - - [14/Oct/2013:05:31:03 +0200] "GET /news.php?cs_go=archiv&cs_id=4524 HTTP/1.1" 200 11646 "-" "Mozilla/5.0 (compatible; Ezooms/1.0; ezooms.bot@gmail.com)"
5.9.88.119 - - [14/Oct/2013:05:31:33 +0200] "GET /faq.php HTTP/1.1" 200 216868 "-" "Mozilla/5.0 (compatible; Infohelfer/1.3.3; +http://www.infohelfer.de/crawler.php)"
5.9.88.119 - - [14/Oct/2013:05:33:03 +0200] "GET /lexikon.php HTTP/1.1" 200 8152 "-" "Mozilla/5.0 (compatible; Infohelfer/1.3.3; +http://www.infohelfer.de/crawler.php)"
5.9.88.119 - - [14/Oct/2013:05:34:35 +0200] "GET /energiesparcheck.php HTTP/1.1" 200 11181 "-" "Mozilla/5.0 (compatible; Infohelfer/1.3.3; +http://www.infohelfer.de/crawler.php)"
5.9.88.119 - - [14/Oct/2013:05:35:35 +0200] "GET /foerdermittel.php HTTP/1.1" 200 10510 "-" "Mozilla/5.0 (compatible; Infohelfer/1.3.3; +http://www.infohelfer.de/crawler.php)"
5.9.88.119 - - [14/Oct/2013:05:37:04 +0200] "GET /modernisierung.php HTTP/1.1" 200 9289 "-" "Mozilla/5.0 (compatible; Infohelfer/1.3.3; +http://www.infohelfer.de/crawler.php)"
5.9.88.119 - - [14/Oct/2013:05:38:42 +0200] "GET /edl.php HTTP/1.1" 200 8633 "-" "Mozilla/5.0 (compatible; Infohelfer/1.3.3; +http://www.infohelfer.de/crawler.php)"
5.9.88.119 - - [14/Oct/2013:05:40:02 +0200] "GET /diesel.php HTTP/1.1" 200 8229 "-" "Mozilla/5.0 (compatible; Infohelfer/1.3.3; +http://www.infohelfer.de/crawler.php)"
5.9.88.119 - - [14/Oct/2013:05:41:06 +0200] "GET /additive.php HTTP/1.1" 200 5974 "-" "Mozilla/5.0 (compatible; Infohelfer/1.3.3; +http://www.infohelfer.de/crawler.php)"
5.9.88.119 - - [14/Oct/2013:05:42:21 +0200] "GET /news.php?cs_go=archiv&cs_id=4636&cs_search= HTTP/1.1" 200 11791 "-" "Mozilla/5.0 (compatible; Infohelfer/1.3.3; +http://www.infohelfer.de/crawler.php)"
5.9.88.119 - - [14/Oct/2013:05:43:35 +0200] "GET /news.php?cs_go=archiv&cs_id=4626&cs_search= HTTP/1.1" 200 9120 "-" "Mozilla/5.0 (compatible; Infohelfer/1.3.3; +http://www.infohelfer.de/crawler.php)"
5.9.88.119 - - [14/Oct/2013:05:44:53 +0200] "GET /news.php?cs_go=archiv&cs_id=4618&cs_search= HTTP/1.1" 200 9436 "-" "Mozilla/5.0 (compatible; Infohelfer/1.3.3; +http://www.infohelfer.de/crawler.php)"
5.10.83.74 - - [14/Oct/2013:05:45:47 +0200] "GET /modernisierung.php?cs_gp_go=coupon HTTP/1.1" 200 7866 "-" "Mozilla/5.0 (compatible; AhrefsBot/5.0; +http://ahrefs.com/robot/)"
5.9.88.119 - - [14/Oct/2013:05:45:57 +0200] "GET /news.php?cs_go=archiv&cs_id=4635&cs_search= HTTP/1.1" 200 7684 "-" "Mozilla/5.0 (compatible; Infohelfer/1.3.3; +http://www.infohelfer.de/crawler.php)"
5.9.88.119 - - [14/Oct/2013:05:48:09 +0200] "GET /news.php?cs_go=archiv&cs_id=4634&cs_search= HTTP/1.1" 200 7846 "-" "Mozilla/5.0 (compatible; Infohelfer/1.3.3; +http://www.infohelfer.de/crawler.php)"
5.9.88.119 - - [14/Oct/2013:05:49:18 +0200] "GET /news.php?cs_go=archiv&cs_id=4633&cs_search= HTTP/1.1" 200 11707 "-" "Mozilla/5.0 (compatible; Infohelfer/1.3.3; +http://www.infohelfer.de/crawler.php)"
5.9.88.119 - - [14/Oct/2013:05:50:27 +0200] "GET /news.php?cs_go=archiv&cs_id=4617&cs_search= HTTP/1.1" 200 9512 "-" "Mozilla/5.0 (compatible; Infohelfer/1.3.3; +http://www.infohelfer.de/crawler.php)"
5.9.88.119 - - [14/Oct/2013:05:51:48 +0200] "GET /news.php?cs_go=archiv&cs_id=4632&cs_search= HTTP/1.1" 200 8183 "-" "Mozilla/5.0 (compatible; Infohelfer/1.3.3; +http://www.infohelfer.de/crawler.php)"
5.9.88.119 - - [14/Oct/2013:05:53:14 +0200] "GET /news.php?cs_go=archiv&cs_id=4631&cs_search= HTTP/1.1" 200 7762 "-" "Mozilla/5.0 (compatible; Infohelfer/1.3.3; +http://www.infohelfer.de/crawler.php)"
5.9.88.119 - - [14/Oct/2013:05:54:24 +0200] "GET /news.php?cs_go=archiv&cs_id=4630&cs_search= HTTP/1.1" 200 11708 "-" "Mozilla/5.0 (compatible; Infohelfer/1.3.3; +http://www.infohelfer.de/crawler.php)"
5.10.83.61 - - [14/Oct/2013:05:55:34 +0200] "GET /news.php HTTP/1.1" 200 19796 "-" "Mozilla/5.0 (compatible; AhrefsBot/5.0; +http://ahrefs.com/robot/)"
5.9.88.119 - - [14/Oct/2013:05:55:53 +0200] "GET /news.php?cs_go=archiv&cs_startpos=0 HTTP/1.1" 200 19796 "-" "Mozilla/5.0 (compatible; Infohelfer/1.3.3; +http://www.infohelfer.de/crawler.php)"
5.9.88.119 - - [14/Oct/2013:05:57:07 +0200] "GET /news.php?cs_go=archiv&cs_startpos=10 HTTP/1.1" 200 20318 "-" "Mozilla/5.0 (compatible; Infohelfer/1.3.3; +http://www.infohelfer.de/crawler.php)"
5.9.88.119 - - [14/Oct/2013:05:58:24 +0200] "GET /news.php?cs_go=archiv&cs_startpos=20 HTTP/1.1" 200 20390 "-" "Mozilla/5.0 (compatible; Infohelfer/1.3.3; +http://www.infohelfer.de/crawler.php)"
5.10.83.64 - - [14/Oct/2013:05:59:13 +0200] "GET /news.php?cs_go=archiv&cs_id=4615 HTTP/1.1" 200 7694 "-" "Mozilla/5.0 (compatible; AhrefsBot/5.0; +http://ahrefs.com/robot/)"
5.9.88.119 - - [14/Oct/2013:05:59:48 +0200] "GET /news.php?cs_go=archiv&cs_startpos=30 HTTP/1.1" 200 20644 "-" "Mozilla/5.0 (compatible; Infohelfer/1.3.3; +http://www.infohelfer.de/crawler.php)"
66.249.78.46 - - [14/Oct/2013:06:00:24 +0200] "GET / HTTP/1.1" 200 12401 "-" "Mozilla/5.0 (iPhone; U; CPU iPhone OS 4_1 like Mac OS X; en-us) AppleWebKit/532.9 (KHTML, like Gecko) Version/4.0.5 Mobile/8B117 Safari/6531.22.7 (compatible; Googlebot-Mobile/2.1; +http://www.google.com/bot.html)"
5.9.88.119 - - [14/Oct/2013:06:00:48 +0200] "GET /news.php?cs_go=archiv&cs_startpos=40 HTTP/1.1" 200 20460 "-" "Mozilla/5.0 (compatible; Infohelfer/1.3.3; +http://www.infohelfer.de/crawler.php)"
5.9.88.119 - - [14/Oct/2013:06:02:02 +0200] "GET /news.php?cs_go=archiv&cs_startpos=50 HTTP/1.1" 200 20617 "-" "Mozilla/5.0 (compatible; Infohelfer/1.3.3; +http://www.infohelfer.de/crawler.php)"
5.10.83.95 - - [14/Oct/2013:06:30:38 +0200] "GET /news.php?cs_go=archiv&cs_id=4479&cs_search= HTTP/1.1" 200 8367 "-" "Mozilla/5.0 (compatible; AhrefsBot/5.0; +http://ahrefs.com/robot/)"
141.8.147.12 - - [14/Oct/2013:06:39:26 +0200] "GET /news.php?cs_go=archiv&cs_startpos=260 HTTP/1.1" 200 6187 "-" "Mozilla/5.0 (compatible; YandexBot/3.0; +http://yandex.com/bots)"
66.249.78.46 - - [14/Oct/2013:06:51:38 +0200] "GET /news.php HTTP/1.1" 200 19796 "-" "Mozilla/5.0 (iPhone; U; CPU iPhone OS 4_1 like Mac OS X; en-us) AppleWebKit/532.9 (KHTML, like Gecko) Version/4.0.5 Mobile/8B117 Safari/6531.22.7 (compatible; Googlebot-Mobile/2.1; +http://www.google.com/bot.html)"
5.10.83.52 - - [14/Oct/2013:06:52:49 +0200] "GET /lexikon.php?cs_go=2&cs_char=a HTTP/1.1" 200 7404 "-" "Mozilla/5.0 (compatible; AhrefsBot/5.0; +http://ahrefs.com/robot/)"
178.77.126.55 - - [14/Oct/2013:06:57:42 +0200] "GET /robots.txt HTTP/1.1" 200 177 "-" "Mozilla/5.0 (compatible; CareerBot/1.1; +http://www.career-x.de/bot.html)"
178.77.126.55 - - [14/Oct/2013:06:57:42 +0200] "GET / HTTP/1.1" 200 12401 "-" "Mozilla/5.0 (compatible; CareerBot/1.1; +http://www.career-x.de/bot.html)"
5.10.83.74 - - [14/Oct/2013:07:03:36 +0200] "GET /news.php?cs_go=archiv&cs_id=4588&cs_search= HTTP/1.1" 200 9594 "-" "Mozilla/5.0 (compatible; AhrefsBot/5.0; +http://ahrefs.com/robot/)"
66.249.78.46 - - [14/Oct/2013:07:05:26 +0200] "GET /news.php?cs_go=archiv&cs_id=4617 HTTP/1.1" 200 9512 "-" "Mozilla/5.0 (compatible; Googlebot/2.1; +http://www.google.com/bot.html)"
176.9.138.27 - - [14/Oct/2013:07:18:42 +0200] "GET /robots.txt HTTP/1.1" 200 177 "-" "Mozilla/5.0 (compatible; Spiderlytics/1.0; +spider@spiderlytics.com)"
176.9.138.27 - - [14/Oct/2013:07:18:42 +0200] "GET /content/encyclopedia/images/1_023.jpg HTTP/1.1" 404 - "-" "Mozilla/5.0 (compatible; Spiderlytics/1.0; +spider@spiderlytics.com)"
5.10.83.83 - - [14/Oct/2013:07:25:52 +0200] "GET /lexikon.php?cs_go=3&cs_id=161 HTTP/1.1" 200 5641 "-" "Mozilla/5.0 (compatible; AhrefsBot/5.0; +http://ahrefs.com/robot/)"
65.36.241.79 - - [14/Oct/2013:07:34:53 +0200] "HEAD / HTTP/1.1" 200 - "-" "InternetSeer.com"
66.249.78.46 - - [14/Oct/2013:07:42:55 +0200] "GET /news.php?cs_go=archiv&cs_startpos=20 HTTP/1.1" 200 20390 "-" "Mozilla/5.0 (iPhone; U; CPU iPhone OS 4_1 like Mac OS X; en-us) AppleWebKit/532.9 (KHTML, like Gecko) Version/4.0.5 Mobile/8B117 Safari/6531.22.7 (compatible; Googlebot-Mobile/2.1; +http://www.google.com/bot.html)"
208.115.111.75 - - [14/Oct/2013:07:46:59 +0200] "GET /robots.txt HTTP/1.1" 200 177 "-" "Mozilla/5.0 (compatible; Ezooms/1.0; ezooms.bot@gmail.com)"
66.249.78.46 - - [14/Oct/2013:07:55:23 +0200] "GET /news.php?cs_go=archiv HTTP/1.1" 200 19796 "-" "Mozilla/5.0 (compatible; Googlebot/2.1; +http://www.google.com/bot.html)"
5.10.83.83 - - [14/Oct/2013:08:00:11 +0200] "GET /jobs.php HTTP/1.1" 200 5020 "-" "Mozilla/5.0 (compatible; AhrefsBot/5.0; +http://ahrefs.com/robot/)"
5.10.83.83 - - [14/Oct/2013:08:03:45 +0200] "GET /news.php?cs_go=archiv&cs_id=4576&cs_search= HTTP/1.1" 200 11973 "-" "Mozilla/5.0 (compatible; AhrefsBot/5.0; +http://ahrefs.com/robot/)"
66.249.78.46 - - [14/Oct/2013:08:06:32 +0200] "GET /news.php?cs_go=archiv&cs_id=4632 HTTP/1.1" 200 8183 "-" "Mozilla/5.0 (compatible; Googlebot/2.1; +http://www.google.com/bot.html)"
5.10.83.41 - - [14/Oct/2013:08:19:17 +0200] "GET /lexikon.php?cs_go=2&cs_char=b HTTP/1.1" 200 7331 "-" "Mozilla/5.0 (compatible; AhrefsBot/5.0; +http://ahrefs.com/robot/)"
141.8.147.12 - - [14/Oct/2013:08:20:22 +0200] "GET /news.php?cs_go=archiv&cs_id=4473&cs_search= HTTP/1.1" 200 7972 "-" "Mozilla/5.0 (compatible; YandexBot/3.0; +http://yandex.com/bots)"
66.249.78.46 - - [14/Oct/2013:08:23:56 +0200] "GET /news.php?cs_go=archiv&cs_id=4615&cs_search= HTTP/1.1" 200 7694 "-" "Mozilla/5.0 (iPhone; U; CPU iPhone OS 4_1 like Mac OS X; en-us) AppleWebKit/532.9 (KHTML, like Gecko) Version/4.0.5 Mobile/8B117 Safari/6531.22.7 (compatible; Googlebot-Mobile/2.1; +http://www.google.com/bot.html)"
5.10.83.87 - - [14/Oct/2013:08:40:31 +0200] "GET /additive.php HTTP/1.1" 200 5974 "-" "Mozilla/5.0 (compatible; AhrefsBot/5.0; +http://ahrefs.com/robot/)"
5.10.83.95 - - [14/Oct/2013:08:41:37 +0200] "GET /news.php?cs_go=archiv&cs_id=4572&cs_search= HTTP/1.1" 200 11854 "-" "Mozilla/5.0 (compatible; AhrefsBot/5.0; +http://ahrefs.com/robot/)"
66.249.78.46 - - [14/Oct/2013:08:57:04 +0200] "GET /images/logos.jpg?cache1272 HTTP/1.1" 200 35043 "-" "Googlebot-Image/1.0"
66.249.78.46 - - [14/Oct/2013:08:57:06 +0200] "GET /images/logos.jpg?cache6911 HTTP/1.1" 200 35043 "-" "Googlebot-Image/1.0"
66.249.78.46 - - [14/Oct/2013:08:57:13 +0200] "GET /images/logos.jpg?cache6068 HTTP/1.1" 200 35043 "-" "Googlebot-Image/1.0"
66.249.66.49 - - [14/Oct/2013:08:57:24 +0200] "GET /images/logos.jpg?cache6757 HTTP/1.1" 200 35043 "-" "Googlebot-Image/1.0"
66.249.78.46 - - [14/Oct/2013:08:57:25 +0200] "GET /images/logos.jpg?cache2552 HTTP/1.1" 200 35043 "-" "Googlebot-Image/1.0"
66.249.78.46 - - [14/Oct/2013:08:57:44 +0200] "GET /images/logos.jpg?cache7531 HTTP/1.1" 200 35043 "-" "Googlebot-Image/1.0"
66.249.66.49 - - [14/Oct/2013:08:58:04 +0200] "GET /images/logos.jpg?cache2435 HTTP/1.1" 200 35043 "-" "Googlebot-Image/1.0"
66.249.78.46 - - [14/Oct/2013:08:59:41 +0200] "GET /optiplus.php HTTP/1.1" 200 8676 "-" "Mozilla/5.0 (compatible; Googlebot/2.1; +http://www.google.com/bot.html)"
66.249.78.46 - - [14/Oct/2013:09:07:19 +0200] "GET /images/logos.jpg?cache5425 HTTP/1.1" 200 35043 "-" "Googlebot-Image/1.0"
66.249.78.46 - - [14/Oct/2013:09:25:31 +0200] "GET /news.php?cs_go=archiv&cs_startpos=0 HTTP/1.1" 200 19833 "-" "Mozilla/5.0 (iPhone; U; CPU iPhone OS 4_1 like Mac OS X; en-us) AppleWebKit/532.9 (KHTML, like Gecko) Version/4.0.5 Mobile/8B117 Safari/6531.22.7 (compatible; Googlebot-Mobile/2.1; +http://www.google.com/bot.html)"
5.10.83.87 - - [14/Oct/2013:09:33:23 +0200] "GET /lexikon.php?cs_go=3&cs_id=209 HTTP/1.1" 200 5897 "-" "Mozilla/5.0 (compatible; AhrefsBot/5.0; +http://ahrefs.com/robot/)"
208.115.111.75 - - [14/Oct/2013:09:38:08 +0200] "GET /news.php?cs_go=archiv&cs_id=4466 HTTP/1.1" 200 9965 "-" "Mozilla/5.0 (compatible; Ezooms/1.0; ezooms.bot@gmail.com)"
5.10.83.105 - - [14/Oct/2013:09:41:33 +0200] "GET /news.php?cs_go=archiv&cs_id=4555&cs_search= HTTP/1.1" 200 9489 "-" "Mozilla/5.0 (compatible; AhrefsBot/5.0; +http://ahrefs.com/robot/)"
5.10.83.41 - - [14/Oct/2013:09:42:14 +0200] "GET /lexikon.php?cs_go=3&cs_id=45 HTTP/1.1" 200 5597 "-" "Mozilla/5.0 (compatible; AhrefsBot/5.0; +http://ahrefs.com/robot/)"
121.205.247.6 - - [14/Oct/2013:09:42:35 +0200] "GET /news.php?cs_go=archiv&cs_id=4269&cs_search= HTTP/1.0" 200 9460 "http://www.mink-gmbh.de/news.php?cs_go=archiv&cs_id=4269&cs_search=" "Mozilla/5.0 (Windows; U; Windows NT 6.1; en-US) AppleWebKit/533.4 (KHTML, like Gecko) Iron/5.0.381.0 Chrome/5.0.381 Safari/533.4"
5.10.83.95 - - [14/Oct/2013:09:44:32 +0200] "GET /news.php?cs_go=archiv&cs_id=4609&cs_search= HTTP/1.1" 200 13932 "-" "Mozilla/5.0 (compatible; AhrefsBot/5.0; +http://ahrefs.com/robot/)"
208.115.113.91 - - [14/Oct/2013:10:01:26 +0200] "GET /robots.txt HTTP/1.1" 200 177 "-" "Mozilla/5.0 (compatible; Ezooms/1.0; ezooms.bot@gmail.com)"
27.159.229.139 - - [14/Oct/2013:10:07:24 +0200] "GET /news.php?cs_go=archiv&cs_id=4112&cs_search= HTTP/1.0" 200 9472 "http://www.mink-gmbh.de/news.php?cs_go=archiv&cs_id=4112&cs_search=" "Mozilla/5.0 (Windows NT 6.0; WOW64) AppleWebKit/537.11 (KHTML, like Gecko) Chrome/23.0.1271.64 Safari/537.11"
212.185.63.10 - - [14/Oct/2013:10:08:04 +0200] "GET /optiplus.php HTTP/1.1" 200 8676 "http://www.google.de/url?sa=t&rct=j&q=&esrc=s&frm=1&source=web&cd=2&ved=0CDkQFjAB&url=http%3A%2F%2Fwww.mink-gmbh.de%2Foptiplus.php&ei=zKVbUs_7FYjc4QSBsYHgAg&usg=AFQjCNEouGCMmLgK9iGVLaDNxyZZMZ_YPQ" "Mozilla/5.0 (compatible; MSIE 9.0; Windows NT 6.1; WOW64; Trident/5.0)"
212.185.63.10 - - [14/Oct/2013:10:08:05 +0200] "GET /style.css HTTP/1.1" 200 8402 "http://www.mink-gmbh.de/optiplus.php" "Mozilla/5.0 (compatible; MSIE 9.0; Windows NT 6.1; WOW64; Trident/5.0)"
212.185.63.10 - - [14/Oct/2013:10:08:05 +0200] "GET /modul.css HTTP/1.1" 200 35038 "http://www.mink-gmbh.de/optiplus.php" "Mozilla/5.0 (compatible; MSIE 9.0; Windows NT 6.1; WOW64; Trident/5.0)"
212.185.63.10 - - [14/Oct/2013:10:08:05 +0200] "GET /images/Optiseite.jpg HTTP/1.1" 200 32107 "http://www.mink-gmbh.de/optiplus.php" "Mozilla/5.0 (compatible; MSIE 9.0; Windows NT 6.1; WOW64; Trident/5.0)"
212.185.63.10 - - [14/Oct/2013:10:08:05 +0200] "GET /images/optiplus.jpg HTTP/1.1" 200 37436 "http://www.mink-gmbh.de/optiplus.php" "Mozilla/5.0 (compatible; MSIE 9.0; Windows NT 6.1; WOW64; Trident/5.0)"
212.185.63.10 - - [14/Oct/2013:10:08:05 +0200] "GET /images/logos.jpg?cache5786 HTTP/1.1" 200 35043 "http://www.mink-gmbh.de/optiplus.php" "Mozilla/5.0 (compatible; MSIE 9.0; Windows NT 6.1; WOW64; Trident/5.0)"
212.185.63.10 - - [14/Oct/2013:10:08:05 +0200] "GET /images/kwk.gif HTTP/1.1" 200 6403 "http://www.mink-gmbh.de/optiplus.php" "Mozilla/5.0 (compatible; MSIE 9.0; Windows NT 6.1; WOW64; Trident/5.0)"
212.185.63.10 - - [14/Oct/2013:10:08:05 +0200] "GET /images/wunschpreis.jpg HTTP/1.1" 200 16767 "http://www.mink-gmbh.de/optiplus.php" "Mozilla/5.0 (compatible; MSIE 9.0; Windows NT 6.1; WOW64; Trident/5.0)"
212.185.63.10 - - [14/Oct/2013:10:08:05 +0200] "GET /images/freecall.jpg HTTP/1.1" 200 39195 "http://www.mink-gmbh.de/optiplus.php" "Mozilla/5.0 (compatible; MSIE 9.0; Windows NT 6.1; WOW64; Trident/5.0)"
212.185.63.10 - - [14/Oct/2013:10:08:05 +0200] "GET /images/footerbg.jpg HTTP/1.1" 200 2184 "http://www.mink-gmbh.de/optiplus.php" "Mozilla/5.0 (compatible; MSIE 9.0; Windows NT 6.1; WOW64; Trident/5.0)"
212.185.63.10 - - [14/Oct/2013:10:08:05 +0200] "GET /images/header.jpg HTTP/1.1" 200 25189 "http://www.mink-gmbh.de/optiplus.php" "Mozilla/5.0 (compatible; MSIE 9.0; Windows NT 6.1; WOW64; Trident/5.0)"
212.185.63.10 - - [14/Oct/2013:10:08:05 +0200] "GET /images/newsletter.png HTTP/1.1" 200 14619 "http://www.mink-gmbh.de/optiplus.php" "Mozilla/5.0 (compatible; MSIE 9.0; Windows NT 6.1; WOW64; Trident/5.0)"
212.185.63.10 - - [14/Oct/2013:10:08:05 +0200] "GET /images/navibg.png HTTP/1.1" 200 2803 "http://www.mink-gmbh.de/optiplus.php" "Mozilla/5.0 (compatible; MSIE 9.0; Windows NT 6.1; WOW64; Trident/5.0)"
212.185.63.10 - - [14/Oct/2013:10:08:05 +0200] "GET /images/wrapperbg.jpg HTTP/1.1" 200 27465 "http://www.mink-gmbh.de/optiplus.php" "Mozilla/5.0 (compatible; MSIE 9.0; Windows NT 6.1; WOW64; Trident/5.0)"
212.185.63.10 - - [14/Oct/2013:10:08:05 +0200] "GET /images/bg.png HTTP/1.1" 200 922 "http://www.mink-gmbh.de/optiplus.php" "Mozilla/5.0 (compatible; MSIE 9.0; Windows NT 6.1; WOW64; Trident/5.0)"
212.185.63.10 - - [14/Oct/2013:10:08:05 +0200] "GET /favicon.ico HTTP/1.1" 200 3638 "-" "Mozilla/5.0 (compatible; MSIE 9.0; Windows NT 6.1; WOW64; Trident/5.0)"
5.10.83.95 - - [14/Oct/2013:10:13:15 +0200] "GET /news.php?cs_go=archiv&cs_id=4570&cs_search= HTTP/1.1" 200 8350 "-" "Mozilla/5.0 (compatible; AhrefsBot/5.0; +http://ahrefs.com/robot/)"
5.10.83.73 - - [14/Oct/2013:10:14:24 +0200] "GET /news.php?cs_go=archiv&cs_id=4391&cs_search= HTTP/1.1" 200 7647 "-" "Mozilla/5.0 (compatible; AhrefsBot/5.0; +http://ahrefs.com/robot/)"
84.173.178.189 - - [14/Oct/2013:10:16:15 +0200] "GET / HTTP/1.1" 200 12418 "http://www.google.de/url?sa=t&rct=j&q=&esrc=s&frm=1&source=web&cd=1&ved=0CC4QFjAA&url=http%3A%2F%2Fwww.mink-gmbh.de%2F&ei=6KdbUo2nJamX1AWjkoCQBA&usg=AFQjCNFHX4Iglls9oo-KYXTmDUV_5KOVIg" "Mozilla/5.0 (compatible; MSIE 10.0; Windows NT 6.1; WOW64; Trident/6.0; tb-webde/2.3.0)"
84.173.178.189 - - [14/Oct/2013:10:16:16 +0200] "GET /style.css HTTP/1.1" 200 8402 "http://www.mink-gmbh.de/" "Mozilla/5.0 (compatible; MSIE 10.0; Windows NT 6.1; WOW64; Trident/6.0; tb-webde/2.3.0)"
84.173.178.189 - - [14/Oct/2013:10:16:16 +0200] "GET /js_contentserver24_greybox/AJS.js HTTP/1.1" 200 10396 "http://www.mink-gmbh.de/" "Mozilla/5.0 (compatible; MSIE 10.0; Windows NT 6.1; WOW64; Trident/6.0; tb-webde/2.3.0)"
84.173.178.189 - - [14/Oct/2013:10:16:16 +0200] "GET /js_contentserver24_greybox/AJS_fx.js HTTP/1.1" 200 3192 "http://www.mink-gmbh.de/" "Mozilla/5.0 (compatible; MSIE 10.0; Windows NT 6.1; WOW64; Trident/6.0; tb-webde/2.3.0)"
84.173.178.189 - - [14/Oct/2013:10:16:16 +0200] "GET /js_contentserver24_greybox/gb_scripts.js HTTP/1.1" 200 11913 "http://www.mink-gmbh.de/" "Mozilla/5.0 (compatible; MSIE 10.0; Windows NT 6.1; WOW64; Trident/6.0; tb-webde/2.3.0)"
84.173.178.189 - - [14/Oct/2013:10:16:16 +0200] "GET /js_contentserver24_greybox/gb_styles.css HTTP/1.1" 200 2302 "http://www.mink-gmbh.de/" "Mozilla/5.0 (compatible; MSIE 10.0; Windows NT 6.1; WOW64; Trident/6.0; tb-webde/2.3.0)"
84.173.178.189 - - [14/Oct/2013:10:16:16 +0200] "GET /images/team-energie.png HTTP/1.1" 200 17383 "http://www.mink-gmbh.de/" "Mozilla/5.0 (compatible; MSIE 10.0; Windows NT 6.1; WOW64; Trident/6.0; tb-webde/2.3.0)"
84.173.178.189 - - [14/Oct/2013:10:16:16 +0200] "GET /modul.css HTTP/1.1" 200 35038 "http://www.mink-gmbh.de/" "Mozilla/5.0 (compatible; MSIE 10.0; Windows NT 6.1; WOW64; Trident/6.0; tb-webde/2.3.0)"
84.173.178.189 - - [14/Oct/2013:10:16:16 +0200] "GET /images/tkw.jpg HTTP/1.1" 200 64031 "http://www.mink-gmbh.de/" "Mozilla/5.0 (compatible; MSIE 10.0; Windows NT 6.1; WOW64; Trident/6.0; tb-webde/2.3.0)"
84.173.178.189 - - [14/Oct/2013:10:16:16 +0200] "GET /images/mail.jpg HTTP/1.1" 200 11165 "http://www.mink-gmbh.de/" "Mozilla/5.0 (compatible; MSIE 10.0; Windows NT 6.1; WOW64; Trident/6.0; tb-webde/2.3.0)"
84.173.178.189 - - [14/Oct/2013:10:16:16 +0200] "GET /images/kwk.gif HTTP/1.1" 200 6403 "http://www.mink-gmbh.de/" "Mozilla/5.0 (compatible; MSIE 10.0; Windows NT 6.1; WOW64; Trident/6.0; tb-webde/2.3.0)"
84.173.178.189 - - [14/Oct/2013:10:16:16 +0200] "GET /images/wunschpreis.jpg HTTP/1.1" 200 16767 "http://www.mink-gmbh.de/" "Mozilla/5.0 (compatible; MSIE 10.0; Windows NT 6.1; WOW64; Trident/6.0; tb-webde/2.3.0)"
84.173.178.189 - - [14/Oct/2013:10:16:17 +0200] "GET /images/logos.jpg?cache5040 HTTP/1.1" 200 35043 "http://www.mink-gmbh.de/" "Mozilla/5.0 (compatible; MSIE 10.0; Windows NT 6.1; WOW64; Trident/6.0; tb-webde/2.3.0)"
84.173.178.189 - - [14/Oct/2013:10:16:16 +0200] "GET /images/freecall.jpg HTTP/1.1" 200 39195 "http://www.mink-gmbh.de/" "Mozilla/5.0 (compatible; MSIE 10.0; Windows NT 6.1; WOW64; Trident/6.0; tb-webde/2.3.0)"
84.173.178.189 - - [14/Oct/2013:10:16:17 +0200] "GET /images/bg.png HTTP/1.1" 200 922 "http://www.mink-gmbh.de/" "Mozilla/5.0 (compatible; MSIE 10.0; Windows NT 6.1; WOW64; Trident/6.0; tb-webde/2.3.0)"
84.173.178.189 - - [14/Oct/2013:10:16:17 +0200] "GET /js_contentserver24_greybox/w_close.gif HTTP/1.1" 200 74 "http://www.mink-gmbh.de/" "Mozilla/5.0 (compatible; MSIE 10.0; Windows NT 6.1; WOW64; Trident/6.0; tb-webde/2.3.0)"
84.173.178.189 - - [14/Oct/2013:10:16:17 +0200] "GET /images/newsletter_bg.jpg HTTP/1.1" 200 33610 "http://www.mink-gmbh.de/" "Mozilla/5.0 (compatible; MSIE 10.0; Windows NT 6.1; WOW64; Trident/6.0; tb-webde/2.3.0)"
84.173.178.189 - - [14/Oct/2013:10:16:17 +0200] "GET /images/navibg.png HTTP/1.1" 200 2803 "http://www.mink-gmbh.de/" "Mozilla/5.0 (compatible; MSIE 10.0; Windows NT 6.1; WOW64; Trident/6.0; tb-webde/2.3.0)"
84.173.178.189 - - [14/Oct/2013:10:16:17 +0200] "GET /images/wrapperbg.jpg HTTP/1.1" 200 27465 "http://www.mink-gmbh.de/" "Mozilla/5.0 (compatible; MSIE 10.0; Windows NT 6.1; WOW64; Trident/6.0; tb-webde/2.3.0)"
84.173.178.189 - - [14/Oct/2013:10:16:17 +0200] "GET /js_contentserver24_greybox/header_bg.gif HTTP/1.1" 200 1188 "http://www.mink-gmbh.de/" "Mozilla/5.0 (compatible; MSIE 10.0; Windows NT 6.1; WOW64; Trident/6.0; tb-webde/2.3.0)"
84.173.178.189 - - [14/Oct/2013:10:16:17 +0200] "GET /images/close.png HTTP/1.1" 200 703 "http://www.mink-gmbh.de/" "Mozilla/5.0 (compatible; MSIE 10.0; Windows NT 6.1; WOW64; Trident/6.0; tb-webde/2.3.0)"
84.173.178.189 - - [14/Oct/2013:10:16:17 +0200] "GET /images/newsletter.png HTTP/1.1" 200 14619 "http://www.mink-gmbh.de/" "Mozilla/5.0 (compatible; MSIE 10.0; Windows NT 6.1; WOW64; Trident/6.0; tb-webde/2.3.0)"
84.173.178.189 - - [14/Oct/2013:10:16:17 +0200] "GET /images/header.jpg HTTP/1.1" 200 25189 "http://www.mink-gmbh.de/" "Mozilla/5.0 (compatible; MSIE 10.0; Windows NT 6.1; WOW64; Trident/6.0; tb-webde/2.3.0)"
84.173.178.189 - - [14/Oct/2013:10:16:17 +0200] "GET /images/fallend.png HTTP/1.1" 200 713 "http://www.mink-gmbh.de/" "Mozilla/5.0 (compatible; MSIE 10.0; Windows NT 6.1; WOW64; Trident/6.0; tb-webde/2.3.0)"
84.173.178.189 - - [14/Oct/2013:10:16:17 +0200] "GET /images/steigend.png HTTP/1.1" 200 688 "http://www.mink-gmbh.de/" "Mozilla/5.0 (compatible; MSIE 10.0; Windows NT 6.1; WOW64; Trident/6.0; tb-webde/2.3.0)"
84.173.178.189 - - [14/Oct/2013:10:16:17 +0200] "GET /images/mobil.jpg HTTP/1.1" 200 25293 "http://www.mink-gmbh.de/" "Mozilla/5.0 (compatible; MSIE 10.0; Windows NT 6.1; WOW64; Trident/6.0; tb-webde/2.3.0)"
84.173.178.189 - - [14/Oct/2013:10:16:17 +0200] "GET /images/newsletter.jpg HTTP/1.1" 200 13130 "http://www.mink-gmbh.de/" "Mozilla/5.0 (compatible; MSIE 10.0; Windows NT 6.1; WOW64; Trident/6.0; tb-webde/2.3.0)"
84.173.178.189 - - [14/Oct/2013:10:16:17 +0200] "GET /images/footerbg.jpg HTTP/1.1" 200 2184 "http://www.mink-gmbh.de/" "Mozilla/5.0 (compatible; MSIE 10.0; Windows NT 6.1; WOW64; Trident/6.0; tb-webde/2.3.0)"
84.173.178.189 - - [14/Oct/2013:10:16:17 +0200] "GET /js_contentserver24_greybox/loader_frame.html?s=0 HTTP/1.1" 200 2084 "http://www.mink-gmbh.de/" "Mozilla/5.0 (compatible; MSIE 10.0; Windows NT 6.1; WOW64; Trident/6.0; tb-webde/2.3.0)"
84.173.178.189 - - [14/Oct/2013:10:16:17 +0200] "GET /js_contentserver24_greybox/indicator.gif HTTP/1.1" 200 8238 "http://www.mink-gmbh.de/js_contentserver24_greybox/loader_frame.html?s=0" "Mozilla/5.0 (compatible; MSIE 10.0; Windows NT 6.1; WOW64; Trident/6.0; tb-webde/2.3.0)"
84.173.178.189 - - [14/Oct/2013:10:16:18 +0200] "GET /favicon.ico HTTP/1.1" 200 3638 "-" "Mozilla/5.0 (compatible; MSIE 10.0; Windows NT 6.1; WOW64; Trident/6.0; tb-webde/2.3.0)"
84.173.178.189 - - [14/Oct/2013:10:16:18 +0200] "GET /js_contentserver24_greybox/g_close.gif HTTP/1.1" 200 541 "http://www.mink-gmbh.de/" "Mozilla/5.0 (compatible; MSIE 10.0; Windows NT 6.1; WOW64; Trident/6.0; tb-webde/2.3.0)"
141.8.147.12 - - [14/Oct/2013:10:50:35 +0200] "GET /kwk.php?cs_go=4 HTTP/1.1" 200 7855 "-" "Mozilla/5.0 (compatible; YandexBot/3.0; +http://yandex.com/bots)"
66.249.78.46 - - [14/Oct/2013:11:06:41 +0200] "GET /news.php?cs_go=archiv&cs_id=4624&cs_search= HTTP/1.1" 200 11715 "-" "Mozilla/5.0 (iPhone; U; CPU iPhone OS 4_1 like Mac OS X; en-us) AppleWebKit/532.9 (KHTML, like Gecko) Version/4.0.5 Mobile/8B117 Safari/6531.22.7 (compatible; Googlebot-Mobile/2.1; +http://www.google.com/bot.html)"
66.249.78.46 - - [14/Oct/2013:11:08:35 +0200] "GET /images/logos.jpg?cache7518 HTTP/1.1" 200 35043 "-" "Googlebot-Image/1.0"
157.55.35.47 - - [14/Oct/2013:11:11:21 +0200] "GET /robots.txt HTTP/1.1" 200 177 "-" "Mozilla/5.0 (compatible; bingbot/2.0; +http://www.bing.com/bingbot.htm)"
157.55.32.58 - - [14/Oct/2013:11:12:43 +0200] "GET /Heizoel.htm HTTP/1.1" 404 - "-" "Mozilla/5.0 (compatible; bingbot/2.0; +http://www.bing.com/bingbot.htm)"
157.55.35.47 - - [14/Oct/2013:11:13:10 +0200] "GET /Schmierstoffe.htm HTTP/1.1" 404 - "-" "Mozilla/5.0 (compatible; bingbot/2.0; +http://www.bing.com/bingbot.htm)"
157.55.35.47 - - [14/Oct/2013:11:13:10 +0200] "GET /Heizoel-Berlin.htm HTTP/1.1" 404 - "-" "Mozilla/5.0 (compatible; bingbot/2.0; +http://www.bing.com/bingbot.htm)"
66.249.78.46 - - [14/Oct/2013:11:42:53 +0200] "GET /preisanfrage.php HTTP/1.1" 200 8557 "-" "Mozilla/5.0 (iPhone; U; CPU iPhone OS 4_1 like Mac OS X; en-us) AppleWebKit/532.9 (KHTML, like Gecko) Version/4.0.5 Mobile/8B117 Safari/6531.22.7 (compatible; Googlebot-Mobile/2.1; +http://www.google.com/bot.html)"
217.69.133.219 - - [14/Oct/2013:11:46:38 +0200] "GET /robots.txt HTTP/1.0" 200 177 "-" "Mozilla/5.0 (compatible; Linux x86_64; Mail.RU_Bot/2.0; +http://go.mail.ru/help/robots)"
217.69.133.67 - - [14/Oct/2013:11:46:39 +0200] "GET /robots.txt HTTP/1.0" 200 177 "-" "Mozilla/5.0 (compatible; Linux x86_64; Mail.RU_Bot/2.0; +http://go.mail.ru/help/robots)"
66.249.78.46 - - [14/Oct/2013:11:52:05 +0200] "GET /news.php?cs_go=archiv&cs_startpos=70 HTTP/1.1" 200 20434 "-" "Mozilla/5.0 (iPhone; U; CPU iPhone OS 4_1 like Mac OS X; en-us) AppleWebKit/532.9 (KHTML, like Gecko) Version/4.0.5 Mobile/8B117 Safari/6531.22.7 (compatible; Googlebot-Mobile/2.1; +http://www.google.com/bot.html)"
5.10.83.52 - - [14/Oct/2013:11:55:51 +0200] "GET /news.php?cs_go=archiv&cs_id=4382&cs_search= HTTP/1.1" 200 11414 "-" "Mozilla/5.0 (compatible; AhrefsBot/5.0; +http://ahrefs.com/robot/)"
157.55.33.77 - - [14/Oct/2013:11:59:39 +0200] "GET /Heizoel-Berlin.html HTTP/1.1" 404 - "-" "Mozilla/5.0 (compatible; bingbot/2.0; +http://www.bing.com/bingbot.htm)"
157.55.33.77 - - [14/Oct/2013:11:59:39 +0200] "GET /.php HTTP/1.1" 404 - "-" "Mozilla/5.0 (compatible; bingbot/2.0; +http://www.bing.com/bingbot.htm)"
157.55.33.77 - - [14/Oct/2013:11:59:39 +0200] "GET / HTTP/1.1" 200 12410 "-" "Mozilla/5.0 (compatible; bingbot/2.0; +http://www.bing.com/bingbot.htm)"
5.10.83.61 - - [14/Oct/2013:12:03:04 +0200] "GET /lexikon.php?cs_go=3&cs_id=100 HTTP/1.1" 200 6301 "-" "Mozilla/5.0 (compatible; AhrefsBot/5.0; +http://ahrefs.com/robot/)"
66.249.78.46 - - [14/Oct/2013:12:09:57 +0200] "GET /kwk.php HTTP/1.1" 200 8484 "-" "Mozilla/5.0 (compatible; Googlebot/2.1; +http://www.google.com/bot.html)"
5.10.83.95 - - [14/Oct/2013:12:10:23 +0200] "GET /lexikon.php?cs_go=3&cs_id=194 HTTP/1.1" 200 5611 "-" "Mozilla/5.0 (compatible; AhrefsBot/5.0; +http://ahrefs.com/robot/)"
208.115.113.91 - - [14/Oct/2013:12:13:58 +0200] "GET /news.php?cs_go=archiv&cs_id=4465 HTTP/1.1" 200 7639 "-" "Mozilla/5.0 (compatible; Ezooms/1.0; ezooms.bot@gmail.com)"
62.156.186.165 - - [14/Oct/2013:12:34:24 +0200] "GET /style.css HTTP/1.0" 200 8402 "http://www.mink-gmbh.de/" "Mozilla/5.0 (Windows NT 6.1; WOW64; rv:20.0) Gecko/20100101 Firefox/20.0"
62.156.186.165 - - [14/Oct/2013:12:34:24 +0200] "GET /modul.css HTTP/1.0" 200 35038 "http://www.mink-gmbh.de/" "Mozilla/5.0 (Windows NT 6.1; WOW64; rv:20.0) Gecko/20100101 Firefox/20.0"
62.156.186.165 - - [14/Oct/2013:12:34:25 +0200] "GET /favicon.ico HTTP/1.0" 200 3638 "-" "Mozilla/5.0 (Windows NT 6.1; WOW64; rv:20.0) Gecko/20100101 Firefox/20.0"
62.156.186.165 - - [14/Oct/2013:12:34:25 +0200] "GET /js_contentserver24_greybox/gb_styles.css HTTP/1.0" 200 2302 "http://www.mink-gmbh.de/" "Mozilla/5.0 (Windows NT 6.1; WOW64; rv:20.0) Gecko/20100101 Firefox/20.0"
62.156.186.165 - - [14/Oct/2013:12:34:25 +0200] "GET /js_contentserver24_greybox/AJS.js HTTP/1.0" 200 10396 "http://www.mink-gmbh.de/" "Mozilla/5.0 (Windows NT 6.1; WOW64; rv:20.0) Gecko/20100101 Firefox/20.0"
62.156.186.165 - - [14/Oct/2013:12:34:25 +0200] "GET /js_contentserver24_greybox/AJS_fx.js HTTP/1.0" 200 3192 "http://www.mink-gmbh.de/" "Mozilla/5.0 (Windows NT 6.1; WOW64; rv:20.0) Gecko/20100101 Firefox/20.0"
62.156.186.165 - - [14/Oct/2013:12:34:25 +0200] "GET /js_contentserver24_greybox/gb_scripts.js HTTP/1.0" 200 11913 "http://www.mink-gmbh.de/" "Mozilla/5.0 (Windows NT 6.1; WOW64; rv:20.0) Gecko/20100101 Firefox/20.0"
62.156.186.165 - - [14/Oct/2013:12:34:25 +0200] "GET /images/bg.png HTTP/1.0" 200 922 "http://www.mink-gmbh.de/style.css" "Mozilla/5.0 (Windows NT 6.1; WOW64; rv:20.0) Gecko/20100101 Firefox/20.0"
62.156.186.165 - - [14/Oct/2013:12:34:25 +0200] "GET /images/close.png HTTP/1.0" 200 703 "http://www.mink-gmbh.de/" "Mozilla/5.0 (Windows NT 6.1; WOW64; rv:20.0) Gecko/20100101 Firefox/20.0"
62.156.186.165 - - [14/Oct/2013:12:34:25 +0200] "GET /images/newsletter.png HTTP/1.0" 200 14619 "http://www.mink-gmbh.de/style.css" "Mozilla/5.0 (Windows NT 6.1; WOW64; rv:20.0) Gecko/20100101 Firefox/20.0"
62.156.186.165 - - [14/Oct/2013:12:34:25 +0200] "GET /js_contentserver24_greybox/w_close.gif HTTP/1.0" 200 74 "http://www.mink-gmbh.de/" "Mozilla/5.0 (Windows NT 6.1; WOW64; rv:20.0) Gecko/20100101 Firefox/20.0"
62.156.186.165 - - [14/Oct/2013:12:34:25 +0200] "GET /images/fallend.png HTTP/1.0" 200 713 "http://www.mink-gmbh.de/modul.css" "Mozilla/5.0 (Windows NT 6.1; WOW64; rv:20.0) Gecko/20100101 Firefox/20.0"
62.156.186.165 - - [14/Oct/2013:12:34:25 +0200] "GET /images/navibg.png HTTP/1.0" 200 2803 "http://www.mink-gmbh.de/style.css" "Mozilla/5.0 (Windows NT 6.1; WOW64; rv:20.0) Gecko/20100101 Firefox/20.0"
62.156.186.165 - - [14/Oct/2013:12:34:25 +0200] "GET /images/steigend.png HTTP/1.0" 200 688 "http://www.mink-gmbh.de/modul.css" "Mozilla/5.0 (Windows NT 6.1; WOW64; rv:20.0) Gecko/20100101 Firefox/20.0"
62.156.186.165 - - [14/Oct/2013:12:34:25 +0200] "GET /images/header.jpg HTTP/1.0" 200 25189 "http://www.mink-gmbh.de/style.css" "Mozilla/5.0 (Windows NT 6.1; WOW64; rv:20.0) Gecko/20100101 Firefox/20.0"
62.156.186.165 - - [14/Oct/2013:12:34:25 +0200] "GET /images/newsletter_bg.jpg HTTP/1.0" 200 33610 "http://www.mink-gmbh.de/" "Mozilla/5.0 (Windows NT 6.1; WOW64; rv:20.0) Gecko/20100101 Firefox/20.0"
62.156.186.165 - - [14/Oct/2013:12:34:25 +0200] "GET /images/wrapperbg.jpg HTTP/1.0" 200 27465 "http://www.mink-gmbh.de/style.css" "Mozilla/5.0 (Windows NT 6.1; WOW64; rv:20.0) Gecko/20100101 Firefox/20.0"
62.156.186.165 - - [14/Oct/2013:12:34:26 +0200] "GET /js_contentserver24_greybox/loader_frame.html?s=0 HTTP/1.0" 200 2084 "http://www.mink-gmbh.de/" "Mozilla/5.0 (Windows NT 6.1; WOW64; rv:20.0) Gecko/20100101 Firefox/20.0"
62.156.186.165 - - [14/Oct/2013:12:34:26 +0200] "GET /js_contentserver24_greybox/header_bg.gif HTTP/1.0" 200 1188 "http://www.mink-gmbh.de/" "Mozilla/5.0 (Windows NT 6.1; WOW64; rv:20.0) Gecko/20100101 Firefox/20.0"
62.156.186.165 - - [14/Oct/2013:12:34:26 +0200] "GET /js_contentserver24_greybox/indicator.gif HTTP/1.0" 200 8238 "http://www.mink-gmbh.de/js_contentserver24_greybox/loader_frame.html?s=0" "Mozilla/5.0 (Windows NT 6.1; WOW64; rv:20.0) Gecko/20100101 Firefox/20.0"
62.156.186.165 - - [14/Oct/2013:12:34:24 +0200] "GET / HTTP/1.0" 200 12410 "-" "Mozilla/5.0 (Windows NT 6.1; WOW64; rv:20.0) Gecko/20100101 Firefox/20.0"
62.156.186.165 - - [14/Oct/2013:12:34:26 +0200] "GET /images/team-energie.png HTTP/1.0" 200 17383 "http://www.mink-gmbh.de/" "Mozilla/5.0 (Windows NT 6.1; WOW64; rv:20.0) Gecko/20100101 Firefox/20.0"
62.156.186.165 - - [14/Oct/2013:12:34:26 +0200] "GET /images/freecall.jpg HTTP/1.0" 200 39195 "http://www.mink-gmbh.de/" "Mozilla/5.0 (Windows NT 6.1; WOW64; rv:20.0) Gecko/20100101 Firefox/20.0"
62.156.186.165 - - [14/Oct/2013:12:34:26 +0200] "GET /images/mail.jpg HTTP/1.0" 200 11165 "http://www.mink-gmbh.de/" "Mozilla/5.0 (Windows NT 6.1; WOW64; rv:20.0) Gecko/20100101 Firefox/20.0"
62.156.186.165 - - [14/Oct/2013:12:34:26 +0200] "GET /images/kwk.gif HTTP/1.0" 200 6403 "http://www.mink-gmbh.de/" "Mozilla/5.0 (Windows NT 6.1; WOW64; rv:20.0) Gecko/20100101 Firefox/20.0"
62.156.186.165 - - [14/Oct/2013:12:34:26 +0200] "GET /images/logos.jpg?cache7349 HTTP/1.0" 200 35043 "http://www.mink-gmbh.de/" "Mozilla/5.0 (Windows NT 6.1; WOW64; rv:20.0) Gecko/20100101 Firefox/20.0"
62.156.186.165 - - [14/Oct/2013:12:34:26 +0200] "GET /images/tkw.jpg HTTP/1.0" 200 64031 "http://www.mink-gmbh.de/" "Mozilla/5.0 (Windows NT 6.1; WOW64; rv:20.0) Gecko/20100101 Firefox/20.0"
62.156.186.165 - - [14/Oct/2013:12:34:26 +0200] "GET /images/newsletter.jpg HTTP/1.0" 200 13130 "http://www.mink-gmbh.de/style.css" "Mozilla/5.0 (Windows NT 6.1; WOW64; rv:20.0) Gecko/20100101 Firefox/20.0"
62.156.186.165 - - [14/Oct/2013:12:34:26 +0200] "GET /images/wunschpreis.jpg HTTP/1.0" 200 16767 "http://www.mink-gmbh.de/" "Mozilla/5.0 (Windows NT 6.1; WOW64; rv:20.0) Gecko/20100101 Firefox/20.0"
62.156.186.165 - - [14/Oct/2013:12:34:26 +0200] "GET /images/footerbg.jpg HTTP/1.0" 200 2184 "http://www.mink-gmbh.de/style.css" "Mozilla/5.0 (Windows NT 6.1; WOW64; rv:20.0) Gecko/20100101 Firefox/20.0"
62.156.186.165 - - [14/Oct/2013:12:34:26 +0200] "GET /images/mobil.jpg HTTP/1.0" 200 25293 "http://www.mink-gmbh.de/style.css" "Mozilla/5.0 (Windows NT 6.1; WOW64; rv:20.0) Gecko/20100101 Firefox/20.0"
62.156.186.165 - - [14/Oct/2013:12:34:26 +0200] "GET /js_contentserver24_greybox/g_close.gif HTTP/1.0" 200 541 "http://www.mink-gmbh.de/" "Mozilla/5.0 (Windows NT 6.1; WOW64; rv:20.0) Gecko/20100101 Firefox/20.0"
5.10.83.105 - - [14/Oct/2013:12:34:30 +0200] "GET /lexikon.php?cs_go=3&cs_id=131 HTTP/1.1" 200 5977 "-" "Mozilla/5.0 (compatible; AhrefsBot/5.0; +http://ahrefs.com/robot/)"
5.10.83.61 - - [14/Oct/2013:12:39:22 +0200] "GET /wunschpreis.php HTTP/1.1" 200 10292 "-" "Mozilla/5.0 (compatible; AhrefsBot/5.0; +http://ahrefs.com/robot/)"
5.10.83.105 - - [14/Oct/2013:12:56:10 +0200] "GET /news.php?cs_go=archiv&cs_id=4454&cs_search= HTTP/1.1" 200 7823 "-" "Mozilla/5.0 (compatible; AhrefsBot/5.0; +http://ahrefs.com/robot/)"
5.10.83.105 - - [14/Oct/2013:13:02:12 +0200] "GET /news.php?cs_go=archiv&cs_id=4449&cs_search= HTTP/1.1" 200 8754 "-" "Mozilla/5.0 (compatible; AhrefsBot/5.0; +http://ahrefs.com/robot/)"
66.249.78.46 - - [14/Oct/2013:13:04:05 +0200] "GET /preisanfrage.php HTTP/1.1" 200 8557 "-" "Mozilla/5.0 (iPhone; CPU iPhone OS 6_0 like Mac OS X) AppleWebKit/536.26 (KHTML, like Gecko) Version/6.0 Mobile/10A5376e Safari/8536.25 (compatible; Googlebot-Mobile/2.1; +http://www.google.com/bot.html)"
141.8.147.12 - - [14/Oct/2013:13:10:58 +0200] "GET /robots.txt HTTP/1.1" 200 177 "-" "Mozilla/5.0 (compatible; YandexBot/3.0; +http://yandex.com/bots)"
66.249.78.46 - - [14/Oct/2013:13:11:00 +0200] "GET /images/logos.jpg?cache9423 HTTP/1.1" 200 35043 "-" "Googlebot-Image/1.0"
5.10.83.105 - - [14/Oct/2013:13:11:02 +0200] "GET /news.php?cs_go=archiv&cs_id=4436&cs_search= HTTP/1.1" 200 8343 "-" "Mozilla/5.0 (compatible; AhrefsBot/5.0; +http://ahrefs.com/robot/)"
5.10.83.105 - - [14/Oct/2013:13:13:45 +0200] "GET /news.php?cs_go=archiv&cs_id=4279&cs_search= HTTP/1.1" 200 7590 "-" "Mozilla/5.0 (compatible; AhrefsBot/5.0; +http://ahrefs.com/robot/)"
5.10.83.52 - - [14/Oct/2013:13:17:40 +0200] "GET /lexikon.php?cs_go=3&cs_id=211 HTTP/1.1" 200 6164 "-" "Mozilla/5.0 (compatible; AhrefsBot/5.0; +http://ahrefs.com/robot/)"
65.36.241.79 - - [14/Oct/2013:13:30:47 +0200] "HEAD / HTTP/1.1" 200 - "-" "InternetSeer.com"
208.115.113.91 - - [14/Oct/2013:13:47:23 +0200] "GET /robots.txt HTTP/1.1" 200 177 "-" "Mozilla/5.0 (compatible; Ezooms/1.0; ezooms.bot@gmail.com)"
66.249.78.46 - - [14/Oct/2013:13:51:10 +0200] "GET /news.php?cs_go=archiv&cs_id=4218 HTTP/1.1" 200 8794 "-" "Mozilla/5.0 (compatible; Googlebot/2.1; +http://www.google.com/bot.html)"
5.10.83.95 - - [14/Oct/2013:13:53:32 +0200] "GET /lexikon.php?cs_go=2&cs_char=h HTTP/1.1" 200 6401 "-" "Mozilla/5.0 (compatible; AhrefsBot/5.0; +http://ahrefs.com/robot/)"
5.10.83.83 - - [14/Oct/2013:13:58:28 +0200] "GET /lexikon.php?cs_go=3&cs_id=44 HTTP/1.1" 200 5604 "-" "Mozilla/5.0 (compatible; AhrefsBot/5.0; +http://ahrefs.com/robot/)"
5.10.83.42 - - [14/Oct/2013:14:02:41 +0200] "GET /lexikon.php?cs_go=3&cs_id=18 HTTP/1.1" 200 5627 "-" "Mozilla/5.0 (compatible; AhrefsBot/5.0; +http://ahrefs.com/robot/)"
5.199.143.12 - - [14/Oct/2013:14:18:27 +0200] "GET /robots.txt HTTP/1.0" 200 177 "-" "Mozilla/5.0 (compatible; MJ12bot/v1.4.4; http://www.majestic12.co.uk/bot.php?+)"
5.199.143.12 - - [14/Oct/2013:14:18:29 +0200] "GET /news.php?cs_go=archiv&cs_id=4202 HTTP/1.0" 200 9258 "-" "Mozilla/5.0 (compatible; MJ12bot/v1.4.4; http://www.majestic12.co.uk/bot.php?+)"
5.199.143.12 - - [14/Oct/2013:14:18:31 +0200] "GET /news.php?cs_go=archiv&cs_id=4211 HTTP/1.0" 200 7598 "-" "Mozilla/5.0 (compatible; MJ12bot/v1.4.4; http://www.majestic12.co.uk/bot.php?+)"
5.199.143.12 - - [14/Oct/2013:14:18:35 +0200] "GET /news.php?cs_go=archiv&cs_id=4212 HTTP/1.0" 200 7801 "-" "Mozilla/5.0 (compatible; MJ12bot/v1.4.4; http://www.majestic12.co.uk/bot.php?+)"
5.10.83.87 - - [14/Oct/2013:14:32:17 +0200] "GET /news.php?cs_go=archiv&cs_id=4441&cs_search= HTTP/1.1" 200 7705 "-" "Mozilla/5.0 (compatible; AhrefsBot/5.0; +http://ahrefs.com/robot/)"
157.55.33.77 - - [14/Oct/2013:14:34:34 +0200] "GET /robots.txt HTTP/1.1" 200 177 "-" "Mozilla/5.0 (compatible; bingbot/2.0; +http://www.bing.com/bingbot.htm)"
5.10.83.64 - - [14/Oct/2013:14:38:01 +0200] "GET /lexikon.php?cs_go=3&cs_id=37 HTTP/1.1" 200 6007 "-" "Mozilla/5.0 (compatible; AhrefsBot/5.0; +http://ahrefs.com/robot/)"
66.249.78.46 - - [14/Oct/2013:14:38:49 +0200] "GET /lexikon.php?cs_go=2&cs_char=g HTTP/1.1" 200 6727 "-" "Mozilla/5.0 (compatible; Googlebot/2.1; +http://www.google.com/bot.html)"
141.8.147.12 - - [14/Oct/2013:14:41:23 +0200] "GET /news.php?cs_go=archiv&cs_id=4470&cs_search= HTTP/1.1" 200 8340 "-" "Mozilla/5.0 (compatible; YandexBot/3.0; +http://yandex.com/bots)"
157.55.33.77 - - [14/Oct/2013:14:44:18 +0200] "GET / HTTP/1.1" 200 12384 "-" "Mozilla/5.0 (compatible; bingbot/2.0; +http://www.bing.com/bingbot.htm)"
93.205.115.28 - - [14/Oct/2013:14:59:29 +0200] "GET /style.css HTTP/1.1" 304 - "http://www.mink-gmbh.de/" "Mozilla/5.0 (Windows NT 6.1; rv:24.0) Gecko/20100101 Firefox/24.0"
93.205.115.28 - - [14/Oct/2013:14:59:29 +0200] "GET /modul.css HTTP/1.1" 304 - "http://www.mink-gmbh.de/" "Mozilla/5.0 (Windows NT 6.1; rv:24.0) Gecko/20100101 Firefox/24.0"
93.205.115.28 - - [14/Oct/2013:14:59:29 +0200] "GET /images/bg.png HTTP/1.1" 304 - "http://www.mink-gmbh.de/style.css" "Mozilla/5.0 (Windows NT 6.1; rv:24.0) Gecko/20100101 Firefox/24.0"
93.205.115.28 - - [14/Oct/2013:14:59:29 +0200] "GET /images/newsletter_bg.jpg HTTP/1.1" 304 - "http://www.mink-gmbh.de/" "Mozilla/5.0 (Windows NT 6.1; rv:24.0) Gecko/20100101 Firefox/24.0"
93.205.115.28 - - [14/Oct/2013:14:59:29 +0200] "GET /images/close.png HTTP/1.1" 304 - "http://www.mink-gmbh.de/" "Mozilla/5.0 (Windows NT 6.1; rv:24.0) Gecko/20100101 Firefox/24.0"
93.205.115.28 - - [14/Oct/2013:14:59:29 +0200] "GET /images/newsletter.png HTTP/1.1" 304 - "http://www.mink-gmbh.de/style.css" "Mozilla/5.0 (Windows NT 6.1; rv:24.0) Gecko/20100101 Firefox/24.0"
93.205.115.28 - - [14/Oct/2013:14:59:29 +0200] "GET /images/wrapperbg.jpg HTTP/1.1" 304 - "http://www.mink-gmbh.de/style.css" "Mozilla/5.0 (Windows NT 6.1; rv:24.0) Gecko/20100101 Firefox/24.0"
93.205.115.28 - - [14/Oct/2013:14:59:29 +0200] "GET /images/header.jpg HTTP/1.1" 304 - "http://www.mink-gmbh.de/style.css" "Mozilla/5.0 (Windows NT 6.1; rv:24.0) Gecko/20100101 Firefox/24.0"
93.205.115.28 - - [14/Oct/2013:14:59:29 +0200] "GET /images/navibg.png HTTP/1.1" 304 - "http://www.mink-gmbh.de/style.css" "Mozilla/5.0 (Windows NT 6.1; rv:24.0) Gecko/20100101 Firefox/24.0"
93.205.115.28 - - [14/Oct/2013:14:59:28 +0200] "GET / HTTP/1.1" 200 12384 "-" "Mozilla/5.0 (Windows NT 6.1; rv:24.0) Gecko/20100101 Firefox/24.0"
93.205.115.28 - - [14/Oct/2013:14:59:29 +0200] "GET /images/steigend.png HTTP/1.1" 304 - "http://www.mink-gmbh.de/modul.css" "Mozilla/5.0 (Windows NT 6.1; rv:24.0) Gecko/20100101 Firefox/24.0"
93.205.115.28 - - [14/Oct/2013:14:59:29 +0200] "GET /images/fallend.png HTTP/1.1" 304 - "http://www.mink-gmbh.de/modul.css" "Mozilla/5.0 (Windows NT 6.1; rv:24.0) Gecko/20100101 Firefox/24.0"
93.205.115.28 - - [14/Oct/2013:14:59:29 +0200] "GET /js_contentserver24_greybox/loader_frame.html?s=0 HTTP/1.1" 304 - "http://www.mink-gmbh.de/" "Mozilla/5.0 (Windows NT 6.1; rv:24.0) Gecko/20100101 Firefox/24.0"
93.205.115.28 - - [14/Oct/2013:14:59:29 +0200] "GET /images/tkw.jpg HTTP/1.1" 304 - "http://www.mink-gmbh.de/" "Mozilla/5.0 (Windows NT 6.1; rv:24.0) Gecko/20100101 Firefox/24.0"
93.205.115.28 - - [14/Oct/2013:14:59:29 +0200] "GET /images/team-energie.png HTTP/1.1" 304 - "http://www.mink-gmbh.de/" "Mozilla/5.0 (Windows NT 6.1; rv:24.0) Gecko/20100101 Firefox/24.0"
93.205.115.28 - - [14/Oct/2013:14:59:29 +0200] "GET /images/freecall.jpg HTTP/1.1" 304 - "http://www.mink-gmbh.de/" "Mozilla/5.0 (Windows NT 6.1; rv:24.0) Gecko/20100101 Firefox/24.0"
93.205.115.28 - - [14/Oct/2013:14:59:29 +0200] "GET /images/mail.jpg HTTP/1.1" 304 - "http://www.mink-gmbh.de/" "Mozilla/5.0 (Windows NT 6.1; rv:24.0) Gecko/20100101 Firefox/24.0"
93.205.115.28 - - [14/Oct/2013:14:59:29 +0200] "GET /images/kwk.gif HTTP/1.1" 304 - "http://www.mink-gmbh.de/" "Mozilla/5.0 (Windows NT 6.1; rv:24.0) Gecko/20100101 Firefox/24.0"
93.205.115.28 - - [14/Oct/2013:14:59:30 +0200] "GET /images/wunschpreis.jpg HTTP/1.1" 304 - "http://www.mink-gmbh.de/" "Mozilla/5.0 (Windows NT 6.1; rv:24.0) Gecko/20100101 Firefox/24.0"
93.205.115.28 - - [14/Oct/2013:14:59:30 +0200] "GET /images/mobil.jpg HTTP/1.1" 304 - "http://www.mink-gmbh.de/style.css" "Mozilla/5.0 (Windows NT 6.1; rv:24.0) Gecko/20100101 Firefox/24.0"
93.205.115.28 - - [14/Oct/2013:14:59:30 +0200] "GET /images/newsletter.jpg HTTP/1.1" 304 - "http://www.mink-gmbh.de/style.css" "Mozilla/5.0 (Windows NT 6.1; rv:24.0) Gecko/20100101 Firefox/24.0"
93.205.115.28 - - [14/Oct/2013:14:59:30 +0200] "GET /images/footerbg.jpg HTTP/1.1" 304 - "http://www.mink-gmbh.de/style.css" "Mozilla/5.0 (Windows NT 6.1; rv:24.0) Gecko/20100101 Firefox/24.0"
93.205.115.28 - - [14/Oct/2013:14:59:30 +0200] "GET /images/logos.jpg?cache6998 HTTP/1.1" 200 35043 "http://www.mink-gmbh.de/" "Mozilla/5.0 (Windows NT 6.1; rv:24.0) Gecko/20100101 Firefox/24.0"
93.205.115.28 - - [14/Oct/2013:14:59:39 +0200] "GET /news.php?cs_go=archiv&cs_id=4638 HTTP/1.1" 200 11423 "http://www.mink-gmbh.de/" "Mozilla/5.0 (Windows NT 6.1; rv:24.0) Gecko/20100101 Firefox/24.0"
93.205.115.28 - - [14/Oct/2013:14:59:40 +0200] "GET /images/logos.jpg?cache7523 HTTP/1.1" 200 35043 "http://www.mink-gmbh.de/news.php?cs_go=archiv&cs_id=4638" "Mozilla/5.0 (Windows NT 6.1; rv:24.0) Gecko/20100101 Firefox/24.0"
5.10.83.73 - - [14/Oct/2013:14:59:47 +0200] "GET /news.php?cs_go=archiv&cs_id=4461&cs_search= HTTP/1.1" 200 7675 "-" "Mozilla/5.0 (compatible; AhrefsBot/5.0; +http://ahrefs.com/robot/)"
5.10.83.61 - - [14/Oct/2013:15:00:42 +0200] "GET /lexikon.php?cs_go=2&cs_char=u HTTP/1.1" 200 6345 "-" "Mozilla/5.0 (compatible; AhrefsBot/5.0; +http://ahrefs.com/robot/)"
5.10.83.35 - - [14/Oct/2013:15:07:36 +0200] "GET /robots.txt HTTP/1.1" 200 177 "-" "Mozilla/5.0 (compatible; AhrefsBot/5.0; +http://ahrefs.com/robot/)"
93.205.115.28 - - [14/Oct/2013:15:12:40 +0200] "GET / HTTP/1.1" 200 11644 "-" "Mozilla/5.0 (Windows NT 6.1; rv:24.0) Gecko/20100101 Firefox/24.0"
93.205.115.28 - - [14/Oct/2013:15:12:41 +0200] "GET /images/logos.jpg?cache1999 HTTP/1.1" 200 35043 "http://www.mink-gmbh.de/" "Mozilla/5.0 (Windows NT 6.1; rv:24.0) Gecko/20100101 Firefox/24.0"
93.205.115.28 - - [14/Oct/2013:15:13:16 +0200] "GET /news.php?cs_go=archiv&cs_id=4562 HTTP/1.1" 200 11685 "-" "Mozilla/5.0 (Windows NT 6.1; rv:24.0) Gecko/20100101 Firefox/24.0"
93.205.115.28 - - [14/Oct/2013:15:13:17 +0200] "GET /images/logos.jpg?cache7510 HTTP/1.1" 200 35043 "http://www.mink-gmbh.de/news.php?cs_go=archiv&cs_id=4562" "Mozilla/5.0 (Windows NT 6.1; rv:24.0) Gecko/20100101 Firefox/24.0"
66.249.78.46 - - [14/Oct/2013:15:13:25 +0200] "GET /images/logos.jpg?cache9440 HTTP/1.1" 200 35043 "-" "Googlebot-Image/1.0"
5.10.83.64 - - [14/Oct/2013:15:23:42 +0200] "GET /news.php?cs_go=archiv&cs_id=4515&cs_search= HTTP/1.1" 200 9315 "-" "Mozilla/5.0 (compatible; AhrefsBot/5.0; +http://ahrefs.com/robot/)"
5.10.83.95 - - [14/Oct/2013:15:28:12 +0200] "GET /news.php?cs_go=archiv HTTP/1.1" 200 19751 "-" "Mozilla/5.0 (compatible; AhrefsBot/5.0; +http://ahrefs.com/robot/)"
5.10.83.73 - - [14/Oct/2013:15:28:33 +0200] "GET /news.php?cs_go=archiv&cs_id=4608&cs_search= HTTP/1.1" 200 11354 "-" "Mozilla/5.0 (compatible; AhrefsBot/5.0; +http://ahrefs.com/robot/)"
66.249.78.46 - - [14/Oct/2013:15:33:04 +0200] "GET /lexikon.php?cs_go=3&cs_id=196 HTTP/1.1" 200 5892 "-" "Mozilla/5.0 (compatible; Googlebot/2.1; +http://www.google.com/bot.html)"
5.10.83.52 - - [14/Oct/2013:15:41:52 +0200] "GET /news.php?cs_go=archiv&cs_id=4377&cs_search= HTTP/1.1" 200 9240 "-" "Mozilla/5.0 (compatible; AhrefsBot/5.0; +http://ahrefs.com/robot/)"
110.89.47.204 - - [14/Oct/2013:15:43:35 +0200] "GET /news.php?cs_go=archiv&cs_id=4112&cs_search= HTTP/1.0" 200 9472 "http://www.mink-gmbh.de/news.php?cs_go=archiv&cs_id=4112&cs_search=" "Mozilla/5.0 (Windows NT 5.2; WOW64; rv:16.0) Gecko/20100101 Firefox/16.0"
141.8.147.12 - - [14/Oct/2013:15:50:20 +0200] "GET /news.php?cs_go=archiv&cs_id=4475&cs_search= HTTP/1.1" 200 7606 "-" "Mozilla/5.0 (compatible; YandexBot/3.0; +http://yandex.com/bots)"
208.115.113.91 - - [14/Oct/2013:15:52:31 +0200] "GET /news.php?cs_go=archiv&cs_id=4282&cs_search= HTTP/1.1" 200 9189 "-" "Mozilla/5.0 (compatible; Ezooms/1.0; ezooms.bot@gmail.com)"
208.115.113.91 - - [14/Oct/2013:15:52:33 +0200] "GET /news.php?cs_go=archiv&cs_id=4464&cs_search= HTTP/1.1" 200 11502 "-" "Mozilla/5.0 (compatible; Ezooms/1.0; ezooms.bot@gmail.com)"
208.115.113.91 - - [14/Oct/2013:15:52:36 +0200] "GET /news.php?cs_go=archiv&cs_id=4467 HTTP/1.1" 200 7963 "-" "Mozilla/5.0 (compatible; Ezooms/1.0; ezooms.bot@gmail.com)"
95.116.86.35 - - [14/Oct/2013:15:58:41 +0200] "GET /optiplus.php HTTP/1.1" 200 8676 "http://www.google.de/url?sa=t&rct=j&q=&esrc=s&source=web&cd=2&ved=0CD0QFjAB&url=http%3A%2F%2Fwww.mink-gmbh.de%2Foptiplus.php&ei=I_hbUveAC8LWswbKz4HIBg&usg=AFQjCNEouGCMmLgK9iGVLaDNxyZZMZ_YPQ" "Mozilla/5.0 (Windows NT 6.0; rv:24.0) Gecko/20100101 Firefox/24.0"
95.116.86.35 - - [14/Oct/2013:15:58:41 +0200] "GET /modul.css HTTP/1.1" 200 35038 "http://www.mink-gmbh.de/optiplus.php" "Mozilla/5.0 (Windows NT 6.0; rv:24.0) Gecko/20100101 Firefox/24.0"
95.116.86.35 - - [14/Oct/2013:15:58:41 +0200] "GET /favicon.ico HTTP/1.1" 200 3638 "-" "Mozilla/5.0 (Windows NT 6.0; rv:24.0) Gecko/20100101 Firefox/24.0"
95.116.86.35 - - [14/Oct/2013:15:58:41 +0200] "GET /style.css HTTP/1.1" 200 8402 "http://www.mink-gmbh.de/optiplus.php" "Mozilla/5.0 (Windows NT 6.0; rv:24.0) Gecko/20100101 Firefox/24.0"
95.116.86.35 - - [14/Oct/2013:15:58:41 +0200] "GET /images/wunschpreis.jpg HTTP/1.1" 200 16767 "http://www.mink-gmbh.de/optiplus.php" "Mozilla/5.0 (Windows NT 6.0; rv:24.0) Gecko/20100101 Firefox/24.0"
95.116.86.35 - - [14/Oct/2013:15:58:41 +0200] "GET /images/logos.jpg?cache9324 HTTP/1.1" 200 35043 "http://www.mink-gmbh.de/optiplus.php" "Mozilla/5.0 (Windows NT 6.0; rv:24.0) Gecko/20100101 Firefox/24.0"
95.116.86.35 - - [14/Oct/2013:15:58:41 +0200] "GET /images/kwk.gif HTTP/1.1" 200 6403 "http://www.mink-gmbh.de/optiplus.php" "Mozilla/5.0 (Windows NT 6.0; rv:24.0) Gecko/20100101 Firefox/24.0"
95.116.86.35 - - [14/Oct/2013:15:58:41 +0200] "GET /images/Optiseite.jpg HTTP/1.1" 200 32107 "http://www.mink-gmbh.de/optiplus.php" "Mozilla/5.0 (Windows NT 6.0; rv:24.0) Gecko/20100101 Firefox/24.0"
95.116.86.35 - - [14/Oct/2013:15:58:41 +0200] "GET /images/bg.png HTTP/1.1" 200 922 "http://www.mink-gmbh.de/style.css" "Mozilla/5.0 (Windows NT 6.0; rv:24.0) Gecko/20100101 Firefox/24.0"
95.116.86.35 - - [14/Oct/2013:15:58:41 +0200] "GET /images/newsletter.png HTTP/1.1" 200 14619 "http://www.mink-gmbh.de/style.css" "Mozilla/5.0 (Windows NT 6.0; rv:24.0) Gecko/20100101 Firefox/24.0"
95.116.86.35 - - [14/Oct/2013:15:58:41 +0200] "GET /images/wrapperbg.jpg HTTP/1.1" 200 27465 "http://www.mink-gmbh.de/style.css" "Mozilla/5.0 (Windows NT 6.0; rv:24.0) Gecko/20100101 Firefox/24.0"
95.116.86.35 - - [14/Oct/2013:15:58:41 +0200] "GET /images/header.jpg HTTP/1.1" 200 25189 "http://www.mink-gmbh.de/style.css" "Mozilla/5.0 (Windows NT 6.0; rv:24.0) Gecko/20100101 Firefox/24.0"
95.116.86.35 - - [14/Oct/2013:15:58:41 +0200] "GET /images/freecall.jpg HTTP/1.1" 200 39195 "http://www.mink-gmbh.de/optiplus.php" "Mozilla/5.0 (Windows NT 6.0; rv:24.0) Gecko/20100101 Firefox/24.0"
95.116.86.35 - - [14/Oct/2013:15:58:41 +0200] "GET /images/navibg.png HTTP/1.1" 200 2803 "http://www.mink-gmbh.de/style.css" "Mozilla/5.0 (Windows NT 6.0; rv:24.0) Gecko/20100101 Firefox/24.0"
95.116.86.35 - - [14/Oct/2013:15:58:41 +0200] "GET /images/optiplus.jpg HTTP/1.1" 200 37436 "http://www.mink-gmbh.de/optiplus.php" "Mozilla/5.0 (Windows NT 6.0; rv:24.0) Gecko/20100101 Firefox/24.0"
