89.204.155.146 - - [01/Oct/2013:12:46:22 +0200] "GET /images/mobil.jpg HTTP/1.1" 200 25293 "http://www.mink-gmbh.de/" "Mozilla/5.0 (Linux; U; Android 2.3.5; de-de; HTC Desire HD A9191 Build/GRJ90) AppleWebKit/533.1 (KHTML, like Gecko) Version/4.0 Mobile Safari/533.1"
89.204.155.146 - - [01/Oct/2013:12:46:22 +0200] "GET /images/newsletter.jpg HTTP/1.1" 200 13130 "http://www.mink-gmbh.de/" "Mozilla/5.0 (Linux; U; Android 2.3.5; de-de; HTC Desire HD A9191 Build/GRJ90) AppleWebKit/533.1 (KHTML, like Gecko) Version/4.0 Mobile Safari/533.1"
89.204.155.146 - - [01/Oct/2013:12:46:22 +0200] "GET /images/footerbg.jpg HTTP/1.1" 200 2184 "http://www.mink-gmbh.de/" "Mozilla/5.0 (Linux; U; Android 2.3.5; de-de; HTC Desire HD A9191 Build/GRJ90) AppleWebKit/533.1 (KHTML, like Gecko) Version/4.0 Mobile Safari/533.1"
89.204.155.146 - - [01/Oct/2013:12:46:22 +0200] "GET /js_contentserver24_greybox/loader_frame.html?s=0 HTTP/1.1" 200 2084 "http://www.mink-gmbh.de/" "Mozilla/5.0 (Linux; U; Android 2.3.5; de-de; HTC Desire HD A9191 Build/GRJ90) AppleWebKit/533.1 (KHTML, like Gecko) Version/4.0 Mobile Safari/533.1"
89.204.155.146 - - [01/Oct/2013:12:46:22 +0200] "GET /js_contentserver24_greybox/header_bg.gif HTTP/1.1" 200 1188 "http://www.mink-gmbh.de/" "Mozilla/5.0 (Linux; U; Android 2.3.5; de-de; HTC Desire HD A9191 Build/GRJ90) AppleWebKit/533.1 (KHTML, like Gecko) Version/4.0 Mobile Safari/533.1"
89.204.155.146 - - [01/Oct/2013:12:46:22 +0200] "GET /js_contentserver24_greybox/indicator.gif HTTP/1.1" 200 8238 "http://www.mink-gmbh.de/js_contentserver24_greybox/loader_frame.html?s=0" "Mozilla/5.0 (Linux; U; Android 2.3.5; de-de; HTC Desire HD A9191 Build/GRJ90) AppleWebKit/533.1 (KHTML, like Gecko) Version/4.0 Mobile Safari/533.1"
89.204.155.146 - - [01/Oct/2013:12:46:23 +0200] "GET /favicon.ico HTTP/1.1" 200 3638 "http://www.mink-gmbh.de/" "Mozilla/5.0 (Linux; U; Android 2.3.5; de-de; HTC Desire HD A9191 Build/GRJ90) AppleWebKit/533.1 (KHTML, like Gecko) Version/4.0 Mobile Safari/533.1"
89.204.155.146 - - [01/Oct/2013:12:46:23 +0200] "GET /js_contentserver24_greybox/g_close.gif HTTP/1.1" 200 541 "http://www.mink-gmbh.de/" "Mozilla/5.0 (Linux; U; Android 2.3.5; de-de; HTC Desire HD A9191 Build/GRJ90) AppleWebKit/533.1 (KHTML, like Gecko) Version/4.0 Mobile Safari/533.1"
66.249.75.49 - - [01/Oct/2013:12:56:41 +0200] "GET / HTTP/1.1" 200 12451 "-" "Mozilla/5.0 (compatible; Googlebot/2.1; +http://www.google.com/bot.html)"
66.249.78.46 - - [01/Oct/2013:12:58:58 +0200] "GET /news.php?cs_go=archiv&cs_id=4601 HTTP/1.1" 200 7890 "-" "Mozilla/5.0 (compatible; Googlebot/2.1; +http://www.google.com/bot.html)"
66.249.75.49 - - [01/Oct/2013:12:59:00 +0200] "GET /news.php?cs_go=archiv&cs_id=4605 HTTP/1.1" 200 7704 "-" "Mozilla/5.0 (compatible; Googlebot/2.1; +http://www.google.com/bot.html)"
88.198.47.57 - - [01/Oct/2013:12:59:49 +0200] "GET /robots.txt HTTP/1.1" 200 177 "-" "Mozilla/5.0 (compatible; Spiderlytics/1.0; +spider@spiderlytics.com)"
88.198.47.57 - - [01/Oct/2013:12:59:50 +0200] "GET /images/logos.jpg?cache8236 HTTP/1.1" 200 35043 "-" "Mozilla/5.0 (compatible; Spiderlytics/1.0; +spider@spiderlytics.com)"
89.204.155.146 - - [01/Oct/2013:13:00:16 +0200] "GET / HTTP/1.1" 200 11711 "-" "Mozilla/5.0 (Linux; U; Android 2.3.5; de-de; HTC Desire HD A9191 Build/GRJ90) AppleWebKit/533.1 (KHTML, like Gecko) Version/4.0 Mobile Safari/533.1"
89.204.155.146 - - [01/Oct/2013:13:00:24 +0200] "GET /images/logos.jpg?cache7039 HTTP/1.1" 200 35043 "http://www.mink-gmbh.de/" "Mozilla/5.0 (Linux; U; Android 2.3.5; de-de; HTC Desire HD A9191 Build/GRJ90) AppleWebKit/533.1 (KHTML, like Gecko) Version/4.0 Mobile Safari/533.1"
141.8.147.12 - - [01/Oct/2013:13:20:45 +0200] "GET /news.php?cs_go=archiv&cs_id=4583 HTTP/1.1" 200 13225 "-" "Mozilla/5.0 (compatible; YandexBot/3.0; +http://yandex.com/bots)"
66.249.78.46 - - [01/Oct/2013:13:36:36 +0200] "GET /robots.txt HTTP/1.1" 200 177 "-" "Mozilla/5.0 (compatible; Googlebot/2.1; +http://www.google.com/bot.html)"
66.249.78.46 - - [01/Oct/2013:13:36:36 +0200] "GET /images/logos.jpg?cache6821 HTTP/1.1" 200 35043 "-" "Googlebot-Image/1.0"
66.249.78.46 - - [01/Oct/2013:13:37:10 +0200] "GET /images/logos.jpg?cache8232 HTTP/1.1" 200 35043 "-" "Googlebot-Image/1.0"
66.249.78.46 - - [01/Oct/2013:13:37:15 +0200] "GET /images/logos.jpg?cache9311 HTTP/1.1" 200 35043 "-" "Googlebot-Image/1.0"
66.249.78.46 - - [01/Oct/2013:13:37:18 +0200] "GET /images/logos.jpg?cache7355 HTTP/1.1" 200 35043 "-" "Googlebot-Image/1.0"
66.249.78.46 - - [01/Oct/2013:13:37:32 +0200] "GET /images/logos.jpg?cache9043 HTTP/1.1" 200 35043 "-" "Googlebot-Image/1.0"
66.249.78.46 - - [01/Oct/2013:13:37:33 +0200] "GET /images/logos.jpg?cache5639 HTTP/1.1" 200 35043 "-" "Googlebot-Image/1.0"
66.249.78.46 - - [01/Oct/2013:13:37:46 +0200] "GET /images/logos.jpg?cache1670 HTTP/1.1" 200 35043 "-" "Googlebot-Image/1.0"
66.249.78.46 - - [01/Oct/2013:13:38:37 +0200] "GET /images/logos.jpg?cache5203 HTTP/1.1" 200 35043 "-" "Googlebot-Image/1.0"
66.249.78.46 - - [01/Oct/2013:13:41:17 +0200] "GET /images/logos.jpg?cache1857 HTTP/1.1" 200 35043 "-" "Googlebot-Image/1.0"
66.249.78.46 - - [01/Oct/2013:13:45:38 +0200] "GET /images/logos.jpg?cache1490 HTTP/1.1" 200 35043 "-" "Googlebot-Image/1.0"
141.8.147.12 - - [01/Oct/2013:14:11:06 +0200] "GET /news.php?cs_go=archiv&cs_id=4583&cs_search= HTTP/1.1" 200 13225 "-" "Mozilla/5.0 (compatible; YandexBot/3.0; +http://yandex.com/bots)"
66.249.78.46 - - [01/Oct/2013:14:25:18 +0200] "GET / HTTP/1.1" 200 12439 "-" "Mozilla/5.0 (compatible; Googlebot/2.1; +http://www.google.com/bot.html)"
66.249.78.46 - - [01/Oct/2013:14:29:28 +0200] "GET /news.php?cs_go=archiv&cs_id=4606 HTTP/1.1" 200 11630 "-" "Mozilla/5.0 (compatible; Googlebot/2.1; +http://www.google.com/bot.html)"
88.198.47.57 - - [01/Oct/2013:14:29:33 +0200] "GET /robots.txt HTTP/1.1" 200 177 "-" "Mozilla/5.0 (compatible; Spiderlytics/1.0; +spider@spiderlytics.com)"
88.198.47.57 - - [01/Oct/2013:14:29:33 +0200] "GET /images/logos.jpg?cache3280 HTTP/1.1" 200 35043 "-" "Mozilla/5.0 (compatible; Spiderlytics/1.0; +spider@spiderlytics.com)"
66.249.66.49 - - [01/Oct/2013:14:42:14 +0200] "GET /news.php?cs_go=archiv&cs_startpos=20 HTTP/1.1" 200 20215 "-" "Mozilla/5.0 (iPhone; U; CPU iPhone OS 4_1 like Mac OS X; en-us) AppleWebKit/532.9 (KHTML, like Gecko) Version/4.0.5 Mobile/8B117 Safari/6531.22.7 (compatible; Googlebot-Mobile/2.1; +http://www.google.com/bot.html)"
66.249.78.46 - - [01/Oct/2013:15:29:59 +0200] "GET /images/logos.jpg?cache3555 HTTP/1.1" 200 35043 "-" "Googlebot-Image/1.0"
208.115.111.75 - - [01/Oct/2013:15:49:32 +0200] "GET /robots.txt HTTP/1.1" 200 177 "-" "Mozilla/5.0 (compatible; Ezooms/1.0; ezooms.bot@gmail.com)"
65.36.241.79 - - [01/Oct/2013:15:56:16 +0200] "HEAD / HTTP/1.1" 200 - "-" "InternetSeer.com"
27.159.231.189 - - [01/Oct/2013:16:19:20 +0200] "GET /news.php?cs_go=archiv&cs_id=4112&cs_search= HTTP/1.0" 200 9472 "http://www.mink-gmbh.de/news.php?cs_go=archiv&cs_id=4112&cs_search=" "Mozilla/5.0 (Windows NT 5.1; rv:15.0) Gecko/20100101 Firefox/15.0.1"
87.184.133.79 - - [01/Oct/2013:16:39:20 +0200] "GET /style.css HTTP/1.1" 200 8402 "http://www.mink-gmbh.de/" "Mozilla/5.0 (compatible; MSIE 9.0; Windows NT 6.1; WOW64; Trident/5.0)"
87.184.133.79 - - [01/Oct/2013:16:39:20 +0200] "GET /modul.css HTTP/1.1" 200 35038 "http://www.mink-gmbh.de/" "Mozilla/5.0 (compatible; MSIE 9.0; Windows NT 6.1; WOW64; Trident/5.0)"
87.184.133.79 - - [01/Oct/2013:16:39:20 +0200] "GET /js_contentserver24_greybox/gb_styles.css HTTP/1.1" 200 2302 "http://www.mink-gmbh.de/" "Mozilla/5.0 (compatible; MSIE 9.0; Windows NT 6.1; WOW64; Trident/5.0)"
87.184.133.79 - - [01/Oct/2013:16:39:20 +0200] "GET /js_contentserver24_greybox/AJS.js HTTP/1.1" 200 10396 "http://www.mink-gmbh.de/" "Mozilla/5.0 (compatible; MSIE 9.0; Windows NT 6.1; WOW64; Trident/5.0)"
87.184.133.79 - - [01/Oct/2013:16:39:20 +0200] "GET /js_contentserver24_greybox/gb_scripts.js HTTP/1.1" 200 11913 "http://www.mink-gmbh.de/" "Mozilla/5.0 (compatible; MSIE 9.0; Windows NT 6.1; WOW64; Trident/5.0)"
87.184.133.79 - - [01/Oct/2013:16:39:20 +0200] "GET /js_contentserver24_greybox/AJS_fx.js HTTP/1.1" 200 3192 "http://www.mink-gmbh.de/" "Mozilla/5.0 (compatible; MSIE 9.0; Windows NT 6.1; WOW64; Trident/5.0)"
87.184.133.79 - - [01/Oct/2013:16:39:20 +0200] "GET / HTTP/1.1" 200 12442 "http://www.google.de/url?sa=t&rct=j&q=&esrc=s&frm=1&source=web&cd=1&ved=0CDEQFjAA&url=http%3A%2F%2Fwww.mink-gmbh.de%2F&ei=j95KUtWQFoTdsgb5mYD4Bw&usg=AFQjCNFHX4Iglls9oo-KYXTmDUV_5KOVIg&bvm=bv.53371865,d.Yms" "Mozilla/5.0 (compatible; MSIE 9.0; Windows NT 6.1; WOW64; Trident/5.0)"
87.184.133.79 - - [01/Oct/2013:16:39:21 +0200] "GET /images/team-energie.png HTTP/1.1" 200 17383 "http://www.mink-gmbh.de/" "Mozilla/5.0 (compatible; MSIE 9.0; Windows NT 6.1; WOW64; Trident/5.0)"
87.184.133.79 - - [01/Oct/2013:16:39:21 +0200] "GET /images/freecall.jpg HTTP/1.1" 200 39195 "http://www.mink-gmbh.de/" "Mozilla/5.0 (compatible; MSIE 9.0; Windows NT 6.1; WOW64; Trident/5.0)"
87.184.133.79 - - [01/Oct/2013:16:39:21 +0200] "GET /images/mail.jpg HTTP/1.1" 200 11165 "http://www.mink-gmbh.de/" "Mozilla/5.0 (compatible; MSIE 9.0; Windows NT 6.1; WOW64; Trident/5.0)"
87.184.133.79 - - [01/Oct/2013:16:39:21 +0200] "GET /images/kwk.gif HTTP/1.1" 200 6403 "http://www.mink-gmbh.de/" "Mozilla/5.0 (compatible; MSIE 9.0; Windows NT 6.1; WOW64; Trident/5.0)"
87.184.133.79 - - [01/Oct/2013:16:39:21 +0200] "GET /images/wunschpreis.jpg HTTP/1.1" 200 16767 "http://www.mink-gmbh.de/" "Mozilla/5.0 (compatible; MSIE 9.0; Windows NT 6.1; WOW64; Trident/5.0)"
87.184.133.79 - - [01/Oct/2013:16:39:21 +0200] "GET /images/logos.jpg?cache6999 HTTP/1.1" 200 35043 "http://www.mink-gmbh.de/" "Mozilla/5.0 (compatible; MSIE 9.0; Windows NT 6.1; WOW64; Trident/5.0)"
87.184.133.79 - - [01/Oct/2013:16:39:21 +0200] "GET /images/tkw.jpg HTTP/1.1" 200 64031 "http://www.mink-gmbh.de/" "Mozilla/5.0 (compatible; MSIE 9.0; Windows NT 6.1; WOW64; Trident/5.0)"
87.184.133.79 - - [01/Oct/2013:16:39:21 +0200] "GET /images/bg.png HTTP/1.1" 200 922 "http://www.mink-gmbh.de/" "Mozilla/5.0 (compatible; MSIE 9.0; Windows NT 6.1; WOW64; Trident/5.0)"
87.184.133.79 - - [01/Oct/2013:16:39:21 +0200] "GET /js_contentserver24_greybox/w_close.gif HTTP/1.1" 200 74 "http://www.mink-gmbh.de/" "Mozilla/5.0 (compatible; MSIE 9.0; Windows NT 6.1; WOW64; Trident/5.0)"
87.184.133.79 - - [01/Oct/2013:16:39:21 +0200] "GET /images/wrapperbg.jpg HTTP/1.1" 200 27465 "http://www.mink-gmbh.de/" "Mozilla/5.0 (compatible; MSIE 9.0; Windows NT 6.1; WOW64; Trident/5.0)"
87.184.133.79 - - [01/Oct/2013:16:39:21 +0200] "GET /images/newsletter_bg.jpg HTTP/1.1" 200 33610 "http://www.mink-gmbh.de/" "Mozilla/5.0 (compatible; MSIE 9.0; Windows NT 6.1; WOW64; Trident/5.0)"
87.184.133.79 - - [01/Oct/2013:16:39:21 +0200] "GET /images/navibg.png HTTP/1.1" 200 2803 "http://www.mink-gmbh.de/" "Mozilla/5.0 (compatible; MSIE 9.0; Windows NT 6.1; WOW64; Trident/5.0)"
87.184.133.79 - - [01/Oct/2013:16:39:21 +0200] "GET /images/close.png HTTP/1.1" 200 703 "http://www.mink-gmbh.de/" "Mozilla/5.0 (compatible; MSIE 9.0; Windows NT 6.1; WOW64; Trident/5.0)"
87.184.133.79 - - [01/Oct/2013:16:39:21 +0200] "GET /images/newsletter.png HTTP/1.1" 200 14619 "http://www.mink-gmbh.de/" "Mozilla/5.0 (compatible; MSIE 9.0; Windows NT 6.1; WOW64; Trident/5.0)"
87.184.133.79 - - [01/Oct/2013:16:39:21 +0200] "GET /images/header.jpg HTTP/1.1" 200 25189 "http://www.mink-gmbh.de/" "Mozilla/5.0 (compatible; MSIE 9.0; Windows NT 6.1; WOW64; Trident/5.0)"
87.184.133.79 - - [01/Oct/2013:16:39:21 +0200] "GET /images/fallend.png HTTP/1.1" 200 713 "http://www.mink-gmbh.de/" "Mozilla/5.0 (compatible; MSIE 9.0; Windows NT 6.1; WOW64; Trident/5.0)"
87.184.133.79 - - [01/Oct/2013:16:39:21 +0200] "GET /images/gleichbleibend.png HTTP/1.1" 200 534 "http://www.mink-gmbh.de/" "Mozilla/5.0 (compatible; MSIE 9.0; Windows NT 6.1; WOW64; Trident/5.0)"
87.184.133.79 - - [01/Oct/2013:16:39:21 +0200] "GET /images/mobil.jpg HTTP/1.1" 200 25293 "http://www.mink-gmbh.de/" "Mozilla/5.0 (compatible; MSIE 9.0; Windows NT 6.1; WOW64; Trident/5.0)"
87.184.133.79 - - [01/Oct/2013:16:39:21 +0200] "GET /images/newsletter.jpg HTTP/1.1" 200 13130 "http://www.mink-gmbh.de/" "Mozilla/5.0 (compatible; MSIE 9.0; Windows NT 6.1; WOW64; Trident/5.0)"
87.184.133.79 - - [01/Oct/2013:16:39:21 +0200] "GET /images/footerbg.jpg HTTP/1.1" 200 2184 "http://www.mink-gmbh.de/" "Mozilla/5.0 (compatible; MSIE 9.0; Windows NT 6.1; WOW64; Trident/5.0)"
87.184.133.79 - - [01/Oct/2013:16:39:21 +0200] "GET /js_contentserver24_greybox/header_bg.gif HTTP/1.1" 200 1188 "http://www.mink-gmbh.de/" "Mozilla/5.0 (compatible; MSIE 9.0; Windows NT 6.1; WOW64; Trident/5.0)"
87.184.133.79 - - [01/Oct/2013:16:39:21 +0200] "GET /js_contentserver24_greybox/loader_frame.html?s=0 HTTP/1.1" 200 2084 "http://www.mink-gmbh.de/" "Mozilla/5.0 (compatible; MSIE 9.0; Windows NT 6.1; WOW64; Trident/5.0)"
87.184.133.79 - - [01/Oct/2013:16:39:21 +0200] "GET /js_contentserver24_greybox/indicator.gif HTTP/1.1" 200 8238 "http://www.mink-gmbh.de/js_contentserver24_greybox/loader_frame.html?s=0" "Mozilla/5.0 (compatible; MSIE 9.0; Windows NT 6.1; WOW64; Trident/5.0)"
87.184.133.79 - - [01/Oct/2013:16:39:22 +0200] "GET /favicon.ico HTTP/1.1" 200 3638 "-" "Mozilla/5.0 (compatible; MSIE 9.0; Windows NT 6.1; WOW64; Trident/5.0)"
87.184.133.79 - - [01/Oct/2013:16:39:22 +0200] "GET /js_contentserver24_greybox/g_close.gif HTTP/1.1" 200 541 "http://www.mink-gmbh.de/" "Mozilla/5.0 (compatible; MSIE 9.0; Windows NT 6.1; WOW64; Trident/5.0)"
123.125.71.52 - - [01/Oct/2013:16:41:28 +0200] "GET / HTTP/1.1" 200 6598 "-" "Mozilla/5.0 (compatible; Baiduspider/2.0; +http://www.baidu.com/search/spider.html)"
220.181.108.88 - - [01/Oct/2013:16:44:43 +0200] "GET / HTTP/1.1" 200 6598 "-" "Mozilla/5.0 (compatible; Baiduspider/2.0; +http://www.baidu.com/search/spider.html)"
46.115.106.51 - - [01/Oct/2013:17:07:16 +0200] "GET / HTTP/1.1" 200 12442 "http://www.klicktel.de/branchen/kohlen-und-brennstoffe-berlin-3303040-42106319.html" "Mozilla/5.0 (Windows NT 6.1; WOW64; rv:24.0) Gecko/20100101 Firefox/24.0"
46.115.106.51 - - [01/Oct/2013:17:07:22 +0200] "GET /style.css HTTP/1.1" 200 8402 "http://www.mink-gmbh.de/" "Mozilla/5.0 (Windows NT 6.1; WOW64; rv:24.0) Gecko/20100101 Firefox/24.0"
46.115.106.51 - - [01/Oct/2013:17:07:22 +0200] "GET /modul.css HTTP/1.1" 200 35038 "http://www.mink-gmbh.de/" "Mozilla/5.0 (Windows NT 6.1; WOW64; rv:24.0) Gecko/20100101 Firefox/24.0"
46.115.106.51 - - [01/Oct/2013:17:07:23 +0200] "GET /js_contentserver24_greybox/gb_styles.css HTTP/1.1" 200 2302 "http://www.mink-gmbh.de/" "Mozilla/5.0 (Windows NT 6.1; WOW64; rv:24.0) Gecko/20100101 Firefox/24.0"
46.115.106.51 - - [01/Oct/2013:17:07:23 +0200] "GET /favicon.ico HTTP/1.1" 200 3638 "-" "Mozilla/5.0 (Windows NT 6.1; WOW64; rv:24.0) Gecko/20100101 Firefox/24.0"
46.115.106.51 - - [01/Oct/2013:17:07:25 +0200] "GET /js_contentserver24_greybox/AJS.js HTTP/1.1" 200 10396 "http://www.mink-gmbh.de/" "Mozilla/5.0 (Windows NT 6.1; WOW64; rv:24.0) Gecko/20100101 Firefox/24.0"
46.115.106.51 - - [01/Oct/2013:17:07:25 +0200] "GET /js_contentserver24_greybox/AJS_fx.js HTTP/1.1" 200 3192 "http://www.mink-gmbh.de/" "Mozilla/5.0 (Windows NT 6.1; WOW64; rv:24.0) Gecko/20100101 Firefox/24.0"
46.115.106.51 - - [01/Oct/2013:17:07:25 +0200] "GET /js_contentserver24_greybox/gb_scripts.js HTTP/1.1" 200 11913 "http://www.mink-gmbh.de/" "Mozilla/5.0 (Windows NT 6.1; WOW64; rv:24.0) Gecko/20100101 Firefox/24.0"
46.115.106.51 - - [01/Oct/2013:17:07:25 +0200] "GET /images/team-energie.png HTTP/1.1" 200 17383 "http://www.mink-gmbh.de/" "Mozilla/5.0 (Windows NT 6.1; WOW64; rv:24.0) Gecko/20100101 Firefox/24.0"
46.115.106.51 - - [01/Oct/2013:17:07:25 +0200] "GET /images/freecall.jpg HTTP/1.1" 200 39195 "http://www.mink-gmbh.de/" "Mozilla/5.0 (Windows NT 6.1; WOW64; rv:24.0) Gecko/20100101 Firefox/24.0"
46.115.106.51 - - [01/Oct/2013:17:07:26 +0200] "GET /images/mail.jpg HTTP/1.1" 200 11165 "http://www.mink-gmbh.de/" "Mozilla/5.0 (Windows NT 6.1; WOW64; rv:24.0) Gecko/20100101 Firefox/24.0"
46.115.106.51 - - [01/Oct/2013:17:07:25 +0200] "GET /images/tkw.jpg HTTP/1.1" 200 64031 "http://www.mink-gmbh.de/" "Mozilla/5.0 (Windows NT 6.1; WOW64; rv:24.0) Gecko/20100101 Firefox/24.0"
46.115.106.51 - - [01/Oct/2013:17:07:26 +0200] "GET /images/kwk.gif HTTP/1.1" 200 6403 "http://www.mink-gmbh.de/" "Mozilla/5.0 (Windows NT 6.1; WOW64; rv:24.0) Gecko/20100101 Firefox/24.0"
46.115.106.51 - - [01/Oct/2013:17:07:26 +0200] "GET /images/wunschpreis.jpg HTTP/1.1" 200 16767 "http://www.mink-gmbh.de/" "Mozilla/5.0 (Windows NT 6.1; WOW64; rv:24.0) Gecko/20100101 Firefox/24.0"
46.115.106.51 - - [01/Oct/2013:17:07:26 +0200] "GET /images/logos.jpg?cache8685 HTTP/1.1" 200 35043 "http://www.mink-gmbh.de/" "Mozilla/5.0 (Windows NT 6.1; WOW64; rv:24.0) Gecko/20100101 Firefox/24.0"
46.115.106.51 - - [01/Oct/2013:17:07:26 +0200] "GET /js_contentserver24_greybox/w_close.gif HTTP/1.1" 200 74 "http://www.mink-gmbh.de/" "Mozilla/5.0 (Windows NT 6.1; WOW64; rv:24.0) Gecko/20100101 Firefox/24.0"
46.115.106.51 - - [01/Oct/2013:17:07:27 +0200] "GET /images/bg.png HTTP/1.1" 200 922 "http://www.mink-gmbh.de/style.css" "Mozilla/5.0 (Windows NT 6.1; WOW64; rv:24.0) Gecko/20100101 Firefox/24.0"
46.115.106.51 - - [01/Oct/2013:17:07:27 +0200] "GET /images/close.png HTTP/1.1" 200 703 "http://www.mink-gmbh.de/" "Mozilla/5.0 (Windows NT 6.1; WOW64; rv:24.0) Gecko/20100101 Firefox/24.0"
46.115.106.51 - - [01/Oct/2013:17:07:27 +0200] "GET /images/newsletter.png HTTP/1.1" 200 14619 "http://www.mink-gmbh.de/style.css" "Mozilla/5.0 (Windows NT 6.1; WOW64; rv:24.0) Gecko/20100101 Firefox/24.0"
46.115.106.51 - - [01/Oct/2013:17:07:27 +0200] "GET /images/newsletter_bg.jpg HTTP/1.1" 200 33610 "http://www.mink-gmbh.de/" "Mozilla/5.0 (Windows NT 6.1; WOW64; rv:24.0) Gecko/20100101 Firefox/24.0"
46.115.106.51 - - [01/Oct/2013:17:07:27 +0200] "GET /images/mobil.jpg HTTP/1.1" 200 25293 "http://www.mink-gmbh.de/style.css" "Mozilla/5.0 (Windows NT 6.1; WOW64; rv:24.0) Gecko/20100101 Firefox/24.0"
46.115.106.51 - - [01/Oct/2013:17:07:27 +0200] "GET /images/navibg.png HTTP/1.1" 200 2803 "http://www.mink-gmbh.de/style.css" "Mozilla/5.0 (Windows NT 6.1; WOW64; rv:24.0) Gecko/20100101 Firefox/24.0"
46.115.106.51 - - [01/Oct/2013:17:07:27 +0200] "GET /images/wrapperbg.jpg HTTP/1.1" 200 27465 "http://www.mink-gmbh.de/style.css" "Mozilla/5.0 (Windows NT 6.1; WOW64; rv:24.0) Gecko/20100101 Firefox/24.0"
46.115.106.51 - - [01/Oct/2013:17:07:27 +0200] "GET /images/fallend.png HTTP/1.1" 200 713 "http://www.mink-gmbh.de/modul.css" "Mozilla/5.0 (Windows NT 6.1; WOW64; rv:24.0) Gecko/20100101 Firefox/24.0"
46.115.106.51 - - [01/Oct/2013:17:07:27 +0200] "GET /images/header.jpg HTTP/1.1" 200 25189 "http://www.mink-gmbh.de/style.css" "Mozilla/5.0 (Windows NT 6.1; WOW64; rv:24.0) Gecko/20100101 Firefox/24.0"
46.115.106.51 - - [01/Oct/2013:17:07:27 +0200] "GET /images/gleichbleibend.png HTTP/1.1" 200 534 "http://www.mink-gmbh.de/modul.css" "Mozilla/5.0 (Windows NT 6.1; WOW64; rv:24.0) Gecko/20100101 Firefox/24.0"
46.115.106.51 - - [01/Oct/2013:17:07:27 +0200] "GET /images/footerbg.jpg HTTP/1.1" 200 2184 "http://www.mink-gmbh.de/style.css" "Mozilla/5.0 (Windows NT 6.1; WOW64; rv:24.0) Gecko/20100101 Firefox/24.0"
46.115.106.51 - - [01/Oct/2013:17:07:27 +0200] "GET /images/newsletter.jpg HTTP/1.1" 200 13130 "http://www.mink-gmbh.de/style.css" "Mozilla/5.0 (Windows NT 6.1; WOW64; rv:24.0) Gecko/20100101 Firefox/24.0"
46.115.106.51 - - [01/Oct/2013:17:07:28 +0200] "GET /js_contentserver24_greybox/loader_frame.html?s=0 HTTP/1.1" 200 2084 "http://www.mink-gmbh.de/" "Mozilla/5.0 (Windows NT 6.1; WOW64; rv:24.0) Gecko/20100101 Firefox/24.0"
46.115.106.51 - - [01/Oct/2013:17:07:28 +0200] "GET /js_contentserver24_greybox/header_bg.gif HTTP/1.1" 200 1188 "http://www.mink-gmbh.de/" "Mozilla/5.0 (Windows NT 6.1; WOW64; rv:24.0) Gecko/20100101 Firefox/24.0"
46.115.106.51 - - [01/Oct/2013:17:07:28 +0200] "GET /js_contentserver24_greybox/indicator.gif HTTP/1.1" 200 8238 "http://www.mink-gmbh.de/js_contentserver24_greybox/loader_frame.html?s=0" "Mozilla/5.0 (Windows NT 6.1; WOW64; rv:24.0) Gecko/20100101 Firefox/24.0"
46.115.106.51 - - [01/Oct/2013:17:07:28 +0200] "GET /js_contentserver24_greybox/g_close.gif HTTP/1.1" 200 541 "http://www.mink-gmbh.de/" "Mozilla/5.0 (Windows NT 6.1; WOW64; rv:24.0) Gecko/20100101 Firefox/24.0"
46.115.106.51 - - [01/Oct/2013:17:07:42 +0200] "GET /standard.php HTTP/1.1" 200 6807 "http://www.mink-gmbh.de/" "Mozilla/5.0 (Windows NT 6.1; WOW64; rv:24.0) Gecko/20100101 Firefox/24.0"
46.115.106.51 - - [01/Oct/2013:17:07:43 +0200] "GET /images/logos.jpg?cache5510 HTTP/1.1" 200 35043 "http://www.mink-gmbh.de/standard.php" "Mozilla/5.0 (Windows NT 6.1; WOW64; rv:24.0) Gecko/20100101 Firefox/24.0"
66.249.78.46 - - [01/Oct/2013:17:19:06 +0200] "GET /images/logos.jpg?cache8425 HTTP/1.1" 200 35043 "-" "Googlebot-Image/1.0"
141.8.147.12 - - [01/Oct/2013:17:40:57 +0200] "GET /lexikon.php?cs_go=3&cs_id=70 HTTP/1.1" 200 5962 "-" "Mozilla/5.0 (compatible; YandexBot/3.0; +http://yandex.com/bots)"
208.115.111.75 - - [01/Oct/2013:17:44:44 +0200] "GET /news.php HTTP/1.1" 200 20184 "-" "Mozilla/5.0 (compatible; Ezooms/1.0; ezooms.bot@gmail.com)"
66.249.78.46 - - [01/Oct/2013:17:44:59 +0200] "GET / HTTP/1.1" 200 12442 "-" "Mozilla/5.0 (iPhone; U; CPU iPhone OS 4_1 like Mac OS X; en-us) AppleWebKit/532.9 (KHTML, like Gecko) Version/4.0.5 Mobile/8B117 Safari/6531.22.7 (compatible; Googlebot-Mobile/2.1; +http://www.google.com/bot.html)"
66.249.78.46 - - [01/Oct/2013:18:06:52 +0200] "GET /news.php HTTP/1.1" 200 20184 "-" "Mozilla/5.0 (compatible; Googlebot/2.1; +http://www.google.com/bot.html)"
66.249.78.46 - - [01/Oct/2013:18:10:00 +0200] "GET /news.php?cs_go=archiv&cs_id=4601&cs_search= HTTP/1.1" 200 7890 "-" "Mozilla/5.0 (compatible; Googlebot/2.1; +http://www.google.com/bot.html)"
66.249.78.46 - - [01/Oct/2013:18:11:53 +0200] "GET /news.php?cs_go=archiv&cs_id=4606&cs_search= HTTP/1.1" 200 11630 "-" "Mozilla/5.0 (compatible; Googlebot/2.1; +http://www.google.com/bot.html)"
66.249.78.46 - - [01/Oct/2013:18:13:37 +0200] "GET /news.php?cs_go=archiv&cs_id=4605&cs_search= HTTP/1.1" 200 7704 "-" "Mozilla/5.0 (compatible; Googlebot/2.1; +http://www.google.com/bot.html)"
66.249.78.46 - - [01/Oct/2013:18:15:07 +0200] "GET /optiplus.php HTTP/1.1" 200 8676 "-" "Mozilla/5.0 (compatible; Googlebot/2.1; +http://www.google.com/bot.html)"
66.249.78.46 - - [01/Oct/2013:18:38:34 +0200] "GET /news.php?cs_go=archiv&cs_id=4568 HTTP/1.1" 200 9668 "-" "Mozilla/5.0 (compatible; Googlebot/2.1; +http://www.google.com/bot.html)"
66.249.78.46 - - [01/Oct/2013:18:56:34 +0200] "GET /jobs.php HTTP/1.1" 200 5020 "-" "Mozilla/5.0 (compatible; Googlebot/2.1; +http://www.google.com/bot.html)"
141.8.147.12 - - [01/Oct/2013:19:01:24 +0200] "GET /robots.txt HTTP/1.1" 200 177 "-" "Mozilla/5.0 (compatible; YandexBot/3.0; +http://yandex.com/bots)"
66.249.78.46 - - [01/Oct/2013:19:08:12 +0200] "GET /images/logos.jpg?cache7293 HTTP/1.1" 200 35043 "-" "Googlebot-Image/1.0"
88.198.47.57 - - [01/Oct/2013:19:13:40 +0200] "GET /robots.txt HTTP/1.1" 200 177 "-" "Mozilla/5.0 (compatible; Spiderlytics/1.0; +spider@spiderlytics.com)"
88.198.47.57 - - [01/Oct/2013:19:13:40 +0200] "GET /images/logos.jpg?cache2994 HTTP/1.1" 200 35043 "-" "Mozilla/5.0 (compatible; Spiderlytics/1.0; +spider@spiderlytics.com)"
66.249.78.46 - - [01/Oct/2013:19:28:14 +0200] "GET /news.php?cs_go=archiv&cs_id=4580 HTTP/1.1" 200 11497 "-" "Mozilla/5.0 (compatible; Googlebot/2.1; +http://www.google.com/bot.html)"
66.249.78.46 - - [01/Oct/2013:19:35:07 +0200] "GET /news.php HTTP/1.1" 200 20184 "-" "SAMSUNG-SGH-E250/1.0 Profile/MIDP-2.0 Configuration/CLDC-1.1 UP.Browser/6.2.3.3.c.1.101 (GUI) MMP/2.0 (compatible; Googlebot-Mobile/2.1; +http://www.google.com/bot.html)"
54.202.98.128 - - [01/Oct/2013:19:36:40 +0200] "GET / HTTP/1.1" 200 12442 "http://www.ausergrubhof.info" "Mozilla/5.0 (Macintosh; Intel Mac OS X 10_8_4) AppleWebKit/536.30.1 (KHTML, like Gecko) Version/6.0.5 Safari/536.30.1"
208.115.111.75 - - [01/Oct/2013:19:43:31 +0200] "GET /robots.txt HTTP/1.1" 200 177 "-" "Mozilla/5.0 (compatible; Ezooms/1.0; ezooms.bot@gmail.com)"
217.230.132.188 - - [01/Oct/2013:20:16:39 +0200] "GET / HTTP/1.1" 200 12442 "http://www.bigfinder.de/online-11.html" "Mozilla/5.0 (Macintosh; U; Intel Mac OS X 10.6; de-DE; rv:1.9.2.8) Gecko/20100722 Firefox/3.6.8"
66.249.78.46 - - [01/Oct/2013:20:22:17 +0200] "GET /news.php HTTP/1.1" 200 20184 "-" "Mozilla/5.0 (iPhone; U; CPU iPhone OS 4_1 like Mac OS X; en-us) AppleWebKit/532.9 (KHTML, like Gecko) Version/4.0.5 Mobile/8B117 Safari/6531.22.7 (compatible; Googlebot-Mobile/2.1; +http://www.google.com/bot.html)"
66.249.78.46 - - [01/Oct/2013:20:25:09 +0200] "GET /schwefelarmstandard.php HTTP/1.1" 200 10767 "-" "Mozilla/5.0 (compatible; Googlebot/2.1; +http://www.google.com/bot.html)"
66.249.66.49 - - [01/Oct/2013:20:35:03 +0200] "GET /standard.php HTTP/1.1" 200 6807 "-" "DoCoMo/2.0 N905i(c100;TB;W24H16) (compatible; Googlebot-Mobile/2.1; +http://www.google.com/bot.html)"
88.198.47.57 - - [01/Oct/2013:20:39:10 +0200] "GET /robots.txt HTTP/1.1" 200 177 "-" "Mozilla/5.0 (compatible; Spiderlytics/1.0; +spider@spiderlytics.com)"
88.198.47.57 - - [01/Oct/2013:20:39:10 +0200] "GET /images/logos.jpg?cache9768 HTTP/1.1" 200 35043 "-" "Mozilla/5.0 (compatible; Spiderlytics/1.0; +spider@spiderlytics.com)"
82.94.179.38 - - [01/Oct/2013:20:47:29 +0200] "GET /robots.txt HTTP/1.0" 200 177 "-" "Mozilla/4.0 (compatible; Freshbot/1.0/EU; http://webagent.wise-guys.nl/)"
82.94.179.38 - - [01/Oct/2013:20:47:29 +0200] "GET / HTTP/1.1" 200 12442 "-" "Mozilla/5.0 (X11; Linux i686; rv:6.0) Gecko/20100101 Firefox/6.0 (Freshbot/1.0/EU; http://webagent.wise-guys.nl/)"
82.94.179.38 - - [01/Oct/2013:20:47:38 +0200] "GET /news.php?cs_go=archiv&cs_id=4601 HTTP/1.1" 200 7890 "-" "Mozilla/5.0 (X11; Linux i686; rv:6.0) Gecko/20100101 Firefox/6.0 (Freshbot/1.0/EU; http://webagent.wise-guys.nl/)"
82.94.179.38 - - [01/Oct/2013:20:47:43 +0200] "GET /news.php?cs_go=archiv&cs_id=4605 HTTP/1.1" 200 7704 "-" "Mozilla/5.0 (X11; Linux i686; rv:6.0) Gecko/20100101 Firefox/6.0 (Freshbot/1.0/EU; http://webagent.wise-guys.nl/)"
82.94.179.38 - - [01/Oct/2013:20:47:48 +0200] "GET /news.php?cs_go=archiv&cs_id=4606 HTTP/1.1" 200 11630 "-" "Mozilla/5.0 (X11; Linux i686; rv:6.0) Gecko/20100101 Firefox/6.0 (Freshbot/1.0/EU; http://webagent.wise-guys.nl/)"
65.36.241.79 - - [01/Oct/2013:20:56:09 +0200] "HEAD / HTTP/1.1" 200 - "-" "InternetSeer.com"
66.249.78.46 - - [01/Oct/2013:20:57:18 +0200] "GET /images/logos.jpg?cache3735 HTTP/1.1" 200 35043 "-" "Googlebot-Image/1.0"
88.198.47.57 - - [01/Oct/2013:21:01:00 +0200] "GET /robots.txt HTTP/1.1" 200 177 "-" "Mozilla/5.0 (compatible; Spiderlytics/1.0; +spider@spiderlytics.com)"
88.198.47.57 - - [01/Oct/2013:21:01:00 +0200] "GET /images/logos.jpg?cache6487 HTTP/1.1" 200 35043 "-" "Mozilla/5.0 (compatible; Spiderlytics/1.0; +spider@spiderlytics.com)"
123.125.71.48 - - [01/Oct/2013:21:03:47 +0200] "GET / HTTP/1.1" 200 6598 "-" "Mozilla/5.0 (compatible; Baiduspider/2.0; +http://www.baidu.com/search/spider.html)"
220.181.108.91 - - [01/Oct/2013:21:05:04 +0200] "GET / HTTP/1.1" 200 6598 "-" "Mozilla/5.0 (compatible; Baiduspider/2.0; +http://www.baidu.com/search/spider.html)"
66.249.66.49 - - [01/Oct/2013:21:29:03 +0200] "GET /images/logos.jpg?cache9610 HTTP/1.1" 200 35043 "-" "Googlebot-Image/1.0"
66.249.78.46 - - [01/Oct/2013:21:29:17 +0200] "GET /images/logos.jpg?cache6735 HTTP/1.1" 200 35043 "-" "Googlebot-Image/1.0"
66.249.78.46 - - [01/Oct/2013:21:29:29 +0200] "GET /images/logos.jpg?cache5684 HTTP/1.1" 200 35043 "-" "Googlebot-Image/1.0"
66.249.78.46 - - [01/Oct/2013:21:29:37 +0200] "GET /images/logos.jpg?cache2088 HTTP/1.1" 200 35043 "-" "Googlebot-Image/1.0"
66.249.78.46 - - [01/Oct/2013:21:29:42 +0200] "GET /images/logos.jpg?cache4635 HTTP/1.1" 200 35043 "-" "Googlebot-Image/1.0"
208.115.111.75 - - [01/Oct/2013:21:39:26 +0200] "GET /news.php?cs_go=archiv&cs_startpos=140 HTTP/1.1" 200 20505 "-" "Mozilla/5.0 (compatible; Ezooms/1.0; ezooms.bot@gmail.com)"
66.249.78.46 - - [01/Oct/2013:21:46:07 +0200] "GET /news.php?cs_go=archiv&cs_id=3750 HTTP/1.1" 200 10816 "-" "Mozilla/5.0 (compatible; Googlebot/2.1; +http://www.google.com/bot.html)"
66.249.78.46 - - [01/Oct/2013:22:11:19 +0200] "GET /news.php?cs_go=archiv&cs_id=4500 HTTP/1.1" 200 10545 "-" "Mozilla/5.0 (compatible; Googlebot/2.1; +http://www.google.com/bot.html)"
66.249.78.46 - - [01/Oct/2013:22:14:55 +0200] "GET /news.php?cs_go=archiv&cs_id=4578 HTTP/1.1" 200 9877 "-" "Mozilla/5.0 (compatible; Googlebot/2.1; +http://www.google.com/bot.html)"
157.55.35.44 - - [01/Oct/2013:22:31:09 +0200] "GET /robots.txt HTTP/1.1" 200 177 "-" "Mozilla/5.0 (compatible; bingbot/2.0; +http://www.bing.com/bingbot.htm)"
157.55.35.44 - - [01/Oct/2013:22:31:35 +0200] "GET / HTTP/1.1" 200 12442 "-" "Mozilla/5.0 (compatible; bingbot/2.0; +http://www.bing.com/bingbot.htm)"
66.249.78.46 - - [01/Oct/2013:23:09:57 +0200] "GET /news.php?cs_go=archiv&cs_startpos=0 HTTP/1.1" 200 20184 "-" "Mozilla/5.0 (iPhone; U; CPU iPhone OS 4_1 like Mac OS X; en-us) AppleWebKit/532.9 (KHTML, like Gecko) Version/4.0.5 Mobile/8B117 Safari/6531.22.7 (compatible; Googlebot-Mobile/2.1; +http://www.google.com/bot.html)"
66.249.66.49 - - [01/Oct/2013:23:26:56 +0200] "GET /news.php?cs_go=archiv&cs_id=4419 HTTP/1.1" 200 8730 "-" "Mozilla/5.0 (compatible; Googlebot/2.1; +http://www.google.com/bot.html)"
208.115.111.75 - - [01/Oct/2013:23:42:04 +0200] "GET /robots.txt HTTP/1.1" 200 177 "-" "Mozilla/5.0 (compatible; Ezooms/1.0; ezooms.bot@gmail.com)"
66.249.78.46 - - [01/Oct/2013:23:44:31 +0200] "GET /news.php?cs_go=archiv&cs_id=4517 HTTP/1.1" 200 10981 "-" "Mozilla/5.0 (compatible; Googlebot/2.1; +http://www.google.com/bot.html)"
66.249.78.46 - - [01/Oct/2013:23:48:01 +0200] "GET /news.php?cs_go=archiv&cs_id=4579 HTTP/1.1" 200 9006 "-" "Mozilla/5.0 (compatible; Googlebot/2.1; +http://www.google.com/bot.html)"
66.249.78.46 - - [01/Oct/2013:23:51:59 +0200] "GET /news.php?cs_go=archiv&cs_id=4586&cs_search= HTTP/1.1" 200 8916 "-" "Mozilla/5.0 (iPhone; U; CPU iPhone OS 4_1 like Mac OS X; en-us) AppleWebKit/532.9 (KHTML, like Gecko) Version/4.0.5 Mobile/8B117 Safari/6531.22.7 (compatible; Googlebot-Mobile/2.1; +http://www.google.com/bot.html)"
141.8.147.12 - - [01/Oct/2013:23:53:11 +0200] "GET /kwk.php?cs_go=3 HTTP/1.1" 200 7885 "-" "Mozilla/5.0 (compatible; YandexBot/3.0; +http://yandex.com/bots)"
66.249.66.49 - - [01/Oct/2013:23:55:32 +0200] "GET /images/additive_flame.jpg HTTP/1.1" 404 - "-" "Googlebot-Image/1.0"
208.115.111.75 - - [02/Oct/2013:00:03:51 +0200] "GET /news.php?cs_go=archiv&cs_id=4573 HTTP/1.1" 200 7560 "-" "Mozilla/5.0 (compatible; Ezooms/1.0; ezooms.bot@gmail.com)"
66.249.78.46 - - [02/Oct/2013:00:26:28 +0200] "GET /news.php?cs_go=archiv&cs_id=4577 HTTP/1.1" 200 7548 "-" "Mozilla/5.0 (compatible; Googlebot/2.1; +http://www.google.com/bot.html)"
157.56.93.62 - - [02/Oct/2013:00:30:34 +0200] "GET /robots.txt HTTP/1.1" 200 177 "-" "Mozilla/5.0 (compatible; bingbot/2.0; +http://www.bing.com/bingbot.htm)"
157.56.93.62 - - [02/Oct/2013:00:31:00 +0200] "GET / HTTP/1.1" 200 12442 "-" "Mozilla/5.0 (compatible; bingbot/2.0; +http://www.bing.com/bingbot.htm)"
66.249.78.46 - - [02/Oct/2013:00:52:47 +0200] "GET /energiesparcheck.php HTTP/1.1" 200 11181 "-" "SAMSUNG-SGH-E250/1.0 Profile/MIDP-2.0 Configuration/CLDC-1.1 UP.Browser/6.2.3.3.c.1.101 (GUI) MMP/2.0 (compatible; Googlebot-Mobile/2.1; +http://www.google.com/bot.html)"
66.249.66.49 - - [02/Oct/2013:01:09:48 +0200] "GET /news.php?cs_go=archiv&cs_id=3781 HTTP/1.1" 200 8986 "-" "DoCoMo/2.0 N905i(c100;TB;W24H16) (compatible; Googlebot-Mobile/2.1; +http://www.google.com/bot.html)"
85.25.71.106 - - [02/Oct/2013:01:17:58 +0200] "GET /robots.txt HTTP/1.1" 200 177 "-" "Mozilla/5.0 (X11; U; Linux i686; de; rv:1.9.0.1; compatible; iCjobs Stellenangebote Jobs; http://www.icjobs.de) Gecko/20100401 iCjobs/3.2.3"
85.25.71.106 - - [02/Oct/2013:01:17:59 +0200] "GET / HTTP/1.1" 200 12442 "-" "Mozilla/5.0 (X11; U; Linux i686; de; rv:1.9.0.1; compatible; iCjobs Stellenangebote Jobs; http://www.icjobs.de) Gecko/20100401 iCjobs/3.2.3"
85.25.71.106 - - [02/Oct/2013:01:18:25 +0200] "GET /style.css HTTP/1.1" 200 8402 "-" "Mozilla/5.0 (X11; U; Linux i686; de; rv:1.9.0.1; compatible; iCjobs Stellenangebote Jobs; http://www.icjobs.de) Gecko/20100401 iCjobs/3.2.3"
85.25.71.106 - - [02/Oct/2013:01:18:25 +0200] "GET /modul.css HTTP/1.1" 200 35038 "-" "Mozilla/5.0 (X11; U; Linux i686; de; rv:1.9.0.1; compatible; iCjobs Stellenangebote Jobs; http://www.icjobs.de) Gecko/20100401 iCjobs/3.2.3"
85.25.71.106 - - [02/Oct/2013:01:18:26 +0200] "GET /js_contentserver24_greybox/gb_styles.css HTTP/1.1" 200 2302 "-" "Mozilla/5.0 (X11; U; Linux i686; de; rv:1.9.0.1; compatible; iCjobs Stellenangebote Jobs; http://www.icjobs.de) Gecko/20100401 iCjobs/3.2.3"
85.25.71.106 - - [02/Oct/2013:01:18:29 +0200] "GET /impressum.php HTTP/1.1" 200 6360 "-" "Mozilla/5.0 (X11; U; Linux i686; de; rv:1.9.0.1; compatible; iCjobs Stellenangebote Jobs; http://www.icjobs.de) Gecko/20100401 iCjobs/3.2.3"
66.249.78.46 - - [02/Oct/2013:01:26:14 +0200] "GET /lexikon.php?cs_go=2&cs_char=a HTTP/1.1" 200 7404 "-" "Mozilla/5.0 (iPhone; U; CPU iPhone OS 4_1 like Mac OS X; en-us) AppleWebKit/532.9 (KHTML, like Gecko) Version/4.0.5 Mobile/8B117 Safari/6531.22.7 (compatible; Googlebot-Mobile/2.1; +http://www.google.com/bot.html)"
208.115.111.75 - - [02/Oct/2013:01:36:04 +0200] "GET /news.php?cs_go=archiv&cs_id=4551&cs_search= HTTP/1.1" 200 9685 "-" "Mozilla/5.0 (compatible; Ezooms/1.0; ezooms.bot@gmail.com)"
66.249.78.46 - - [02/Oct/2013:02:29:15 +0200] "GET /news.php?cs_go=archiv&cs_id=4587&cs_search= HTTP/1.1" 200 10171 "-" "Mozilla/5.0 (iPhone; U; CPU iPhone OS 4_1 like Mac OS X; en-us) AppleWebKit/532.9 (KHTML, like Gecko) Version/4.0.5 Mobile/8B117 Safari/6531.22.7 (compatible; Googlebot-Mobile/2.1; +http://www.google.com/bot.html)"
66.249.78.46 - - [02/Oct/2013:02:30:35 +0200] "GET /modernisierung.php?cs_gp_go=coupon HTTP/1.1" 200 7866 "-" "Mozilla/5.0 (compatible; Googlebot/2.1; +http://www.google.com/bot.html)"
85.13.131.53 - - [02/Oct/2013:02:59:59 +0200] "GET / HTTP/1.0" 200 5684 "-" "-"
85.13.131.53 - - [02/Oct/2013:03:00:00 +0200] "GET / HTTP/1.0" 200 1686 "-" "-"
65.36.241.79 - - [02/Oct/2013:03:35:31 +0200] "HEAD / HTTP/1.1" 200 - "-" "InternetSeer.com"
66.249.78.46 - - [02/Oct/2013:03:50:53 +0200] "GET /robots.txt HTTP/1.1" 200 177 "-" "Mozilla/5.0 (compatible; Googlebot/2.1; +http://www.google.com/bot.html)"
66.249.78.46 - - [02/Oct/2013:03:50:53 +0200] "GET /news.php?cs_go=archiv&cs_id=4585 HTTP/1.1" 200 7689 "-" "Mozilla/5.0 (compatible; Googlebot/2.1; +http://www.google.com/bot.html)"
88.198.47.57 - - [02/Oct/2013:04:02:02 +0200] "GET /robots.txt HTTP/1.1" 200 177 "-" "Mozilla/5.0 (compatible; Spiderlytics/1.0; +spider@spiderlytics.com)"
88.198.47.57 - - [02/Oct/2013:04:02:02 +0200] "GET /news.php?cs_go=archiv&cs_id=4366&cs_search= HTTP/1.1" 200 11367 "-" "Mozilla/5.0 (compatible; Spiderlytics/1.0; +spider@spiderlytics.com)"
66.249.78.46 - - [02/Oct/2013:04:37:33 +0200] "GET /news.php?cs_go=archiv&cs_id=4588 HTTP/1.1" 200 9594 "-" "Mozilla/5.0 (compatible; Googlebot/2.1; +http://www.google.com/bot.html)"
220.181.108.103 - - [02/Oct/2013:04:48:37 +0200] "GET / HTTP/1.1" 200 6598 "-" "Mozilla/5.0 (compatible; Baiduspider/2.0; +http://www.baidu.com/search/spider.html)"
123.125.71.26 - - [02/Oct/2013:04:49:28 +0200] "GET / HTTP/1.1" 200 6598 "-" "Mozilla/5.0 (compatible; Baiduspider/2.0; +http://www.baidu.com/search/spider.html)"
5.10.83.32 - - [02/Oct/2013:05:02:07 +0200] "GET /news.php?cs_go=archiv&cs_id=4549&cs_search= HTTP/1.1" 200 7636 "-" "Mozilla/5.0 (compatible; AhrefsBot/5.0; +http://ahrefs.com/robot/)"
5.10.83.67 - - [02/Oct/2013:05:10:07 +0200] "GET /lexikon.php?cs_go=3&cs_id=104 HTTP/1.1" 200 6075 "-" "Mozilla/5.0 (compatible; AhrefsBot/5.0; +http://ahrefs.com/robot/)"
5.10.83.54 - - [02/Oct/2013:05:21:03 +0200] "GET /lexikon.php?cs_go=3&cs_id=17 HTTP/1.1" 200 6062 "-" "Mozilla/5.0 (compatible; AhrefsBot/5.0; +http://ahrefs.com/robot/)"
5.10.83.18 - - [02/Oct/2013:05:23:14 +0200] "GET /\"http://www.brennstoffboerse.de/index.php?go=fluessiggas_tank\" HTTP/1.1" 404 - "-" "Mozilla/5.0 (compatible; AhrefsBot/5.0; +http://ahrefs.com/robot/)"
66.249.78.46 - - [02/Oct/2013:05:25:04 +0200] "GET /images/logos.jpg?cache4829 HTTP/1.1" 200 35043 "-" "Googlebot-Image/1.0"
66.249.78.46 - - [02/Oct/2013:05:26:29 +0200] "GET /kwk.php?cs_go=3 HTTP/1.1" 200 7885 "-" "Mozilla/5.0 (compatible; Googlebot/2.1; +http://www.google.com/bot.html)"
66.249.78.46 - - [02/Oct/2013:05:27:52 +0200] "GET /images/logos.jpg?cache6308 HTTP/1.1" 200 35043 "-" "Googlebot-Image/1.0"
66.249.78.46 - - [02/Oct/2013:05:28:11 +0200] "GET /images/logos.jpg?cache5137 HTTP/1.1" 200 35043 "-" "Googlebot-Image/1.0"
66.249.78.46 - - [02/Oct/2013:05:28:21 +0200] "GET /images/logos.jpg?cache5155 HTTP/1.1" 200 35043 "-" "Googlebot-Image/1.0"
66.249.78.46 - - [02/Oct/2013:05:35:54 +0200] "GET /images/logos.jpg?cache1804 HTTP/1.1" 200 35043 "-" "Googlebot-Image/1.0"
66.249.78.46 - - [02/Oct/2013:05:35:54 +0200] "GET /images/logos.jpg?cache2271 HTTP/1.1" 200 35043 "-" "Googlebot-Image/1.0"
66.249.66.49 - - [02/Oct/2013:05:40:28 +0200] "GET /news.php?cs_go=archiv&cs_id=4586 HTTP/1.1" 200 8916 "-" "Mozilla/5.0 (compatible; Googlebot/2.1; +http://www.google.com/bot.html)"
5.10.83.54 - - [02/Oct/2013:05:43:13 +0200] "GET /lexikon.php?cs_go=3&cs_id=77 HTTP/1.1" 200 6273 "-" "Mozilla/5.0 (compatible; AhrefsBot/5.0; +http://ahrefs.com/robot/)"
66.249.78.46 - - [02/Oct/2013:05:45:45 +0200] "GET /images/logos.jpg?cache5800 HTTP/1.1" 200 35043 "-" "Googlebot-Image/1.0"
5.10.83.54 - - [02/Oct/2013:05:47:11 +0200] "GET /lexikon.php?cs_go=3&cs_id=28 HTTP/1.1" 200 5950 "-" "Mozilla/5.0 (compatible; AhrefsBot/5.0; +http://ahrefs.com/robot/)"
66.249.78.46 - - [02/Oct/2013:05:48:32 +0200] "GET /images/RAL_Guetezeichen_Energiehandel.pdf HTTP/1.1" 304 - "-" "Mozilla/5.0 (iPhone; U; CPU iPhone OS 4_1 like Mac OS X; en-us) AppleWebKit/532.9 (KHTML, like Gecko) Version/4.0.5 Mobile/8B117 Safari/6531.22.7 (compatible; Googlebot-Mobile/2.1; +http://www.google.com/bot.html)"
5.10.83.50 - - [02/Oct/2013:05:49:20 +0200] "GET /news.php?cs_go=archiv&cs_startpos=120 HTTP/1.1" 200 20679 "-" "Mozilla/5.0 (compatible; AhrefsBot/5.0; +http://ahrefs.com/robot/)"
5.10.83.35 - - [02/Oct/2013:05:58:57 +0200] "GET /lexikon.php?cs_go=3&cs_id=186 HTTP/1.1" 200 5842 "-" "Mozilla/5.0 (compatible; AhrefsBot/5.0; +http://ahrefs.com/robot/)"
5.10.83.35 - - [02/Oct/2013:06:03:11 +0200] "GET /news.php?cs_go=archiv&cs_id=4578&cs_search= HTTP/1.1" 200 9877 "-" "Mozilla/5.0 (compatible; AhrefsBot/5.0; +http://ahrefs.com/robot/)"
208.115.113.91 - - [02/Oct/2013:06:09:58 +0200] "GET /robots.txt HTTP/1.1" 200 177 "-" "Mozilla/5.0 (compatible; Ezooms/1.0; ezooms.bot@gmail.com)"
66.249.78.46 - - [02/Oct/2013:06:28:29 +0200] "GET /images/logos.jpg?cache7183 HTTP/1.1" 200 35043 "-" "Googlebot-Image/1.0"
5.10.83.101 - - [02/Oct/2013:06:28:55 +0200] "GET /news.php?cs_go=archiv&cs_startpos=211 HTTP/1.1" 200 20420 "-" "Mozilla/5.0 (compatible; AhrefsBot/5.0; +http://ahrefs.com/robot/)"
66.249.78.46 - - [02/Oct/2013:06:35:48 +0200] "GET /images/logos.jpg?cache7795 HTTP/1.1" 200 35043 "-" "Googlebot-Image/1.0"
5.10.83.54 - - [02/Oct/2013:06:36:49 +0200] "GET /lexikon.php?cs_go=3&cs_id=18 HTTP/1.1" 200 5627 "-" "Mozilla/5.0 (compatible; AhrefsBot/5.0; +http://ahrefs.com/robot/)"
5.10.83.35 - - [02/Oct/2013:06:53:44 +0200] "GET /news.php?cs_go=archiv&cs_id=4568&cs_search= HTTP/1.1" 200 9668 "-" "Mozilla/5.0 (compatible; AhrefsBot/5.0; +http://ahrefs.com/robot/)"
141.8.147.12 - - [02/Oct/2013:07:04:08 +0200] "GET /robots.txt HTTP/1.1" 200 177 "-" "Mozilla/5.0 (compatible; YandexBot/3.0; +http://yandex.com/bots)"
5.10.83.101 - - [02/Oct/2013:07:15:12 +0200] "GET /news.php?cs_go=archiv&cs_id=4401&cs_search= HTTP/1.1" 200 11738 "-" "Mozilla/5.0 (compatible; AhrefsBot/5.0; +http://ahrefs.com/robot/)"
5.10.83.101 - - [02/Oct/2013:07:34:42 +0200] "GET /lexikon.php?cs_go=3&cs_id=89 HTTP/1.1" 200 5996 "-" "Mozilla/5.0 (compatible; AhrefsBot/5.0; +http://ahrefs.com/robot/)"
141.8.147.12 - - [02/Oct/2013:07:35:00 +0200] "GET /news.php?cs_go=archiv&cs_id=4587&cs_search= HTTP/1.1" 200 10171 "-" "Mozilla/5.0 (compatible; YandexBot/3.0; +http://yandex.com/bots)"
66.249.78.46 - - [02/Oct/2013:07:37:35 +0200] "GET /robots.txt HTTP/1.1" 200 177 "-" "Mozilla/5.0 (compatible; Googlebot/2.1; +http://www.google.com/bot.html)"
66.249.78.46 - - [02/Oct/2013:07:37:35 +0200] "GET /style.css HTTP/1.1" 200 8402 "http://www.mink-gmbh.de/news.php?cs_go=archiv&cs_id=4517" "Mozilla/5.0 (compatible; Googlebot/2.1; +http://www.google.com/bot.html)"
5.10.83.32 - - [02/Oct/2013:07:45:19 +0200] "GET /news.php?cs_go=archiv&cs_id=4527&cs_search= HTTP/1.1" 200 11934 "-" "Mozilla/5.0 (compatible; AhrefsBot/5.0; +http://ahrefs.com/robot/)"
208.115.111.75 - - [02/Oct/2013:07:46:54 +0200] "GET /robots.txt HTTP/1.1" 200 177 "-" "Mozilla/5.0 (compatible; Ezooms/1.0; ezooms.bot@gmail.com)"
141.8.147.12 - - [02/Oct/2013:07:48:22 +0200] "GET /news.php?cs_go=archiv&cs_id=4598 HTTP/1.1" 200 11846 "-" "Mozilla/5.0 (compatible; YandexBot/3.0; +http://yandex.com/bots)"
5.10.83.67 - - [02/Oct/2013:07:53:13 +0200] "GET /lexikon.php?cs_go=2&cs_char=l HTTP/1.1" 200 6374 "-" "Mozilla/5.0 (compatible; AhrefsBot/5.0; +http://ahrefs.com/robot/)"
5.10.83.101 - - [02/Oct/2013:08:00:41 +0200] "GET /news.php?cs_go=archiv&cs_id=4462&cs_search= HTTP/1.1" 200 9135 "-" "Mozilla/5.0 (compatible; AhrefsBot/5.0; +http://ahrefs.com/robot/)"
5.10.83.32 - - [02/Oct/2013:08:03:48 +0200] "GET /news.php?cs_go=archiv&cs_id=4560&cs_search= HTTP/1.1" 200 9078 "-" "Mozilla/5.0 (compatible; AhrefsBot/5.0; +http://ahrefs.com/robot/)"
5.10.83.101 - - [02/Oct/2013:08:05:19 +0200] "GET /news.php?cs_go=archiv&cs_id=4478&cs_search= HTTP/1.1" 200 7713 "-" "Mozilla/5.0 (compatible; AhrefsBot/5.0; +http://ahrefs.com/robot/)"
208.115.113.91 - - [02/Oct/2013:08:11:43 +0200] "GET /news.php?cs_go=archiv&cs_id=4421&cs_search= HTTP/1.1" 200 7536 "-" "Mozilla/5.0 (compatible; Ezooms/1.0; ezooms.bot@gmail.com)"
141.8.147.12 - - [02/Oct/2013:08:11:51 +0200] "GET / HTTP/1.1" 200 12452 "-" "Mozilla/5.0 (compatible; YandexBot/3.0; +http://yandex.com/bots)"
5.10.83.101 - - [02/Oct/2013:08:21:20 +0200] "GET /lexikon.php?cs_go=2&cs_char=f HTTP/1.1" 200 7196 "-" "Mozilla/5.0 (compatible; AhrefsBot/5.0; +http://ahrefs.com/robot/)"
5.10.83.54 - - [02/Oct/2013:08:23:27 +0200] "GET /lexikon.php?cs_go=2&cs_char=w HTTP/1.1" 200 6188 "-" "Mozilla/5.0 (compatible; AhrefsBot/5.0; +http://ahrefs.com/robot/)"
5.10.83.32 - - [02/Oct/2013:08:25:01 +0200] "GET /kwk.php?cs_go=3 HTTP/1.1" 200 7885 "-" "Mozilla/5.0 (compatible; AhrefsBot/5.0; +http://ahrefs.com/robot/)"
5.10.83.18 - - [02/Oct/2013:08:33:27 +0200] "GET /news.php?cs_go=archiv&cs_id=4374&cs_search= HTTP/1.1" 200 8743 "-" "Mozilla/5.0 (compatible; AhrefsBot/5.0; +http://ahrefs.com/robot/)"
65.36.241.79 - - [02/Oct/2013:08:40:59 +0200] "HEAD / HTTP/1.1" 200 - "-" "InternetSeer.com"
5.10.83.67 - - [02/Oct/2013:08:47:10 +0200] "GET /lexikon.php?cs_go=3&cs_id=97 HTTP/1.1" 200 9076 "-" "Mozilla/5.0 (compatible; AhrefsBot/5.0; +http://ahrefs.com/robot/)"
5.10.83.35 - - [02/Oct/2013:08:52:41 +0200] "GET /news.php?cs_go=archiv&cs_id=4508&cs_search= HTTP/1.1" 200 7990 "-" "Mozilla/5.0 (compatible; AhrefsBot/5.0; +http://ahrefs.com/robot/)"
5.10.83.35 - - [02/Oct/2013:08:54:40 +0200] "GET /lexikon.php?cs_go=2&cs_char=e HTTP/1.1" 200 6680 "-" "Mozilla/5.0 (compatible; AhrefsBot/5.0; +http://ahrefs.com/robot/)"
5.10.83.101 - - [02/Oct/2013:09:04:46 +0200] "GET /lexikon.php?cs_go=2&cs_char=d HTTP/1.1" 200 7022 "-" "Mozilla/5.0 (compatible; AhrefsBot/5.0; +http://ahrefs.com/robot/)"
5.10.83.101 - - [02/Oct/2013:09:06:44 +0200] "GET /lexikon.php?cs_go=2&cs_char=s HTTP/1.1" 200 7669 "-" "Mozilla/5.0 (compatible; AhrefsBot/5.0; +http://ahrefs.com/robot/)"
222.77.212.106 - - [02/Oct/2013:09:11:16 +0200] "GET /news.php?cs_go=archiv&cs_id=4112&cs_search= HTTP/1.0" 200 9472 "http://www.mink-gmbh.de/news.php?cs_go=archiv&cs_id=4112&cs_search=" "Opera/9.80 (Windows NT 6.1; WOW64; MRA 6.0 (build 5976)) Presto/2.12.388 Version/12.11"
157.56.229.246 - - [02/Oct/2013:09:17:40 +0200] "GET /robots.txt HTTP/1.1" 200 177 "-" "Mozilla/5.0 (compatible; bingbot/2.0; +http://www.bing.com/bingbot.htm)"
157.56.229.246 - - [02/Oct/2013:09:18:02 +0200] "GET /lexikon.php HTTP/1.1" 200 8152 "-" "Mozilla/5.0 (compatible; bingbot/2.0; +http://www.bing.com/bingbot.htm)"
5.10.83.55 - - [02/Oct/2013:09:21:27 +0200] "GET /news.php?cs_go=archiv&cs_id=4445&cs_search= HTTP/1.1" 200 11471 "-" "Mozilla/5.0 (compatible; AhrefsBot/5.0; +http://ahrefs.com/robot/)"
5.10.83.18 - - [02/Oct/2013:09:23:16 +0200] "GET /news.php?cs_go=archiv&cs_id=4344&cs_search= HTTP/1.1" 200 7570 "-" "Mozilla/5.0 (compatible; AhrefsBot/5.0; +http://ahrefs.com/robot/)"
5.10.83.32 - - [02/Oct/2013:09:37:39 +0200] "GET /news.php?cs_go=archiv&cs_id=4426&cs_search= HTTP/1.1" 200 13831 "-" "Mozilla/5.0 (compatible; AhrefsBot/5.0; +http://ahrefs.com/robot/)"
208.115.111.75 - - [02/Oct/2013:09:39:56 +0200] "GET /news.php?cs_go=archiv&cs_id=4491&cs_search= HTTP/1.1" 200 8463 "-" "Mozilla/5.0 (compatible; Ezooms/1.0; ezooms.bot@gmail.com)"
208.115.111.75 - - [02/Oct/2013:09:40:00 +0200] "GET /news.php?cs_go=archiv&cs_startpos=70 HTTP/1.1" 200 20285 "-" "Mozilla/5.0 (compatible; Ezooms/1.0; ezooms.bot@gmail.com)"
120.43.10.194 - - [02/Oct/2013:09:49:56 +0200] "GET /news.php?cs_go=archiv&cs_id=4269&cs_search= HTTP/1.0" 200 9460 "http://www.mink-gmbh.de/news.php?cs_go=archiv&cs_id=4269&cs_search=" "Opera/9.80 (Windows NT 6.2; WOW64) Presto/2.12.388 Version/12.11"
5.10.83.18 - - [02/Oct/2013:09:59:37 +0200] "GET /news.php?cs_go=archiv&cs_id=4583&cs_search= HTTP/1.1" 200 13225 "-" "Mozilla/5.0 (compatible; AhrefsBot/5.0; +http://ahrefs.com/robot/)"
157.56.93.62 - - [02/Oct/2013:10:03:03 +0200] "GET /news.php?cs_go=archiv&cs_id=4546 HTTP/1.1" 200 8214 "-" "Mozilla/5.0 (compatible; bingbot/2.0; +http://www.bing.com/bingbot.htm)"
5.10.83.67 - - [02/Oct/2013:10:03:08 +0200] "GET /lexikon.php?cs_go=3&cs_id=20 HTTP/1.1" 200 6510 "-" "Mozilla/5.0 (compatible; AhrefsBot/5.0; +http://ahrefs.com/robot/)"
5.10.83.22 - - [02/Oct/2013:10:09:34 +0200] "GET /news.php?cs_go=archiv&cs_startpos=20 HTTP/1.1" 200 20255 "-" "Mozilla/5.0 (compatible; AhrefsBot/5.0; +http://ahrefs.com/robot/)"
46.115.39.188 - - [02/Oct/2013:10:15:14 +0200] "GET /style.css HTTP/1.1" 200 8402 "http://www.mink-gmbh.de/" "Mozilla/5.0 (Windows NT 5.1) AppleWebKit/537.36 (KHTML, like Gecko) Chrome/29.0.1547.76 Safari/537.36"
46.115.39.188 - - [02/Oct/2013:10:15:14 +0200] "GET /js_contentserver24_greybox/gb_styles.css HTTP/1.1" 200 2302 "http://www.mink-gmbh.de/" "Mozilla/5.0 (Windows NT 5.1) AppleWebKit/537.36 (KHTML, like Gecko) Chrome/29.0.1547.76 Safari/537.36"
46.115.39.188 - - [02/Oct/2013:10:15:14 +0200] "GET /js_contentserver24_greybox/AJS_fx.js HTTP/1.1" 200 3192 "http://www.mink-gmbh.de/" "Mozilla/5.0 (Windows NT 5.1) AppleWebKit/537.36 (KHTML, like Gecko) Chrome/29.0.1547.76 Safari/537.36"
46.115.39.188 - - [02/Oct/2013:10:15:14 +0200] "GET /js_contentserver24_greybox/AJS.js HTTP/1.1" 200 10396 "http://www.mink-gmbh.de/" "Mozilla/5.0 (Windows NT 5.1) AppleWebKit/537.36 (KHTML, like Gecko) Chrome/29.0.1547.76 Safari/537.36"
46.115.39.188 - - [02/Oct/2013:10:15:14 +0200] "GET / HTTP/1.1" 200 12460 "https://www.google.de/" "Mozilla/5.0 (Windows NT 5.1) AppleWebKit/537.36 (KHTML, like Gecko) Chrome/29.0.1547.76 Safari/537.36"
46.115.39.188 - - [02/Oct/2013:10:15:14 +0200] "GET /modul.css HTTP/1.1" 200 35038 "http://www.mink-gmbh.de/" "Mozilla/5.0 (Windows NT 5.1) AppleWebKit/537.36 (KHTML, like Gecko) Chrome/29.0.1547.76 Safari/537.36"
46.115.39.188 - - [02/Oct/2013:10:15:15 +0200] "GET /js_contentserver24_greybox/gb_scripts.js HTTP/1.1" 200 11913 "http://www.mink-gmbh.de/" "Mozilla/5.0 (Windows NT 5.1) AppleWebKit/537.36 (KHTML, like Gecko) Chrome/29.0.1547.76 Safari/537.36"
46.115.39.188 - - [02/Oct/2013:10:15:15 +0200] "GET /js_contentserver24_greybox/w_close.gif HTTP/1.1" 200 74 "http://www.mink-gmbh.de/" "Mozilla/5.0 (Windows NT 5.1) AppleWebKit/537.36 (KHTML, like Gecko) Chrome/29.0.1547.76 Safari/537.36"
46.115.39.188 - - [02/Oct/2013:10:15:15 +0200] "GET /images/bg.png HTTP/1.1" 200 922 "http://www.mink-gmbh.de/" "Mozilla/5.0 (Windows NT 5.1) AppleWebKit/537.36 (KHTML, like Gecko) Chrome/29.0.1547.76 Safari/537.36"
46.115.39.188 - - [02/Oct/2013:10:15:15 +0200] "GET /images/close.png HTTP/1.1" 200 703 "http://www.mink-gmbh.de/" "Mozilla/5.0 (Windows NT 5.1) AppleWebKit/537.36 (KHTML, like Gecko) Chrome/29.0.1547.76 Safari/537.36"
46.115.39.188 - - [02/Oct/2013:10:15:15 +0200] "GET /images/newsletter_bg.jpg HTTP/1.1" 200 33610 "http://www.mink-gmbh.de/" "Mozilla/5.0 (Windows NT 5.1) AppleWebKit/537.36 (KHTML, like Gecko) Chrome/29.0.1547.76 Safari/537.36"
46.115.39.188 - - [02/Oct/2013:10:15:15 +0200] "GET /images/wrapperbg.jpg HTTP/1.1" 200 27465 "http://www.mink-gmbh.de/" "Mozilla/5.0 (Windows NT 5.1) AppleWebKit/537.36 (KHTML, like Gecko) Chrome/29.0.1547.76 Safari/537.36"
46.115.39.188 - - [02/Oct/2013:10:15:15 +0200] "GET /images/newsletter.png HTTP/1.1" 200 14619 "http://www.mink-gmbh.de/" "Mozilla/5.0 (Windows NT 5.1) AppleWebKit/537.36 (KHTML, like Gecko) Chrome/29.0.1547.76 Safari/537.36"
46.115.39.188 - - [02/Oct/2013:10:15:15 +0200] "GET /images/header.jpg HTTP/1.1" 200 25189 "http://www.mink-gmbh.de/" "Mozilla/5.0 (Windows NT 5.1) AppleWebKit/537.36 (KHTML, like Gecko) Chrome/29.0.1547.76 Safari/537.36"
46.115.39.188 - - [02/Oct/2013:10:15:15 +0200] "GET /images/navibg.png HTTP/1.1" 200 2803 "http://www.mink-gmbh.de/" "Mozilla/5.0 (Windows NT 5.1) AppleWebKit/537.36 (KHTML, like Gecko) Chrome/29.0.1547.76 Safari/537.36"
