5.10.83.89 - - [11/Oct/2013:00:06:05 +0200] "GET /lexikon.php?cs_go=2&cs_char=e HTTP/1.1" 200 6680 "-" "Mozilla/5.0 (compatible; AhrefsBot/5.0; +http://ahrefs.com/robot/)"
5.10.83.10 - - [11/Oct/2013:00:09:20 +0200] "GET /lexikon.php?cs_go=3&cs_id=92 HTTP/1.1" 200 6126 "-" "Mozilla/5.0 (compatible; AhrefsBot/5.0; +http://ahrefs.com/robot/)"
5.10.83.8 - - [11/Oct/2013:00:11:02 +0200] "GET /lexikon.php?cs_go=3&cs_id=102 HTTP/1.1" 200 5589 "-" "Mozilla/5.0 (compatible; AhrefsBot/5.0; +http://ahrefs.com/robot/)"
5.10.83.21 - - [11/Oct/2013:00:21:18 +0200] "GET /lexikon.php?cs_go=3&cs_id=105 HTTP/1.1" 200 6009 "-" "Mozilla/5.0 (compatible; AhrefsBot/5.0; +http://ahrefs.com/robot/)"
5.10.83.55 - - [11/Oct/2013:00:21:53 +0200] "GET /news.php?cs_go=archiv&cs_id=4624&cs_search= HTTP/1.1" 200 11715 "-" "Mozilla/5.0 (compatible; AhrefsBot/5.0; +http://ahrefs.com/robot/)"
66.249.78.46 - - [11/Oct/2013:00:29:39 +0200] "GET /news.php?cs_go=archiv&cs_id=4439 HTTP/1.1" 200 7981 "-" "Mozilla/5.0 (compatible; Googlebot/2.1; +http://www.google.com/bot.html)"
5.10.83.7 - - [11/Oct/2013:00:37:22 +0200] "GET /kontakt.php HTTP/1.1" 200 7021 "-" "Mozilla/5.0 (compatible; AhrefsBot/5.0; +http://ahrefs.com/robot/)"
5.10.83.8 - - [11/Oct/2013:00:43:04 +0200] "GET /lexikon.php?cs_go=3&cs_id=73 HTTP/1.1" 200 7228 "-" "Mozilla/5.0 (compatible; AhrefsBot/5.0; +http://ahrefs.com/robot/)"
141.8.147.12 - - [11/Oct/2013:00:51:21 +0200] "GET /news.php?cs_go=archiv&cs_id=4624 HTTP/1.1" 200 11715 "-" "Mozilla/5.0 (compatible; YandexBot/3.0; +http://yandex.com/bots)"
5.10.83.7 - - [11/Oct/2013:01:02:20 +0200] "GET /news.php?cs_go=archiv&cs_id=4476&cs_search= HTTP/1.1" 200 9161 "-" "Mozilla/5.0 (compatible; AhrefsBot/5.0; +http://ahrefs.com/robot/)"
141.8.147.12 - - [11/Oct/2013:01:07:07 +0200] "GET /news.php?cs_go=archiv&cs_id=4625 HTTP/1.1" 200 7701 "-" "Mozilla/5.0 (compatible; YandexBot/3.0; +http://yandex.com/bots)"
5.10.83.55 - - [11/Oct/2013:01:09:14 +0200] "GET /kwk.php?cs_go=4 HTTP/1.1" 200 7855 "-" "Mozilla/5.0 (compatible; AhrefsBot/5.0; +http://ahrefs.com/robot/)"
141.8.147.12 - - [11/Oct/2013:01:09:21 +0200] "GET /news.php?cs_go=archiv&cs_id=4616 HTTP/1.1" 200 9434 "-" "Mozilla/5.0 (compatible; YandexBot/3.0; +http://yandex.com/bots)"
65.36.241.79 - - [11/Oct/2013:01:17:40 +0200] "HEAD / HTTP/1.1" 200 - "-" "InternetSeer.com"
141.8.147.12 - - [11/Oct/2013:01:23:35 +0200] "GET /news.php?cs_go=archiv&cs_id=4612 HTTP/1.1" 200 8180 "-" "Mozilla/5.0 (compatible; YandexBot/3.0; +http://yandex.com/bots)"
141.8.147.12 - - [11/Oct/2013:01:24:18 +0200] "GET / HTTP/1.1" 200 12351 "-" "Mozilla/5.0 (compatible; YandexBot/3.0; +http://yandex.com/bots)"
141.8.147.12 - - [11/Oct/2013:01:24:49 +0200] "GET /index.php HTTP/1.1" 200 12351 "-" "Mozilla/5.0 (compatible; YandexBot/3.0; +http://yandex.com/bots)"
5.10.83.99 - - [11/Oct/2013:01:25:27 +0200] "GET /news.php?cs_go=archiv&cs_id=4560&cs_search= HTTP/1.1" 200 9078 "-" "Mozilla/5.0 (compatible; AhrefsBot/5.0; +http://ahrefs.com/robot/)"
5.10.83.71 - - [11/Oct/2013:01:27:13 +0200] "GET /lexikon.php?cs_go=2&cs_char=i HTTP/1.1" 200 6003 "-" "Mozilla/5.0 (compatible; AhrefsBot/5.0; +http://ahrefs.com/robot/)"
141.8.147.12 - - [11/Oct/2013:01:35:10 +0200] "GET /news.php HTTP/1.1" 200 19833 "-" "Mozilla/5.0 (compatible; YandexBot/3.0; +http://yandex.com/bots)"
141.8.147.12 - - [11/Oct/2013:01:35:12 +0200] "GET /content/encyclopedia/images/1_023.jpg HTTP/1.1" 404 - "-" "Mozilla/5.0 (compatible; YandexImages/3.0; +http://yandex.com/bots)"
66.249.78.46 - - [11/Oct/2013:01:36:28 +0200] "GET /news.php?cs_go=archiv&cs_id=4155 HTTP/1.1" 200 10711 "-" "Mozilla/5.0 (compatible; Googlebot/2.1; +http://www.google.com/bot.html)"
141.8.147.12 - - [11/Oct/2013:01:38:09 +0200] "GET /news.php?cs_go=archiv&cs_startpos=761 HTTP/1.1" 200 5727 "-" "Mozilla/5.0 (compatible; YandexBot/3.0; +http://yandex.com/bots)"
5.10.83.99 - - [11/Oct/2013:01:50:59 +0200] "GET /news.php?cs_go=archiv&cs_id=4466&cs_search= HTTP/1.1" 200 9965 "-" "Mozilla/5.0 (compatible; AhrefsBot/5.0; +http://ahrefs.com/robot/)"
208.115.113.91 - - [11/Oct/2013:01:57:16 +0200] "GET /robots.txt HTTP/1.1" 200 177 "-" "Mozilla/5.0 (compatible; Ezooms/1.0; ezooms.bot@gmail.com)"
5.10.83.7 - - [11/Oct/2013:02:09:47 +0200] "GET /news.php?cs_go=archiv&cs_id=4445&cs_search= HTTP/1.1" 200 11471 "-" "Mozilla/5.0 (compatible; AhrefsBot/5.0; +http://ahrefs.com/robot/)"
27.153.187.144 - - [11/Oct/2013:02:21:12 +0200] "GET /news.php?cs_go=archiv&cs_id=4112&cs_search= HTTP/1.0" 200 9472 "http://www.mink-gmbh.de/news.php?cs_go=archiv&cs_id=4112&cs_search=" "Mozilla/5.0 (Windows NT 6.1; WOW64; rv:15.0) Gecko/20100101 Firefox/15.0"
66.249.78.46 - - [11/Oct/2013:02:24:43 +0200] "GET /news.php?cs_go=archiv&cs_id=4109 HTTP/1.1" 200 8993 "-" "Mozilla/5.0 (compatible; Googlebot/2.1; +http://www.google.com/bot.html)"
5.10.83.69 - - [11/Oct/2013:02:27:17 +0200] "GET /news.php?cs_go=archiv&cs_id=4545&cs_search= HTTP/1.1" 200 9761 "-" "Mozilla/5.0 (compatible; AhrefsBot/5.0; +http://ahrefs.com/robot/)"
5.10.83.69 - - [11/Oct/2013:02:29:40 +0200] "GET /news.php?cs_go=archiv&cs_id=4551&cs_search= HTTP/1.1" 200 9685 "-" "Mozilla/5.0 (compatible; AhrefsBot/5.0; +http://ahrefs.com/robot/)"
5.10.83.71 - - [11/Oct/2013:02:32:54 +0200] "GET /news.php?cs_go=archiv&cs_id=4502&cs_search= HTTP/1.1" 200 7574 "-" "Mozilla/5.0 (compatible; AhrefsBot/5.0; +http://ahrefs.com/robot/)"
5.10.83.10 - - [11/Oct/2013:02:37:19 +0200] "GET /kwk.php?cs_go=1 HTTP/1.1" 200 8484 "-" "Mozilla/5.0 (compatible; AhrefsBot/5.0; +http://ahrefs.com/robot/)"
5.10.83.10 - - [11/Oct/2013:02:44:02 +0200] "GET /lexikon.php?cs_go=3&cs_id=11 HTTP/1.1" 200 5846 "-" "Mozilla/5.0 (compatible; AhrefsBot/5.0; +http://ahrefs.com/robot/)"
5.10.83.88 - - [11/Oct/2013:02:44:57 +0200] "GET /news.php?cs_go=archiv&cs_id=4403&cs_search= HTTP/1.1" 200 7530 "-" "Mozilla/5.0 (compatible; AhrefsBot/5.0; +http://ahrefs.com/robot/)"
5.10.83.88 - - [11/Oct/2013:02:52:16 +0200] "GET /lexikon.php?cs_go=3&cs_id=104 HTTP/1.1" 200 6075 "-" "Mozilla/5.0 (compatible; AhrefsBot/5.0; +http://ahrefs.com/robot/)"
5.10.83.7 - - [11/Oct/2013:02:52:18 +0200] "GET /lexikon.php?cs_go=3&cs_id=227 HTTP/1.1" 200 6278 "-" "Mozilla/5.0 (compatible; AhrefsBot/5.0; +http://ahrefs.com/robot/)"
5.10.83.71 - - [11/Oct/2013:02:53:02 +0200] "GET /news.php?cs_go=archiv&cs_id=4578&cs_search= HTTP/1.1" 200 9877 "-" "Mozilla/5.0 (compatible; AhrefsBot/5.0; +http://ahrefs.com/robot/)"
5.10.83.55 - - [11/Oct/2013:02:58:08 +0200] "GET /news.php?cs_go=archiv&cs_id=4449&cs_search= HTTP/1.1" 200 8754 "-" "Mozilla/5.0 (compatible; AhrefsBot/5.0; +http://ahrefs.com/robot/)"
5.10.83.89 - - [11/Oct/2013:02:59:55 +0200] "GET /news.php?cs_go=archiv&cs_id=4459&cs_search= HTTP/1.1" 200 7566 "-" "Mozilla/5.0 (compatible; AhrefsBot/5.0; +http://ahrefs.com/robot/)"
5.10.83.99 - - [11/Oct/2013:03:00:08 +0200] "GET /news.php?cs_go=archiv&cs_id=4598&cs_search= HTTP/1.1" 200 11846 "-" "Mozilla/5.0 (compatible; AhrefsBot/5.0; +http://ahrefs.com/robot/)"
66.249.78.46 - - [11/Oct/2013:03:01:31 +0200] "GET /news.php?cs_go=archiv&cs_id=4603 HTTP/1.1" 200 10007 "-" "Mozilla/5.0 (iPhone; U; CPU iPhone OS 4_1 like Mac OS X; en-us) AppleWebKit/532.9 (KHTML, like Gecko) Version/4.0.5 Mobile/8B117 Safari/6531.22.7 (compatible; Googlebot-Mobile/2.1; +http://www.google.com/bot.html)"
5.10.83.88 - - [11/Oct/2013:03:01:39 +0200] "GET /news.php?cs_go=archiv&cs_id=4435&cs_search= HTTP/1.1" 200 9201 "-" "Mozilla/5.0 (compatible; AhrefsBot/5.0; +http://ahrefs.com/robot/)"
66.249.78.46 - - [11/Oct/2013:03:10:14 +0200] "GET /news.php?cs_go=archiv&cs_id=4456 HTTP/1.1" 200 11777 "-" "Mozilla/5.0 (compatible; Googlebot/2.1; +http://www.google.com/bot.html)"
5.10.83.69 - - [11/Oct/2013:03:12:55 +0200] "GET /news.php?cs_go=archiv&cs_id=4625&cs_search= HTTP/1.1" 200 7701 "-" "Mozilla/5.0 (compatible; AhrefsBot/5.0; +http://ahrefs.com/robot/)"
5.10.83.88 - - [11/Oct/2013:03:14:24 +0200] "GET /news.php?cs_go=archiv&cs_startpos=250 HTTP/1.1" 200 12983 "-" "Mozilla/5.0 (compatible; AhrefsBot/5.0; +http://ahrefs.com/robot/)"
5.10.83.21 - - [11/Oct/2013:03:16:17 +0200] "GET /lexikon.php?cs_go=3&cs_id=106 HTTP/1.1" 200 6061 "-" "Mozilla/5.0 (compatible; AhrefsBot/5.0; +http://ahrefs.com/robot/)"
5.10.83.21 - - [11/Oct/2013:03:17:51 +0200] "GET /news.php?cs_go=archiv&cs_id=4415&cs_search= HTTP/1.1" 200 9678 "-" "Mozilla/5.0 (compatible; AhrefsBot/5.0; +http://ahrefs.com/robot/)"
5.10.83.8 - - [11/Oct/2013:03:22:39 +0200] "GET /news.php?cs_go=archiv&cs_startpos=181 HTTP/1.1" 200 20234 "-" "Mozilla/5.0 (compatible; AhrefsBot/5.0; +http://ahrefs.com/robot/)"
117.26.86.137 - - [11/Oct/2013:03:25:14 +0200] "GET /news.php?cs_go=archiv&cs_id=4112&cs_search= HTTP/1.0" 200 9472 "http://www.mink-gmbh.de/news.php?cs_go=archiv&cs_id=4112&cs_search=" "Mozilla/4.0 (compatible; MSIE 7.0; Windows NT 5.1; Trident/4.0)"
5.10.83.88 - - [11/Oct/2013:03:27:19 +0200] "GET /lexikon.php?cs_go=3&cs_id=221 HTTP/1.1" 200 5618 "-" "Mozilla/5.0 (compatible; AhrefsBot/5.0; +http://ahrefs.com/robot/)"
220.181.108.89 - - [11/Oct/2013:03:44:48 +0200] "GET / HTTP/1.1" 200 8839 "-" "Mozilla/5.0 (compatible; Baiduspider/2.0; +http://www.baidu.com/search/spider.html)"
123.125.71.49 - - [11/Oct/2013:03:45:16 +0200] "GET / HTTP/1.1" 200 6594 "-" "Mozilla/5.0 (compatible; Baiduspider/2.0; +http://www.baidu.com/search/spider.html)"
5.10.83.8 - - [11/Oct/2013:03:47:06 +0200] "GET /news.php?cs_go=archiv&cs_id=4407&cs_search= HTTP/1.1" 200 9423 "-" "Mozilla/5.0 (compatible; AhrefsBot/5.0; +http://ahrefs.com/robot/)"
5.10.83.8 - - [11/Oct/2013:04:06:45 +0200] "GET /lexikon.php?cs_go=3&cs_id=50 HTTP/1.1" 200 6334 "-" "Mozilla/5.0 (compatible; AhrefsBot/5.0; +http://ahrefs.com/robot/)"
5.10.83.71 - - [11/Oct/2013:04:08:36 +0200] "GET /lexikon.php?cs_go=2&cs_char=u HTTP/1.1" 200 6345 "-" "Mozilla/5.0 (compatible; AhrefsBot/5.0; +http://ahrefs.com/robot/)"
208.115.113.91 - - [11/Oct/2013:04:09:31 +0200] "GET /news.php?cs_go=archiv&cs_id=4479&cs_search= HTTP/1.1" 200 8367 "-" "Mozilla/5.0 (compatible; Ezooms/1.0; ezooms.bot@gmail.com)"
66.249.78.46 - - [11/Oct/2013:04:16:05 +0200] "GET /lexikon.php?cs_go=3&cs_id=234 HTTP/1.1" 200 6327 "-" "Mozilla/5.0 (compatible; Googlebot/2.1; +http://www.google.com/bot.html)"
5.10.83.69 - - [11/Oct/2013:04:40:05 +0200] "GET /news.php?cs_go=archiv&cs_id=4368&cs_search= HTTP/1.1" 200 7639 "-" "Mozilla/5.0 (compatible; AhrefsBot/5.0; +http://ahrefs.com/robot/)"
5.10.83.99 - - [11/Oct/2013:04:44:17 +0200] "GET /news.php?cs_go=archiv&cs_id=4338&cs_search= HTTP/1.1" 200 7629 "-" "Mozilla/5.0 (compatible; AhrefsBot/5.0; +http://ahrefs.com/robot/)"
5.10.83.71 - - [11/Oct/2013:04:53:15 +0200] "GET /lexikon.php?cs_go=3&cs_id=38 HTTP/1.1" 200 5773 "-" "Mozilla/5.0 (compatible; AhrefsBot/5.0; +http://ahrefs.com/robot/)"
5.10.83.21 - - [11/Oct/2013:04:54:30 +0200] "GET /lexikon.php?cs_go=3&cs_id=142 HTTP/1.1" 200 6182 "-" "Mozilla/5.0 (compatible; AhrefsBot/5.0; +http://ahrefs.com/robot/)"
5.10.83.8 - - [11/Oct/2013:04:58:53 +0200] "GET /lexikon.php?cs_go=2&cs_char=h HTTP/1.1" 200 6401 "-" "Mozilla/5.0 (compatible; AhrefsBot/5.0; +http://ahrefs.com/robot/)"
5.10.83.89 - - [11/Oct/2013:05:01:11 +0200] "GET /lexikon.php?cs_go=3&cs_id=186 HTTP/1.1" 200 5842 "-" "Mozilla/5.0 (compatible; AhrefsBot/5.0; +http://ahrefs.com/robot/)"
66.249.78.46 - - [11/Oct/2013:05:22:54 +0200] "GET /news.php?cs_go=archiv&cs_id=4452 HTTP/1.1" 200 11754 "-" "Mozilla/5.0 (compatible; Googlebot/2.1; +http://www.google.com/bot.html)"
5.10.83.89 - - [11/Oct/2013:05:31:20 +0200] "GET /news.php?cs_go=archiv&cs_id=4547&cs_search= HTTP/1.1" 200 8689 "-" "Mozilla/5.0 (compatible; AhrefsBot/5.0; +http://ahrefs.com/robot/)"
5.10.83.10 - - [11/Oct/2013:05:37:36 +0200] "GET /news.php?cs_go=archiv&cs_id=4520&cs_search= HTTP/1.1" 200 12094 "-" "Mozilla/5.0 (compatible; AhrefsBot/5.0; +http://ahrefs.com/robot/)"
5.10.83.42 - - [11/Oct/2013:05:40:30 +0200] "GET /lexikon.php?cs_go=3&cs_id=120 HTTP/1.1" 200 6118 "-" "Mozilla/5.0 (compatible; AhrefsBot/5.0; +http://ahrefs.com/robot/)"
5.10.83.69 - - [11/Oct/2013:05:42:28 +0200] "GET /news.php?cs_go=archiv&cs_id=4496&cs_search= HTTP/1.1" 200 10913 "-" "Mozilla/5.0 (compatible; AhrefsBot/5.0; +http://ahrefs.com/robot/)"
5.10.83.10 - - [11/Oct/2013:05:42:50 +0200] "GET /news.php?cs_go=archiv&cs_id=4597&cs_search= HTTP/1.1" 200 19819 "-" "Mozilla/5.0 (compatible; AhrefsBot/5.0; +http://ahrefs.com/robot/)"
66.249.78.46 - - [11/Oct/2013:05:50:57 +0200] "GET /news.php?cs_go=archiv&cs_startpos=250 HTTP/1.1" 200 12983 "-" "Mozilla/5.0 (compatible; Googlebot/2.1; +http://www.google.com/bot.html)"
5.10.83.10 - - [11/Oct/2013:05:59:24 +0200] "GET /news.php?cs_go=archiv&cs_id=4453&cs_search= HTTP/1.1" 200 9380 "-" "Mozilla/5.0 (compatible; AhrefsBot/5.0; +http://ahrefs.com/robot/)"
66.249.78.46 - - [11/Oct/2013:06:06:22 +0200] "GET /news.php?cs_go=archiv&cs_id=4358&cs_search= HTTP/1.1" 200 7537 "-" "Mozilla/5.0 (compatible; Googlebot/2.1; +http://www.google.com/bot.html)"
5.10.83.88 - - [11/Oct/2013:06:10:53 +0200] "GET /lexikon.php?cs_go=3&cs_id=55 HTTP/1.1" 200 5618 "-" "Mozilla/5.0 (compatible; AhrefsBot/5.0; +http://ahrefs.com/robot/)"
66.249.78.46 - - [11/Oct/2013:06:14:05 +0200] "GET /news.php?cs_go=archiv&cs_id=4426&cs_search= HTTP/1.1" 200 13831 "-" "Mozilla/5.0 (compatible; Googlebot/2.1; +http://www.google.com/bot.html)"
66.249.78.46 - - [11/Oct/2013:06:17:24 +0200] "GET /news.php?cs_go=archiv&cs_startpos=530 HTTP/1.1" 200 5727 "-" "Mozilla/5.0 (compatible; Googlebot/2.1; +http://www.google.com/bot.html)"
66.249.78.46 - - [11/Oct/2013:06:24:00 +0200] "GET /news.php?cs_go=archiv&cs_startpos=520 HTTP/1.1" 200 5727 "-" "Mozilla/5.0 (compatible; Googlebot/2.1; +http://www.google.com/bot.html)"
66.249.78.46 - - [11/Oct/2013:06:26:11 +0200] "GET /news.php?cs_go=archiv&cs_startpos=260 HTTP/1.1" 200 6187 "-" "Mozilla/5.0 (compatible; Googlebot/2.1; +http://www.google.com/bot.html)"
66.249.78.46 - - [11/Oct/2013:06:29:30 +0200] "GET /lexikon.php?cs_go=3&cs_id=162 HTTP/1.1" 200 7001 "-" "Mozilla/5.0 (compatible; Googlebot/2.1; +http://www.google.com/bot.html)"
5.10.83.42 - - [11/Oct/2013:06:29:50 +0200] "GET /lexikon.php?cs_go=3&cs_id=98 HTTP/1.1" 200 6016 "-" "Mozilla/5.0 (compatible; AhrefsBot/5.0; +http://ahrefs.com/robot/)"
5.10.83.42 - - [11/Oct/2013:06:32:07 +0200] "GET /lexikon.php?cs_go=3&cs_id=138 HTTP/1.1" 200 6505 "-" "Mozilla/5.0 (compatible; AhrefsBot/5.0; +http://ahrefs.com/robot/)"
66.249.78.46 - - [11/Oct/2013:06:33:54 +0200] "GET /news.php?cs_go=archiv&cs_startpos=510 HTTP/1.1" 200 5727 "-" "Mozilla/5.0 (compatible; Googlebot/2.1; +http://www.google.com/bot.html)"
5.10.83.99 - - [11/Oct/2013:06:43:31 +0200] "GET /news.php?cs_go=archiv&cs_id=4401&cs_search= HTTP/1.1" 200 11738 "-" "Mozilla/5.0 (compatible; AhrefsBot/5.0; +http://ahrefs.com/robot/)"
66.249.78.46 - - [11/Oct/2013:06:45:38 +0200] "GET /news.php?cs_go=archiv&cs_startpos=500 HTTP/1.1" 200 5727 "-" "Mozilla/5.0 (compatible; Googlebot/2.1; +http://www.google.com/bot.html)"
66.249.78.46 - - [11/Oct/2013:06:56:56 +0200] "GET /news.php?cs_go=archiv&cs_startpos=490 HTTP/1.1" 200 5727 "-" "Mozilla/5.0 (compatible; Googlebot/2.1; +http://www.google.com/bot.html)"
66.249.78.46 - - [11/Oct/2013:07:06:47 +0200] "GET /news.php?cs_go=archiv&cs_startpos=480 HTTP/1.1" 200 5727 "-" "Mozilla/5.0 (compatible; Googlebot/2.1; +http://www.google.com/bot.html)"
66.249.78.46 - - [11/Oct/2013:07:09:26 +0200] "GET /lexikon.php?cs_go=3&cs_id=44 HTTP/1.1" 200 5604 "-" "Mozilla/5.0 (compatible; Googlebot/2.1; +http://www.google.com/bot.html)"
66.249.78.46 - - [11/Oct/2013:07:14:29 +0200] "GET /news.php?cs_go=archiv&cs_startpos=470 HTTP/1.1" 200 5727 "-" "Mozilla/5.0 (compatible; Googlebot/2.1; +http://www.google.com/bot.html)"
5.10.83.69 - - [11/Oct/2013:07:16:23 +0200] "GET /impressum.php HTTP/1.1" 200 6360 "-" "Mozilla/5.0 (compatible; AhrefsBot/5.0; +http://ahrefs.com/robot/)"
66.249.78.46 - - [11/Oct/2013:07:17:47 +0200] "GET /news.php?cs_go=archiv&cs_id=4092 HTTP/1.1" 200 11515 "-" "Mozilla/5.0 (compatible; Googlebot/2.1; +http://www.google.com/bot.html)"
5.10.83.89 - - [11/Oct/2013:07:24:24 +0200] "GET /lexikon.php?cs_go=3&cs_id=166 HTTP/1.1" 200 6792 "-" "Mozilla/5.0 (compatible; AhrefsBot/5.0; +http://ahrefs.com/robot/)"
157.55.33.20 - - [11/Oct/2013:07:25:04 +0200] "GET /robots.txt HTTP/1.1" 200 177 "-" "Mozilla/5.0 (compatible; bingbot/2.0; +http://www.bing.com/bingbot.htm)"
66.249.78.46 - - [11/Oct/2013:07:25:14 +0200] "GET /news.php?cs_go=archiv&cs_startpos=460 HTTP/1.1" 200 5727 "-" "Mozilla/5.0 (compatible; Googlebot/2.1; +http://www.google.com/bot.html)"
157.55.33.20 - - [11/Oct/2013:07:28:43 +0200] "GET /kwk.php HTTP/1.1" 200 8484 "-" "Mozilla/5.0 (compatible; bingbot/2.0; +http://www.bing.com/bingbot.htm)"
66.249.78.46 - - [11/Oct/2013:07:30:52 +0200] "GET /news.php?cs_go=archiv&cs_startpos=450 HTTP/1.1" 200 5727 "-" "Mozilla/5.0 (compatible; Googlebot/2.1; +http://www.google.com/bot.html)"
5.10.83.42 - - [11/Oct/2013:07:38:50 +0200] "GET /standard.php HTTP/1.1" 200 6807 "-" "Mozilla/5.0 (compatible; AhrefsBot/5.0; +http://ahrefs.com/robot/)"
208.115.111.75 - - [11/Oct/2013:07:40:47 +0200] "GET /robots.txt HTTP/1.1" 200 177 "-" "Mozilla/5.0 (compatible; Ezooms/1.0; ezooms.bot@gmail.com)"
66.249.78.46 - - [11/Oct/2013:07:45:37 +0200] "GET /news.php?cs_go=archiv&cs_startpos=440 HTTP/1.1" 200 5727 "-" "Mozilla/5.0 (compatible; Googlebot/2.1; +http://www.google.com/bot.html)"
141.8.147.12 - - [11/Oct/2013:07:45:51 +0200] "GET /news.php?cs_go=archiv&cs_startpos=430 HTTP/1.1" 200 5727 "-" "Mozilla/5.0 (compatible; YandexBot/3.0; +http://yandex.com/bots)"
65.36.241.79 - - [11/Oct/2013:07:52:52 +0200] "HEAD / HTTP/1.1" 200 - "-" "InternetSeer.com"
66.249.78.46 - - [11/Oct/2013:07:56:11 +0200] "GET /news.php?cs_go=archiv&cs_startpos=430 HTTP/1.1" 200 5727 "-" "Mozilla/5.0 (compatible; Googlebot/2.1; +http://www.google.com/bot.html)"
66.249.78.46 - - [11/Oct/2013:08:05:55 +0200] "GET /news.php?cs_go=archiv&cs_startpos=420 HTTP/1.1" 200 5727 "-" "Mozilla/5.0 (compatible; Googlebot/2.1; +http://www.google.com/bot.html)"
66.249.78.46 - - [11/Oct/2013:08:14:14 +0200] "GET /news.php?cs_go=archiv&cs_startpos=410 HTTP/1.1" 200 5727 "-" "Mozilla/5.0 (compatible; Googlebot/2.1; +http://www.google.com/bot.html)"
66.249.78.46 - - [11/Oct/2013:08:14:14 +0200] "GET / HTTP/1.1" 200 12351 "-" "Mozilla/5.0 (compatible; Googlebot/2.1; +http://www.google.com/bot.html)"
5.10.83.7 - - [11/Oct/2013:08:22:53 +0200] "GET /lexikon.php?cs_go=3&cs_id=176 HTTP/1.1" 200 5888 "-" "Mozilla/5.0 (compatible; AhrefsBot/5.0; +http://ahrefs.com/robot/)"
66.249.78.46 - - [11/Oct/2013:08:23:05 +0200] "GET /news.php?cs_go=archiv&cs_startpos=220 HTTP/1.1" 200 20273 "-" "Mozilla/5.0 (iPhone; U; CPU iPhone OS 4_1 like Mac OS X; en-us) AppleWebKit/532.9 (KHTML, like Gecko) Version/4.0.5 Mobile/8B117 Safari/6531.22.7 (compatible; Googlebot-Mobile/2.1; +http://www.google.com/bot.html)"
5.10.83.7 - - [11/Oct/2013:08:23:43 +0200] "GET /news.php?cs_go=archiv&cs_id=4460&cs_search= HTTP/1.1" 200 9402 "-" "Mozilla/5.0 (compatible; AhrefsBot/5.0; +http://ahrefs.com/robot/)"
66.249.78.46 - - [11/Oct/2013:08:24:09 +0200] "GET /news.php?cs_go=archiv&cs_id=4633 HTTP/1.1" 200 11707 "-" "Mozilla/5.0 (compatible; Googlebot/2.1; +http://www.google.com/bot.html)"
66.249.78.46 - - [11/Oct/2013:08:24:47 +0200] "GET /news.php?cs_go=archiv&cs_id=4634 HTTP/1.1" 200 7846 "-" "Mozilla/5.0 (compatible; Googlebot/2.1; +http://www.google.com/bot.html)"
66.249.78.46 - - [11/Oct/2013:08:25:35 +0200] "GET /news.php?cs_go=archiv&cs_id=4617 HTTP/1.1" 200 9512 "-" "Mozilla/5.0 (compatible; Googlebot/2.1; +http://www.google.com/bot.html)"
66.249.78.46 - - [11/Oct/2013:08:26:22 +0200] "GET /news.php?cs_go=archiv&cs_id=4632 HTTP/1.1" 200 8183 "-" "Mozilla/5.0 (compatible; Googlebot/2.1; +http://www.google.com/bot.html)"
66.249.78.46 - - [11/Oct/2013:08:27:28 +0200] "GET /news.php?cs_go=archiv&cs_startpos=400 HTTP/1.1" 200 5727 "-" "Mozilla/5.0 (compatible; Googlebot/2.1; +http://www.google.com/bot.html)"
5.10.83.7 - - [11/Oct/2013:08:32:24 +0200] "GET /news.php?cs_go=archiv&cs_startpos=240 HTTP/1.1" 200 20162 "-" "Mozilla/5.0 (compatible; AhrefsBot/5.0; +http://ahrefs.com/robot/)"
66.249.78.46 - - [11/Oct/2013:08:34:04 +0200] "GET /news.php HTTP/1.1" 200 19805 "-" "Mozilla/5.0 (compatible; Googlebot/2.1; +http://www.google.com/bot.html)"
66.249.78.46 - - [11/Oct/2013:08:35:09 +0200] "GET /news.php?cs_go=archiv&cs_startpos=390 HTTP/1.1" 200 5727 "-" "Mozilla/5.0 (compatible; Googlebot/2.1; +http://www.google.com/bot.html)"
66.249.78.46 - - [11/Oct/2013:08:43:59 +0200] "GET /news.php?cs_go=archiv&cs_id=4625&cs_search= HTTP/1.1" 200 7701 "-" "Mozilla/5.0 (compatible; Googlebot/2.1; +http://www.google.com/bot.html)"
66.249.78.46 - - [11/Oct/2013:08:44:10 +0200] "GET /news.php?cs_go=archiv&cs_id=4633&cs_search= HTTP/1.1" 200 11707 "-" "Mozilla/5.0 (compatible; Googlebot/2.1; +http://www.google.com/bot.html)"
66.249.78.46 - - [11/Oct/2013:08:44:30 +0200] "GET /news.php?cs_go=archiv&cs_id=4617&cs_search= HTTP/1.1" 200 9512 "-" "Mozilla/5.0 (compatible; Googlebot/2.1; +http://www.google.com/bot.html)"
66.249.78.46 - - [11/Oct/2013:08:44:50 +0200] "GET /news.php?cs_go=archiv&cs_id=4623&cs_search= HTTP/1.1" 200 12793 "-" "Mozilla/5.0 (compatible; Googlebot/2.1; +http://www.google.com/bot.html)"
66.249.78.46 - - [11/Oct/2013:08:45:31 +0200] "GET /news.php?cs_go=archiv&cs_id=4635&cs_search= HTTP/1.1" 200 7684 "-" "Mozilla/5.0 (compatible; Googlebot/2.1; +http://www.google.com/bot.html)"
66.249.78.46 - - [11/Oct/2013:08:46:10 +0200] "GET /news.php?cs_go=archiv&cs_id=4631&cs_search= HTTP/1.1" 200 7762 "-" "Mozilla/5.0 (compatible; Googlebot/2.1; +http://www.google.com/bot.html)"
66.249.78.46 - - [11/Oct/2013:08:46:32 +0200] "GET /news.php?cs_go=archiv&cs_id=4632&cs_search= HTTP/1.1" 200 8183 "-" "Mozilla/5.0 (compatible; Googlebot/2.1; +http://www.google.com/bot.html)"
66.249.78.46 - - [11/Oct/2013:08:46:52 +0200] "GET /news.php?cs_go=archiv&cs_id=4630&cs_search= HTTP/1.1" 200 11708 "-" "Mozilla/5.0 (compatible; Googlebot/2.1; +http://www.google.com/bot.html)"
66.249.78.46 - - [11/Oct/2013:08:47:12 +0200] "GET /news.php?cs_go=archiv&cs_id=4616&cs_search= HTTP/1.1" 200 9434 "-" "Mozilla/5.0 (compatible; Googlebot/2.1; +http://www.google.com/bot.html)"
66.249.78.46 - - [11/Oct/2013:08:47:31 +0200] "GET /news.php?cs_go=archiv&cs_id=4634&cs_search= HTTP/1.1" 200 7846 "-" "Mozilla/5.0 (compatible; Googlebot/2.1; +http://www.google.com/bot.html)"
66.249.78.46 - - [11/Oct/2013:08:47:53 +0200] "GET /news.php?cs_go=archiv&cs_startpos=380 HTTP/1.1" 200 5727 "-" "Mozilla/5.0 (compatible; Googlebot/2.1; +http://www.google.com/bot.html)"
5.10.83.10 - - [11/Oct/2013:08:53:58 +0200] "GET /news.php?cs_go=archiv&cs_id=4464&cs_search= HTTP/1.1" 200 11502 "-" "Mozilla/5.0 (compatible; AhrefsBot/5.0; +http://ahrefs.com/robot/)"
66.249.78.46 - - [11/Oct/2013:08:55:31 +0200] "GET /news.php?cs_go=archiv&cs_startpos=370 HTTP/1.1" 200 5727 "-" "Mozilla/5.0 (compatible; Googlebot/2.1; +http://www.google.com/bot.html)"
5.10.83.55 - - [11/Oct/2013:08:57:55 +0200] "GET /news.php?cs_go=archiv&cs_id=4363&cs_search= HTTP/1.1" 200 11463 "-" "Mozilla/5.0 (compatible; AhrefsBot/5.0; +http://ahrefs.com/robot/)"
5.10.83.69 - - [11/Oct/2013:09:03:31 +0200] "GET /news.php?cs_go=archiv&cs_id=4581&cs_search= HTTP/1.1" 200 7670 "-" "Mozilla/5.0 (compatible; AhrefsBot/5.0; +http://ahrefs.com/robot/)"
66.249.78.46 - - [11/Oct/2013:09:03:47 +0200] "GET /news.php?cs_go=archiv&cs_startpos=360 HTTP/1.1" 200 5727 "-" "Mozilla/5.0 (compatible; Googlebot/2.1; +http://www.google.com/bot.html)"
66.249.78.46 - - [11/Oct/2013:09:08:24 +0200] "GET /news.php?cs_go=archiv&cs_id=4608&cs_search= HTTP/1.1" 200 11354 "-" "Mozilla/5.0 (iPhone; U; CPU iPhone OS 4_1 like Mac OS X; en-us) AppleWebKit/532.9 (KHTML, like Gecko) Version/4.0.5 Mobile/8B117 Safari/6531.22.7 (compatible; Googlebot-Mobile/2.1; +http://www.google.com/bot.html)"
66.249.78.46 - - [11/Oct/2013:09:13:42 +0200] "GET /news.php?cs_go=archiv&cs_startpos=350 HTTP/1.1" 200 5727 "-" "Mozilla/5.0 (compatible; Googlebot/2.1; +http://www.google.com/bot.html)"
66.249.78.46 - - [11/Oct/2013:09:23:36 +0200] "GET /news.php?cs_go=archiv&cs_startpos=340 HTTP/1.1" 200 5727 "-" "Mozilla/5.0 (compatible; Googlebot/2.1; +http://www.google.com/bot.html)"
5.10.83.88 - - [11/Oct/2013:09:24:20 +0200] "GET /news.php?cs_go=archiv&cs_startpos=231 HTTP/1.1" 200 20234 "-" "Mozilla/5.0 (compatible; AhrefsBot/5.0; +http://ahrefs.com/robot/)"
5.10.83.71 - - [11/Oct/2013:09:25:17 +0200] "GET /lexikon.php?cs_go=3&cs_id=64 HTTP/1.1" 200 6330 "-" "Mozilla/5.0 (compatible; AhrefsBot/5.0; +http://ahrefs.com/robot/)"
66.249.78.46 - - [11/Oct/2013:09:28:00 +0200] "GET /optiplus.php HTTP/1.1" 200 8676 "-" "Mozilla/5.0 (compatible; Googlebot/2.1; +http://www.google.com/bot.html)"
5.10.83.88 - - [11/Oct/2013:09:29:37 +0200] "GET /news.php?cs_go=archiv&cs_startpos=260 HTTP/1.1" 200 6187 "-" "Mozilla/5.0 (compatible; AhrefsBot/5.0; +http://ahrefs.com/robot/)"
208.115.111.75 - - [11/Oct/2013:09:32:07 +0200] "GET /news.php?cs_go=archiv&cs_id=4510 HTTP/1.1" 200 8936 "-" "Mozilla/5.0 (compatible; Ezooms/1.0; ezooms.bot@gmail.com)"
66.249.78.46 - - [11/Oct/2013:09:34:37 +0200] "GET /news.php?cs_go=archiv&cs_startpos=330 HTTP/1.1" 200 5727 "-" "Mozilla/5.0 (compatible; Googlebot/2.1; +http://www.google.com/bot.html)"
5.10.83.99 - - [11/Oct/2013:09:37:46 +0200] "GET /news.php?cs_go=archiv&cs_id=4336&cs_search= HTTP/1.1" 200 10114 "-" "Mozilla/5.0 (compatible; AhrefsBot/5.0; +http://ahrefs.com/robot/)"
5.10.83.7 - - [11/Oct/2013:09:38:26 +0200] "GET /lexikon.php?cs_go=3&cs_id=97 HTTP/1.1" 200 9076 "-" "Mozilla/5.0 (compatible; AhrefsBot/5.0; +http://ahrefs.com/robot/)"
66.249.78.46 - - [11/Oct/2013:09:44:32 +0200] "GET /news.php?cs_go=archiv&cs_startpos=320 HTTP/1.1" 200 5727 "-" "Mozilla/5.0 (compatible; Googlebot/2.1; +http://www.google.com/bot.html)"
5.10.83.99 - - [11/Oct/2013:09:52:24 +0200] "GET /lexikon.php?cs_go=2&cs_char=c HTTP/1.1" 200 6437 "-" "Mozilla/5.0 (compatible; AhrefsBot/5.0; +http://ahrefs.com/robot/)"
5.10.83.71 - - [11/Oct/2013:09:53:43 +0200] "GET /lexikon.php?cs_go=2&cs_char=p HTTP/1.1" 200 6767 "-" "Mozilla/5.0 (compatible; AhrefsBot/5.0; +http://ahrefs.com/robot/)"
66.249.78.46 - - [11/Oct/2013:09:54:26 +0200] "GET /news.php?cs_go=archiv&cs_startpos=310 HTTP/1.1" 200 5727 "-" "Mozilla/5.0 (compatible; Googlebot/2.1; +http://www.google.com/bot.html)"
5.10.83.71 - - [11/Oct/2013:09:57:32 +0200] "GET /news.php?cs_go=archiv&cs_startpos=20 HTTP/1.1" 200 20431 "-" "Mozilla/5.0 (compatible; AhrefsBot/5.0; +http://ahrefs.com/robot/)"
5.10.83.88 - - [11/Oct/2013:09:58:36 +0200] "GET /lexikon.php?cs_go=3&cs_id=212 HTTP/1.1" 200 6144 "-" "Mozilla/5.0 (compatible; AhrefsBot/5.0; +http://ahrefs.com/robot/)"
5.10.83.21 - - [11/Oct/2013:10:00:47 +0200] "GET /edl.php HTTP/1.1" 200 8633 "-" "Mozilla/5.0 (compatible; AhrefsBot/5.0; +http://ahrefs.com/robot/)"
66.249.78.46 - - [11/Oct/2013:10:04:21 +0200] "GET /news.php?cs_go=archiv&cs_startpos=300 HTTP/1.1" 200 5819 "-" "Mozilla/5.0 (compatible; Googlebot/2.1; +http://www.google.com/bot.html)"
66.249.78.46 - - [11/Oct/2013:10:09:51 +0200] "GET /news.php?cs_go=archiv&cs_id=4602 HTTP/1.1" 200 8005 "-" "Mozilla/5.0 (compatible; Googlebot/2.1; +http://www.google.com/bot.html)"
66.249.78.46 - - [11/Oct/2013:10:10:50 +0200] "GET /news.php?cs_go=archiv&cs_startpos=290 HTTP/1.1" 200 5911 "-" "Mozilla/5.0 (compatible; Googlebot/2.1; +http://www.google.com/bot.html)"
66.249.78.46 - - [11/Oct/2013:10:11:29 +0200] "GET /images/logos.jpg?cache9629 HTTP/1.1" 200 35043 "-" "Googlebot-Image/1.0"
66.249.78.46 - - [11/Oct/2013:10:11:55 +0200] "GET /images/logos.jpg?cache6318 HTTP/1.1" 200 35043 "-" "Googlebot-Image/1.0"
66.249.78.46 - - [11/Oct/2013:10:12:15 +0200] "GET /images/logos.jpg?cache4291 HTTP/1.1" 200 35043 "-" "Googlebot-Image/1.0"
5.10.83.21 - - [11/Oct/2013:10:14:41 +0200] "GET /lexikon.php?cs_go=2&cs_char=n HTTP/1.1" 200 6179 "-" "Mozilla/5.0 (compatible; AhrefsBot/5.0; +http://ahrefs.com/robot/)"
66.249.78.46 - - [11/Oct/2013:10:18:22 +0200] "GET /images/logos.jpg?cache7859 HTTP/1.1" 200 35043 "-" "Googlebot-Image/1.0"
5.10.83.88 - - [11/Oct/2013:10:25:56 +0200] "GET /news.php?cs_go=archiv&cs_id=4623&cs_search= HTTP/1.1" 200 12793 "-" "Mozilla/5.0 (compatible; AhrefsBot/5.0; +http://ahrefs.com/robot/)"
5.10.83.10 - - [11/Oct/2013:10:31:30 +0200] "GET /news.php?cs_go=archiv&cs_startpos=220 HTTP/1.1" 200 20157 "-" "Mozilla/5.0 (compatible; AhrefsBot/5.0; +http://ahrefs.com/robot/)"
5.10.83.42 - - [11/Oct/2013:10:32:25 +0200] "GET /news.php?cs_go=archiv&cs_id=4612 HTTP/1.1" 200 8180 "-" "Mozilla/5.0 (compatible; AhrefsBot/5.0; +http://ahrefs.com/robot/)"
5.10.83.88 - - [11/Oct/2013:10:32:58 +0200] "GET /wunschpreis.php HTTP/1.1" 200 10292 "-" "Mozilla/5.0 (compatible; AhrefsBot/5.0; +http://ahrefs.com/robot/)"
5.10.83.99 - - [11/Oct/2013:10:41:42 +0200] "GET /kwk.php?cs_go=2 HTTP/1.1" 200 9455 "-" "Mozilla/5.0 (compatible; AhrefsBot/5.0; +http://ahrefs.com/robot/)"
5.10.83.8 - - [11/Oct/2013:10:43:27 +0200] "GET /news.php?cs_go=archiv&cs_id=4441&cs_search= HTTP/1.1" 200 7705 "-" "Mozilla/5.0 (compatible; AhrefsBot/5.0; +http://ahrefs.com/robot/)"
66.249.78.46 - - [11/Oct/2013:10:53:13 +0200] "GET /news.php?cs_go=archiv&cs_startpos=70 HTTP/1.1" 200 20503 "-" "Mozilla/5.0 (iPhone; U; CPU iPhone OS 4_1 like Mac OS X; en-us) AppleWebKit/532.9 (KHTML, like Gecko) Version/4.0.5 Mobile/8B117 Safari/6531.22.7 (compatible; Googlebot-Mobile/2.1; +http://www.google.com/bot.html)"
66.249.78.46 - - [11/Oct/2013:10:56:37 +0200] "GET /images/logos.jpg?cache1694 HTTP/1.1" 200 35043 "-" "Googlebot-Image/1.0"
5.10.83.99 - - [11/Oct/2013:10:59:19 +0200] "GET /lexikon.php?cs_go=2&cs_char=o HTTP/1.1" 200 6862 "-" "Mozilla/5.0 (compatible; AhrefsBot/5.0; +http://ahrefs.com/robot/)"
66.249.78.46 - - [11/Oct/2013:11:01:53 +0200] "GET /jobs.php HTTP/1.1" 200 5020 "-" "Mozilla/5.0 (compatible; Googlebot/2.1; +http://www.google.com/bot.html)"
222.77.212.193 - - [11/Oct/2013:11:08:56 +0200] "GET /news.php?cs_go=archiv&cs_id=4112&cs_search= HTTP/1.0" 200 9472 "http://www.mink-gmbh.de/news.php?cs_go=archiv&cs_id=4112&cs_search=" "Mozilla/5.0 (Windows NT 5.1; rv:5.0.1) Gecko/20100101 Firefox/5.0.1"
5.10.83.8 - - [11/Oct/2013:11:25:35 +0200] "GET /news.php?cs_go=archiv&cs_id=4601&cs_search= HTTP/1.1" 200 7890 "-" "Mozilla/5.0 (compatible; AhrefsBot/5.0; +http://ahrefs.com/robot/)"
208.115.113.91 - - [11/Oct/2013:11:30:03 +0200] "GET /robots.txt HTTP/1.1" 200 177 "-" "Mozilla/5.0 (compatible; Ezooms/1.0; ezooms.bot@gmail.com)"
5.10.83.21 - - [11/Oct/2013:11:47:44 +0200] "GET /news.php?cs_go=archiv&cs_startpos=120 HTTP/1.1" 200 20483 "-" "Mozilla/5.0 (compatible; AhrefsBot/5.0; +http://ahrefs.com/robot/)"
66.249.78.46 - - [11/Oct/2013:11:56:37 +0200] "GET /news.php?cs_go=archiv&cs_id=4603 HTTP/1.1" 200 10007 "-" "Mozilla/5.0 (compatible; Googlebot/2.1; +http://www.google.com/bot.html)"
5.10.83.55 - - [11/Oct/2013:11:57:30 +0200] "GET /news.php?cs_go=archiv&cs_id=4367&cs_search= HTTP/1.1" 200 11576 "-" "Mozilla/5.0 (compatible; AhrefsBot/5.0; +http://ahrefs.com/robot/)"
208.115.111.75 - - [11/Oct/2013:11:58:22 +0200] "GET /robots.txt HTTP/1.1" 200 177 "-" "Mozilla/5.0 (compatible; Ezooms/1.0; ezooms.bot@gmail.com)"
5.10.83.10 - - [11/Oct/2013:12:00:00 +0200] "GET /lexikon.php?cs_go=3&cs_id=77 HTTP/1.1" 200 6273 "-" "Mozilla/5.0 (compatible; AhrefsBot/5.0; +http://ahrefs.com/robot/)"
66.249.78.46 - - [11/Oct/2013:12:06:04 +0200] "GET /news.php?cs_go=archiv&cs_id=4604&cs_search= HTTP/1.1" 200 8799 "-" "Mozilla/5.0 (iPhone; U; CPU iPhone OS 4_1 like Mac OS X; en-us) AppleWebKit/532.9 (KHTML, like Gecko) Version/4.0.5 Mobile/8B117 Safari/6531.22.7 (compatible; Googlebot-Mobile/2.1; +http://www.google.com/bot.html)"
157.55.32.225 - - [11/Oct/2013:12:16:21 +0200] "GET /robots.txt HTTP/1.1" 200 177 "-" "Mozilla/5.0 (compatible; bingbot/2.0; +http://www.bing.com/bingbot.htm)"
5.10.83.99 - - [11/Oct/2013:12:17:38 +0200] "GET /lexikon.php?cs_go=3&cs_id=231 HTTP/1.1" 200 5972 "-" "Mozilla/5.0 (compatible; AhrefsBot/5.0; +http://ahrefs.com/robot/)"
5.10.83.89 - - [11/Oct/2013:12:18:39 +0200] "GET /news.php?cs_go=archiv&cs_id=4365&cs_search= HTTP/1.1" 200 11576 "-" "Mozilla/5.0 (compatible; AhrefsBot/5.0; +http://ahrefs.com/robot/)"
5.10.83.10 - - [11/Oct/2013:12:26:34 +0200] "GET /news.php?cs_go=archiv&cs_id=4376&cs_search= HTTP/1.1" 200 8262 "-" "Mozilla/5.0 (compatible; AhrefsBot/5.0; +http://ahrefs.com/robot/)"
5.10.83.88 - - [11/Oct/2013:12:32:35 +0200] "GET /news.php?cs_go=archiv&cs_startpos=200 HTTP/1.1" 200 20646 "-" "Mozilla/5.0 (compatible; AhrefsBot/5.0; +http://ahrefs.com/robot/)"
5.10.83.8 - - [11/Oct/2013:12:39:32 +0200] "GET /news.php?cs_go=archiv&cs_startpos=60 HTTP/1.1" 200 20390 "-" "Mozilla/5.0 (compatible; AhrefsBot/5.0; +http://ahrefs.com/robot/)"
5.10.83.69 - - [11/Oct/2013:12:41:45 +0200] "GET /news.php?cs_go=archiv&cs_id=4369&cs_search= HTTP/1.1" 200 11567 "-" "Mozilla/5.0 (compatible; AhrefsBot/5.0; +http://ahrefs.com/robot/)"
66.249.78.46 - - [11/Oct/2013:12:50:57 +0200] "GET /modul.css HTTP/1.1" 200 35038 "http://www.mink-gmbh.de/news.php?cs_go=archiv&cs_startpos=480" "Mozilla/5.0 (compatible; Googlebot/2.1; +http://www.google.com/bot.html)"
66.249.78.46 - - [11/Oct/2013:12:53:57 +0200] "GET /schwefelarmstandard.php HTTP/1.1" 200 10767 "-" "Mozilla/5.0 (compatible; Googlebot/2.1; +http://www.google.com/bot.html)"
5.10.83.99 - - [11/Oct/2013:12:56:04 +0200] "GET /news.php?cs_go=archiv&cs_id=4414&cs_search= HTTP/1.1" 200 7639 "-" "Mozilla/5.0 (compatible; AhrefsBot/5.0; +http://ahrefs.com/robot/)"
5.10.83.42 - - [11/Oct/2013:12:56:42 +0200] "GET /lexikon.php?cs_go=3&cs_id=19 HTTP/1.1" 200 7568 "-" "Mozilla/5.0 (compatible; AhrefsBot/5.0; +http://ahrefs.com/robot/)"
141.8.147.12 - - [11/Oct/2013:13:00:05 +0200] "GET /robots.txt HTTP/1.1" 200 177 "-" "Mozilla/5.0 (compatible; YandexBot/3.0; +http://yandex.com/bots)"
5.10.83.88 - - [11/Oct/2013:13:09:27 +0200] "GET /news.php?cs_go=archiv&cs_startpos=191 HTTP/1.1" 200 20308 "-" "Mozilla/5.0 (compatible; AhrefsBot/5.0; +http://ahrefs.com/robot/)"
5.10.83.89 - - [11/Oct/2013:13:10:04 +0200] "GET /lexikon.php?cs_go=3&cs_id=126 HTTP/1.1" 200 5963 "-" "Mozilla/5.0 (compatible; AhrefsBot/5.0; +http://ahrefs.com/robot/)"
5.10.83.99 - - [11/Oct/2013:13:13:10 +0200] "GET /lexikon.php?cs_go=2&cs_char=v HTTP/1.1" 200 6718 "-" "Mozilla/5.0 (compatible; AhrefsBot/5.0; +http://ahrefs.com/robot/)"
5.10.83.71 - - [11/Oct/2013:13:18:18 +0200] "GET /news.php?cs_go=archiv&cs_startpos=21 HTTP/1.1" 200 20431 "-" "Mozilla/5.0 (compatible; AhrefsBot/5.0; +http://ahrefs.com/robot/)"
65.36.241.79 - - [11/Oct/2013:13:18:47 +0200] "HEAD / HTTP/1.1" 200 - "-" "InternetSeer.com"
27.153.233.95 - - [11/Oct/2013:13:23:07 +0200] "GET /news.php?cs_go=archiv&cs_id=4112&cs_search= HTTP/1.0" 200 9472 "http://www.mink-gmbh.de/news.php?cs_go=archiv&cs_id=4112&cs_search=" "Opera/9.80 (Windows NT 6.1; Win64; x64; Edition Yx) Presto/2.12.388 Version/12.10"
5.10.83.42 - - [11/Oct/2013:13:30:03 +0200] "GET /news.php?cs_go=archiv&cs_id=4456&cs_search= HTTP/1.1" 200 11777 "-" "Mozilla/5.0 (compatible; AhrefsBot/5.0; +http://ahrefs.com/robot/)"
141.8.147.12 - - [11/Oct/2013:13:48:15 +0200] "GET /news.php?cs_go=archiv&cs_startpos=420 HTTP/1.1" 200 5727 "-" "Mozilla/5.0 (compatible; YandexBot/3.0; +http://yandex.com/bots)"
208.115.111.75 - - [11/Oct/2013:13:49:25 +0200] "GET /news.php?cs_go=archiv&cs_id=4516 HTTP/1.1" 200 8899 "-" "Mozilla/5.0 (compatible; Ezooms/1.0; ezooms.bot@gmail.com)"
5.10.83.69 - - [11/Oct/2013:13:59:15 +0200] "GET /news.php?cs_go=archiv&cs_id=4613 HTTP/1.1" 200 8832 "-" "Mozilla/5.0 (compatible; AhrefsBot/5.0; +http://ahrefs.com/robot/)"
66.249.78.46 - - [11/Oct/2013:14:02:11 +0200] "GET /robots.txt HTTP/1.1" 200 177 "-" "Mozilla/5.0 (compatible; Googlebot/2.1; +http://www.google.com/bot.html)"
5.10.83.55 - - [11/Oct/2013:14:11:32 +0200] "GET /lexikon.php?cs_go=3&cs_id=189 HTTP/1.1" 200 5826 "-" "Mozilla/5.0 (compatible; AhrefsBot/5.0; +http://ahrefs.com/robot/)"
5.10.83.89 - - [11/Oct/2013:14:13:40 +0200] "GET /news.php?cs_go=archiv&cs_id=4588&cs_search= HTTP/1.1" 200 9594 "-" "Mozilla/5.0 (compatible; AhrefsBot/5.0; +http://ahrefs.com/robot/)"
5.10.83.69 - - [11/Oct/2013:14:30:49 +0200] "GET /lexikon.php?cs_go=3&cs_id=218 HTTP/1.1" 200 5615 "-" "Mozilla/5.0 (compatible; AhrefsBot/5.0; +http://ahrefs.com/robot/)"
5.10.83.89 - - [11/Oct/2013:14:37:14 +0200] "GET /.php HTTP/1.1" 404 - "-" "Mozilla/5.0 (compatible; AhrefsBot/5.0; +http://ahrefs.com/robot/)"
79.193.21.94 - - [11/Oct/2013:14:38:44 +0200] "GET / HTTP/1.1" 200 12336 "http://www.google.de/url?sa=t&rct=j&q=&esrc=s&source=web&cd=1&ved=0CDsQFjAA&url=http%3A%2F%2Fwww.mink-gmbh.de%2F&ei=GfFXUqCVM8OatAal8oGQDA&usg=AFQjCNFHX4Iglls9oo-KYXTmDUV_5KOVIg&bvm=bv.53899372,d.Yms" "Mozilla/5.0 (Windows NT 6.1; rv:24.0) Gecko/20100101 Firefox/24.0"
79.193.21.94 - - [11/Oct/2013:14:38:44 +0200] "GET /style.css HTTP/1.1" 200 8402 "http://www.mink-gmbh.de/" "Mozilla/5.0 (Windows NT 6.1; rv:24.0) Gecko/20100101 Firefox/24.0"
79.193.21.94 - - [11/Oct/2013:14:38:45 +0200] "GET /favicon.ico HTTP/1.1" 200 3638 "-" "Mozilla/5.0 (Windows NT 6.1; rv:24.0) Gecko/20100101 Firefox/24.0"
79.193.21.94 - - [11/Oct/2013:14:38:45 +0200] "GET /favicon.ico HTTP/1.1" 200 3638 "-" "Mozilla/5.0 (Windows NT 6.1; rv:24.0) Gecko/20100101 Firefox/24.0"
79.193.21.94 - - [11/Oct/2013:14:38:45 +0200] "GET /js_contentserver24_greybox/gb_styles.css HTTP/1.1" 200 2302 "http://www.mink-gmbh.de/" "Mozilla/5.0 (Windows NT 6.1; rv:24.0) Gecko/20100101 Firefox/24.0"
79.193.21.94 - - [11/Oct/2013:14:38:45 +0200] "GET /modul.css HTTP/1.1" 200 35038 "http://www.mink-gmbh.de/" "Mozilla/5.0 (Windows NT 6.1; rv:24.0) Gecko/20100101 Firefox/24.0"
79.193.21.94 - - [11/Oct/2013:14:38:45 +0200] "GET /js_contentserver24_greybox/AJS_fx.js HTTP/1.1" 200 3192 "http://www.mink-gmbh.de/" "Mozilla/5.0 (Windows NT 6.1; rv:24.0) Gecko/20100101 Firefox/24.0"
79.193.21.94 - - [11/Oct/2013:14:38:45 +0200] "GET /js_contentserver24_greybox/gb_scripts.js HTTP/1.1" 200 11913 "http://www.mink-gmbh.de/" "Mozilla/5.0 (Windows NT 6.1; rv:24.0) Gecko/20100101 Firefox/24.0"
79.193.21.94 - - [11/Oct/2013:14:38:45 +0200] "GET /js_contentserver24_greybox/AJS.js HTTP/1.1" 200 10396 "http://www.mink-gmbh.de/" "Mozilla/5.0 (Windows NT 6.1; rv:24.0) Gecko/20100101 Firefox/24.0"
79.193.21.94 - - [11/Oct/2013:14:38:45 +0200] "GET /images/team-energie.png HTTP/1.1" 200 17383 "http://www.mink-gmbh.de/" "Mozilla/5.0 (Windows NT 6.1; rv:24.0) Gecko/20100101 Firefox/24.0"
79.193.21.94 - - [11/Oct/2013:14:38:45 +0200] "GET /images/mail.jpg HTTP/1.1" 200 11165 "http://www.mink-gmbh.de/" "Mozilla/5.0 (Windows NT 6.1; rv:24.0) Gecko/20100101 Firefox/24.0"
79.193.21.94 - - [11/Oct/2013:14:38:45 +0200] "GET /images/kwk.gif HTTP/1.1" 200 6403 "http://www.mink-gmbh.de/" "Mozilla/5.0 (Windows NT 6.1; rv:24.0) Gecko/20100101 Firefox/24.0"
79.193.21.94 - - [11/Oct/2013:14:38:45 +0200] "GET /images/wunschpreis.jpg HTTP/1.1" 200 16767 "http://www.mink-gmbh.de/" "Mozilla/5.0 (Windows NT 6.1; rv:24.0) Gecko/20100101 Firefox/24.0"
79.193.21.94 - - [11/Oct/2013:14:38:45 +0200] "GET /images/logos.jpg?cache2029 HTTP/1.1" 200 35043 "http://www.mink-gmbh.de/" "Mozilla/5.0 (Windows NT 6.1; rv:24.0) Gecko/20100101 Firefox/24.0"
79.193.21.94 - - [11/Oct/2013:14:38:45 +0200] "GET /images/bg.png HTTP/1.1" 200 922 "http://www.mink-gmbh.de/style.css" "Mozilla/5.0 (Windows NT 6.1; rv:24.0) Gecko/20100101 Firefox/24.0"
79.193.21.94 - - [11/Oct/2013:14:38:45 +0200] "GET /images/tkw.jpg HTTP/1.1" 200 64031 "http://www.mink-gmbh.de/" "Mozilla/5.0 (Windows NT 6.1; rv:24.0) Gecko/20100101 Firefox/24.0"
79.193.21.94 - - [11/Oct/2013:14:38:45 +0200] "GET /images/freecall.jpg HTTP/1.1" 200 39195 "http://www.mink-gmbh.de/" "Mozilla/5.0 (Windows NT 6.1; rv:24.0) Gecko/20100101 Firefox/24.0"
79.193.21.94 - - [11/Oct/2013:14:38:45 +0200] "GET /js_contentserver24_greybox/w_close.gif HTTP/1.1" 200 74 "http://www.mink-gmbh.de/" "Mozilla/5.0 (Windows NT 6.1; rv:24.0) Gecko/20100101 Firefox/24.0"
79.193.21.94 - - [11/Oct/2013:14:38:45 +0200] "GET /images/close.png HTTP/1.1" 200 703 "http://www.mink-gmbh.de/" "Mozilla/5.0 (Windows NT 6.1; rv:24.0) Gecko/20100101 Firefox/24.0"
79.193.21.94 - - [11/Oct/2013:14:38:45 +0200] "GET /images/header.jpg HTTP/1.1" 200 25189 "http://www.mink-gmbh.de/style.css" "Mozilla/5.0 (Windows NT 6.1; rv:24.0) Gecko/20100101 Firefox/24.0"
79.193.21.94 - - [11/Oct/2013:14:38:45 +0200] "GET /images/newsletter_bg.jpg HTTP/1.1" 200 33610 "http://www.mink-gmbh.de/" "Mozilla/5.0 (Windows NT 6.1; rv:24.0) Gecko/20100101 Firefox/24.0"
79.193.21.94 - - [11/Oct/2013:14:38:45 +0200] "GET /images/navibg.png HTTP/1.1" 200 2803 "http://www.mink-gmbh.de/style.css" "Mozilla/5.0 (Windows NT 6.1; rv:24.0) Gecko/20100101 Firefox/24.0"
79.193.21.94 - - [11/Oct/2013:14:38:45 +0200] "GET /images/wrapperbg.jpg HTTP/1.1" 200 27465 "http://www.mink-gmbh.de/style.css" "Mozilla/5.0 (Windows NT 6.1; rv:24.0) Gecko/20100101 Firefox/24.0"
79.193.21.94 - - [11/Oct/2013:14:38:45 +0200] "GET /images/newsletter.png HTTP/1.1" 200 14619 "http://www.mink-gmbh.de/style.css" "Mozilla/5.0 (Windows NT 6.1; rv:24.0) Gecko/20100101 Firefox/24.0"
79.193.21.94 - - [11/Oct/2013:14:38:45 +0200] "GET /images/steigend.png HTTP/1.1" 200 688 "http://www.mink-gmbh.de/modul.css" "Mozilla/5.0 (Windows NT 6.1; rv:24.0) Gecko/20100101 Firefox/24.0"
79.193.21.94 - - [11/Oct/2013:14:38:45 +0200] "GET /images/fallend.png HTTP/1.1" 200 713 "http://www.mink-gmbh.de/modul.css" "Mozilla/5.0 (Windows NT 6.1; rv:24.0) Gecko/20100101 Firefox/24.0"
79.193.21.94 - - [11/Oct/2013:14:38:45 +0200] "GET /images/mobil.jpg HTTP/1.1" 200 25293 "http://www.mink-gmbh.de/style.css" "Mozilla/5.0 (Windows NT 6.1; rv:24.0) Gecko/20100101 Firefox/24.0"
79.193.21.94 - - [11/Oct/2013:14:38:45 +0200] "GET /images/newsletter.jpg HTTP/1.1" 200 13130 "http://www.mink-gmbh.de/style.css" "Mozilla/5.0 (Windows NT 6.1; rv:24.0) Gecko/20100101 Firefox/24.0"
79.193.21.94 - - [11/Oct/2013:14:38:45 +0200] "GET /images/footerbg.jpg HTTP/1.1" 200 2184 "http://www.mink-gmbh.de/style.css" "Mozilla/5.0 (Windows NT 6.1; rv:24.0) Gecko/20100101 Firefox/24.0"
79.193.21.94 - - [11/Oct/2013:14:38:45 +0200] "GET /js_contentserver24_greybox/header_bg.gif HTTP/1.1" 200 1188 "http://www.mink-gmbh.de/" "Mozilla/5.0 (Windows NT 6.1; rv:24.0) Gecko/20100101 Firefox/24.0"
79.193.21.94 - - [11/Oct/2013:14:38:45 +0200] "GET /js_contentserver24_greybox/loader_frame.html?s=0 HTTP/1.1" 200 2084 "http://www.mink-gmbh.de/" "Mozilla/5.0 (Windows NT 6.1; rv:24.0) Gecko/20100101 Firefox/24.0"
79.193.21.94 - - [11/Oct/2013:14:38:45 +0200] "GET /js_contentserver24_greybox/indicator.gif HTTP/1.1" 200 8238 "http://www.mink-gmbh.de/js_contentserver24_greybox/loader_frame.html?s=0" "Mozilla/5.0 (Windows NT 6.1; rv:24.0) Gecko/20100101 Firefox/24.0"
79.193.21.94 - - [11/Oct/2013:14:38:46 +0200] "GET /js_contentserver24_greybox/g_close.gif HTTP/1.1" 200 541 "http://www.mink-gmbh.de/" "Mozilla/5.0 (Windows NT 6.1; rv:24.0) Gecko/20100101 Firefox/24.0"
5.10.83.69 - - [11/Oct/2013:14:40:32 +0200] "GET /\"http://www.brennstoffboerse.de/index.php?go=fluessiggas_pruefung\" HTTP/1.1" 404 - "-" "Mozilla/5.0 (compatible; AhrefsBot/5.0; +http://ahrefs.com/robot/)"
5.10.83.88 - - [11/Oct/2013:14:40:40 +0200] "GET /news.php?cs_go=archiv&cs_id=4501&cs_search= HTTP/1.1" 200 11667 "-" "Mozilla/5.0 (compatible; AhrefsBot/5.0; +http://ahrefs.com/robot/)"
66.249.78.46 - - [11/Oct/2013:14:47:59 +0200] "GET /news.php?cs_go=archiv&cs_id=4429 HTTP/1.1" 200 7534 "-" "Mozilla/5.0 (compatible; Googlebot/2.1; +http://www.google.com/bot.html)"
220.181.108.114 - - [11/Oct/2013:14:48:03 +0200] "GET / HTTP/1.1" 200 6594 "-" "Mozilla/5.0 (compatible; Baiduspider/2.0; +http://www.baidu.com/search/spider.html)"
5.10.83.71 - - [11/Oct/2013:14:53:17 +0200] "GET /news.php HTTP/1.1" 200 19776 "-" "Mozilla/5.0 (compatible; AhrefsBot/5.0; +http://ahrefs.com/robot/)"
5.10.83.71 - - [11/Oct/2013:14:53:25 +0200] "GET /modernisierung.php?cs_gp_go=coupon HTTP/1.1" 200 7866 "-" "Mozilla/5.0 (compatible; AhrefsBot/5.0; +http://ahrefs.com/robot/)"
123.125.71.41 - - [11/Oct/2013:14:53:37 +0200] "GET / HTTP/1.1" 200 6594 "-" "Mozilla/5.0 (compatible; Baiduspider/2.0; +http://www.baidu.com/search/spider.html)"
5.10.83.71 - - [11/Oct/2013:15:13:46 +0200] "GET /news.php?cs_go=archiv&cs_id=4497&cs_search= HTTP/1.1" 200 9440 "-" "Mozilla/5.0 (compatible; AhrefsBot/5.0; +http://ahrefs.com/robot/)"
5.10.83.69 - - [11/Oct/2013:15:33:24 +0200] "GET /lexikon.php?cs_go=2&cs_char=x HTTP/1.1" 200 6211 "-" "Mozilla/5.0 (compatible; AhrefsBot/5.0; +http://ahrefs.com/robot/)"
208.115.111.75 - - [11/Oct/2013:15:43:38 +0200] "GET /robots.txt HTTP/1.1" 200 177 "-" "Mozilla/5.0 (compatible; Ezooms/1.0; ezooms.bot@gmail.com)"
208.115.113.91 - - [11/Oct/2013:15:45:26 +0200] "GET /news.php?cs_go=archiv&cs_startpos=160 HTTP/1.1" 200 20610 "-" "Mozilla/5.0 (compatible; Ezooms/1.0; ezooms.bot@gmail.com)"
66.249.73.225 - - [11/Oct/2013:15:46:52 +0200] "GET /robots.txt HTTP/1.1" 200 177 "-" "Mozilla/5.0 (compatible; Googlebot/2.1; +http://www.google.com/bot.html)"
66.249.73.225 - - [11/Oct/2013:15:46:52 +0200] "GET /news.php?cs_go=archiv&cs_id=4407 HTTP/1.1" 200 9423 "-" "Mozilla/5.0 (compatible; Googlebot/2.1; +http://www.google.com/bot.html)"
220.181.108.103 - - [11/Oct/2013:15:48:00 +0200] "GET / HTTP/1.1" 200 6594 "-" "Mozilla/5.0 (compatible; Baiduspider/2.0; +http://www.baidu.com/search/spider.html)"
123.125.71.55 - - [11/Oct/2013:15:51:17 +0200] "GET / HTTP/1.1" 200 6594 "-" "Mozilla/5.0 (compatible; Baiduspider/2.0; +http://www.baidu.com/search/spider.html)"
5.10.83.10 - - [11/Oct/2013:15:55:43 +0200] "GET /news.php?cs_go=archiv&cs_id=4431&cs_search= HTTP/1.1" 200 7838 "-" "Mozilla/5.0 (compatible; AhrefsBot/5.0; +http://ahrefs.com/robot/)"
144.76.62.77 - - [11/Oct/2013:15:57:05 +0200] "GET /robots.txt HTTP/1.1" 200 177 "-" "Python-urllib/2.7"
144.76.62.77 - - [11/Oct/2013:15:57:05 +0200] "GET / HTTP/1.1" 200 12401 "-" "Mozilla/5.0 (Windows NT 6.1; WOW64) AppleWebKit/537.4 (KHTML, like Gecko) Chrome/22.0.1229.94 Safari/537.4"
144.76.62.77 - - [11/Oct/2013:15:57:07 +0200] "GET /style.css HTTP/1.1" 200 8402 "http://www.mink-gmbh.de/" "Mozilla/5.0 (Windows NT 6.1; WOW64) AppleWebKit/537.4 (KHTML, like Gecko) Chrome/22.0.1229.94 Safari/537.4"
144.76.62.77 - - [11/Oct/2013:15:57:07 +0200] "GET /js_contentserver24_greybox/gb_styles.css HTTP/1.1" 200 2302 "http://www.mink-gmbh.de/" "Mozilla/5.0 (Windows NT 6.1; WOW64) AppleWebKit/537.4 (KHTML, like Gecko) Chrome/22.0.1229.94 Safari/537.4"
144.76.62.77 - - [11/Oct/2013:15:57:07 +0200] "GET /js_contentserver24_greybox/AJS.js HTTP/1.1" 200 10396 "http://www.mink-gmbh.de/" "Mozilla/5.0 (Windows NT 6.1; WOW64) AppleWebKit/537.4 (KHTML, like Gecko) Chrome/22.0.1229.94 Safari/537.4"
144.76.62.77 - - [11/Oct/2013:15:57:07 +0200] "GET /js_contentserver24_greybox/AJS_fx.js HTTP/1.1" 200 3192 "http://www.mink-gmbh.de/" "Mozilla/5.0 (Windows NT 6.1; WOW64) AppleWebKit/537.4 (KHTML, like Gecko) Chrome/22.0.1229.94 Safari/537.4"
144.76.62.77 - - [11/Oct/2013:15:57:07 +0200] "GET /js_contentserver24_greybox/gb_scripts.js HTTP/1.1" 200 11913 "http://www.mink-gmbh.de/" "Mozilla/5.0 (Windows NT 6.1; WOW64) AppleWebKit/537.4 (KHTML, like Gecko) Chrome/22.0.1229.94 Safari/537.4"
144.76.62.77 - - [11/Oct/2013:15:57:07 +0200] "GET /modul.css HTTP/1.1" 200 35038 "http://www.mink-gmbh.de/" "Mozilla/5.0 (Windows NT 6.1; WOW64) AppleWebKit/537.4 (KHTML, like Gecko) Chrome/22.0.1229.94 Safari/537.4"
144.76.62.77 - - [11/Oct/2013:15:57:07 +0200] "GET /images/bg.png HTTP/1.1" 200 922 "http://www.mink-gmbh.de/" "Mozilla/5.0 (Windows NT 6.1; WOW64) AppleWebKit/537.4 (KHTML, like Gecko) Chrome/22.0.1229.94 Safari/537.4"
144.76.62.77 - - [11/Oct/2013:15:57:07 +0200] "GET /images/newsletter.png HTTP/1.1" 200 14619 "http://www.mink-gmbh.de/" "Mozilla/5.0 (Windows NT 6.1; WOW64) AppleWebKit/537.4 (KHTML, like Gecko) Chrome/22.0.1229.94 Safari/537.4"
144.76.62.77 - - [11/Oct/2013:15:57:07 +0200] "GET /js_contentserver24_greybox/w_close.gif HTTP/1.1" 200 74 "http://www.mink-gmbh.de/" "Mozilla/5.0 (Windows NT 6.1; WOW64) AppleWebKit/537.4 (KHTML, like Gecko) Chrome/22.0.1229.94 Safari/537.4"
144.76.62.77 - - [11/Oct/2013:15:57:07 +0200] "GET /images/close.png HTTP/1.1" 200 703 "http://www.mink-gmbh.de/" "Mozilla/5.0 (Windows NT 6.1; WOW64) AppleWebKit/537.4 (KHTML, like Gecko) Chrome/22.0.1229.94 Safari/537.4"
144.76.62.77 - - [11/Oct/2013:15:57:07 +0200] "GET /images/navibg.png HTTP/1.1" 200 2803 "http://www.mink-gmbh.de/" "Mozilla/5.0 (Windows NT 6.1; WOW64) AppleWebKit/537.4 (KHTML, like Gecko) Chrome/22.0.1229.94 Safari/537.4"
144.76.62.77 - - [11/Oct/2013:15:57:07 +0200] "GET /images/steigend.png HTTP/1.1" 200 688 "http://www.mink-gmbh.de/" "Mozilla/5.0 (Windows NT 6.1; WOW64) AppleWebKit/537.4 (KHTML, like Gecko) Chrome/22.0.1229.94 Safari/537.4"
144.76.62.77 - - [11/Oct/2013:15:57:07 +0200] "GET /images/fallend.png HTTP/1.1" 200 713 "http://www.mink-gmbh.de/" "Mozilla/5.0 (Windows NT 6.1; WOW64) AppleWebKit/537.4 (KHTML, like Gecko) Chrome/22.0.1229.94 Safari/537.4"
144.76.62.77 - - [11/Oct/2013:15:57:07 +0200] "GET /images/header.jpg HTTP/1.1" 200 25189 "http://www.mink-gmbh.de/" "Mozilla/5.0 (Windows NT 6.1; WOW64) AppleWebKit/537.4 (KHTML, like Gecko) Chrome/22.0.1229.94 Safari/537.4"
144.76.62.77 - - [11/Oct/2013:15:57:07 +0200] "GET /images/newsletter_bg.jpg HTTP/1.1" 200 33610 "http://www.mink-gmbh.de/" "Mozilla/5.0 (Windows NT 6.1; WOW64) AppleWebKit/537.4 (KHTML, like Gecko) Chrome/22.0.1229.94 Safari/537.4"
144.76.62.77 - - [11/Oct/2013:15:57:07 +0200] "GET /images/wrapperbg.jpg HTTP/1.1" 200 27465 "http://www.mink-gmbh.de/" "Mozilla/5.0 (Windows NT 6.1; WOW64) AppleWebKit/537.4 (KHTML, like Gecko) Chrome/22.0.1229.94 Safari/537.4"
