5.10.83.51 - - [04/Oct/2013:02:42:29 +0200] "GET /news.php?cs_go=archiv&cs_id=4521&cs_search= HTTP/1.1" 200 7782 "-" "Mozilla/5.0 (compatible; AhrefsBot/5.0; +http://ahrefs.com/robot/)"
176.9.138.27 - - [04/Oct/2013:02:53:28 +0200] "GET /robots.txt HTTP/1.1" 200 177 "-" "Mozilla/5.0 (compatible; Spiderlytics/1.0; +spider@spiderlytics.com)"
176.9.138.27 - - [04/Oct/2013:02:53:28 +0200] "GET /images/logos.jpg?cache8202 HTTP/1.1" 200 35043 "-" "Mozilla/5.0 (compatible; Spiderlytics/1.0; +spider@spiderlytics.com)"
117.26.85.138 - - [04/Oct/2013:02:54:00 +0200] "GET /news.php?cs_go=archiv&cs_id=4112&cs_search= HTTP/1.0" 200 9472 "http://www.mink-gmbh.de/news.php?cs_go=archiv&cs_id=4112&cs_search=" "Opera/9.80 (Windows NT 6.1; U; Edition Next; ru) Presto/2.11.310 Version/12.50"
5.10.83.101 - - [04/Oct/2013:02:55:54 +0200] "GET /news.php?cs_go=archiv&cs_id=4570&cs_search= HTTP/1.1" 200 8350 "-" "Mozilla/5.0 (compatible; AhrefsBot/5.0; +http://ahrefs.com/robot/)"
66.249.78.46 - - [04/Oct/2013:02:58:00 +0200] "GET /news.php?cs_go=archiv&cs_id=4206&cs_search= HTTP/1.1" 200 11458 "-" "SAMSUNG-SGH-E250/1.0 Profile/MIDP-2.0 Configuration/CLDC-1.1 UP.Browser/6.2.3.3.c.1.101 (GUI) MMP/2.0 (compatible; Googlebot-Mobile/2.1; +http://www.google.com/bot.html)"
5.10.83.53 - - [04/Oct/2013:03:01:20 +0200] "GET /news.php?cs_go=archiv&cs_startpos=221 HTTP/1.1" 200 20346 "-" "Mozilla/5.0 (compatible; AhrefsBot/5.0; +http://ahrefs.com/robot/)"
5.10.83.22 - - [04/Oct/2013:03:03:15 +0200] "GET /news.php?cs_go=archiv&cs_id=4380&cs_search= HTTP/1.1" 200 3525 "-" "Mozilla/5.0 (compatible; AhrefsBot/5.0; +http://ahrefs.com/robot/)"
5.10.83.53 - - [04/Oct/2013:03:11:34 +0200] "GET /kwk.php?cs_go=1 HTTP/1.1" 200 8484 "-" "Mozilla/5.0 (compatible; AhrefsBot/5.0; +http://ahrefs.com/robot/)"
65.36.241.79 - - [04/Oct/2013:03:13:13 +0200] "HEAD / HTTP/1.1" 200 - "-" "InternetSeer.com"
5.10.83.92 - - [04/Oct/2013:03:29:58 +0200] "GET /news.php?cs_go=archiv&cs_startpos=180 HTTP/1.1" 200 20661 "-" "Mozilla/5.0 (compatible; AhrefsBot/5.0; +http://ahrefs.com/robot/)"
5.10.83.104 - - [04/Oct/2013:03:33:04 +0200] "GET /news.php?cs_go=archiv&cs_id=4461&cs_search= HTTP/1.1" 200 7675 "-" "Mozilla/5.0 (compatible; AhrefsBot/5.0; +http://ahrefs.com/robot/)"
5.10.83.104 - - [04/Oct/2013:03:39:07 +0200] "GET /lexikon.php?cs_go=3&cs_id=88 HTTP/1.1" 200 6417 "-" "Mozilla/5.0 (compatible; AhrefsBot/5.0; +http://ahrefs.com/robot/)"
5.10.83.96 - - [04/Oct/2013:03:41:04 +0200] "GET /modernisierung.php?cs_gp_go=plus HTTP/1.1" 200 9289 "-" "Mozilla/5.0 (compatible; AhrefsBot/5.0; +http://ahrefs.com/robot/)"
85.13.131.53 - - [04/Oct/2013:03:44:01 +0200] "GET / HTTP/1.0" 200 5684 "-" "-"
85.13.131.53 - - [04/Oct/2013:03:44:01 +0200] "GET / HTTP/1.0" 200 1686 "-" "-"
208.115.113.91 - - [04/Oct/2013:03:44:50 +0200] "GET /news.php?cs_go=archiv&cs_id=4542&cs_search= HTTP/1.1" 200 7601 "-" "Mozilla/5.0 (compatible; Ezooms/1.0; ezooms.bot@gmail.com)"
208.115.111.75 - - [04/Oct/2013:03:45:29 +0200] "GET /robots.txt HTTP/1.1" 200 177 "-" "Mozilla/5.0 (compatible; Ezooms/1.0; ezooms.bot@gmail.com)"
157.56.93.39 - - [04/Oct/2013:03:51:18 +0200] "GET /robots.txt HTTP/1.1" 200 177 "-" "Mozilla/5.0 (compatible; bingbot/2.0; +http://www.bing.com/bingbot.htm)"
157.56.93.39 - - [04/Oct/2013:03:52:00 +0200] "GET /diesel.php HTTP/1.1" 200 8229 "-" "Mozilla/5.0 (compatible; bingbot/2.0; +http://www.bing.com/bingbot.htm)"
5.10.83.96 - - [04/Oct/2013:04:07:38 +0200] "GET /news.php?cs_go=archiv&cs_id=4390&cs_search= HTTP/1.1" 200 11567 "-" "Mozilla/5.0 (compatible; AhrefsBot/5.0; +http://ahrefs.com/robot/)"
5.10.83.7 - - [04/Oct/2013:04:13:36 +0200] "GET /lexikon.php?cs_go=3&cs_id=166 HTTP/1.1" 200 6792 "-" "Mozilla/5.0 (compatible; AhrefsBot/5.0; +http://ahrefs.com/robot/)"
5.10.83.53 - - [04/Oct/2013:04:16:16 +0200] "GET /lexikon.php?cs_go=3&cs_id=98 HTTP/1.1" 200 6016 "-" "Mozilla/5.0 (compatible; AhrefsBot/5.0; +http://ahrefs.com/robot/)"
5.10.83.104 - - [04/Oct/2013:04:18:31 +0200] "GET /lexikon.php?cs_go=3&cs_id=137 HTTP/1.1" 200 6927 "-" "Mozilla/5.0 (compatible; AhrefsBot/5.0; +http://ahrefs.com/robot/)"
5.10.83.74 - - [04/Oct/2013:04:21:54 +0200] "GET /news.php?cs_go=archiv&cs_id=4527&cs_search= HTTP/1.1" 200 11934 "-" "Mozilla/5.0 (compatible; AhrefsBot/5.0; +http://ahrefs.com/robot/)"
176.9.138.27 - - [04/Oct/2013:04:25:30 +0200] "GET /robots.txt HTTP/1.1" 200 177 "-" "Mozilla/5.0 (compatible; Spiderlytics/1.0; +spider@spiderlytics.com)"
176.9.138.27 - - [04/Oct/2013:04:25:30 +0200] "GET /images/logos.jpg?cache5136 HTTP/1.1" 200 35043 "-" "Mozilla/5.0 (compatible; Spiderlytics/1.0; +spider@spiderlytics.com)"
5.10.83.74 - - [04/Oct/2013:04:28:04 +0200] "GET /news.php?cs_go=archiv&cs_startpos=250 HTTP/1.1" 200 15820 "-" "Mozilla/5.0 (compatible; AhrefsBot/5.0; +http://ahrefs.com/robot/)"
5.10.83.74 - - [04/Oct/2013:04:29:55 +0200] "GET /news.php?cs_go=archiv&cs_id=4568&cs_search= HTTP/1.1" 200 9668 "-" "Mozilla/5.0 (compatible; AhrefsBot/5.0; +http://ahrefs.com/robot/)"
5.10.83.51 - - [04/Oct/2013:04:55:41 +0200] "GET /lexikon.php?cs_go=3&cs_id=231 HTTP/1.1" 200 5972 "-" "Mozilla/5.0 (compatible; AhrefsBot/5.0; +http://ahrefs.com/robot/)"
77.81.178.250 - - [04/Oct/2013:04:56:58 +0200] "GET / HTTP/1.1" 200 12422 "-" "-"
5.10.83.22 - - [04/Oct/2013:05:02:33 +0200] "GET /lexikon.php?cs_go=3&cs_id=97 HTTP/1.1" 200 9076 "-" "Mozilla/5.0 (compatible; AhrefsBot/5.0; +http://ahrefs.com/robot/)"
5.10.83.51 - - [04/Oct/2013:05:06:48 +0200] "GET /news.php?cs_go=archiv&cs_id=4337&cs_search= HTTP/1.1" 200 8826 "-" "Mozilla/5.0 (compatible; AhrefsBot/5.0; +http://ahrefs.com/robot/)"
5.10.83.104 - - [04/Oct/2013:05:08:33 +0200] "GET /lexikon.php?cs_go=3&cs_id=139 HTTP/1.1" 200 5795 "-" "Mozilla/5.0 (compatible; AhrefsBot/5.0; +http://ahrefs.com/robot/)"
5.10.83.104 - - [04/Oct/2013:05:09:38 +0200] "GET /lexikon.php?cs_go=3&cs_id=84 HTTP/1.1" 200 5956 "-" "Mozilla/5.0 (compatible; AhrefsBot/5.0; +http://ahrefs.com/robot/)"
5.10.83.96 - - [04/Oct/2013:05:10:40 +0200] "GET /lexikon.php?cs_go=3&cs_id=143 HTTP/1.1" 200 6899 "-" "Mozilla/5.0 (compatible; AhrefsBot/5.0; +http://ahrefs.com/robot/)"
66.249.78.46 - - [04/Oct/2013:05:11:18 +0200] "GET /images/logos.jpg?cache9982 HTTP/1.1" 200 35043 "-" "Googlebot-Image/1.0"
66.249.78.46 - - [04/Oct/2013:05:12:43 +0200] "GET /images/logos.jpg?cache1558 HTTP/1.1" 200 35043 "-" "Googlebot-Image/1.0"
66.249.78.46 - - [04/Oct/2013:05:16:01 +0200] "GET /images/logos.jpg?cache1608 HTTP/1.1" 200 35043 "-" "Googlebot-Image/1.0"
5.10.83.53 - - [04/Oct/2013:05:17:56 +0200] "GET /lexikon.php?cs_go=3&cs_id=121 HTTP/1.1" 200 5974 "-" "Mozilla/5.0 (compatible; AhrefsBot/5.0; +http://ahrefs.com/robot/)"
5.10.83.101 - - [04/Oct/2013:05:22:26 +0200] "GET /news.php?cs_go=archiv&cs_id=4371&cs_search= HTTP/1.1" 200 7840 "-" "Mozilla/5.0 (compatible; AhrefsBot/5.0; +http://ahrefs.com/robot/)"
5.10.83.104 - - [04/Oct/2013:05:28:06 +0200] "GET /kwk.php?cs_go=4 HTTP/1.1" 200 7855 "-" "Mozilla/5.0 (compatible; AhrefsBot/5.0; +http://ahrefs.com/robot/)"
66.249.66.49 - - [04/Oct/2013:05:30:50 +0200] "GET /news.php HTTP/1.1" 200 20018 "-" "Mozilla/5.0 (iPhone; U; CPU iPhone OS 4_1 like Mac OS X; en-us) AppleWebKit/532.9 (KHTML, like Gecko) Version/4.0.5 Mobile/8B117 Safari/6531.22.7 (compatible; Googlebot-Mobile/2.1; +http://www.google.com/bot.html)"
208.115.111.75 - - [04/Oct/2013:05:38:54 +0200] "GET /modernisierung.php HTTP/1.1" 200 9289 "-" "Mozilla/5.0 (compatible; Ezooms/1.0; ezooms.bot@gmail.com)"
208.115.111.75 - - [04/Oct/2013:05:38:57 +0200] "GET /news.php?cs_go=archiv&cs_id=4270&cs_search= HTTP/1.1" 200 9135 "-" "Mozilla/5.0 (compatible; Ezooms/1.0; ezooms.bot@gmail.com)"
208.115.111.75 - - [04/Oct/2013:05:39:00 +0200] "GET /news.php?cs_go=archiv&cs_id=4498&cs_search= HTTP/1.1" 200 9227 "-" "Mozilla/5.0 (compatible; Ezooms/1.0; ezooms.bot@gmail.com)"
208.115.113.91 - - [04/Oct/2013:05:46:48 +0200] "GET /robots.txt HTTP/1.1" 200 177 "-" "Mozilla/5.0 (compatible; Ezooms/1.0; ezooms.bot@gmail.com)"
27.153.186.12 - - [04/Oct/2013:05:58:10 +0200] "GET /news.php?cs_go=archiv&cs_id=4112&cs_search= HTTP/1.0" 200 9472 "http://www.mink-gmbh.de/news.php?cs_go=archiv&cs_id=4112&cs_search=" "Mozilla/5.0 (Windows NT 6.1; WOW64) AppleWebKit/535.19 (KHTML, like Gecko) Chrome/18.0.1025.152 Safari/535.19 CoolNovo/2.0.3.55"
176.9.138.27 - - [04/Oct/2013:06:30:07 +0200] "GET /robots.txt HTTP/1.1" 200 177 "-" "Mozilla/5.0 (compatible; Spiderlytics/1.0; +spider@spiderlytics.com)"
176.9.138.27 - - [04/Oct/2013:06:30:07 +0200] "GET /images/logos.jpg?cache1083 HTTP/1.1" 200 35043 "-" "Mozilla/5.0 (compatible; Spiderlytics/1.0; +spider@spiderlytics.com)"
199.30.20.52 - - [04/Oct/2013:06:30:58 +0200] "GET /robots.txt HTTP/1.1" 200 177 "-" "msnbot-media/1.1 (+http://search.msn.com/msnbot.htm)"
199.30.20.52 - - [04/Oct/2013:06:30:58 +0200] "GET /images/logos.jpg?cache3721 HTTP/1.1" 200 35043 "-" "msnbot-media/1.1 (+http://search.msn.com/msnbot.htm)"
68.233.228.195 - - [04/Oct/2013:07:20:13 +0200] "GET /robots.txt HTTP/1.0" 200 177 "-" "Nutch12/Nutch-1.2"
110.85.107.89 - - [04/Oct/2013:07:51:07 +0200] "GET /news.php?cs_go=archiv&cs_id=4269&cs_search= HTTP/1.0" 200 9460 "http://www.mink-gmbh.de/news.php?cs_go=archiv&cs_id=4269&cs_search=" "Opera/9.80 (Windows NT 5.1; U; MRA 8.0 (build 5784); ru) Presto/2.10.289 Version/12.02"
208.115.113.91 - - [04/Oct/2013:07:51:48 +0200] "GET /kwk.php?cs_go=4 HTTP/1.1" 200 7855 "-" "Mozilla/5.0 (compatible; Ezooms/1.0; ezooms.bot@gmail.com)"
208.115.113.91 - - [04/Oct/2013:07:51:51 +0200] "GET /news.php?cs_go=archiv&cs_startpos=170 HTTP/1.1" 200 20308 "-" "Mozilla/5.0 (compatible; Ezooms/1.0; ezooms.bot@gmail.com)"
66.249.78.46 - - [04/Oct/2013:07:59:32 +0200] "GET /robots.txt HTTP/1.1" 200 177 "-" "Mozilla/5.0 (compatible; Googlebot/2.1; +http://www.google.com/bot.html)"
66.249.78.46 - - [04/Oct/2013:07:59:33 +0200] "GET /news.php?cs_go=archiv&cs_startpos=0 HTTP/1.1" 200 20018 "-" "Mozilla/5.0 (iPhone; U; CPU iPhone OS 4_1 like Mac OS X; en-us) AppleWebKit/532.9 (KHTML, like Gecko) Version/4.0.5 Mobile/8B117 Safari/6531.22.7 (compatible; Googlebot-Mobile/2.1; +http://www.google.com/bot.html)"
65.36.241.79 - - [04/Oct/2013:08:18:00 +0200] "HEAD / HTTP/1.1" 200 - "-" "InternetSeer.com"
66.249.78.46 - - [04/Oct/2013:08:30:19 +0200] "GET / HTTP/1.1" 200 12422 "-" "Mozilla/5.0 (compatible; Googlebot/2.1; +http://www.google.com/bot.html)"
66.249.66.49 - - [04/Oct/2013:08:38:57 +0200] "GET /news.php?cs_go=archiv&cs_id=4609 HTTP/1.1" 200 13932 "-" "Mozilla/5.0 (compatible; Googlebot/2.1; +http://www.google.com/bot.html)"
66.249.78.46 - - [04/Oct/2013:08:39:53 +0200] "GET /news.php?cs_go=archiv&cs_id=4607 HTTP/1.1" 200 7645 "-" "Mozilla/5.0 (compatible; Googlebot/2.1; +http://www.google.com/bot.html)"
66.249.78.46 - - [04/Oct/2013:08:52:53 +0200] "GET /news.php?cs_go=archiv&cs_id=4602 HTTP/1.1" 200 8005 "-" "Mozilla/5.0 (compatible; Googlebot/2.1; +http://www.google.com/bot.html)"
66.249.78.46 - - [04/Oct/2013:08:56:39 +0200] "GET /news.php?cs_go=archiv&cs_id=4608 HTTP/1.1" 200 11354 "-" "Mozilla/5.0 (compatible; Googlebot/2.1; +http://www.google.com/bot.html)"
66.249.78.46 - - [04/Oct/2013:09:40:34 +0200] "GET /news.php HTTP/1.1" 200 20018 "-" "Mozilla/5.0 (compatible; Googlebot/2.1; +http://www.google.com/bot.html)"
66.249.78.46 - - [04/Oct/2013:09:49:58 +0200] "GET /news.php?cs_go=archiv&cs_id=4607&cs_search= HTTP/1.1" 200 7645 "-" "Mozilla/5.0 (compatible; Googlebot/2.1; +http://www.google.com/bot.html)"
66.249.78.46 - - [04/Oct/2013:09:53:32 +0200] "GET /news.php?cs_go=archiv&cs_id=4609&cs_search= HTTP/1.1" 200 13932 "-" "Mozilla/5.0 (compatible; Googlebot/2.1; +http://www.google.com/bot.html)"
66.249.78.46 - - [04/Oct/2013:10:06:56 +0200] "GET /news.php?cs_go=archiv&cs_id=4608&cs_search= HTTP/1.1" 200 11354 "-" "Mozilla/5.0 (compatible; Googlebot/2.1; +http://www.google.com/bot.html)"
66.249.78.46 - - [04/Oct/2013:10:09:17 +0200] "GET /news.php?cs_go=archiv&cs_id=4602&cs_search= HTTP/1.1" 200 8005 "-" "Mozilla/5.0 (compatible; Googlebot/2.1; +http://www.google.com/bot.html)"
66.249.78.46 - - [04/Oct/2013:10:11:33 +0200] "GET /style.css HTTP/1.1" 200 8402 "http://www.mink-gmbh.de/news.php?cs_go=archiv&cs_id=4608&cs_search=" "Mozilla/5.0 (compatible; Googlebot/2.1; +http://www.google.com/bot.html)"
66.249.78.46 - - [04/Oct/2013:10:14:49 +0200] "GET /news.php?cs_go=archiv&cs_startpos=50 HTTP/1.1" 200 20493 "-" "Mozilla/5.0 (iPhone; U; CPU iPhone OS 4_1 like Mac OS X; en-us) AppleWebKit/532.9 (KHTML, like Gecko) Version/4.0.5 Mobile/8B117 Safari/6531.22.7 (compatible; Googlebot-Mobile/2.1; +http://www.google.com/bot.html)"
66.249.78.46 - - [04/Oct/2013:10:24:40 +0200] "GET /optiplus.php HTTP/1.1" 200 8676 "-" "Mozilla/5.0 (compatible; Googlebot/2.1; +http://www.google.com/bot.html)"
66.249.78.46 - - [04/Oct/2013:11:12:07 +0200] "GET /news.php?cs_go=archiv&cs_id=4596&cs_search= HTTP/1.1" 200 9426 "-" "Mozilla/5.0 (iPhone; U; CPU iPhone OS 4_1 like Mac OS X; en-us) AppleWebKit/532.9 (KHTML, like Gecko) Version/4.0.5 Mobile/8B117 Safari/6531.22.7 (compatible; Googlebot-Mobile/2.1; +http://www.google.com/bot.html)"
66.249.66.49 - - [04/Oct/2013:11:20:21 +0200] "GET /preisanfrage.php HTTP/1.1" 200 8557 "-" "Mozilla/5.0 (compatible; Googlebot/2.1; +http://www.google.com/bot.html)"
88.79.148.202 - - [04/Oct/2013:11:22:00 +0200] "GET /style.css HTTP/1.1" 200 8402 "http://www.mink-gmbh.de/news.php?cs_go=archiv&cs_id=2851&cs_search=" "Mozilla/5.0 (Windows NT 6.1; WOW64; rv:24.0) Gecko/20100101 Firefox/24.0"
88.79.148.202 - - [04/Oct/2013:11:22:00 +0200] "GET /favicon.ico HTTP/1.1" 200 3638 "-" "Mozilla/5.0 (Windows NT 6.1; WOW64; rv:24.0) Gecko/20100101 Firefox/24.0"
88.79.148.202 - - [04/Oct/2013:11:22:00 +0200] "GET /news.php?cs_go=archiv&cs_id=2851&cs_search= HTTP/1.1" 200 12687 "http://www.google.de/url?sa=t&rct=j&q=&esrc=s&source=web&cd=73&ved=0CDoQFjACOEY&url=http%3A%2F%2Fwww.mink-gmbh.de%2Fnews.php%3Fcs_go%3Darchiv%26cs_id%3D2851%26cs_search%3D&ei=f4hOUuqEFOTx4QTtt4HICQ&usg=AFQjCNE4aPrNgdHZ8zNB7DmP7MwuNat25Q&bvm=bv.53537100,d.bGE" "Mozilla/5.0 (Windows NT 6.1; WOW64; rv:24.0) Gecko/20100101 Firefox/24.0"
88.79.148.202 - - [04/Oct/2013:11:22:00 +0200] "GET /modul.css HTTP/1.1" 200 35038 "http://www.mink-gmbh.de/news.php?cs_go=archiv&cs_id=2851&cs_search=" "Mozilla/5.0 (Windows NT 6.1; WOW64; rv:24.0) Gecko/20100101 Firefox/24.0"
88.79.148.202 - - [04/Oct/2013:11:22:00 +0200] "GET /images/freecall.jpg HTTP/1.1" 200 39195 "http://www.mink-gmbh.de/news.php?cs_go=archiv&cs_id=2851&cs_search=" "Mozilla/5.0 (Windows NT 6.1; WOW64; rv:24.0) Gecko/20100101 Firefox/24.0"
88.79.148.202 - - [04/Oct/2013:11:22:00 +0200] "GET /images/kwk.gif HTTP/1.1" 200 6403 "http://www.mink-gmbh.de/news.php?cs_go=archiv&cs_id=2851&cs_search=" "Mozilla/5.0 (Windows NT 6.1; WOW64; rv:24.0) Gecko/20100101 Firefox/24.0"
88.79.148.202 - - [04/Oct/2013:11:22:00 +0200] "GET /images/wunschpreis.jpg HTTP/1.1" 200 16767 "http://www.mink-gmbh.de/news.php?cs_go=archiv&cs_id=2851&cs_search=" "Mozilla/5.0 (Windows NT 6.1; WOW64; rv:24.0) Gecko/20100101 Firefox/24.0"
88.79.148.202 - - [04/Oct/2013:11:22:00 +0200] "GET /images/newsletter.png HTTP/1.1" 200 14619 "http://www.mink-gmbh.de/style.css" "Mozilla/5.0 (Windows NT 6.1; WOW64; rv:24.0) Gecko/20100101 Firefox/24.0"
88.79.148.202 - - [04/Oct/2013:11:22:00 +0200] "GET /images/bg.png HTTP/1.1" 200 922 "http://www.mink-gmbh.de/style.css" "Mozilla/5.0 (Windows NT 6.1; WOW64; rv:24.0) Gecko/20100101 Firefox/24.0"
88.79.148.202 - - [04/Oct/2013:11:22:00 +0200] "GET /images/wrapperbg.jpg HTTP/1.1" 200 27465 "http://www.mink-gmbh.de/style.css" "Mozilla/5.0 (Windows NT 6.1; WOW64; rv:24.0) Gecko/20100101 Firefox/24.0"
88.79.148.202 - - [04/Oct/2013:11:22:00 +0200] "GET /images/header.jpg HTTP/1.1" 200 25189 "http://www.mink-gmbh.de/style.css" "Mozilla/5.0 (Windows NT 6.1; WOW64; rv:24.0) Gecko/20100101 Firefox/24.0"
88.79.148.202 - - [04/Oct/2013:11:22:00 +0200] "GET /images/navibg.png HTTP/1.1" 200 2803 "http://www.mink-gmbh.de/style.css" "Mozilla/5.0 (Windows NT 6.1; WOW64; rv:24.0) Gecko/20100101 Firefox/24.0"
88.79.148.202 - - [04/Oct/2013:11:22:00 +0200] "GET /images/footerbg.jpg HTTP/1.1" 200 2184 "http://www.mink-gmbh.de/style.css" "Mozilla/5.0 (Windows NT 6.1; WOW64; rv:24.0) Gecko/20100101 Firefox/24.0"
88.79.148.202 - - [04/Oct/2013:11:22:00 +0200] "GET /images/logos.jpg?cache9326 HTTP/1.1" 200 35043 "http://www.mink-gmbh.de/news.php?cs_go=archiv&cs_id=2851&cs_search=" "Mozilla/5.0 (Windows NT 6.1; WOW64; rv:24.0) Gecko/20100101 Firefox/24.0"
199.30.16.4 - - [04/Oct/2013:11:40:16 +0200] "GET /robots.txt HTTP/1.1" 200 177 "-" "msnbot-media/1.1 (+http://search.msn.com/msnbot.htm)"
199.30.16.4 - - [04/Oct/2013:11:40:17 +0200] "GET /images/freecall.jpg HTTP/1.1" 200 39195 "-" "msnbot-media/1.1 (+http://search.msn.com/msnbot.htm)"
208.43.225.85 - - [04/Oct/2013:12:03:54 +0200] "GET /robots.txt HTTP/1.1" 200 177 "-" "Mozilla/5.0 (compatible; SiteExplorer/1.0b; +http://siteexplorer.info/)"
208.43.225.85 - - [04/Oct/2013:12:03:58 +0200] "GET /news.php?cs_go=archiv&cs_id=4581&cs_search= HTTP/1.1" 200 6242 "-" "Mozilla/5.0 (compatible; SiteExplorer/1.0b; +http://siteexplorer.info/)"
208.43.225.85 - - [04/Oct/2013:12:04:09 +0200] "GET /news.php?cs_go=archiv&cs_id=4580&cs_search= HTTP/1.1" 200 20020 "-" "Mozilla/5.0 (compatible; SiteExplorer/1.0b; +http://siteexplorer.info/)"
208.43.225.85 - - [04/Oct/2013:12:04:19 +0200] "GET /news.php?cs_go=archiv&cs_id=4579&cs_search= HTTP/1.1" 200 20020 "-" "Mozilla/5.0 (compatible; SiteExplorer/1.0b; +http://siteexplorer.info/)"
208.43.225.85 - - [04/Oct/2013:12:04:29 +0200] "GET /news.php?cs_go=archiv&cs_id=4578&cs_search= HTTP/1.1" 200 20020 "-" "Mozilla/5.0 (compatible; SiteExplorer/1.0b; +http://siteexplorer.info/)"
208.43.225.85 - - [04/Oct/2013:12:04:39 +0200] "GET /news.php?cs_go=archiv&cs_id=4577&cs_search= HTTP/1.1" 200 20020 "-" "Mozilla/5.0 (compatible; SiteExplorer/1.0b; +http://siteexplorer.info/)"
208.43.225.85 - - [04/Oct/2013:12:04:49 +0200] "GET /news.php?cs_go=archiv&cs_id=4568&cs_search= HTTP/1.1" 200 20020 "-" "Mozilla/5.0 (compatible; SiteExplorer/1.0b; +http://siteexplorer.info/)"
208.43.225.85 - - [04/Oct/2013:12:04:59 +0200] "GET /news.php?cs_go=archiv&cs_id=4557&cs_search= HTTP/1.1" 200 20020 "-" "Mozilla/5.0 (compatible; SiteExplorer/1.0b; +http://siteexplorer.info/)"
208.43.225.85 - - [04/Oct/2013:12:05:10 +0200] "GET /news.php?cs_go=archiv&cs_id=4556&cs_search= HTTP/1.1" 200 20020 "-" "Mozilla/5.0 (compatible; SiteExplorer/1.0b; +http://siteexplorer.info/)"
208.43.225.85 - - [04/Oct/2013:12:05:20 +0200] "GET /news.php HTTP/1.1" 200 20020 "-" "Mozilla/5.0 (compatible; SiteExplorer/1.0b; +http://siteexplorer.info/)"
208.43.225.85 - - [04/Oct/2013:12:05:30 +0200] "GET /modernisierung.php HTTP/1.1" 200 9289 "-" "Mozilla/5.0 (compatible; SiteExplorer/1.0b; +http://siteexplorer.info/)"
208.43.225.85 - - [04/Oct/2013:12:05:40 +0200] "GET /lexikon.php HTTP/1.1" 200 8152 "-" "Mozilla/5.0 (compatible; SiteExplorer/1.0b; +http://siteexplorer.info/)"
77.75.77.17 - - [04/Oct/2013:12:16:13 +0200] "GET /robots.txt HTTP/1.1" 200 177 "-" "SeznamBot/3.0 (+http://fulltext.sblog.cz/)"
77.75.77.17 - - [04/Oct/2013:12:16:13 +0200] "GET /impressum.php HTTP/1.1" 200 6360 "-" "SeznamBot/3.0 (+http://fulltext.sblog.cz/)"
77.75.77.17 - - [04/Oct/2013:12:16:54 +0200] "GET /agb.php HTTP/1.1" 200 17598 "-" "SeznamBot/3.0 (+http://fulltext.sblog.cz/)"
80.187.107.68 - - [04/Oct/2013:12:27:26 +0200] "GET /modul.css HTTP/1.1" 200 35038 "http://www.mink-gmbh.de/" "Mozilla/5.0 (BB10; Touch) AppleWebKit/537.10+ (KHTML, like Gecko) Version/10.1.0.1720 Mobile Safari/537.10+"
80.187.107.68 - - [04/Oct/2013:12:27:26 +0200] "GET /js_contentserver24_greybox/AJS.js HTTP/1.1" 200 10396 "http://www.mink-gmbh.de/" "Mozilla/5.0 (BB10; Touch) AppleWebKit/537.10+ (KHTML, like Gecko) Version/10.1.0.1720 Mobile Safari/537.10+"
80.187.107.68 - - [04/Oct/2013:12:27:26 +0200] "GET /js_contentserver24_greybox/AJS_fx.js HTTP/1.1" 200 3192 "http://www.mink-gmbh.de/" "Mozilla/5.0 (BB10; Touch) AppleWebKit/537.10+ (KHTML, like Gecko) Version/10.1.0.1720 Mobile Safari/537.10+"
80.187.107.68 - - [04/Oct/2013:12:27:26 +0200] "GET /js_contentserver24_greybox/gb_styles.css HTTP/1.1" 200 2302 "http://www.mink-gmbh.de/" "Mozilla/5.0 (BB10; Touch) AppleWebKit/537.10+ (KHTML, like Gecko) Version/10.1.0.1720 Mobile Safari/537.10+"
80.187.107.68 - - [04/Oct/2013:12:27:26 +0200] "GET /js_contentserver24_greybox/gb_scripts.js HTTP/1.1" 200 11913 "http://www.mink-gmbh.de/" "Mozilla/5.0 (BB10; Touch) AppleWebKit/537.10+ (KHTML, like Gecko) Version/10.1.0.1720 Mobile Safari/537.10+"
80.187.107.68 - - [04/Oct/2013:12:27:26 +0200] "GET / HTTP/1.1" 200 12420 "http://www.bing.com/search?q=mink%20berlin&PC=RIMBINGD&A=results" "Mozilla/5.0 (BB10; Touch) AppleWebKit/537.10+ (KHTML, like Gecko) Version/10.1.0.1720 Mobile Safari/537.10+"
80.187.107.68 - - [04/Oct/2013:12:27:28 +0200] "GET /style.css HTTP/1.1" 200 8402 "http://www.mink-gmbh.de/" "Mozilla/5.0 (BB10; Touch) AppleWebKit/537.10+ (KHTML, like Gecko) Version/10.1.0.1720 Mobile Safari/537.10+"
80.187.107.68 - - [04/Oct/2013:12:27:47 +0200] "GET /images/bg.png HTTP/1.1" 200 922 "http://www.mink-gmbh.de/" "Mozilla/5.0 (BB10; Touch) AppleWebKit/537.10+ (KHTML, like Gecko) Version/10.1.0.1720 Mobile Safari/537.10+"
80.187.107.68 - - [04/Oct/2013:12:27:48 +0200] "GET /images/fallend.png HTTP/1.1" 200 713 "http://www.mink-gmbh.de/" "Mozilla/5.0 (BB10; Touch) AppleWebKit/537.10+ (KHTML, like Gecko) Version/10.1.0.1720 Mobile Safari/537.10+"
80.187.107.68 - - [04/Oct/2013:12:27:48 +0200] "GET /images/tkw.jpg HTTP/1.1" 200 64031 "http://www.mink-gmbh.de/" "Mozilla/5.0 (BB10; Touch) AppleWebKit/537.10+ (KHTML, like Gecko) Version/10.1.0.1720 Mobile Safari/537.10+"
80.187.107.68 - - [04/Oct/2013:12:27:49 +0200] "GET /images/header.jpg HTTP/1.1" 200 25189 "http://www.mink-gmbh.de/" "Mozilla/5.0 (BB10; Touch) AppleWebKit/537.10+ (KHTML, like Gecko) Version/10.1.0.1720 Mobile Safari/537.10+"
80.187.107.68 - - [04/Oct/2013:12:27:49 +0200] "GET /images/navibg.png HTTP/1.1" 200 2803 "http://www.mink-gmbh.de/" "Mozilla/5.0 (BB10; Touch) AppleWebKit/537.10+ (KHTML, like Gecko) Version/10.1.0.1720 Mobile Safari/537.10+"
80.187.107.68 - - [04/Oct/2013:12:27:49 +0200] "GET /images/newsletter.png HTTP/1.1" 200 14619 "http://www.mink-gmbh.de/" "Mozilla/5.0 (BB10; Touch) AppleWebKit/537.10+ (KHTML, like Gecko) Version/10.1.0.1720 Mobile Safari/537.10+"
80.187.107.68 - - [04/Oct/2013:12:27:49 +0200] "GET /images/wrapperbg.jpg HTTP/1.1" 200 27465 "http://www.mink-gmbh.de/" "Mozilla/5.0 (BB10; Touch) AppleWebKit/537.10+ (KHTML, like Gecko) Version/10.1.0.1720 Mobile Safari/537.10+"
80.187.107.68 - - [04/Oct/2013:12:27:49 +0200] "GET /images/newsletter_bg.jpg HTTP/1.1" 200 33610 "http://www.mink-gmbh.de/" "Mozilla/5.0 (BB10; Touch) AppleWebKit/537.10+ (KHTML, like Gecko) Version/10.1.0.1720 Mobile Safari/537.10+"
80.187.107.68 - - [04/Oct/2013:12:27:50 +0200] "GET /images/close.png HTTP/1.1" 200 703 "http://www.mink-gmbh.de/" "Mozilla/5.0 (BB10; Touch) AppleWebKit/537.10+ (KHTML, like Gecko) Version/10.1.0.1720 Mobile Safari/537.10+"
80.187.107.68 - - [04/Oct/2013:12:27:50 +0200] "GET /js_contentserver24_greybox/w_close.gif HTTP/1.1" 200 74 "http://www.mink-gmbh.de/" "Mozilla/5.0 (BB10; Touch) AppleWebKit/537.10+ (KHTML, like Gecko) Version/10.1.0.1720 Mobile Safari/537.10+"
80.187.107.68 - - [04/Oct/2013:12:27:50 +0200] "GET /images/team-energie.png HTTP/1.1" 200 17383 "http://www.mink-gmbh.de/" "Mozilla/5.0 (BB10; Touch) AppleWebKit/537.10+ (KHTML, like Gecko) Version/10.1.0.1720 Mobile Safari/537.10+"
80.187.107.68 - - [04/Oct/2013:12:27:50 +0200] "GET /images/mobil.jpg HTTP/1.1" 200 25293 "http://www.mink-gmbh.de/" "Mozilla/5.0 (BB10; Touch) AppleWebKit/537.10+ (KHTML, like Gecko) Version/10.1.0.1720 Mobile Safari/537.10+"
80.187.107.68 - - [04/Oct/2013:12:27:50 +0200] "GET /images/newsletter.jpg HTTP/1.1" 200 13130 "http://www.mink-gmbh.de/" "Mozilla/5.0 (BB10; Touch) AppleWebKit/537.10+ (KHTML, like Gecko) Version/10.1.0.1720 Mobile Safari/537.10+"
80.187.107.68 - - [04/Oct/2013:12:27:53 +0200] "GET /images/freecall.jpg HTTP/1.1" 200 39195 "http://www.mink-gmbh.de/" "Mozilla/5.0 (BB10; Touch) AppleWebKit/537.10+ (KHTML, like Gecko) Version/10.1.0.1720 Mobile Safari/537.10+"
80.187.107.68 - - [04/Oct/2013:12:27:54 +0200] "GET /images/mail.jpg HTTP/1.1" 200 11165 "http://www.mink-gmbh.de/" "Mozilla/5.0 (BB10; Touch) AppleWebKit/537.10+ (KHTML, like Gecko) Version/10.1.0.1720 Mobile Safari/537.10+"
80.187.107.68 - - [04/Oct/2013:12:27:56 +0200] "GET /images/steigend.png HTTP/1.1" 200 688 "http://www.mink-gmbh.de/" "Mozilla/5.0 (BB10; Touch) AppleWebKit/537.10+ (KHTML, like Gecko) Version/10.1.0.1720 Mobile Safari/537.10+"
80.187.107.68 - - [04/Oct/2013:12:28:10 +0200] "GET /images/kwk.gif HTTP/1.1" 200 6403 "http://www.mink-gmbh.de/" "Mozilla/5.0 (BB10; Touch) AppleWebKit/537.10+ (KHTML, like Gecko) Version/10.1.0.1720 Mobile Safari/537.10+"
80.187.107.68 - - [04/Oct/2013:12:28:26 +0200] "GET /images/wunschpreis.jpg HTTP/1.1" 200 16767 "http://www.mink-gmbh.de/" "Mozilla/5.0 (BB10; Touch) AppleWebKit/537.10+ (KHTML, like Gecko) Version/10.1.0.1720 Mobile Safari/537.10+"
80.187.107.68 - - [04/Oct/2013:12:28:35 +0200] "GET /images/logos.jpg?cache1583 HTTP/1.1" 200 35043 "http://www.mink-gmbh.de/" "Mozilla/5.0 (BB10; Touch) AppleWebKit/537.10+ (KHTML, like Gecko) Version/10.1.0.1720 Mobile Safari/537.10+"
80.187.107.68 - - [04/Oct/2013:12:28:39 +0200] "GET /images/footerbg.jpg HTTP/1.1" 200 2184 "http://www.mink-gmbh.de/" "Mozilla/5.0 (BB10; Touch) AppleWebKit/537.10+ (KHTML, like Gecko) Version/10.1.0.1720 Mobile Safari/537.10+"
80.187.107.68 - - [04/Oct/2013:12:28:42 +0200] "GET /js_contentserver24_greybox/loader_frame.html?s=0 HTTP/1.1" 200 2084 "http://www.mink-gmbh.de/" "Mozilla/5.0 (BB10; Touch) AppleWebKit/537.10+ (KHTML, like Gecko) Version/10.1.0.1720 Mobile Safari/537.10+"
80.187.107.68 - - [04/Oct/2013:12:28:46 +0200] "GET /kontakt.php HTTP/1.1" 200 7021 "http://www.mink-gmbh.de/" "Mozilla/5.0 (BB10; Touch) AppleWebKit/537.10+ (KHTML, like Gecko) Version/10.1.0.1720 Mobile Safari/537.10+"
80.187.107.68 - - [04/Oct/2013:12:28:51 +0200] "GET /images/logos.jpg?cache2899 HTTP/1.1" 200 35043 "http://www.mink-gmbh.de/kontakt.php" "Mozilla/5.0 (BB10; Touch) AppleWebKit/537.10+ (KHTML, like Gecko) Version/10.1.0.1720 Mobile Safari/537.10+"
80.187.107.68 - - [04/Oct/2013:12:28:51 +0200] "GET /images/kwk.gif HTTP/1.1" 200 6403 "http://www.mink-gmbh.de/kontakt.php" "Mozilla/5.0 (BB10; Touch) AppleWebKit/537.10+ (KHTML, like Gecko) Version/10.1.0.1720 Mobile Safari/537.10+"
80.187.107.68 - - [04/Oct/2013:12:28:51 +0200] "GET /images/wunschpreis.jpg HTTP/1.1" 200 16767 "http://www.mink-gmbh.de/kontakt.php" "Mozilla/5.0 (BB10; Touch) AppleWebKit/537.10+ (KHTML, like Gecko) Version/10.1.0.1720 Mobile Safari/537.10+"
80.187.107.68 - - [04/Oct/2013:12:28:51 +0200] "GET /images/freecall.jpg HTTP/1.1" 200 39195 "http://www.mink-gmbh.de/kontakt.php" "Mozilla/5.0 (BB10; Touch) AppleWebKit/537.10+ (KHTML, like Gecko) Version/10.1.0.1720 Mobile Safari/537.10+"
80.187.107.68 - - [04/Oct/2013:12:28:59 +0200] "GET / HTTP/1.1" 200 11680 "http://www.bing.com/search?q=mink%20berlin&PC=RIMBINGD&A=results" "Mozilla/5.0 (BB10; Touch) AppleWebKit/537.10+ (KHTML, like Gecko) Version/10.1.0.1720 Mobile Safari/537.10+"
80.187.107.68 - - [04/Oct/2013:12:29:14 +0200] "GET /images/logos.jpg?cache3663 HTTP/1.1" 200 35043 "http://www.mink-gmbh.de/" "Mozilla/5.0 (BB10; Touch) AppleWebKit/537.10+ (KHTML, like Gecko) Version/10.1.0.1720 Mobile Safari/537.10+"
80.187.107.68 - - [04/Oct/2013:12:29:35 +0200] "GET /favicon.ico HTTP/1.1" 200 3638 "http://www.mink-gmbh.de/" "Mozilla/5.0 (BB10; Touch) AppleWebKit/537.10+ (KHTML, like Gecko) Version/10.1.0.1720 Mobile Safari/537.10+"
66.249.78.46 - - [04/Oct/2013:12:33:13 +0200] "GET /impressum.php HTTP/1.1" 200 6360 "-" "Mozilla/5.0 (compatible; Googlebot/2.1; +http://www.google.com/bot.html)"
66.249.78.46 - - [04/Oct/2013:12:58:57 +0200] "GET /kontakt.php HTTP/1.1" 200 7021 "-" "Mozilla/5.0 (compatible; Googlebot/2.1; +http://www.google.com/bot.html)"
66.249.78.46 - - [04/Oct/2013:13:03:17 +0200] "GET /images/logos.jpg?cache6059 HTTP/1.1" 200 35043 "-" "Googlebot-Image/1.0"
66.249.78.46 - - [04/Oct/2013:13:03:23 +0200] "GET /images/logos.jpg?cache2839 HTTP/1.1" 200 35043 "-" "Googlebot-Image/1.0"
66.249.78.46 - - [04/Oct/2013:13:03:26 +0200] "GET /images/logos.jpg?cache5653 HTTP/1.1" 200 35043 "-" "Googlebot-Image/1.0"
66.249.78.46 - - [04/Oct/2013:13:04:42 +0200] "GET /images/logos.jpg?cache7772 HTTP/1.1" 200 35043 "-" "Googlebot-Image/1.0"
66.249.78.46 - - [04/Oct/2013:13:06:16 +0200] "GET /images/logos.jpg?cache5724 HTTP/1.1" 200 35043 "-" "Googlebot-Image/1.0"
141.8.147.12 - - [04/Oct/2013:13:17:22 +0200] "GET /robots.txt HTTP/1.1" 200 177 "-" "Mozilla/5.0 (compatible; YandexBot/3.0; +http://yandex.com/bots)"
141.8.147.12 - - [04/Oct/2013:13:18:28 +0200] "GET /lexikon.php?cs_go=3&cs_id=229 HTTP/1.1" 200 5597 "-" "Mozilla/5.0 (compatible; YandexBot/3.0; +http://yandex.com/bots)"
141.8.147.12 - - [04/Oct/2013:13:30:07 +0200] "GET /lexikon.php?cs_go=3&cs_id=163 HTTP/1.1" 200 5831 "-" "Mozilla/5.0 (compatible; YandexBot/3.0; +http://yandex.com/bots)"
66.249.78.46 - - [04/Oct/2013:13:34:53 +0200] "GET /images/logos.jpg?cache8693 HTTP/1.1" 200 35043 "-" "Googlebot-Image/1.0"
208.115.113.91 - - [04/Oct/2013:13:45:54 +0200] "GET /robots.txt HTTP/1.1" 200 177 "-" "Mozilla/5.0 (compatible; Ezooms/1.0; ezooms.bot@gmail.com)"
220.181.108.114 - - [04/Oct/2013:13:45:57 +0200] "GET / HTTP/1.1" 200 6594 "-" "Mozilla/5.0 (compatible; Baiduspider/2.0; +http://www.baidu.com/search/spider.html)"
123.125.71.47 - - [04/Oct/2013:13:48:47 +0200] "GET / HTTP/1.1" 200 6594 "-" "Mozilla/5.0 (compatible; Baiduspider/2.0; +http://www.baidu.com/search/spider.html)"
141.8.147.12 - - [04/Oct/2013:13:56:55 +0200] "GET /lexikon.php?cs_go=3&cs_id=200 HTTP/1.1" 200 7601 "-" "Mozilla/5.0 (compatible; YandexBot/3.0; +http://yandex.com/bots)"
66.249.78.46 - - [04/Oct/2013:14:07:55 +0200] "GET /images/logos.jpg?cache1158 HTTP/1.1" 200 35043 "-" "Googlebot-Image/1.0"
141.8.147.12 - - [04/Oct/2013:14:26:04 +0200] "GET /lexikon.php?cs_go=3&cs_id=144 HTTP/1.1" 200 7452 "-" "Mozilla/5.0 (compatible; YandexBot/3.0; +http://yandex.com/bots)"
66.249.78.46 - - [04/Oct/2013:14:40:56 +0200] "GET /images/logos.jpg?cache9523 HTTP/1.1" 200 35043 "-" "Googlebot-Image/1.0"
141.8.147.12 - - [04/Oct/2013:14:52:24 +0200] "GET /lexikon.php?cs_go=3&cs_id=7 HTTP/1.1" 200 6132 "-" "Mozilla/5.0 (compatible; YandexBot/3.0; +http://yandex.com/bots)"
66.249.78.46 - - [04/Oct/2013:15:13:57 +0200] "GET /images/logos.jpg?cache6631 HTTP/1.1" 200 35043 "-" "Googlebot-Image/1.0"
141.8.147.12 - - [04/Oct/2013:15:14:21 +0200] "GET /lexikon.php?cs_go=3&cs_id=121 HTTP/1.1" 200 5974 "-" "Mozilla/5.0 (compatible; YandexBot/3.0; +http://yandex.com/bots)"
66.249.78.46 - - [04/Oct/2013:15:34:26 +0200] "GET /jobs.php HTTP/1.1" 200 5020 "-" "Mozilla/5.0 (compatible; Googlebot/2.1; +http://www.google.com/bot.html)"
141.8.147.12 - - [04/Oct/2013:15:43:45 +0200] "GET /lexikon.php?cs_go=3&cs_id=164 HTTP/1.1" 200 5860 "-" "Mozilla/5.0 (compatible; YandexBot/3.0; +http://yandex.com/bots)"
66.249.78.46 - - [04/Oct/2013:15:46:58 +0200] "GET /images/logos.jpg?cache8518 HTTP/1.1" 200 35043 "-" "Googlebot-Image/1.0"
141.8.147.12 - - [04/Oct/2013:15:53:43 +0200] "GET /lexikon.php?cs_go=3&cs_id=194 HTTP/1.1" 200 5611 "-" "Mozilla/5.0 (compatible; YandexBot/3.0; +http://yandex.com/bots)"
208.115.113.91 - - [04/Oct/2013:15:54:20 +0200] "GET /.php HTTP/1.1" 404 - "-" "Mozilla/5.0 (compatible; Ezooms/1.0; ezooms.bot@gmail.com)"
208.115.113.91 - - [04/Oct/2013:15:54:23 +0200] "GET /rueckrufservice.php HTTP/1.1" 200 8337 "-" "Mozilla/5.0 (compatible; Ezooms/1.0; ezooms.bot@gmail.com)"
65.36.241.79 - - [04/Oct/2013:15:55:35 +0200] "HEAD / HTTP/1.1" 200 - "-" "InternetSeer.com"
141.8.147.12 - - [04/Oct/2013:16:06:48 +0200] "GET /lexikon.php?cs_go=3&cs_id=214 HTTP/1.1" 200 5740 "-" "Mozilla/5.0 (compatible; YandexBot/3.0; +http://yandex.com/bots)"
66.249.78.46 - - [04/Oct/2013:16:09:04 +0200] "GET /news.php?cs_go=archiv&cs_id=4587 HTTP/1.1" 200 10171 "-" "Mozilla/5.0 (compatible; Googlebot/2.1; +http://www.google.com/bot.html)"
66.249.78.46 - - [04/Oct/2013:16:19:59 +0200] "GET /images/logos.jpg?cache8768 HTTP/1.1" 200 35043 "-" "Googlebot-Image/1.0"
141.8.147.12 - - [04/Oct/2013:16:29:05 +0200] "GET /lexikon.php?cs_go=3&cs_id=117 HTTP/1.1" 200 5970 "-" "Mozilla/5.0 (compatible; YandexBot/3.0; +http://yandex.com/bots)"
141.8.147.12 - - [04/Oct/2013:16:42:52 +0200] "GET /lexikon.php?cs_go=3&cs_id=138 HTTP/1.1" 200 6505 "-" "Mozilla/5.0 (compatible; YandexBot/3.0; +http://yandex.com/bots)"
220.181.108.91 - - [04/Oct/2013:16:44:21 +0200] "GET / HTTP/1.1" 200 6591 "-" "Mozilla/5.0 (compatible; Baiduspider/2.0; +http://www.baidu.com/search/spider.html)"
123.125.71.18 - - [04/Oct/2013:16:45:52 +0200] "GET / HTTP/1.1" 200 3575 "-" "Mozilla/5.0 (compatible; Baiduspider/2.0; +http://www.baidu.com/search/spider.html)"
66.249.78.46 - - [04/Oct/2013:16:53:00 +0200] "GET /images/logos.jpg?cache9496 HTTP/1.1" 200 35043 "-" "Googlebot-Image/1.0"
66.249.78.46 - - [04/Oct/2013:17:06:23 +0200] "GET / HTTP/1.1" 200 12417 "-" "Mozilla/5.0 (iPhone; U; CPU iPhone OS 4_1 like Mac OS X; en-us) AppleWebKit/532.9 (KHTML, like Gecko) Version/4.0.5 Mobile/8B117 Safari/6531.22.7 (compatible; Googlebot-Mobile/2.1; +http://www.google.com/bot.html)"
66.249.78.46 - - [04/Oct/2013:17:15:50 +0200] "GET /js_contentserver24_greybox/gb_styles.css HTTP/1.1" 200 2302 "-" "Mozilla/5.0 (compatible; Googlebot/2.1; +http://www.google.com/bot.html)"
66.249.78.46 - - [04/Oct/2013:17:18:46 +0200] "GET /news.php?cs_go=archiv&cs_id=4595 HTTP/1.1" 200 7576 "-" "Mozilla/5.0 (compatible; Googlebot/2.1; +http://www.google.com/bot.html)"
109.45.174.139 - - [04/Oct/2013:17:20:21 +0200] "GET / HTTP/1.1" 200 12417 "http://suche.web.de/web?origin=tb_lasttab_ff&currPath=starthp&currSrc=tb_lasttab_ff&q=heiz%C3%B6lpreise+firma+mink+berlin" "Mozilla/5.0 (Windows NT 6.1; WOW64; rv:24.0) Gecko/20100101 Firefox/24.0"
109.45.174.139 - - [04/Oct/2013:17:20:22 +0200] "GET /js_contentserver24_greybox/AJS_fx.js HTTP/1.1" 200 3192 "http://www.mink-gmbh.de/" "Mozilla/5.0 (Windows NT 6.1; WOW64; rv:24.0) Gecko/20100101 Firefox/24.0"
109.45.174.139 - - [04/Oct/2013:17:20:22 +0200] "GET /modul.css HTTP/1.1" 200 35038 "http://www.mink-gmbh.de/" "Mozilla/5.0 (Windows NT 6.1; WOW64; rv:24.0) Gecko/20100101 Firefox/24.0"
109.45.174.139 - - [04/Oct/2013:17:20:22 +0200] "GET /style.css HTTP/1.1" 200 8402 "http://www.mink-gmbh.de/" "Mozilla/5.0 (Windows NT 6.1; WOW64; rv:24.0) Gecko/20100101 Firefox/24.0"
109.45.174.139 - - [04/Oct/2013:17:20:22 +0200] "GET /js_contentserver24_greybox/AJS.js HTTP/1.1" 200 10396 "http://www.mink-gmbh.de/" "Mozilla/5.0 (Windows NT 6.1; WOW64; rv:24.0) Gecko/20100101 Firefox/24.0"
109.45.174.139 - - [04/Oct/2013:17:20:22 +0200] "GET /js_contentserver24_greybox/gb_scripts.js HTTP/1.1" 200 11913 "http://www.mink-gmbh.de/" "Mozilla/5.0 (Windows NT 6.1; WOW64; rv:24.0) Gecko/20100101 Firefox/24.0"
109.45.174.139 - - [04/Oct/2013:17:20:22 +0200] "GET /js_contentserver24_greybox/gb_styles.css HTTP/1.1" 200 2302 "http://www.mink-gmbh.de/" "Mozilla/5.0 (Windows NT 6.1; WOW64; rv:24.0) Gecko/20100101 Firefox/24.0"
109.45.174.139 - - [04/Oct/2013:17:20:23 +0200] "GET /favicon.ico HTTP/1.1" 200 3638 "-" "Mozilla/5.0 (Windows NT 6.1; WOW64; rv:24.0) Gecko/20100101 Firefox/24.0"
109.45.174.139 - - [04/Oct/2013:17:20:24 +0200] "GET /images/tkw.jpg HTTP/1.1" 200 64031 "http://www.mink-gmbh.de/" "Mozilla/5.0 (Windows NT 6.1; WOW64; rv:24.0) Gecko/20100101 Firefox/24.0"
109.45.174.139 - - [04/Oct/2013:17:20:24 +0200] "GET /images/team-energie.png HTTP/1.1" 200 17383 "http://www.mink-gmbh.de/" "Mozilla/5.0 (Windows NT 6.1; WOW64; rv:24.0) Gecko/20100101 Firefox/24.0"
109.45.174.139 - - [04/Oct/2013:17:20:24 +0200] "GET /images/mail.jpg HTTP/1.1" 200 11165 "http://www.mink-gmbh.de/" "Mozilla/5.0 (Windows NT 6.1; WOW64; rv:24.0) Gecko/20100101 Firefox/24.0"
109.45.174.139 - - [04/Oct/2013:17:20:24 +0200] "GET /images/freecall.jpg HTTP/1.1" 200 39195 "http://www.mink-gmbh.de/" "Mozilla/5.0 (Windows NT 6.1; WOW64; rv:24.0) Gecko/20100101 Firefox/24.0"
109.45.174.139 - - [04/Oct/2013:17:20:24 +0200] "GET /images/kwk.gif HTTP/1.1" 200 6403 "http://www.mink-gmbh.de/" "Mozilla/5.0 (Windows NT 6.1; WOW64; rv:24.0) Gecko/20100101 Firefox/24.0"
109.45.174.139 - - [04/Oct/2013:17:20:24 +0200] "GET /images/wunschpreis.jpg HTTP/1.1" 200 16767 "http://www.mink-gmbh.de/" "Mozilla/5.0 (Windows NT 6.1; WOW64; rv:24.0) Gecko/20100101 Firefox/24.0"
109.45.174.139 - - [04/Oct/2013:17:20:24 +0200] "GET /images/logos.jpg?cache1968 HTTP/1.1" 200 35043 "http://www.mink-gmbh.de/" "Mozilla/5.0 (Windows NT 6.1; WOW64; rv:24.0) Gecko/20100101 Firefox/24.0"
109.45.174.139 - - [04/Oct/2013:17:20:24 +0200] "GET /js_contentserver24_greybox/w_close.gif HTTP/1.1" 200 74 "http://www.mink-gmbh.de/" "Mozilla/5.0 (Windows NT 6.1; WOW64; rv:24.0) Gecko/20100101 Firefox/24.0"
109.45.174.139 - - [04/Oct/2013:17:20:24 +0200] "GET /images/bg.png HTTP/1.1" 200 922 "http://www.mink-gmbh.de/" "Mozilla/5.0 (Windows NT 6.1; WOW64; rv:24.0) Gecko/20100101 Firefox/24.0"
109.45.174.139 - - [04/Oct/2013:17:20:24 +0200] "GET /images/wrapperbg.jpg HTTP/1.1" 200 27465 "http://www.mink-gmbh.de/" "Mozilla/5.0 (Windows NT 6.1; WOW64; rv:24.0) Gecko/20100101 Firefox/24.0"
109.45.174.139 - - [04/Oct/2013:17:20:25 +0200] "GET /images/header.jpg HTTP/1.1" 200 25189 "http://www.mink-gmbh.de/" "Mozilla/5.0 (Windows NT 6.1; WOW64; rv:24.0) Gecko/20100101 Firefox/24.0"
109.45.174.139 - - [04/Oct/2013:17:20:25 +0200] "GET /images/navibg.png HTTP/1.1" 200 2803 "http://www.mink-gmbh.de/" "Mozilla/5.0 (Windows NT 6.1; WOW64; rv:24.0) Gecko/20100101 Firefox/24.0"
109.45.174.139 - - [04/Oct/2013:17:20:25 +0200] "GET /images/steigend.png HTTP/1.1" 200 688 "http://www.mink-gmbh.de/" "Mozilla/5.0 (Windows NT 6.1; WOW64; rv:24.0) Gecko/20100101 Firefox/24.0"
109.45.174.139 - - [04/Oct/2013:17:20:25 +0200] "GET /images/mobil.jpg HTTP/1.1" 200 25293 "http://www.mink-gmbh.de/" "Mozilla/5.0 (Windows NT 6.1; WOW64; rv:24.0) Gecko/20100101 Firefox/24.0"
109.45.174.139 - - [04/Oct/2013:17:20:25 +0200] "GET /images/newsletter.jpg HTTP/1.1" 200 13130 "http://www.mink-gmbh.de/" "Mozilla/5.0 (Windows NT 6.1; WOW64; rv:24.0) Gecko/20100101 Firefox/24.0"
109.45.174.139 - - [04/Oct/2013:17:20:25 +0200] "GET /images/footerbg.jpg HTTP/1.1" 200 2184 "http://www.mink-gmbh.de/" "Mozilla/5.0 (Windows NT 6.1; WOW64; rv:24.0) Gecko/20100101 Firefox/24.0"
109.45.174.139 - - [04/Oct/2013:17:20:25 +0200] "GET /js_contentserver24_greybox/loader_frame.html?s=0 HTTP/1.1" 200 2084 "http://www.mink-gmbh.de/" "Mozilla/5.0 (Windows NT 6.1; WOW64; rv:24.0) Gecko/20100101 Firefox/24.0"
109.45.174.139 - - [04/Oct/2013:17:20:25 +0200] "GET /js_contentserver24_greybox/header_bg.gif HTTP/1.1" 200 1188 "http://www.mink-gmbh.de/" "Mozilla/5.0 (Windows NT 6.1; WOW64; rv:24.0) Gecko/20100101 Firefox/24.0"
109.45.174.139 - - [04/Oct/2013:17:20:25 +0200] "GET /js_contentserver24_greybox/indicator.gif HTTP/1.1" 200 8238 "http://www.mink-gmbh.de/js_contentserver24_greybox/loader_frame.html?s=0" "Mozilla/5.0 (Windows NT 6.1; WOW64; rv:24.0) Gecko/20100101 Firefox/24.0"
109.45.174.139 - - [04/Oct/2013:17:20:25 +0200] "GET /images/close.png HTTP/1.1" 200 703 "http://www.mink-gmbh.de/" "Mozilla/5.0 (Windows NT 6.1; WOW64; rv:24.0) Gecko/20100101 Firefox/24.0"
109.45.174.139 - - [04/Oct/2013:17:20:25 +0200] "GET /images/newsletter_bg.jpg HTTP/1.1" 200 33610 "http://www.mink-gmbh.de/" "Mozilla/5.0 (Windows NT 6.1; WOW64; rv:24.0) Gecko/20100101 Firefox/24.0"
109.45.174.139 - - [04/Oct/2013:17:20:26 +0200] "GET /images/newsletter.png HTTP/1.1" 200 14619 "http://www.mink-gmbh.de/" "Mozilla/5.0 (Windows NT 6.1; WOW64; rv:24.0) Gecko/20100101 Firefox/24.0"
109.45.174.139 - - [04/Oct/2013:17:20:27 +0200] "GET /js_contentserver24_greybox/indicator.gif HTTP/1.1" 200 8238 "http://www.mink-gmbh.de/" "Mozilla/5.0 (Windows NT 6.1; WOW64; rv:24.0) Gecko/20100101 Firefox/24.0"
109.45.174.139 - - [04/Oct/2013:17:20:27 +0200] "GET /js_contentserver24_greybox/g_close.gif HTTP/1.1" 200 541 "http://www.mink-gmbh.de/" "Mozilla/5.0 (Windows NT 6.1; WOW64; rv:24.0) Gecko/20100101 Firefox/24.0"
109.45.174.139 - - [04/Oct/2013:17:22:01 +0200] "GET /schwefelarmstandard.php HTTP/1.1" 200 10767 "http://www.mink-gmbh.de/" "Mozilla/5.0 (Windows NT 6.1; WOW64; rv:24.0) Gecko/20100101 Firefox/24.0"
109.45.174.139 - - [04/Oct/2013:17:22:02 +0200] "GET /images/logos.jpg?cache4522 HTTP/1.1" 200 35043 "http://www.mink-gmbh.de/schwefelarmstandard.php" "Mozilla/5.0 (Windows NT 6.1; WOW64; rv:24.0) Gecko/20100101 Firefox/24.0"
109.45.174.139 - - [04/Oct/2013:17:22:02 +0200] "GET /images/freecall.jpg HTTP/1.1" 200 39195 "http://www.mink-gmbh.de/schwefelarmstandard.php" "Mozilla/5.0 (Windows NT 6.1; WOW64; rv:24.0) Gecko/20100101 Firefox/24.0"
109.45.174.139 - - [04/Oct/2013:17:22:02 +0200] "GET /images/wunschpreis.jpg HTTP/1.1" 200 16767 "http://www.mink-gmbh.de/schwefelarmstandard.php" "Mozilla/5.0 (Windows NT 6.1; WOW64; rv:24.0) Gecko/20100101 Firefox/24.0"
109.45.174.139 - - [04/Oct/2013:17:22:02 +0200] "GET /images/kwk.gif HTTP/1.1" 200 6403 "http://www.mink-gmbh.de/schwefelarmstandard.php" "Mozilla/5.0 (Windows NT 6.1; WOW64; rv:24.0) Gecko/20100101 Firefox/24.0"
141.8.147.12 - - [04/Oct/2013:17:22:25 +0200] "GET /lexikon.php?cs_go=3&cs_id=187 HTTP/1.1" 200 6104 "-" "Mozilla/5.0 (compatible; YandexBot/3.0; +http://yandex.com/bots)"
109.45.174.139 - - [04/Oct/2013:17:22:41 +0200] "GET /standard.php HTTP/1.1" 200 6807 "http://www.mink-gmbh.de/schwefelarmstandard.php" "Mozilla/5.0 (Windows NT 6.1; WOW64; rv:24.0) Gecko/20100101 Firefox/24.0"
109.45.174.139 - - [04/Oct/2013:17:22:41 +0200] "GET /images/logos.jpg?cache3908 HTTP/1.1" 200 35043 "http://www.mink-gmbh.de/standard.php" "Mozilla/5.0 (Windows NT 6.1; WOW64; rv:24.0) Gecko/20100101 Firefox/24.0"
109.45.174.139 - - [04/Oct/2013:17:23:10 +0200] "GET /index.php HTTP/1.1" 200 11677 "http://www.mink-gmbh.de/standard.php" "Mozilla/5.0 (Windows NT 6.1; WOW64; rv:24.0) Gecko/20100101 Firefox/24.0"
109.45.174.139 - - [04/Oct/2013:17:23:12 +0200] "GET /images/logos.jpg?cache1317 HTTP/1.1" 200 35043 "http://www.mink-gmbh.de/index.php" "Mozilla/5.0 (Windows NT 6.1; WOW64; rv:24.0) Gecko/20100101 Firefox/24.0"
109.45.174.139 - - [04/Oct/2013:17:23:24 +0200] "GET /preisanfrage.php HTTP/1.1" 200 8557 "http://www.mink-gmbh.de/index.php" "Mozilla/5.0 (Windows NT 6.1; WOW64; rv:24.0) Gecko/20100101 Firefox/24.0"
109.45.174.139 - - [04/Oct/2013:17:23:28 +0200] "GET /images/logos.jpg?cache1640 HTTP/1.1" 200 35043 "http://www.mink-gmbh.de/preisanfrage.php" "Mozilla/5.0 (Windows NT 6.1; WOW64; rv:24.0) Gecko/20100101 Firefox/24.0"
109.45.174.139 - - [04/Oct/2013:17:33:22 +0200] "POST /preisanfrage.php HTTP/1.1" 200 8788 "http://www.mink-gmbh.de/preisanfrage.php" "Mozilla/5.0 (Windows NT 6.1; WOW64; rv:24.0) Gecko/20100101 Firefox/24.0"
109.45.174.139 - - [04/Oct/2013:17:33:23 +0200] "GET /images/logos.jpg?cache8475 HTTP/1.1" 200 35043 "http://www.mink-gmbh.de/preisanfrage.php" "Mozilla/5.0 (Windows NT 6.1; WOW64; rv:24.0) Gecko/20100101 Firefox/24.0"
109.45.174.139 - - [04/Oct/2013:17:33:51 +0200] "POST /preisanfrage.php HTTP/1.1" 200 8806 "http://www.mink-gmbh.de/preisanfrage.php" "Mozilla/5.0 (Windows NT 6.1; WOW64; rv:24.0) Gecko/20100101 Firefox/24.0"
109.45.174.139 - - [04/Oct/2013:17:33:52 +0200] "GET /images/logos.jpg?cache2972 HTTP/1.1" 200 35043 "http://www.mink-gmbh.de/preisanfrage.php" "Mozilla/5.0 (Windows NT 6.1; WOW64; rv:24.0) Gecko/20100101 Firefox/24.0"
109.45.174.139 - - [04/Oct/2013:17:34:25 +0200] "POST /preisanfrage.php HTTP/1.1" 200 8806 "http://www.mink-gmbh.de/preisanfrage.php" "Mozilla/5.0 (Windows NT 6.1; WOW64; rv:24.0) Gecko/20100101 Firefox/24.0"
109.45.174.139 - - [04/Oct/2013:17:34:25 +0200] "GET /images/logos.jpg?cache6574 HTTP/1.1" 200 35043 "http://www.mink-gmbh.de/preisanfrage.php" "Mozilla/5.0 (Windows NT 6.1; WOW64; rv:24.0) Gecko/20100101 Firefox/24.0"
109.45.174.139 - - [04/Oct/2013:17:35:36 +0200] "POST /preisanfrage.php HTTP/1.1" 200 8788 "http://www.mink-gmbh.de/preisanfrage.php" "Mozilla/5.0 (Windows NT 6.1; WOW64; rv:24.0) Gecko/20100101 Firefox/24.0"
109.45.174.139 - - [04/Oct/2013:17:35:37 +0200] "GET /images/logos.jpg?cache2503 HTTP/1.1" 200 35043 "http://www.mink-gmbh.de/preisanfrage.php" "Mozilla/5.0 (Windows NT 6.1; WOW64; rv:24.0) Gecko/20100101 Firefox/24.0"
109.45.174.139 - - [04/Oct/2013:17:36:19 +0200] "POST /preisanfrage.php HTTP/1.1" 200 8788 "http://www.mink-gmbh.de/preisanfrage.php" "Mozilla/5.0 (Windows NT 6.1; WOW64; rv:24.0) Gecko/20100101 Firefox/24.0"
109.45.174.139 - - [04/Oct/2013:17:36:21 +0200] "GET /images/logos.jpg?cache5570 HTTP/1.1" 200 35043 "http://www.mink-gmbh.de/preisanfrage.php" "Mozilla/5.0 (Windows NT 6.1; WOW64; rv:24.0) Gecko/20100101 Firefox/24.0"
37.187.56.98 - - [04/Oct/2013:17:39:22 +0200] "GET /js_contentserver24_greybox/AJS.js HTTP/1.1" 200 10396 "http://www.mink-gmbh.de/" "Mozilla/5.0 (X11; Linux x86_64) AppleWebKit/534.34 (KHTML, like Gecko) Qt/4.8.1 Safari/534.34"
37.187.56.98 - - [04/Oct/2013:17:39:22 +0200] "GET /js_contentserver24_greybox/AJS_fx.js HTTP/1.1" 200 3192 "http://www.mink-gmbh.de/" "Mozilla/5.0 (X11; Linux x86_64) AppleWebKit/534.34 (KHTML, like Gecko) Qt/4.8.1 Safari/534.34"
37.187.56.98 - - [04/Oct/2013:17:39:22 +0200] "GET /js_contentserver24_greybox/gb_scripts.js HTTP/1.1" 200 11913 "http://www.mink-gmbh.de/" "Mozilla/5.0 (X11; Linux x86_64) AppleWebKit/534.34 (KHTML, like Gecko) Qt/4.8.1 Safari/534.34"
37.187.56.98 - - [04/Oct/2013:17:39:22 +0200] "GET / HTTP/1.1" 200 12417 "-" "Mozilla/5.0 (X11; Linux x86_64) AppleWebKit/534.34 (KHTML, like Gecko) Qt/4.8.1 Safari/534.34"
37.187.56.98 - - [04/Oct/2013:17:39:23 +0200] "GET /js_contentserver24_greybox/loader_frame.html?s=0 HTTP/1.1" 200 2084 "http://www.mink-gmbh.de/" "Mozilla/5.0 (X11; Linux x86_64) AppleWebKit/534.34 (KHTML, like Gecko) Qt/4.8.1 Safari/534.34"
208.115.113.91 - - [04/Oct/2013:17:48:30 +0200] "GET /robots.txt HTTP/1.1" 200 177 "-" "Mozilla/5.0 (compatible; Ezooms/1.0; ezooms.bot@gmail.com)"
141.8.147.12 - - [04/Oct/2013:17:50:37 +0200] "GET /lexikon.php?cs_go=3&cs_id=104 HTTP/1.1" 200 6075 "-" "Mozilla/5.0 (compatible; YandexBot/3.0; +http://yandex.com/bots)"
141.8.147.12 - - [04/Oct/2013:18:07:53 +0200] "GET /lexikon.php?cs_go=3&cs_id=174 HTTP/1.1" 200 6314 "-" "Mozilla/5.0 (compatible; YandexBot/3.0; +http://yandex.com/bots)"
46.229.167.149 - - [04/Oct/2013:18:24:10 +0200] "GET / HTTP/1.1" 200 12417 "-" "Mozilla/5.0 (Windows NT 6.1; rv:2.0b10) Gecko/20110126 Firefox/4.0b10"
141.8.147.12 - - [04/Oct/2013:18:30:29 +0200] "GET /lexikon.php?cs_go=3&cs_id=32 HTTP/1.1" 200 5787 "-" "Mozilla/5.0 (compatible; YandexBot/3.0; +http://yandex.com/bots)"
81.7.14.138 - - [04/Oct/2013:18:36:22 +0200] "GET /robots.txt HTTP/1.0" 200 177 "-" "Mozilla/5.0 (compatible; MJ12bot/v1.4.4; http://www.majestic12.co.uk/bot.php?+)"
81.7.14.138 - - [04/Oct/2013:18:36:25 +0200] "GET /news.php?cs_go=archiv&cs_id=3953 HTTP/1.0" 200 9672 "-" "Mozilla/5.0 (compatible; MJ12bot/v1.4.4; http://www.majestic12.co.uk/bot.php?+)"
81.7.14.138 - - [04/Oct/2013:18:36:27 +0200] "GET /news.php?cs_go=archiv&cs_id=3953&cs_search= HTTP/1.0" 200 9672 "-" "Mozilla/5.0 (compatible; MJ12bot/v1.4.4; http://www.majestic12.co.uk/bot.php?+)"
81.7.14.138 - - [04/Oct/2013:18:36:28 +0200] "GET /news.php?cs_go=archiv&cs_id=4045 HTTP/1.0" 200 7507 "-" "Mozilla/5.0 (compatible; MJ12bot/v1.4.4; http://www.majestic12.co.uk/bot.php?+)"
81.7.14.138 - - [04/Oct/2013:18:36:30 +0200] "GET /news.php?cs_go=archiv&cs_id=4046 HTTP/1.0" 200 9910 "-" "Mozilla/5.0 (compatible; MJ12bot/v1.4.4; http://www.majestic12.co.uk/bot.php?+)"
81.7.14.138 - - [04/Oct/2013:18:36:31 +0200] "GET /news.php?cs_go=archiv&cs_id=4047 HTTP/1.0" 200 10765 "-" "Mozilla/5.0 (compatible; MJ12bot/v1.4.4; http://www.majestic12.co.uk/bot.php?+)"
81.7.14.138 - - [04/Oct/2013:18:36:33 +0200] "GET /news.php?cs_go=archiv&cs_id=4049 HTTP/1.0" 200 10926 "-" "Mozilla/5.0 (compatible; MJ12bot/v1.4.4; http://www.majestic12.co.uk/bot.php?+)"
81.7.14.138 - - [04/Oct/2013:18:36:34 +0200] "GET /news.php?cs_go=archiv&cs_id=4050 HTTP/1.0" 200 7842 "-" "Mozilla/5.0 (compatible; MJ12bot/v1.4.4; http://www.majestic12.co.uk/bot.php?+)"
81.7.14.138 - - [04/Oct/2013:18:36:36 +0200] "GET /news.php?cs_go=archiv&cs_id=4051 HTTP/1.0" 200 11066 "-" "Mozilla/5.0 (compatible; MJ12bot/v1.4.4; http://www.majestic12.co.uk/bot.php?+)"
81.7.14.138 - - [04/Oct/2013:18:36:37 +0200] "GET /news.php?cs_go=archiv&cs_id=4052 HTTP/1.0" 200 9988 "-" "Mozilla/5.0 (compatible; MJ12bot/v1.4.4; http://www.majestic12.co.uk/bot.php?+)"
81.7.14.138 - - [04/Oct/2013:18:36:39 +0200] "GET /news.php?cs_go=archiv&cs_id=4054 HTTP/1.0" 200 10978 "-" "Mozilla/5.0 (compatible; MJ12bot/v1.4.4; http://www.majestic12.co.uk/bot.php?+)"
81.7.14.138 - - [04/Oct/2013:18:36:41 +0200] "GET /news.php?cs_go=archiv&cs_id=4055 HTTP/1.0" 200 7783 "-" "Mozilla/5.0 (compatible; MJ12bot/v1.4.4; http://www.majestic12.co.uk/bot.php?+)"
81.7.14.138 - - [04/Oct/2013:18:36:42 +0200] "GET /news.php?cs_go=archiv&cs_id=4056 HTTP/1.0" 200 9459 "-" "Mozilla/5.0 (compatible; MJ12bot/v1.4.4; http://www.majestic12.co.uk/bot.php?+)"
81.7.14.138 - - [04/Oct/2013:18:36:44 +0200] "GET /news.php?cs_go=archiv&cs_id=4057 HTTP/1.0" 200 10900 "-" "Mozilla/5.0 (compatible; MJ12bot/v1.4.4; http://www.majestic12.co.uk/bot.php?+)"
81.7.14.138 - - [04/Oct/2013:18:36:48 +0200] "GET /news.php?cs_go=archiv&cs_id=4069 HTTP/1.0" 200 8036 "-" "Mozilla/5.0 (compatible; MJ12bot/v1.4.4; http://www.majestic12.co.uk/bot.php?+)"
