101.226.166.228 - - [01/Apr/2013:18:36:19 +0200] "GET /lexikon.php?cs_go=3&cs_id=10 HTTP/1.1" 200 8557 "http://www.mink-gmbh.de/lexikon.php?cs_go=3&cs_id=10" "Mozilla/4.0 (compatible; MSIE 8.0; Windows NT 6.1; Trident/4.0; SLCC2; .NET CLR 2.0.50727; .NET CLR 3.5.30729; .NET CLR 3.0.30729; Media Center PC 6.0; MDDR; .NET4.0C; .NET4.0E; .NET CLR 1.1.4322; Tablet PC 2.0); 360Spider"
101.226.166.233 - - [01/Apr/2013:18:36:19 +0200] "GET /jobs.php HTTP/1.1" 200 7200 "http://www.mink-gmbh.de/jobs.php" "Mozilla/4.0 (compatible; MSIE 8.0; Windows NT 6.1; Trident/4.0; SLCC2; .NET CLR 2.0.50727; .NET CLR 3.5.30729; .NET CLR 3.0.30729; Media Center PC 6.0; MDDR; .NET4.0C; .NET4.0E; .NET CLR 1.1.4322; Tablet PC 2.0); 360Spider"
66.249.78.46 - - [01/Apr/2013:18:42:45 +0200] "GET /robots.txt HTTP/1.1" 200 177 "-" "Mozilla/5.0 (compatible; Googlebot/2.1; +http://www.google.com/bot.html)"
66.249.78.46 - - [01/Apr/2013:18:42:45 +0200] "GET / HTTP/1.1" 200 12030 "-" "Mozilla/5.0 (iPhone; U; CPU iPhone OS 4_1 like Mac OS X; en-us) AppleWebKit/532.9 (KHTML, like Gecko) Version/4.0.5 Mobile/8B117 Safari/6531.22.7 (compatible; Googlebot-Mobile/2.1; +http://www.google.com/bot.html)"
66.249.76.49 - - [01/Apr/2013:18:48:11 +0200] "GET /news.php HTTP/1.1" 200 22000 "-" "DoCoMo/2.0 N905i(c100;TB;W24H16) (compatible; Googlebot-Mobile/2.1; +http://www.google.com/bot.html)"
87.189.126.181 - - [01/Apr/2013:19:25:29 +0200] "GET /jobs.php HTTP/1.1" 200 7200 "-" "Mozilla/5.0 /Windows; U; Windows NT 6.1; de; rv:1.9.1.5) Gecko/20091102 Firefox/3.5.5"
87.189.126.181 - - [01/Apr/2013:19:45:55 +0200] "GET /jobs.php HTTP/1.1" 200 7200 "-" "Mozilla/5.0 /Windows; U; Windows NT 6.1; de; rv:1.9.1.5) Gecko/20091102 Firefox/3.5.5"
208.115.111.75 - - [01/Apr/2013:19:57:12 +0200] "GET /robots.txt HTTP/1.1" 200 177 "-" "Mozilla/5.0 (compatible; Ezooms/1.0; ezooms.bot@gmail.com)"
157.55.32.49 - - [01/Apr/2013:20:07:31 +0200] "GET /robots.txt HTTP/1.1" 200 177 "-" "Mozilla/5.0 (compatible; bingbot/2.0; +http://www.bing.com/bingbot.htm)"
157.55.32.49 - - [01/Apr/2013:20:08:11 +0200] "GET /lexikon.php HTTP/1.1" 200 10523 "-" "Mozilla/5.0 (compatible; bingbot/2.0; +http://www.bing.com/bingbot.htm)"
208.115.111.75 - - [01/Apr/2013:20:12:43 +0200] "GET /news.php?cs_go=archiv&cs_id=4023 HTTP/1.1" 200 13304 "-" "Mozilla/5.0 (compatible; Ezooms/1.0; ezooms.bot@gmail.com)"
5.9.31.15 - - [01/Apr/2013:21:23:44 +0200] "GET /robots.txt HTTP/1.1" 200 177 "-" "Mozilla/5.0 (compatible; Infohelfer/1.3.3; +http://www.infohelfer.de/crawler.php)"
5.9.31.15 - - [01/Apr/2013:21:23:44 +0200] "GET / HTTP/1.1" 200 12030 "-" "Mozilla/5.0 (compatible; Infohelfer/1.3.3; +http://www.infohelfer.de/crawler.php)"
66.249.78.46 - - [01/Apr/2013:21:31:25 +0200] "GET /news.php?cs_go=archiv&cs_id=3926 HTTP/1.1" 200 13063 "-" "SAMSUNG-SGH-E250/1.0 Profile/MIDP-2.0 Configuration/CLDC-1.1 UP.Browser/6.2.3.3.c.1.101 (GUI) MMP/2.0 (compatible; Googlebot-Mobile/2.1; +http://www.google.com/bot.html)"
208.115.111.75 - - [01/Apr/2013:21:44:32 +0200] "GET /energiesparcheck.php HTTP/1.1" 200 13581 "-" "Mozilla/5.0 (compatible; Ezooms/1.0; ezooms.bot@gmail.com)"
66.249.78.46 - - [01/Apr/2013:21:46:16 +0200] "GET /news.php?cs_go=archiv&cs_id=2737&cs_search= HTTP/1.1" 200 10079 "-" "Mozilla/5.0 (compatible; Googlebot/2.1; +http://www.google.com/bot.html)"
141.8.147.12 - - [01/Apr/2013:22:06:50 +0200] "GET /news.php?cs_go=archiv&cs_startpos=760 HTTP/1.1" 200 8125 "-" "Mozilla/5.0 (compatible; YandexBot/3.0; +http://yandex.com/bots)"
66.249.78.46 - - [01/Apr/2013:23:13:16 +0200] "GET /news.php?cs_go=archiv&cs_id=2766&cs_search= HTTP/1.1" 200 11745 "-" "Mozilla/5.0 (compatible; Googlebot/2.1; +http://www.google.com/bot.html)"
65.36.241.79 - - [01/Apr/2013:23:13:21 +0200] "HEAD / HTTP/1.1" 200 - "-" "InternetSeer.com"
66.249.78.46 - - [01/Apr/2013:23:26:48 +0200] "GET /news.php?cs_go=archiv&cs_id=3755 HTTP/1.1" 200 13072 "-" "Mozilla/5.0 (compatible; Googlebot/2.1; +http://www.google.com/bot.html)"
66.249.78.46 - - [01/Apr/2013:23:31:23 +0200] "GET /preisanfrage.php HTTP/1.1" 200 10735 "-" "Mozilla/5.0 (iPhone; U; CPU iPhone OS 4_1 like Mac OS X; en-us) AppleWebKit/532.9 (KHTML, like Gecko) Version/4.0.5 Mobile/8B117 Safari/6531.22.7 (compatible; Googlebot-Mobile/2.1; +http://www.google.com/bot.html)"
141.8.147.12 - - [01/Apr/2013:23:45:28 +0200] "GET /news.php?cs_go=archiv&cs_startpos=720 HTTP/1.1" 200 8125 "-" "Mozilla/5.0 (compatible; YandexBot/3.0; +http://yandex.com/bots)"
66.249.78.46 - - [01/Apr/2013:23:54:18 +0200] "GET /news.php?cs_go=archiv&cs_id=3665 HTTP/1.1" 200 10338 "-" "Mozilla/5.0 (compatible; Googlebot/2.1; +http://www.google.com/bot.html)"
66.249.76.49 - - [02/Apr/2013:00:17:44 +0200] "GET /news.php?cs_go=archiv&cs_id=3457 HTTP/1.1" 200 13530 "-" "Mozilla/5.0 (compatible; Googlebot/2.1; +http://www.google.com/bot.html)"
141.8.147.12 - - [02/Apr/2013:00:18:26 +0200] "GET /news.php?cs_go=archiv&cs_startpos=730 HTTP/1.1" 200 8125 "-" "Mozilla/5.0 (compatible; YandexBot/3.0; +http://yandex.com/bots)"
139.18.2.209 - - [02/Apr/2013:00:33:09 +0200] "GET /faq.php HTTP/1.1" 200 7019 "-" "findlinks/2.6 (+http://wortschatz.uni-leipzig.de/findlinks/)"
139.18.2.209 - - [02/Apr/2013:00:33:09 +0200] "GET /faq.php HTTP/1.1" 200 50372 "-" "findlinks/2.6 (+http://wortschatz.uni-leipzig.de/findlinks/)"
66.249.76.49 - - [02/Apr/2013:00:37:29 +0200] "GET /news.php?cs_go=archiv&cs_id=3969&cs_search= HTTP/1.1" 200 13916 "-" "DoCoMo/2.0 N905i(c100;TB;W24H16) (compatible; Googlebot-Mobile/2.1; +http://www.google.com/bot.html)"
157.55.32.187 - - [02/Apr/2013:01:52:58 +0200] "GET /robots.txt HTTP/1.1" 200 177 "-" "Mozilla/5.0 (compatible; bingbot/2.0; +http://www.bing.com/bingbot.htm)"
157.55.32.187 - - [02/Apr/2013:01:57:23 +0200] "GET / HTTP/1.1" 200 12030 "-" "Mozilla/5.0 (compatible; bingbot/2.0; +http://www.bing.com/bingbot.htm)"
66.249.78.46 - - [02/Apr/2013:02:58:17 +0200] "GET /news.php?cs_go=archiv&cs_id=4030 HTTP/1.1" 200 13255 "-" "SAMSUNG-SGH-E250/1.0 Profile/MIDP-2.0 Configuration/CLDC-1.1 UP.Browser/6.2.3.3.c.1.101 (GUI) MMP/2.0 (compatible; Googlebot-Mobile/2.1; +http://www.google.com/bot.html)"
141.8.147.12 - - [02/Apr/2013:03:15:49 +0200] "GET /robots.txt HTTP/1.1" 200 177 "-" "Mozilla/5.0 (compatible; YandexBot/3.0; +http://yandex.com/bots)"
64.125.222.50 - - [02/Apr/2013:03:50:08 +0200] "GET /robots.txt HTTP/1.1" 200 177 "-" "Mozilla/5.0 (compatible; 008/0.83; http://www.80legs.com/webcrawler.html;) Gecko/2008032620"
141.8.147.12 - - [02/Apr/2013:04:22:17 +0200] "GET /lexikon.php?cs_go=3&cs_id=33 HTTP/1.1" 200 8757 "-" "Mozilla/5.0 (compatible; YandexBot/3.0; +http://yandex.com/bots)"
65.36.241.76 - - [02/Apr/2013:04:24:48 +0200] "GET / HTTP/1.1" 200 12030 "-" "InternetSeer.com"
65.36.241.76 - - [02/Apr/2013:04:25:19 +0200] "GET / HTTP/1.1" 200 12030 "-" "InternetSeer.com"
65.36.241.76 - - [02/Apr/2013:04:25:20 +0200] "GET / HTTP/1.1" 200 12030 "-" "InternetSeer.com"
66.249.76.49 - - [02/Apr/2013:04:28:20 +0200] "GET /news.php?cs_go=archiv&cs_id=4030 HTTP/1.1" 200 13255 "-" "DoCoMo/2.0 N905i(c100;TB;W24H16) (compatible; Googlebot-Mobile/2.1; +http://www.google.com/bot.html)"
66.249.78.46 - - [02/Apr/2013:04:36:31 +0200] "GET / HTTP/1.1" 200 12030 "-" "Mozilla/5.0 (compatible; Googlebot/2.1; +http://www.google.com/bot.html)"
46.118.236.139 - - [02/Apr/2013:04:40:31 +0200] "GET /robots.txt HTTP/1.1" 200 177 "-" "Mozilla/5.0 (compatible; 008/0.83; http://www.80legs.com/webcrawler.html;) Gecko/2008032620"
46.118.236.139 - - [02/Apr/2013:04:40:31 +0200] "GET / HTTP/1.1" 200 12030 "-" "Mozilla/5.0 (compatible; 008/0.85; http://www.80legs.com/webcrawler.html) Gecko/2008032620"
66.249.78.46 - - [02/Apr/2013:04:43:23 +0200] "GET /js_contentserver24_greybox/gb_scripts.js HTTP/1.1" 200 11913 "-" "Mozilla/5.0 (compatible; Googlebot/2.1; +http://www.google.com/bot.html)"
66.249.78.46 - - [02/Apr/2013:04:43:24 +0200] "GET /js_contentserver24_greybox/loader_frame.html?s=0 HTTP/1.1" 200 2084 "-" "Mozilla/5.0 (compatible; Googlebot/2.1; +http://www.google.com/bot.html)"
66.249.78.46 - - [02/Apr/2013:04:43:24 +0200] "GET /style.css HTTP/1.1" 200 8418 "-" "Mozilla/5.0 (compatible; Googlebot/2.1; +http://www.google.com/bot.html)"
66.249.78.46 - - [02/Apr/2013:04:43:25 +0200] "GET /modul.css HTTP/1.1" 200 35038 "-" "Mozilla/5.0 (compatible; Googlebot/2.1; +http://www.google.com/bot.html)"
66.249.76.49 - - [02/Apr/2013:04:43:26 +0200] "GET /js_contentserver24_greybox/gb_styles.css HTTP/1.1" 200 2302 "-" "Mozilla/5.0 (compatible; Googlebot/2.1; +http://www.google.com/bot.html)"
66.249.78.46 - - [02/Apr/2013:04:43:26 +0200] "GET /images/freecall.jpg HTTP/1.1" 200 39195 "-" "Mozilla/5.0 (compatible; Googlebot/2.1; +http://www.google.com/bot.html)"
66.249.78.46 - - [02/Apr/2013:04:43:27 +0200] "GET /images/mobil.jpg HTTP/1.1" 200 25293 "-" "Mozilla/5.0 (compatible; Googlebot/2.1; +http://www.google.com/bot.html)"
66.249.78.46 - - [02/Apr/2013:04:43:28 +0200] "GET /images/newsletter.jpg HTTP/1.1" 200 13130 "-" "Mozilla/5.0 (compatible; Googlebot/2.1; +http://www.google.com/bot.html)"
66.249.78.46 - - [02/Apr/2013:04:43:29 +0200] "GET /images/newsletter.png HTTP/1.1" 200 14619 "-" "Mozilla/5.0 (compatible; Googlebot/2.1; +http://www.google.com/bot.html)"
66.249.78.46 - - [02/Apr/2013:04:43:32 +0200] "GET /js_contentserver24_greybox/AJS.js HTTP/1.1" 200 10396 "http://www.mink-gmbh.de/" "Mozilla/5.0 (compatible; Googlebot/2.1; +http://www.google.com/bot.html)"
66.249.78.46 - - [02/Apr/2013:04:43:32 +0200] "GET /js_contentserver24_greybox/AJS_fx.js HTTP/1.1" 200 3192 "http://www.mink-gmbh.de/" "Mozilla/5.0 (compatible; Googlebot/2.1; +http://www.google.com/bot.html)"
141.8.147.12 - - [02/Apr/2013:05:16:59 +0200] "GET /news.php?cs_go=archiv&cs_startpos=670 HTTP/1.1" 200 8125 "-" "Mozilla/5.0 (compatible; YandexBot/3.0; +http://yandex.com/bots)"
195.78.245.8 - - [02/Apr/2013:05:48:38 +0200] "GET /robots.txt HTTP/1.1" 200 177 "-" "Mozilla/5.0 (compatible; 008/0.83; http://www.80legs.com/webcrawler.html;) Gecko/2008032620"
195.78.245.8 - - [02/Apr/2013:05:48:38 +0200] "GET /wunschpreis.php HTTP/1.1" 200 12084 "-" "Mozilla/5.0 (compatible; 008/0.85; http://www.80legs.com/webcrawler.html) Gecko/2008032620"
208.115.113.91 - - [02/Apr/2013:05:58:18 +0200] "GET /robots.txt HTTP/1.1" 200 177 "-" "Mozilla/5.0 (compatible; Ezooms/1.0; ezooms.bot@gmail.com)"
95.215.137.110 - - [02/Apr/2013:06:17:52 +0200] "GET /agb.php HTTP/1.1" 200 19709 "-" "Mozilla/5.0 (compatible; 008/0.85; http://www.80legs.com/webcrawler.html) Gecko/2008032620"
95.215.137.110 - - [02/Apr/2013:06:17:56 +0200] "GET /news.php?cs_go=archiv&cs_id=4038 HTTP/1.1" 200 13113 "-" "Mozilla/5.0 (compatible; 008/0.85; http://www.80legs.com/webcrawler.html) Gecko/2008032620"
95.215.137.110 - - [02/Apr/2013:06:17:57 +0200] "GET /news.php?cs_go=archiv&cs_id=4040 HTTP/1.1" 200 12426 "-" "Mozilla/5.0 (compatible; 008/0.85; http://www.80legs.com/webcrawler.html) Gecko/2008032620"
95.215.137.110 - - [02/Apr/2013:06:17:58 +0200] "GET /newsletter.php HTTP/1.1" 200 8928 "-" "Mozilla/5.0 (compatible; 008/0.85; http://www.80legs.com/webcrawler.html) Gecko/2008032620"
95.215.137.110 - - [02/Apr/2013:06:17:59 +0200] "GET /preisanfrage.php HTTP/1.1" 200 10735 "-" "Mozilla/5.0 (compatible; 008/0.85; http://www.80legs.com/webcrawler.html) Gecko/2008032620"
95.30.187.29 - - [02/Apr/2013:06:18:11 +0200] "GET /impressum.php HTTP/1.1" 200 8582 "-" "Mozilla/5.0 (compatible; 008/0.85; http://www.80legs.com/webcrawler.html) Gecko/2008032620"
95.30.187.29 - - [02/Apr/2013:06:18:13 +0200] "GET /kwk.php HTTP/1.1" 200 10884 "-" "Mozilla/5.0 (compatible; 008/0.85; http://www.80legs.com/webcrawler.html) Gecko/2008032620"
95.30.187.29 - - [02/Apr/2013:06:18:14 +0200] "GET /news.php HTTP/1.1" 200 22000 "-" "Mozilla/5.0 (compatible; 008/0.85; http://www.80legs.com/webcrawler.html) Gecko/2008032620"
194.84.53.138 - - [02/Apr/2013:06:21:51 +0200] "GET /news.php?cs_go=archiv&cs_id=4041 HTTP/1.1" 200 13090 "-" "Mozilla/5.0 (compatible; 008/0.85; http://www.80legs.com/webcrawler.html) Gecko/2008032620"
141.8.147.12 - - [02/Apr/2013:06:28:26 +0200] "GET /news.php?cs_go=archiv&cs_startpos=700 HTTP/1.1" 200 8125 "-" "Mozilla/5.0 (compatible; YandexBot/3.0; +http://yandex.com/bots)"
46.211.238.138 - - [02/Apr/2013:06:32:35 +0200] "GET /jobs.php HTTP/1.1" 200 7200 "-" "Mozilla/5.0 (compatible; 008/0.85; http://www.80legs.com/webcrawler.html) Gecko/2008032620"
184.78.118.185 - - [02/Apr/2013:06:33:37 +0200] "GET /news.php?cs_go=archiv HTTP/1.1" 200 22000 "-" "Mozilla/5.0 (compatible; 008/0.85; http://www.80legs.com/webcrawler.html) Gecko/2008032620"
176.52.55.38 - - [02/Apr/2013:06:40:35 +0200] "GET /kontakt.php HTTP/1.1" 200 9198 "-" "Mozilla/5.0 (compatible; 008/0.85; http://www.80legs.com/webcrawler.html) Gecko/2008032620"
109.167.205.157 - - [02/Apr/2013:06:43:11 +0200] "GET /news.php?cs_go=archiv&cs_id=4039 HTTP/1.1" 200 12908 "-" "Mozilla/5.0 (compatible; 008/0.85; http://www.80legs.com/webcrawler.html) Gecko/2008032620"
176.52.55.38 - - [02/Apr/2013:06:44:26 +0200] "GET /rueckrufservice.php HTTP/1.1" 200 10770 "-" "Mozilla/5.0 (compatible; 008/0.85; http://www.80legs.com/webcrawler.html) Gecko/2008032620"
87.252.227.85 - - [02/Apr/2013:06:44:41 +0200] "GET /standard.php HTTP/1.1" 200 9218 "-" "Mozilla/5.0 (compatible; 008/0.85; http://www.80legs.com/webcrawler.html) Gecko/2008032620"
205.204.21.203 - - [02/Apr/2013:06:45:07 +0200] "GET /index.php HTTP/1.1" 200 12030 "-" "Mozilla/5.0 (compatible; 008/0.85; http://www.80legs.com/webcrawler.html) Gecko/2008032620"
46.211.251.10 - - [02/Apr/2013:06:46:14 +0200] "GET /index.php HTTP/1.1" 200 12030 "-" "Mozilla/5.0 (compatible; 008/0.85; http://www.80legs.com/webcrawler.html) Gecko/2008032620"
46.211.251.10 - - [02/Apr/2013:06:46:17 +0200] "GET /news.php?cs_go=archiv&cs_id=4039 HTTP/1.1" 200 12908 "-" "Mozilla/5.0 (compatible; 008/0.85; http://www.80legs.com/webcrawler.html) Gecko/2008032620"
46.211.251.10 - - [02/Apr/2013:06:46:19 +0200] "GET /optiplus.php HTTP/1.1" 200 11100 "-" "Mozilla/5.0 (compatible; 008/0.85; http://www.80legs.com/webcrawler.html) Gecko/2008032620"
46.211.251.10 - - [02/Apr/2013:06:46:20 +0200] "GET /rueckrufservice.php HTTP/1.1" 200 10770 "-" "Mozilla/5.0 (compatible; 008/0.85; http://www.80legs.com/webcrawler.html) Gecko/2008032620"
159.224.103.143 - - [02/Apr/2013:06:53:39 +0200] "GET /optiplus.php HTTP/1.1" 200 11100 "-" "Mozilla/5.0 (compatible; 008/0.85; http://www.80legs.com/webcrawler.html) Gecko/2008032620"
66.249.78.46 - - [02/Apr/2013:07:13:59 +0200] "GET /news.php?cs_go=archiv&cs_id=4030 HTTP/1.1" 200 13255 "-" "Mozilla/5.0 (iPhone; U; CPU iPhone OS 4_1 like Mac OS X; en-us) AppleWebKit/532.9 (KHTML, like Gecko) Version/4.0.5 Mobile/8B117 Safari/6531.22.7 (compatible; Googlebot-Mobile/2.1; +http://www.google.com/bot.html)"
64.125.222.50 - - [02/Apr/2013:07:29:04 +0200] "GET /robots.txt HTTP/1.1" 200 177 "-" "Mozilla/5.0 (compatible; 008/0.83; http://www.80legs.com/webcrawler.html;) Gecko/2008032620"
178.67.103.184 - - [02/Apr/2013:07:32:52 +0200] "GET /additive.php HTTP/1.1" 200 8372 "-" "Mozilla/5.0 (compatible; 008/0.85; http://www.80legs.com/webcrawler.html) Gecko/2008032620"
178.67.103.184 - - [02/Apr/2013:07:32:54 +0200] "GET /news.php?cs_go=archiv&cs_id=4034&cs_search= HTTP/1.1" 200 13001 "-" "Mozilla/5.0 (compatible; 008/0.85; http://www.80legs.com/webcrawler.html) Gecko/2008032620"
92.113.39.20 - - [02/Apr/2013:07:44:18 +0200] "GET /news.php?cs_go=archiv&cs_id=4040&cs_search= HTTP/1.1" 200 12426 "-" "Mozilla/5.0 (compatible; 008/0.85; http://www.80legs.com/webcrawler.html) Gecko/2008032620"
37.52.130.26 - - [02/Apr/2013:07:49:42 +0200] "GET /news.php?cs_go=archiv&cs_id=4034&cs_search= HTTP/1.1" 200 13001 "-" "Mozilla/5.0 (compatible; 008/0.85; http://www.80legs.com/webcrawler.html) Gecko/2008032620"
109.200.100.134 - - [02/Apr/2013:07:50:30 +0200] "GET /news.php?cs_go=archiv&cs_startpos=40 HTTP/1.1" 200 22798 "-" "Mozilla/5.0 (compatible; 008/0.85; http://www.80legs.com/webcrawler.html) Gecko/2008032620"
109.86.75.75 - - [02/Apr/2013:07:54:42 +0200] "GET /news.php?cs_go=archiv&cs_id=4040&cs_search= HTTP/1.1" 200 12426 "-" "Mozilla/5.0 (compatible; 008/0.85; http://www.80legs.com/webcrawler.html) Gecko/2008032620"
208.115.113.91 - - [02/Apr/2013:07:58:20 +0200] "GET /kontakt.php HTTP/1.1" 200 9198 "-" "Mozilla/5.0 (compatible; Ezooms/1.0; ezooms.bot@gmail.com)"
208.115.113.91 - - [02/Apr/2013:07:58:25 +0200] "GET /newsletter.php HTTP/1.1" 200 8928 "-" "Mozilla/5.0 (compatible; Ezooms/1.0; ezooms.bot@gmail.com)"
37.52.130.26 - - [02/Apr/2013:08:01:27 +0200] "GET /additive.php HTTP/1.1" 200 8372 "-" "Mozilla/5.0 (compatible; 008/0.85; http://www.80legs.com/webcrawler.html) Gecko/2008032620"
37.52.130.26 - - [02/Apr/2013:08:01:36 +0200] "GET /additive.php HTTP/1.1" 200 8372 "-" "Mozilla/5.0 (compatible; 008/0.85; http://www.80legs.com/webcrawler.html) Gecko/2008032620"
37.52.130.26 - - [02/Apr/2013:08:01:39 +0200] "GET /news.php?cs_go=archiv&cs_id=4040&cs_search= HTTP/1.1" 200 12426 "-" "Mozilla/5.0 (compatible; 008/0.85; http://www.80legs.com/webcrawler.html) Gecko/2008032620"
37.52.130.26 - - [02/Apr/2013:08:01:30 +0200] "GET /news.php?cs_go=archiv&cs_id=4040&cs_search= HTTP/1.1" 200 12426 "-" "Mozilla/5.0 (compatible; 008/0.85; http://www.80legs.com/webcrawler.html) Gecko/2008032620"
66.249.76.49 - - [02/Apr/2013:08:04:54 +0200] "GET /index.php HTTP/1.1" 200 12030 "-" "Mozilla/5.0 (compatible; Googlebot/2.1; +http://www.google.com/bot.html)"
109.200.100.134 - - [02/Apr/2013:08:05:15 +0200] "GET /additive.php HTTP/1.1" 200 8372 "-" "Mozilla/5.0 (compatible; 008/0.85; http://www.80legs.com/webcrawler.html) Gecko/2008032620"
109.200.100.134 - - [02/Apr/2013:08:05:19 +0200] "GET /news.php?cs_go=archiv&cs_startpos=40 HTTP/1.1" 200 22798 "-" "Mozilla/5.0 (compatible; 008/0.85; http://www.80legs.com/webcrawler.html) Gecko/2008032620"
178.151.1.129 - - [02/Apr/2013:08:06:10 +0200] "GET /kwk.php?cs_go=4 HTTP/1.1" 200 10255 "-" "Mozilla/5.0 (compatible; 008/0.85; http://www.80legs.com/webcrawler.html) Gecko/2008032620"
77.88.207.194 - - [02/Apr/2013:08:06:22 +0200] "GET /news.php?cs_go=archiv&cs_id=4040&cs_search= HTTP/1.1" 200 12426 "-" "Mozilla/5.0 (compatible; 008/0.85; http://www.80legs.com/webcrawler.html) Gecko/2008032620"
178.67.103.184 - - [02/Apr/2013:08:07:39 +0200] "GET /energiesparcheck.php HTTP/1.1" 200 13581 "-" "Mozilla/5.0 (compatible; 008/0.85; http://www.80legs.com/webcrawler.html) Gecko/2008032620"
89.21.136.250 - - [02/Apr/2013:08:08:22 +0200] "GET /diesel.php HTTP/1.1" 200 10639 "-" "Mozilla/5.0 (compatible; 008/0.85; http://www.80legs.com/webcrawler.html) Gecko/2008032620"
92.113.39.20 - - [02/Apr/2013:08:11:04 +0200] "GET /kwk.php?cs_go=4 HTTP/1.1" 200 10255 "-" "Mozilla/5.0 (compatible; 008/0.85; http://www.80legs.com/webcrawler.html) Gecko/2008032620"
141.8.147.12 - - [02/Apr/2013:08:25:52 +0200] "GET /lexikon.php?cs_go=3&cs_id=174 HTTP/1.1" 200 8713 "-" "Mozilla/5.0 (compatible; YandexBot/3.0; +http://yandex.com/bots)"
85.178.201.7 - - [02/Apr/2013:08:47:19 +0200] "GET / HTTP/1.1" 200 12030 "http://www.google.de/url?sa=t&rct=j&q=&esrc=s&source=web&cd=5&sqi=2&ved=0CGkQFjAE&url=http%3A%2F%2Fwww.mink-gmbh.de%2F&ei=5H5aUZ_CBc7TsgbxqYHoBw&usg=AFQjCNFHX4Iglls9oo-KYXTmDUV_5KOVIg&sig2=4sduo_bV_Nqt9jxFva_CpQ&bvm=bv.44697112,d.Yms" "Mozilla/5.0 (Windows NT 6.0; rv:19.0) Gecko/20100101 Firefox/19.0"
85.178.201.7 - - [02/Apr/2013:08:47:22 +0200] "GET /js_contentserver24_greybox/loader_frame.html?s=0 HTTP/1.1" 304 - "http://www.mink-gmbh.de/" "Mozilla/5.0 (Windows NT 6.0; rv:19.0) Gecko/20100101 Firefox/19.0"
85.178.201.7 - - [02/Apr/2013:08:47:38 +0200] "GET /standard.php HTTP/1.1" 200 9131 "http://www.mink-gmbh.de/" "Mozilla/5.0 (Windows NT 6.0; rv:19.0) Gecko/20100101 Firefox/19.0"
85.178.201.7 - - [02/Apr/2013:08:47:42 +0200] "GET /kontakt.php HTTP/1.1" 200 9111 "http://www.mink-gmbh.de/standard.php" "Mozilla/5.0 (Windows NT 6.0; rv:19.0) Gecko/20100101 Firefox/19.0"
85.178.201.7 - - [02/Apr/2013:08:47:48 +0200] "GET /impressum.php HTTP/1.1" 200 8495 "http://www.mink-gmbh.de/kontakt.php" "Mozilla/5.0 (Windows NT 6.0; rv:19.0) Gecko/20100101 Firefox/19.0"
141.8.147.12 - - [02/Apr/2013:10:17:05 +0200] "GET / HTTP/1.1" 200 12048 "-" "Mozilla/5.0 (compatible; YandexBot/3.0; +http://yandex.com/bots)"
84.189.30.156 - - [02/Apr/2013:10:19:09 +0200] "GET /style.css HTTP/1.1" 200 8418 "http://www.mink-gmbh.de/" "Mozilla/4.0 (compatible; MSIE 7.0; Windows NT 6.0; SLCC1; .NET CLR 2.0.50727; .NET CLR 3.0.30618; .NET CLR 3.5.30729; .NET4.0C)"
84.189.30.156 - - [02/Apr/2013:10:19:09 +0200] "GET /modul.css HTTP/1.1" 200 35038 "http://www.mink-gmbh.de/" "Mozilla/4.0 (compatible; MSIE 7.0; Windows NT 6.0; SLCC1; .NET CLR 2.0.50727; .NET CLR 3.0.30618; .NET CLR 3.5.30729; .NET4.0C)"
84.189.30.156 - - [02/Apr/2013:10:19:08 +0200] "GET / HTTP/1.1" 200 12048 "http://de.yhs4.search.yahoo.com/yhs/search?p=%C3%B6l+mink&hspart=acer&hsimp=yhs-01" "Mozilla/4.0 (compatible; MSIE 7.0; Windows NT 6.0; SLCC1; .NET CLR 2.0.50727; .NET CLR 3.0.30618; .NET CLR 3.5.30729; .NET4.0C)"
84.189.30.156 - - [02/Apr/2013:10:19:10 +0200] "GET /js_contentserver24_greybox/gb_styles.css HTTP/1.1" 200 2302 "http://www.mink-gmbh.de/" "Mozilla/4.0 (compatible; MSIE 7.0; Windows NT 6.0; SLCC1; .NET CLR 2.0.50727; .NET CLR 3.0.30618; .NET CLR 3.5.30729; .NET4.0C)"
84.189.30.156 - - [02/Apr/2013:10:19:10 +0200] "GET /images/bg.jpg HTTP/1.1" 200 345 "http://www.mink-gmbh.de/" "Mozilla/4.0 (compatible; MSIE 7.0; Windows NT 6.0; SLCC1; .NET CLR 2.0.50727; .NET CLR 3.0.30618; .NET CLR 3.5.30729; .NET4.0C)"
84.189.30.156 - - [02/Apr/2013:10:19:10 +0200] "GET /js_contentserver24_greybox/AJS.js HTTP/1.1" 200 10396 "http://www.mink-gmbh.de/" "Mozilla/4.0 (compatible; MSIE 7.0; Windows NT 6.0; SLCC1; .NET CLR 2.0.50727; .NET CLR 3.0.30618; .NET CLR 3.5.30729; .NET4.0C)"
84.189.30.156 - - [02/Apr/2013:10:19:10 +0200] "GET /js_contentserver24_greybox/AJS_fx.js HTTP/1.1" 200 3192 "http://www.mink-gmbh.de/" "Mozilla/4.0 (compatible; MSIE 7.0; Windows NT 6.0; SLCC1; .NET CLR 2.0.50727; .NET CLR 3.0.30618; .NET CLR 3.5.30729; .NET4.0C)"
84.189.30.156 - - [02/Apr/2013:10:19:10 +0200] "GET /js_contentserver24_greybox/gb_scripts.js HTTP/1.1" 200 11913 "http://www.mink-gmbh.de/" "Mozilla/4.0 (compatible; MSIE 7.0; Windows NT 6.0; SLCC1; .NET CLR 2.0.50727; .NET CLR 3.0.30618; .NET CLR 3.5.30729; .NET4.0C)"
84.189.30.156 - - [02/Apr/2013:10:19:11 +0200] "GET /js_contentserver24_greybox/w_close.gif HTTP/1.1" 200 74 "http://www.mink-gmbh.de/" "Mozilla/4.0 (compatible; MSIE 7.0; Windows NT 6.0; SLCC1; .NET CLR 2.0.50727; .NET CLR 3.0.30618; .NET CLR 3.5.30729; .NET4.0C)"
84.189.30.156 - - [02/Apr/2013:10:19:11 +0200] "GET /js_contentserver24_greybox/header_bg.gif HTTP/1.1" 200 1188 "http://www.mink-gmbh.de/" "Mozilla/4.0 (compatible; MSIE 7.0; Windows NT 6.0; SLCC1; .NET CLR 2.0.50727; .NET CLR 3.0.30618; .NET CLR 3.5.30729; .NET4.0C)"
84.189.30.156 - - [02/Apr/2013:10:19:11 +0200] "GET /images/freecall.jpg HTTP/1.1" 200 39195 "http://www.mink-gmbh.de/" "Mozilla/4.0 (compatible; MSIE 7.0; Windows NT 6.0; SLCC1; .NET CLR 2.0.50727; .NET CLR 3.0.30618; .NET CLR 3.5.30729; .NET4.0C)"
84.189.30.156 - - [02/Apr/2013:10:19:11 +0200] "GET /images/tkw.jpg HTTP/1.1" 200 64031 "http://www.mink-gmbh.de/" "Mozilla/4.0 (compatible; MSIE 7.0; Windows NT 6.0; SLCC1; .NET CLR 2.0.50727; .NET CLR 3.0.30618; .NET CLR 3.5.30729; .NET4.0C)"
84.189.30.156 - - [02/Apr/2013:10:19:11 +0200] "GET /images/mail.jpg HTTP/1.1" 200 11165 "http://www.mink-gmbh.de/" "Mozilla/4.0 (compatible; MSIE 7.0; Windows NT 6.0; SLCC1; .NET CLR 2.0.50727; .NET CLR 3.0.30618; .NET CLR 3.5.30729; .NET4.0C)"
84.189.30.156 - - [02/Apr/2013:10:19:11 +0200] "GET /js_contentserver24_greybox/loader_frame.html?s=0 HTTP/1.1" 200 2084 "http://www.mink-gmbh.de/" "Mozilla/4.0 (compatible; MSIE 7.0; Windows NT 6.0; SLCC1; .NET CLR 2.0.50727; .NET CLR 3.0.30618; .NET CLR 3.5.30729; .NET4.0C)"
84.189.30.156 - - [02/Apr/2013:10:19:11 +0200] "GET /images/kwk.gif HTTP/1.1" 200 6403 "http://www.mink-gmbh.de/" "Mozilla/4.0 (compatible; MSIE 7.0; Windows NT 6.0; SLCC1; .NET CLR 2.0.50727; .NET CLR 3.0.30618; .NET CLR 3.5.30729; .NET4.0C)"
84.189.30.156 - - [02/Apr/2013:10:19:11 +0200] "GET /images/wunschpreis.jpg HTTP/1.1" 200 16767 "http://www.mink-gmbh.de/" "Mozilla/4.0 (compatible; MSIE 7.0; Windows NT 6.0; SLCC1; .NET CLR 2.0.50727; .NET CLR 3.0.30618; .NET CLR 3.5.30729; .NET4.0C)"
84.189.30.156 - - [02/Apr/2013:10:19:11 +0200] "GET /images/logos.jpg HTTP/1.1" 200 15002 "http://www.mink-gmbh.de/" "Mozilla/4.0 (compatible; MSIE 7.0; Windows NT 6.0; SLCC1; .NET CLR 2.0.50727; .NET CLR 3.0.30618; .NET CLR 3.5.30729; .NET4.0C)"
84.189.30.156 - - [02/Apr/2013:10:19:11 +0200] "GET /images/newsletter_bg.jpg HTTP/1.1" 200 33610 "http://www.mink-gmbh.de/" "Mozilla/4.0 (compatible; MSIE 7.0; Windows NT 6.0; SLCC1; .NET CLR 2.0.50727; .NET CLR 3.0.30618; .NET CLR 3.5.30729; .NET4.0C)"
84.189.30.156 - - [02/Apr/2013:10:19:11 +0200] "GET /images/wrapperbg.jpg HTTP/1.1" 200 27465 "http://www.mink-gmbh.de/" "Mozilla/4.0 (compatible; MSIE 7.0; Windows NT 6.0; SLCC1; .NET CLR 2.0.50727; .NET CLR 3.0.30618; .NET CLR 3.5.30729; .NET4.0C)"
84.189.30.156 - - [02/Apr/2013:10:19:12 +0200] "GET /images/navibg.png HTTP/1.1" 200 2803 "http://www.mink-gmbh.de/" "Mozilla/4.0 (compatible; MSIE 7.0; Windows NT 6.0; SLCC1; .NET CLR 2.0.50727; .NET CLR 3.0.30618; .NET CLR 3.5.30729; .NET4.0C)"
84.189.30.156 - - [02/Apr/2013:10:19:12 +0200] "GET /images/header.jpg HTTP/1.1" 200 24413 "http://www.mink-gmbh.de/" "Mozilla/4.0 (compatible; MSIE 7.0; Windows NT 6.0; SLCC1; .NET CLR 2.0.50727; .NET CLR 3.0.30618; .NET CLR 3.5.30729; .NET4.0C)"
84.189.30.156 - - [02/Apr/2013:10:19:12 +0200] "GET /images/fallend.png HTTP/1.1" 200 713 "http://www.mink-gmbh.de/" "Mozilla/4.0 (compatible; MSIE 7.0; Windows NT 6.0; SLCC1; .NET CLR 2.0.50727; .NET CLR 3.0.30618; .NET CLR 3.5.30729; .NET4.0C)"
84.189.30.156 - - [02/Apr/2013:10:19:12 +0200] "GET /images/gleichbleibend.png HTTP/1.1" 200 534 "http://www.mink-gmbh.de/" "Mozilla/4.0 (compatible; MSIE 7.0; Windows NT 6.0; SLCC1; .NET CLR 2.0.50727; .NET CLR 3.0.30618; .NET CLR 3.5.30729; .NET4.0C)"
84.189.30.156 - - [02/Apr/2013:10:19:12 +0200] "GET /images/mobil.jpg HTTP/1.1" 200 25293 "http://www.mink-gmbh.de/" "Mozilla/4.0 (compatible; MSIE 7.0; Windows NT 6.0; SLCC1; .NET CLR 2.0.50727; .NET CLR 3.0.30618; .NET CLR 3.5.30729; .NET4.0C)"
84.189.30.156 - - [02/Apr/2013:10:19:12 +0200] "GET /images/newsletter.jpg HTTP/1.1" 200 13130 "http://www.mink-gmbh.de/" "Mozilla/4.0 (compatible; MSIE 7.0; Windows NT 6.0; SLCC1; .NET CLR 2.0.50727; .NET CLR 3.0.30618; .NET CLR 3.5.30729; .NET4.0C)"
84.189.30.156 - - [02/Apr/2013:10:19:12 +0200] "GET /images/footerbg.jpg HTTP/1.1" 200 2184 "http://www.mink-gmbh.de/" "Mozilla/4.0 (compatible; MSIE 7.0; Windows NT 6.0; SLCC1; .NET CLR 2.0.50727; .NET CLR 3.0.30618; .NET CLR 3.5.30729; .NET4.0C)"
84.189.30.156 - - [02/Apr/2013:10:19:12 +0200] "GET /images/close.png HTTP/1.1" 200 703 "http://www.mink-gmbh.de/" "Mozilla/4.0 (compatible; MSIE 7.0; Windows NT 6.0; SLCC1; .NET CLR 2.0.50727; .NET CLR 3.0.30618; .NET CLR 3.5.30729; .NET4.0C)"
84.189.30.156 - - [02/Apr/2013:10:19:12 +0200] "GET /images/newsletter.png HTTP/1.1" 200 14619 "http://www.mink-gmbh.de/" "Mozilla/4.0 (compatible; MSIE 7.0; Windows NT 6.0; SLCC1; .NET CLR 2.0.50727; .NET CLR 3.0.30618; .NET CLR 3.5.30729; .NET4.0C)"
84.189.30.156 - - [02/Apr/2013:10:19:12 +0200] "GET /js_contentserver24_greybox/indicator.gif HTTP/1.1" 200 8238 "http://www.mink-gmbh.de/js_contentserver24_greybox/loader_frame.html?s=0" "Mozilla/4.0 (compatible; MSIE 7.0; Windows NT 6.0; SLCC1; .NET CLR 2.0.50727; .NET CLR 3.0.30618; .NET CLR 3.5.30729; .NET4.0C)"
84.189.30.156 - - [02/Apr/2013:10:19:12 +0200] "GET /js_contentserver24_greybox/g_close.gif HTTP/1.1" 200 541 "http://www.mink-gmbh.de/" "Mozilla/4.0 (compatible; MSIE 7.0; Windows NT 6.0; SLCC1; .NET CLR 2.0.50727; .NET CLR 3.0.30618; .NET CLR 3.5.30729; .NET4.0C)"
84.189.30.156 - - [02/Apr/2013:10:19:12 +0200] "GET /favicon.ico HTTP/1.1" 200 3638 "-" "Mozilla/4.0 (compatible; MSIE 7.0; Windows NT 6.0; SLCC1; .NET CLR 2.0.50727; .NET CLR 3.0.30618; .NET CLR 3.5.30729; .NET4.0C)"
84.189.30.156 - - [02/Apr/2013:10:19:33 +0200] "GET /preisanfrage.php HTTP/1.1" 200 10648 "http://www.mink-gmbh.de/" "Mozilla/4.0 (compatible; MSIE 7.0; Windows NT 6.0; SLCC1; .NET CLR 2.0.50727; .NET CLR 3.0.30618; .NET CLR 3.5.30729; .NET4.0C)"
84.189.30.156 - - [02/Apr/2013:10:19:42 +0200] "GET /index.php HTTP/1.1" 200 11307 "http://www.mink-gmbh.de/preisanfrage.php" "Mozilla/4.0 (compatible; MSIE 7.0; Windows NT 6.0; SLCC1; .NET CLR 2.0.50727; .NET CLR 3.0.30618; .NET CLR 3.5.30729; .NET4.0C)"
84.189.30.156 - - [02/Apr/2013:10:23:27 +0200] "GET /preisanfrage.php HTTP/1.1" 200 10648 "http://www.mink-gmbh.de/" "Mozilla/4.0 (compatible; MSIE 7.0; Windows NT 6.0; SLCC1; .NET CLR 2.0.50727; .NET CLR 3.0.30618; .NET CLR 3.5.30729; .NET4.0C)"
91.21.143.180 - - [02/Apr/2013:10:41:43 +0200] "GET /style.css HTTP/1.1" 200 8418 "http://www.mink-gmbh.de/" "Mozilla/5.0 (compatible; MSIE 9.0; Windows NT 6.1; WOW64; Trident/5.0)"
91.21.143.180 - - [02/Apr/2013:10:41:43 +0200] "GET /modul.css HTTP/1.1" 200 35038 "http://www.mink-gmbh.de/" "Mozilla/5.0 (compatible; MSIE 9.0; Windows NT 6.1; WOW64; Trident/5.0)"
91.21.143.180 - - [02/Apr/2013:10:41:43 +0200] "GET /js_contentserver24_greybox/gb_styles.css HTTP/1.1" 200 2302 "http://www.mink-gmbh.de/" "Mozilla/5.0 (compatible; MSIE 9.0; Windows NT 6.1; WOW64; Trident/5.0)"
91.21.143.180 - - [02/Apr/2013:10:41:43 +0200] "GET /js_contentserver24_greybox/AJS.js HTTP/1.1" 200 10396 "http://www.mink-gmbh.de/" "Mozilla/5.0 (compatible; MSIE 9.0; Windows NT 6.1; WOW64; Trident/5.0)"
91.21.143.180 - - [02/Apr/2013:10:41:44 +0200] "GET /js_contentserver24_greybox/AJS_fx.js HTTP/1.1" 200 3192 "http://www.mink-gmbh.de/" "Mozilla/5.0 (compatible; MSIE 9.0; Windows NT 6.1; WOW64; Trident/5.0)"
91.21.143.180 - - [02/Apr/2013:10:41:44 +0200] "GET /js_contentserver24_greybox/gb_scripts.js HTTP/1.1" 200 11913 "http://www.mink-gmbh.de/" "Mozilla/5.0 (compatible; MSIE 9.0; Windows NT 6.1; WOW64; Trident/5.0)"
91.21.143.180 - - [02/Apr/2013:10:41:43 +0200] "GET / HTTP/1.1" 200 12048 "http://www.google.de/url?sa=t&rct=j&q=mink%20heiz%C3%B6l&source=web&cd=1&ved=0CDAQFjAA&url=http%3A%2F%2Fwww.mink-gmbh.de%2F&ei=uplaUZy5B8fKsgamt4CACw&usg=AFQjCNFHX4Iglls9oo-KYXTmDUV_5KOVIg&bvm=bv.44697112,d.Yms" "Mozilla/5.0 (compatible; MSIE 9.0; Windows NT 6.1; WOW64; Trident/5.0)"
91.21.143.180 - - [02/Apr/2013:10:41:45 +0200] "GET /js_contentserver24_greybox/w_close.gif HTTP/1.1" 200 74 "http://www.mink-gmbh.de/" "Mozilla/5.0 (compatible; MSIE 9.0; Windows NT 6.1; WOW64; Trident/5.0)"
91.21.143.180 - - [02/Apr/2013:10:41:45 +0200] "GET /images/bg.jpg HTTP/1.1" 200 345 "http://www.mink-gmbh.de/" "Mozilla/5.0 (compatible; MSIE 9.0; Windows NT 6.1; WOW64; Trident/5.0)"
91.21.143.180 - - [02/Apr/2013:10:41:45 +0200] "GET /js_contentserver24_greybox/header_bg.gif HTTP/1.1" 200 1188 "http://www.mink-gmbh.de/" "Mozilla/5.0 (compatible; MSIE 9.0; Windows NT 6.1; WOW64; Trident/5.0)"
91.21.143.180 - - [02/Apr/2013:10:41:45 +0200] "GET /images/newsletter_bg.jpg HTTP/1.1" 200 33610 "http://www.mink-gmbh.de/" "Mozilla/5.0 (compatible; MSIE 9.0; Windows NT 6.1; WOW64; Trident/5.0)"
91.21.143.180 - - [02/Apr/2013:10:41:45 +0200] "GET /images/wrapperbg.jpg HTTP/1.1" 200 27465 "http://www.mink-gmbh.de/" "Mozilla/5.0 (compatible; MSIE 9.0; Windows NT 6.1; WOW64; Trident/5.0)"
91.21.143.180 - - [02/Apr/2013:10:41:45 +0200] "GET /images/navibg.png HTTP/1.1" 200 2803 "http://www.mink-gmbh.de/" "Mozilla/5.0 (compatible; MSIE 9.0; Windows NT 6.1; WOW64; Trident/5.0)"
91.21.143.180 - - [02/Apr/2013:10:41:45 +0200] "GET /images/close.png HTTP/1.1" 200 703 "http://www.mink-gmbh.de/" "Mozilla/5.0 (compatible; MSIE 9.0; Windows NT 6.1; WOW64; Trident/5.0)"
91.21.143.180 - - [02/Apr/2013:10:41:45 +0200] "GET /images/newsletter.png HTTP/1.1" 200 14619 "http://www.mink-gmbh.de/" "Mozilla/5.0 (compatible; MSIE 9.0; Windows NT 6.1; WOW64; Trident/5.0)"
91.21.143.180 - - [02/Apr/2013:10:41:45 +0200] "GET /images/header.jpg HTTP/1.1" 200 24413 "http://www.mink-gmbh.de/" "Mozilla/5.0 (compatible; MSIE 9.0; Windows NT 6.1; WOW64; Trident/5.0)"
91.21.143.180 - - [02/Apr/2013:10:41:45 +0200] "GET /images/gleichbleibend.png HTTP/1.1" 200 534 "http://www.mink-gmbh.de/" "Mozilla/5.0 (compatible; MSIE 9.0; Windows NT 6.1; WOW64; Trident/5.0)"
91.21.143.180 - - [02/Apr/2013:10:41:45 +0200] "GET /images/fallend.png HTTP/1.1" 200 713 "http://www.mink-gmbh.de/" "Mozilla/5.0 (compatible; MSIE 9.0; Windows NT 6.1; WOW64; Trident/5.0)"
91.21.143.180 - - [02/Apr/2013:10:41:45 +0200] "GET /js_contentserver24_greybox/loader_frame.html?s=0 HTTP/1.1" 200 2084 "http://www.mink-gmbh.de/" "Mozilla/5.0 (compatible; MSIE 9.0; Windows NT 6.1; WOW64; Trident/5.0)"
91.21.143.180 - - [02/Apr/2013:10:41:45 +0200] "GET /images/tkw.jpg HTTP/1.1" 200 64031 "http://www.mink-gmbh.de/" "Mozilla/5.0 (compatible; MSIE 9.0; Windows NT 6.1; WOW64; Trident/5.0)"
91.21.143.180 - - [02/Apr/2013:10:41:45 +0200] "GET /images/mail.jpg HTTP/1.1" 200 11165 "http://www.mink-gmbh.de/" "Mozilla/5.0 (compatible; MSIE 9.0; Windows NT 6.1; WOW64; Trident/5.0)"
91.21.143.180 - - [02/Apr/2013:10:41:45 +0200] "GET /images/freecall.jpg HTTP/1.1" 200 39195 "http://www.mink-gmbh.de/" "Mozilla/5.0 (compatible; MSIE 9.0; Windows NT 6.1; WOW64; Trident/5.0)"
91.21.143.180 - - [02/Apr/2013:10:41:45 +0200] "GET /images/kwk.gif HTTP/1.1" 200 6403 "http://www.mink-gmbh.de/" "Mozilla/5.0 (compatible; MSIE 9.0; Windows NT 6.1; WOW64; Trident/5.0)"
91.21.143.180 - - [02/Apr/2013:10:41:45 +0200] "GET /images/wunschpreis.jpg HTTP/1.1" 200 16767 "http://www.mink-gmbh.de/" "Mozilla/5.0 (compatible; MSIE 9.0; Windows NT 6.1; WOW64; Trident/5.0)"
91.21.143.180 - - [02/Apr/2013:10:41:45 +0200] "GET /images/newsletter.jpg HTTP/1.1" 200 13130 "http://www.mink-gmbh.de/" "Mozilla/5.0 (compatible; MSIE 9.0; Windows NT 6.1; WOW64; Trident/5.0)"
91.21.143.180 - - [02/Apr/2013:10:41:45 +0200] "GET /images/mobil.jpg HTTP/1.1" 200 25293 "http://www.mink-gmbh.de/" "Mozilla/5.0 (compatible; MSIE 9.0; Windows NT 6.1; WOW64; Trident/5.0)"
91.21.143.180 - - [02/Apr/2013:10:41:46 +0200] "GET /images/logos.jpg HTTP/1.1" 200 15002 "http://www.mink-gmbh.de/" "Mozilla/5.0 (compatible; MSIE 9.0; Windows NT 6.1; WOW64; Trident/5.0)"
91.21.143.180 - - [02/Apr/2013:10:41:46 +0200] "GET /js_contentserver24_greybox/indicator.gif HTTP/1.1" 200 8238 "http://www.mink-gmbh.de/js_contentserver24_greybox/loader_frame.html?s=0" "Mozilla/5.0 (compatible; MSIE 9.0; Windows NT 6.1; WOW64; Trident/5.0)"
91.21.143.180 - - [02/Apr/2013:10:41:46 +0200] "GET /images/footerbg.jpg HTTP/1.1" 200 2184 "http://www.mink-gmbh.de/" "Mozilla/5.0 (compatible; MSIE 9.0; Windows NT 6.1; WOW64; Trident/5.0)"
91.21.143.180 - - [02/Apr/2013:10:41:47 +0200] "GET /js_contentserver24_greybox/g_close.gif HTTP/1.1" 200 541 "http://www.mink-gmbh.de/" "Mozilla/5.0 (compatible; MSIE 9.0; Windows NT 6.1; WOW64; Trident/5.0)"
91.21.143.180 - - [02/Apr/2013:10:41:47 +0200] "GET /favicon.ico HTTP/1.1" 200 3638 "-" "Mozilla/5.0 (compatible; MSIE 9.0; Windows NT 6.1; WOW64; Trident/5.0)"
91.21.143.180 - - [02/Apr/2013:10:42:46 +0200] "GET /news.php?cs_go=archiv&cs_id=4042 HTTP/1.1" 200 10053 "http://www.mink-gmbh.de/" "Mozilla/5.0 (compatible; MSIE 9.0; Windows NT 6.1; WOW64; Trident/5.0)"
91.21.143.180 - - [02/Apr/2013:10:43:35 +0200] "GET /standard.php HTTP/1.1" 200 9131 "http://www.mink-gmbh.de/news.php?cs_go=archiv&cs_id=4042" "Mozilla/5.0 (compatible; MSIE 9.0; Windows NT 6.1; WOW64; Trident/5.0)"
91.21.143.180 - - [02/Apr/2013:10:44:12 +0200] "GET /preisanfrage.php HTTP/1.1" 200 10648 "http://www.mink-gmbh.de/standard.php" "Mozilla/5.0 (compatible; MSIE 9.0; Windows NT 6.1; WOW64; Trident/5.0)"
91.21.143.180 - - [02/Apr/2013:10:44:28 +0200] "GET /wunschpreis.php HTTP/1.1" 200 11997 "http://www.mink-gmbh.de/preisanfrage.php" "Mozilla/5.0 (compatible; MSIE 9.0; Windows NT 6.1; WOW64; Trident/5.0)"
91.21.143.180 - - [02/Apr/2013:10:45:00 +0200] "GET /index.php HTTP/1.1" 200 11307 "http://www.mink-gmbh.de/wunschpreis.php" "Mozilla/5.0 (compatible; MSIE 9.0; Windows NT 6.1; WOW64; Trident/5.0)"
91.21.143.180 - - [02/Apr/2013:10:45:30 +0200] "GET /impressum.php HTTP/1.1" 200 8495 "http://www.mink-gmbh.de/index.php" "Mozilla/5.0 (compatible; MSIE 9.0; Windows NT 6.1; WOW64; Trident/5.0)"
91.21.143.180 - - [02/Apr/2013:10:45:50 +0200] "GET /kontakt.php HTTP/1.1" 200 9111 "http://www.mink-gmbh.de/impressum.php" "Mozilla/5.0 (compatible; MSIE 9.0; Windows NT 6.1; WOW64; Trident/5.0)"
91.21.143.180 - - [02/Apr/2013:10:45:57 +0200] "GET /jobs.php HTTP/1.1" 200 7113 "http://www.mink-gmbh.de/kontakt.php" "Mozilla/5.0 (compatible; MSIE 9.0; Windows NT 6.1; WOW64; Trident/5.0)"
37.221.174.111 - - [02/Apr/2013:10:57:48 +0200] "GET /agb.php HTTP/1.1" 200 19709 "-" "Mozilla/4.0 (compatible; MSIE 6.0; Windows NT 5.1; SV1)"
37.221.174.111 - - [02/Apr/2013:10:57:49 +0200] "POST /newsletter.php HTTP/1.1" 200 8939 "http://www.mink-gmbh.de/agb.php" "Mozilla/4.0 (compatible; MSIE 6.0; Windows NT 5.1; SV1)"
37.221.174.111 - - [02/Apr/2013:10:57:49 +0200] "GET /newsletter.php HTTP/1.1" 200 8928 "-" "Mozilla/4.0 (compatible; MSIE 6.0; Windows NT 5.1; SV1)"
37.221.174.111 - - [02/Apr/2013:10:57:50 +0200] "GET /agb.php HTTP/1.1" 200 19622 "-" "Mozilla/4.0 (compatible; MSIE 6.0; Windows NT 5.1; SV1)"
37.221.174.111 - - [02/Apr/2013:10:57:51 +0200] "GET / HTTP/1.1" 200 11392 "-" "Mozilla/4.0 (compatible; MSIE 6.0; Windows NT 5.1; SV1)"
37.221.174.111 - - [02/Apr/2013:10:57:51 +0200] "GET /index.php HTTP/1.1" 200 11307 "-" "Mozilla/4.0 (compatible; MSIE 6.0; Windows NT 5.1; SV1)"
37.221.174.111 - - [02/Apr/2013:10:57:52 +0200] "GET /standard.php HTTP/1.1" 200 9131 "-" "Mozilla/4.0 (compatible; MSIE 6.0; Windows NT 5.1; SV1)"
37.221.174.111 - - [02/Apr/2013:10:57:53 +0200] "GET /wunschpreis.php HTTP/1.1" 200 11997 "-" "Mozilla/4.0 (compatible; MSIE 6.0; Windows NT 5.1; SV1)"
37.221.174.111 - - [02/Apr/2013:10:57:54 +0200] "GET /preisanfrage.php HTTP/1.1" 200 10648 "-" "Mozilla/4.0 (compatible; MSIE 6.0; Windows NT 5.1; SV1)"
37.221.174.111 - - [02/Apr/2013:10:57:54 +0200] "GET /news.php HTTP/1.1" 200 21918 "-" "Mozilla/4.0 (compatible; MSIE 6.0; Windows NT 5.1; SV1)"
37.221.174.111 - - [02/Apr/2013:10:57:55 +0200] "GET /faq.php HTTP/1.1" 200 183950 "-" "Mozilla/4.0 (compatible; MSIE 6.0; Windows NT 5.1; SV1)"
37.221.174.111 - - [02/Apr/2013:10:57:56 +0200] "GET /lexikon.php HTTP/1.1" 200 10436 "-" "Mozilla/4.0 (compatible; MSIE 6.0; Windows NT 5.1; SV1)"
37.221.174.111 - - [02/Apr/2013:10:57:57 +0200] "GET /energiesparcheck.php HTTP/1.1" 200 13494 "-" "Mozilla/4.0 (compatible; MSIE 6.0; Windows NT 5.1; SV1)"
37.221.174.111 - - [02/Apr/2013:10:57:57 +0200] "GET /foerdermittel.php HTTP/1.1" 200 12821 "-" "Mozilla/4.0 (compatible; MSIE 6.0; Windows NT 5.1; SV1)"
37.221.174.111 - - [02/Apr/2013:10:57:58 +0200] "GET /kwk.php HTTP/1.1" 200 10797 "-" "Mozilla/4.0 (compatible; MSIE 6.0; Windows NT 5.1; SV1)"
37.221.174.111 - - [02/Apr/2013:10:57:59 +0200] "GET /modernisierung.php HTTP/1.1" 200 11491 "-" "Mozilla/4.0 (compatible; MSIE 6.0; Windows NT 5.1; SV1)"
37.221.174.111 - - [02/Apr/2013:10:57:59 +0200] "GET /edl.php HTTP/1.1" 200 10714 "-" "Mozilla/4.0 (compatible; MSIE 6.0; Windows NT 5.1; SV1)"
37.221.174.111 - - [02/Apr/2013:10:58:00 +0200] "GET /jobs.php HTTP/1.1" 200 7113 "-" "Mozilla/4.0 (compatible; MSIE 6.0; Windows NT 5.1; SV1)"
37.221.174.111 - - [02/Apr/2013:10:58:00 +0200] "GET /kontakt.php HTTP/1.1" 200 9111 "-" "Mozilla/4.0 (compatible; MSIE 6.0; Windows NT 5.1; SV1)"
37.221.174.111 - - [02/Apr/2013:10:58:01 +0200] "GET /impressum.php HTTP/1.1" 200 8495 "-" "Mozilla/4.0 (compatible; MSIE 6.0; Windows NT 5.1; SV1)"
37.221.174.111 - - [02/Apr/2013:10:58:02 +0200] "GET /rueckrufservice.php HTTP/1.1" 200 10683 "-" "Mozilla/4.0 (compatible; MSIE 6.0; Windows NT 5.1; SV1)"
37.221.174.111 - - [02/Apr/2013:10:58:02 +0200] "GET /optiplus.php HTTP/1.1" 200 11013 "-" "Mozilla/4.0 (compatible; MSIE 6.0; Windows NT 5.1; SV1)"
65.36.241.79 - - [02/Apr/2013:11:04:40 +0200] "HEAD / HTTP/1.1" 200 - "-" "InternetSeer.com"
130.83.167.153 - - [02/Apr/2013:11:21:45 +0200] "GET /modernisierung.php?cs_gp_go=description HTTP/1.1" 200 7013 "-" "findlinks/2.6 (+http://wortschatz.uni-leipzig.de/findlinks/)"
130.83.167.153 - - [02/Apr/2013:11:21:46 +0200] "GET /modernisierung.php?cs_gp_go=description HTTP/1.1" 200 10684 "-" "findlinks/2.6 (+http://wortschatz.uni-leipzig.de/findlinks/)"
5.9.0.81 - - [02/Apr/2013:11:40:57 +0200] "GET /news.php?cs_go=archiv&cs_id=3942&cs_search= HTTP/1.1" 200 12754 "-" "Mozilla/5.0 (compatible; Googlebot/2.1; +http://www.google.com/bot.html)"
87.170.106.50 - - [02/Apr/2013:11:55:29 +0200] "GET /style.css HTTP/1.1" 200 8418 "http://www.mink-gmbh.de/" "Mozilla/5.0 (Windows NT 5.1; rv:19.0) Gecko/20100101 Firefox/19.0"
87.170.106.50 - - [02/Apr/2013:11:55:29 +0200] "GET /js_contentserver24_greybox/gb_styles.css HTTP/1.1" 200 2302 "http://www.mink-gmbh.de/" "Mozilla/5.0 (Windows NT 5.1; rv:19.0) Gecko/20100101 Firefox/19.0"
87.170.106.50 - - [02/Apr/2013:11:55:29 +0200] "GET /js_contentserver24_greybox/AJS.js HTTP/1.1" 200 10396 "http://www.mink-gmbh.de/" "Mozilla/5.0 (Windows NT 5.1; rv:19.0) Gecko/20100101 Firefox/19.0"
87.170.106.50 - - [02/Apr/2013:11:55:29 +0200] "GET /js_contentserver24_greybox/AJS_fx.js HTTP/1.1" 200 3192 "http://www.mink-gmbh.de/" "Mozilla/5.0 (Windows NT 5.1; rv:19.0) Gecko/20100101 Firefox/19.0"
87.170.106.50 - - [02/Apr/2013:11:55:29 +0200] "GET /js_contentserver24_greybox/gb_scripts.js HTTP/1.1" 200 11913 "http://www.mink-gmbh.de/" "Mozilla/5.0 (Windows NT 5.1; rv:19.0) Gecko/20100101 Firefox/19.0"
87.170.106.50 - - [02/Apr/2013:11:55:29 +0200] "GET /modul.css HTTP/1.1" 200 35038 "http://www.mink-gmbh.de/" "Mozilla/5.0 (Windows NT 5.1; rv:19.0) Gecko/20100101 Firefox/19.0"
87.170.106.50 - - [02/Apr/2013:11:55:29 +0200] "GET / HTTP/1.1" 200 12048 "http://www.google.de/imgres?q=esso+tankwagen&start=153&hl=de&biw=1912&bih=891&tbm=isch&tbnid=zaWFcOaYBVWqGM:&imgrefurl=http://www.mink-gmbh.de/&docid=u8xmZu_Xxsr1tM&imgurl=http://www.mink-gmbh.de/images/tkw.jpg&w=435&h=283&ei=N6paUYbRJMOstAaB14CICg&zoom=1&iact=hc&vpx=458&vpy=448&dur=3673&hovh=181&hovw=278&tx=183&ty=90&page=4&tbnh=149&tbnw=227&ndsp=61&ved=1t:429,r:94,s:100,i:286" "Mozilla/5.0 (Windows NT 5.1; rv:19.0) Gecko/20100101 Firefox/19.0"
87.170.106.50 - - [02/Apr/2013:11:55:30 +0200] "GET /images/mail.jpg HTTP/1.1" 200 11165 "http://www.mink-gmbh.de/" "Mozilla/5.0 (Windows NT 5.1; rv:19.0) Gecko/20100101 Firefox/19.0"
87.170.106.50 - - [02/Apr/2013:11:55:30 +0200] "GET /images/kwk.gif HTTP/1.1" 200 6403 "http://www.mink-gmbh.de/" "Mozilla/5.0 (Windows NT 5.1; rv:19.0) Gecko/20100101 Firefox/19.0"
87.170.106.50 - - [02/Apr/2013:11:55:30 +0200] "GET /images/wunschpreis.jpg HTTP/1.1" 200 16767 "http://www.mink-gmbh.de/" "Mozilla/5.0 (Windows NT 5.1; rv:19.0) Gecko/20100101 Firefox/19.0"
87.170.106.50 - - [02/Apr/2013:11:55:30 +0200] "GET /images/logos.jpg HTTP/1.1" 200 15002 "http://www.mink-gmbh.de/" "Mozilla/5.0 (Windows NT 5.1; rv:19.0) Gecko/20100101 Firefox/19.0"
87.170.106.50 - - [02/Apr/2013:11:55:30 +0200] "GET /images/tkw.jpg HTTP/1.1" 200 64031 "http://www.mink-gmbh.de/" "Mozilla/5.0 (Windows NT 5.1; rv:19.0) Gecko/20100101 Firefox/19.0"
87.170.106.50 - - [02/Apr/2013:11:55:30 +0200] "GET /images/bg.jpg HTTP/1.1" 200 345 "http://www.mink-gmbh.de/style.css" "Mozilla/5.0 (Windows NT 5.1; rv:19.0) Gecko/20100101 Firefox/19.0"
87.170.106.50 - - [02/Apr/2013:11:55:30 +0200] "GET /js_contentserver24_greybox/w_close.gif HTTP/1.1" 200 74 "http://www.mink-gmbh.de/" "Mozilla/5.0 (Windows NT 5.1; rv:19.0) Gecko/20100101 Firefox/19.0"
87.170.106.50 - - [02/Apr/2013:11:55:30 +0200] "GET /images/close.png HTTP/1.1" 200 703 "http://www.mink-gmbh.de/" "Mozilla/5.0 (Windows NT 5.1; rv:19.0) Gecko/20100101 Firefox/19.0"
87.170.106.50 - - [02/Apr/2013:11:55:30 +0200] "GET /images/freecall.jpg HTTP/1.1" 200 39195 "http://www.mink-gmbh.de/" "Mozilla/5.0 (Windows NT 5.1; rv:19.0) Gecko/20100101 Firefox/19.0"
87.170.106.50 - - [02/Apr/2013:11:55:30 +0200] "GET /images/newsletter_bg.jpg HTTP/1.1" 200 33610 "http://www.mink-gmbh.de/" "Mozilla/5.0 (Windows NT 5.1; rv:19.0) Gecko/20100101 Firefox/19.0"
87.170.106.50 - - [02/Apr/2013:11:55:30 +0200] "GET /images/newsletter.png HTTP/1.1" 200 14619 "http://www.mink-gmbh.de/style.css" "Mozilla/5.0 (Windows NT 5.1; rv:19.0) Gecko/20100101 Firefox/19.0"
87.170.106.50 - - [02/Apr/2013:11:55:30 +0200] "GET /images/wrapperbg.jpg HTTP/1.1" 200 27465 "http://www.mink-gmbh.de/style.css" "Mozilla/5.0 (Windows NT 5.1; rv:19.0) Gecko/20100101 Firefox/19.0"
87.170.106.50 - - [02/Apr/2013:11:55:30 +0200] "GET /images/header.jpg HTTP/1.1" 200 24413 "http://www.mink-gmbh.de/style.css" "Mozilla/5.0 (Windows NT 5.1; rv:19.0) Gecko/20100101 Firefox/19.0"
87.170.106.50 - - [02/Apr/2013:11:55:30 +0200] "GET /images/navibg.png HTTP/1.1" 200 2803 "http://www.mink-gmbh.de/style.css" "Mozilla/5.0 (Windows NT 5.1; rv:19.0) Gecko/20100101 Firefox/19.0"
87.170.106.50 - - [02/Apr/2013:11:55:30 +0200] "GET /images/fallend.png HTTP/1.1" 200 713 "http://www.mink-gmbh.de/modul.css" "Mozilla/5.0 (Windows NT 5.1; rv:19.0) Gecko/20100101 Firefox/19.0"
87.170.106.50 - - [02/Apr/2013:11:55:30 +0200] "GET /images/gleichbleibend.png HTTP/1.1" 200 534 "http://www.mink-gmbh.de/modul.css" "Mozilla/5.0 (Windows NT 5.1; rv:19.0) Gecko/20100101 Firefox/19.0"
87.170.106.50 - - [02/Apr/2013:11:55:30 +0200] "GET /images/mobil.jpg HTTP/1.1" 200 25293 "http://www.mink-gmbh.de/style.css" "Mozilla/5.0 (Windows NT 5.1; rv:19.0) Gecko/20100101 Firefox/19.0"
87.170.106.50 - - [02/Apr/2013:11:55:30 +0200] "GET /images/newsletter.jpg HTTP/1.1" 200 13130 "http://www.mink-gmbh.de/style.css" "Mozilla/5.0 (Windows NT 5.1; rv:19.0) Gecko/20100101 Firefox/19.0"
87.170.106.50 - - [02/Apr/2013:11:55:30 +0200] "GET /images/footerbg.jpg HTTP/1.1" 200 2184 "http://www.mink-gmbh.de/style.css" "Mozilla/5.0 (Windows NT 5.1; rv:19.0) Gecko/20100101 Firefox/19.0"
87.170.106.50 - - [02/Apr/2013:11:55:30 +0200] "GET /js_contentserver24_greybox/header_bg.gif HTTP/1.1" 200 1188 "http://www.mink-gmbh.de/" "Mozilla/5.0 (Windows NT 5.1; rv:19.0) Gecko/20100101 Firefox/19.0"
87.170.106.50 - - [02/Apr/2013:11:55:30 +0200] "GET /js_contentserver24_greybox/g_close.gif HTTP/1.1" 200 541 "http://www.mink-gmbh.de/" "Mozilla/5.0 (Windows NT 5.1; rv:19.0) Gecko/20100101 Firefox/19.0"
87.170.106.50 - - [02/Apr/2013:11:55:30 +0200] "GET /js_contentserver24_greybox/indicator.gif HTTP/1.1" 200 8238 "http://www.mink-gmbh.de/" "Mozilla/5.0 (Windows NT 5.1; rv:19.0) Gecko/20100101 Firefox/19.0"
87.170.106.50 - - [02/Apr/2013:11:55:31 +0200] "GET /js_contentserver24_greybox/loader_frame.html?s=0 HTTP/1.1" 200 2084 "http://www.mink-gmbh.de/" "Mozilla/5.0 (Windows NT 5.1; rv:19.0) Gecko/20100101 Firefox/19.0"
87.170.106.50 - - [02/Apr/2013:11:55:56 +0200] "GET /impressum.php HTTP/1.1" 200 8495 "http://www.mink-gmbh.de/" "Mozilla/5.0 (Windows NT 5.1; rv:19.0) Gecko/20100101 Firefox/19.0"
66.249.76.49 - - [02/Apr/2013:12:41:05 +0200] "GET /news.php HTTP/1.1" 200 22005 "-" "Mozilla/5.0 (compatible; Googlebot/2.1; +http://www.google.com/bot.html)"
66.249.78.46 - - [02/Apr/2013:12:47:21 +0200] "GET /news.php?cs_go=archiv&cs_id=4042&cs_search= HTTP/1.1" 200 10140 "-" "Mozilla/5.0 (compatible; Googlebot/2.1; +http://www.google.com/bot.html)"
141.8.147.12 - - [02/Apr/2013:12:54:27 +0200] "GET /lexikon.php?cs_go=3&cs_id=165 HTTP/1.1" 200 8286 "-" "Mozilla/5.0 (compatible; YandexBot/3.0; +http://yandex.com/bots)"
182.118.21.237 - - [02/Apr/2013:13:30:25 +0200] "GET /news.php?cs_go=archiv&cs_startpos=230 HTTP/1.1" 200 9979 "http://www.mink-gmbh.de/news.php?cs_go=archiv&cs_startpos=230" "Mozilla/5.0 (Windows; U; Windows NT 5.1; zh-CN; rv:1.8.0.11) Firefox/1.5.0.11; 360Spider"
182.118.21.234 - - [02/Apr/2013:13:30:25 +0200] "GET /news.php?cs_go=archiv&cs_startpos=220 HTTP/1.1" 200 22349 "http://www.mink-gmbh.de/news.php?cs_go=archiv&cs_startpos=220" "Mozilla/5.0 (Windows; U; Windows NT 5.1; zh-CN; rv:1.8.0.11) Firefox/1.5.0.11; 360Spider"
182.118.21.231 - - [02/Apr/2013:13:30:25 +0200] "GET /news.php?cs_go=archiv&cs_startpos=30 HTTP/1.1" 200 22708 "http://www.mink-gmbh.de/news.php?cs_go=archiv&cs_startpos=30" "Mozilla/5.0 (Windows; U; Windows NT 5.1; zh-CN; rv:1.8.0.11) Firefox/1.5.0.11; 360Spider"
130.83.167.153 - - [02/Apr/2013:13:43:54 +0200] "GET /optiplus.php HTTP/1.1" 200 11100 "-" "findlinks/2.6 (+http://wortschatz.uni-leipzig.de/findlinks/)"
130.83.167.153 - - [02/Apr/2013:13:43:55 +0200] "GET /optiplus.php HTTP/1.1" 200 11013 "-" "findlinks/2.6 (+http://wortschatz.uni-leipzig.de/findlinks/)"
123.125.71.19 - - [02/Apr/2013:13:44:25 +0200] "GET /robots.txt HTTP/1.1" 200 177 "-" "Mozilla/5.0 (Windows NT 5.1; rv:6.0.2) Gecko/20100101 Firefox/6.0.2"
157.55.35.52 - - [02/Apr/2013:13:55:20 +0200] "GET /robots.txt HTTP/1.1" 200 177 "-" "Mozilla/5.0 (compatible; bingbot/2.0; +http://www.bing.com/bingbot.htm)"
157.55.35.52 - - [02/Apr/2013:13:57:35 +0200] "GET / HTTP/1.1" 200 12059 "-" "Mozilla/5.0 (compatible; bingbot/2.0; +http://www.bing.com/bingbot.htm)"
178.77.126.55 - - [02/Apr/2013:15:02:17 +0200] "GET /robots.txt HTTP/1.1" 200 177 "-" "Mozilla/5.0 (compatible; CareerBot/1.1; +http://www.career-x.de/bot.html)"
178.77.126.55 - - [02/Apr/2013:15:02:17 +0200] "GET / HTTP/1.1" 200 12059 "-" "Mozilla/5.0 (compatible; CareerBot/1.1; +http://www.career-x.de/bot.html)"
141.8.147.12 - - [02/Apr/2013:15:10:36 +0200] "GET /robots.txt HTTP/1.1" 200 177 "-" "Mozilla/5.0 (compatible; YandexBot/3.0; +http://yandex.com/bots)"
79.206.110.218 - - [02/Apr/2013:15:14:49 +0200] "GET /style.css HTTP/1.1" 200 8418 "http://www.mink-gmbh.de/" "Mozilla/5.0 (Windows NT 6.1; WOW64; rv:19.0) Gecko/20100101 Firefox/19.0"
