89.247.2.139 - - [16/Apr/2013:14:38:49 +0200] "GET / HTTP/1.1" 200 12192 "-" "Mozilla/5.0 (Windows NT 5.1; rv:20.0) Gecko/20100101 Firefox/20.0"
89.247.2.139 - - [16/Apr/2013:14:38:49 +0200] "GET /modul.css HTTP/1.1" 200 35038 "http://www.mink-gmbh.de/" "Mozilla/5.0 (Windows NT 5.1; rv:20.0) Gecko/20100101 Firefox/20.0"
89.247.2.139 - - [16/Apr/2013:14:38:49 +0200] "GET /js_contentserver24_greybox/AJS.js HTTP/1.1" 200 10396 "http://www.mink-gmbh.de/" "Mozilla/5.0 (Windows NT 5.1; rv:20.0) Gecko/20100101 Firefox/20.0"
89.247.2.139 - - [16/Apr/2013:14:38:49 +0200] "GET /js_contentserver24_greybox/AJS_fx.js HTTP/1.1" 200 3192 "http://www.mink-gmbh.de/" "Mozilla/5.0 (Windows NT 5.1; rv:20.0) Gecko/20100101 Firefox/20.0"
89.247.2.139 - - [16/Apr/2013:14:38:49 +0200] "GET /js_contentserver24_greybox/gb_scripts.js HTTP/1.1" 200 11913 "http://www.mink-gmbh.de/" "Mozilla/5.0 (Windows NT 5.1; rv:20.0) Gecko/20100101 Firefox/20.0"
89.247.2.139 - - [16/Apr/2013:14:38:49 +0200] "GET /images/freecall.jpg HTTP/1.1" 200 39195 "http://www.mink-gmbh.de/" "Mozilla/5.0 (Windows NT 5.1; rv:20.0) Gecko/20100101 Firefox/20.0"
89.247.2.139 - - [16/Apr/2013:14:38:49 +0200] "GET /images/mail.jpg HTTP/1.1" 200 11165 "http://www.mink-gmbh.de/" "Mozilla/5.0 (Windows NT 5.1; rv:20.0) Gecko/20100101 Firefox/20.0"
89.247.2.139 - - [16/Apr/2013:14:38:49 +0200] "GET /images/kwk.gif HTTP/1.1" 200 6403 "http://www.mink-gmbh.de/" "Mozilla/5.0 (Windows NT 5.1; rv:20.0) Gecko/20100101 Firefox/20.0"
89.247.2.139 - - [16/Apr/2013:14:38:49 +0200] "GET /images/wunschpreis.jpg HTTP/1.1" 200 16767 "http://www.mink-gmbh.de/" "Mozilla/5.0 (Windows NT 5.1; rv:20.0) Gecko/20100101 Firefox/20.0"
89.247.2.139 - - [16/Apr/2013:14:38:50 +0200] "GET /images/logos.jpg HTTP/1.1" 200 15002 "http://www.mink-gmbh.de/" "Mozilla/5.0 (Windows NT 5.1; rv:20.0) Gecko/20100101 Firefox/20.0"
89.247.2.139 - - [16/Apr/2013:14:38:50 +0200] "GET /images/bg.jpg HTTP/1.1" 200 345 "http://www.mink-gmbh.de/style.css" "Mozilla/5.0 (Windows NT 5.1; rv:20.0) Gecko/20100101 Firefox/20.0"
89.247.2.139 - - [16/Apr/2013:14:38:49 +0200] "GET /images/tkw.jpg HTTP/1.1" 200 64031 "http://www.mink-gmbh.de/" "Mozilla/5.0 (Windows NT 5.1; rv:20.0) Gecko/20100101 Firefox/20.0"
89.247.2.139 - - [16/Apr/2013:14:38:50 +0200] "GET /js_contentserver24_greybox/w_close.gif HTTP/1.1" 200 74 "http://www.mink-gmbh.de/" "Mozilla/5.0 (Windows NT 5.1; rv:20.0) Gecko/20100101 Firefox/20.0"
89.247.2.139 - - [16/Apr/2013:14:38:50 +0200] "GET /images/close.png HTTP/1.1" 200 703 "http://www.mink-gmbh.de/" "Mozilla/5.0 (Windows NT 5.1; rv:20.0) Gecko/20100101 Firefox/20.0"
89.247.2.139 - - [16/Apr/2013:14:38:50 +0200] "GET /images/newsletter_bg.jpg HTTP/1.1" 200 33610 "http://www.mink-gmbh.de/" "Mozilla/5.0 (Windows NT 5.1; rv:20.0) Gecko/20100101 Firefox/20.0"
89.247.2.139 - - [16/Apr/2013:14:38:50 +0200] "GET /images/newsletter.png HTTP/1.1" 200 14619 "http://www.mink-gmbh.de/style.css" "Mozilla/5.0 (Windows NT 5.1; rv:20.0) Gecko/20100101 Firefox/20.0"
89.247.2.139 - - [16/Apr/2013:14:38:50 +0200] "GET /images/wrapperbg.jpg HTTP/1.1" 200 27465 "http://www.mink-gmbh.de/style.css" "Mozilla/5.0 (Windows NT 5.1; rv:20.0) Gecko/20100101 Firefox/20.0"
89.247.2.139 - - [16/Apr/2013:14:38:50 +0200] "GET /images/header.jpg HTTP/1.1" 200 24413 "http://www.mink-gmbh.de/style.css" "Mozilla/5.0 (Windows NT 5.1; rv:20.0) Gecko/20100101 Firefox/20.0"
89.247.2.139 - - [16/Apr/2013:14:38:50 +0200] "GET /images/navibg.png HTTP/1.1" 200 2803 "http://www.mink-gmbh.de/style.css" "Mozilla/5.0 (Windows NT 5.1; rv:20.0) Gecko/20100101 Firefox/20.0"
89.247.2.139 - - [16/Apr/2013:14:38:50 +0200] "GET /images/fallend.png HTTP/1.1" 200 713 "http://www.mink-gmbh.de/modul.css" "Mozilla/5.0 (Windows NT 5.1; rv:20.0) Gecko/20100101 Firefox/20.0"
89.247.2.139 - - [16/Apr/2013:14:38:50 +0200] "GET /images/mobil.jpg HTTP/1.1" 200 25293 "http://www.mink-gmbh.de/style.css" "Mozilla/5.0 (Windows NT 5.1; rv:20.0) Gecko/20100101 Firefox/20.0"
89.247.2.139 - - [16/Apr/2013:14:38:50 +0200] "GET /images/newsletter.jpg HTTP/1.1" 200 13130 "http://www.mink-gmbh.de/style.css" "Mozilla/5.0 (Windows NT 5.1; rv:20.0) Gecko/20100101 Firefox/20.0"
89.247.2.139 - - [16/Apr/2013:14:38:50 +0200] "GET /images/footerbg.jpg HTTP/1.1" 200 2184 "http://www.mink-gmbh.de/style.css" "Mozilla/5.0 (Windows NT 5.1; rv:20.0) Gecko/20100101 Firefox/20.0"
89.247.2.139 - - [16/Apr/2013:14:38:50 +0200] "GET /js_contentserver24_greybox/loader_frame.html?s=0 HTTP/1.1" 200 2084 "http://www.mink-gmbh.de/" "Mozilla/5.0 (Windows NT 5.1; rv:20.0) Gecko/20100101 Firefox/20.0"
89.247.2.139 - - [16/Apr/2013:14:38:50 +0200] "GET /js_contentserver24_greybox/header_bg.gif HTTP/1.1" 200 1188 "http://www.mink-gmbh.de/" "Mozilla/5.0 (Windows NT 5.1; rv:20.0) Gecko/20100101 Firefox/20.0"
89.247.2.139 - - [16/Apr/2013:14:38:50 +0200] "GET /js_contentserver24_greybox/indicator.gif HTTP/1.1" 200 8238 "http://www.mink-gmbh.de/js_contentserver24_greybox/loader_frame.html?s=0" "Mozilla/5.0 (Windows NT 5.1; rv:20.0) Gecko/20100101 Firefox/20.0"
89.247.2.139 - - [16/Apr/2013:14:38:52 +0200] "GET /js_contentserver24_greybox/g_close.gif HTTP/1.1" 200 541 "http://www.mink-gmbh.de/" "Mozilla/5.0 (Windows NT 5.1; rv:20.0) Gecko/20100101 Firefox/20.0"
85.216.108.89 - - [16/Apr/2013:15:20:14 +0200] "GET /news.php?cs_go=archiv&cs_id=4074 HTTP/1.1" 200 13449 "-" "Mozilla/5.0 (Windows; U; Windows NT 5.1; en-US; rv:1.9.1) Gecko/20090624 Firefox/3.5"
195.14.176.33 - - [16/Apr/2013:15:33:03 +0200] "GET / HTTP/1.1" 200 12192 "-" "Mozilla/4.0 (compatible; MSIE 8.0; Windows NT 5.1; Trident/4.0)"
195.14.176.33 - - [16/Apr/2013:15:33:10 +0200] "GET /style.css HTTP/1.1" 200 8418 "http://www.mink-gmbh.de/" "Mozilla/4.0 (compatible; MSIE 8.0; Windows NT 5.1; Trident/4.0)"
195.14.176.33 - - [16/Apr/2013:15:33:10 +0200] "GET /modul.css HTTP/1.1" 200 35038 "http://www.mink-gmbh.de/" "Mozilla/4.0 (compatible; MSIE 8.0; Windows NT 5.1; Trident/4.0)"
195.14.176.33 - - [16/Apr/2013:15:33:10 +0200] "GET /js_contentserver24_greybox/gb_styles.css HTTP/1.1" 200 2302 "http://www.mink-gmbh.de/" "Mozilla/4.0 (compatible; MSIE 8.0; Windows NT 5.1; Trident/4.0)"
195.14.176.33 - - [16/Apr/2013:15:33:11 +0200] "GET /favicon.ico HTTP/1.1" 200 3638 "http://www.mink-gmbh.de/" "Mozilla/4.0 (compatible; MSIE 8.0; Windows NT 5.1; Trident/4.0)"
157.55.32.103 - - [16/Apr/2013:15:40:14 +0200] "GET /robots.txt HTTP/1.1" 200 177 "-" "Mozilla/5.0 (compatible; bingbot/2.0; +http://www.bing.com/bingbot.htm)"
141.8.147.12 - - [16/Apr/2013:15:47:01 +0200] "GET /robots.txt HTTP/1.1" 200 177 "-" "Mozilla/5.0 (compatible; YandexBot/3.0; +http://yandex.com/bots)"
157.55.32.103 - - [16/Apr/2013:15:49:59 +0200] "GET /impressum.php HTTP/1.1" 200 8582 "-" "Mozilla/5.0 (compatible; bingbot/2.0; +http://www.bing.com/bingbot.htm)"
66.249.76.49 - - [16/Apr/2013:16:58:41 +0200] "GET /robots.txt HTTP/1.1" 200 177 "-" "Mozilla/5.0 (compatible; Googlebot/2.1; +http://www.google.com/bot.html)"
66.249.76.49 - - [16/Apr/2013:16:58:41 +0200] "GET /news.php?cs_go=archiv&cs_id=3962 HTTP/1.1" 200 11569 "-" "Mozilla/5.0 (compatible; Googlebot/2.1; +http://www.google.com/bot.html)"
208.115.113.91 - - [16/Apr/2013:17:54:39 +0200] "GET /robots.txt HTTP/1.1" 200 177 "-" "Mozilla/5.0 (compatible; Ezooms/1.0; ezooms.bot@gmail.com)"
81.30.151.221 - - [16/Apr/2013:18:55:19 +0200] "GET /robots.txt HTTP/1.1" 200 177 "-" "Mozilla/5.0 (compatible; Spiderlytics/1.0; +spider@spiderlytics.com)"
81.30.151.221 - - [16/Apr/2013:18:55:19 +0200] "GET /lexikon.php?cs_go=3&cs_id=137 HTTP/1.1" 200 9326 "-" "Mozilla/5.0 (compatible; Spiderlytics/1.0; +spider@spiderlytics.com)"
65.36.241.79 - - [16/Apr/2013:19:26:27 +0200] "HEAD / HTTP/1.1" 200 - "-" "InternetSeer.com"
123.125.71.20 - - [16/Apr/2013:19:40:52 +0200] "GET / HTTP/1.1" 200 6566 "-" "Mozilla/5.0 (compatible; Baiduspider/2.0; +http://www.baidu.com/search/spider.html)"
220.181.108.85 - - [16/Apr/2013:19:41:19 +0200] "GET / HTTP/1.1" 200 7825 "-" "Mozilla/5.0 (compatible; Baiduspider/2.0; +http://www.baidu.com/search/spider.html)"
66.249.75.49 - - [16/Apr/2013:19:47:23 +0200] "GET /news.php?cs_go=archiv&cs_id=2796&cs_search= HTTP/1.1" 200 10574 "-" "Mozilla/5.0 (compatible; Googlebot/2.1; +http://www.google.com/bot.html)"
208.115.113.91 - - [16/Apr/2013:20:01:06 +0200] "GET /lexikon.php?cs_go=3&cs_id=104 HTTP/1.1" 200 8474 "-" "Mozilla/5.0 (compatible; Ezooms/1.0; ezooms.bot@gmail.com)"
208.115.113.91 - - [16/Apr/2013:20:01:12 +0200] "GET /news.php?cs_go=archiv&cs_startpos=60 HTTP/1.1" 200 22780 "-" "Mozilla/5.0 (compatible; Ezooms/1.0; ezooms.bot@gmail.com)"
195.14.176.33 - - [16/Apr/2013:20:42:33 +0200] "GET /impressum.php HTTP/1.1" 200 8495 "-" "Mozilla/4.0 (compatible; MSIE 8.0; Windows NT 5.1; Trident/4.0)"
195.14.176.33 - - [16/Apr/2013:20:42:33 +0200] "GET /agb.php HTTP/1.1" 200 19622 "-" "Mozilla/4.0 (compatible; MSIE 8.0; Windows NT 5.1; Trident/4.0)"
195.14.176.33 - - [16/Apr/2013:20:42:33 +0200] "GET / HTTP/1.1" 200 11451 "-" "Mozilla/4.0 (compatible; MSIE 8.0; Windows NT 5.1; Trident/4.0)"
195.14.176.33 - - [16/Apr/2013:20:42:35 +0200] "GET /style.css HTTP/1.1" 200 8418 "http://www.mink-gmbh.de/impressum.php" "Mozilla/4.0 (compatible; MSIE 8.0; Windows NT 5.1; Trident/4.0)"
195.14.176.33 - - [16/Apr/2013:20:42:35 +0200] "GET /modul.css HTTP/1.1" 200 35038 "http://www.mink-gmbh.de/impressum.php" "Mozilla/4.0 (compatible; MSIE 8.0; Windows NT 5.1; Trident/4.0)"
195.14.176.33 - - [16/Apr/2013:20:42:36 +0200] "GET /style.css HTTP/1.1" 200 8418 "http://www.mink-gmbh.de/agb.php" "Mozilla/4.0 (compatible; MSIE 8.0; Windows NT 5.1; Trident/4.0)"
195.14.176.33 - - [16/Apr/2013:20:42:36 +0200] "GET /modul.css HTTP/1.1" 200 35038 "http://www.mink-gmbh.de/agb.php" "Mozilla/4.0 (compatible; MSIE 8.0; Windows NT 5.1; Trident/4.0)"
195.56.189.175 - - [16/Apr/2013:20:50:15 +0200] "GET / HTTP/1.1" 200 12192 "" "Mozilla/4.0 (compatible; MSIE 5.01; Windows NT 5.0)"
66.249.75.49 - - [16/Apr/2013:20:50:31 +0200] "GET /news.php?cs_go=archiv&cs_startpos=40 HTTP/1.1" 200 22609 "-" "SAMSUNG-SGH-E250/1.0 Profile/MIDP-2.0 Configuration/CLDC-1.1 UP.Browser/6.2.3.3.c.1.101 (GUI) MMP/2.0 (compatible; Googlebot-Mobile/2.1; +http://www.google.com/bot.html)"
81.30.151.221 - - [16/Apr/2013:20:55:28 +0200] "GET /news.php?cs_go=archiv&cs_id=4003&cs_search= HTTP/1.1" 200 10298 "-" "Mozilla/5.0 (compatible; Spiderlytics/1.0; +spider@spiderlytics.com)"
91.56.119.45 - - [16/Apr/2013:21:31:44 +0200] "GET /style.css HTTP/1.1" 200 8418 "http://www.mink-gmbh.de/" "Mozilla/5.0 (compatible; MSIE 10.0; Windows NT 6.1; WOW64; Trident/6.0; tb-webde/2.1.0; (web.de/1.3.0.0))"
91.56.119.45 - - [16/Apr/2013:21:31:44 +0200] "GET /js_contentserver24_greybox/gb_styles.css HTTP/1.1" 200 2302 "http://www.mink-gmbh.de/" "Mozilla/5.0 (compatible; MSIE 10.0; Windows NT 6.1; WOW64; Trident/6.0; tb-webde/2.1.0; (web.de/1.3.0.0))"
91.56.119.45 - - [16/Apr/2013:21:31:44 +0200] "GET /js_contentserver24_greybox/AJS.js HTTP/1.1" 200 10396 "http://www.mink-gmbh.de/" "Mozilla/5.0 (compatible; MSIE 10.0; Windows NT 6.1; WOW64; Trident/6.0; tb-webde/2.1.0; (web.de/1.3.0.0))"
91.56.119.45 - - [16/Apr/2013:21:31:44 +0200] "GET /js_contentserver24_greybox/AJS_fx.js HTTP/1.1" 200 3192 "http://www.mink-gmbh.de/" "Mozilla/5.0 (compatible; MSIE 10.0; Windows NT 6.1; WOW64; Trident/6.0; tb-webde/2.1.0; (web.de/1.3.0.0))"
91.56.119.45 - - [16/Apr/2013:21:31:44 +0200] "GET /modul.css HTTP/1.1" 200 35038 "http://www.mink-gmbh.de/" "Mozilla/5.0 (compatible; MSIE 10.0; Windows NT 6.1; WOW64; Trident/6.0; tb-webde/2.1.0; (web.de/1.3.0.0))"
91.56.119.45 - - [16/Apr/2013:21:31:43 +0200] "GET / HTTP/1.1" 200 12192 "http://www.google.de/url?sa=t&rct=j&q=heiz%C3%B6lpreise%20berlin&source=web&cd=21&ved=0CC8QFjAAOBQ&url=http%3A%2F%2Fwww.mink-gmbh.de%2F&ei=DqdtUfDrMYfxhQeKp4DgBQ&usg=AFQjCNFHX4Iglls9oo-KYXTmDUV_5KOVIg" "Mozilla/5.0 (compatible; MSIE 10.0; Windows NT 6.1; WOW64; Trident/6.0; tb-webde/2.1.0; (web.de/1.3.0.0))"
91.56.119.45 - - [16/Apr/2013:21:31:44 +0200] "GET /js_contentserver24_greybox/gb_scripts.js HTTP/1.1" 200 11913 "http://www.mink-gmbh.de/" "Mozilla/5.0 (compatible; MSIE 10.0; Windows NT 6.1; WOW64; Trident/6.0; tb-webde/2.1.0; (web.de/1.3.0.0))"
91.56.119.45 - - [16/Apr/2013:21:31:44 +0200] "GET /images/bg.jpg HTTP/1.1" 200 345 "http://www.mink-gmbh.de/" "Mozilla/5.0 (compatible; MSIE 10.0; Windows NT 6.1; WOW64; Trident/6.0; tb-webde/2.1.0; (web.de/1.3.0.0))"
91.56.119.45 - - [16/Apr/2013:21:31:44 +0200] "GET /js_contentserver24_greybox/w_close.gif HTTP/1.1" 200 74 "http://www.mink-gmbh.de/" "Mozilla/5.0 (compatible; MSIE 10.0; Windows NT 6.1; WOW64; Trident/6.0; tb-webde/2.1.0; (web.de/1.3.0.0))"
91.56.119.45 - - [16/Apr/2013:21:31:44 +0200] "GET /images/navibg.png HTTP/1.1" 200 2803 "http://www.mink-gmbh.de/" "Mozilla/5.0 (compatible; MSIE 10.0; Windows NT 6.1; WOW64; Trident/6.0; tb-webde/2.1.0; (web.de/1.3.0.0))"
91.56.119.45 - - [16/Apr/2013:21:31:44 +0200] "GET /images/wrapperbg.jpg HTTP/1.1" 200 27465 "http://www.mink-gmbh.de/" "Mozilla/5.0 (compatible; MSIE 10.0; Windows NT 6.1; WOW64; Trident/6.0; tb-webde/2.1.0; (web.de/1.3.0.0))"
91.56.119.45 - - [16/Apr/2013:21:31:44 +0200] "GET /images/newsletter_bg.jpg HTTP/1.1" 200 33610 "http://www.mink-gmbh.de/" "Mozilla/5.0 (compatible; MSIE 10.0; Windows NT 6.1; WOW64; Trident/6.0; tb-webde/2.1.0; (web.de/1.3.0.0))"
91.56.119.45 - - [16/Apr/2013:21:31:44 +0200] "GET /js_contentserver24_greybox/header_bg.gif HTTP/1.1" 200 1188 "http://www.mink-gmbh.de/" "Mozilla/5.0 (compatible; MSIE 10.0; Windows NT 6.1; WOW64; Trident/6.0; tb-webde/2.1.0; (web.de/1.3.0.0))"
91.56.119.45 - - [16/Apr/2013:21:31:44 +0200] "GET /images/freecall.jpg HTTP/1.1" 200 39195 "http://www.mink-gmbh.de/" "Mozilla/5.0 (compatible; MSIE 10.0; Windows NT 6.1; WOW64; Trident/6.0; tb-webde/2.1.0; (web.de/1.3.0.0))"
91.56.119.45 - - [16/Apr/2013:21:31:44 +0200] "GET /images/mail.jpg HTTP/1.1" 200 11165 "http://www.mink-gmbh.de/" "Mozilla/5.0 (compatible; MSIE 10.0; Windows NT 6.1; WOW64; Trident/6.0; tb-webde/2.1.0; (web.de/1.3.0.0))"
91.56.119.45 - - [16/Apr/2013:21:31:45 +0200] "GET /images/kwk.gif HTTP/1.1" 200 6403 "http://www.mink-gmbh.de/" "Mozilla/5.0 (compatible; MSIE 10.0; Windows NT 6.1; WOW64; Trident/6.0; tb-webde/2.1.0; (web.de/1.3.0.0))"
91.56.119.45 - - [16/Apr/2013:21:31:45 +0200] "GET /js_contentserver24_greybox/loader_frame.html?s=0 HTTP/1.1" 200 2084 "http://www.mink-gmbh.de/" "Mozilla/5.0 (compatible; MSIE 10.0; Windows NT 6.1; WOW64; Trident/6.0; tb-webde/2.1.0; (web.de/1.3.0.0))"
91.56.119.45 - - [16/Apr/2013:21:31:44 +0200] "GET /images/tkw.jpg HTTP/1.1" 200 64031 "http://www.mink-gmbh.de/" "Mozilla/5.0 (compatible; MSIE 10.0; Windows NT 6.1; WOW64; Trident/6.0; tb-webde/2.1.0; (web.de/1.3.0.0))"
91.56.119.45 - - [16/Apr/2013:21:31:45 +0200] "GET /images/wunschpreis.jpg HTTP/1.1" 200 16767 "http://www.mink-gmbh.de/" "Mozilla/5.0 (compatible; MSIE 10.0; Windows NT 6.1; WOW64; Trident/6.0; tb-webde/2.1.0; (web.de/1.3.0.0))"
91.56.119.45 - - [16/Apr/2013:21:31:45 +0200] "GET /images/logos.jpg HTTP/1.1" 200 15002 "http://www.mink-gmbh.de/" "Mozilla/5.0 (compatible; MSIE 10.0; Windows NT 6.1; WOW64; Trident/6.0; tb-webde/2.1.0; (web.de/1.3.0.0))"
91.56.119.45 - - [16/Apr/2013:21:31:45 +0200] "GET /images/footerbg.jpg HTTP/1.1" 200 2184 "http://www.mink-gmbh.de/" "Mozilla/5.0 (compatible; MSIE 10.0; Windows NT 6.1; WOW64; Trident/6.0; tb-webde/2.1.0; (web.de/1.3.0.0))"
91.56.119.45 - - [16/Apr/2013:21:31:45 +0200] "GET /images/newsletter.jpg HTTP/1.1" 200 13130 "http://www.mink-gmbh.de/" "Mozilla/5.0 (compatible; MSIE 10.0; Windows NT 6.1; WOW64; Trident/6.0; tb-webde/2.1.0; (web.de/1.3.0.0))"
91.56.119.45 - - [16/Apr/2013:21:31:45 +0200] "GET /images/mobil.jpg HTTP/1.1" 200 25293 "http://www.mink-gmbh.de/" "Mozilla/5.0 (compatible; MSIE 10.0; Windows NT 6.1; WOW64; Trident/6.0; tb-webde/2.1.0; (web.de/1.3.0.0))"
91.56.119.45 - - [16/Apr/2013:21:31:45 +0200] "GET /images/fallend.png HTTP/1.1" 200 713 "http://www.mink-gmbh.de/" "Mozilla/5.0 (compatible; MSIE 10.0; Windows NT 6.1; WOW64; Trident/6.0; tb-webde/2.1.0; (web.de/1.3.0.0))"
91.56.119.45 - - [16/Apr/2013:21:31:45 +0200] "GET /images/header.jpg HTTP/1.1" 200 24413 "http://www.mink-gmbh.de/" "Mozilla/5.0 (compatible; MSIE 10.0; Windows NT 6.1; WOW64; Trident/6.0; tb-webde/2.1.0; (web.de/1.3.0.0))"
91.56.119.45 - - [16/Apr/2013:21:31:45 +0200] "GET /images/newsletter.png HTTP/1.1" 200 14619 "http://www.mink-gmbh.de/" "Mozilla/5.0 (compatible; MSIE 10.0; Windows NT 6.1; WOW64; Trident/6.0; tb-webde/2.1.0; (web.de/1.3.0.0))"
91.56.119.45 - - [16/Apr/2013:21:31:45 +0200] "GET /images/close.png HTTP/1.1" 200 703 "http://www.mink-gmbh.de/" "Mozilla/5.0 (compatible; MSIE 10.0; Windows NT 6.1; WOW64; Trident/6.0; tb-webde/2.1.0; (web.de/1.3.0.0))"
91.56.119.45 - - [16/Apr/2013:21:31:45 +0200] "GET /js_contentserver24_greybox/indicator.gif HTTP/1.1" 200 8238 "http://www.mink-gmbh.de/js_contentserver24_greybox/loader_frame.html?s=0" "Mozilla/5.0 (compatible; MSIE 10.0; Windows NT 6.1; WOW64; Trident/6.0; tb-webde/2.1.0; (web.de/1.3.0.0))"
91.56.119.45 - - [16/Apr/2013:21:31:45 +0200] "GET /favicon.ico HTTP/1.1" 200 3638 "-" "Mozilla/5.0 (compatible; MSIE 10.0; Windows NT 6.1; WOW64; Trident/6.0; tb-webde/2.1.0; (web.de/1.3.0.0))"
91.56.119.45 - - [16/Apr/2013:21:31:45 +0200] "GET /js_contentserver24_greybox/g_close.gif HTTP/1.1" 200 541 "http://www.mink-gmbh.de/" "Mozilla/5.0 (compatible; MSIE 10.0; Windows NT 6.1; WOW64; Trident/6.0; tb-webde/2.1.0; (web.de/1.3.0.0))"
139.18.2.209 - - [16/Apr/2013:21:32:33 +0200] "GET /kwk.php HTTP/1.1" 200 5767 "-" "findlinks/2.6 (+http://wortschatz.uni-leipzig.de/findlinks/)"
139.18.2.209 - - [16/Apr/2013:21:32:33 +0200] "GET /kwk.php HTTP/1.1" 200 10797 "-" "findlinks/2.6 (+http://wortschatz.uni-leipzig.de/findlinks/)"
182.118.20.237 - - [16/Apr/2013:23:13:31 +0200] "GET /news.php?cs_go=archiv&cs_startpos=200 HTTP/1.1" 200 22628 "http://www.mink-gmbh.de/news.php?cs_go=archiv&cs_startpos=200" "Mozilla/5.0 (Windows; U; Windows NT 5.1; zh-CN; rv:1.8.0.11) Firefox/1.5.0.11; 360Spider"
182.118.20.235 - - [16/Apr/2013:23:13:31 +0200] "GET /news.php?cs_go=archiv&cs_startpos=150 HTTP/1.1" 200 23047 "http://www.mink-gmbh.de/news.php?cs_go=archiv&cs_startpos=150" "Mozilla/5.0 (Windows; U; Windows NT 5.1; zh-CN; rv:1.8.0.11) Firefox/1.5.0.11; 360Spider"
101.226.166.233 - - [16/Apr/2013:23:20:35 +0200] "GET /news.php?cs_go=archiv&cs_id=3966 HTTP/1.1" 200 13715 "http://www.mink-gmbh.de/news.php?cs_go=archiv&cs_id=3966" "Mozilla/4.0 (compatible; MSIE 8.0; Windows NT 6.1; Trident/4.0; SLCC2; .NET CLR 2.0.50727; .NET CLR 3.5.30729; .NET CLR 3.0.30729; Media Center PC 6.0; MDDR; .NET4.0C; .NET4.0E; .NET CLR 1.1.4322; Tablet PC 2.0); 360Spider"
101.226.166.227 - - [16/Apr/2013:23:20:35 +0200] "GET /lexikon.php?cs_go=3&cs_id=106 HTTP/1.1" 200 8460 "http://www.mink-gmbh.de/lexikon.php?cs_go=3&cs_id=106" "Mozilla/4.0 (compatible; MSIE 8.0; Windows NT 6.1; Trident/4.0; SLCC2; .NET CLR 2.0.50727; .NET CLR 3.5.30729; .NET CLR 3.0.30729; Media Center PC 6.0; MDDR; .NET4.0C; .NET4.0E; .NET CLR 1.1.4322; Tablet PC 2.0); 360Spider"
101.226.166.230 - - [16/Apr/2013:23:20:35 +0200] "GET /news.php?cs_go=archiv&cs_startpos=230 HTTP/1.1" 200 18045 "http://www.mink-gmbh.de/news.php?cs_go=archiv&cs_startpos=230" "Mozilla/4.0 (compatible; MSIE 8.0; Windows NT 6.1; Trident/4.0; SLCC2; .NET CLR 2.0.50727; .NET CLR 3.5.30729; .NET CLR 3.0.30729; Media Center PC 6.0; MDDR; .NET4.0C; .NET4.0E; .NET CLR 1.1.4322; Tablet PC 2.0); 360Spider"
182.118.25.201 - - [16/Apr/2013:23:20:38 +0200] "GET /news.php?cs_go=archiv&cs_id=4022 HTTP/1.1" 200 10245 "http://www.mink-gmbh.de/news.php?cs_go=archiv&cs_id=4022" "Mozilla/5.0 (Windows; U; Windows NT 5.1; zh-CN; rv:1.8.0.11) Firefox/1.5.0.11; 360Spider"
101.226.166.230 - - [16/Apr/2013:23:20:44 +0200] "GET /news.php?cs_go=archiv&cs_id=3964 HTTP/1.1" 200 12123 "http://www.mink-gmbh.de/news.php?cs_go=archiv&cs_id=3964" "Mozilla/4.0 (compatible; MSIE 8.0; Windows NT 6.1; Trident/4.0; SLCC2; .NET CLR 2.0.50727; .NET CLR 3.5.30729; .NET CLR 3.0.30729; Media Center PC 6.0; MDDR; .NET4.0C; .NET4.0E; .NET CLR 1.1.4322; Tablet PC 2.0); 360Spider"
101.226.166.227 - - [16/Apr/2013:23:20:44 +0200] "GET /news.php?cs_go=archiv&cs_id=3828 HTTP/1.1" 200 10056 "http://www.mink-gmbh.de/news.php?cs_go=archiv&cs_id=3828" "Mozilla/4.0 (compatible; MSIE 8.0; Windows NT 6.1; Trident/4.0; SLCC2; .NET CLR 2.0.50727; .NET CLR 3.5.30729; .NET CLR 3.0.30729; Media Center PC 6.0; MDDR; .NET4.0C; .NET4.0E; .NET CLR 1.1.4322; Tablet PC 2.0); 360Spider"
101.226.166.233 - - [16/Apr/2013:23:20:44 +0200] "GET /lexikon.php?cs_go=3&cs_id=62 HTTP/1.1" 200 8568 "http://www.mink-gmbh.de/lexikon.php?cs_go=3&cs_id=62" "Mozilla/4.0 (compatible; MSIE 8.0; Windows NT 6.1; Trident/4.0; SLCC2; .NET CLR 2.0.50727; .NET CLR 3.5.30729; .NET CLR 3.0.30729; Media Center PC 6.0; MDDR; .NET4.0C; .NET4.0E; .NET CLR 1.1.4322; Tablet PC 2.0); 360Spider"
101.226.166.234 - - [16/Apr/2013:23:20:53 +0200] "GET /lexikon.php?cs_go=3&cs_id=175 HTTP/1.1" 200 8183 "http://www.mink-gmbh.de/lexikon.php?cs_go=3&cs_id=175" "Mozilla/4.0 (compatible; MSIE 8.0; Windows NT 6.1; Trident/4.0; SLCC2; .NET CLR 2.0.50727; .NET CLR 3.5.30729; .NET CLR 3.0.30729; Media Center PC 6.0; MDDR; .NET4.0C; .NET4.0E; .NET CLR 1.1.4322; Tablet PC 2.0); 360Spider"
101.226.166.233 - - [16/Apr/2013:23:20:53 +0200] "GET /lexikon.php?cs_go=3&cs_id=168 HTTP/1.1" 200 9138 "http://www.mink-gmbh.de/lexikon.php?cs_go=3&cs_id=168" "Mozilla/4.0 (compatible; MSIE 8.0; Windows NT 6.1; Trident/4.0; SLCC2; .NET CLR 2.0.50727; .NET CLR 3.5.30729; .NET CLR 3.0.30729; Media Center PC 6.0; MDDR; .NET4.0C; .NET4.0E; .NET CLR 1.1.4322; Tablet PC 2.0); 360Spider"
101.226.166.232 - - [16/Apr/2013:23:21:01 +0200] "GET /lexikon.php?cs_char=u&cs_go=2 HTTP/1.1" 200 8744 "http://www.mink-gmbh.de/lexikon.php?cs_char=u&cs_go=2" "Mozilla/4.0 (compatible; MSIE 8.0; Windows NT 6.1; Trident/4.0; SLCC2; .NET CLR 2.0.50727; .NET CLR 3.5.30729; .NET CLR 3.0.30729; Media Center PC 6.0; MDDR; .NET4.0C; .NET4.0E; .NET CLR 1.1.4322; Tablet PC 2.0); 360Spider"
101.226.166.229 - - [16/Apr/2013:23:21:01 +0200] "GET /lexikon.php?cs_go=3&cs_id=100 HTTP/1.1" 200 8700 "http://www.mink-gmbh.de/lexikon.php?cs_go=3&cs_id=100" "Mozilla/4.0 (compatible; MSIE 8.0; Windows NT 6.1; Trident/4.0; SLCC2; .NET CLR 2.0.50727; .NET CLR 3.5.30729; .NET CLR 3.0.30729; Media Center PC 6.0; MDDR; .NET4.0C; .NET4.0E; .NET CLR 1.1.4322; Tablet PC 2.0); 360Spider"
101.226.166.236 - - [16/Apr/2013:23:25:31 +0200] "GET /news.php?cs_go=archiv&cs_startpos=40 HTTP/1.1" 200 22609 "http://www.mink-gmbh.de/news.php?cs_go=archiv&cs_startpos=40" "Mozilla/4.0 (compatible; MSIE 8.0; Windows NT 6.1; Trident/4.0; SLCC2; .NET CLR 2.0.50727; .NET CLR 3.5.30729; .NET CLR 3.0.30729; Media Center PC 6.0; MDDR; .NET4.0C; .NET4.0E; .NET CLR 1.1.4322; Tablet PC 2.0); 360Spider"
182.118.22.229 - - [16/Apr/2013:23:28:20 +0200] "GET /lexikon.php?cs_go=3&cs_id=102 HTTP/1.1" 200 7990 "http://www.mink-gmbh.de/lexikon.php?cs_go=3&cs_id=102" "Mozilla/5.0 (Windows; U; Windows NT 5.1; zh-CN; rv:1.8.0.11) Firefox/1.5.0.11; 360Spider"
182.118.22.230 - - [16/Apr/2013:23:28:20 +0200] "GET /lexikon.php?cs_go=3&cs_id=104 HTTP/1.1" 200 8474 "http://www.mink-gmbh.de/lexikon.php?cs_go=3&cs_id=104" "Mozilla/5.0 (Windows; U; Windows NT 5.1; zh-CN; rv:1.8.0.11) Firefox/1.5.0.11; 360Spider"
182.118.22.226 - - [16/Apr/2013:23:29:22 +0200] "GET /lexikon.php?cs_go=3&cs_id=152 HTTP/1.1" 200 8578 "http://www.mink-gmbh.de/lexikon.php?cs_go=3&cs_id=152" "Mozilla/5.0 (Windows; U; Windows NT 5.1; zh-CN; rv:1.8.0.11) Firefox/1.5.0.11; 360Spider"
182.118.22.228 - - [16/Apr/2013:23:29:22 +0200] "GET /lexikon.php?cs_go=3&cs_id=135 HTTP/1.1" 200 9197 "http://www.mink-gmbh.de/lexikon.php?cs_go=3&cs_id=135" "Mozilla/5.0 (Windows; U; Windows NT 5.1; zh-CN; rv:1.8.0.11) Firefox/1.5.0.11; 360Spider"
182.118.22.228 - - [16/Apr/2013:23:30:14 +0200] "GET /lexikon.php?cs_go=3&cs_id=117 HTTP/1.1" 200 8369 "http://www.mink-gmbh.de/lexikon.php?cs_go=3&cs_id=117" "Mozilla/5.0 (Windows; U; Windows NT 5.1; zh-CN; rv:1.8.0.11) Firefox/1.5.0.11; 360Spider"
182.118.22.227 - - [16/Apr/2013:23:30:14 +0200] "GET /news.php?cs_go=archiv&cs_startpos=20 HTTP/1.1" 200 22329 "http://www.mink-gmbh.de/news.php?cs_go=archiv&cs_startpos=20" "Mozilla/5.0 (Windows; U; Windows NT 5.1; zh-CN; rv:1.8.0.11) Firefox/1.5.0.11; 360Spider"
182.118.22.227 - - [16/Apr/2013:23:31:09 +0200] "GET /news.php?cs_go=archiv&cs_startpos=210 HTTP/1.1" 200 22484 "http://www.mink-gmbh.de/news.php?cs_go=archiv&cs_startpos=210" "Mozilla/5.0 (Windows; U; Windows NT 5.1; zh-CN; rv:1.8.0.11) Firefox/1.5.0.11; 360Spider"
141.8.147.12 - - [16/Apr/2013:23:45:55 +0200] "GET /lexikon.php?cs_go=3&cs_id=205 HTTP/1.1" 200 8299 "-" "Mozilla/5.0 (compatible; YandexBot/3.0; +http://yandex.com/bots)"
66.249.75.49 - - [16/Apr/2013:23:54:46 +0200] "GET /news.php?cs_go=archiv&cs_id=2762&cs_search= HTTP/1.1" 200 10522 "-" "Mozilla/5.0 (compatible; Googlebot/2.1; +http://www.google.com/bot.html)"
81.30.151.221 - - [16/Apr/2013:23:58:52 +0200] "GET /lexikon.php?cs_go=3&cs_id=138 HTTP/1.1" 200 8904 "-" "Mozilla/5.0 (compatible; Spiderlytics/1.0; +spider@spiderlytics.com)"
65.36.241.79 - - [17/Apr/2013:00:33:16 +0200] "HEAD / HTTP/1.1" 200 - "-" "InternetSeer.com"
173.208.165.178 - - [17/Apr/2013:01:47:13 +0200] "GET /robots.txt HTTP/1.0" 200 177 "-" "Mozilla/5.0 (compatible; MJ12bot/v1.4.3; http://www.majestic12.co.uk/bot.php?+)"
173.208.165.178 - - [17/Apr/2013:01:47:14 +0200] "GET / HTTP/1.0" 200 12192 "-" "Mozilla/5.0 (compatible; MJ12bot/v1.4.3; http://www.majestic12.co.uk/bot.php?+)"
66.249.75.49 - - [17/Apr/2013:02:02:40 +0200] "GET /news.php?cs_go=archiv&cs_id=4065 HTTP/1.1" 200 10269 "-" "Mozilla/5.0 (iPhone; U; CPU iPhone OS 4_1 like Mac OS X; en-us) AppleWebKit/532.9 (KHTML, like Gecko) Version/4.0.5 Mobile/8B117 Safari/6531.22.7 (compatible; Googlebot-Mobile/2.1; +http://www.google.com/bot.html)"
66.249.75.49 - - [17/Apr/2013:02:06:05 +0200] "GET /news.php?cs_go=archiv&cs_id=3811 HTTP/1.1" 200 10104 "-" "Mozilla/5.0 (compatible; Googlebot/2.1; +http://www.google.com/bot.html)"
66.249.75.49 - - [17/Apr/2013:02:10:10 +0200] "GET /images/RAL_Guetezeichen_Energiehandel.pdf HTTP/1.1" 304 - "-" "Mozilla/5.0 (iPhone; U; CPU iPhone OS 4_1 like Mac OS X; en-us) AppleWebKit/532.9 (KHTML, like Gecko) Version/4.0.5 Mobile/8B117 Safari/6531.22.7 (compatible; Googlebot-Mobile/2.1; +http://www.google.com/bot.html)"
66.249.75.49 - - [17/Apr/2013:02:17:44 +0200] "GET /news.php?cs_go=archiv&cs_id=2931 HTTP/1.1" 200 11457 "-" "Mozilla/5.0 (compatible; Googlebot/2.1; +http://www.google.com/bot.html)"
173.199.114.179 - - [17/Apr/2013:02:23:09 +0200] "GET /lexikon.php?cs_go=3&cs_id=120 HTTP/1.1" 200 8517 "-" "Mozilla/5.0 (compatible; AhrefsBot/4.0; +http://ahrefs.com/robot/)"
173.199.114.179 - - [17/Apr/2013:02:24:41 +0200] "GET /lexikon.php?cs_go=3&cs_id=57 HTTP/1.1" 200 10077 "-" "Mozilla/5.0 (compatible; AhrefsBot/4.0; +http://ahrefs.com/robot/)"
66.249.75.49 - - [17/Apr/2013:02:38:12 +0200] "GET /news.php?cs_go=archiv&cs_id=4051 HTTP/1.1" 200 13408 "-" "DoCoMo/2.0 N905i(c100;TB;W24H16) (compatible; Googlebot-Mobile/2.1; +http://www.google.com/bot.html)"
173.199.114.179 - - [17/Apr/2013:03:12:42 +0200] "GET /lexikon.php?cs_go=3&cs_id=197 HTTP/1.1" 200 7995 "-" "Mozilla/5.0 (compatible; AhrefsBot/4.0; +http://ahrefs.com/robot/)"
66.249.75.49 - - [17/Apr/2013:03:14:56 +0200] "GET /lexikon.php?cs_go=3&cs_id=171 HTTP/1.1" 200 8008 "-" "Mozilla/5.0 (compatible; Googlebot/2.1; +http://www.google.com/bot.html)"
66.249.75.49 - - [17/Apr/2013:03:16:14 +0200] "GET /news.php?cs_go=archiv&cs_id=4052&cs_search= HTTP/1.1" 200 12330 "-" "SAMSUNG-SGH-E250/1.0 Profile/MIDP-2.0 Configuration/CLDC-1.1 UP.Browser/6.2.3.3.c.1.101 (GUI) MMP/2.0 (compatible; Googlebot-Mobile/2.1; +http://www.google.com/bot.html)"
173.199.114.179 - - [17/Apr/2013:03:21:56 +0200] "GET /news.php?cs_go=archiv&cs_startpos=90 HTTP/1.1" 200 22669 "-" "Mozilla/5.0 (compatible; AhrefsBot/4.0; +http://ahrefs.com/robot/)"
141.8.147.12 - - [17/Apr/2013:03:26:45 +0200] "GET /news.php?cs_go=archiv&cs_id=2863&cs_search= HTTP/1.1" 200 12071 "-" "Mozilla/5.0 (compatible; YandexBot/3.0; +http://yandex.com/bots)"
66.249.75.49 - - [17/Apr/2013:03:31:20 +0200] "GET /news.php?cs_go=archiv&cs_id=2868&cs_search= HTTP/1.1" 200 10230 "-" "Mozilla/5.0 (compatible; Googlebot/2.1; +http://www.google.com/bot.html)"
123.125.71.40 - - [17/Apr/2013:03:39:44 +0200] "GET / HTTP/1.1" 200 8778 "-" "Mozilla/5.0 (compatible; Baiduspider/2.0; +http://www.baidu.com/search/spider.html)"
220.181.108.118 - - [17/Apr/2013:03:40:14 +0200] "GET / HTTP/1.1" 200 6440 "-" "Mozilla/5.0 (compatible; Baiduspider/2.0; +http://www.baidu.com/search/spider.html)"
173.199.114.179 - - [17/Apr/2013:03:41:30 +0200] "GET /lexikon.php?cs_go=3&cs_id=84 HTTP/1.1" 200 8355 "-" "Mozilla/5.0 (compatible; AhrefsBot/4.0; +http://ahrefs.com/robot/)"
66.249.75.49 - - [17/Apr/2013:03:47:04 +0200] "GET /news.php?cs_go=archiv&cs_id=3634 HTTP/1.1" 200 9818 "-" "Mozilla/5.0 (compatible; Googlebot/2.1; +http://www.google.com/bot.html)"
66.249.75.49 - - [17/Apr/2013:04:02:51 +0200] "GET /news.php?cs_go=archiv&cs_id=2795&cs_search= HTTP/1.1" 200 9892 "-" "Mozilla/5.0 (compatible; Googlebot/2.1; +http://www.google.com/bot.html)"
66.249.75.49 - - [17/Apr/2013:04:14:43 +0200] "GET /news.php?cs_go=archiv&cs_id=3167 HTTP/1.1" 200 9952 "-" "Mozilla/5.0 (compatible; Googlebot/2.1; +http://www.google.com/bot.html)"
66.249.75.49 - - [17/Apr/2013:04:26:37 +0200] "GET /lexikon.php?cs_go=3&cs_id=133 HTTP/1.1" 200 8732 "-" "Mozilla/5.0 (compatible; Googlebot/2.1; +http://www.google.com/bot.html)"
66.249.75.49 - - [17/Apr/2013:04:34:37 +0200] "GET /news.php?cs_go=archiv&cs_id=3126&cs_search= HTTP/1.1" 200 14072 "-" "Mozilla/5.0 (compatible; Googlebot/2.1; +http://www.google.com/bot.html)"
66.249.75.49 - - [17/Apr/2013:04:38:55 +0200] "GET /lexikon.php?cs_go=3&cs_id=78 HTTP/1.1" 200 8258 "-" "Mozilla/5.0 (compatible; Googlebot/2.1; +http://www.google.com/bot.html)"
66.249.75.49 - - [17/Apr/2013:04:54:25 +0200] "GET /news.php?cs_go=archiv&cs_id=2986 HTTP/1.1" 200 12719 "-" "Mozilla/5.0 (compatible; Googlebot/2.1; +http://www.google.com/bot.html)"
66.249.75.49 - - [17/Apr/2013:04:58:28 +0200] "GET /news.php?cs_go=archiv&cs_id=3058&cs_search= HTTP/1.1" 200 9954 "-" "Mozilla/5.0 (compatible; Googlebot/2.1; +http://www.google.com/bot.html)"
66.249.75.49 - - [17/Apr/2013:05:06:24 +0200] "GET /news.php?cs_go=archiv&cs_id=2757&cs_search= HTTP/1.1" 200 14158 "-" "Mozilla/5.0 (compatible; Googlebot/2.1; +http://www.google.com/bot.html)"
66.249.75.49 - - [17/Apr/2013:05:10:23 +0200] "GET /news.php?cs_go=archiv&cs_id=2935&cs_search= HTTP/1.1" 200 13397 "-" "Mozilla/5.0 (compatible; Googlebot/2.1; +http://www.google.com/bot.html)"
157.55.32.146 - - [17/Apr/2013:05:16:01 +0200] "GET /robots.txt HTTP/1.1" 200 177 "-" "Mozilla/5.0 (compatible; bingbot/2.0; +http://www.bing.com/bingbot.htm)"
157.55.32.146 - - [17/Apr/2013:05:17:38 +0200] "GET / HTTP/1.1" 200 12192 "-" "Mozilla/5.0 (compatible; bingbot/2.0; +http://www.bing.com/bingbot.htm)"
66.249.75.49 - - [17/Apr/2013:05:18:32 +0200] "GET /news.php?cs_go=archiv&cs_id=2909&cs_search= HTTP/1.1" 200 14313 "-" "Mozilla/5.0 (compatible; Googlebot/2.1; +http://www.google.com/bot.html)"
66.249.75.49 - - [17/Apr/2013:05:34:57 +0200] "GET /news.php?cs_go=archiv&cs_id=3485&cs_search= HTTP/1.1" 200 13695 "-" "Mozilla/5.0 (compatible; Googlebot/2.1; +http://www.google.com/bot.html)"
66.249.75.49 - - [17/Apr/2013:05:43:16 +0200] "GET /news.php?cs_go=archiv&cs_id=3437 HTTP/1.1" 200 9895 "-" "Mozilla/5.0 (compatible; Googlebot/2.1; +http://www.google.com/bot.html)"
66.249.75.49 - - [17/Apr/2013:05:47:18 +0200] "GET /news.php?cs_go=archiv&cs_id=3656&cs_search= HTTP/1.1" 200 11181 "-" "Mozilla/5.0 (compatible; Googlebot/2.1; +http://www.google.com/bot.html)"
66.249.75.49 - - [17/Apr/2013:05:51:31 +0200] "GET /news.php?cs_go=archiv&cs_id=3654&cs_search= HTTP/1.1" 200 9837 "-" "Mozilla/5.0 (compatible; Googlebot/2.1; +http://www.google.com/bot.html)"
66.249.75.49 - - [17/Apr/2013:05:59:45 +0200] "GET /news.php?cs_go=archiv&cs_id=2829&cs_search= HTTP/1.1" 200 10048 "-" "Mozilla/5.0 (compatible; Googlebot/2.1; +http://www.google.com/bot.html)"
66.249.75.49 - - [17/Apr/2013:06:03:28 +0200] "GET /lexikon.php?cs_go=2&cs_char=r HTTP/1.1" 200 9732 "-" "Mozilla/5.0 (compatible; Googlebot/2.1; +http://www.google.com/bot.html)"
66.249.75.49 - - [17/Apr/2013:06:08:00 +0200] "GET /news.php?cs_go=archiv&cs_id=3595&cs_search= HTTP/1.1" 200 9794 "-" "Mozilla/5.0 (compatible; Googlebot/2.1; +http://www.google.com/bot.html)"
66.249.75.49 - - [17/Apr/2013:06:12:07 +0200] "GET /news.php?cs_go=archiv&cs_id=3413&cs_search= HTTP/1.1" 200 13212 "-" "Mozilla/5.0 (compatible; Googlebot/2.1; +http://www.google.com/bot.html)"
141.8.147.12 - - [17/Apr/2013:06:25:29 +0200] "GET /robots.txt HTTP/1.1" 200 177 "-" "Mozilla/5.0 (compatible; YandexBot/3.0; +http://yandex.com/bots)"
173.199.114.179 - - [17/Apr/2013:06:55:25 +0200] "GET /lexikon.php?cs_go=3&cs_id=70 HTTP/1.1" 200 8361 "-" "Mozilla/5.0 (compatible; AhrefsBot/4.0; +http://ahrefs.com/robot/)"
66.249.75.49 - - [17/Apr/2013:06:59:04 +0200] "GET /news.php?cs_go=archiv&cs_id=3339&cs_search= HTTP/1.1" 200 13531 "-" "Mozilla/5.0 (compatible; Googlebot/2.1; +http://www.google.com/bot.html)"
65.36.241.79 - - [17/Apr/2013:07:08:07 +0200] "HEAD / HTTP/1.1" 200 - "-" "InternetSeer.com"
66.249.75.49 - - [17/Apr/2013:07:17:18 +0200] "GET /news.php?cs_go=archiv&cs_id=2908&cs_search= HTTP/1.1" 200 9872 "-" "Mozilla/5.0 (compatible; Googlebot/2.1; +http://www.google.com/bot.html)"
66.249.75.49 - - [17/Apr/2013:07:23:14 +0200] "GET /news.php?cs_go=archiv&cs_id=3625&cs_search= HTTP/1.1" 200 14107 "-" "Mozilla/5.0 (compatible; Googlebot/2.1; +http://www.google.com/bot.html)"
66.249.75.49 - - [17/Apr/2013:07:27:58 +0200] "GET /lexikon.php?cs_go=3&cs_id=228 HTTP/1.1" 200 9244 "-" "Mozilla/5.0 (compatible; Googlebot/2.1; +http://www.google.com/bot.html)"
66.249.75.49 - - [17/Apr/2013:07:33:14 +0200] "GET /news.php HTTP/1.1" 200 22277 "-" "Mozilla/5.0 (compatible; Googlebot/2.1; +http://www.google.com/bot.html)"
66.249.75.49 - - [17/Apr/2013:07:37:44 +0200] "GET /style.css HTTP/1.1" 200 8418 "-" "Mozilla/5.0 (compatible; Googlebot/2.1; +http://www.google.com/bot.html)"
66.249.75.49 - - [17/Apr/2013:07:37:45 +0200] "GET /modul.css HTTP/1.1" 200 35038 "-" "Mozilla/5.0 (compatible; Googlebot/2.1; +http://www.google.com/bot.html)"
66.249.75.49 - - [17/Apr/2013:07:37:55 +0200] "GET /news.php?cs_go=archiv&cs_id=4079&cs_search= HTTP/1.1" 200 14890 "-" "Mozilla/5.0 (compatible; Googlebot/2.1; +http://www.google.com/bot.html)"
66.249.75.49 - - [17/Apr/2013:07:37:56 +0200] "GET /news.php?cs_go=archiv&cs_id=4090&cs_search= HTTP/1.1" 200 10474 "-" "Mozilla/5.0 (compatible; Googlebot/2.1; +http://www.google.com/bot.html)"
66.249.75.49 - - [17/Apr/2013:07:37:56 +0200] "GET /news.php?cs_go=archiv&cs_id=4077&cs_search= HTTP/1.1" 200 9836 "-" "Mozilla/5.0 (compatible; Googlebot/2.1; +http://www.google.com/bot.html)"
66.249.75.49 - - [17/Apr/2013:07:41:02 +0200] "GET /news.php?cs_go=archiv&cs_id=4078&cs_search= HTTP/1.1" 200 12322 "-" "Mozilla/5.0 (compatible; Googlebot/2.1; +http://www.google.com/bot.html)"
141.63.80.40 - - [17/Apr/2013:07:43:27 +0200] "GET /style.css HTTP/1.1" 200 8418 "http://www.mink-gmbh.de/" "Mozilla/4.0 (compatible; MSIE 7.0; Windows NT 6.1; WOW64; Trident/5.0; SLCC2; .NET CLR 2.0.50727; .NET CLR 3.5.30729; .NET CLR 3.0.30729; Media Center PC 6.0)"
141.63.80.40 - - [17/Apr/2013:07:43:27 +0200] "GET /modul.css HTTP/1.1" 200 35038 "http://www.mink-gmbh.de/" "Mozilla/4.0 (compatible; MSIE 7.0; Windows NT 6.1; WOW64; Trident/5.0; SLCC2; .NET CLR 2.0.50727; .NET CLR 3.5.30729; .NET CLR 3.0.30729; Media Center PC 6.0)"
141.63.80.40 - - [17/Apr/2013:07:43:27 +0200] "GET /js_contentserver24_greybox/gb_styles.css HTTP/1.1" 200 2302 "http://www.mink-gmbh.de/" "Mozilla/4.0 (compatible; MSIE 7.0; Windows NT 6.1; WOW64; Trident/5.0; SLCC2; .NET CLR 2.0.50727; .NET CLR 3.5.30729; .NET CLR 3.0.30729; Media Center PC 6.0)"
141.63.80.40 - - [17/Apr/2013:07:43:27 +0200] "GET /js_contentserver24_greybox/AJS_fx.js HTTP/1.1" 200 3192 "http://www.mink-gmbh.de/" "Mozilla/4.0 (compatible; MSIE 7.0; Windows NT 6.1; WOW64; Trident/5.0; SLCC2; .NET CLR 2.0.50727; .NET CLR 3.5.30729; .NET CLR 3.0.30729; Media Center PC 6.0)"
141.63.80.40 - - [17/Apr/2013:07:43:27 +0200] "GET /js_contentserver24_greybox/AJS.js HTTP/1.1" 200 10396 "http://www.mink-gmbh.de/" "Mozilla/4.0 (compatible; MSIE 7.0; Windows NT 6.1; WOW64; Trident/5.0; SLCC2; .NET CLR 2.0.50727; .NET CLR 3.5.30729; .NET CLR 3.0.30729; Media Center PC 6.0)"
141.63.80.40 - - [17/Apr/2013:07:43:27 +0200] "GET /js_contentserver24_greybox/gb_scripts.js HTTP/1.1" 200 11913 "http://www.mink-gmbh.de/" "Mozilla/4.0 (compatible; MSIE 7.0; Windows NT 6.1; WOW64; Trident/5.0; SLCC2; .NET CLR 2.0.50727; .NET CLR 3.5.30729; .NET CLR 3.0.30729; Media Center PC 6.0)"
141.63.80.40 - - [17/Apr/2013:07:43:27 +0200] "GET /js_contentserver24_greybox/w_close.gif HTTP/1.1" 200 74 "http://www.mink-gmbh.de/" "Mozilla/4.0 (compatible; MSIE 7.0; Windows NT 6.1; WOW64; Trident/5.0; SLCC2; .NET CLR 2.0.50727; .NET CLR 3.5.30729; .NET CLR 3.0.30729; Media Center PC 6.0)"
141.63.80.40 - - [17/Apr/2013:07:43:27 +0200] "GET /js_contentserver24_greybox/header_bg.gif HTTP/1.1" 200 1188 "http://www.mink-gmbh.de/" "Mozilla/4.0 (compatible; MSIE 7.0; Windows NT 6.1; WOW64; Trident/5.0; SLCC2; .NET CLR 2.0.50727; .NET CLR 3.5.30729; .NET CLR 3.0.30729; Media Center PC 6.0)"
141.63.80.40 - - [17/Apr/2013:07:43:27 +0200] "GET /images/bg.jpg HTTP/1.1" 200 345 "http://www.mink-gmbh.de/" "Mozilla/4.0 (compatible; MSIE 7.0; Windows NT 6.1; WOW64; Trident/5.0; SLCC2; .NET CLR 2.0.50727; .NET CLR 3.5.30729; .NET CLR 3.0.30729; Media Center PC 6.0)"
141.63.80.40 - - [17/Apr/2013:07:43:27 +0200] "GET /images/newsletter_bg.jpg HTTP/1.1" 200 33610 "http://www.mink-gmbh.de/" "Mozilla/4.0 (compatible; MSIE 7.0; Windows NT 6.1; WOW64; Trident/5.0; SLCC2; .NET CLR 2.0.50727; .NET CLR 3.5.30729; .NET CLR 3.0.30729; Media Center PC 6.0)"
141.63.80.40 - - [17/Apr/2013:07:43:27 +0200] "GET /images/navibg.png HTTP/1.1" 200 2803 "http://www.mink-gmbh.de/" "Mozilla/4.0 (compatible; MSIE 7.0; Windows NT 6.1; WOW64; Trident/5.0; SLCC2; .NET CLR 2.0.50727; .NET CLR 3.5.30729; .NET CLR 3.0.30729; Media Center PC 6.0)"
141.63.80.40 - - [17/Apr/2013:07:43:27 +0200] "GET / HTTP/1.1" 200 12190 "http://de.search.yahoo.com/search;_ylt=As5kiFgBmA5L_Bv6dUI42vUqrK5_;_ylc=X1MDMjE0MjE1Mzc3MARfcgMyBGZyA3lmcC10LTcwOARmcjIDc2EtZ3AEZ3ByaWQDBG5fZ3BzAzYEb3JpZ2luA2RlLnlhaG9vLmNvbQRwb3MDMQRwcXN0cgMEcXVlcnkDbWluayBoZWl69mwEc2FjAzEEc2FvAzE-?p=mink%20heiz%C3%B6l&toggle=1&cop=mss&ei=UTF-8&fr=yfp-t-708-s" "Mozilla/4.0 (compatible; MSIE 7.0; Windows NT 6.1; WOW64; Trident/5.0; SLCC2; .NET CLR 2.0.50727; .NET CLR 3.5.30729; .NET CLR 3.0.30729; Media Center PC 6.0)"
141.63.80.40 - - [17/Apr/2013:07:43:27 +0200] "GET /images/wrapperbg.jpg HTTP/1.1" 200 27465 "http://www.mink-gmbh.de/" "Mozilla/4.0 (compatible; MSIE 7.0; Windows NT 6.1; WOW64; Trident/5.0; SLCC2; .NET CLR 2.0.50727; .NET CLR 3.5.30729; .NET CLR 3.0.30729; Media Center PC 6.0)"
141.63.80.40 - - [17/Apr/2013:07:43:27 +0200] "GET /images/header.jpg HTTP/1.1" 200 24413 "http://www.mink-gmbh.de/" "Mozilla/4.0 (compatible; MSIE 7.0; Windows NT 6.1; WOW64; Trident/5.0; SLCC2; .NET CLR 2.0.50727; .NET CLR 3.5.30729; .NET CLR 3.0.30729; Media Center PC 6.0)"
141.63.80.40 - - [17/Apr/2013:07:43:27 +0200] "GET /images/close.png HTTP/1.1" 200 703 "http://www.mink-gmbh.de/" "Mozilla/4.0 (compatible; MSIE 7.0; Windows NT 6.1; WOW64; Trident/5.0; SLCC2; .NET CLR 2.0.50727; .NET CLR 3.5.30729; .NET CLR 3.0.30729; Media Center PC 6.0)"
141.63.80.40 - - [17/Apr/2013:07:43:27 +0200] "GET /images/fallend.png HTTP/1.1" 200 713 "http://www.mink-gmbh.de/" "Mozilla/4.0 (compatible; MSIE 7.0; Windows NT 6.1; WOW64; Trident/5.0; SLCC2; .NET CLR 2.0.50727; .NET CLR 3.5.30729; .NET CLR 3.0.30729; Media Center PC 6.0)"
141.63.80.40 - - [17/Apr/2013:07:43:27 +0200] "GET /images/newsletter.png HTTP/1.1" 200 14619 "http://www.mink-gmbh.de/" "Mozilla/4.0 (compatible; MSIE 7.0; Windows NT 6.1; WOW64; Trident/5.0; SLCC2; .NET CLR 2.0.50727; .NET CLR 3.5.30729; .NET CLR 3.0.30729; Media Center PC 6.0)"
141.63.80.40 - - [17/Apr/2013:07:43:27 +0200] "GET /images/freecall.jpg HTTP/1.1" 200 39195 "http://www.mink-gmbh.de/" "Mozilla/4.0 (compatible; MSIE 7.0; Windows NT 6.1; WOW64; Trident/5.0; SLCC2; .NET CLR 2.0.50727; .NET CLR 3.5.30729; .NET CLR 3.0.30729; Media Center PC 6.0)"
141.63.80.40 - - [17/Apr/2013:07:43:27 +0200] "GET /images/mail.jpg HTTP/1.1" 200 11165 "http://www.mink-gmbh.de/" "Mozilla/4.0 (compatible; MSIE 7.0; Windows NT 6.1; WOW64; Trident/5.0; SLCC2; .NET CLR 2.0.50727; .NET CLR 3.5.30729; .NET CLR 3.0.30729; Media Center PC 6.0)"
141.63.80.40 - - [17/Apr/2013:07:43:27 +0200] "GET /images/kwk.gif HTTP/1.1" 200 6403 "http://www.mink-gmbh.de/" "Mozilla/4.0 (compatible; MSIE 7.0; Windows NT 6.1; WOW64; Trident/5.0; SLCC2; .NET CLR 2.0.50727; .NET CLR 3.5.30729; .NET CLR 3.0.30729; Media Center PC 6.0)"
141.63.80.40 - - [17/Apr/2013:07:43:27 +0200] "GET /images/wunschpreis.jpg HTTP/1.1" 200 16767 "http://www.mink-gmbh.de/" "Mozilla/4.0 (compatible; MSIE 7.0; Windows NT 6.1; WOW64; Trident/5.0; SLCC2; .NET CLR 2.0.50727; .NET CLR 3.5.30729; .NET CLR 3.0.30729; Media Center PC 6.0)"
141.63.80.40 - - [17/Apr/2013:07:43:27 +0200] "GET /images/logos.jpg HTTP/1.1" 200 15002 "http://www.mink-gmbh.de/" "Mozilla/4.0 (compatible; MSIE 7.0; Windows NT 6.1; WOW64; Trident/5.0; SLCC2; .NET CLR 2.0.50727; .NET CLR 3.5.30729; .NET CLR 3.0.30729; Media Center PC 6.0)"
141.63.80.40 - - [17/Apr/2013:07:43:27 +0200] "GET /images/newsletter.jpg HTTP/1.1" 200 13130 "http://www.mink-gmbh.de/" "Mozilla/4.0 (compatible; MSIE 7.0; Windows NT 6.1; WOW64; Trident/5.0; SLCC2; .NET CLR 2.0.50727; .NET CLR 3.5.30729; .NET CLR 3.0.30729; Media Center PC 6.0)"
141.63.80.40 - - [17/Apr/2013:07:43:27 +0200] "GET /images/mobil.jpg HTTP/1.1" 200 25293 "http://www.mink-gmbh.de/" "Mozilla/4.0 (compatible; MSIE 7.0; Windows NT 6.1; WOW64; Trident/5.0; SLCC2; .NET CLR 2.0.50727; .NET CLR 3.5.30729; .NET CLR 3.0.30729; Media Center PC 6.0)"
141.63.80.40 - - [17/Apr/2013:07:43:27 +0200] "GET /images/footerbg.jpg HTTP/1.1" 200 2184 "http://www.mink-gmbh.de/" "Mozilla/4.0 (compatible; MSIE 7.0; Windows NT 6.1; WOW64; Trident/5.0; SLCC2; .NET CLR 2.0.50727; .NET CLR 3.5.30729; .NET CLR 3.0.30729; Media Center PC 6.0)"
141.63.80.40 - - [17/Apr/2013:07:43:27 +0200] "GET /images/tkw.jpg HTTP/1.1" 200 64031 "http://www.mink-gmbh.de/" "Mozilla/4.0 (compatible; MSIE 7.0; Windows NT 6.1; WOW64; Trident/5.0; SLCC2; .NET CLR 2.0.50727; .NET CLR 3.5.30729; .NET CLR 3.0.30729; Media Center PC 6.0)"
141.63.80.40 - - [17/Apr/2013:07:43:27 +0200] "GET /js_contentserver24_greybox/loader_frame.html?s=0 HTTP/1.1" 200 2084 "http://www.mink-gmbh.de/" "Mozilla/4.0 (compatible; MSIE 7.0; Windows NT 6.1; WOW64; Trident/5.0; SLCC2; .NET CLR 2.0.50727; .NET CLR 3.5.30729; .NET CLR 3.0.30729; Media Center PC 6.0)"
141.63.80.40 - - [17/Apr/2013:07:43:28 +0200] "GET /js_contentserver24_greybox/indicator.gif HTTP/1.1" 200 8238 "http://www.mink-gmbh.de/js_contentserver24_greybox/loader_frame.html?s=0" "Mozilla/4.0 (compatible; MSIE 7.0; Windows NT 6.1; WOW64; Trident/5.0; SLCC2; .NET CLR 2.0.50727; .NET CLR 3.5.30729; .NET CLR 3.0.30729; Media Center PC 6.0)"
141.63.80.40 - - [17/Apr/2013:07:43:28 +0200] "GET /js_contentserver24_greybox/g_close.gif HTTP/1.1" 200 541 "http://www.mink-gmbh.de/" "Mozilla/4.0 (compatible; MSIE 7.0; Windows NT 6.1; WOW64; Trident/5.0; SLCC2; .NET CLR 2.0.50727; .NET CLR 3.5.30729; .NET CLR 3.0.30729; Media Center PC 6.0)"
141.63.80.40 - - [17/Apr/2013:07:43:28 +0200] "GET /favicon.ico HTTP/1.1" 200 3638 "-" "Mozilla/4.0 (compatible; MSIE 7.0; Windows NT 6.1; WOW64; Trident/5.0; SLCC2; .NET CLR 2.0.50727; .NET CLR 3.5.30729; .NET CLR 3.0.30729; Media Center PC 6.0)"
65.55.52.108 - - [17/Apr/2013:07:44:42 +0200] "GET /robots.txt HTTP/1.1" 200 177 "-" "Mozilla/5.0 (compatible; bingbot/2.0; +http://www.bing.com/bingbot.htm)"
66.249.75.49 - - [17/Apr/2013:07:45:33 +0200] "GET /news.php?cs_go=archiv&cs_id=4087&cs_search= HTTP/1.1" 200 13823 "-" "Mozilla/5.0 (compatible; Googlebot/2.1; +http://www.google.com/bot.html)"
65.55.52.108 - - [17/Apr/2013:07:46:25 +0200] "GET / HTTP/1.1" 200 12190 "-" "Mozilla/5.0 (compatible; bingbot/2.0; +http://www.bing.com/bingbot.htm)"
208.115.111.75 - - [17/Apr/2013:07:53:19 +0200] "GET /robots.txt HTTP/1.1" 200 177 "-" "Mozilla/5.0 (compatible; Ezooms/1.0; ezooms.bot@gmail.com)"
173.199.114.179 - - [17/Apr/2013:08:21:53 +0200] "GET /lexikon.php?cs_go=3&cs_id=11 HTTP/1.1" 200 8171 "-" "Mozilla/5.0 (compatible; AhrefsBot/4.0; +http://ahrefs.com/robot/)"
66.249.75.49 - - [17/Apr/2013:08:32:36 +0200] "GET / HTTP/1.1" 200 12190 "-" "Mozilla/5.0 (iPhone; U; CPU iPhone OS 4_1 like Mac OS X; en-us) AppleWebKit/532.9 (KHTML, like Gecko) Version/4.0.5 Mobile/8B117 Safari/6531.22.7 (compatible; Googlebot-Mobile/2.1; +http://www.google.com/bot.html)"
173.199.114.179 - - [17/Apr/2013:08:39:23 +0200] "GET /news.php?cs_go=archiv&cs_startpos=620 HTTP/1.1" 200 8125 "-" "Mozilla/5.0 (compatible; AhrefsBot/4.0; +http://ahrefs.com/robot/)"
66.249.75.49 - - [17/Apr/2013:08:42:39 +0200] "GET /rueckrufservice.php HTTP/1.1" 200 10770 "-" "SAMSUNG-SGH-E250/1.0 Profile/MIDP-2.0 Configuration/CLDC-1.1 UP.Browser/6.2.3.3.c.1.101 (GUI) MMP/2.0 (compatible; Googlebot-Mobile/2.1; +http://www.google.com/bot.html)"
141.8.147.12 - - [17/Apr/2013:08:45:26 +0200] "GET /lexikon.php?cs_go=3&cs_id=86 HTTP/1.1" 200 8253 "-" "Mozilla/5.0 (compatible; YandexBot/3.0; +http://yandex.com/bots)"
50.143.86.250 - - [17/Apr/2013:09:03:56 +0200] "GET /robots.txt HTTP/1.1" 200 177 "-" "Mozilla/5.0 (compatible; 008/0.83; http://www.80legs.com/webcrawler.html;) Gecko/2008032620"
83.136.86.187 - - [17/Apr/2013:09:41:37 +0200] "GET /robots.txt HTTP/1.0" 200 177 "-" "jSem/Nutch-1.4"
83.136.86.187 - - [17/Apr/2013:09:41:37 +0200] "GET / HTTP/1.0" 200 12142 "-" "jSem/Nutch-1.4"
208.115.111.75 - - [17/Apr/2013:09:49:53 +0200] "GET /news.php?cs_go=archiv&cs_startpos=230 HTTP/1.1" 200 19445 "-" "Mozilla/5.0 (compatible; Ezooms/1.0; ezooms.bot@gmail.com)"
217.79.179.130 - - [17/Apr/2013:10:15:06 +0200] "GET /robots.txt HTTP/1.0" 200 177 "-" "jSem/Nutch-1.4"
217.79.179.130 - - [17/Apr/2013:10:15:06 +0200] "GET /index.php HTTP/1.0" 200 12114 "-" "jSem/Nutch-1.4"
91.66.37.30 - - [17/Apr/2013:10:27:31 +0200] "GET /optiplus.php HTTP/1.1" 200 11100 "http://www.google.de/url?sa=t&rct=j&q=esso%20optiplus&source=web&cd=5&ved=0CF0QFjAE&url=http%3A%2F%2Fwww.mink-gmbh.de%2Foptiplus.php&ei=vlxuUbqHEseTtQaN4oHwDw&usg=AFQjCNEouGCMmLgK9iGVLaDNxyZZMZ_YPQ&bvm=bv.45368065,d.Yms" "Mozilla/5.0 (Windows NT 6.1; WOW64) AppleWebKit/537.31 (KHTML, like Gecko) Chrome/26.0.1410.64 Safari/537.31"
91.66.37.30 - - [17/Apr/2013:10:27:32 +0200] "GET /style.css HTTP/1.1" 200 8418 "http://www.mink-gmbh.de/optiplus.php" "Mozilla/5.0 (Windows NT 6.1; WOW64) AppleWebKit/537.31 (KHTML, like Gecko) Chrome/26.0.1410.64 Safari/537.31"
91.66.37.30 - - [17/Apr/2013:10:27:32 +0200] "GET /modul.css HTTP/1.1" 200 35038 "http://www.mink-gmbh.de/optiplus.php" "Mozilla/5.0 (Windows NT 6.1; WOW64) AppleWebKit/537.31 (KHTML, like Gecko) Chrome/26.0.1410.64 Safari/537.31"
91.66.37.30 - - [17/Apr/2013:10:27:32 +0200] "GET /images/bg.jpg HTTP/1.1" 200 345 "http://www.mink-gmbh.de/optiplus.php" "Mozilla/5.0 (Windows NT 6.1; WOW64) AppleWebKit/537.31 (KHTML, like Gecko) Chrome/26.0.1410.64 Safari/537.31"
91.66.37.30 - - [17/Apr/2013:10:27:32 +0200] "GET /images/close.png HTTP/1.1" 200 703 "http://www.mink-gmbh.de/optiplus.php" "Mozilla/5.0 (Windows NT 6.1; WOW64) AppleWebKit/537.31 (KHTML, like Gecko) Chrome/26.0.1410.64 Safari/537.31"
91.66.37.30 - - [17/Apr/2013:10:27:32 +0200] "GET /images/newsletter_bg.jpg HTTP/1.1" 200 33610 "http://www.mink-gmbh.de/optiplus.php" "Mozilla/5.0 (Windows NT 6.1; WOW64) AppleWebKit/537.31 (KHTML, like Gecko) Chrome/26.0.1410.64 Safari/537.31"
91.66.37.30 - - [17/Apr/2013:10:27:32 +0200] "GET /images/newsletter.png HTTP/1.1" 200 14619 "http://www.mink-gmbh.de/optiplus.php" "Mozilla/5.0 (Windows NT 6.1; WOW64) AppleWebKit/537.31 (KHTML, like Gecko) Chrome/26.0.1410.64 Safari/537.31"
91.66.37.30 - - [17/Apr/2013:10:27:32 +0200] "GET /images/wrapperbg.jpg HTTP/1.1" 200 27465 "http://www.mink-gmbh.de/optiplus.php" "Mozilla/5.0 (Windows NT 6.1; WOW64) AppleWebKit/537.31 (KHTML, like Gecko) Chrome/26.0.1410.64 Safari/537.31"
91.66.37.30 - - [17/Apr/2013:10:27:32 +0200] "GET /images/header.jpg HTTP/1.1" 200 24413 "http://www.mink-gmbh.de/optiplus.php" "Mozilla/5.0 (Windows NT 6.1; WOW64) AppleWebKit/537.31 (KHTML, like Gecko) Chrome/26.0.1410.64 Safari/537.31"
91.66.37.30 - - [17/Apr/2013:10:27:32 +0200] "GET /images/navibg.png HTTP/1.1" 200 2803 "http://www.mink-gmbh.de/optiplus.php" "Mozilla/5.0 (Windows NT 6.1; WOW64) AppleWebKit/537.31 (KHTML, like Gecko) Chrome/26.0.1410.64 Safari/537.31"
91.66.37.30 - - [17/Apr/2013:10:27:32 +0200] "GET /images/Optiseite.jpg HTTP/1.1" 200 32107 "http://www.mink-gmbh.de/optiplus.php" "Mozilla/5.0 (Windows NT 6.1; WOW64) AppleWebKit/537.31 (KHTML, like Gecko) Chrome/26.0.1410.64 Safari/537.31"
91.66.37.30 - - [17/Apr/2013:10:27:32 +0200] "GET /images/optiplus.jpg HTTP/1.1" 200 37436 "http://www.mink-gmbh.de/optiplus.php" "Mozilla/5.0 (Windows NT 6.1; WOW64) AppleWebKit/537.31 (KHTML, like Gecko) Chrome/26.0.1410.64 Safari/537.31"
91.66.37.30 - - [17/Apr/2013:10:27:32 +0200] "GET /images/mail.jpg HTTP/1.1" 200 11165 "http://www.mink-gmbh.de/optiplus.php" "Mozilla/5.0 (Windows NT 6.1; WOW64) AppleWebKit/537.31 (KHTML, like Gecko) Chrome/26.0.1410.64 Safari/537.31"
