66.249.74.81 - - [18/Apr/2013:21:52:25 +0200] "GET /news.php?cs_go=archiv&cs_id=3442&cs_search= HTTP/1.1" 200 12622 "-" "Mozilla/5.0 (compatible; Googlebot/2.1; +http://www.google.com/bot.html)"
157.55.32.61 - - [18/Apr/2013:21:52:35 +0200] "GET /robots.txt HTTP/1.1" 200 177 "-" "Mozilla/5.0 (compatible; bingbot/2.0; +http://www.bing.com/bingbot.htm)"
157.55.33.113 - - [18/Apr/2013:21:54:41 +0200] "GET /news.php?cs_go=archiv&cs_id=4027 HTTP/1.1" 200 10329 "-" "Mozilla/5.0 (compatible; bingbot/2.0; +http://www.bing.com/bingbot.htm)"
157.55.33.113 - - [18/Apr/2013:21:54:41 +0200] "GET /news.php?cs_go=archiv&cs_id=3920 HTTP/1.1" 200 11734 "-" "Mozilla/5.0 (compatible; bingbot/2.0; +http://www.bing.com/bingbot.htm)"
157.55.32.104 - - [18/Apr/2013:21:54:43 +0200] "GET /news.php?cs_go=archiv&cs_id=3922 HTTP/1.1" 200 13536 "-" "Mozilla/5.0 (compatible; bingbot/2.0; +http://www.bing.com/bingbot.htm)"
157.55.32.104 - - [18/Apr/2013:21:54:43 +0200] "GET /news.php?cs_go=archiv&cs_id=4055 HTTP/1.1" 200 10125 "-" "Mozilla/5.0 (compatible; bingbot/2.0; +http://www.bing.com/bingbot.htm)"
157.55.33.113 - - [18/Apr/2013:21:54:43 +0200] "GET /modernisierung.php?cs_gp_go=coupon HTTP/1.1" 200 10192 "-" "Mozilla/5.0 (compatible; bingbot/2.0; +http://www.bing.com/bingbot.htm)"
157.55.32.61 - - [18/Apr/2013:21:54:45 +0200] "GET /news.php?cs_go=archiv&cs_id=3964 HTTP/1.1" 200 12123 "-" "Mozilla/5.0 (compatible; bingbot/2.0; +http://www.bing.com/bingbot.htm)"
157.55.32.61 - - [18/Apr/2013:21:54:45 +0200] "GET /news.php?cs_go=archiv HTTP/1.1" 200 21987 "-" "Mozilla/5.0 (compatible; bingbot/2.0; +http://www.bing.com/bingbot.htm)"
157.55.32.104 - - [18/Apr/2013:21:54:45 +0200] "GET /news.php?cs_go=archiv&cs_id=4058 HTTP/1.1" 200 10067 "-" "Mozilla/5.0 (compatible; bingbot/2.0; +http://www.bing.com/bingbot.htm)"
157.55.32.104 - - [18/Apr/2013:21:54:46 +0200] "GET /news.php?cs_go=archiv&cs_id=4059 HTTP/1.1" 200 13354 "-" "Mozilla/5.0 (compatible; bingbot/2.0; +http://www.bing.com/bingbot.htm)"
157.55.32.104 - - [18/Apr/2013:21:54:47 +0200] "GET /kwk.php?cs_go=2 HTTP/1.1" 200 11855 "-" "Mozilla/5.0 (compatible; bingbot/2.0; +http://www.bing.com/bingbot.htm)"
65.55.52.114 - - [18/Apr/2013:21:54:47 +0200] "GET /news.php?cs_go=archiv&cs_id=3970 HTTP/1.1" 200 10345 "-" "Mozilla/5.0 (compatible; bingbot/2.0; +http://www.bing.com/bingbot.htm)"
65.55.52.114 - - [18/Apr/2013:21:54:47 +0200] "GET /news.php?cs_go=archiv&cs_id=4033 HTTP/1.1" 200 9969 "-" "Mozilla/5.0 (compatible; bingbot/2.0; +http://www.bing.com/bingbot.htm)"
157.55.32.61 - - [18/Apr/2013:21:54:48 +0200] "GET /news.php?cs_go=archiv&cs_id=3965 HTTP/1.1" 200 13089 "-" "Mozilla/5.0 (compatible; bingbot/2.0; +http://www.bing.com/bingbot.htm)"
157.55.32.61 - - [18/Apr/2013:21:54:48 +0200] "GET /news.php?cs_go=archiv&cs_id=4036 HTTP/1.1" 200 13079 "-" "Mozilla/5.0 (compatible; bingbot/2.0; +http://www.bing.com/bingbot.htm)"
157.55.32.61 - - [18/Apr/2013:21:54:50 +0200] "GET /lexikon.php?cs_go=3&cs_id=159 HTTP/1.1" 200 9759 "-" "Mozilla/5.0 (compatible; bingbot/2.0; +http://www.bing.com/bingbot.htm)"
157.55.32.61 - - [18/Apr/2013:21:54:50 +0200] "GET /news.php?cs_go=archiv&cs_id=4056 HTTP/1.1" 200 11801 "-" "Mozilla/5.0 (compatible; bingbot/2.0; +http://www.bing.com/bingbot.htm)"
157.55.32.103 - - [18/Apr/2013:21:54:50 +0200] "GET /faq.php HTTP/1.1" 200 184037 "-" "Mozilla/5.0 (compatible; bingbot/2.0; +http://www.bing.com/bingbot.htm)"
157.55.32.61 - - [18/Apr/2013:21:54:51 +0200] "GET /news.php?cs_go=archiv&cs_id=2755&cs_search= HTTP/1.1" 200 17602 "-" "Mozilla/5.0 (compatible; bingbot/2.0; +http://www.bing.com/bingbot.htm)"
65.55.52.114 - - [18/Apr/2013:21:54:54 +0200] "GET /news.php?cs_go=archiv&cs_id=4034 HTTP/1.1" 200 13001 "-" "Mozilla/5.0 (compatible; bingbot/2.0; +http://www.bing.com/bingbot.htm)"
65.55.52.114 - - [18/Apr/2013:21:54:54 +0200] "GET /kwk.php?cs_go=3 HTTP/1.1" 200 10285 "-" "Mozilla/5.0 (compatible; bingbot/2.0; +http://www.bing.com/bingbot.htm)"
157.55.32.103 - - [18/Apr/2013:21:55:03 +0200] "GET /impressum.php HTTP/1.1" 200 8582 "-" "Mozilla/5.0 (compatible; bingbot/2.0; +http://www.bing.com/bingbot.htm)"
157.55.32.103 - - [18/Apr/2013:21:55:14 +0200] "GET /news.php?cs_go=archiv&cs_id=3969 HTTP/1.1" 200 13916 "-" "Mozilla/5.0 (compatible; bingbot/2.0; +http://www.bing.com/bingbot.htm)"
157.56.93.49 - - [18/Apr/2013:21:55:14 +0200] "GET /news.php?cs_go=archiv&cs_id=4057 HTTP/1.1" 200 13242 "-" "Mozilla/5.0 (compatible; bingbot/2.0; +http://www.bing.com/bingbot.htm)"
157.56.93.216 - - [18/Apr/2013:21:55:14 +0200] "GET /news.php?cs_go=archiv&cs_id=2758&cs_search= HTTP/1.1" 200 10036 "-" "Mozilla/5.0 (compatible; bingbot/2.0; +http://www.bing.com/bingbot.htm)"
157.56.93.216 - - [18/Apr/2013:21:55:15 +0200] "GET /news.php?cs_go=archiv&cs_id=2760&cs_search= HTTP/1.1" 200 11131 "-" "Mozilla/5.0 (compatible; bingbot/2.0; +http://www.bing.com/bingbot.htm)"
157.55.32.103 - - [18/Apr/2013:21:55:31 +0200] "GET /kwk.php?cs_go=1 HTTP/1.1" 200 10884 "-" "Mozilla/5.0 (compatible; bingbot/2.0; +http://www.bing.com/bingbot.htm)"
157.56.93.154 - - [18/Apr/2013:21:56:18 +0200] "GET /news.php?cs_go=archiv&cs_id=4035 HTTP/1.1" 200 9823 "-" "Mozilla/5.0 (compatible; bingbot/2.0; +http://www.bing.com/bingbot.htm)"
157.56.93.154 - - [18/Apr/2013:21:56:18 +0200] "GET /modernisierung.php?cs_gp_go=plus HTTP/1.1" 200 11578 "-" "Mozilla/5.0 (compatible; bingbot/2.0; +http://www.bing.com/bingbot.htm)"
157.56.93.154 - - [18/Apr/2013:21:56:25 +0200] "GET /news.php?cs_go=archiv&cs_id=2759&cs_search= HTTP/1.1" 200 12231 "-" "Mozilla/5.0 (compatible; bingbot/2.0; +http://www.bing.com/bingbot.htm)"
141.8.147.12 - - [18/Apr/2013:22:02:05 +0200] "GET / HTTP/1.1" 200 12045 "-" "Mozilla/5.0 (compatible; YandexBot/3.0; +http://yandex.com/bots)"
65.55.52.108 - - [18/Apr/2013:22:07:12 +0200] "GET /news.php?cs_go=archiv&cs_id=3919 HTTP/1.1" 200 13282 "-" "Mozilla/5.0 (compatible; bingbot/2.0; +http://www.bing.com/bingbot.htm)"
65.55.52.108 - - [18/Apr/2013:22:07:12 +0200] "GET / HTTP/1.1" 200 12045 "-" "Mozilla/5.0 (compatible; bingbot/2.0; +http://www.bing.com/bingbot.htm)"
65.55.52.108 - - [18/Apr/2013:22:07:18 +0200] "GET /news.php?cs_go=archiv&cs_id=3921 HTTP/1.1" 200 10242 "-" "Mozilla/5.0 (compatible; bingbot/2.0; +http://www.bing.com/bingbot.htm)"
65.55.52.108 - - [18/Apr/2013:22:07:18 +0200] "GET /news.php?cs_go=archiv&cs_id=2721&cs_search= HTTP/1.1" 200 10999 "-" "Mozilla/5.0 (compatible; bingbot/2.0; +http://www.bing.com/bingbot.htm)"
79.200.64.220 - - [18/Apr/2013:22:14:26 +0200] "GET /style.css HTTP/1.1" 200 8418 "http://www.mink-gmbh.de/" "Mozilla/5.0 (Windows NT 6.2; WOW64; rv:20.0) Gecko/20100101 Firefox/20.0"
79.200.64.220 - - [18/Apr/2013:22:14:26 +0200] "GET /modul.css HTTP/1.1" 200 35038 "http://www.mink-gmbh.de/" "Mozilla/5.0 (Windows NT 6.2; WOW64; rv:20.0) Gecko/20100101 Firefox/20.0"
79.200.64.220 - - [18/Apr/2013:22:14:26 +0200] "GET /favicon.ico HTTP/1.1" 200 3638 "-" "Mozilla/5.0 (Windows NT 6.2; WOW64; rv:20.0) Gecko/20100101 Firefox/20.0"
79.200.64.220 - - [18/Apr/2013:22:14:26 +0200] "GET /js_contentserver24_greybox/gb_styles.css HTTP/1.1" 200 2302 "http://www.mink-gmbh.de/" "Mozilla/5.0 (Windows NT 6.2; WOW64; rv:20.0) Gecko/20100101 Firefox/20.0"
79.200.64.220 - - [18/Apr/2013:22:14:26 +0200] "GET /js_contentserver24_greybox/AJS.js HTTP/1.1" 200 10396 "http://www.mink-gmbh.de/" "Mozilla/5.0 (Windows NT 6.2; WOW64; rv:20.0) Gecko/20100101 Firefox/20.0"
79.200.64.220 - - [18/Apr/2013:22:14:26 +0200] "GET /js_contentserver24_greybox/AJS_fx.js HTTP/1.1" 200 3192 "http://www.mink-gmbh.de/" "Mozilla/5.0 (Windows NT 6.2; WOW64; rv:20.0) Gecko/20100101 Firefox/20.0"
79.200.64.220 - - [18/Apr/2013:22:14:26 +0200] "GET /js_contentserver24_greybox/gb_scripts.js HTTP/1.1" 200 11913 "http://www.mink-gmbh.de/" "Mozilla/5.0 (Windows NT 6.2; WOW64; rv:20.0) Gecko/20100101 Firefox/20.0"
79.200.64.220 - - [18/Apr/2013:22:14:25 +0200] "GET / HTTP/1.1" 200 12045 "http://suche.t-online.de/fast-cgi/tsc?classification=internet-tab_internet_std&start=0&lv=mv&more=variante3g&num=10&q=esso+heiz%C3%B6l&ocr=yes&mandant=toi&device=html&encQuery=esso&dia=suche&lang=any&context=internet-tab&tpc=internet&ptl=std&adpage=2&www_start=10&www_num=10&tstmp=1366315987733" "Mozilla/5.0 (Windows NT 6.2; WOW64; rv:20.0) Gecko/20100101 Firefox/20.0"
79.200.64.220 - - [18/Apr/2013:22:14:26 +0200] "GET /images/freecall.jpg HTTP/1.1" 200 39195 "http://www.mink-gmbh.de/" "Mozilla/5.0 (Windows NT 6.2; WOW64; rv:20.0) Gecko/20100101 Firefox/20.0"
79.200.64.220 - - [18/Apr/2013:22:14:26 +0200] "GET /images/mail.jpg HTTP/1.1" 200 11165 "http://www.mink-gmbh.de/" "Mozilla/5.0 (Windows NT 6.2; WOW64; rv:20.0) Gecko/20100101 Firefox/20.0"
79.200.64.220 - - [18/Apr/2013:22:14:26 +0200] "GET /images/kwk.gif HTTP/1.1" 200 6403 "http://www.mink-gmbh.de/" "Mozilla/5.0 (Windows NT 6.2; WOW64; rv:20.0) Gecko/20100101 Firefox/20.0"
79.200.64.220 - - [18/Apr/2013:22:14:26 +0200] "GET /images/wunschpreis.jpg HTTP/1.1" 200 16767 "http://www.mink-gmbh.de/" "Mozilla/5.0 (Windows NT 6.2; WOW64; rv:20.0) Gecko/20100101 Firefox/20.0"
79.200.64.220 - - [18/Apr/2013:22:14:26 +0200] "GET /images/logos.jpg HTTP/1.1" 200 15002 "http://www.mink-gmbh.de/" "Mozilla/5.0 (Windows NT 6.2; WOW64; rv:20.0) Gecko/20100101 Firefox/20.0"
79.200.64.220 - - [18/Apr/2013:22:14:26 +0200] "GET /images/bg.jpg HTTP/1.1" 200 345 "http://www.mink-gmbh.de/style.css" "Mozilla/5.0 (Windows NT 6.2; WOW64; rv:20.0) Gecko/20100101 Firefox/20.0"
79.200.64.220 - - [18/Apr/2013:22:14:26 +0200] "GET /images/tkw.jpg HTTP/1.1" 200 64031 "http://www.mink-gmbh.de/" "Mozilla/5.0 (Windows NT 6.2; WOW64; rv:20.0) Gecko/20100101 Firefox/20.0"
79.200.64.220 - - [18/Apr/2013:22:14:27 +0200] "GET /js_contentserver24_greybox/w_close.gif HTTP/1.1" 200 74 "http://www.mink-gmbh.de/" "Mozilla/5.0 (Windows NT 6.2; WOW64; rv:20.0) Gecko/20100101 Firefox/20.0"
79.200.64.220 - - [18/Apr/2013:22:14:27 +0200] "GET /images/close.png HTTP/1.1" 200 703 "http://www.mink-gmbh.de/" "Mozilla/5.0 (Windows NT 6.2; WOW64; rv:20.0) Gecko/20100101 Firefox/20.0"
79.200.64.220 - - [18/Apr/2013:22:14:27 +0200] "GET /images/newsletter_bg.jpg HTTP/1.1" 200 33610 "http://www.mink-gmbh.de/" "Mozilla/5.0 (Windows NT 6.2; WOW64; rv:20.0) Gecko/20100101 Firefox/20.0"
79.200.64.220 - - [18/Apr/2013:22:14:27 +0200] "GET /images/newsletter.png HTTP/1.1" 200 14619 "http://www.mink-gmbh.de/style.css" "Mozilla/5.0 (Windows NT 6.2; WOW64; rv:20.0) Gecko/20100101 Firefox/20.0"
79.200.64.220 - - [18/Apr/2013:22:14:27 +0200] "GET /images/wrapperbg.jpg HTTP/1.1" 200 27465 "http://www.mink-gmbh.de/style.css" "Mozilla/5.0 (Windows NT 6.2; WOW64; rv:20.0) Gecko/20100101 Firefox/20.0"
79.200.64.220 - - [18/Apr/2013:22:14:27 +0200] "GET /images/header.jpg HTTP/1.1" 200 24413 "http://www.mink-gmbh.de/style.css" "Mozilla/5.0 (Windows NT 6.2; WOW64; rv:20.0) Gecko/20100101 Firefox/20.0"
79.200.64.220 - - [18/Apr/2013:22:14:27 +0200] "GET /images/navibg.png HTTP/1.1" 200 2803 "http://www.mink-gmbh.de/style.css" "Mozilla/5.0 (Windows NT 6.2; WOW64; rv:20.0) Gecko/20100101 Firefox/20.0"
79.200.64.220 - - [18/Apr/2013:22:14:27 +0200] "GET /images/fallend.png HTTP/1.1" 200 713 "http://www.mink-gmbh.de/modul.css" "Mozilla/5.0 (Windows NT 6.2; WOW64; rv:20.0) Gecko/20100101 Firefox/20.0"
79.200.64.220 - - [18/Apr/2013:22:14:27 +0200] "GET /images/steigend.png HTTP/1.1" 200 688 "http://www.mink-gmbh.de/modul.css" "Mozilla/5.0 (Windows NT 6.2; WOW64; rv:20.0) Gecko/20100101 Firefox/20.0"
79.200.64.220 - - [18/Apr/2013:22:14:27 +0200] "GET /images/mobil.jpg HTTP/1.1" 200 25293 "http://www.mink-gmbh.de/style.css" "Mozilla/5.0 (Windows NT 6.2; WOW64; rv:20.0) Gecko/20100101 Firefox/20.0"
79.200.64.220 - - [18/Apr/2013:22:14:27 +0200] "GET /images/newsletter.jpg HTTP/1.1" 200 13130 "http://www.mink-gmbh.de/style.css" "Mozilla/5.0 (Windows NT 6.2; WOW64; rv:20.0) Gecko/20100101 Firefox/20.0"
79.200.64.220 - - [18/Apr/2013:22:14:27 +0200] "GET /images/footerbg.jpg HTTP/1.1" 200 2184 "http://www.mink-gmbh.de/style.css" "Mozilla/5.0 (Windows NT 6.2; WOW64; rv:20.0) Gecko/20100101 Firefox/20.0"
79.200.64.220 - - [18/Apr/2013:22:14:27 +0200] "GET /js_contentserver24_greybox/loader_frame.html?s=0 HTTP/1.1" 200 2084 "http://www.mink-gmbh.de/" "Mozilla/5.0 (Windows NT 6.2; WOW64; rv:20.0) Gecko/20100101 Firefox/20.0"
79.200.64.220 - - [18/Apr/2013:22:14:27 +0200] "GET /js_contentserver24_greybox/header_bg.gif HTTP/1.1" 200 1188 "http://www.mink-gmbh.de/" "Mozilla/5.0 (Windows NT 6.2; WOW64; rv:20.0) Gecko/20100101 Firefox/20.0"
79.200.64.220 - - [18/Apr/2013:22:14:27 +0200] "GET /js_contentserver24_greybox/indicator.gif HTTP/1.1" 200 8238 "http://www.mink-gmbh.de/js_contentserver24_greybox/loader_frame.html?s=0" "Mozilla/5.0 (Windows NT 6.2; WOW64; rv:20.0) Gecko/20100101 Firefox/20.0"
79.200.64.220 - - [18/Apr/2013:22:14:28 +0200] "GET /js_contentserver24_greybox/g_close.gif HTTP/1.1" 200 541 "http://www.mink-gmbh.de/" "Mozilla/5.0 (Windows NT 6.2; WOW64; rv:20.0) Gecko/20100101 Firefox/20.0"
141.8.147.12 - - [18/Apr/2013:22:19:11 +0200] "GET /news.php?cs_go=archiv&cs_startpos=150 HTTP/1.1" 200 22761 "-" "Mozilla/5.0 (compatible; YandexBot/3.0; +http://yandex.com/bots)"
5.9.7.208 - - [18/Apr/2013:22:27:01 +0200] "GET /robots.txt HTTP/1.0" 200 177 "-" "Mozilla/5.0 (compatible; MJ12bot/v1.4.3; http://www.majestic12.co.uk/bot.php?+)"
173.252.73.118 - - [18/Apr/2013:22:29:03 +0200] "GET / HTTP/1.1" 200 12045 "-" "facebookexternalhit/1.1 (+http://www.facebook.com/externalhit_uatext.php)"
173.252.73.118 - - [18/Apr/2013:22:29:05 +0200] "GET /../images/freecall.jpg HTTP/1.1" 404 - "http://www.marktplatz-mittelstand.de/webkatalog/www.mink-gmbh.de" "facebookexternalhit/1.1 (+http://www.facebook.com/externalhit_uatext.php)"
173.252.73.118 - - [18/Apr/2013:22:29:05 +0200] "GET /../images/kwk.gif HTTP/1.1" 404 - "http://www.marktplatz-mittelstand.de/webkatalog/www.mink-gmbh.de" "facebookexternalhit/1.1 (+http://www.facebook.com/externalhit_uatext.php)"
173.252.73.114 - - [18/Apr/2013:22:29:05 +0200] "GET /../images/wunschpreis.jpg HTTP/1.1" 404 - "http://www.marktplatz-mittelstand.de/webkatalog/www.mink-gmbh.de" "facebookexternalhit/1.1 (+http://www.facebook.com/externalhit_uatext.php)"
173.252.73.113 - - [18/Apr/2013:22:29:05 +0200] "GET /../images/mail.jpg HTTP/1.1" 404 - "http://www.marktplatz-mittelstand.de/webkatalog/www.mink-gmbh.de" "facebookexternalhit/1.1 (+http://www.facebook.com/externalhit_uatext.php)"
173.252.73.115 - - [18/Apr/2013:22:29:05 +0200] "GET /../images/tkw.jpg HTTP/1.1" 404 - "http://www.marktplatz-mittelstand.de/webkatalog/www.mink-gmbh.de" "facebookexternalhit/1.1 (+http://www.facebook.com/externalhit_uatext.php)"
173.252.73.119 - - [18/Apr/2013:22:29:05 +0200] "GET /../images/logos.jpg HTTP/1.1" 404 - "http://www.marktplatz-mittelstand.de/webkatalog/www.mink-gmbh.de" "facebookexternalhit/1.1 (+http://www.facebook.com/externalhit_uatext.php)"
69.171.230.244 - - [18/Apr/2013:22:29:06 +0200] "GET /../images/wunschpreis.jpg HTTP/1.1" 404 - "-" "facebookexternalhit/1.1 (+http://www.facebook.com/externalhit_uatext.php)"
69.171.230.251 - - [18/Apr/2013:22:29:06 +0200] "GET /../images/logos.jpg HTTP/1.1" 404 - "-" "facebookexternalhit/1.1 (+http://www.facebook.com/externalhit_uatext.php)"
69.171.230.244 - - [18/Apr/2013:22:29:06 +0200] "GET /../images/tkw.jpg HTTP/1.1" 404 - "-" "facebookexternalhit/1.1 (+http://www.facebook.com/externalhit_uatext.php)"
69.171.230.251 - - [18/Apr/2013:22:29:06 +0200] "GET /../images/freecall.jpg HTTP/1.1" 404 - "-" "facebookexternalhit/1.1 (+http://www.facebook.com/externalhit_uatext.php)"
69.171.230.247 - - [18/Apr/2013:22:29:06 +0200] "GET /../images/mail.jpg HTTP/1.1" 404 - "-" "facebookexternalhit/1.1 (+http://www.facebook.com/externalhit_uatext.php)"
69.171.230.246 - - [18/Apr/2013:22:29:06 +0200] "GET /../images/kwk.gif HTTP/1.1" 404 - "-" "facebookexternalhit/1.1 (+http://www.facebook.com/externalhit_uatext.php)"
208.77.221.210 - - [18/Apr/2013:22:34:35 +0200] "GET / HTTP/1.0" 200 12045 "-" "CatchBot/5.0; +http://www.catchbot.com"
139.18.2.209 - - [18/Apr/2013:22:34:40 +0200] "GET /robots.txt HTTP/1.1" 200 177 "-" "findlinks/2.6 (+http://wortschatz.uni-leipzig.de/findlinks/)"
66.249.76.49 - - [18/Apr/2013:22:39:08 +0200] "GET /lexikon.php?cs_go=3&cs_id=154 HTTP/1.1" 200 8226 "-" "Mozilla/5.0 (compatible; Googlebot/2.1; +http://www.google.com/bot.html)"
5.9.7.208 - - [18/Apr/2013:22:41:40 +0200] "GET /Heizoel.htm HTTP/1.0" 404 - "-" "Mozilla/5.0 (compatible; MJ12bot/v1.4.3; http://www.majestic12.co.uk/bot.php?+)"
5.9.7.208 - - [18/Apr/2013:22:47:23 +0200] "GET /seiten/kontakt.php HTTP/1.0" 404 - "-" "Mozilla/5.0 (compatible; MJ12bot/v1.4.3; http://www.majestic12.co.uk/bot.php?+)"
66.249.76.49 - - [18/Apr/2013:23:16:31 +0200] "GET /lexikon.php?cs_go=3&cs_id=150 HTTP/1.1" 200 8218 "-" "Mozilla/5.0 (compatible; Googlebot/2.1; +http://www.google.com/bot.html)"
66.249.76.49 - - [18/Apr/2013:23:21:15 +0200] "GET /lexikon.php?cs_go=3&cs_id=161 HTTP/1.1" 200 8023 "-" "Mozilla/5.0 (compatible; Googlebot/2.1; +http://www.google.com/bot.html)"
66.249.76.49 - - [18/Apr/2013:23:40:53 +0200] "GET /news.php?cs_go=archiv&cs_id=4057 HTTP/1.1" 200 13242 "-" "SAMSUNG-SGH-E250/1.0 Profile/MIDP-2.0 Configuration/CLDC-1.1 UP.Browser/6.2.3.3.c.1.101 (GUI) MMP/2.0 (compatible; Googlebot-Mobile/2.1; +http://www.google.com/bot.html)"
65.36.241.79 - - [18/Apr/2013:23:42:00 +0200] "HEAD / HTTP/1.1" 200 - "-" "InternetSeer.com"
66.249.76.49 - - [18/Apr/2013:23:58:56 +0200] "GET /lexikon.php?cs_go=3&cs_id=165 HTTP/1.1" 200 8286 "-" "Mozilla/5.0 (compatible; Googlebot/2.1; +http://www.google.com/bot.html)"
137.117.130.245 - - [19/Apr/2013:00:03:45 +0200] "GET /faq.php HTTP/1.0" 200 184037 "http://www.mink-gmbh.de/faq.php" "Mozilla/5.0 (Windows NT 5.1; rv:7.0) Gecko/20100101 Firefox/7.0"
66.249.76.49 - - [19/Apr/2013:00:08:03 +0200] "GET /news.php?cs_go=archiv&cs_id=4058 HTTP/1.1" 200 10067 "-" "Mozilla/5.0 (iPhone; U; CPU iPhone OS 4_1 like Mac OS X; en-us) AppleWebKit/532.9 (KHTML, like Gecko) Version/4.0.5 Mobile/8B117 Safari/6531.22.7 (compatible; Googlebot-Mobile/2.1; +http://www.google.com/bot.html)"
66.249.76.49 - - [19/Apr/2013:01:05:43 +0200] "GET /news.php?cs_go=archiv&cs_id=4060&cs_search= HTTP/1.1" 200 10277 "-" "DoCoMo/2.0 N905i(c100;TB;W24H16) (compatible; Googlebot-Mobile/2.1; +http://www.google.com/bot.html)"
66.249.76.49 - - [19/Apr/2013:01:57:42 +0200] "GET /news.php?cs_go=archiv&cs_id=3144 HTTP/1.1" 200 13490 "-" "Mozilla/5.0 (compatible; Googlebot/2.1; +http://www.google.com/bot.html)"
178.255.215.64 - - [19/Apr/2013:02:07:12 +0200] "GET /robots.txt HTTP/1.1" 200 177 "-" "Mozilla/5.0 (compatible; Exabot/3.0; +http://www.exabot.com/go/robot)"
178.255.215.64 - - [19/Apr/2013:02:07:12 +0200] "GET / HTTP/1.1" 200 12045 "-" "Mozilla/5.0 (compatible; Exabot/3.0; +http://www.exabot.com/go/robot)"
66.249.76.49 - - [19/Apr/2013:02:18:16 +0200] "GET /news.php?cs_go=archiv&cs_id=3322 HTTP/1.1" 200 11582 "-" "Mozilla/5.0 (compatible; Googlebot/2.1; +http://www.google.com/bot.html)"
66.249.76.49 - - [19/Apr/2013:03:40:48 +0200] "GET /news.php?cs_go=archiv&cs_id=2820 HTTP/1.1" 200 14254 "-" "Mozilla/5.0 (iPhone; U; CPU iPhone OS 4_1 like Mac OS X; en-us) AppleWebKit/532.9 (KHTML, like Gecko) Version/4.0.5 Mobile/8B117 Safari/6531.22.7 (compatible; Googlebot-Mobile/2.1; +http://www.google.com/bot.html)"
66.249.76.49 - - [19/Apr/2013:04:17:57 +0200] "GET /news.php?cs_go=archiv&cs_id=3960&cs_search= HTTP/1.1" 200 7887 "-" "Mozilla/5.0 (compatible; Googlebot/2.1; +http://www.google.com/bot.html)"
65.36.241.79 - - [19/Apr/2013:04:55:44 +0200] "HEAD / HTTP/1.1" 200 - "-" "InternetSeer.com"
157.55.32.58 - - [19/Apr/2013:05:01:44 +0200] "GET /robots.txt HTTP/1.1" 200 177 "-" "Mozilla/5.0 (compatible; bingbot/2.0; +http://www.bing.com/bingbot.htm)"
65.55.52.108 - - [19/Apr/2013:05:12:28 +0200] "GET / HTTP/1.1" 200 12045 "-" "Mozilla/5.0 (compatible; bingbot/2.0; +http://www.bing.com/bingbot.htm)"
141.8.147.12 - - [19/Apr/2013:05:22:04 +0200] "GET /robots.txt HTTP/1.1" 200 177 "-" "Mozilla/5.0 (compatible; YandexBot/3.0; +http://yandex.com/bots)"
66.249.76.49 - - [19/Apr/2013:05:38:38 +0200] "GET / HTTP/1.1" 200 12045 "-" "Mozilla/5.0 (compatible; Googlebot/2.1; +http://www.google.com/bot.html)"
66.249.76.49 - - [19/Apr/2013:05:45:03 +0200] "GET /js_contentserver24_greybox/gb_styles.css HTTP/1.1" 200 2302 "-" "Mozilla/5.0 (compatible; Googlebot/2.1; +http://www.google.com/bot.html)"
66.249.76.49 - - [19/Apr/2013:05:45:59 +0200] "GET /news.php?cs_go=archiv&cs_id=4098 HTTP/1.1" 200 13796 "-" "Mozilla/5.0 (compatible; Googlebot/2.1; +http://www.google.com/bot.html)"
141.8.147.12 - - [19/Apr/2013:06:24:38 +0200] "GET /news.php?cs_go=archiv&cs_id=4074&cs_search= HTTP/1.1" 200 13449 "-" "Mozilla/5.0 (compatible; YandexBot/3.0; +http://yandex.com/bots)"
66.249.76.49 - - [19/Apr/2013:06:52:29 +0200] "GET /news.php?cs_go=archiv&cs_id=3740 HTTP/1.1" 200 12081 "-" "Mozilla/5.0 (compatible; Googlebot/2.1; +http://www.google.com/bot.html)"
66.249.76.49 - - [19/Apr/2013:07:09:06 +0200] "GET /lexikon.php?cs_go=3&cs_id=48 HTTP/1.1" 200 9410 "-" "Mozilla/5.0 (compatible; Googlebot/2.1; +http://www.google.com/bot.html)"
66.249.76.49 - - [19/Apr/2013:07:29:47 +0200] "GET /images/additive_flame.jpg HTTP/1.1" 404 - "-" "Googlebot-Image/1.0"
123.125.71.54 - - [19/Apr/2013:07:30:03 +0200] "GET / HTTP/1.1" 200 8631 "-" "Mozilla/5.0 (compatible; Baiduspider/2.0; +http://www.baidu.com/search/spider.html)"
220.181.108.108 - - [19/Apr/2013:07:30:30 +0200] "GET / HTTP/1.1" 200 6437 "-" "Mozilla/5.0 (compatible; Baiduspider/2.0; +http://www.baidu.com/search/spider.html)"
141.8.147.12 - - [19/Apr/2013:07:42:40 +0200] "GET /news.php?cs_go=archiv&cs_id=4068 HTTP/1.1" 200 10292 "-" "Mozilla/5.0 (compatible; YandexBot/3.0; +http://yandex.com/bots)"
65.55.52.108 - - [19/Apr/2013:07:47:08 +0200] "GET /robots.txt HTTP/1.1" 200 177 "-" "Mozilla/5.0 (compatible; bingbot/2.0; +http://www.bing.com/bingbot.htm)"
65.55.52.108 - - [19/Apr/2013:07:49:29 +0200] "GET / HTTP/1.1" 200 12067 "-" "Mozilla/5.0 (compatible; bingbot/2.0; +http://www.bing.com/bingbot.htm)"
88.73.6.146 - - [19/Apr/2013:07:57:04 +0200] "GET /style.css HTTP/1.1" 200 8418 "http://www.mink-gmbh.de/" "Mozilla/5.0 (Windows NT 5.1; rv:19.0) Gecko/20100101 Firefox/19.0"
88.73.6.146 - - [19/Apr/2013:07:57:04 +0200] "GET /favicon.ico HTTP/1.1" 200 3638 "-" "Mozilla/5.0 (Windows NT 5.1; rv:19.0) Gecko/20100101 Firefox/19.0"
88.73.6.146 - - [19/Apr/2013:07:57:04 +0200] "GET /js_contentserver24_greybox/gb_styles.css HTTP/1.1" 200 2302 "http://www.mink-gmbh.de/" "Mozilla/5.0 (Windows NT 5.1; rv:19.0) Gecko/20100101 Firefox/19.0"
88.73.6.146 - - [19/Apr/2013:07:57:04 +0200] "GET /js_contentserver24_greybox/AJS.js HTTP/1.1" 200 10396 "http://www.mink-gmbh.de/" "Mozilla/5.0 (Windows NT 5.1; rv:19.0) Gecko/20100101 Firefox/19.0"
88.73.6.146 - - [19/Apr/2013:07:57:04 +0200] "GET /modul.css HTTP/1.1" 200 35038 "http://www.mink-gmbh.de/" "Mozilla/5.0 (Windows NT 5.1; rv:19.0) Gecko/20100101 Firefox/19.0"
88.73.6.146 - - [19/Apr/2013:07:57:04 +0200] "GET / HTTP/1.1" 200 12067 "http://www.google.de/url?sa=t&rct=j&q=mink&source=web&cd=5&ved=0CE0QFjAE&url=http%3A%2F%2Fwww.mink-gmbh.de%2F&ei=hNxwUYuXK4rSsgbY04HwAw&usg=AFQjCNFHX4Iglls9oo-KYXTmDUV_5KOVIg&bvm=bv.45373924,d.Yms" "Mozilla/5.0 (Windows NT 5.1; rv:19.0) Gecko/20100101 Firefox/19.0"
88.73.6.146 - - [19/Apr/2013:07:57:05 +0200] "GET /js_contentserver24_greybox/AJS_fx.js HTTP/1.1" 200 3192 "http://www.mink-gmbh.de/" "Mozilla/5.0 (Windows NT 5.1; rv:19.0) Gecko/20100101 Firefox/19.0"
88.73.6.146 - - [19/Apr/2013:07:57:05 +0200] "GET /js_contentserver24_greybox/gb_scripts.js HTTP/1.1" 200 11913 "http://www.mink-gmbh.de/" "Mozilla/5.0 (Windows NT 5.1; rv:19.0) Gecko/20100101 Firefox/19.0"
88.73.6.146 - - [19/Apr/2013:07:57:05 +0200] "GET /images/mail.jpg HTTP/1.1" 200 11165 "http://www.mink-gmbh.de/" "Mozilla/5.0 (Windows NT 5.1; rv:19.0) Gecko/20100101 Firefox/19.0"
88.73.6.146 - - [19/Apr/2013:07:57:05 +0200] "GET /images/kwk.gif HTTP/1.1" 200 6403 "http://www.mink-gmbh.de/" "Mozilla/5.0 (Windows NT 5.1; rv:19.0) Gecko/20100101 Firefox/19.0"
88.73.6.146 - - [19/Apr/2013:07:57:05 +0200] "GET /images/wunschpreis.jpg HTTP/1.1" 200 16767 "http://www.mink-gmbh.de/" "Mozilla/5.0 (Windows NT 5.1; rv:19.0) Gecko/20100101 Firefox/19.0"
88.73.6.146 - - [19/Apr/2013:07:57:05 +0200] "GET /images/logos.jpg HTTP/1.1" 200 15002 "http://www.mink-gmbh.de/" "Mozilla/5.0 (Windows NT 5.1; rv:19.0) Gecko/20100101 Firefox/19.0"
88.73.6.146 - - [19/Apr/2013:07:57:05 +0200] "GET /images/tkw.jpg HTTP/1.1" 200 64031 "http://www.mink-gmbh.de/" "Mozilla/5.0 (Windows NT 5.1; rv:19.0) Gecko/20100101 Firefox/19.0"
88.73.6.146 - - [19/Apr/2013:07:57:05 +0200] "GET /images/freecall.jpg HTTP/1.1" 200 39195 "http://www.mink-gmbh.de/" "Mozilla/5.0 (Windows NT 5.1; rv:19.0) Gecko/20100101 Firefox/19.0"
88.73.6.146 - - [19/Apr/2013:07:57:05 +0200] "GET /images/bg.jpg HTTP/1.1" 200 345 "http://www.mink-gmbh.de/style.css" "Mozilla/5.0 (Windows NT 5.1; rv:19.0) Gecko/20100101 Firefox/19.0"
88.73.6.146 - - [19/Apr/2013:07:57:05 +0200] "GET /images/close.png HTTP/1.1" 200 703 "http://www.mink-gmbh.de/" "Mozilla/5.0 (Windows NT 5.1; rv:19.0) Gecko/20100101 Firefox/19.0"
88.73.6.146 - - [19/Apr/2013:07:57:05 +0200] "GET /js_contentserver24_greybox/w_close.gif HTTP/1.1" 200 74 "http://www.mink-gmbh.de/" "Mozilla/5.0 (Windows NT 5.1; rv:19.0) Gecko/20100101 Firefox/19.0"
88.73.6.146 - - [19/Apr/2013:07:57:05 +0200] "GET /images/newsletter.png HTTP/1.1" 200 14619 "http://www.mink-gmbh.de/style.css" "Mozilla/5.0 (Windows NT 5.1; rv:19.0) Gecko/20100101 Firefox/19.0"
88.73.6.146 - - [19/Apr/2013:07:57:05 +0200] "GET /images/newsletter_bg.jpg HTTP/1.1" 200 33610 "http://www.mink-gmbh.de/" "Mozilla/5.0 (Windows NT 5.1; rv:19.0) Gecko/20100101 Firefox/19.0"
88.73.6.146 - - [19/Apr/2013:07:57:05 +0200] "GET /images/wrapperbg.jpg HTTP/1.1" 200 27465 "http://www.mink-gmbh.de/style.css" "Mozilla/5.0 (Windows NT 5.1; rv:19.0) Gecko/20100101 Firefox/19.0"
88.73.6.146 - - [19/Apr/2013:07:57:05 +0200] "GET /images/header.jpg HTTP/1.1" 200 24413 "http://www.mink-gmbh.de/style.css" "Mozilla/5.0 (Windows NT 5.1; rv:19.0) Gecko/20100101 Firefox/19.0"
88.73.6.146 - - [19/Apr/2013:07:57:05 +0200] "GET /images/navibg.png HTTP/1.1" 200 2803 "http://www.mink-gmbh.de/style.css" "Mozilla/5.0 (Windows NT 5.1; rv:19.0) Gecko/20100101 Firefox/19.0"
88.73.6.146 - - [19/Apr/2013:07:57:05 +0200] "GET /images/fallend.png HTTP/1.1" 200 713 "http://www.mink-gmbh.de/modul.css" "Mozilla/5.0 (Windows NT 5.1; rv:19.0) Gecko/20100101 Firefox/19.0"
88.73.6.146 - - [19/Apr/2013:07:57:06 +0200] "GET /images/steigend.png HTTP/1.1" 200 688 "http://www.mink-gmbh.de/modul.css" "Mozilla/5.0 (Windows NT 5.1; rv:19.0) Gecko/20100101 Firefox/19.0"
88.73.6.146 - - [19/Apr/2013:07:57:06 +0200] "GET /images/mobil.jpg HTTP/1.1" 200 25293 "http://www.mink-gmbh.de/style.css" "Mozilla/5.0 (Windows NT 5.1; rv:19.0) Gecko/20100101 Firefox/19.0"
88.73.6.146 - - [19/Apr/2013:07:57:06 +0200] "GET /images/newsletter.jpg HTTP/1.1" 200 13130 "http://www.mink-gmbh.de/style.css" "Mozilla/5.0 (Windows NT 5.1; rv:19.0) Gecko/20100101 Firefox/19.0"
88.73.6.146 - - [19/Apr/2013:07:57:06 +0200] "GET /images/footerbg.jpg HTTP/1.1" 200 2184 "http://www.mink-gmbh.de/style.css" "Mozilla/5.0 (Windows NT 5.1; rv:19.0) Gecko/20100101 Firefox/19.0"
88.73.6.146 - - [19/Apr/2013:07:57:06 +0200] "GET /js_contentserver24_greybox/loader_frame.html?s=0 HTTP/1.1" 200 2084 "http://www.mink-gmbh.de/" "Mozilla/5.0 (Windows NT 5.1; rv:19.0) Gecko/20100101 Firefox/19.0"
88.73.6.146 - - [19/Apr/2013:07:57:06 +0200] "GET /js_contentserver24_greybox/header_bg.gif HTTP/1.1" 200 1188 "http://www.mink-gmbh.de/" "Mozilla/5.0 (Windows NT 5.1; rv:19.0) Gecko/20100101 Firefox/19.0"
88.73.6.146 - - [19/Apr/2013:07:57:06 +0200] "GET /js_contentserver24_greybox/indicator.gif HTTP/1.1" 200 8238 "http://www.mink-gmbh.de/js_contentserver24_greybox/loader_frame.html?s=0" "Mozilla/5.0 (Windows NT 5.1; rv:19.0) Gecko/20100101 Firefox/19.0"
88.73.6.146 - - [19/Apr/2013:07:57:07 +0200] "GET /js_contentserver24_greybox/g_close.gif HTTP/1.1" 200 541 "http://www.mink-gmbh.de/" "Mozilla/5.0 (Windows NT 5.1; rv:19.0) Gecko/20100101 Firefox/19.0"
88.73.6.146 - - [19/Apr/2013:07:57:18 +0200] "GET /kontakt.php HTTP/1.1" 200 9111 "http://www.mink-gmbh.de/" "Mozilla/5.0 (Windows NT 5.1; rv:19.0) Gecko/20100101 Firefox/19.0"
66.249.76.49 - - [19/Apr/2013:08:25:12 +0200] "GET /news.php?cs_go=archiv&cs_id=3741 HTTP/1.1" 200 16831 "-" "Mozilla/5.0 (compatible; Googlebot/2.1; +http://www.google.com/bot.html)"
66.249.76.49 - - [19/Apr/2013:08:27:53 +0200] "GET / HTTP/1.1" 200 12067 "-" "DoCoMo/2.0 N905i(c100;TB;W24H16) (compatible; Googlebot-Mobile/2.1; +http://www.google.com/bot.html)"
123.125.71.48 - - [19/Apr/2013:08:28:43 +0200] "GET / HTTP/1.1" 200 7822 "-" "Mozilla/5.0 (compatible; Baiduspider/2.0; +http://www.baidu.com/search/spider.html)"
220.181.108.90 - - [19/Apr/2013:08:29:09 +0200] "GET / HTTP/1.1" 200 12067 "-" "Mozilla/5.0 (compatible; Baiduspider/2.0; +http://www.baidu.com/search/spider.html)"
141.8.147.12 - - [19/Apr/2013:08:38:24 +0200] "GET /news.php?cs_go=archiv&cs_id=3768&cs_search= HTTP/1.1" 200 10220 "-" "Mozilla/5.0 (compatible; YandexBot/3.0; +http://yandex.com/bots)"
85.178.203.82 - - [19/Apr/2013:08:55:28 +0200] "GET /optiplus.php HTTP/1.1" 200 11100 "http://www.google.de/url?sa=t&rct=j&q=&esrc=s&source=web&cd=2&ved=0CEIQFjAB&url=http%3A%2F%2Fwww.mink-gmbh.de%2Foptiplus.php&ei=NupwUa-sM8bOtQaspoCYCA&usg=AFQjCNEouGCMmLgK9iGVLaDNxyZZMZ_YPQ&bvm=bv.45373924,d.Yms" "Mozilla/5.0 (Windows NT 6.1; rv:20.0) Gecko/20100101 Firefox/20.0"
85.178.203.82 - - [19/Apr/2013:08:55:28 +0200] "GET /style.css HTTP/1.1" 200 8418 "http://www.mink-gmbh.de/optiplus.php" "Mozilla/5.0 (Windows NT 6.1; rv:20.0) Gecko/20100101 Firefox/20.0"
85.178.203.82 - - [19/Apr/2013:08:55:28 +0200] "GET /favicon.ico HTTP/1.1" 200 3638 "-" "Mozilla/5.0 (Windows NT 6.1; rv:20.0) Gecko/20100101 Firefox/20.0"
85.178.203.82 - - [19/Apr/2013:08:55:28 +0200] "GET /modul.css HTTP/1.1" 200 35038 "http://www.mink-gmbh.de/optiplus.php" "Mozilla/5.0 (Windows NT 6.1; rv:20.0) Gecko/20100101 Firefox/20.0"
85.178.203.82 - - [19/Apr/2013:08:55:28 +0200] "GET /images/mail.jpg HTTP/1.1" 200 11165 "http://www.mink-gmbh.de/optiplus.php" "Mozilla/5.0 (Windows NT 6.1; rv:20.0) Gecko/20100101 Firefox/20.0"
85.178.203.82 - - [19/Apr/2013:08:55:28 +0200] "GET /images/kwk.gif HTTP/1.1" 200 6403 "http://www.mink-gmbh.de/optiplus.php" "Mozilla/5.0 (Windows NT 6.1; rv:20.0) Gecko/20100101 Firefox/20.0"
85.178.203.82 - - [19/Apr/2013:08:55:28 +0200] "GET /images/wunschpreis.jpg HTTP/1.1" 200 16767 "http://www.mink-gmbh.de/optiplus.php" "Mozilla/5.0 (Windows NT 6.1; rv:20.0) Gecko/20100101 Firefox/20.0"
85.178.203.82 - - [19/Apr/2013:08:55:29 +0200] "GET /images/logos.jpg HTTP/1.1" 200 15002 "http://www.mink-gmbh.de/optiplus.php" "Mozilla/5.0 (Windows NT 6.1; rv:20.0) Gecko/20100101 Firefox/20.0"
85.178.203.82 - - [19/Apr/2013:08:55:28 +0200] "GET /images/freecall.jpg HTTP/1.1" 200 39195 "http://www.mink-gmbh.de/optiplus.php" "Mozilla/5.0 (Windows NT 6.1; rv:20.0) Gecko/20100101 Firefox/20.0"
85.178.203.82 - - [19/Apr/2013:08:55:29 +0200] "GET /images/bg.jpg HTTP/1.1" 200 345 "http://www.mink-gmbh.de/style.css" "Mozilla/5.0 (Windows NT 6.1; rv:20.0) Gecko/20100101 Firefox/20.0"
85.178.203.82 - - [19/Apr/2013:08:55:28 +0200] "GET /images/Optiseite.jpg HTTP/1.1" 200 32107 "http://www.mink-gmbh.de/optiplus.php" "Mozilla/5.0 (Windows NT 6.1; rv:20.0) Gecko/20100101 Firefox/20.0"
85.178.203.82 - - [19/Apr/2013:08:55:29 +0200] "GET /images/close.png HTTP/1.1" 200 703 "http://www.mink-gmbh.de/optiplus.php" "Mozilla/5.0 (Windows NT 6.1; rv:20.0) Gecko/20100101 Firefox/20.0"
85.178.203.82 - - [19/Apr/2013:08:55:28 +0200] "GET /images/optiplus.jpg HTTP/1.1" 200 37436 "http://www.mink-gmbh.de/optiplus.php" "Mozilla/5.0 (Windows NT 6.1; rv:20.0) Gecko/20100101 Firefox/20.0"
85.178.203.82 - - [19/Apr/2013:08:55:29 +0200] "GET /images/newsletter_bg.jpg HTTP/1.1" 200 33610 "http://www.mink-gmbh.de/optiplus.php" "Mozilla/5.0 (Windows NT 6.1; rv:20.0) Gecko/20100101 Firefox/20.0"
85.178.203.82 - - [19/Apr/2013:08:55:29 +0200] "GET /images/newsletter.png HTTP/1.1" 200 14619 "http://www.mink-gmbh.de/style.css" "Mozilla/5.0 (Windows NT 6.1; rv:20.0) Gecko/20100101 Firefox/20.0"
85.178.203.82 - - [19/Apr/2013:08:55:29 +0200] "GET /images/header.jpg HTTP/1.1" 200 24413 "http://www.mink-gmbh.de/style.css" "Mozilla/5.0 (Windows NT 6.1; rv:20.0) Gecko/20100101 Firefox/20.0"
85.178.203.82 - - [19/Apr/2013:08:55:29 +0200] "GET /images/navibg.png HTTP/1.1" 200 2803 "http://www.mink-gmbh.de/style.css" "Mozilla/5.0 (Windows NT 6.1; rv:20.0) Gecko/20100101 Firefox/20.0"
85.178.203.82 - - [19/Apr/2013:08:55:29 +0200] "GET /images/footerbg.jpg HTTP/1.1" 200 2184 "http://www.mink-gmbh.de/style.css" "Mozilla/5.0 (Windows NT 6.1; rv:20.0) Gecko/20100101 Firefox/20.0"
85.178.203.82 - - [19/Apr/2013:08:55:29 +0200] "GET /images/wrapperbg.jpg HTTP/1.1" 200 27465 "http://www.mink-gmbh.de/style.css" "Mozilla/5.0 (Windows NT 6.1; rv:20.0) Gecko/20100101 Firefox/20.0"
66.249.76.49 - - [19/Apr/2013:09:16:35 +0200] "GET /news.php?cs_go=archiv&cs_id=3161&cs_search= HTTP/1.1" 200 9912 "-" "Mozilla/5.0 (compatible; Googlebot/2.1; +http://www.google.com/bot.html)"
66.249.76.49 - - [19/Apr/2013:09:25:06 +0200] "GET /news.php?cs_go=archiv&cs_id=2878&cs_search= HTTP/1.1" 200 13547 "-" "Mozilla/5.0 (compatible; Googlebot/2.1; +http://www.google.com/bot.html)"
139.18.2.209 - - [19/Apr/2013:09:27:42 +0200] "GET /foerdermittel.php HTTP/1.1" 200 7008 "-" "findlinks/2.6 (+http://wortschatz.uni-leipzig.de/findlinks/)"
139.18.2.209 - - [19/Apr/2013:09:27:42 +0200] "GET /foerdermittel.php HTTP/1.1" 200 12821 "-" "findlinks/2.6 (+http://wortschatz.uni-leipzig.de/findlinks/)"
178.33.122.74 - - [19/Apr/2013:09:27:44 +0200] "GET /impressum.php HTTP/1.1" 200 8582 "-" "Mozilla/5.0 (X11; Linux i686; rv:6.0) Gecko/20100101 Firefox/6.0"
66.249.76.49 - - [19/Apr/2013:09:36:59 +0200] "GET / HTTP/1.1" 200 12122 "-" "Mozilla/5.0 (iPhone; U; CPU iPhone OS 4_1 like Mac OS X; en-us) AppleWebKit/532.9 (KHTML, like Gecko) Version/4.0.5 Mobile/8B117 Safari/6531.22.7 (compatible; Googlebot-Mobile/2.1; +http://www.google.com/bot.html)"
66.249.76.49 - - [19/Apr/2013:09:42:14 +0200] "GET /news.php?cs_go=archiv&cs_id=3515 HTTP/1.1" 200 13749 "-" "Mozilla/5.0 (compatible; Googlebot/2.1; +http://www.google.com/bot.html)"
141.8.147.12 - - [19/Apr/2013:09:45:31 +0200] "GET /news.php?cs_go=archiv&cs_id=3771&cs_search= HTTP/1.1" 200 9868 "-" "Mozilla/5.0 (compatible; YandexBot/3.0; +http://yandex.com/bots)"
66.249.76.49 - - [19/Apr/2013:09:59:28 +0200] "GET /news.php?cs_go=archiv&cs_id=3420 HTTP/1.1" 200 9845 "-" "Mozilla/5.0 (compatible; Googlebot/2.1; +http://www.google.com/bot.html)"
66.249.76.49 - - [19/Apr/2013:10:08:01 +0200] "GET /news.php?cs_go=archiv&cs_id=3421 HTTP/1.1" 200 11771 "-" "Mozilla/5.0 (compatible; Googlebot/2.1; +http://www.google.com/bot.html)"
66.249.76.49 - - [19/Apr/2013:10:16:33 +0200] "GET /news.php?cs_go=archiv&cs_id=3451 HTTP/1.1" 200 9850 "-" "Mozilla/5.0 (compatible; Googlebot/2.1; +http://www.google.com/bot.html)"
66.249.76.49 - - [19/Apr/2013:10:25:11 +0200] "GET /news.php?cs_go=archiv&cs_id=3537&cs_search= HTTP/1.1" 200 13371 "-" "Mozilla/5.0 (compatible; Googlebot/2.1; +http://www.google.com/bot.html)"
66.249.76.49 - - [19/Apr/2013:10:33:44 +0200] "GET /news.php?cs_go=archiv&cs_id=3603 HTTP/1.1" 200 13344 "-" "Mozilla/5.0 (compatible; Googlebot/2.1; +http://www.google.com/bot.html)"
93.220.35.220 - - [19/Apr/2013:10:40:32 +0200] "GET /style.css HTTP/1.1" 200 8418 "http://www.mink-gmbh.de/" "Mozilla/5.0 (Macintosh; Intel Mac OS X 10_7_5) AppleWebKit/536.28.10 (KHTML, like Gecko) Version/6.0.3 Safari/536.28.10"
93.220.35.220 - - [19/Apr/2013:10:40:32 +0200] "GET /modul.css HTTP/1.1" 200 35038 "http://www.mink-gmbh.de/" "Mozilla/5.0 (Macintosh; Intel Mac OS X 10_7_5) AppleWebKit/536.28.10 (KHTML, like Gecko) Version/6.0.3 Safari/536.28.10"
93.220.35.220 - - [19/Apr/2013:10:40:32 +0200] "GET /js_contentserver24_greybox/gb_styles.css HTTP/1.1" 200 2302 "http://www.mink-gmbh.de/" "Mozilla/5.0 (Macintosh; Intel Mac OS X 10_7_5) AppleWebKit/536.28.10 (KHTML, like Gecko) Version/6.0.3 Safari/536.28.10"
93.220.35.220 - - [19/Apr/2013:10:40:32 +0200] "GET /js_contentserver24_greybox/AJS_fx.js HTTP/1.1" 200 3192 "http://www.mink-gmbh.de/" "Mozilla/5.0 (Macintosh; Intel Mac OS X 10_7_5) AppleWebKit/536.28.10 (KHTML, like Gecko) Version/6.0.3 Safari/536.28.10"
93.220.35.220 - - [19/Apr/2013:10:40:32 +0200] "GET /js_contentserver24_greybox/AJS.js HTTP/1.1" 200 10396 "http://www.mink-gmbh.de/" "Mozilla/5.0 (Macintosh; Intel Mac OS X 10_7_5) AppleWebKit/536.28.10 (KHTML, like Gecko) Version/6.0.3 Safari/536.28.10"
93.220.35.220 - - [19/Apr/2013:10:40:32 +0200] "GET /js_contentserver24_greybox/gb_scripts.js HTTP/1.1" 200 11913 "http://www.mink-gmbh.de/" "Mozilla/5.0 (Macintosh; Intel Mac OS X 10_7_5) AppleWebKit/536.28.10 (KHTML, like Gecko) Version/6.0.3 Safari/536.28.10"
93.220.35.220 - - [19/Apr/2013:10:40:32 +0200] "GET / HTTP/1.1" 200 12120 "http://www.google.de/url?sa=t&rct=j&q=firma%20mink&source=web&cd=14&ved=0CHIQFjAN&url=http%3A%2F%2Fwww.mink-gmbh.de%2F&ei=yQJxUfbKCsmHtAa38IGwAw&usg=AFQjCNFHX4Iglls9oo-KYXTmDUV_5KOVIg&bvm=bv.45373924,d.Yms" "Mozilla/5.0 (Macintosh; Intel Mac OS X 10_7_5) AppleWebKit/536.28.10 (KHTML, like Gecko) Version/6.0.3 Safari/536.28.10"
93.220.35.220 - - [19/Apr/2013:10:40:33 +0200] "GET /images/bg.jpg HTTP/1.1" 200 345 "http://www.mink-gmbh.de/" "Mozilla/5.0 (Macintosh; Intel Mac OS X 10_7_5) AppleWebKit/536.28.10 (KHTML, like Gecko) Version/6.0.3 Safari/536.28.10"
93.220.35.220 - - [19/Apr/2013:10:40:33 +0200] "GET /js_contentserver24_greybox/w_close.gif HTTP/1.1" 200 74 "http://www.mink-gmbh.de/" "Mozilla/5.0 (Macintosh; Intel Mac OS X 10_7_5) AppleWebKit/536.28.10 (KHTML, like Gecko) Version/6.0.3 Safari/536.28.10"
93.220.35.220 - - [19/Apr/2013:10:40:33 +0200] "GET /images/close.png HTTP/1.1" 200 703 "http://www.mink-gmbh.de/" "Mozilla/5.0 (Macintosh; Intel Mac OS X 10_7_5) AppleWebKit/536.28.10 (KHTML, like Gecko) Version/6.0.3 Safari/536.28.10"
93.220.35.220 - - [19/Apr/2013:10:40:33 +0200] "GET /images/newsletter_bg.jpg HTTP/1.1" 200 33610 "http://www.mink-gmbh.de/" "Mozilla/5.0 (Macintosh; Intel Mac OS X 10_7_5) AppleWebKit/536.28.10 (KHTML, like Gecko) Version/6.0.3 Safari/536.28.10"
93.220.35.220 - - [19/Apr/2013:10:40:33 +0200] "GET /images/newsletter.png HTTP/1.1" 200 14619 "http://www.mink-gmbh.de/" "Mozilla/5.0 (Macintosh; Intel Mac OS X 10_7_5) AppleWebKit/536.28.10 (KHTML, like Gecko) Version/6.0.3 Safari/536.28.10"
93.220.35.220 - - [19/Apr/2013:10:40:33 +0200] "GET /images/wrapperbg.jpg HTTP/1.1" 200 27465 "http://www.mink-gmbh.de/" "Mozilla/5.0 (Macintosh; Intel Mac OS X 10_7_5) AppleWebKit/536.28.10 (KHTML, like Gecko) Version/6.0.3 Safari/536.28.10"
93.220.35.220 - - [19/Apr/2013:10:40:33 +0200] "GET /images/header.jpg HTTP/1.1" 200 24413 "http://www.mink-gmbh.de/" "Mozilla/5.0 (Macintosh; Intel Mac OS X 10_7_5) AppleWebKit/536.28.10 (KHTML, like Gecko) Version/6.0.3 Safari/536.28.10"
93.220.35.220 - - [19/Apr/2013:10:40:33 +0200] "GET /images/navibg.png HTTP/1.1" 200 2803 "http://www.mink-gmbh.de/" "Mozilla/5.0 (Macintosh; Intel Mac OS X 10_7_5) AppleWebKit/536.28.10 (KHTML, like Gecko) Version/6.0.3 Safari/536.28.10"
93.220.35.220 - - [19/Apr/2013:10:40:33 +0200] "GET /images/fallend.png HTTP/1.1" 200 713 "http://www.mink-gmbh.de/" "Mozilla/5.0 (Macintosh; Intel Mac OS X 10_7_5) AppleWebKit/536.28.10 (KHTML, like Gecko) Version/6.0.3 Safari/536.28.10"
93.220.35.220 - - [19/Apr/2013:10:40:33 +0200] "GET /images/steigend.png HTTP/1.1" 200 688 "http://www.mink-gmbh.de/" "Mozilla/5.0 (Macintosh; Intel Mac OS X 10_7_5) AppleWebKit/536.28.10 (KHTML, like Gecko) Version/6.0.3 Safari/536.28.10"
93.220.35.220 - - [19/Apr/2013:10:40:33 +0200] "GET /images/tkw.jpg HTTP/1.1" 200 64031 "http://www.mink-gmbh.de/" "Mozilla/5.0 (Macintosh; Intel Mac OS X 10_7_5) AppleWebKit/536.28.10 (KHTML, like Gecko) Version/6.0.3 Safari/536.28.10"
93.220.35.220 - - [19/Apr/2013:10:40:33 +0200] "GET /images/mobil.jpg HTTP/1.1" 200 25293 "http://www.mink-gmbh.de/" "Mozilla/5.0 (Macintosh; Intel Mac OS X 10_7_5) AppleWebKit/536.28.10 (KHTML, like Gecko) Version/6.0.3 Safari/536.28.10"
93.220.35.220 - - [19/Apr/2013:10:40:33 +0200] "GET /images/newsletter.jpg HTTP/1.1" 200 13130 "http://www.mink-gmbh.de/" "Mozilla/5.0 (Macintosh; Intel Mac OS X 10_7_5) AppleWebKit/536.28.10 (KHTML, like Gecko) Version/6.0.3 Safari/536.28.10"
93.220.35.220 - - [19/Apr/2013:10:40:33 +0200] "GET /images/freecall.jpg HTTP/1.1" 200 39195 "http://www.mink-gmbh.de/" "Mozilla/5.0 (Macintosh; Intel Mac OS X 10_7_5) AppleWebKit/536.28.10 (KHTML, like Gecko) Version/6.0.3 Safari/536.28.10"
93.220.35.220 - - [19/Apr/2013:10:40:33 +0200] "GET /images/mail.jpg HTTP/1.1" 200 11165 "http://www.mink-gmbh.de/" "Mozilla/5.0 (Macintosh; Intel Mac OS X 10_7_5) AppleWebKit/536.28.10 (KHTML, like Gecko) Version/6.0.3 Safari/536.28.10"
93.220.35.220 - - [19/Apr/2013:10:40:33 +0200] "GET /js_contentserver24_greybox/loader_frame.html?s=0 HTTP/1.1" 200 2084 "http://www.mink-gmbh.de/" "Mozilla/5.0 (Macintosh; Intel Mac OS X 10_7_5) AppleWebKit/536.28.10 (KHTML, like Gecko) Version/6.0.3 Safari/536.28.10"
93.220.35.220 - - [19/Apr/2013:10:40:33 +0200] "GET /images/kwk.gif HTTP/1.1" 200 6403 "http://www.mink-gmbh.de/" "Mozilla/5.0 (Macintosh; Intel Mac OS X 10_7_5) AppleWebKit/536.28.10 (KHTML, like Gecko) Version/6.0.3 Safari/536.28.10"
93.220.35.220 - - [19/Apr/2013:10:40:33 +0200] "GET /images/logos.jpg HTTP/1.1" 200 15002 "http://www.mink-gmbh.de/" "Mozilla/5.0 (Macintosh; Intel Mac OS X 10_7_5) AppleWebKit/536.28.10 (KHTML, like Gecko) Version/6.0.3 Safari/536.28.10"
93.220.35.220 - - [19/Apr/2013:10:40:33 +0200] "GET /images/wunschpreis.jpg HTTP/1.1" 200 16767 "http://www.mink-gmbh.de/" "Mozilla/5.0 (Macintosh; Intel Mac OS X 10_7_5) AppleWebKit/536.28.10 (KHTML, like Gecko) Version/6.0.3 Safari/536.28.10"
93.220.35.220 - - [19/Apr/2013:10:40:33 +0200] "GET /images/footerbg.jpg HTTP/1.1" 200 2184 "http://www.mink-gmbh.de/" "Mozilla/5.0 (Macintosh; Intel Mac OS X 10_7_5) AppleWebKit/536.28.10 (KHTML, like Gecko) Version/6.0.3 Safari/536.28.10"
93.220.35.220 - - [19/Apr/2013:10:40:33 +0200] "GET /js_contentserver24_greybox/header_bg.gif HTTP/1.1" 200 1188 "http://www.mink-gmbh.de/" "Mozilla/5.0 (Macintosh; Intel Mac OS X 10_7_5) AppleWebKit/536.28.10 (KHTML, like Gecko) Version/6.0.3 Safari/536.28.10"
93.220.35.220 - - [19/Apr/2013:10:40:33 +0200] "GET /js_contentserver24_greybox/indicator.gif HTTP/1.1" 200 8238 "http://www.mink-gmbh.de/js_contentserver24_greybox/loader_frame.html?s=0" "Mozilla/5.0 (Macintosh; Intel Mac OS X 10_7_5) AppleWebKit/536.28.10 (KHTML, like Gecko) Version/6.0.3 Safari/536.28.10"
93.220.35.220 - - [19/Apr/2013:10:40:34 +0200] "GET /js_contentserver24_greybox/g_close.gif HTTP/1.1" 200 541 "http://www.mink-gmbh.de/" "Mozilla/5.0 (Macintosh; Intel Mac OS X 10_7_5) AppleWebKit/536.28.10 (KHTML, like Gecko) Version/6.0.3 Safari/536.28.10"
93.220.35.220 - - [19/Apr/2013:10:40:34 +0200] "GET /favicon.ico HTTP/1.1" 200 3638 "http://www.mink-gmbh.de/" "Mozilla/5.0 (Macintosh; Intel Mac OS X 10_7_5) AppleWebKit/536.28.10 (KHTML, like Gecko) Version/6.0.3 Safari/536.28.10"
93.220.35.220 - - [19/Apr/2013:10:41:00 +0200] "GET /rueckrufservice.php HTTP/1.1" 200 10683 "http://www.mink-gmbh.de/" "Mozilla/5.0 (Macintosh; Intel Mac OS X 10_7_5) AppleWebKit/536.28.10 (KHTML, like Gecko) Version/6.0.3 Safari/536.28.10"
141.8.147.12 - - [19/Apr/2013:10:41:06 +0200] "GET /news.php?cs_go=archiv&cs_id=3697&cs_search= HTTP/1.1" 200 11633 "-" "Mozilla/5.0 (compatible; YandexBot/3.0; +http://yandex.com/bots)"
93.220.35.220 - - [19/Apr/2013:10:41:58 +0200] "GET /kontakt.php HTTP/1.1" 200 9111 "http://www.mink-gmbh.de/rueckrufservice.php" "Mozilla/5.0 (Macintosh; Intel Mac OS X 10_7_5) AppleWebKit/536.28.10 (KHTML, like Gecko) Version/6.0.3 Safari/536.28.10"
66.249.76.49 - - [19/Apr/2013:10:42:16 +0200] "GET /news.php?cs_go=archiv&cs_id=3534 HTTP/1.1" 200 12306 "-" "Mozilla/5.0 (compatible; Googlebot/2.1; +http://www.google.com/bot.html)"
66.249.76.49 - - [19/Apr/2013:10:50:48 +0200] "GET /news.php?cs_go=archiv&cs_id=3096&cs_search= HTTP/1.1" 200 12652 "-" "Mozilla/5.0 (compatible; Googlebot/2.1; +http://www.google.com/bot.html)"
66.249.76.49 - - [19/Apr/2013:11:08:00 +0200] "GET /news.php?cs_go=archiv&cs_id=3649 HTTP/1.1" 200 10037 "-" "Mozilla/5.0 (compatible; Googlebot/2.1; +http://www.google.com/bot.html)"
66.249.76.49 - - [19/Apr/2013:11:11:44 +0200] "GET /news.php HTTP/1.1" 200 21970 "-" "Mozilla/5.0 (iPhone; U; CPU iPhone OS 4_1 like Mac OS X; en-us) AppleWebKit/532.9 (KHTML, like Gecko) Version/4.0.5 Mobile/8B117 Safari/6531.22.7 (compatible; Googlebot-Mobile/2.1; +http://www.google.com/bot.html)"
66.249.76.49 - - [19/Apr/2013:11:16:32 +0200] "GET /news.php?cs_go=archiv&cs_id=3651 HTTP/1.1" 200 10049 "-" "Mozilla/5.0 (compatible; Googlebot/2.1; +http://www.google.com/bot.html)"
65.36.241.79 - - [19/Apr/2013:11:20:47 +0200] "HEAD / HTTP/1.1" 200 - "-" "InternetSeer.com"
66.249.76.49 - - [19/Apr/2013:11:25:09 +0200] "GET /news.php?cs_go=archiv&cs_id=3961&cs_search= HTTP/1.1" 200 10076 "-" "Mozilla/5.0 (compatible; Googlebot/2.1; +http://www.google.com/bot.html)"
66.249.76.49 - - [19/Apr/2013:11:33:43 +0200] "GET /news.php?cs_go=archiv&cs_id=3160&cs_search= HTTP/1.1" 200 14729 "-" "Mozilla/5.0 (compatible; Googlebot/2.1; +http://www.google.com/bot.html)"
141.8.147.12 - - [19/Apr/2013:11:39:58 +0200] "GET /news.php?cs_go=archiv&cs_id=4074 HTTP/1.1" 200 13449 "-" "Mozilla/5.0 (compatible; YandexBot/3.0; +http://yandex.com/bots)"
208.115.111.75 - - [19/Apr/2013:11:50:28 +0200] "GET /robots.txt HTTP/1.1" 200 177 "-" "Mozilla/5.0 (compatible; Ezooms/1.0; ezooms.bot@gmail.com)"
66.249.76.49 - - [19/Apr/2013:11:51:03 +0200] "GET /news.php?cs_go=archiv&cs_id=3561 HTTP/1.1" 200 9991 "-" "Mozilla/5.0 (compatible; Googlebot/2.1; +http://www.google.com/bot.html)"
66.249.76.49 - - [19/Apr/2013:12:00:15 +0200] "GET /news.php?cs_go=archiv&cs_id=3390&cs_search= HTTP/1.1" 200 9876 "-" "Mozilla/5.0 (compatible; Googlebot/2.1; +http://www.google.com/bot.html)"
208.115.111.75 - - [19/Apr/2013:12:05:16 +0200] "GET / HTTP/1.1" 200 12120 "-" "Mozilla/5.0 (compatible; Ezooms/1.0; ezooms.bot@gmail.com)"
80.86.176.180 - - [19/Apr/2013:12:18:33 +0200] "GET / HTTP/1.1" 200 12120 "http://adresse.gelbeseiten.de/1056511363/mink/berlin/mariendorf" "Mozilla/4.0 (compatible; MSIE 8.0; Windows NT 5.1; Trident/4.0; .NET CLR 2.0.50727; .NET CLR 3.0.4506.2152; .NET CLR 3.5.30729; InfoPath.1; OfficeLiveConnector.1.4; OfficeLivePatch.1.3)"
80.86.176.180 - - [19/Apr/2013:12:18:34 +0200] "GET /modul.css HTTP/1.1" 200 35038 "http://www.mink-gmbh.de/" "Mozilla/4.0 (compatible; MSIE 8.0; Windows NT 5.1; Trident/4.0; .NET CLR 2.0.50727; .NET CLR 3.0.4506.2152; .NET CLR 3.5.30729; InfoPath.1; OfficeLiveConnector.1.4; OfficeLivePatch.1.3)"
80.86.176.180 - - [19/Apr/2013:12:18:34 +0200] "GET /js_contentserver24_greybox/gb_styles.css HTTP/1.1" 200 2302 "http://www.mink-gmbh.de/" "Mozilla/4.0 (compatible; MSIE 8.0; Windows NT 5.1; Trident/4.0; .NET CLR 2.0.50727; .NET CLR 3.0.4506.2152; .NET CLR 3.5.30729; InfoPath.1; OfficeLiveConnector.1.4; OfficeLivePatch.1.3)"
80.86.176.180 - - [19/Apr/2013:12:18:34 +0200] "GET /style.css HTTP/1.1" 200 8418 "http://www.mink-gmbh.de/" "Mozilla/4.0 (compatible; MSIE 8.0; Windows NT 5.1; Trident/4.0; .NET CLR 2.0.50727; .NET CLR 3.0.4506.2152; .NET CLR 3.5.30729; InfoPath.1; OfficeLiveConnector.1.4; OfficeLivePatch.1.3)"
80.86.176.180 - - [19/Apr/2013:12:18:34 +0200] "GET /js_contentserver24_greybox/AJS_fx.js HTTP/1.1" 200 3192 "http://www.mink-gmbh.de/" "Mozilla/4.0 (compatible; MSIE 8.0; Windows NT 5.1; Trident/4.0; .NET CLR 2.0.50727; .NET CLR 3.0.4506.2152; .NET CLR 3.5.30729; InfoPath.1; OfficeLiveConnector.1.4; OfficeLivePatch.1.3)"
80.86.176.180 - - [19/Apr/2013:12:18:34 +0200] "GET /js_contentserver24_greybox/AJS.js HTTP/1.1" 200 10396 "http://www.mink-gmbh.de/" "Mozilla/4.0 (compatible; MSIE 8.0; Windows NT 5.1; Trident/4.0; .NET CLR 2.0.50727; .NET CLR 3.0.4506.2152; .NET CLR 3.5.30729; InfoPath.1; OfficeLiveConnector.1.4; OfficeLivePatch.1.3)"
80.86.176.180 - - [19/Apr/2013:12:18:34 +0200] "GET /js_contentserver24_greybox/gb_scripts.js HTTP/1.1" 200 11913 "http://www.mink-gmbh.de/" "Mozilla/4.0 (compatible; MSIE 8.0; Windows NT 5.1; Trident/4.0; .NET CLR 2.0.50727; .NET CLR 3.0.4506.2152; .NET CLR 3.5.30729; InfoPath.1; OfficeLiveConnector.1.4; OfficeLivePatch.1.3)"
80.86.176.180 - - [19/Apr/2013:12:18:34 +0200] "GET /images/bg.jpg HTTP/1.1" 200 345 "http://www.mink-gmbh.de/" "Mozilla/4.0 (compatible; MSIE 8.0; Windows NT 5.1; Trident/4.0; .NET CLR 2.0.50727; .NET CLR 3.0.4506.2152; .NET CLR 3.5.30729; InfoPath.1; OfficeLiveConnector.1.4; OfficeLivePatch.1.3)"
80.86.176.180 - - [19/Apr/2013:12:18:34 +0200] "GET /js_contentserver24_greybox/w_close.gif HTTP/1.1" 200 74 "http://www.mink-gmbh.de/" "Mozilla/4.0 (compatible; MSIE 8.0; Windows NT 5.1; Trident/4.0; .NET CLR 2.0.50727; .NET CLR 3.0.4506.2152; .NET CLR 3.5.30729; InfoPath.1; OfficeLiveConnector.1.4; OfficeLivePatch.1.3)"
80.86.176.180 - - [19/Apr/2013:12:18:35 +0200] "GET /images/freecall.jpg HTTP/1.1" 200 39195 "http://www.mink-gmbh.de/" "Mozilla/4.0 (compatible; MSIE 8.0; Windows NT 5.1; Trident/4.0; .NET CLR 2.0.50727; .NET CLR 3.0.4506.2152; .NET CLR 3.5.30729; InfoPath.1; OfficeLiveConnector.1.4; OfficeLivePatch.1.3)"
80.86.176.180 - - [19/Apr/2013:12:18:35 +0200] "GET /images/newsletter_bg.jpg HTTP/1.1" 200 33610 "http://www.mink-gmbh.de/" "Mozilla/4.0 (compatible; MSIE 8.0; Windows NT 5.1; Trident/4.0; .NET CLR 2.0.50727; .NET CLR 3.0.4506.2152; .NET CLR 3.5.30729; InfoPath.1; OfficeLiveConnector.1.4; OfficeLivePatch.1.3)"
