82.94.179.38 - - [05/Apr/2013:11:05:27 +0200] "GET /news.php?cs_go=archiv&cs_id=3888 HTTP/1.1" 200 13349 "http://www.mink-gmbh.de/news.php?cs_go=archiv&cs_startpos=70" "Mozilla/4.0 (compatible; Vagabondo/4.0/EU; http://www.wise-guys.nl/)"
82.94.179.38 - - [05/Apr/2013:11:05:30 +0200] "GET /news.php?cs_go=archiv&cs_id=3921 HTTP/1.1" 200 10242 "http://www.mink-gmbh.de/news.php?cs_go=archiv&cs_startpos=40" "Mozilla/4.0 (compatible; Vagabondo/4.0/EU; http://www.wise-guys.nl/)"
83.143.142.107 - - [05/Apr/2013:11:32:58 +0200] "GET / HTTP/1.1" 200 12164 "-" "Mozilla/5.0 (Windows NT 6.1; WOW64; rv:7.0.1) Gecko/20100101 Firefox/7.0.1"
66.249.76.49 - - [05/Apr/2013:11:56:34 +0200] "GET /news.php HTTP/1.1" 200 22108 "-" "DoCoMo/2.0 N905i(c100;TB;W24H16) (compatible; Googlebot-Mobile/2.1; +http://www.google.com/bot.html)"
66.249.76.49 - - [05/Apr/2013:12:43:51 +0200] "GET /kwk.php HTTP/1.1" 200 10884 "-" "Mozilla/5.0 (compatible; Googlebot/2.1; +http://www.google.com/bot.html)"
66.249.76.49 - - [05/Apr/2013:12:50:18 +0200] "GET /news.php?cs_go=archiv&cs_id=4023 HTTP/1.1" 200 13304 "-" "Mozilla/5.0 (iPhone; U; CPU iPhone OS 4_1 like Mac OS X; en-us) AppleWebKit/532.9 (KHTML, like Gecko) Version/4.0.5 Mobile/8B117 Safari/6531.22.7 (compatible; Googlebot-Mobile/2.1; +http://www.google.com/bot.html)"
65.36.241.79 - - [05/Apr/2013:13:20:03 +0200] "HEAD / HTTP/1.1" 200 - "-" "InternetSeer.com"
130.83.167.153 - - [05/Apr/2013:13:30:41 +0200] "GET /newsletter.php HTTP/1.1" 200 6868 "-" "findlinks/2.6 (+http://wortschatz.uni-leipzig.de/findlinks/)"
130.83.167.153 - - [05/Apr/2013:13:30:42 +0200] "GET /newsletter.php HTTP/1.1" 200 8841 "-" "findlinks/2.6 (+http://wortschatz.uni-leipzig.de/findlinks/)"
66.249.78.46 - - [05/Apr/2013:14:10:53 +0200] "GET /jobs.php HTTP/1.1" 200 7200 "-" "Mozilla/5.0 (compatible; Googlebot/2.1; +http://www.google.com/bot.html)"
66.249.78.46 - - [05/Apr/2013:14:13:37 +0200] "GET /news.php?cs_go=archiv&cs_id=3979 HTTP/1.1" 200 13500 "-" "SAMSUNG-SGH-E250/1.0 Profile/MIDP-2.0 Configuration/CLDC-1.1 UP.Browser/6.2.3.3.c.1.101 (GUI) MMP/2.0 (compatible; Googlebot-Mobile/2.1; +http://www.google.com/bot.html)"
67.221.59.115 - - [05/Apr/2013:14:23:24 +0200] "GET /robots.txt HTTP/1.0" 200 177 "-" "spyder/Nutch-2.1 (just another internet crawler; http://www.paloaltonetworks.com/products/features/url-filtering.html; ghalevy@paloaltonetworks.com)"
67.221.59.115 - - [05/Apr/2013:14:23:24 +0200] "GET / HTTP/1.0" 200 12185 "-" "spyder/Nutch-2.1 (just another internet crawler; http://www.paloaltonetworks.com/products/features/url-filtering.html; ghalevy@paloaltonetworks.com)"
66.249.78.46 - - [05/Apr/2013:14:41:13 +0200] "GET /news.php?cs_go=archiv&cs_id=3619 HTTP/1.1" 200 10783 "-" "Mozilla/5.0 (compatible; Googlebot/2.1; +http://www.google.com/bot.html)"
78.42.201.44 - - [05/Apr/2013:15:27:49 +0200] "GET /style.css HTTP/1.1" 200 8418 "http://www.mink-gmbh.de/" "Mozilla/5.0 (Windows NT 6.1; rv:20.0) Gecko/20100101 Firefox/20.0"
78.42.201.44 - - [05/Apr/2013:15:27:49 +0200] "GET /favicon.ico HTTP/1.1" 200 3638 "-" "Mozilla/5.0 (Windows NT 6.1; rv:20.0) Gecko/20100101 Firefox/20.0"
78.42.201.44 - - [05/Apr/2013:15:27:49 +0200] "GET /modul.css HTTP/1.1" 200 35038 "http://www.mink-gmbh.de/" "Mozilla/5.0 (Windows NT 6.1; rv:20.0) Gecko/20100101 Firefox/20.0"
78.42.201.44 - - [05/Apr/2013:15:27:49 +0200] "GET /js_contentserver24_greybox/gb_styles.css HTTP/1.1" 200 2302 "http://www.mink-gmbh.de/" "Mozilla/5.0 (Windows NT 6.1; rv:20.0) Gecko/20100101 Firefox/20.0"
78.42.201.44 - - [05/Apr/2013:15:27:49 +0200] "GET /js_contentserver24_greybox/gb_scripts.js HTTP/1.1" 200 11913 "http://www.mink-gmbh.de/" "Mozilla/5.0 (Windows NT 6.1; rv:20.0) Gecko/20100101 Firefox/20.0"
78.42.201.44 - - [05/Apr/2013:15:27:49 +0200] "GET /js_contentserver24_greybox/AJS_fx.js HTTP/1.1" 200 3192 "http://www.mink-gmbh.de/" "Mozilla/5.0 (Windows NT 6.1; rv:20.0) Gecko/20100101 Firefox/20.0"
78.42.201.44 - - [05/Apr/2013:15:27:49 +0200] "GET /js_contentserver24_greybox/AJS.js HTTP/1.1" 200 10396 "http://www.mink-gmbh.de/" "Mozilla/5.0 (Windows NT 6.1; rv:20.0) Gecko/20100101 Firefox/20.0"
78.42.201.44 - - [05/Apr/2013:15:27:49 +0200] "GET /images/bg.jpg HTTP/1.1" 200 345 "http://www.mink-gmbh.de/style.css" "Mozilla/5.0 (Windows NT 6.1; rv:20.0) Gecko/20100101 Firefox/20.0"
78.42.201.44 - - [05/Apr/2013:15:27:49 +0200] "GET /js_contentserver24_greybox/w_close.gif HTTP/1.1" 200 74 "http://www.mink-gmbh.de/" "Mozilla/5.0 (Windows NT 6.1; rv:20.0) Gecko/20100101 Firefox/20.0"
78.42.201.44 - - [05/Apr/2013:15:27:49 +0200] "GET /images/close.png HTTP/1.1" 200 703 "http://www.mink-gmbh.de/" "Mozilla/5.0 (Windows NT 6.1; rv:20.0) Gecko/20100101 Firefox/20.0"
78.42.201.44 - - [05/Apr/2013:15:27:49 +0200] "GET /images/newsletter_bg.jpg HTTP/1.1" 200 33610 "http://www.mink-gmbh.de/" "Mozilla/5.0 (Windows NT 6.1; rv:20.0) Gecko/20100101 Firefox/20.0"
78.42.201.44 - - [05/Apr/2013:15:27:48 +0200] "GET / HTTP/1.1" 200 12185 "-" "Mozilla/5.0 (Windows NT 6.1; rv:20.0) Gecko/20100101 Firefox/20.0"
78.42.201.44 - - [05/Apr/2013:15:27:49 +0200] "GET /images/newsletter.png HTTP/1.1" 200 14619 "http://www.mink-gmbh.de/style.css" "Mozilla/5.0 (Windows NT 6.1; rv:20.0) Gecko/20100101 Firefox/20.0"
78.42.201.44 - - [05/Apr/2013:15:27:49 +0200] "GET /images/wrapperbg.jpg HTTP/1.1" 200 27465 "http://www.mink-gmbh.de/style.css" "Mozilla/5.0 (Windows NT 6.1; rv:20.0) Gecko/20100101 Firefox/20.0"
78.42.201.44 - - [05/Apr/2013:15:27:49 +0200] "GET /images/header.jpg HTTP/1.1" 200 24413 "http://www.mink-gmbh.de/style.css" "Mozilla/5.0 (Windows NT 6.1; rv:20.0) Gecko/20100101 Firefox/20.0"
78.42.201.44 - - [05/Apr/2013:15:27:49 +0200] "GET /images/navibg.png HTTP/1.1" 200 2803 "http://www.mink-gmbh.de/style.css" "Mozilla/5.0 (Windows NT 6.1; rv:20.0) Gecko/20100101 Firefox/20.0"
78.42.201.44 - - [05/Apr/2013:15:27:49 +0200] "GET /images/fallend.png HTTP/1.1" 200 713 "http://www.mink-gmbh.de/modul.css" "Mozilla/5.0 (Windows NT 6.1; rv:20.0) Gecko/20100101 Firefox/20.0"
78.42.201.44 - - [05/Apr/2013:15:27:49 +0200] "GET /images/steigend.png HTTP/1.1" 200 688 "http://www.mink-gmbh.de/modul.css" "Mozilla/5.0 (Windows NT 6.1; rv:20.0) Gecko/20100101 Firefox/20.0"
78.42.201.44 - - [05/Apr/2013:15:27:49 +0200] "GET /images/mail.jpg HTTP/1.1" 200 11165 "http://www.mink-gmbh.de/" "Mozilla/5.0 (Windows NT 6.1; rv:20.0) Gecko/20100101 Firefox/20.0"
78.42.201.44 - - [05/Apr/2013:15:27:49 +0200] "GET /images/freecall.jpg HTTP/1.1" 200 39195 "http://www.mink-gmbh.de/" "Mozilla/5.0 (Windows NT 6.1; rv:20.0) Gecko/20100101 Firefox/20.0"
78.42.201.44 - - [05/Apr/2013:15:27:49 +0200] "GET /images/kwk.gif HTTP/1.1" 200 6403 "http://www.mink-gmbh.de/" "Mozilla/5.0 (Windows NT 6.1; rv:20.0) Gecko/20100101 Firefox/20.0"
78.42.201.44 - - [05/Apr/2013:15:27:49 +0200] "GET /images/wunschpreis.jpg HTTP/1.1" 200 16767 "http://www.mink-gmbh.de/" "Mozilla/5.0 (Windows NT 6.1; rv:20.0) Gecko/20100101 Firefox/20.0"
78.42.201.44 - - [05/Apr/2013:15:27:49 +0200] "GET /images/tkw.jpg HTTP/1.1" 200 64031 "http://www.mink-gmbh.de/" "Mozilla/5.0 (Windows NT 6.1; rv:20.0) Gecko/20100101 Firefox/20.0"
78.42.201.44 - - [05/Apr/2013:15:27:49 +0200] "GET /images/newsletter.jpg HTTP/1.1" 200 13130 "http://www.mink-gmbh.de/style.css" "Mozilla/5.0 (Windows NT 6.1; rv:20.0) Gecko/20100101 Firefox/20.0"
78.42.201.44 - - [05/Apr/2013:15:27:49 +0200] "GET /images/logos.jpg HTTP/1.1" 200 15002 "http://www.mink-gmbh.de/" "Mozilla/5.0 (Windows NT 6.1; rv:20.0) Gecko/20100101 Firefox/20.0"
78.42.201.44 - - [05/Apr/2013:15:27:49 +0200] "GET /images/mobil.jpg HTTP/1.1" 200 25293 "http://www.mink-gmbh.de/style.css" "Mozilla/5.0 (Windows NT 6.1; rv:20.0) Gecko/20100101 Firefox/20.0"
78.42.201.44 - - [05/Apr/2013:15:27:49 +0200] "GET /images/footerbg.jpg HTTP/1.1" 200 2184 "http://www.mink-gmbh.de/style.css" "Mozilla/5.0 (Windows NT 6.1; rv:20.0) Gecko/20100101 Firefox/20.0"
78.42.201.44 - - [05/Apr/2013:15:27:49 +0200] "GET /js_contentserver24_greybox/header_bg.gif HTTP/1.1" 200 1188 "http://www.mink-gmbh.de/" "Mozilla/5.0 (Windows NT 6.1; rv:20.0) Gecko/20100101 Firefox/20.0"
78.42.201.44 - - [05/Apr/2013:15:27:49 +0200] "GET /js_contentserver24_greybox/g_close.gif HTTP/1.1" 200 541 "http://www.mink-gmbh.de/" "Mozilla/5.0 (Windows NT 6.1; rv:20.0) Gecko/20100101 Firefox/20.0"
78.42.201.44 - - [05/Apr/2013:15:27:49 +0200] "GET /js_contentserver24_greybox/indicator.gif HTTP/1.1" 200 8238 "http://www.mink-gmbh.de/" "Mozilla/5.0 (Windows NT 6.1; rv:20.0) Gecko/20100101 Firefox/20.0"
78.42.201.44 - - [05/Apr/2013:15:27:49 +0200] "GET /js_contentserver24_greybox/loader_frame.html?s=0 HTTP/1.1" 200 2084 "http://www.mink-gmbh.de/" "Mozilla/5.0 (Windows NT 6.1; rv:20.0) Gecko/20100101 Firefox/20.0"
78.42.201.44 - - [05/Apr/2013:15:28:07 +0200] "GET /standard.php HTTP/1.1" 200 9131 "http://www.mink-gmbh.de/" "Mozilla/5.0 (Windows NT 6.1; rv:20.0) Gecko/20100101 Firefox/20.0"
78.42.201.44 - - [05/Apr/2013:15:28:17 +0200] "GET /news.php HTTP/1.1" 200 22077 "http://www.mink-gmbh.de/standard.php" "Mozilla/5.0 (Windows NT 6.1; rv:20.0) Gecko/20100101 Firefox/20.0"
78.42.201.44 - - [05/Apr/2013:15:28:20 +0200] "GET /preisanfrage.php HTTP/1.1" 200 10648 "http://www.mink-gmbh.de/news.php" "Mozilla/5.0 (Windows NT 6.1; rv:20.0) Gecko/20100101 Firefox/20.0"
157.55.32.58 - - [05/Apr/2013:15:36:05 +0200] "GET /robots.txt HTTP/1.1" 200 177 "-" "Mozilla/5.0 (compatible; bingbot/2.0; +http://www.bing.com/bingbot.htm)"
157.55.32.58 - - [05/Apr/2013:15:38:14 +0200] "GET / HTTP/1.1" 200 12185 "-" "Mozilla/5.0 (compatible; bingbot/2.0; +http://www.bing.com/bingbot.htm)"
157.55.32.58 - - [05/Apr/2013:15:38:14 +0200] "GET / HTTP/1.1" 200 12185 "-" "Mozilla/5.0 (compatible; bingbot/2.0; +http://www.bing.com/bingbot.htm)"
66.249.76.49 - - [05/Apr/2013:16:30:29 +0200] "GET /news.php?cs_go=archiv&cs_id=3965&cs_search= HTTP/1.1" 200 13089 "-" "DoCoMo/2.0 N905i(c100;TB;W24H16) (compatible; Googlebot-Mobile/2.1; +http://www.google.com/bot.html)"
93.204.26.111 - - [05/Apr/2013:17:14:38 +0200] "GET /lexikon.php?cs_go=3&cs_id=104 HTTP/1.1" 200 8474 "http://www.google.de/url?sa=t&rct=j&q=mink%20vergaser&source=web&cd=3&sqi=2&ved=0CEoQFjAC&url=http%3A%2F%2Fwww.mink-gmbh.de%2Flexikon.php%3Fcs_go%3D3%26cs_id%3D104&ei=EOpeUe73I5HBtAbA6oD4Ag&usg=AFQjCNFaAyz1lEPuuKROkdhYMeDzT71gZg&bvm=bv.44770516,d.Yms" "Mozilla/5.0 (Windows NT 6.1) AppleWebKit/537.31 (KHTML, like Gecko) Chrome/26.0.1410.43 Safari/537.31"
93.204.26.111 - - [05/Apr/2013:17:14:38 +0200] "GET /style.css HTTP/1.1" 200 8418 "http://www.mink-gmbh.de/lexikon.php?cs_go=3&cs_id=104" "Mozilla/5.0 (Windows NT 6.1) AppleWebKit/537.31 (KHTML, like Gecko) Chrome/26.0.1410.43 Safari/537.31"
93.204.26.111 - - [05/Apr/2013:17:14:38 +0200] "GET /modul.css HTTP/1.1" 200 35038 "http://www.mink-gmbh.de/lexikon.php?cs_go=3&cs_id=104" "Mozilla/5.0 (Windows NT 6.1) AppleWebKit/537.31 (KHTML, like Gecko) Chrome/26.0.1410.43 Safari/537.31"
93.204.26.111 - - [05/Apr/2013:17:14:39 +0200] "GET /images/bg.jpg HTTP/1.1" 200 345 "http://www.mink-gmbh.de/lexikon.php?cs_go=3&cs_id=104" "Mozilla/5.0 (Windows NT 6.1) AppleWebKit/537.31 (KHTML, like Gecko) Chrome/26.0.1410.43 Safari/537.31"
93.204.26.111 - - [05/Apr/2013:17:14:39 +0200] "GET /images/close.png HTTP/1.1" 200 703 "http://www.mink-gmbh.de/lexikon.php?cs_go=3&cs_id=104" "Mozilla/5.0 (Windows NT 6.1) AppleWebKit/537.31 (KHTML, like Gecko) Chrome/26.0.1410.43 Safari/537.31"
93.204.26.111 - - [05/Apr/2013:17:14:39 +0200] "GET /images/navibg.png HTTP/1.1" 200 2803 "http://www.mink-gmbh.de/lexikon.php?cs_go=3&cs_id=104" "Mozilla/5.0 (Windows NT 6.1) AppleWebKit/537.31 (KHTML, like Gecko) Chrome/26.0.1410.43 Safari/537.31"
93.204.26.111 - - [05/Apr/2013:17:14:39 +0200] "GET /images/newsletter_bg.jpg HTTP/1.1" 200 33610 "http://www.mink-gmbh.de/lexikon.php?cs_go=3&cs_id=104" "Mozilla/5.0 (Windows NT 6.1) AppleWebKit/537.31 (KHTML, like Gecko) Chrome/26.0.1410.43 Safari/537.31"
93.204.26.111 - - [05/Apr/2013:17:14:39 +0200] "GET /images/freecall.jpg HTTP/1.1" 200 39195 "http://www.mink-gmbh.de/lexikon.php?cs_go=3&cs_id=104" "Mozilla/5.0 (Windows NT 6.1) AppleWebKit/537.31 (KHTML, like Gecko) Chrome/26.0.1410.43 Safari/537.31"
93.204.26.111 - - [05/Apr/2013:17:14:39 +0200] "GET /images/wrapperbg.jpg HTTP/1.1" 200 27465 "http://www.mink-gmbh.de/lexikon.php?cs_go=3&cs_id=104" "Mozilla/5.0 (Windows NT 6.1) AppleWebKit/537.31 (KHTML, like Gecko) Chrome/26.0.1410.43 Safari/537.31"
93.204.26.111 - - [05/Apr/2013:17:14:39 +0200] "GET /images/newsletter.png HTTP/1.1" 200 14619 "http://www.mink-gmbh.de/lexikon.php?cs_go=3&cs_id=104" "Mozilla/5.0 (Windows NT 6.1) AppleWebKit/537.31 (KHTML, like Gecko) Chrome/26.0.1410.43 Safari/537.31"
93.204.26.111 - - [05/Apr/2013:17:14:39 +0200] "GET /images/header.jpg HTTP/1.1" 200 24413 "http://www.mink-gmbh.de/lexikon.php?cs_go=3&cs_id=104" "Mozilla/5.0 (Windows NT 6.1) AppleWebKit/537.31 (KHTML, like Gecko) Chrome/26.0.1410.43 Safari/537.31"
93.204.26.111 - - [05/Apr/2013:17:14:39 +0200] "GET /images/mail.jpg HTTP/1.1" 200 11165 "http://www.mink-gmbh.de/lexikon.php?cs_go=3&cs_id=104" "Mozilla/5.0 (Windows NT 6.1) AppleWebKit/537.31 (KHTML, like Gecko) Chrome/26.0.1410.43 Safari/537.31"
93.204.26.111 - - [05/Apr/2013:17:14:39 +0200] "GET /images/kwk.gif HTTP/1.1" 200 6403 "http://www.mink-gmbh.de/lexikon.php?cs_go=3&cs_id=104" "Mozilla/5.0 (Windows NT 6.1) AppleWebKit/537.31 (KHTML, like Gecko) Chrome/26.0.1410.43 Safari/537.31"
93.204.26.111 - - [05/Apr/2013:17:14:39 +0200] "GET /images/wunschpreis.jpg HTTP/1.1" 200 16767 "http://www.mink-gmbh.de/lexikon.php?cs_go=3&cs_id=104" "Mozilla/5.0 (Windows NT 6.1) AppleWebKit/537.31 (KHTML, like Gecko) Chrome/26.0.1410.43 Safari/537.31"
93.204.26.111 - - [05/Apr/2013:17:14:40 +0200] "GET /images/logos.jpg HTTP/1.1" 200 15002 "http://www.mink-gmbh.de/lexikon.php?cs_go=3&cs_id=104" "Mozilla/5.0 (Windows NT 6.1) AppleWebKit/537.31 (KHTML, like Gecko) Chrome/26.0.1410.43 Safari/537.31"
93.204.26.111 - - [05/Apr/2013:17:14:40 +0200] "GET /images/footerbg.jpg HTTP/1.1" 200 2184 "http://www.mink-gmbh.de/lexikon.php?cs_go=3&cs_id=104" "Mozilla/5.0 (Windows NT 6.1) AppleWebKit/537.31 (KHTML, like Gecko) Chrome/26.0.1410.43 Safari/537.31"
93.204.26.111 - - [05/Apr/2013:17:14:40 +0200] "GET /favicon.ico HTTP/1.1" 200 3638 "-" "Mozilla/5.0 (Windows NT 6.1) AppleWebKit/537.31 (KHTML, like Gecko) Chrome/26.0.1410.43 Safari/537.31"
65.36.241.79 - - [05/Apr/2013:17:28:03 +0200] "HEAD / HTTP/1.1" 200 - "-" "InternetSeer.com"
91.61.86.158 - - [05/Apr/2013:18:13:17 +0200] "GET /jobs.php HTTP/1.1" 200 7200 "-" "Mozilla/5.0 /Windows; U; Windows NT 6.1; de; rv:1.9.1.5) Gecko/20091102 Firefox/3.5.5"
66.249.78.46 - - [05/Apr/2013:18:14:37 +0200] "GET /kwk.php?cs_go=4 HTTP/1.1" 200 10255 "-" "Mozilla/5.0 (iPhone; U; CPU iPhone OS 4_1 like Mac OS X; en-us) AppleWebKit/532.9 (KHTML, like Gecko) Version/4.0.5 Mobile/8B117 Safari/6531.22.7 (compatible; Googlebot-Mobile/2.1; +http://www.google.com/bot.html)"
66.249.78.46 - - [05/Apr/2013:18:25:20 +0200] "GET / HTTP/1.1" 200 12185 "-" "Mozilla/5.0 (compatible; Googlebot/2.1; +http://www.google.com/bot.html)"
67.221.59.125 - - [05/Apr/2013:18:28:45 +0200] "GET /robots.txt HTTP/1.0" 200 177 "-" "spyder/Nutch-2.1 (just another internet crawler; http://www.paloaltonetworks.com/products/features/url-filtering.html; ghalevy@paloaltonetworks.com)"
67.221.59.125 - - [05/Apr/2013:18:28:45 +0200] "GET / HTTP/1.0" 200 12185 "-" "spyder/Nutch-2.1 (just another internet crawler; http://www.paloaltonetworks.com/products/features/url-filtering.html; ghalevy@paloaltonetworks.com)"
91.61.86.158 - - [05/Apr/2013:18:32:56 +0200] "GET /jobs.php HTTP/1.1" 200 7200 "-" "Mozilla/5.0 /Windows; U; Windows NT 6.1; de; rv:1.9.1.5) Gecko/20091102 Firefox/3.5.5"
123.125.71.18 - - [05/Apr/2013:18:40:37 +0200] "GET / HTTP/1.1" 200 7822 "-" "Mozilla/5.0 (compatible; Baiduspider/2.0; +http://www.baidu.com/search/spider.html)"
220.181.108.114 - - [05/Apr/2013:18:41:14 +0200] "GET / HTTP/1.1" 200 6563 "-" "Mozilla/5.0 (compatible; Baiduspider/2.0; +http://www.baidu.com/search/spider.html)"
123.125.71.17 - - [05/Apr/2013:19:19:09 +0200] "GET / HTTP/1.1" 200 12185 "-" "Mozilla/5.0 (compatible; Baiduspider/2.0; +http://www.baidu.com/search/spider.html)"
66.249.78.46 - - [05/Apr/2013:19:43:05 +0200] "GET /news.php?cs_go=archiv&cs_id=4051 HTTP/1.1" 200 13408 "-" "Mozilla/5.0 (compatible; Googlebot/2.1; +http://www.google.com/bot.html)"
66.249.78.46 - - [05/Apr/2013:19:43:05 +0200] "GET /news.php?cs_go=archiv&cs_id=4050 HTTP/1.1" 200 10184 "-" "Mozilla/5.0 (compatible; Googlebot/2.1; +http://www.google.com/bot.html)"
66.249.78.46 - - [05/Apr/2013:20:17:27 +0200] "GET /news.php?cs_go=archiv&cs_id=4027 HTTP/1.1" 200 10329 "-" "SAMSUNG-SGH-E250/1.0 Profile/MIDP-2.0 Configuration/CLDC-1.1 UP.Browser/6.2.3.3.c.1.101 (GUI) MMP/2.0 (compatible; Googlebot-Mobile/2.1; +http://www.google.com/bot.html)"
157.55.32.58 - - [05/Apr/2013:20:21:46 +0200] "GET /robots.txt HTTP/1.1" 200 177 "-" "Mozilla/5.0 (compatible; bingbot/2.0; +http://www.bing.com/bingbot.htm)"
157.55.32.58 - - [05/Apr/2013:20:23:33 +0200] "GET / HTTP/1.1" 200 12185 "-" "Mozilla/5.0 (compatible; bingbot/2.0; +http://www.bing.com/bingbot.htm)"
101.226.167.200 - - [05/Apr/2013:20:36:01 +0200] "GET /lexikon.php?cs_go=3&cs_id=39 HTTP/1.1" 200 8357 "http://www.mink-gmbh.de/lexikon.php?cs_go=3&cs_id=39" "Mozilla/4.0 (compatible; MSIE 8.0; Windows NT 6.1; Trident/4.0; SLCC2; .NET CLR 2.0.50727; .NET CLR 3.5.30729; .NET CLR 3.0.30729; Media Center PC 6.0; MDDR; .NET4.0C; .NET4.0E; .NET CLR 1.1.4322; Tablet PC 2.0); 360Spider"
101.226.167.220 - - [05/Apr/2013:20:37:48 +0200] "GET /lexikon.php?cs_go=3&cs_id=157 HTTP/1.1" 200 8378 "http://www.mink-gmbh.de/lexikon.php?cs_go=3&cs_id=157" "Mozilla/4.0 (compatible; MSIE 8.0; Windows NT 6.1; Trident/4.0; SLCC2; .NET CLR 2.0.50727; .NET CLR 3.5.30729; .NET CLR 3.0.30729; Media Center PC 6.0; MDDR; .NET4.0C; .NET4.0E; .NET CLR 1.1.4322; Tablet PC 2.0); 360Spider"
101.226.167.217 - - [05/Apr/2013:20:37:48 +0200] "GET /lexikon.php?cs_go=3&cs_id=35 HTTP/1.1" 200 8410 "http://www.mink-gmbh.de/lexikon.php?cs_go=3&cs_id=35" "Mozilla/4.0 (compatible; MSIE 8.0; Windows NT 6.1; Trident/4.0; SLCC2; .NET CLR 2.0.50727; .NET CLR 3.5.30729; .NET CLR 3.0.30729; Media Center PC 6.0; MDDR; .NET4.0C; .NET4.0E; .NET CLR 1.1.4322; Tablet PC 2.0); 360Spider"
101.226.167.219 - - [05/Apr/2013:20:37:48 +0200] "GET /lexikon.php?cs_char=y&cs_go=2 HTTP/1.1" 200 8582 "http://www.mink-gmbh.de/lexikon.php?cs_char=y&cs_go=2" "Mozilla/4.0 (compatible; MSIE 8.0; Windows NT 6.1; Trident/4.0; SLCC2; .NET CLR 2.0.50727; .NET CLR 3.5.30729; .NET CLR 3.0.30729; Media Center PC 6.0; MDDR; .NET4.0C; .NET4.0E; .NET CLR 1.1.4322; Tablet PC 2.0); 360Spider"
101.226.167.216 - - [05/Apr/2013:20:38:01 +0200] "GET /lexikon.php?cs_char=x&cs_go=2 HTTP/1.1" 200 8582 "http://www.mink-gmbh.de/lexikon.php?cs_char=x&cs_go=2" "Mozilla/4.0 (compatible; MSIE 8.0; Windows NT 6.1; Trident/4.0; SLCC2; .NET CLR 2.0.50727; .NET CLR 3.5.30729; .NET CLR 3.0.30729; Media Center PC 6.0; MDDR; .NET4.0C; .NET4.0E; .NET CLR 1.1.4322; Tablet PC 2.0); 360Spider"
101.226.167.220 - - [05/Apr/2013:20:38:01 +0200] "GET /lexikon.php?cs_char=j&cs_go=2 HTTP/1.1" 200 8582 "http://www.mink-gmbh.de/lexikon.php?cs_char=j&cs_go=2" "Mozilla/4.0 (compatible; MSIE 8.0; Windows NT 6.1; Trident/4.0; SLCC2; .NET CLR 2.0.50727; .NET CLR 3.5.30729; .NET CLR 3.0.30729; Media Center PC 6.0; MDDR; .NET4.0C; .NET4.0E; .NET CLR 1.1.4322; Tablet PC 2.0); 360Spider"
101.226.167.218 - - [05/Apr/2013:20:38:04 +0200] "GET /lexikon.php?cs_char=v&cs_go=2 HTTP/1.1" 200 9117 "http://www.mink-gmbh.de/lexikon.php?cs_char=v&cs_go=2" "Mozilla/4.0 (compatible; MSIE 8.0; Windows NT 6.1; Trident/4.0; SLCC2; .NET CLR 2.0.50727; .NET CLR 3.5.30729; .NET CLR 3.0.30729; Media Center PC 6.0; MDDR; .NET4.0C; .NET4.0E; .NET CLR 1.1.4322; Tablet PC 2.0); 360Spider"
101.226.167.218 - - [05/Apr/2013:20:38:18 +0200] "GET /lexikon.php?cs_char=b&cs_go=2 HTTP/1.1" 200 9730 "http://www.mink-gmbh.de/lexikon.php?cs_char=b&cs_go=2" "Mozilla/4.0 (compatible; MSIE 8.0; Windows NT 6.1; Trident/4.0; SLCC2; .NET CLR 2.0.50727; .NET CLR 3.5.30729; .NET CLR 3.0.30729; Media Center PC 6.0; MDDR; .NET4.0C; .NET4.0E; .NET CLR 1.1.4322; Tablet PC 2.0); 360Spider"
101.226.167.217 - - [05/Apr/2013:20:38:18 +0200] "GET /lexikon.php?cs_char=a&cs_go=2 HTTP/1.1" 200 9803 "http://www.mink-gmbh.de/lexikon.php?cs_char=a&cs_go=2" "Mozilla/4.0 (compatible; MSIE 8.0; Windows NT 6.1; Trident/4.0; SLCC2; .NET CLR 2.0.50727; .NET CLR 3.5.30729; .NET CLR 3.0.30729; Media Center PC 6.0; MDDR; .NET4.0C; .NET4.0E; .NET CLR 1.1.4322; Tablet PC 2.0); 360Spider"
101.226.167.222 - - [05/Apr/2013:20:38:29 +0200] "GET /news.php?cs_go=archiv&cs_id=3972 HTTP/1.1" 200 11825 "http://www.mink-gmbh.de/news.php?cs_go=archiv&cs_id=3972" "Mozilla/4.0 (compatible; MSIE 8.0; Windows NT 6.1; Trident/4.0; SLCC2; .NET CLR 2.0.50727; .NET CLR 3.5.30729; .NET CLR 3.0.30729; Media Center PC 6.0; MDDR; .NET4.0C; .NET4.0E; .NET CLR 1.1.4322; Tablet PC 2.0); 360Spider"
101.226.167.222 - - [05/Apr/2013:20:38:32 +0200] "GET /index.php HTTP/1.1" 200 12185 "http://www.mink-gmbh.de/index.php" "Mozilla/4.0 (compatible; MSIE 8.0; Windows NT 6.1; Trident/4.0; SLCC2; .NET CLR 2.0.50727; .NET CLR 3.5.30729; .NET CLR 3.0.30729; Media Center PC 6.0; MDDR; .NET4.0C; .NET4.0E; .NET CLR 1.1.4322; Tablet PC 2.0); 360Spider"
101.226.168.212 - - [05/Apr/2013:20:42:58 +0200] "GET /news.php?cs_go=archiv&cs_id=3975 HTTP/1.1" 200 10834 "http://www.mink-gmbh.de/news.php?cs_go=archiv&cs_id=3975" "Mozilla/4.0 (compatible; MSIE 8.0; Windows NT 6.1; Trident/4.0; SLCC2; .NET CLR 2.0.50727; .NET CLR 3.5.30729; .NET CLR 3.0.30729; Media Center PC 6.0; MDDR; .NET4.0C; .NET4.0E; .NET CLR 1.1.4322; Tablet PC 2.0); 360Spider"
182.118.20.165 - - [05/Apr/2013:20:43:17 +0200] "GET /news.php?cs_go=archiv&cs_id=3976 HTTP/1.1" 200 13514 "http://www.mink-gmbh.de/news.php?cs_go=archiv&cs_id=3976" "Mozilla/5.0 (Windows; U; Windows NT 5.1; zh-CN; rv:1.8.0.11) Firefox/1.5.0.11; 360Spider"
182.118.20.163 - - [05/Apr/2013:20:43:17 +0200] "GET /news.php?cs_go=archiv&cs_id=3977 HTTP/1.1" 200 9950 "http://www.mink-gmbh.de/news.php?cs_go=archiv&cs_id=3977" "Mozilla/5.0 (Windows; U; Windows NT 5.1; zh-CN; rv:1.8.0.11) Firefox/1.5.0.11; 360Spider"
182.118.20.179 - - [05/Apr/2013:20:43:17 +0200] "GET /news.php?cs_go=archiv&cs_id=3978 HTTP/1.1" 200 10153 "http://www.mink-gmbh.de/news.php?cs_go=archiv&cs_id=3978" "Mozilla/5.0 (Windows; U; Windows NT 5.1; zh-CN; rv:1.8.0.11) Firefox/1.5.0.11; 360Spider"
182.118.20.168 - - [05/Apr/2013:20:43:17 +0200] "GET /news.php?cs_go=archiv&cs_startpos=100 HTTP/1.1" 200 22745 "http://www.mink-gmbh.de/news.php?cs_go=archiv&cs_startpos=100" "Mozilla/5.0 (Windows; U; Windows NT 5.1; zh-CN; rv:1.8.0.11) Firefox/1.5.0.11; 360Spider"
182.118.20.167 - - [05/Apr/2013:20:43:17 +0200] "GET /news.php?cs_go=archiv&cs_startpos=110 HTTP/1.1" 200 22762 "http://www.mink-gmbh.de/news.php?cs_go=archiv&cs_startpos=110" "Mozilla/5.0 (Windows; U; Windows NT 5.1; zh-CN; rv:1.8.0.11) Firefox/1.5.0.11; 360Spider"
182.118.20.183 - - [05/Apr/2013:20:44:26 +0200] "GET /news.php?cs_go=archiv&cs_id=3775 HTTP/1.1" 200 9867 "http://www.mink-gmbh.de/news.php?cs_go=archiv&cs_id=3775" "Mozilla/5.0 (Windows; U; Windows NT 5.1; zh-CN; rv:1.8.0.11) Firefox/1.5.0.11; 360Spider"
182.118.20.165 - - [05/Apr/2013:20:44:26 +0200] "GET /news.php?cs_go=archiv&cs_startpos=120 HTTP/1.1" 200 23064 "http://www.mink-gmbh.de/news.php?cs_go=archiv&cs_startpos=120" "Mozilla/5.0 (Windows; U; Windows NT 5.1; zh-CN; rv:1.8.0.11) Firefox/1.5.0.11; 360Spider"
182.118.20.161 - - [05/Apr/2013:20:44:29 +0200] "GET /news.php?cs_go=archiv&cs_startpos=80 HTTP/1.1" 200 22820 "http://www.mink-gmbh.de/news.php?cs_go=archiv&cs_startpos=80" "Mozilla/5.0 (Windows; U; Windows NT 5.1; zh-CN; rv:1.8.0.11) Firefox/1.5.0.11; 360Spider"
182.118.21.204 - - [05/Apr/2013:20:44:49 +0200] "GET /news.php?cs_go=archiv&cs_id=3811 HTTP/1.1" 200 10104 "http://www.mink-gmbh.de/news.php?cs_go=archiv&cs_id=3811" "Mozilla/5.0 (Windows; U; Windows NT 5.1; zh-CN; rv:1.8.0.11) Firefox/1.5.0.11; 360Spider"
182.118.21.201 - - [05/Apr/2013:20:44:49 +0200] "GET /news.php?cs_go=archiv&cs_id=3787 HTTP/1.1" 200 10045 "http://www.mink-gmbh.de/news.php?cs_go=archiv&cs_id=3787" "Mozilla/5.0 (Windows; U; Windows NT 5.1; zh-CN; rv:1.8.0.11) Firefox/1.5.0.11; 360Spider"
182.118.21.207 - - [05/Apr/2013:20:44:49 +0200] "GET /news.php?cs_go=archiv&cs_id=3812 HTTP/1.1" 200 13363 "http://www.mink-gmbh.de/news.php?cs_go=archiv&cs_id=3812" "Mozilla/5.0 (Windows; U; Windows NT 5.1; zh-CN; rv:1.8.0.11) Firefox/1.5.0.11; 360Spider"
182.118.21.209 - - [05/Apr/2013:20:44:49 +0200] "GET /news.php?cs_go=archiv&cs_id=3808 HTTP/1.1" 200 13450 "http://www.mink-gmbh.de/news.php?cs_go=archiv&cs_id=3808" "Mozilla/5.0 (Windows; U; Windows NT 5.1; zh-CN; rv:1.8.0.11) Firefox/1.5.0.11; 360Spider"
182.118.21.209 - - [05/Apr/2013:20:44:52 +0200] "GET /news.php?cs_go=archiv&cs_id=3769 HTTP/1.1" 200 10256 "http://www.mink-gmbh.de/news.php?cs_go=archiv&cs_id=3769" "Mozilla/5.0 (Windows; U; Windows NT 5.1; zh-CN; rv:1.8.0.11) Firefox/1.5.0.11; 360Spider"
182.118.21.204 - - [05/Apr/2013:20:44:56 +0200] "GET /news.php?cs_go=archiv&cs_id=3963 HTTP/1.1" 200 10123 "http://www.mink-gmbh.de/news.php?cs_go=archiv&cs_id=3963" "Mozilla/5.0 (Windows; U; Windows NT 5.1; zh-CN; rv:1.8.0.11) Firefox/1.5.0.11; 360Spider"
182.118.21.206 - - [05/Apr/2013:20:44:56 +0200] "GET /news.php?cs_go=archiv&cs_id=3967 HTTP/1.1" 200 10406 "http://www.mink-gmbh.de/news.php?cs_go=archiv&cs_id=3967" "Mozilla/5.0 (Windows; U; Windows NT 5.1; zh-CN; rv:1.8.0.11) Firefox/1.5.0.11; 360Spider"
182.118.21.207 - - [05/Apr/2013:20:44:56 +0200] "GET /news.php?cs_go=archiv&cs_id=3813 HTTP/1.1" 200 10259 "http://www.mink-gmbh.de/news.php?cs_go=archiv&cs_id=3813" "Mozilla/5.0 (Windows; U; Windows NT 5.1; zh-CN; rv:1.8.0.11) Firefox/1.5.0.11; 360Spider"
182.118.21.203 - - [05/Apr/2013:20:45:01 +0200] "GET /lexikon.php?cs_go=3&cs_id=59 HTTP/1.1" 200 8709 "http://www.mink-gmbh.de/lexikon.php?cs_go=3&cs_id=59" "Mozilla/5.0 (Windows; U; Windows NT 5.1; zh-CN; rv:1.8.0.11) Firefox/1.5.0.11; 360Spider"
182.118.21.206 - - [05/Apr/2013:20:45:01 +0200] "GET /news.php?cs_go=archiv&cs_id=3971 HTTP/1.1" 200 9776 "http://www.mink-gmbh.de/news.php?cs_go=archiv&cs_id=3971" "Mozilla/5.0 (Windows; U; Windows NT 5.1; zh-CN; rv:1.8.0.11) Firefox/1.5.0.11; 360Spider"
182.118.20.174 - - [05/Apr/2013:20:45:37 +0200] "GET /news.php?cs_go=archiv&cs_startpos=70 HTTP/1.1" 200 22629 "http://www.mink-gmbh.de/news.php?cs_go=archiv&cs_startpos=70" "Mozilla/5.0 (Windows; U; Windows NT 5.1; zh-CN; rv:1.8.0.11) Firefox/1.5.0.11; 360Spider"
182.118.20.168 - - [05/Apr/2013:20:45:37 +0200] "GET /news.php?cs_go=archiv&cs_startpos=190 HTTP/1.1" 200 22704 "http://www.mink-gmbh.de/news.php?cs_go=archiv&cs_startpos=190" "Mozilla/5.0 (Windows; U; Windows NT 5.1; zh-CN; rv:1.8.0.11) Firefox/1.5.0.11; 360Spider"
101.226.169.227 - - [05/Apr/2013:20:46:05 +0200] "GET /news.php?cs_go=archiv&cs_startpos=180 HTTP/1.1" 200 22815 "http://www.mink-gmbh.de/news.php?cs_go=archiv&cs_startpos=180" "Mozilla/4.0 (compatible; MSIE 8.0; Windows NT 6.1; Trident/4.0; SLCC2; .NET CLR 2.0.50727; .NET CLR 3.5.30729; .NET CLR 3.0.30729; Media Center PC 6.0; MDDR; .NET4.0C; .NET4.0E; .NET CLR 1.1.4322; Tablet PC 2.0); 360Spider"
182.118.20.233 - - [05/Apr/2013:20:48:40 +0200] "GET /news.php?cs_go=archiv&cs_startpos=170 HTTP/1.1" 200 22764 "http://www.mink-gmbh.de/news.php?cs_go=archiv&cs_startpos=170" "Mozilla/5.0 (Windows; U; Windows NT 5.1; zh-CN; rv:1.8.0.11) Firefox/1.5.0.11; 360Spider"
182.118.20.236 - - [05/Apr/2013:20:48:40 +0200] "GET /news.php?cs_go=archiv&cs_startpos=140 HTTP/1.1" 200 23019 "http://www.mink-gmbh.de/news.php?cs_go=archiv&cs_startpos=140" "Mozilla/5.0 (Windows; U; Windows NT 5.1; zh-CN; rv:1.8.0.11) Firefox/1.5.0.11; 360Spider"
66.249.78.46 - - [05/Apr/2013:21:04:59 +0200] "GET /images/RAL_Guetezeichen_Energiehandel.pdf HTTP/1.1" 304 - "-" "Mozilla/5.0 (iPhone; U; CPU iPhone OS 4_1 like Mac OS X; en-us) AppleWebKit/532.9 (KHTML, like Gecko) Version/4.0.5 Mobile/8B117 Safari/6531.22.7 (compatible; Googlebot-Mobile/2.1; +http://www.google.com/bot.html)"
66.249.78.46 - - [05/Apr/2013:21:19:36 +0200] "GET /news.php?cs_go=archiv&cs_id=4026&cs_search= HTTP/1.1" 200 13500 "-" "Mozilla/5.0 (iPhone; U; CPU iPhone OS 4_1 like Mac OS X; en-us) AppleWebKit/532.9 (KHTML, like Gecko) Version/4.0.5 Mobile/8B117 Safari/6531.22.7 (compatible; Googlebot-Mobile/2.1; +http://www.google.com/bot.html)"
81.30.151.222 - - [05/Apr/2013:21:51:10 +0200] "GET /robots.txt HTTP/1.1" 200 177 "-" "Mozilla/5.0 (compatible; Spiderlytics/1.0; +spider@spiderlytics.com)"
81.30.151.222 - - [05/Apr/2013:21:51:10 +0200] "GET /news.php?cs_go=archiv&cs_id=3913&cs_search= HTTP/1.1" 200 13499 "-" "Mozilla/5.0 (compatible; Spiderlytics/1.0; +spider@spiderlytics.com)"
66.249.76.49 - - [05/Apr/2013:21:57:19 +0200] "GET /news.php?cs_go=archiv&cs_id=4023 HTTP/1.1" 200 13304 "-" "DoCoMo/2.0 N905i(c100;TB;W24H16) (compatible; Googlebot-Mobile/2.1; +http://www.google.com/bot.html)"
66.249.78.46 - - [05/Apr/2013:22:11:48 +0200] "GET /images/tkw.jpg HTTP/1.1" 200 64031 "-" "Googlebot-Image/1.0"
188.193.139.154 - - [05/Apr/2013:23:06:51 +0200] "GET /style.css HTTP/1.1" 200 8418 "-" "Opera/9.80 (Windows NT 6.1; U; de) Presto/2.9.168 Version/11.50"
188.193.139.154 - - [05/Apr/2013:23:06:51 +0200] "GET /modul.css HTTP/1.1" 200 35038 "-" "Opera/9.80 (Windows NT 6.1; U; de) Presto/2.9.168 Version/11.50"
188.193.139.154 - - [05/Apr/2013:23:06:51 +0200] "GET / HTTP/1.1" 200 12185 "-" "Opera/9.80 (Windows NT 6.1; U; de) Presto/2.9.168 Version/11.50"
188.193.139.154 - - [05/Apr/2013:23:06:52 +0200] "GET /js_contentserver24_greybox/gb_styles.css HTTP/1.1" 200 2302 "-" "Opera/9.80 (Windows NT 6.1; U; de) Presto/2.9.168 Version/11.50"
188.193.139.154 - - [05/Apr/2013:23:06:52 +0200] "GET /js_contentserver24_greybox/AJS.js HTTP/1.1" 200 10396 "-" "Opera/9.80 (Windows NT 6.1; U; de) Presto/2.9.168 Version/11.50"
188.193.139.154 - - [05/Apr/2013:23:06:52 +0200] "GET /images/bg.jpg HTTP/1.1" 200 345 "-" "Opera/9.80 (Windows NT 6.1; U; de) Presto/2.9.168 Version/11.50"
188.193.139.154 - - [05/Apr/2013:23:06:52 +0200] "GET /js_contentserver24_greybox/AJS_fx.js HTTP/1.1" 200 3192 "-" "Opera/9.80 (Windows NT 6.1; U; de) Presto/2.9.168 Version/11.50"
188.193.139.154 - - [05/Apr/2013:23:06:52 +0200] "GET /js_contentserver24_greybox/gb_scripts.js HTTP/1.1" 200 11913 "-" "Opera/9.80 (Windows NT 6.1; U; de) Presto/2.9.168 Version/11.50"
188.193.139.154 - - [05/Apr/2013:23:06:52 +0200] "GET /js_contentserver24_greybox/w_close.gif HTTP/1.1" 200 74 "-" "Opera/9.80 (Windows NT 6.1; U; de) Presto/2.9.168 Version/11.50"
188.193.139.154 - - [05/Apr/2013:23:06:52 +0200] "GET /images/logos.jpg HTTP/1.1" 200 15002 "-" "Opera/9.80 (Windows NT 6.1; U; de) Presto/2.9.168 Version/11.50"
188.193.139.154 - - [05/Apr/2013:23:06:52 +0200] "GET /images/navibg.png HTTP/1.1" 200 2803 "-" "Opera/9.80 (Windows NT 6.1; U; de) Presto/2.9.168 Version/11.50"
188.193.139.154 - - [05/Apr/2013:23:06:52 +0200] "GET /images/freecall.jpg HTTP/1.1" 200 39195 "-" "Opera/9.80 (Windows NT 6.1; U; de) Presto/2.9.168 Version/11.50"
188.193.139.154 - - [05/Apr/2013:23:06:52 +0200] "GET /images/header.jpg HTTP/1.1" 200 24413 "-" "Opera/9.80 (Windows NT 6.1; U; de) Presto/2.9.168 Version/11.50"
188.193.139.154 - - [05/Apr/2013:23:06:52 +0200] "GET /images/newsletter.png HTTP/1.1" 200 14619 "-" "Opera/9.80 (Windows NT 6.1; U; de) Presto/2.9.168 Version/11.50"
188.193.139.154 - - [05/Apr/2013:23:06:52 +0200] "GET /images/wrapperbg.jpg HTTP/1.1" 200 27465 "-" "Opera/9.80 (Windows NT 6.1; U; de) Presto/2.9.168 Version/11.50"
188.193.139.154 - - [05/Apr/2013:23:06:52 +0200] "GET /images/tkw.jpg HTTP/1.1" 200 64031 "-" "Opera/9.80 (Windows NT 6.1; U; de) Presto/2.9.168 Version/11.50"
188.193.139.154 - - [05/Apr/2013:23:06:52 +0200] "GET /images/close.png HTTP/1.1" 200 703 "-" "Opera/9.80 (Windows NT 6.1; U; de) Presto/2.9.168 Version/11.50"
188.193.139.154 - - [05/Apr/2013:23:06:52 +0200] "GET /images/fallend.png HTTP/1.1" 200 713 "-" "Opera/9.80 (Windows NT 6.1; U; de) Presto/2.9.168 Version/11.50"
188.193.139.154 - - [05/Apr/2013:23:06:52 +0200] "GET /images/footerbg.jpg HTTP/1.1" 200 2184 "-" "Opera/9.80 (Windows NT 6.1; U; de) Presto/2.9.168 Version/11.50"
188.193.139.154 - - [05/Apr/2013:23:06:52 +0200] "GET /images/fallend.png HTTP/1.1" 200 713 "-" "Opera/9.80 (Windows NT 6.1; U; de) Presto/2.9.168 Version/11.50"
188.193.139.154 - - [05/Apr/2013:23:06:52 +0200] "GET /images/newsletter_bg.jpg HTTP/1.1" 200 33610 "-" "Opera/9.80 (Windows NT 6.1; U; de) Presto/2.9.168 Version/11.50"
188.193.139.154 - - [05/Apr/2013:23:06:52 +0200] "GET /images/steigend.png HTTP/1.1" 200 688 "-" "Opera/9.80 (Windows NT 6.1; U; de) Presto/2.9.168 Version/11.50"
188.193.139.154 - - [05/Apr/2013:23:06:52 +0200] "GET /images/steigend.png HTTP/1.1" 200 688 "-" "Opera/9.80 (Windows NT 6.1; U; de) Presto/2.9.168 Version/11.50"
188.193.139.154 - - [05/Apr/2013:23:06:52 +0200] "GET /images/mail.jpg HTTP/1.1" 200 11165 "-" "Opera/9.80 (Windows NT 6.1; U; de) Presto/2.9.168 Version/11.50"
188.193.139.154 - - [05/Apr/2013:23:06:52 +0200] "GET /images/kwk.gif HTTP/1.1" 200 6403 "-" "Opera/9.80 (Windows NT 6.1; U; de) Presto/2.9.168 Version/11.50"
188.193.139.154 - - [05/Apr/2013:23:06:52 +0200] "GET /images/wunschpreis.jpg HTTP/1.1" 200 16767 "-" "Opera/9.80 (Windows NT 6.1; U; de) Presto/2.9.168 Version/11.50"
188.193.139.154 - - [05/Apr/2013:23:06:52 +0200] "GET /images/mobil.jpg HTTP/1.1" 200 25293 "-" "Opera/9.80 (Windows NT 6.1; U; de) Presto/2.9.168 Version/11.50"
188.193.139.154 - - [05/Apr/2013:23:06:52 +0200] "GET /images/mail.jpg HTTP/1.1" 200 11165 "-" "Opera/9.80 (Windows NT 6.1; U; de) Presto/2.9.168 Version/11.50"
188.193.139.154 - - [05/Apr/2013:23:06:52 +0200] "GET /images/newsletter.jpg HTTP/1.1" 200 13130 "-" "Opera/9.80 (Windows NT 6.1; U; de) Presto/2.9.168 Version/11.50"
188.193.139.154 - - [05/Apr/2013:23:06:52 +0200] "GET /images/kwk.gif HTTP/1.1" 200 6403 "-" "Opera/9.80 (Windows NT 6.1; U; de) Presto/2.9.168 Version/11.50"
188.193.139.154 - - [05/Apr/2013:23:06:52 +0200] "GET /js_contentserver24_greybox/loader_frame.html?s=0 HTTP/1.1" 200 2084 "-" "Opera/9.80 (Windows NT 6.1; U; de) Presto/2.9.168 Version/11.50"
188.193.139.154 - - [05/Apr/2013:23:06:52 +0200] "GET /js_contentserver24_greybox/header_bg.gif HTTP/1.1" 200 1188 "-" "Opera/9.80 (Windows NT 6.1; U; de) Presto/2.9.168 Version/11.50"
188.193.139.154 - - [05/Apr/2013:23:06:52 +0200] "GET /js_contentserver24_greybox/indicator.gif HTTP/1.1" 200 8238 "-" "Opera/9.80 (Windows NT 6.1; U; de) Presto/2.9.168 Version/11.50"
188.193.139.154 - - [05/Apr/2013:23:06:53 +0200] "GET /js_contentserver24_greybox/g_close.gif HTTP/1.1" 200 541 "-" "Opera/9.80 (Windows NT 6.1; U; de) Presto/2.9.168 Version/11.50"
66.249.78.46 - - [05/Apr/2013:23:35:13 +0200] "GET /additive.php HTTP/1.1" 200 8372 "-" "Mozilla/5.0 (compatible; Googlebot/2.1; +http://www.google.com/bot.html)"
65.36.241.79 - - [05/Apr/2013:23:50:31 +0200] "HEAD / HTTP/1.1" 200 - "-" "InternetSeer.com"
66.249.76.49 - - [05/Apr/2013:23:58:04 +0200] "GET /lexikon.php?cs_go=2&cs_char=u HTTP/1.1" 200 8744 "-" "Mozilla/5.0 (compatible; Googlebot/2.1; +http://www.google.com/bot.html)"
88.190.57.92 - - [06/Apr/2013:00:10:24 +0200] "GET /js_contentserver24_greybox/AJS.js HTTP/1.1" 200 10396 "http://abtasty.com/" "Mozilla/5.0 (X11; Linux x86_64) AppleWebKit/534.34 (KHTML, like Gecko) Qt/4.8.1 Safari/534.34"
88.190.57.92 - - [06/Apr/2013:00:10:24 +0200] "GET /js_contentserver24_greybox/AJS_fx.js HTTP/1.1" 200 3192 "http://abtasty.com/" "Mozilla/5.0 (X11; Linux x86_64) AppleWebKit/534.34 (KHTML, like Gecko) Qt/4.8.1 Safari/534.34"
88.190.57.92 - - [06/Apr/2013:00:10:24 +0200] "GET /js_contentserver24_greybox/gb_scripts.js HTTP/1.1" 200 11913 "http://abtasty.com/" "Mozilla/5.0 (X11; Linux x86_64) AppleWebKit/534.34 (KHTML, like Gecko) Qt/4.8.1 Safari/534.34"
88.190.57.92 - - [06/Apr/2013:00:10:24 +0200] "GET / HTTP/1.1" 200 12185 "http://abtasty.com/" "Mozilla/5.0 (X11; Linux x86_64) AppleWebKit/534.34 (KHTML, like Gecko) Qt/4.8.1 Safari/534.34"
88.190.57.92 - - [06/Apr/2013:00:10:25 +0200] "GET /js_contentserver24_greybox/loader_frame.html?s=0 HTTP/1.1" 200 2084 "http://abtasty.com/" "Mozilla/5.0 (X11; Linux x86_64) AppleWebKit/534.34 (KHTML, like Gecko) Qt/4.8.1 Safari/534.34"
81.30.151.222 - - [06/Apr/2013:00:15:39 +0200] "GET /robots.txt HTTP/1.1" 200 177 "-" "Mozilla/5.0 (compatible; Spiderlytics/1.0; +spider@spiderlytics.com)"
81.30.151.222 - - [06/Apr/2013:00:15:39 +0200] "GET /news.php?cs_go=archiv&cs_id=3909&cs_search= HTTP/1.1" 200 13486 "-" "Mozilla/5.0 (compatible; Spiderlytics/1.0; +spider@spiderlytics.com)"
157.55.32.58 - - [06/Apr/2013:00:42:20 +0200] "GET /robots.txt HTTP/1.1" 200 177 "-" "Mozilla/5.0 (compatible; bingbot/2.0; +http://www.bing.com/bingbot.htm)"
157.55.32.58 - - [06/Apr/2013:00:44:20 +0200] "GET /jobs.php HTTP/1.1" 200 7200 "-" "Mozilla/5.0 (compatible; bingbot/2.0; +http://www.bing.com/bingbot.htm)"
66.249.78.46 - - [06/Apr/2013:01:00:13 +0200] "GET /lexikon.php?cs_go=3&cs_id=16 HTTP/1.1" 200 8903 "-" "Mozilla/5.0 (compatible; Googlebot/2.1; +http://www.google.com/bot.html)"
81.30.151.222 - - [06/Apr/2013:01:29:17 +0200] "GET /robots.txt HTTP/1.1" 200 177 "-" "Mozilla/5.0 (compatible; Spiderlytics/1.0; +spider@spiderlytics.com)"
81.30.151.222 - - [06/Apr/2013:01:29:17 +0200] "GET /news.php?cs_go=archiv&cs_id=3908&cs_search= HTTP/1.1" 200 11958 "-" "Mozilla/5.0 (compatible; Spiderlytics/1.0; +spider@spiderlytics.com)"
208.115.113.91 - - [06/Apr/2013:01:41:17 +0200] "GET /robots.txt HTTP/1.1" 200 177 "-" "Mozilla/5.0 (compatible; Ezooms/1.0; ezooms.bot@gmail.com)"
81.30.151.222 - - [06/Apr/2013:03:05:03 +0200] "GET /robots.txt HTTP/1.1" 200 177 "-" "Mozilla/5.0 (compatible; Spiderlytics/1.0; +spider@spiderlytics.com)"
81.30.151.222 - - [06/Apr/2013:03:05:03 +0200] "GET /news.php?cs_go=archiv&cs_id=3912&cs_search= HTTP/1.1" 200 11611 "-" "Mozilla/5.0 (compatible; Spiderlytics/1.0; +spider@spiderlytics.com)"
157.55.32.87 - - [06/Apr/2013:03:08:26 +0200] "GET /robots.txt HTTP/1.1" 200 177 "-" "Mozilla/5.0 (compatible; bingbot/2.0; +http://www.bing.com/bingbot.htm)"
157.55.32.87 - - [06/Apr/2013:03:10:12 +0200] "GET / HTTP/1.1" 200 12185 "-" "Mozilla/5.0 (compatible; bingbot/2.0; +http://www.bing.com/bingbot.htm)"
208.115.113.91 - - [06/Apr/2013:03:29:51 +0200] "GET /kwk.php?cs_go=4 HTTP/1.1" 200 10255 "-" "Mozilla/5.0 (compatible; Ezooms/1.0; ezooms.bot@gmail.com)"
208.115.113.91 - - [06/Apr/2013:03:29:54 +0200] "GET /news.php?cs_go=archiv&cs_startpos=170 HTTP/1.1" 200 22764 "-" "Mozilla/5.0 (compatible; Ezooms/1.0; ezooms.bot@gmail.com)"
178.255.215.64 - - [06/Apr/2013:03:57:46 +0200] "GET /robots.txt HTTP/1.1" 200 177 "-" "Mozilla/5.0 (compatible; Exabot/3.0; +http://www.exabot.com/go/robot)"
178.255.215.64 - - [06/Apr/2013:03:57:46 +0200] "GET / HTTP/1.1" 200 12185 "-" "Mozilla/5.0 (compatible; Exabot/3.0; +http://www.exabot.com/go/robot)"
123.125.71.15 - - [06/Apr/2013:04:55:32 +0200] "GET /images/kwk.gif HTTP/1.1" 200 6403 "-" "Baiduspider-image+(+http://www.baidu.com/search/spider.htm)"
65.36.241.79 - - [06/Apr/2013:05:05:20 +0200] "HEAD / HTTP/1.1" 200 - "-" "InternetSeer.com"
123.125.71.42 - - [06/Apr/2013:05:33:50 +0200] "GET / HTTP/1.1" 200 6437 "-" "Mozilla/5.0 (compatible; Baiduspider/2.0; +http://www.baidu.com/search/spider.html)"
220.181.108.84 - - [06/Apr/2013:05:34:20 +0200] "GET / HTTP/1.1" 200 8771 "-" "Mozilla/5.0 (compatible; Baiduspider/2.0; +http://www.baidu.com/search/spider.html)"
208.115.113.91 - - [06/Apr/2013:05:39:50 +0200] "GET /robots.txt HTTP/1.1" 200 177 "-" "Mozilla/5.0 (compatible; Ezooms/1.0; ezooms.bot@gmail.com)"
204.12.214.162 - - [06/Apr/2013:06:32:12 +0200] "GET /robots.txt HTTP/1.0" 200 177 "-" "Mozilla/5.0 (compatible; MJ12bot/v1.4.3; http://www.majestic12.co.uk/bot.php?+)"
204.12.214.162 - - [06/Apr/2013:06:32:14 +0200] "GET /news.php?cs_go=archiv&cs_id=4047 HTTP/1.0" 200 13107 "-" "Mozilla/5.0 (compatible; MJ12bot/v1.4.3; http://www.majestic12.co.uk/bot.php?+)"
81.30.151.222 - - [06/Apr/2013:07:09:30 +0200] "GET /robots.txt HTTP/1.1" 200 177 "-" "Mozilla/5.0 (compatible; Spiderlytics/1.0; +spider@spiderlytics.com)"
81.30.151.222 - - [06/Apr/2013:07:09:30 +0200] "GET /news.php?cs_go=archiv&cs_id=3915&cs_search= HTTP/1.1" 200 10203 "-" "Mozilla/5.0 (compatible; Spiderlytics/1.0; +spider@spiderlytics.com)"
208.115.111.75 - - [06/Apr/2013:07:36:02 +0200] "GET /robots.txt HTTP/1.1" 200 177 "-" "Mozilla/5.0 (compatible; Ezooms/1.0; ezooms.bot@gmail.com)"
208.115.113.91 - - [06/Apr/2013:07:37:11 +0200] "GET /news.php?cs_go=archiv&cs_id=4006&cs_search= HTTP/1.1" 200 11336 "-" "Mozilla/5.0 (compatible; Ezooms/1.0; ezooms.bot@gmail.com)"
157.55.33.29 - - [06/Apr/2013:08:03:16 +0200] "GET /robots.txt HTTP/1.1" 200 177 "-" "Mozilla/5.0 (compatible; bingbot/2.0; +http://www.bing.com/bingbot.htm)"
157.55.33.29 - - [06/Apr/2013:08:05:57 +0200] "GET / HTTP/1.1" 200 12185 "-" "Mozilla/5.0 (compatible; bingbot/2.0; +http://www.bing.com/bingbot.htm)"
157.55.33.29 - - [06/Apr/2013:08:05:57 +0200] "GET / HTTP/1.1" 200 12185 "-" "Mozilla/5.0 (compatible; bingbot/2.0; +http://www.bing.com/bingbot.htm)"
66.249.78.46 - - [06/Apr/2013:08:46:10 +0200] "GET /robots.txt HTTP/1.1" 200 177 "-" "Mozilla/5.0 (compatible; Googlebot/2.1; +http://www.google.com/bot.html)"
66.249.78.46 - - [06/Apr/2013:08:46:10 +0200] "GET /news.php HTTP/1.1" 200 22164 "-" "SAMSUNG-SGH-E250/1.0 Profile/MIDP-2.0 Configuration/CLDC-1.1 UP.Browser/6.2.3.3.c.1.101 (GUI) MMP/2.0 (compatible; Googlebot-Mobile/2.1; +http://www.google.com/bot.html)"
208.115.111.75 - - [06/Apr/2013:09:19:43 +0200] "GET /news.php?cs_go=archiv&cs_id=3973&cs_search= HTTP/1.1" 200 13506 "-" "Mozilla/5.0 (compatible; Ezooms/1.0; ezooms.bot@gmail.com)"
208.115.113.91 - - [06/Apr/2013:09:41:07 +0200] "GET /robots.txt HTTP/1.1" 200 177 "-" "Mozilla/5.0 (compatible; Ezooms/1.0; ezooms.bot@gmail.com)"
66.249.76.49 - - [06/Apr/2013:09:52:24 +0200] "GET /standard.php HTTP/1.1" 200 9218 "-" "DoCoMo/2.0 N905i(c100;TB;W24H16) (compatible; Googlebot-Mobile/2.1; +http://www.google.com/bot.html)"
81.30.151.222 - - [06/Apr/2013:09:52:24 +0200] "GET /robots.txt HTTP/1.1" 200 177 "-" "Mozilla/5.0 (compatible; Spiderlytics/1.0; +spider@spiderlytics.com)"
81.30.151.222 - - [06/Apr/2013:09:52:24 +0200] "GET /news.php?cs_go=archiv&cs_id=3952&cs_search= HTTP/1.1" 200 11103 "-" "Mozilla/5.0 (compatible; Spiderlytics/1.0; +spider@spiderlytics.com)"
217.69.133.67 - - [06/Apr/2013:10:43:56 +0200] "GET / HTTP/1.0" 200 12185 "-" "Mozilla/5.0 (compatible; Mail.RU_Bot/2.0; +http://go.mail.ru/help/robots)"
65.36.241.79 - - [06/Apr/2013:11:31:48 +0200] "HEAD / HTTP/1.1" 200 - "-" "InternetSeer.com"
208.115.113.91 - - [06/Apr/2013:11:33:46 +0200] "GET /.php HTTP/1.1" 404 - "-" "Mozilla/5.0 (compatible; Ezooms/1.0; ezooms.bot@gmail.com)"
208.115.113.91 - - [06/Apr/2013:11:33:48 +0200] "GET /rueckrufservice.php HTTP/1.1" 200 10770 "-" "Mozilla/5.0 (compatible; Ezooms/1.0; ezooms.bot@gmail.com)"
66.249.78.46 - - [06/Apr/2013:11:45:39 +0200] "GET /news.php?cs_go=archiv&cs_id=3935&cs_search= HTTP/1.1" 200 9902 "-" "Mozilla/5.0 (compatible; Googlebot/2.1; +http://www.google.com/bot.html)"
141.8.147.12 - - [06/Apr/2013:12:21:51 +0200] "GET /robots.txt HTTP/1.1" 200 177 "-" "Mozilla/5.0 (compatible; YandexBot/3.0; +http://yandex.com/bots)"
66.249.76.49 - - [06/Apr/2013:12:37:50 +0200] "GET /news.php?cs_go=archiv&cs_id=3937&cs_search= HTTP/1.1" 200 13324 "-" "Mozilla/5.0 (compatible; Googlebot/2.1; +http://www.google.com/bot.html)"
81.30.151.222 - - [06/Apr/2013:12:51:05 +0200] "GET /robots.txt HTTP/1.1" 200 177 "-" "Mozilla/5.0 (compatible; Spiderlytics/1.0; +spider@spiderlytics.com)"
81.30.151.222 - - [06/Apr/2013:12:51:05 +0200] "GET /news.php?cs_go=archiv&cs_id=3917&cs_search= HTTP/1.1" 200 13453 "-" "Mozilla/5.0 (compatible; Spiderlytics/1.0; +spider@spiderlytics.com)"
66.249.75.49 - - [06/Apr/2013:13:23:27 +0200] "GET /robots.txt HTTP/1.1" 200 177 "-" "Mozilla/5.0 (compatible; Googlebot/2.1; +http://www.google.com/bot.html)"
66.249.78.46 - - [06/Apr/2013:13:23:27 +0200] "GET /news.php?cs_go=archiv&cs_id=3937&cs_search= HTTP/1.1" 200 13324 "-" "SAMSUNG-SGH-E250/1.0 Profile/MIDP-2.0 Configuration/CLDC-1.1 UP.Browser/6.2.3.3.c.1.101 (GUI) MMP/2.0 (compatible; Googlebot-Mobile/2.1; +http://www.google.com/bot.html)"
78.158.11.226 - - [06/Apr/2013:13:29:46 +0200] "GET / HTTP/1.1" 200 12188 "http://sameid.net/domain/www.mink-gmbh.de/" "Lynx/2.8.5rel.1 libwww-FM/2.15FC SSL-MM/1.4.1c OpenSSL/0.9.7e-dev"
78.158.11.226 - - [06/Apr/2013:13:29:47 +0200] "GET / HTTP/1.1" 200 6440 "http://www.google.com/url?sa=t&rct=j&q=www.mink-gmbh.de&source=web&cd=5&ved=0CF0QFjAE&url=http:%2F%2Fwww.mink-gmbh.de%2F&cad=rja" "Lynx/2.8.5rel.1 libwww-FM/2.15FC SSL-MM/1.4.1c OpenSSL/0.9.7e-dev"
78.158.11.226 - - [06/Apr/2013:13:29:48 +0200] "GET /rueckrufservice.php HTTP/1.1" 200 10770 "-" "Lynx/2.8.5rel.1 libwww-FM/2.15FC SSL-MM/1.4.1c OpenSSL/0.9.7e-dev"
66.249.78.46 - - [06/Apr/2013:13:31:47 +0200] "GET /news.php?cs_go=archiv&cs_startpos=210 HTTP/1.1" 200 22657 "-" "Mozilla/5.0 (compatible; Googlebot/2.1; +http://www.google.com/bot.html)"
208.115.113.91 - - [06/Apr/2013:13:39:13 +0200] "GET /robots.txt HTTP/1.1" 200 177 "-" "Mozilla/5.0 (compatible; Ezooms/1.0; ezooms.bot@gmail.com)"
66.249.78.46 - - [06/Apr/2013:13:41:12 +0200] "GET /news.php?cs_go=archiv&cs_id=3560 HTTP/1.1" 200 12322 "-" "Mozilla/5.0 (compatible; Googlebot/2.1; +http://www.google.com/bot.html)"
66.249.78.46 - - [06/Apr/2013:13:54:56 +0200] "GET /lexikon.php?cs_go=3&cs_id=57 HTTP/1.1" 200 10077 "-" "Mozilla/5.0 (compatible; Googlebot/2.1; +http://www.google.com/bot.html)"
66.249.78.46 - - [06/Apr/2013:13:58:18 +0200] "GET /news.php HTTP/1.1" 200 22160 "-" "Mozilla/5.0 (compatible; Googlebot/2.1; +http://www.google.com/bot.html)"
66.249.75.49 - - [06/Apr/2013:14:00:38 +0200] "GET / HTTP/1.1" 200 12175 "-" "Mozilla/5.0 (iPhone; U; CPU iPhone OS 4_1 like Mac OS X; en-us) AppleWebKit/532.9 (KHTML, like Gecko) Version/4.0.5 Mobile/8B117 Safari/6531.22.7 (compatible; Googlebot-Mobile/2.1; +http://www.google.com/bot.html)"
81.30.151.222 - - [06/Apr/2013:14:04:50 +0200] "GET /robots.txt HTTP/1.1" 200 177 "-" "Mozilla/5.0 (compatible; Spiderlytics/1.0; +spider@spiderlytics.com)"
81.30.151.222 - - [06/Apr/2013:14:04:50 +0200] "GET /news.php?cs_go=archiv&cs_id=3910&cs_search= HTTP/1.1" 200 9801 "-" "Mozilla/5.0 (compatible; Spiderlytics/1.0; +spider@spiderlytics.com)"
66.249.78.46 - - [06/Apr/2013:14:07:27 +0200] "GET /news.php?cs_go=archiv&cs_id=4052&cs_search= HTTP/1.1" 200 12330 "-" "Mozilla/5.0 (compatible; Googlebot/2.1; +http://www.google.com/bot.html)"
66.249.78.46 - - [06/Apr/2013:14:08:32 +0200] "GET /news.php?cs_go=archiv&cs_id=4043&cs_search= HTTP/1.1" 200 13242 "-" "Mozilla/5.0 (compatible; Googlebot/2.1; +http://www.google.com/bot.html)"
66.249.75.49 - - [06/Apr/2013:14:14:12 +0200] "GET /style.css HTTP/1.1" 200 8418 "-" "Mozilla/5.0 (compatible; Googlebot/2.1; +http://www.google.com/bot.html)"
66.249.75.49 - - [06/Apr/2013:14:14:13 +0200] "GET /modul.css HTTP/1.1" 200 35038 "-" "Mozilla/5.0 (compatible; Googlebot/2.1; +http://www.google.com/bot.html)"
66.249.78.46 - - [06/Apr/2013:14:30:17 +0200] "GET /kwk.php HTTP/1.1" 200 10884 "-" "Mozilla/5.0 (iPhone; U; CPU iPhone OS 4_1 like Mac OS X; en-us) AppleWebKit/532.9 (KHTML, like Gecko) Version/4.0.5 Mobile/8B117 Safari/6531.22.7 (compatible; Googlebot-Mobile/2.1; +http://www.google.com/bot.html)"
66.249.75.49 - - [06/Apr/2013:14:40:18 +0200] "GET /news.php?cs_go=archiv&cs_id=2945&cs_search= HTTP/1.1" 200 12154 "-" "Mozilla/5.0 (iPhone; U; CPU iPhone OS 4_1 like Mac OS X; en-us) AppleWebKit/532.9 (KHTML, like Gecko) Version/4.0.5 Mobile/8B117 Safari/6531.22.7 (compatible; Googlebot-Mobile/2.1; +http://www.google.com/bot.html)"
66.249.78.46 - - [06/Apr/2013:14:50:18 +0200] "GET /news.php?cs_go=archiv&cs_startpos=230 HTTP/1.1" 200 14026 "-" "Mozilla/5.0 (iPhone; U; CPU iPhone OS 4_1 like Mac OS X; en-us) AppleWebKit/532.9 (KHTML, like Gecko) Version/4.0.5 Mobile/8B117 Safari/6531.22.7 (compatible; Googlebot-Mobile/2.1; +http://www.google.com/bot.html)"
157.55.33.29 - - [06/Apr/2013:14:52:36 +0200] "GET /robots.txt HTTP/1.1" 200 177 "-" "Mozilla/5.0 (compatible; bingbot/2.0; +http://www.bing.com/bingbot.htm)"
157.55.33.29 - - [06/Apr/2013:14:54:00 +0200] "GET / HTTP/1.1" 200 12175 "-" "Mozilla/5.0 (compatible; bingbot/2.0; +http://www.bing.com/bingbot.htm)"
208.115.113.91 - - [06/Apr/2013:15:29:53 +0200] "GET /kwk.php?cs_go=2 HTTP/1.1" 200 11855 "-" "Mozilla/5.0 (compatible; Ezooms/1.0; ezooms.bot@gmail.com)"
65.36.241.79 - - [06/Apr/2013:16:54:08 +0200] "HEAD / HTTP/1.1" 200 - "-" "InternetSeer.com"
81.30.151.222 - - [06/Apr/2013:17:01:42 +0200] "GET /robots.txt HTTP/1.1" 200 177 "-" "Mozilla/5.0 (compatible; Spiderlytics/1.0; +spider@spiderlytics.com)"
81.30.151.222 - - [06/Apr/2013:17:01:42 +0200] "GET /news.php?cs_go=archiv&cs_id=3949&cs_search= HTTP/1.1" 200 9913 "-" "Mozilla/5.0 (compatible; Spiderlytics/1.0; +spider@spiderlytics.com)"
141.8.147.12 - - [06/Apr/2013:17:19:43 +0200] "GET /lexikon.php?cs_go=3&cs_id=173 HTTP/1.1" 200 8661 "-" "Mozilla/5.0 (compatible; YandexBot/3.0; +http://yandex.com/bots)"
123.125.71.40 - - [06/Apr/2013:17:32:27 +0200] "GET / HTTP/1.1" 200 7825 "-" "Mozilla/5.0 (compatible; Baiduspider/2.0; +http://www.baidu.com/search/spider.html)"
220.181.108.117 - - [06/Apr/2013:17:32:58 +0200] "GET / HTTP/1.1" 200 7825 "-" "Mozilla/5.0 (compatible; Baiduspider/2.0; +http://www.baidu.com/search/spider.html)"
66.249.75.49 - - [06/Apr/2013:17:41:34 +0200] "GET /news.php?cs_go=archiv&cs_id=3970 HTTP/1.1" 200 10345 "-" "DoCoMo/2.0 N905i(c100;TB;W24H16) (compatible; Googlebot-Mobile/2.1; +http://www.google.com/bot.html)"
