95.211.139.1 - - [06/Apr/2013:17:48:06 +0200] "GET /robots.txt HTTP/1.0" 200 177 "-" "Mozilla/5.0 (compatible; AcoonBot/4.11.1; +http://www.acoon.de/robot.asp)"
95.211.139.1 - - [06/Apr/2013:17:48:06 +0200] "GET / HTTP/1.0" 200 12175 "-" "Mozilla/5.0 (compatible; AcoonBot/4.11.1; +http://www.acoon.de/robot.asp)"
123.125.71.41 - - [06/Apr/2013:18:43:18 +0200] "GET / HTTP/1.1" 200 8761 "-" "Mozilla/5.0 (compatible; Baiduspider/2.0; +http://www.baidu.com/search/spider.html)"
220.181.108.77 - - [06/Apr/2013:18:44:00 +0200] "GET / HTTP/1.1" 200 6440 "-" "Mozilla/5.0 (compatible; Baiduspider/2.0; +http://www.baidu.com/search/spider.html)"
130.83.167.153 - - [06/Apr/2013:18:45:46 +0200] "GET /kwk.php HTTP/1.1" 200 5767 "-" "findlinks/2.6 (+http://wortschatz.uni-leipzig.de/findlinks/)"
130.83.167.153 - - [06/Apr/2013:18:45:46 +0200] "GET /kwk.php HTTP/1.1" 200 10797 "-" "findlinks/2.6 (+http://wortschatz.uni-leipzig.de/findlinks/)"
192.76.246.117 - - [06/Apr/2013:18:45:58 +0200] "GET / HTTP/1.1" 200 12175 "-" "Java/1.6.0_27"
66.249.78.46 - - [06/Apr/2013:19:31:06 +0200] "GET /news.php?cs_go=archiv&cs_id=3619 HTTP/1.1" 200 10783 "-" "Mozilla/5.0 (compatible; Googlebot/2.1; +http://www.google.com/bot.html)"
208.115.111.75 - - [06/Apr/2013:19:35:41 +0200] "GET /robots.txt HTTP/1.1" 200 177 "-" "Mozilla/5.0 (compatible; Ezooms/1.0; ezooms.bot@gmail.com)"
101.226.168.203 - - [06/Apr/2013:20:52:09 +0200] "GET /news.php?cs_go=archiv&cs_id=3781 HTTP/1.1" 200 11328 "http://www.mink-gmbh.de/news.php?cs_go=archiv&cs_id=3781" "Mozilla/4.0 (compatible; MSIE 8.0; Windows NT 6.1; Trident/4.0; SLCC2; .NET CLR 2.0.50727; .NET CLR 3.5.30729; .NET CLR 3.0.30729; Media Center PC 6.0; MDDR; .NET4.0C; .NET4.0E; .NET CLR 1.1.4322; Tablet PC 2.0); 360Spider"
101.226.168.208 - - [06/Apr/2013:20:52:09 +0200] "GET /news.php?cs_go=archiv&cs_id=4024 HTTP/1.1" 200 13346 "http://www.mink-gmbh.de/news.php?cs_go=archiv&cs_id=4024" "Mozilla/4.0 (compatible; MSIE 8.0; Windows NT 6.1; Trident/4.0; SLCC2; .NET CLR 2.0.50727; .NET CLR 3.5.30729; .NET CLR 3.0.30729; Media Center PC 6.0; MDDR; .NET4.0C; .NET4.0E; .NET CLR 1.1.4322; Tablet PC 2.0); 360Spider"
101.226.168.208 - - [06/Apr/2013:20:52:09 +0200] "GET /news.php?cs_go=archiv&cs_id=3776 HTTP/1.1" 200 13403 "http://www.mink-gmbh.de/news.php?cs_go=archiv&cs_id=3776" "Mozilla/4.0 (compatible; MSIE 8.0; Windows NT 6.1; Trident/4.0; SLCC2; .NET CLR 2.0.50727; .NET CLR 3.5.30729; .NET CLR 3.0.30729; Media Center PC 6.0; MDDR; .NET4.0C; .NET4.0E; .NET CLR 1.1.4322; Tablet PC 2.0); 360Spider"
101.226.168.209 - - [06/Apr/2013:20:53:10 +0200] "GET /news.php?cs_go=archiv&cs_id=3783 HTTP/1.1" 200 11634 "http://www.mink-gmbh.de/news.php?cs_go=archiv&cs_id=3783" "Mozilla/4.0 (compatible; MSIE 8.0; Windows NT 6.1; Trident/4.0; SLCC2; .NET CLR 2.0.50727; .NET CLR 3.5.30729; .NET CLR 3.0.30729; Media Center PC 6.0; MDDR; .NET4.0C; .NET4.0E; .NET CLR 1.1.4322; Tablet PC 2.0); 360Spider"
101.226.168.210 - - [06/Apr/2013:20:53:10 +0200] "GET /news.php?cs_go=archiv&cs_id=3989 HTTP/1.1" 200 12025 "http://www.mink-gmbh.de/news.php?cs_go=archiv&cs_id=3989" "Mozilla/4.0 (compatible; MSIE 8.0; Windows NT 6.1; Trident/4.0; SLCC2; .NET CLR 2.0.50727; .NET CLR 3.5.30729; .NET CLR 3.0.30729; Media Center PC 6.0; MDDR; .NET4.0C; .NET4.0E; .NET CLR 1.1.4322; Tablet PC 2.0); 360Spider"
101.226.168.205 - - [06/Apr/2013:20:53:15 +0200] "GET /jobs.php HTTP/1.1" 200 7200 "http://www.mink-gmbh.de/jobs.php" "Mozilla/4.0 (compatible; MSIE 8.0; Windows NT 6.1; Trident/4.0; SLCC2; .NET CLR 2.0.50727; .NET CLR 3.5.30729; .NET CLR 3.0.30729; Media Center PC 6.0; MDDR; .NET4.0C; .NET4.0E; .NET CLR 1.1.4322; Tablet PC 2.0); 360Spider"
101.226.168.206 - - [06/Apr/2013:20:53:28 +0200] "GET /lexikon.php?cs_go=3&cs_id=171 HTTP/1.1" 200 8008 "http://www.mink-gmbh.de/lexikon.php?cs_go=3&cs_id=171" "Mozilla/4.0 (compatible; MSIE 8.0; Windows NT 6.1; Trident/4.0; SLCC2; .NET CLR 2.0.50727; .NET CLR 3.5.30729; .NET CLR 3.0.30729; Media Center PC 6.0; MDDR; .NET4.0C; .NET4.0E; .NET CLR 1.1.4322; Tablet PC 2.0); 360Spider"
101.226.168.203 - - [06/Apr/2013:20:53:32 +0200] "GET /news.php?cs_go=archiv&cs_id=3988 HTTP/1.1" 200 10101 "http://www.mink-gmbh.de/news.php?cs_go=archiv&cs_id=3988" "Mozilla/4.0 (compatible; MSIE 8.0; Windows NT 6.1; Trident/4.0; SLCC2; .NET CLR 2.0.50727; .NET CLR 3.5.30729; .NET CLR 3.0.30729; Media Center PC 6.0; MDDR; .NET4.0C; .NET4.0E; .NET CLR 1.1.4322; Tablet PC 2.0); 360Spider"
182.118.20.234 - - [06/Apr/2013:20:53:34 +0200] "GET /lexikon.php?cs_go=3&cs_id=15 HTTP/1.1" 200 8036 "http://www.mink-gmbh.de/lexikon.php?cs_go=3&cs_id=15" "Mozilla/5.0 (Windows; U; Windows NT 5.1; zh-CN; rv:1.8.0.11) Firefox/1.5.0.11; 360Spider"
182.118.20.236 - - [06/Apr/2013:20:53:34 +0200] "GET /news.php?cs_go=archiv&cs_startpos=20 HTTP/1.1" 200 22582 "http://www.mink-gmbh.de/news.php?cs_go=archiv&cs_startpos=20" "Mozilla/5.0 (Windows; U; Windows NT 5.1; zh-CN; rv:1.8.0.11) Firefox/1.5.0.11; 360Spider"
101.226.168.206 - - [06/Apr/2013:20:53:47 +0200] "GET /news.php?cs_go=archiv&cs_id=3997 HTTP/1.1" 200 11960 "http://www.mink-gmbh.de/news.php?cs_go=archiv&cs_id=3997" "Mozilla/4.0 (compatible; MSIE 8.0; Windows NT 6.1; Trident/4.0; SLCC2; .NET CLR 2.0.50727; .NET CLR 3.5.30729; .NET CLR 3.0.30729; Media Center PC 6.0; MDDR; .NET4.0C; .NET4.0E; .NET CLR 1.1.4322; Tablet PC 2.0); 360Spider"
101.226.168.203 - - [06/Apr/2013:20:53:50 +0200] "GET /news.php?cs_go=archiv&cs_id=3996 HTTP/1.1" 200 11642 "http://www.mink-gmbh.de/news.php?cs_go=archiv&cs_id=3996" "Mozilla/4.0 (compatible; MSIE 8.0; Windows NT 6.1; Trident/4.0; SLCC2; .NET CLR 2.0.50727; .NET CLR 3.5.30729; .NET CLR 3.0.30729; Media Center PC 6.0; MDDR; .NET4.0C; .NET4.0E; .NET CLR 1.1.4322; Tablet PC 2.0); 360Spider"
182.118.20.235 - - [06/Apr/2013:20:54:52 +0200] "GET /news.php?cs_go=archiv&cs_startpos=210 HTTP/1.1" 200 22669 "http://www.mink-gmbh.de/news.php?cs_go=archiv&cs_startpos=210" "Mozilla/5.0 (Windows; U; Windows NT 5.1; zh-CN; rv:1.8.0.11) Firefox/1.5.0.11; 360Spider"
182.118.20.234 - - [06/Apr/2013:20:54:55 +0200] "GET /news.php?cs_go=archiv&cs_startpos=230 HTTP/1.1" 200 14026 "http://www.mink-gmbh.de/news.php?cs_go=archiv&cs_startpos=230" "Mozilla/5.0 (Windows; U; Windows NT 5.1; zh-CN; rv:1.8.0.11) Firefox/1.5.0.11; 360Spider"
182.118.20.234 - - [06/Apr/2013:20:56:08 +0200] "GET /news.php?cs_go=archiv&cs_startpos=40 HTTP/1.1" 200 22796 "http://www.mink-gmbh.de/news.php?cs_go=archiv&cs_startpos=40" "Mozilla/5.0 (Windows; U; Windows NT 5.1; zh-CN; rv:1.8.0.11) Firefox/1.5.0.11; 360Spider"
182.118.20.233 - - [06/Apr/2013:20:56:08 +0200] "GET /news.php?cs_go=archiv&cs_startpos=50 HTTP/1.1" 200 22916 "http://www.mink-gmbh.de/news.php?cs_go=archiv&cs_startpos=50" "Mozilla/5.0 (Windows; U; Windows NT 5.1; zh-CN; rv:1.8.0.11) Firefox/1.5.0.11; 360Spider"
182.118.20.237 - - [06/Apr/2013:20:57:16 +0200] "GET /news.php?cs_go=archiv&cs_id=3980 HTTP/1.1" 200 9937 "http://www.mink-gmbh.de/news.php?cs_go=archiv&cs_id=3980" "Mozilla/5.0 (Windows; U; Windows NT 5.1; zh-CN; rv:1.8.0.11) Firefox/1.5.0.11; 360Spider"
182.118.20.233 - - [06/Apr/2013:20:57:16 +0200] "GET /wunschpreis.php HTTP/1.1" 200 12084 "http://www.mink-gmbh.de/wunschpreis.php" "Mozilla/5.0 (Windows; U; Windows NT 5.1; zh-CN; rv:1.8.0.11) Firefox/1.5.0.11; 360Spider"
66.249.78.46 - - [06/Apr/2013:20:57:46 +0200] "GET /news.php?cs_go=archiv&cs_id=3731 HTTP/1.1" 200 13854 "-" "Mozilla/5.0 (compatible; Googlebot/2.1; +http://www.google.com/bot.html)"
101.226.167.241 - - [06/Apr/2013:20:58:19 +0200] "GET /lexikon.php?cs_char=r&cs_go=2 HTTP/1.1" 200 9732 "http://www.mink-gmbh.de/lexikon.php?cs_char=r&cs_go=2" "Mozilla/4.0 (compatible; MSIE 8.0; Windows NT 6.1; Trident/4.0; SLCC2; .NET CLR 2.0.50727; .NET CLR 3.5.30729; .NET CLR 3.0.30729; Media Center PC 6.0; MDDR; .NET4.0C; .NET4.0E; .NET CLR 1.1.4322; Tablet PC 2.0); 360Spider"
182.118.22.236 - - [06/Apr/2013:21:00:19 +0200] "GET /lexikon.php?cs_go=3&cs_id=1 HTTP/1.1" 200 8557 "http://www.mink-gmbh.de/lexikon.php?cs_go=3&cs_id=1" "Mozilla/5.0 (Windows; U; Windows NT 5.1; zh-CN; rv:1.8.0.11) Firefox/1.5.0.11; 360Spider"
182.118.22.235 - - [06/Apr/2013:21:00:19 +0200] "GET /lexikon.php?cs_go=3&cs_id=10 HTTP/1.1" 200 8557 "http://www.mink-gmbh.de/lexikon.php?cs_go=3&cs_id=10" "Mozilla/5.0 (Windows; U; Windows NT 5.1; zh-CN; rv:1.8.0.11) Firefox/1.5.0.11; 360Spider"
182.118.22.231 - - [06/Apr/2013:21:00:19 +0200] "GET /lexikon.php?cs_go=3&cs_id=175 HTTP/1.1" 200 8183 "http://www.mink-gmbh.de/lexikon.php?cs_go=3&cs_id=175" "Mozilla/5.0 (Windows; U; Windows NT 5.1; zh-CN; rv:1.8.0.11) Firefox/1.5.0.11; 360Spider"
182.118.22.245 - - [06/Apr/2013:21:00:19 +0200] "GET /news.php?cs_go=archiv&cs_id=3986 HTTP/1.1" 200 13658 "http://www.mink-gmbh.de/news.php?cs_go=archiv&cs_id=3986" "Mozilla/5.0 (Windows; U; Windows NT 5.1; zh-CN; rv:1.8.0.11) Firefox/1.5.0.11; 360Spider"
182.118.22.232 - - [06/Apr/2013:21:00:22 +0200] "GET /news.php?cs_go=archiv&cs_id=3985 HTTP/1.1" 200 9745 "http://www.mink-gmbh.de/news.php?cs_go=archiv&cs_id=3985" "Mozilla/5.0 (Windows; U; Windows NT 5.1; zh-CN; rv:1.8.0.11) Firefox/1.5.0.11; 360Spider"
182.118.22.233 - - [06/Apr/2013:21:01:09 +0200] "GET /news.php?cs_go=archiv&cs_id=3987 HTTP/1.1" 200 13023 "http://www.mink-gmbh.de/news.php?cs_go=archiv&cs_id=3987" "Mozilla/5.0 (Windows; U; Windows NT 5.1; zh-CN; rv:1.8.0.11) Firefox/1.5.0.11; 360Spider"
182.118.22.244 - - [06/Apr/2013:21:01:09 +0200] "GET /lexikon.php?cs_go=3&cs_id=107 HTTP/1.1" 200 8389 "http://www.mink-gmbh.de/lexikon.php?cs_go=3&cs_id=107" "Mozilla/5.0 (Windows; U; Windows NT 5.1; zh-CN; rv:1.8.0.11) Firefox/1.5.0.11; 360Spider"
182.118.22.247 - - [06/Apr/2013:21:01:09 +0200] "GET /lexikon.php?cs_go=3&cs_id=109 HTTP/1.1" 200 9501 "http://www.mink-gmbh.de/lexikon.php?cs_go=3&cs_id=109" "Mozilla/5.0 (Windows; U; Windows NT 5.1; zh-CN; rv:1.8.0.11) Firefox/1.5.0.11; 360Spider"
101.226.168.239 - - [06/Apr/2013:21:01:19 +0200] "GET /lexikon.php?cs_go=3&cs_id=135 HTTP/1.1" 200 9197 "http://www.mink-gmbh.de/lexikon.php?cs_go=3&cs_id=135" "Mozilla/4.0 (compatible; MSIE 8.0; Windows NT 6.1; Trident/4.0; SLCC2; .NET CLR 2.0.50727; .NET CLR 3.5.30729; .NET CLR 3.0.30729; Media Center PC 6.0; MDDR; .NET4.0C; .NET4.0E; .NET CLR 1.1.4322; Tablet PC 2.0); 360Spider"
101.226.168.242 - - [06/Apr/2013:21:01:22 +0200] "GET /lexikon.php?cs_go=3&cs_id=62 HTTP/1.1" 200 8568 "http://www.mink-gmbh.de/lexikon.php?cs_go=3&cs_id=62" "Mozilla/4.0 (compatible; MSIE 8.0; Windows NT 6.1; Trident/4.0; SLCC2; .NET CLR 2.0.50727; .NET CLR 3.5.30729; .NET CLR 3.0.30729; Media Center PC 6.0; MDDR; .NET4.0C; .NET4.0E; .NET CLR 1.1.4322; Tablet PC 2.0); 360Spider"
101.226.168.242 - - [06/Apr/2013:21:01:22 +0200] "GET /news.php?cs_go=archiv&cs_id=3998 HTTP/1.1" 200 11828 "http://www.mink-gmbh.de/news.php?cs_go=archiv&cs_id=3998" "Mozilla/4.0 (compatible; MSIE 8.0; Windows NT 6.1; Trident/4.0; SLCC2; .NET CLR 2.0.50727; .NET CLR 3.5.30729; .NET CLR 3.0.30729; Media Center PC 6.0; MDDR; .NET4.0C; .NET4.0E; .NET CLR 1.1.4322; Tablet PC 2.0); 360Spider"
66.249.75.49 - - [06/Apr/2013:21:04:42 +0200] "GET /news.php?cs_go=archiv&cs_id=4024&cs_search= HTTP/1.1" 200 13346 "-" "SAMSUNG-SGH-E250/1.0 Profile/MIDP-2.0 Configuration/CLDC-1.1 UP.Browser/6.2.3.3.c.1.101 (GUI) MMP/2.0 (compatible; Googlebot-Mobile/2.1; +http://www.google.com/bot.html)"
101.226.167.238 - - [06/Apr/2013:21:08:55 +0200] "GET /news.php?cs_go=archiv&cs_startpos=200 HTTP/1.1" 200 22718 "http://www.mink-gmbh.de/news.php?cs_go=archiv&cs_startpos=200" "Mozilla/4.0 (compatible; MSIE 8.0; Windows NT 6.1; Trident/4.0; SLCC2; .NET CLR 2.0.50727; .NET CLR 3.5.30729; .NET CLR 3.0.30729; Media Center PC 6.0; MDDR; .NET4.0C; .NET4.0E; .NET CLR 1.1.4322; Tablet PC 2.0); 360Spider"
182.118.22.238 - - [06/Apr/2013:21:10:27 +0200] "GET /lexikon.php?cs_go=3&cs_id=110 HTTP/1.1" 200 8703 "http://www.mink-gmbh.de/lexikon.php?cs_go=3&cs_id=110" "Mozilla/5.0 (Windows; U; Windows NT 5.1; zh-CN; rv:1.8.0.11) Firefox/1.5.0.11; 360Spider"
182.118.22.250 - - [06/Apr/2013:21:10:27 +0200] "GET /lexikon.php?cs_go=3&cs_id=113 HTTP/1.1" 200 8176 "http://www.mink-gmbh.de/lexikon.php?cs_go=3&cs_id=113" "Mozilla/5.0 (Windows; U; Windows NT 5.1; zh-CN; rv:1.8.0.11) Firefox/1.5.0.11; 360Spider"
182.118.22.228 - - [06/Apr/2013:21:14:09 +0200] "GET /lexikon.php?cs_go=3&cs_id=150 HTTP/1.1" 200 8218 "http://www.mink-gmbh.de/lexikon.php?cs_go=3&cs_id=150" "Mozilla/5.0 (Windows; U; Windows NT 5.1; zh-CN; rv:1.8.0.11) Firefox/1.5.0.11; 360Spider"
182.118.20.170 - - [06/Apr/2013:21:17:02 +0200] "GET /lexikon.php?cs_go=3&cs_id=152 HTTP/1.1" 200 8578 "http://www.mink-gmbh.de/lexikon.php?cs_go=3&cs_id=152" "Mozilla/5.0 (Windows; U; Windows NT 5.1; zh-CN; rv:1.8.0.11) Firefox/1.5.0.11; 360Spider"
182.118.20.175 - - [06/Apr/2013:21:17:02 +0200] "GET /lexikon.php?cs_go=3&cs_id=168 HTTP/1.1" 200 9138 "http://www.mink-gmbh.de/lexikon.php?cs_go=3&cs_id=168" "Mozilla/5.0 (Windows; U; Windows NT 5.1; zh-CN; rv:1.8.0.11) Firefox/1.5.0.11; 360Spider"
182.118.20.184 - - [06/Apr/2013:21:17:02 +0200] "GET /lexikon.php?cs_go=3&cs_id=154 HTTP/1.1" 200 8226 "http://www.mink-gmbh.de/lexikon.php?cs_go=3&cs_id=154" "Mozilla/5.0 (Windows; U; Windows NT 5.1; zh-CN; rv:1.8.0.11) Firefox/1.5.0.11; 360Spider"
182.118.20.166 - - [06/Apr/2013:21:17:02 +0200] "GET /news.php?cs_go=archiv&cs_id=4026 HTTP/1.1" 200 13500 "http://www.mink-gmbh.de/news.php?cs_go=archiv&cs_id=4026" "Mozilla/5.0 (Windows; U; Windows NT 5.1; zh-CN; rv:1.8.0.11) Firefox/1.5.0.11; 360Spider"
182.118.20.164 - - [06/Apr/2013:21:17:02 +0200] "GET /lexikon.php?cs_go=3&cs_id=153 HTTP/1.1" 200 8749 "http://www.mink-gmbh.de/lexikon.php?cs_go=3&cs_id=153" "Mozilla/5.0 (Windows; U; Windows NT 5.1; zh-CN; rv:1.8.0.11) Firefox/1.5.0.11; 360Spider"
182.118.20.167 - - [06/Apr/2013:21:18:04 +0200] "GET /news.php?cs_go=archiv&cs_id=3973 HTTP/1.1" 200 13506 "http://www.mink-gmbh.de/news.php?cs_go=archiv&cs_id=3973" "Mozilla/5.0 (Windows; U; Windows NT 5.1; zh-CN; rv:1.8.0.11) Firefox/1.5.0.11; 360Spider"
182.118.20.164 - - [06/Apr/2013:21:18:04 +0200] "GET /news.php?cs_go=archiv&cs_id=4025 HTTP/1.1" 200 10207 "http://www.mink-gmbh.de/news.php?cs_go=archiv&cs_id=4025" "Mozilla/5.0 (Windows; U; Windows NT 5.1; zh-CN; rv:1.8.0.11) Firefox/1.5.0.11; 360Spider"
182.118.20.182 - - [06/Apr/2013:21:19:29 +0200] "GET /news.php?cs_go=archiv&cs_id=4027 HTTP/1.1" 200 10329 "http://www.mink-gmbh.de/news.php?cs_go=archiv&cs_id=4027" "Mozilla/5.0 (Windows; U; Windows NT 5.1; zh-CN; rv:1.8.0.11) Firefox/1.5.0.11; 360Spider"
182.118.20.175 - - [06/Apr/2013:21:19:29 +0200] "GET /news.php?cs_go=archiv&cs_startpos=150 HTTP/1.1" 200 22944 "http://www.mink-gmbh.de/news.php?cs_go=archiv&cs_startpos=150" "Mozilla/5.0 (Windows; U; Windows NT 5.1; zh-CN; rv:1.8.0.11) Firefox/1.5.0.11; 360Spider"
208.115.111.75 - - [06/Apr/2013:21:19:44 +0200] "GET /modernisierung.php?cs_gp_go=plus HTTP/1.1" 200 11578 "-" "Mozilla/5.0 (compatible; Ezooms/1.0; ezooms.bot@gmail.com)"
123.125.71.114 - - [06/Apr/2013:21:25:51 +0200] "GET /robots.txt HTTP/1.1" 200 177 "-" "Mozilla/5.0 (Windows NT 5.1; rv:6.0.2) Gecko/20100101 Firefox/6.0.2"
139.18.2.209 - - [06/Apr/2013:21:40:14 +0200] "GET /news.php?cs_go=archiv&cs_id=3909 HTTP/1.1" 200 6992 "-" "findlinks/2.6 (+http://wortschatz.uni-leipzig.de/findlinks/)"
139.18.2.209 - - [06/Apr/2013:21:40:14 +0200] "GET /news.php?cs_go=archiv&cs_id=3909 HTTP/1.1" 200 13399 "-" "findlinks/2.6 (+http://wortschatz.uni-leipzig.de/findlinks/)"
87.187.56.39 - - [06/Apr/2013:21:42:52 +0200] "GET / HTTP/1.1" 200 12175 "-" "Mozilla/5.0 (Windows NT 6.1; rv:20.0) Gecko/20100101 Firefox/20.0"
87.187.56.39 - - [06/Apr/2013:21:42:53 +0200] "GET /style.css HTTP/1.1" 200 8418 "http://www.mink-gmbh.de/" "Mozilla/5.0 (Windows NT 6.1; rv:20.0) Gecko/20100101 Firefox/20.0"
87.187.56.39 - - [06/Apr/2013:21:42:53 +0200] "GET /favicon.ico HTTP/1.1" 200 3638 "-" "Mozilla/5.0 (Windows NT 6.1; rv:20.0) Gecko/20100101 Firefox/20.0"
87.187.56.39 - - [06/Apr/2013:21:42:53 +0200] "GET /js_contentserver24_greybox/gb_styles.css HTTP/1.1" 200 2302 "http://www.mink-gmbh.de/" "Mozilla/5.0 (Windows NT 6.1; rv:20.0) Gecko/20100101 Firefox/20.0"
87.187.56.39 - - [06/Apr/2013:21:42:53 +0200] "GET /modul.css HTTP/1.1" 200 35038 "http://www.mink-gmbh.de/" "Mozilla/5.0 (Windows NT 6.1; rv:20.0) Gecko/20100101 Firefox/20.0"
87.187.56.39 - - [06/Apr/2013:21:42:54 +0200] "GET /images/wunschpreis.jpg HTTP/1.1" 200 16767 "http://www.mink-gmbh.de/" "Mozilla/5.0 (Windows NT 6.1; rv:20.0) Gecko/20100101 Firefox/20.0"
87.187.56.39 - - [06/Apr/2013:21:42:54 +0200] "GET /images/mail.jpg HTTP/1.1" 200 11165 "http://www.mink-gmbh.de/" "Mozilla/5.0 (Windows NT 6.1; rv:20.0) Gecko/20100101 Firefox/20.0"
87.187.56.39 - - [06/Apr/2013:21:42:54 +0200] "GET /images/kwk.gif HTTP/1.1" 200 6403 "http://www.mink-gmbh.de/" "Mozilla/5.0 (Windows NT 6.1; rv:20.0) Gecko/20100101 Firefox/20.0"
87.187.56.39 - - [06/Apr/2013:21:42:54 +0200] "GET /images/logos.jpg HTTP/1.1" 200 15002 "http://www.mink-gmbh.de/" "Mozilla/5.0 (Windows NT 6.1; rv:20.0) Gecko/20100101 Firefox/20.0"
87.187.56.39 - - [06/Apr/2013:21:42:54 +0200] "GET /images/bg.jpg HTTP/1.1" 200 345 "http://www.mink-gmbh.de/style.css" "Mozilla/5.0 (Windows NT 6.1; rv:20.0) Gecko/20100101 Firefox/20.0"
87.187.56.39 - - [06/Apr/2013:21:42:54 +0200] "GET /images/close.png HTTP/1.1" 200 703 "http://www.mink-gmbh.de/" "Mozilla/5.0 (Windows NT 6.1; rv:20.0) Gecko/20100101 Firefox/20.0"
87.187.56.39 - - [06/Apr/2013:21:42:54 +0200] "GET /images/newsletter.png HTTP/1.1" 200 14619 "http://www.mink-gmbh.de/style.css" "Mozilla/5.0 (Windows NT 6.1; rv:20.0) Gecko/20100101 Firefox/20.0"
87.187.56.39 - - [06/Apr/2013:21:42:54 +0200] "GET /images/newsletter_bg.jpg HTTP/1.1" 200 33610 "http://www.mink-gmbh.de/" "Mozilla/5.0 (Windows NT 6.1; rv:20.0) Gecko/20100101 Firefox/20.0"
87.187.56.39 - - [06/Apr/2013:21:42:54 +0200] "GET /images/tkw.jpg HTTP/1.1" 200 64031 "http://www.mink-gmbh.de/" "Mozilla/5.0 (Windows NT 6.1; rv:20.0) Gecko/20100101 Firefox/20.0"
87.187.56.39 - - [06/Apr/2013:21:42:54 +0200] "GET /images/wrapperbg.jpg HTTP/1.1" 200 27465 "http://www.mink-gmbh.de/style.css" "Mozilla/5.0 (Windows NT 6.1; rv:20.0) Gecko/20100101 Firefox/20.0"
87.187.56.39 - - [06/Apr/2013:21:42:54 +0200] "GET /images/freecall.jpg HTTP/1.1" 200 39195 "http://www.mink-gmbh.de/" "Mozilla/5.0 (Windows NT 6.1; rv:20.0) Gecko/20100101 Firefox/20.0"
87.187.56.39 - - [06/Apr/2013:21:42:54 +0200] "GET /images/header.jpg HTTP/1.1" 200 24413 "http://www.mink-gmbh.de/style.css" "Mozilla/5.0 (Windows NT 6.1; rv:20.0) Gecko/20100101 Firefox/20.0"
87.187.56.39 - - [06/Apr/2013:21:42:54 +0200] "GET /images/navibg.png HTTP/1.1" 200 2803 "http://www.mink-gmbh.de/style.css" "Mozilla/5.0 (Windows NT 6.1; rv:20.0) Gecko/20100101 Firefox/20.0"
87.187.56.39 - - [06/Apr/2013:21:42:54 +0200] "GET /images/fallend.png HTTP/1.1" 200 713 "http://www.mink-gmbh.de/modul.css" "Mozilla/5.0 (Windows NT 6.1; rv:20.0) Gecko/20100101 Firefox/20.0"
87.187.56.39 - - [06/Apr/2013:21:42:54 +0200] "GET /images/mobil.jpg HTTP/1.1" 200 25293 "http://www.mink-gmbh.de/style.css" "Mozilla/5.0 (Windows NT 6.1; rv:20.0) Gecko/20100101 Firefox/20.0"
87.187.56.39 - - [06/Apr/2013:21:42:54 +0200] "GET /images/newsletter.jpg HTTP/1.1" 200 13130 "http://www.mink-gmbh.de/style.css" "Mozilla/5.0 (Windows NT 6.1; rv:20.0) Gecko/20100101 Firefox/20.0"
87.187.56.39 - - [06/Apr/2013:21:42:54 +0200] "GET /images/footerbg.jpg HTTP/1.1" 200 2184 "http://www.mink-gmbh.de/style.css" "Mozilla/5.0 (Windows NT 6.1; rv:20.0) Gecko/20100101 Firefox/20.0"
87.187.56.39 - - [06/Apr/2013:21:43:15 +0200] "GET /standard.php HTTP/1.1" 200 9131 "http://www.mink-gmbh.de/" "Mozilla/5.0 (Windows NT 6.1; rv:20.0) Gecko/20100101 Firefox/20.0"
87.187.56.39 - - [06/Apr/2013:21:43:37 +0200] "GET /additive.php HTTP/1.1" 200 8285 "http://www.mink-gmbh.de/standard.php" "Mozilla/5.0 (Windows NT 6.1; rv:20.0) Gecko/20100101 Firefox/20.0"
87.187.56.39 - - [06/Apr/2013:21:43:53 +0200] "GET /wunschpreis.php HTTP/1.1" 200 11997 "http://www.mink-gmbh.de/additive.php" "Mozilla/5.0 (Windows NT 6.1; rv:20.0) Gecko/20100101 Firefox/20.0"
208.115.113.91 - - [06/Apr/2013:21:44:18 +0200] "GET /robots.txt HTTP/1.1" 200 177 "-" "Mozilla/5.0 (compatible; Ezooms/1.0; ezooms.bot@gmail.com)"
81.30.151.222 - - [06/Apr/2013:22:35:46 +0200] "GET /robots.txt HTTP/1.1" 200 177 "-" "Mozilla/5.0 (compatible; Spiderlytics/1.0; +spider@spiderlytics.com)"
81.30.151.222 - - [06/Apr/2013:22:35:46 +0200] "GET /news.php?cs_go=archiv&cs_id=3914&cs_search= HTTP/1.1" 200 9853 "-" "Mozilla/5.0 (compatible; Spiderlytics/1.0; +spider@spiderlytics.com)"
66.249.78.46 - - [06/Apr/2013:22:37:48 +0200] "GET /news.php?cs_go=archiv&cs_id=2742&cs_search= HTTP/1.1" 200 11170 "-" "Mozilla/5.0 (compatible; Googlebot/2.1; +http://www.google.com/bot.html)"
66.249.78.46 - - [06/Apr/2013:22:44:29 +0200] "GET /diesel.php HTTP/1.1" 200 10639 "-" "Mozilla/5.0 (compatible; Googlebot/2.1; +http://www.google.com/bot.html)"
82.94.179.38 - - [06/Apr/2013:23:09:31 +0200] "GET /robots.txt HTTP/1.0" 200 177 "-" "Mozilla/4.0 (compatible; Vagabondo/4.0/EU; http://webagent.wise-guys.nl/)"
82.94.179.38 - - [06/Apr/2013:23:09:31 +0200] "GET /news.php?cs_go=archiv&cs_id=3629 HTTP/1.1" 200 13330 "http://www.mink-gmbh.de/index.php" "Mozilla/4.0 (compatible; Vagabondo/4.0/EU; http://www.wise-guys.nl/)"
82.94.179.38 - - [06/Apr/2013:23:09:35 +0200] "GET /news.php?cs_go=archiv&cs_id=3581 HTTP/1.1" 200 11821 "http://www.mink-gmbh.de/index.php" "Mozilla/4.0 (compatible; Vagabondo/4.0/EU; http://www.wise-guys.nl/)"
82.94.179.38 - - [06/Apr/2013:23:09:39 +0200] "GET /news.php?cs_go=archiv&cs_id=3631 HTTP/1.1" 200 9927 "http://www.mink-gmbh.de/" "Mozilla/4.0 (compatible; Vagabondo/4.0/EU; http://www.wise-guys.nl/)"
82.94.179.38 - - [06/Apr/2013:23:09:43 +0200] "GET /news.php?cs_go=archiv&cs_id=3593 HTTP/1.1" 200 10732 "http://www.mink-gmbh.de/" "Mozilla/4.0 (compatible; Vagabondo/4.0/EU; http://www.wise-guys.nl/)"
82.94.179.38 - - [06/Apr/2013:23:09:47 +0200] "GET /news.php?cs_go=archiv&cs_id=3586 HTTP/1.1" 200 16243 "http://www.mink-gmbh.de/news.php" "Mozilla/4.0 (compatible; Vagabondo/4.0/EU; http://www.wise-guys.nl/)"
82.94.179.38 - - [06/Apr/2013:23:09:52 +0200] "GET /news.php?cs_go=archiv&cs_id=2863 HTTP/1.1" 200 12071 "http://www.mink-gmbh.de/news.php?cs_go=archiv&cs_startpos=510" "Mozilla/4.0 (compatible; Vagabondo/4.0/EU; http://www.wise-guys.nl/)"
82.94.179.38 - - [06/Apr/2013:23:09:56 +0200] "GET /news.php?cs_go=archiv&cs_id=2858 HTTP/1.1" 200 14189 "http://www.mink-gmbh.de/news.php?cs_go=archiv&cs_startpos=520" "Mozilla/4.0 (compatible; Vagabondo/4.0/EU; http://www.wise-guys.nl/)"
82.94.179.38 - - [06/Apr/2013:23:10:01 +0200] "GET /news.php?cs_go=archiv&cs_id=3635 HTTP/1.1" 200 13377 "http://www.mink-gmbh.de/" "Mozilla/4.0 (compatible; Vagabondo/4.0/EU; http://www.wise-guys.nl/)"
82.94.179.38 - - [06/Apr/2013:23:10:06 +0200] "GET /news.php?cs_go=archiv&cs_id=3582 HTTP/1.1" 200 9775 "http://www.mink-gmbh.de/news.php?cs_go=archiv&cs_startpos=10" "Mozilla/4.0 (compatible; Vagabondo/4.0/EU; http://www.wise-guys.nl/)"
82.94.179.38 - - [06/Apr/2013:23:10:11 +0200] "GET /news.php?cs_go=archiv&cs_id=2860 HTTP/1.1" 200 12624 "http://www.mink-gmbh.de/news.php?cs_go=archiv&cs_startpos=520" "Mozilla/4.0 (compatible; Vagabondo/4.0/EU; http://www.wise-guys.nl/)"
82.94.179.38 - - [06/Apr/2013:23:10:16 +0200] "GET /news.php?cs_go=archiv&cs_id=2866 HTTP/1.1" 200 10110 "http://www.mink-gmbh.de/news.php?cs_go=archiv&cs_startpos=510" "Mozilla/4.0 (compatible; Vagabondo/4.0/EU; http://www.wise-guys.nl/)"
65.36.241.79 - - [06/Apr/2013:23:10:20 +0200] "HEAD / HTTP/1.1" 200 - "-" "InternetSeer.com"
82.94.179.38 - - [06/Apr/2013:23:10:20 +0200] "GET /news.php?cs_go=archiv&cs_id=3613 HTTP/1.1" 200 10256 "http://www.mink-gmbh.de/index.php" "Mozilla/4.0 (compatible; Vagabondo/4.0/EU; http://www.wise-guys.nl/)"
82.94.179.38 - - [06/Apr/2013:23:10:24 +0200] "GET /news.php?cs_go=archiv&cs_id=3598 HTTP/1.1" 200 10854 "http://www.mink-gmbh.de/" "Mozilla/4.0 (compatible; Vagabondo/4.0/EU; http://www.wise-guys.nl/)"
82.94.179.38 - - [06/Apr/2013:23:10:29 +0200] "GET /news.php?cs_go=archiv&cs_id=3590 HTTP/1.1" 200 9799 "http://www.mink-gmbh.de/" "Mozilla/4.0 (compatible; Vagabondo/4.0/EU; http://www.wise-guys.nl/)"
82.94.179.38 - - [06/Apr/2013:23:10:33 +0200] "GET /news.php?cs_go=archiv&cs_id=2869 HTTP/1.1" 200 13381 "http://www.mink-gmbh.de/news.php?cs_go=archiv&cs_startpos=500" "Mozilla/4.0 (compatible; Vagabondo/4.0/EU; http://www.wise-guys.nl/)"
82.94.179.38 - - [06/Apr/2013:23:10:38 +0200] "GET /news.php?cs_go=archiv&cs_id=3596 HTTP/1.1" 200 11257 "http://www.mink-gmbh.de/" "Mozilla/4.0 (compatible; Vagabondo/4.0/EU; http://www.wise-guys.nl/)"
82.94.179.38 - - [06/Apr/2013:23:10:42 +0200] "GET /news.php?cs_go=archiv&cs_id=3628 HTTP/1.1" 200 10018 "http://www.mink-gmbh.de/index.php" "Mozilla/4.0 (compatible; Vagabondo/4.0/EU; http://www.wise-guys.nl/)"
82.94.179.38 - - [06/Apr/2013:23:10:46 +0200] "GET /news.php?cs_go=archiv&cs_id=3558 HTTP/1.1" 200 11730 "http://www.mink-gmbh.de/news.php" "Mozilla/4.0 (compatible; Vagabondo/4.0/EU; http://www.wise-guys.nl/)"
82.94.179.38 - - [06/Apr/2013:23:10:50 +0200] "GET /news.php?cs_go=archiv&cs_id=3603 HTTP/1.1" 200 13344 "http://www.mink-gmbh.de/" "Mozilla/4.0 (compatible; Vagabondo/4.0/EU; http://www.wise-guys.nl/)"
82.94.179.38 - - [06/Apr/2013:23:10:54 +0200] "GET /news.php?cs_go=archiv&cs_id=3625 HTTP/1.1" 200 14107 "http://www.mink-gmbh.de/" "Mozilla/4.0 (compatible; Vagabondo/4.0/EU; http://www.wise-guys.nl/)"
82.94.179.38 - - [06/Apr/2013:23:10:59 +0200] "GET /news.php?cs_go=archiv&cs_id=3622 HTTP/1.1" 200 11727 "http://www.mink-gmbh.de/" "Mozilla/4.0 (compatible; Vagabondo/4.0/EU; http://www.wise-guys.nl/)"
82.94.179.38 - - [06/Apr/2013:23:11:03 +0200] "GET /news.php?cs_go=archiv&cs_id=3606 HTTP/1.1" 200 11890 "http://www.mink-gmbh.de/index.php" "Mozilla/4.0 (compatible; Vagabondo/4.0/EU; http://www.wise-guys.nl/)"
82.94.179.38 - - [06/Apr/2013:23:11:07 +0200] "GET /news.php?cs_go=archiv&cs_id=2859 HTTP/1.1" 200 9950 "http://www.mink-gmbh.de/news.php?cs_go=archiv&cs_startpos=520" "Mozilla/4.0 (compatible; Vagabondo/4.0/EU; http://www.wise-guys.nl/)"
82.94.179.38 - - [06/Apr/2013:23:11:12 +0200] "GET /news.php?cs_go=archiv&cs_id=3560 HTTP/1.1" 200 12322 "http://www.mink-gmbh.de/index.php" "Mozilla/4.0 (compatible; Vagabondo/4.0/EU; http://www.wise-guys.nl/)"
82.94.179.38 - - [06/Apr/2013:23:11:16 +0200] "GET /news.php?cs_go=archiv&cs_id=2870 HTTP/1.1" 200 10275 "http://www.mink-gmbh.de/news.php?cs_go=archiv&cs_startpos=500" "Mozilla/4.0 (compatible; Vagabondo/4.0/EU; http://www.wise-guys.nl/)"
82.94.179.38 - - [06/Apr/2013:23:11:21 +0200] "GET /news.php?cs_go=archiv&cs_id=2871 HTTP/1.1" 200 13658 "http://www.mink-gmbh.de/news.php?cs_go=archiv&cs_startpos=500" "Mozilla/4.0 (compatible; Vagabondo/4.0/EU; http://www.wise-guys.nl/)"
82.94.179.38 - - [06/Apr/2013:23:11:26 +0200] "GET /news.php?cs_go=archiv&cs_id=3585 HTTP/1.1" 200 13562 "http://www.mink-gmbh.de/news.php?cs_go=archiv" "Mozilla/4.0 (compatible; Vagabondo/4.0/EU; http://www.wise-guys.nl/)"
82.94.179.38 - - [06/Apr/2013:23:11:30 +0200] "GET /news.php?cs_go=archiv&cs_id=2862 HTTP/1.1" 200 13946 "http://www.mink-gmbh.de/news.php?cs_go=archiv&cs_startpos=510" "Mozilla/4.0 (compatible; Vagabondo/4.0/EU; http://www.wise-guys.nl/)"
82.94.179.38 - - [06/Apr/2013:23:11:35 +0200] "GET /news.php?cs_go=archiv&cs_id=2867 HTTP/1.1" 200 13440 "http://www.mink-gmbh.de/news.php?cs_go=archiv&cs_startpos=510" "Mozilla/4.0 (compatible; Vagabondo/4.0/EU; http://www.wise-guys.nl/)"
82.94.179.38 - - [06/Apr/2013:23:11:40 +0200] "GET /news.php?cs_go=archiv&cs_id=3608 HTTP/1.1" 200 9772 "http://www.mink-gmbh.de/index.php" "Mozilla/4.0 (compatible; Vagabondo/4.0/EU; http://www.wise-guys.nl/)"
82.94.179.38 - - [06/Apr/2013:23:11:44 +0200] "GET /news.php?cs_go=archiv&cs_id=3599 HTTP/1.1" 200 11651 "http://www.mink-gmbh.de/index.php" "Mozilla/4.0 (compatible; Vagabondo/4.0/EU; http://www.wise-guys.nl/)"
82.94.179.38 - - [06/Apr/2013:23:11:48 +0200] "GET /news.php?cs_go=archiv&cs_id=3597 HTTP/1.1" 200 10712 "http://www.mink-gmbh.de/" "Mozilla/4.0 (compatible; Vagabondo/4.0/EU; http://www.wise-guys.nl/)"
82.94.179.38 - - [06/Apr/2013:23:11:53 +0200] "GET /news.php?cs_go=archiv&cs_id=3618 HTTP/1.1" 200 12341 "http://www.mink-gmbh.de/" "Mozilla/4.0 (compatible; Vagabondo/4.0/EU; http://www.wise-guys.nl/)"
82.94.179.38 - - [06/Apr/2013:23:11:57 +0200] "GET /news.php?cs_go=archiv&cs_id=3595 HTTP/1.1" 200 9794 "http://www.mink-gmbh.de/index.php" "Mozilla/4.0 (compatible; Vagabondo/4.0/EU; http://www.wise-guys.nl/)"
82.94.179.38 - - [06/Apr/2013:23:12:01 +0200] "GET /news.php?cs_go=archiv&cs_id=2856 HTTP/1.1" 200 9932 "http://www.mink-gmbh.de/news.php?cs_go=archiv&cs_startpos=520" "Mozilla/4.0 (compatible; Vagabondo/4.0/EU; http://www.wise-guys.nl/)"
82.94.179.38 - - [06/Apr/2013:23:12:05 +0200] "GET /news.php?cs_go=archiv&cs_id=3575 HTTP/1.1" 200 11805 "http://www.mink-gmbh.de/" "Mozilla/4.0 (compatible; Vagabondo/4.0/EU; http://www.wise-guys.nl/)"
82.94.179.38 - - [06/Apr/2013:23:12:10 +0200] "GET /news.php?cs_go=archiv&cs_id=3534 HTTP/1.1" 200 12306 "http://www.mink-gmbh.de/" "Mozilla/4.0 (compatible; Vagabondo/4.0/EU; http://www.wise-guys.nl/)"
82.94.179.38 - - [06/Apr/2013:23:12:14 +0200] "GET /news.php?cs_go=archiv&cs_id=2861 HTTP/1.1" 200 13929 "http://www.mink-gmbh.de/news.php?cs_go=archiv&cs_startpos=520" "Mozilla/4.0 (compatible; Vagabondo/4.0/EU; http://www.wise-guys.nl/)"
82.94.179.38 - - [06/Apr/2013:23:12:18 +0200] "GET /news.php?cs_go=archiv&cs_id=3578 HTTP/1.1" 200 11462 "http://www.mink-gmbh.de/index.php" "Mozilla/4.0 (compatible; Vagabondo/4.0/EU; http://www.wise-guys.nl/)"
82.94.179.38 - - [06/Apr/2013:23:12:22 +0200] "GET /news.php?cs_go=archiv&cs_id=3624 HTTP/1.1" 200 10078 "http://www.mink-gmbh.de/index.php" "Mozilla/4.0 (compatible; Vagabondo/4.0/EU; http://www.wise-guys.nl/)"
82.94.179.38 - - [06/Apr/2013:23:12:26 +0200] "GET /news.php?cs_go=archiv&cs_id=3579 HTTP/1.1" 200 10208 "http://www.mink-gmbh.de/index.php" "Mozilla/4.0 (compatible; Vagabondo/4.0/EU; http://www.wise-guys.nl/)"
82.94.179.38 - - [06/Apr/2013:23:12:31 +0200] "GET /news.php?cs_go=archiv&cs_id=3594 HTTP/1.1" 200 13584 "http://www.mink-gmbh.de/" "Mozilla/4.0 (compatible; Vagabondo/4.0/EU; http://www.wise-guys.nl/)"
82.94.179.38 - - [06/Apr/2013:23:12:36 +0200] "GET /news.php?cs_go=archiv&cs_id=2864 HTTP/1.1" 200 10211 "http://www.mink-gmbh.de/news.php?cs_go=archiv&cs_startpos=510" "Mozilla/4.0 (compatible; Vagabondo/4.0/EU; http://www.wise-guys.nl/)"
82.94.179.38 - - [06/Apr/2013:23:12:40 +0200] "GET /news.php?cs_go=archiv&cs_id=3615 HTTP/1.1" 200 13308 "http://www.mink-gmbh.de/" "Mozilla/4.0 (compatible; Vagabondo/4.0/EU; http://www.wise-guys.nl/)"
82.94.179.38 - - [06/Apr/2013:23:12:44 +0200] "GET /news.php?cs_go=archiv&cs_id=3611 HTTP/1.1" 200 9737 "http://www.mink-gmbh.de/index.php" "Mozilla/4.0 (compatible; Vagabondo/4.0/EU; http://www.wise-guys.nl/)"
82.94.179.38 - - [06/Apr/2013:23:12:48 +0200] "GET /news.php?cs_go=archiv&cs_id=2868 HTTP/1.1" 200 10230 "http://www.mink-gmbh.de/news.php?cs_go=archiv&cs_startpos=510" "Mozilla/4.0 (compatible; Vagabondo/4.0/EU; http://www.wise-guys.nl/)"
82.94.179.38 - - [06/Apr/2013:23:12:52 +0200] "GET /news.php?cs_go=archiv&cs_id=3587 HTTP/1.1" 200 9779 "http://www.mink-gmbh.de/news.php?cs_go=archiv" "Mozilla/4.0 (compatible; Vagabondo/4.0/EU; http://www.wise-guys.nl/)"
82.94.179.38 - - [06/Apr/2013:23:12:57 +0200] "GET /news.php?cs_go=archiv&cs_id=2857 HTTP/1.1" 200 11566 "http://www.mink-gmbh.de/news.php?cs_go=archiv&cs_startpos=520" "Mozilla/4.0 (compatible; Vagabondo/4.0/EU; http://www.wise-guys.nl/)"
82.94.179.38 - - [06/Apr/2013:23:13:02 +0200] "GET /news.php?cs_go=archiv&cs_id=3604 HTTP/1.1" 200 9768 "http://www.mink-gmbh.de/news.php?cs_go=archiv" "Mozilla/4.0 (compatible; Vagabondo/4.0/EU; http://www.wise-guys.nl/)"
82.94.179.38 - - [06/Apr/2013:23:13:07 +0200] "GET /news.php?cs_go=archiv&cs_id=3607 HTTP/1.1" 200 13322 "http://www.mink-gmbh.de/index.php" "Mozilla/4.0 (compatible; Vagabondo/4.0/EU; http://www.wise-guys.nl/)"
82.94.179.38 - - [06/Apr/2013:23:13:11 +0200] "GET /news.php?cs_go=archiv&cs_id=3610 HTTP/1.1" 200 13435 "http://www.mink-gmbh.de/" "Mozilla/4.0 (compatible; Vagabondo/4.0/EU; http://www.wise-guys.nl/)"
82.94.179.38 - - [06/Apr/2013:23:13:16 +0200] "GET /news.php?cs_go=archiv&cs_id=3633 HTTP/1.1" 200 13307 "http://www.mink-gmbh.de/index.php" "Mozilla/4.0 (compatible; Vagabondo/4.0/EU; http://www.wise-guys.nl/)"
82.94.179.38 - - [06/Apr/2013:23:13:20 +0200] "GET /news.php?cs_go=archiv&cs_id=3623 HTTP/1.1" 200 13477 "http://www.mink-gmbh.de/" "Mozilla/4.0 (compatible; Vagabondo/4.0/EU; http://www.wise-guys.nl/)"
82.94.179.38 - - [06/Apr/2013:23:13:25 +0200] "GET /news.php?cs_go=archiv&cs_id=3616 HTTP/1.1" 200 9862 "http://www.mink-gmbh.de/" "Mozilla/4.0 (compatible; Vagabondo/4.0/EU; http://www.wise-guys.nl/)"
82.94.179.38 - - [06/Apr/2013:23:13:30 +0200] "GET /news.php?cs_go=archiv&cs_id=3600 HTTP/1.1" 200 13422 "http://www.mink-gmbh.de/" "Mozilla/4.0 (compatible; Vagabondo/4.0/EU; http://www.wise-guys.nl/)"
82.94.179.38 - - [06/Apr/2013:23:13:34 +0200] "GET /news.php?cs_go=archiv&cs_id=3589 HTTP/1.1" 200 13538 "http://www.mink-gmbh.de/news.php?cs_go=archiv" "Mozilla/4.0 (compatible; Vagabondo/4.0/EU; http://www.wise-guys.nl/)"
82.94.179.38 - - [06/Apr/2013:23:13:38 +0200] "GET /news.php?cs_go=archiv&cs_id=2865 HTTP/1.1" 200 13631 "http://www.mink-gmbh.de/news.php?cs_go=archiv&cs_startpos=510" "Mozilla/4.0 (compatible; Vagabondo/4.0/EU; http://www.wise-guys.nl/)"
82.94.179.38 - - [06/Apr/2013:23:13:42 +0200] "GET /news.php?cs_go=archiv&cs_id=3634 HTTP/1.1" 200 9818 "http://www.mink-gmbh.de/" "Mozilla/4.0 (compatible; Vagabondo/4.0/EU; http://www.wise-guys.nl/)"
82.94.179.38 - - [06/Apr/2013:23:13:47 +0200] "GET /news.php?cs_go=archiv&cs_id=3573 HTTP/1.1" 200 10257 "http://www.mink-gmbh.de/news.php" "Mozilla/4.0 (compatible; Vagabondo/4.0/EU; http://www.wise-guys.nl/)"
82.94.179.38 - - [06/Apr/2013:23:13:52 +0200] "GET /news.php?cs_go=archiv&cs_id=2838 HTTP/1.1" 200 9980 "http://www.mink-gmbh.de/news.php?cs_go=archiv&cs_startpos=540" "Mozilla/4.0 (compatible; Vagabondo/4.0/EU; http://www.wise-guys.nl/)"
82.94.179.38 - - [06/Apr/2013:23:13:57 +0200] "GET /news.php?cs_go=archiv&cs_id=2837 HTTP/1.1" 200 13691 "http://www.mink-gmbh.de/news.php?cs_go=archiv&cs_startpos=550" "Mozilla/4.0 (compatible; Vagabondo/4.0/EU; http://www.wise-guys.nl/)"
82.94.179.38 - - [06/Apr/2013:23:14:01 +0200] "GET /news.php?cs_go=archiv&cs_id=2839 HTTP/1.1" 200 11587 "http://www.mink-gmbh.de/news.php?cs_go=archiv&cs_startpos=540" "Mozilla/4.0 (compatible; Vagabondo/4.0/EU; http://www.wise-guys.nl/)"
82.94.179.38 - - [06/Apr/2013:23:14:05 +0200] "GET /news.php?cs_go=archiv&cs_id=2841 HTTP/1.1" 200 13538 "http://www.mink-gmbh.de/news.php?cs_go=archiv&cs_startpos=540" "Mozilla/4.0 (compatible; Vagabondo/4.0/EU; http://www.wise-guys.nl/)"
82.94.179.38 - - [06/Apr/2013:23:14:10 +0200] "GET /news.php?cs_go=archiv&cs_id=2836 HTTP/1.1" 200 10776 "http://www.mink-gmbh.de/news.php?cs_go=archiv&cs_startpos=550" "Mozilla/4.0 (compatible; Vagabondo/4.0/EU; http://www.wise-guys.nl/)"
82.94.179.38 - - [06/Apr/2013:23:14:14 +0200] "GET /news.php?cs_go=archiv&cs_id=2840 HTTP/1.1" 200 10867 "http://www.mink-gmbh.de/news.php?cs_go=archiv&cs_startpos=540" "Mozilla/4.0 (compatible; Vagabondo/4.0/EU; http://www.wise-guys.nl/)"
82.94.179.38 - - [06/Apr/2013:23:14:18 +0200] "GET /news.php?cs_go=archiv&cs_id=3445 HTTP/1.1" 200 13586 "http://www.mink-gmbh.de/index.php" "Mozilla/4.0 (compatible; Vagabondo/4.0/EU; http://www.wise-guys.nl/)"
82.94.179.38 - - [06/Apr/2013:23:14:23 +0200] "GET /news.php?cs_go=archiv&cs_id=3427 HTTP/1.1" 200 12494 "http://www.mink-gmbh.de/index.php" "Mozilla/4.0 (compatible; Vagabondo/4.0/EU; http://www.wise-guys.nl/)"
82.94.179.38 - - [06/Apr/2013:23:14:28 +0200] "GET /news.php?cs_go=archiv&cs_id=3525 HTTP/1.1" 200 11977 "http://www.mink-gmbh.de/" "Mozilla/4.0 (compatible; Vagabondo/4.0/EU; http://www.wise-guys.nl/)"
82.94.179.38 - - [06/Apr/2013:23:14:32 +0200] "GET /news.php?cs_go=archiv&cs_id=3407 HTTP/1.1" 200 9975 "http://www.mink-gmbh.de/" "Mozilla/4.0 (compatible; Vagabondo/4.0/EU; http://www.wise-guys.nl/)"
82.94.179.38 - - [06/Apr/2013:23:14:37 +0200] "GET /news.php?cs_go=archiv&cs_id=3428 HTTP/1.1" 200 13539 "http://www.mink-gmbh.de/" "Mozilla/4.0 (compatible; Vagabondo/4.0/EU; http://www.wise-guys.nl/)"
82.94.179.38 - - [06/Apr/2013:23:14:42 +0200] "GET /news.php?cs_go=archiv&cs_startpos=581 HTTP/1.1" 200 8125 "http://www.mink-gmbh.de/news.php?cs_go=archiv" "Mozilla/4.0 (compatible; Vagabondo/4.0/EU; http://www.wise-guys.nl/)"
82.94.179.38 - - [06/Apr/2013:23:14:47 +0200] "GET /news.php?cs_go=archiv&cs_id=3651 HTTP/1.1" 200 10049 "http://www.mink-gmbh.de/news.php?cs_go=archiv" "Mozilla/4.0 (compatible; Vagabondo/4.0/EU; http://www.wise-guys.nl/)"
82.94.179.38 - - [06/Apr/2013:23:14:52 +0200] "GET /news.php?cs_go=archiv&cs_id=3656 HTTP/1.1" 200 11181 "http://www.mink-gmbh.de/" "Mozilla/4.0 (compatible; Vagabondo/4.0/EU; http://www.wise-guys.nl/)"
82.94.179.38 - - [06/Apr/2013:23:14:56 +0200] "GET /news.php?cs_go=archiv&cs_id=3657 HTTP/1.1" 200 13330 "http://www.mink-gmbh.de/index.php" "Mozilla/4.0 (compatible; Vagabondo/4.0/EU; http://www.wise-guys.nl/)"
82.94.179.38 - - [06/Apr/2013:23:15:01 +0200] "GET /news.php?cs_go=archiv&cs_id=3645 HTTP/1.1" 200 10048 "http://www.mink-gmbh.de/index.php" "Mozilla/4.0 (compatible; Vagabondo/4.0/EU; http://www.wise-guys.nl/)"
82.94.179.38 - - [06/Apr/2013:23:15:06 +0200] "GET /news.php?cs_go=archiv&cs_id=3654 HTTP/1.1" 200 9837 "http://www.mink-gmbh.de/" "Mozilla/4.0 (compatible; Vagabondo/4.0/EU; http://www.wise-guys.nl/)"
82.94.179.38 - - [06/Apr/2013:23:15:11 +0200] "GET /news.php?cs_go=archiv&cs_id=3620 HTTP/1.1" 200 11765 "http://www.mink-gmbh.de/index.php" "Mozilla/4.0 (compatible; Vagabondo/4.0/EU; http://www.wise-guys.nl/)"
82.94.179.38 - - [06/Apr/2013:23:15:15 +0200] "GET /news.php?cs_go=archiv&cs_id=3653 HTTP/1.1" 200 13360 "http://www.mink-gmbh.de/index.php" "Mozilla/4.0 (compatible; Vagabondo/4.0/EU; http://www.wise-guys.nl/)"
82.94.179.38 - - [06/Apr/2013:23:15:19 +0200] "GET /news.php?cs_go=archiv&cs_id=3647 HTTP/1.1" 200 13379 "http://www.mink-gmbh.de/index.php" "Mozilla/4.0 (compatible; Vagabondo/4.0/EU; http://www.wise-guys.nl/)"
82.94.179.38 - - [06/Apr/2013:23:15:23 +0200] "GET /news.php?cs_go=archiv&cs_id=3641 HTTP/1.1" 200 10079 "http://www.mink-gmbh.de/index.php" "Mozilla/4.0 (compatible; Vagabondo/4.0/EU; http://www.wise-guys.nl/)"
82.94.179.38 - - [06/Apr/2013:23:15:27 +0200] "GET /news.php?cs_go=archiv&cs_id=3637 HTTP/1.1" 200 9674 "http://www.mink-gmbh.de/index.php" "Mozilla/4.0 (compatible; Vagabondo/4.0/EU; http://www.wise-guys.nl/)"
82.94.179.38 - - [06/Apr/2013:23:15:32 +0200] "GET /news.php?cs_go=archiv&cs_id=3650 HTTP/1.1" 200 13362 "http://www.mink-gmbh.de/" "Mozilla/4.0 (compatible; Vagabondo/4.0/EU; http://www.wise-guys.nl/)"
82.94.179.38 - - [06/Apr/2013:23:15:36 +0200] "GET /news.php?cs_go=archiv&cs_id=3621 HTTP/1.1" 200 13052 "http://www.mink-gmbh.de/index.php" "Mozilla/4.0 (compatible; Vagabondo/4.0/EU; http://www.wise-guys.nl/)"
82.94.179.38 - - [06/Apr/2013:23:15:40 +0200] "GET /news.php?cs_go=archiv&cs_id=3649 HTTP/1.1" 200 10037 "http://www.mink-gmbh.de/" "Mozilla/4.0 (compatible; Vagabondo/4.0/EU; http://www.wise-guys.nl/)"
82.94.179.38 - - [06/Apr/2013:23:15:44 +0200] "GET /news.php?cs_go=archiv&cs_id=3643 HTTP/1.1" 200 13285 "http://www.mink-gmbh.de/index.php" "Mozilla/4.0 (compatible; Vagabondo/4.0/EU; http://www.wise-guys.nl/)"
82.94.179.38 - - [06/Apr/2013:23:15:49 +0200] "GET /news.php?cs_go=archiv&cs_id=3646 HTTP/1.1" 200 12111 "http://www.mink-gmbh.de/" "Mozilla/4.0 (compatible; Vagabondo/4.0/EU; http://www.wise-guys.nl/)"
82.94.179.38 - - [06/Apr/2013:23:15:53 +0200] "GET /news.php?cs_go=archiv&cs_id=3639 HTTP/1.1" 200 13649 "http://www.mink-gmbh.de/news.php" "Mozilla/4.0 (compatible; Vagabondo/4.0/EU; http://www.wise-guys.nl/)"
82.94.179.38 - - [06/Apr/2013:23:15:58 +0200] "GET /news.php?cs_go=archiv&cs_id=3619 HTTP/1.1" 200 10783 "http://www.mink-gmbh.de/index.php" "Mozilla/4.0 (compatible; Vagabondo/4.0/EU; http://www.wise-guys.nl/)"
208.115.113.91 - - [06/Apr/2013:23:29:34 +0200] "GET /news.php?cs_go=archiv&cs_id=3732&cs_search= HTTP/1.1" 200 11907 "-" "Mozilla/5.0 (compatible; Ezooms/1.0; ezooms.bot@gmail.com)"
208.115.113.91 - - [06/Apr/2013:23:29:37 +0200] "GET /news.php?cs_go=archiv&cs_startpos=40 HTTP/1.1" 200 22796 "-" "Mozilla/5.0 (compatible; Ezooms/1.0; ezooms.bot@gmail.com)"
66.249.75.49 - - [06/Apr/2013:23:30:17 +0200] "GET /news.php?cs_go=archiv&cs_id=4025&cs_search= HTTP/1.1" 200 10207 "-" "DoCoMo/2.0 N905i(c100;TB;W24H16) (compatible; Googlebot-Mobile/2.1; +http://www.google.com/bot.html)"
208.115.111.75 - - [06/Apr/2013:23:37:39 +0200] "GET /robots.txt HTTP/1.1" 200 177 "-" "Mozilla/5.0 (compatible; Ezooms/1.0; ezooms.bot@gmail.com)"
141.8.147.12 - - [07/Apr/2013:00:21:22 +0200] "GET /robots.txt HTTP/1.1" 200 177 "-" "Mozilla/5.0 (compatible; YandexBot/3.0; +http://yandex.com/bots)"
69.30.238.18 - - [07/Apr/2013:00:28:23 +0200] "GET /robots.txt HTTP/1.0" 200 177 "-" "Mozilla/5.0 (compatible; MJ12bot/v1.4.3; http://www.majestic12.co.uk/bot.php?+)"
69.30.238.18 - - [07/Apr/2013:00:28:25 +0200] "GET / HTTP/1.0" 200 12175 "-" "Mozilla/5.0 (compatible; MJ12bot/v1.4.3; http://www.majestic12.co.uk/bot.php?+)"
123.125.71.94 - - [07/Apr/2013:00:52:39 +0200] "GET /images/freecall.jpg HTTP/1.1" 200 39195 "-" "Baiduspider-image+(+http://www.baidu.com/search/spider.htm)"
141.8.147.12 - - [07/Apr/2013:01:06:21 +0200] "GET /kwk.php?cs_go=2 HTTP/1.1" 200 11855 "-" "Mozilla/5.0 (compatible; YandexBot/3.0; +http://yandex.com/bots)"
208.115.111.75 - - [07/Apr/2013:01:18:41 +0200] "GET /news.php?cs_go=archiv&cs_id=3888&cs_search= HTTP/1.1" 200 13349 "-" "Mozilla/5.0 (compatible; Ezooms/1.0; ezooms.bot@gmail.com)"
66.249.75.49 - - [07/Apr/2013:01:44:02 +0200] "GET /robots.txt HTTP/1.1" 200 177 "-" "Mozilla/5.0 (compatible; Googlebot/2.1; +http://www.google.com/bot.html)"
66.249.78.46 - - [07/Apr/2013:01:44:02 +0200] "GET /news.php?cs_go=archiv&cs_id=3957 HTTP/1.1" 200 10662 "-" "Mozilla/5.0 (iPhone; U; CPU iPhone OS 4_1 like Mac OS X; en-us) AppleWebKit/532.9 (KHTML, like Gecko) Version/4.0.5 Mobile/8B117 Safari/6531.22.7 (compatible; Googlebot-Mobile/2.1; +http://www.google.com/bot.html)"
139.18.2.209 - - [07/Apr/2013:02:03:34 +0200] "GET /news.php?cs_go=archiv&cs_id=3620&cs_search= HTTP/1.1" 200 7004 "-" "findlinks/2.6 (+http://wortschatz.uni-leipzig.de/findlinks/)"
139.18.2.209 - - [07/Apr/2013:02:03:35 +0200] "GET /news.php?cs_go=archiv&cs_id=3620&cs_search= HTTP/1.1" 200 11678 "-" "findlinks/2.6 (+http://wortschatz.uni-leipzig.de/findlinks/)"
66.249.78.46 - - [07/Apr/2013:02:20:32 +0200] "GET / HTTP/1.1" 200 12175 "-" "Mozilla/5.0 (compatible; Googlebot/2.1; +http://www.google.com/bot.html)"
157.56.93.84 - - [07/Apr/2013:02:53:26 +0200] "GET /robots.txt HTTP/1.1" 200 177 "-" "Mozilla/5.0 (compatible; bingbot/2.0; +http://www.bing.com/bingbot.htm)"
157.56.93.84 - - [07/Apr/2013:02:54:56 +0200] "GET /documente/ HTTP/1.1" 404 - "-" "Mozilla/5.0 (compatible; bingbot/2.0; +http://www.bing.com/bingbot.htm)"
157.55.33.29 - - [07/Apr/2013:02:59:00 +0200] "GET / HTTP/1.1" 200 12175 "-" "Mozilla/5.0 (compatible; bingbot/2.0; +http://www.bing.com/bingbot.htm)"
66.249.78.46 - - [07/Apr/2013:03:00:57 +0200] "GET /additive.php HTTP/1.1" 200 8372 "-" "Mozilla/5.0 (compatible; Googlebot/2.1; +http://www.google.com/bot.html)"
157.55.32.103 - - [07/Apr/2013:03:21:37 +0200] "GET /images/ HTTP/1.1" 404 - "-" "Mozilla/5.0 (compatible; bingbot/2.0; +http://www.bing.com/bingbot.htm)"
141.8.147.12 - - [07/Apr/2013:03:30:24 +0200] "GET /lexikon.php?cs_go=3&cs_id=23 HTTP/1.1" 200 9321 "-" "Mozilla/5.0 (compatible; YandexBot/3.0; +http://yandex.com/bots)"
139.18.2.209 - - [07/Apr/2013:03:37:31 +0200] "GET /news.php?cs_go=archiv&cs_startpos=200 HTTP/1.1" 200 6992 "-" "findlinks/2.6 (+http://wortschatz.uni-leipzig.de/findlinks/)"
139.18.2.209 - - [07/Apr/2013:03:37:31 +0200] "GET /news.php?cs_go=archiv&cs_startpos=200 HTTP/1.1" 200 22631 "-" "findlinks/2.6 (+http://wortschatz.uni-leipzig.de/findlinks/)"
66.249.78.46 - - [07/Apr/2013:04:02:28 +0200] "GET /news.php HTTP/1.1" 200 15691 "-" "Mozilla/5.0 (iPhone; U; CPU iPhone OS 4_1 like Mac OS X; en-us) AppleWebKit/532.9 (KHTML, like Gecko) Version/4.0.5 Mobile/8B117 Safari/6531.22.7 (compatible; Googlebot-Mobile/2.1; +http://www.google.com/bot.html)"
81.30.151.222 - - [07/Apr/2013:04:03:15 +0200] "GET /news.php?cs_go=archiv&cs_startpos=160 HTTP/1.1" 200 22761 "-" "Mozilla/5.0 (compatible; Spiderlytics/1.0; +spider@spiderlytics.com)"
66.249.78.46 - - [07/Apr/2013:04:09:04 +0200] "GET /news.php HTTP/1.1" 200 22160 "-" "Mozilla/5.0 (iPhone; U; CPU iPhone OS 4_1 like Mac OS X; en-us) AppleWebKit/532.9 (KHTML, like Gecko) Version/4.0.5 Mobile/8B117 Safari/6531.22.7 (compatible; Googlebot-Mobile/2.1; +http://www.google.com/bot.html)"
65.36.241.79 - - [07/Apr/2013:04:10:41 +0200] "HEAD / HTTP/1.1" 200 - "-" "InternetSeer.com"
66.249.78.46 - - [07/Apr/2013:04:35:20 +0200] "GET /news.php?cs_go=archiv&cs_id=3264 HTTP/1.1" 200 9900 "-" "Mozilla/5.0 (compatible; Googlebot/2.1; +http://www.google.com/bot.html)"
81.30.151.222 - - [07/Apr/2013:05:15:45 +0200] "GET /news.php?cs_go=archiv&cs_id=3951&cs_search= HTTP/1.1" 200 13501 "-" "Mozilla/5.0 (compatible; Spiderlytics/1.0; +spider@spiderlytics.com)"
66.249.78.46 - - [07/Apr/2013:05:22:59 +0200] "GET /lexikon.php?cs_go=2&cs_char=u HTTP/1.1" 200 8744 "-" "Mozilla/5.0 (compatible; Googlebot/2.1; +http://www.google.com/bot.html)"
208.115.113.91 - - [07/Apr/2013:05:41:23 +0200] "GET /robots.txt HTTP/1.1" 200 177 "-" "Mozilla/5.0 (compatible; Ezooms/1.0; ezooms.bot@gmail.com)"
66.249.78.46 - - [07/Apr/2013:05:58:46 +0200] "GET /lexikon.php?cs_go=3&cs_id=16 HTTP/1.1" 200 8903 "-" "Mozilla/5.0 (compatible; Googlebot/2.1; +http://www.google.com/bot.html)"
66.249.75.49 - - [07/Apr/2013:06:04:44 +0200] "GET /news.php?cs_go=archiv&cs_id=3542 HTTP/1.1" 200 13418 "-" "Mozilla/5.0 (compatible; Googlebot/2.1; +http://www.google.com/bot.html)"
130.83.167.153 - - [07/Apr/2013:06:10:55 +0200] "GET /rueckrufservice.php HTTP/1.1" 200 7017 "-" "findlinks/2.6 (+http://wortschatz.uni-leipzig.de/findlinks/)"
130.83.167.153 - - [07/Apr/2013:06:10:55 +0200] "GET /rueckrufservice.php HTTP/1.1" 200 10683 "-" "findlinks/2.6 (+http://wortschatz.uni-leipzig.de/findlinks/)"
81.30.151.222 - - [07/Apr/2013:06:16:24 +0200] "GET /news.php?cs_go=archiv&cs_id=3930&cs_search= HTTP/1.1" 200 10743 "-" "Mozilla/5.0 (compatible; Spiderlytics/1.0; +spider@spiderlytics.com)"
141.8.147.12 - - [07/Apr/2013:06:19:16 +0200] "GET /lexikon.php?cs_go=3&cs_id=25 HTTP/1.1" 200 8404 "-" "Mozilla/5.0 (compatible; YandexBot/3.0; +http://yandex.com/bots)"
66.249.75.49 - - [07/Apr/2013:06:46:30 +0200] "GET /news.php?cs_go=archiv&cs_id=3504 HTTP/1.1" 200 14791 "-" "Mozilla/5.0 (compatible; Googlebot/2.1; +http://www.google.com/bot.html)"
66.249.75.49 - - [07/Apr/2013:07:15:09 +0200] "GET /jobs.php HTTP/1.1" 200 7200 "-" "DoCoMo/2.0 N905i(c100;TB;W24H16) (compatible; Googlebot-Mobile/2.1; +http://www.google.com/bot.html)"
208.115.113.91 - - [07/Apr/2013:07:29:23 +0200] "GET /index.php HTTP/1.1" 200 12175 "-" "Mozilla/5.0 (compatible; Ezooms/1.0; ezooms.bot@gmail.com)"
81.30.151.222 - - [07/Apr/2013:08:07:28 +0200] "GET /news.php?cs_go=archiv&cs_id=3916&cs_search= HTTP/1.1" 200 11199 "-" "Mozilla/5.0 (compatible; Spiderlytics/1.0; +spider@spiderlytics.com)"
78.30.200.81 - - [07/Apr/2013:08:12:44 +0200] "GET /robots.txt HTTP/1.0" 200 177 "-" "Mozilla/5.0 (compatible; MJ12bot/v1.4.3; http://www.majestic12.co.uk/bot.php?+)"
78.30.200.81 - - [07/Apr/2013:08:12:45 +0200] "GET /agb.php HTTP/1.0" 200 19709 "-" "Mozilla/5.0 (compatible; MJ12bot/v1.4.3; http://www.majestic12.co.uk/bot.php?+)"
78.30.200.81 - - [07/Apr/2013:08:12:47 +0200] "GET /news.php?cs_go=archiv&cs_id=2678 HTTP/1.0" 200 7887 "-" "Mozilla/5.0 (compatible; MJ12bot/v1.4.3; http://www.majestic12.co.uk/bot.php?+)"
78.30.200.81 - - [07/Apr/2013:08:12:49 +0200] "GET /news.php?cs_go=archiv&cs_id=2679 HTTP/1.0" 200 7887 "-" "Mozilla/5.0 (compatible; MJ12bot/v1.4.3; http://www.majestic12.co.uk/bot.php?+)"
78.30.200.81 - - [07/Apr/2013:08:12:50 +0200] "GET /news.php?cs_go=archiv&cs_id=2680 HTTP/1.0" 200 7887 "-" "Mozilla/5.0 (compatible; MJ12bot/v1.4.3; http://www.majestic12.co.uk/bot.php?+)"
141.8.147.12 - - [07/Apr/2013:08:12:51 +0200] "GET /lexikon.php?cs_go=3&cs_id=88 HTTP/1.1" 200 8816 "-" "Mozilla/5.0 (compatible; YandexBot/3.0; +http://yandex.com/bots)"
78.30.200.81 - - [07/Apr/2013:08:12:53 +0200] "GET /news.php?cs_go=archiv&cs_id=2681 HTTP/1.0" 200 7887 "-" "Mozilla/5.0 (compatible; MJ12bot/v1.4.3; http://www.majestic12.co.uk/bot.php?+)"
78.30.200.81 - - [07/Apr/2013:08:12:54 +0200] "GET /news.php?cs_go=archiv&cs_id=2682 HTTP/1.0" 200 7887 "-" "Mozilla/5.0 (compatible; MJ12bot/v1.4.3; http://www.majestic12.co.uk/bot.php?+)"
78.30.200.81 - - [07/Apr/2013:08:12:56 +0200] "GET /news.php?cs_go=archiv&cs_id=2683 HTTP/1.0" 200 7887 "-" "Mozilla/5.0 (compatible; MJ12bot/v1.4.3; http://www.majestic12.co.uk/bot.php?+)"
78.30.200.81 - - [07/Apr/2013:08:12:58 +0200] "GET /news.php?cs_go=archiv&cs_id=2684 HTTP/1.0" 200 7887 "-" "Mozilla/5.0 (compatible; MJ12bot/v1.4.3; http://www.majestic12.co.uk/bot.php?+)"
78.30.200.81 - - [07/Apr/2013:08:12:59 +0200] "GET /news.php?cs_go=archiv&cs_id=2685 HTTP/1.0" 200 7887 "-" "Mozilla/5.0 (compatible; MJ12bot/v1.4.3; http://www.majestic12.co.uk/bot.php?+)"
78.30.200.81 - - [07/Apr/2013:08:13:01 +0200] "GET /news.php?cs_go=archiv&cs_id=2686 HTTP/1.0" 200 7887 "-" "Mozilla/5.0 (compatible; MJ12bot/v1.4.3; http://www.majestic12.co.uk/bot.php?+)"
