82.94.179.38 - - [12/Apr/2013:22:59:35 +0200] "GET /robots.txt HTTP/1.0" 200 177 "-" "Mozilla/4.0 (compatible; Vagabondo/4.0/EU; http://webagent.wise-guys.nl/)"
82.94.179.38 - - [12/Apr/2013:22:59:35 +0200] "GET /index.php HTTP/1.1" 200 12098 "http://www.mink-gmbh.de/" "Mozilla/4.0 (compatible; Vagabondo/4.0/EU; http://www.wise-guys.nl/)"
82.94.179.38 - - [12/Apr/2013:22:59:45 +0200] "GET / HTTP/1.1" 200 12098 "-" "Mozilla/4.0 (compatible; Vagabondo/4.0/EU; http://www.wise-guys.nl/)"
82.94.179.38 - - [12/Apr/2013:22:59:54 +0200] "GET /news.php?cs_go=archiv&cs_startpos=10 HTTP/1.1" 200 22365 "http://www.mink-gmbh.de/news.php" "Mozilla/4.0 (compatible; Vagabondo/4.0/EU; http://www.wise-guys.nl/)"
82.94.179.38 - - [12/Apr/2013:23:00:03 +0200] "GET /news.php?cs_go=archiv&cs_startpos=30 HTTP/1.1" 200 22520 "http://www.mink-gmbh.de/news.php" "Mozilla/4.0 (compatible; Vagabondo/4.0/EU; http://www.wise-guys.nl/)"
82.94.179.38 - - [12/Apr/2013:23:00:14 +0200] "GET /news.php?cs_go=archiv&cs_startpos=80 HTTP/1.1" 200 22631 "http://www.mink-gmbh.de/news.php?cs_go=archiv&cs_startpos=50" "Mozilla/4.0 (compatible; Vagabondo/4.0/EU; http://www.wise-guys.nl/)"
82.94.179.38 - - [12/Apr/2013:23:00:23 +0200] "GET /news.php?cs_go=archiv&cs_startpos=210 HTTP/1.1" 200 22569 "http://www.mink-gmbh.de/news.php?cs_go=archiv&cs_startpos=200" "Mozilla/4.0 (compatible; Vagabondo/4.0/EU; http://www.wise-guys.nl/)"
82.94.179.38 - - [12/Apr/2013:23:00:33 +0200] "GET /news.php?cs_go=archiv&cs_startpos=160 HTTP/1.1" 200 22974 "http://www.mink-gmbh.de/news.php?cs_go=archiv&cs_startpos=150" "Mozilla/4.0 (compatible; Vagabondo/4.0/EU; http://www.wise-guys.nl/)"
82.94.179.38 - - [12/Apr/2013:23:00:42 +0200] "GET /news.php?cs_go=archiv&cs_startpos=100 HTTP/1.1" 200 22847 "http://www.mink-gmbh.de/news.php?cs_go=archiv&cs_startpos=50" "Mozilla/4.0 (compatible; Vagabondo/4.0/EU; http://www.wise-guys.nl/)"
82.94.179.38 - - [12/Apr/2013:23:00:50 +0200] "GET /news.php?cs_go=archiv&cs_startpos=200 HTTP/1.1" 200 22545 "http://www.mink-gmbh.de/news.php?cs_go=archiv&cs_startpos=150" "Mozilla/4.0 (compatible; Vagabondo/4.0/EU; http://www.wise-guys.nl/)"
82.94.179.38 - - [12/Apr/2013:23:00:58 +0200] "GET /news.php?cs_go=archiv&cs_startpos=70 HTTP/1.1" 200 22858 "http://www.mink-gmbh.de/news.php?cs_go=archiv&cs_startpos=20" "Mozilla/4.0 (compatible; Vagabondo/4.0/EU; http://www.wise-guys.nl/)"
82.94.179.38 - - [12/Apr/2013:23:01:07 +0200] "GET /news.php?cs_go=archiv&cs_startpos=180 HTTP/1.1" 200 22759 "http://www.mink-gmbh.de/news.php?cs_go=archiv&cs_startpos=140" "Mozilla/4.0 (compatible; Vagabondo/4.0/EU; http://www.wise-guys.nl/)"
82.94.179.38 - - [12/Apr/2013:23:01:18 +0200] "GET /news.php HTTP/1.1" 200 21922 "http://www.mink-gmbh.de/" "Mozilla/4.0 (compatible; Vagabondo/4.0/EU; http://www.wise-guys.nl/)"
82.94.179.38 - - [12/Apr/2013:23:01:31 +0200] "GET /news.php?cs_go=archiv&cs_startpos=40 HTTP/1.1" 200 22720 "http://www.mink-gmbh.de/news.php" "Mozilla/4.0 (compatible; Vagabondo/4.0/EU; http://www.wise-guys.nl/)"
82.94.179.38 - - [12/Apr/2013:23:01:43 +0200] "GET /news.php?cs_go=archiv&cs_startpos=60 HTTP/1.1" 200 23048 "http://www.mink-gmbh.de/news.php?cs_go=archiv&cs_startpos=50" "Mozilla/4.0 (compatible; Vagabondo/4.0/EU; http://www.wise-guys.nl/)"
82.94.179.38 - - [12/Apr/2013:23:01:56 +0200] "GET /news.php?cs_go=archiv&cs_startpos=90 HTTP/1.1" 200 22643 "http://www.mink-gmbh.de/news.php?cs_go=archiv&cs_startpos=40" "Mozilla/4.0 (compatible; Vagabondo/4.0/EU; http://www.wise-guys.nl/)"
82.94.179.38 - - [12/Apr/2013:23:02:07 +0200] "GET /news.php?cs_go=archiv&cs_startpos=20 HTTP/1.1" 200 22490 "http://www.mink-gmbh.de/news.php" "Mozilla/4.0 (compatible; Vagabondo/4.0/EU; http://www.wise-guys.nl/)"
82.94.179.38 - - [12/Apr/2013:23:02:20 +0200] "GET /news.php?cs_go=archiv HTTP/1.1" 200 21922 "http://www.mink-gmbh.de/" "Mozilla/4.0 (compatible; Vagabondo/4.0/EU; http://www.wise-guys.nl/)"
82.94.179.38 - - [12/Apr/2013:23:02:34 +0200] "GET /news.php?cs_go=archiv&cs_startpos=50 HTTP/1.1" 200 22695 "http://www.mink-gmbh.de/news.php?cs_go=archiv" "Mozilla/4.0 (compatible; Vagabondo/4.0/EU; http://www.wise-guys.nl/)"
82.94.179.38 - - [12/Apr/2013:23:02:47 +0200] "GET /news.php?cs_go=archiv&cs_startpos=190 HTTP/1.1" 200 22720 "http://www.mink-gmbh.de/news.php?cs_go=archiv&cs_startpos=140" "Mozilla/4.0 (compatible; Vagabondo/4.0/EU; http://www.wise-guys.nl/)"
66.249.75.49 - - [12/Apr/2013:23:02:53 +0200] "GET /news.php?cs_go=archiv&cs_id=2820 HTTP/1.1" 200 14254 "-" "Mozilla/5.0 (compatible; Googlebot/2.1; +http://www.google.com/bot.html)"
82.94.179.38 - - [12/Apr/2013:23:02:59 +0200] "GET /news.php?cs_go=archiv&cs_startpos=170 HTTP/1.1" 200 22920 "http://www.mink-gmbh.de/news.php?cs_go=archiv&cs_startpos=150" "Mozilla/4.0 (compatible; Vagabondo/4.0/EU; http://www.wise-guys.nl/)"
82.94.179.38 - - [12/Apr/2013:23:03:10 +0200] "GET /news.php?cs_go=archiv&cs_id=3990 HTTP/1.1" 200 13261 "http://www.mink-gmbh.de/news.php?cs_go=archiv&cs_startpos=40" "Mozilla/4.0 (compatible; Vagabondo/4.0/EU; http://www.wise-guys.nl/)"
82.94.179.38 - - [12/Apr/2013:23:03:21 +0200] "GET /news.php?cs_go=archiv&cs_id=4018 HTTP/1.1" 200 11457 "http://www.mink-gmbh.de/news.php?cs_go=archiv&cs_startpos=10" "Mozilla/4.0 (compatible; Vagabondo/4.0/EU; http://www.wise-guys.nl/)"
82.94.179.38 - - [12/Apr/2013:23:03:32 +0200] "GET /news.php?cs_go=archiv&cs_id=4010 HTTP/1.1" 200 13554 "http://www.mink-gmbh.de/news.php?cs_go=archiv&cs_startpos=20" "Mozilla/4.0 (compatible; Vagabondo/4.0/EU; http://www.wise-guys.nl/)"
82.94.179.38 - - [12/Apr/2013:23:03:45 +0200] "GET /news.php?cs_go=archiv&cs_id=4015 HTTP/1.1" 200 10376 "http://www.mink-gmbh.de/news.php?cs_go=archiv&cs_startpos=10" "Mozilla/4.0 (compatible; Vagabondo/4.0/EU; http://www.wise-guys.nl/)"
82.94.179.38 - - [12/Apr/2013:23:03:56 +0200] "GET /news.php?cs_go=archiv&cs_id=3997 HTTP/1.1" 200 11960 "http://www.mink-gmbh.de/news.php?cs_go=archiv&cs_startpos=30" "Mozilla/4.0 (compatible; Vagabondo/4.0/EU; http://www.wise-guys.nl/)"
82.94.179.38 - - [12/Apr/2013:23:04:08 +0200] "GET /news.php?cs_go=archiv&cs_id=3996 HTTP/1.1" 200 11642 "http://www.mink-gmbh.de/news.php?cs_go=archiv&cs_startpos=30" "Mozilla/4.0 (compatible; Vagabondo/4.0/EU; http://www.wise-guys.nl/)"
82.94.179.38 - - [12/Apr/2013:23:04:18 +0200] "GET /news.php?cs_go=archiv&cs_id=3995 HTTP/1.1" 200 10427 "http://www.mink-gmbh.de/news.php?cs_go=archiv&cs_startpos=30" "Mozilla/4.0 (compatible; Vagabondo/4.0/EU; http://www.wise-guys.nl/)"
82.94.179.38 - - [12/Apr/2013:23:04:30 +0200] "GET /news.php?cs_go=archiv&cs_id=4016 HTTP/1.1" 200 10123 "http://www.mink-gmbh.de/news.php?cs_go=archiv&cs_startpos=10" "Mozilla/4.0 (compatible; Vagabondo/4.0/EU; http://www.wise-guys.nl/)"
82.94.179.38 - - [12/Apr/2013:23:04:42 +0200] "GET /news.php?cs_go=archiv&cs_id=3993 HTTP/1.1" 200 13136 "http://www.mink-gmbh.de/news.php?cs_go=archiv&cs_startpos=30" "Mozilla/4.0 (compatible; Vagabondo/4.0/EU; http://www.wise-guys.nl/)"
82.94.179.38 - - [12/Apr/2013:23:04:53 +0200] "GET /news.php?cs_go=archiv&cs_id=4009 HTTP/1.1" 200 10380 "http://www.mink-gmbh.de/news.php?cs_go=archiv&cs_startpos=20" "Mozilla/4.0 (compatible; Vagabondo/4.0/EU; http://www.wise-guys.nl/)"
82.94.179.38 - - [12/Apr/2013:23:05:05 +0200] "GET /news.php?cs_go=archiv&cs_id=3991 HTTP/1.1" 200 9951 "http://www.mink-gmbh.de/news.php?cs_go=archiv&cs_startpos=40" "Mozilla/4.0 (compatible; Vagabondo/4.0/EU; http://www.wise-guys.nl/)"
82.94.179.38 - - [12/Apr/2013:23:05:12 +0200] "GET /news.php?cs_go=archiv&cs_id=3989 HTTP/1.1" 200 12025 "http://www.mink-gmbh.de/news.php?cs_go=archiv&cs_startpos=40" "Mozilla/4.0 (compatible; Vagabondo/4.0/EU; http://www.wise-guys.nl/)"
82.94.179.38 - - [12/Apr/2013:23:05:19 +0200] "GET /news.php?cs_go=archiv&cs_id=3988 HTTP/1.1" 200 10101 "http://www.mink-gmbh.de/news.php?cs_go=archiv&cs_startpos=40" "Mozilla/4.0 (compatible; Vagabondo/4.0/EU; http://www.wise-guys.nl/)"
82.94.179.38 - - [12/Apr/2013:23:05:26 +0200] "GET /news.php?cs_go=archiv&cs_id=3987 HTTP/1.1" 200 13023 "http://www.mink-gmbh.de/news.php?cs_go=archiv&cs_startpos=40" "Mozilla/4.0 (compatible; Vagabondo/4.0/EU; http://www.wise-guys.nl/)"
82.94.179.38 - - [12/Apr/2013:23:05:32 +0200] "GET /news.php?cs_go=archiv&cs_id=4011 HTTP/1.1" 200 10341 "http://www.mink-gmbh.de/news.php?cs_go=archiv&cs_startpos=20" "Mozilla/4.0 (compatible; Vagabondo/4.0/EU; http://www.wise-guys.nl/)"
82.94.179.38 - - [12/Apr/2013:23:05:38 +0200] "GET /news.php?cs_go=archiv&cs_id=3985 HTTP/1.1" 200 9745 "http://www.mink-gmbh.de/news.php?cs_go=archiv&cs_startpos=40" "Mozilla/4.0 (compatible; Vagabondo/4.0/EU; http://www.wise-guys.nl/)"
82.94.179.38 - - [12/Apr/2013:23:05:44 +0200] "GET /news.php?cs_go=archiv&cs_id=3984 HTTP/1.1" 200 13201 "http://www.mink-gmbh.de/news.php?cs_go=archiv&cs_startpos=40" "Mozilla/4.0 (compatible; Vagabondo/4.0/EU; http://www.wise-guys.nl/)"
82.94.179.38 - - [12/Apr/2013:23:05:48 +0200] "GET /news.php?cs_go=archiv&cs_id=3983 HTTP/1.1" 200 9996 "http://www.mink-gmbh.de/news.php?cs_go=archiv&cs_startpos=40" "Mozilla/4.0 (compatible; Vagabondo/4.0/EU; http://www.wise-guys.nl/)"
82.94.179.38 - - [12/Apr/2013:23:05:53 +0200] "GET /news.php?cs_go=archiv&cs_id=4020 HTTP/1.1" 200 11172 "http://www.mink-gmbh.de/news.php?cs_go=archiv&cs_startpos=10" "Mozilla/4.0 (compatible; Vagabondo/4.0/EU; http://www.wise-guys.nl/)"
82.94.179.38 - - [12/Apr/2013:23:05:57 +0200] "GET /news.php?cs_go=archiv&cs_id=3981 HTTP/1.1" 200 12282 "http://www.mink-gmbh.de/news.php?cs_go=archiv&cs_startpos=50" "Mozilla/4.0 (compatible; Vagabondo/4.0/EU; http://www.wise-guys.nl/)"
82.94.179.38 - - [12/Apr/2013:23:06:01 +0200] "GET /news.php?cs_go=archiv&cs_id=3980 HTTP/1.1" 200 9937 "http://www.mink-gmbh.de/news.php?cs_go=archiv&cs_startpos=50" "Mozilla/4.0 (compatible; Vagabondo/4.0/EU; http://www.wise-guys.nl/)"
82.94.179.38 - - [12/Apr/2013:23:06:06 +0200] "GET /news.php?cs_go=archiv&cs_id=3979 HTTP/1.1" 200 13500 "http://www.mink-gmbh.de/news.php?cs_go=archiv&cs_startpos=50" "Mozilla/4.0 (compatible; Vagabondo/4.0/EU; http://www.wise-guys.nl/)"
82.94.179.38 - - [12/Apr/2013:23:06:11 +0200] "GET /news.php?cs_go=archiv&cs_id=4021 HTTP/1.1" 200 13972 "http://www.mink-gmbh.de/news.php?cs_go=archiv&cs_startpos=10" "Mozilla/4.0 (compatible; Vagabondo/4.0/EU; http://www.wise-guys.nl/)"
82.94.179.38 - - [12/Apr/2013:23:06:15 +0200] "GET /news.php?cs_go=archiv&cs_id=3977 HTTP/1.1" 200 9950 "http://www.mink-gmbh.de/news.php?cs_go=archiv&cs_startpos=50" "Mozilla/4.0 (compatible; Vagabondo/4.0/EU; http://www.wise-guys.nl/)"
82.94.179.38 - - [12/Apr/2013:23:06:20 +0200] "GET /news.php?cs_go=archiv&cs_id=3976 HTTP/1.1" 200 13514 "http://www.mink-gmbh.de/news.php?cs_go=archiv&cs_startpos=50" "Mozilla/4.0 (compatible; Vagabondo/4.0/EU; http://www.wise-guys.nl/)"
82.94.179.38 - - [12/Apr/2013:23:06:25 +0200] "GET /news.php?cs_go=archiv&cs_id=3975 HTTP/1.1" 200 10834 "http://www.mink-gmbh.de/news.php?cs_go=archiv&cs_startpos=50" "Mozilla/4.0 (compatible; Vagabondo/4.0/EU; http://www.wise-guys.nl/)"
82.94.179.38 - - [12/Apr/2013:23:06:29 +0200] "GET /news.php?cs_go=archiv&cs_id=3999 HTTP/1.1" 200 11756 "http://www.mink-gmbh.de/news.php?cs_go=archiv&cs_startpos=30" "Mozilla/4.0 (compatible; Vagabondo/4.0/EU; http://www.wise-guys.nl/)"
82.94.179.38 - - [12/Apr/2013:23:06:34 +0200] "GET /news.php?cs_go=archiv&cs_id=3973 HTTP/1.1" 200 13506 "http://www.mink-gmbh.de/news.php?cs_go=archiv&cs_startpos=50" "Mozilla/4.0 (compatible; Vagabondo/4.0/EU; http://www.wise-guys.nl/)"
82.94.179.38 - - [12/Apr/2013:23:06:38 +0200] "GET /news.php?cs_go=archiv&cs_id=3972 HTTP/1.1" 200 11825 "http://www.mink-gmbh.de/news.php?cs_go=archiv&cs_startpos=50" "Mozilla/4.0 (compatible; Vagabondo/4.0/EU; http://www.wise-guys.nl/)"
82.94.179.38 - - [12/Apr/2013:23:06:43 +0200] "GET /news.php?cs_go=archiv&cs_startpos=221 HTTP/1.1" 200 22491 "http://www.mink-gmbh.de/news.php?cs_go=archiv" "Mozilla/4.0 (compatible; Vagabondo/4.0/EU; http://www.wise-guys.nl/)"
82.94.179.38 - - [12/Apr/2013:23:06:48 +0200] "GET /news.php?cs_go=archiv&cs_id=4001 HTTP/1.1" 200 11958 "http://www.mink-gmbh.de/news.php?cs_go=archiv&cs_startpos=20" "Mozilla/4.0 (compatible; Vagabondo/4.0/EU; http://www.wise-guys.nl/)"
82.94.179.38 - - [12/Apr/2013:23:06:53 +0200] "GET /news.php?cs_go=archiv&cs_id=4037 HTTP/1.1" 200 9878 "http://www.mink-gmbh.de/news.php" "Mozilla/4.0 (compatible; Vagabondo/4.0/EU; http://www.wise-guys.nl/)"
82.94.179.38 - - [12/Apr/2013:23:06:57 +0200] "GET /news.php?cs_go=archiv&cs_id=4005 HTTP/1.1" 200 13603 "http://www.mink-gmbh.de/news.php?cs_go=archiv&cs_startpos=20" "Mozilla/4.0 (compatible; Vagabondo/4.0/EU; http://www.wise-guys.nl/)"
82.94.179.38 - - [12/Apr/2013:23:07:01 +0200] "GET /news.php?cs_go=archiv&cs_id=4035 HTTP/1.1" 200 9823 "http://www.mink-gmbh.de/news.php?cs_go=archiv" "Mozilla/4.0 (compatible; Vagabondo/4.0/EU; http://www.wise-guys.nl/)"
82.94.179.38 - - [12/Apr/2013:23:07:06 +0200] "GET /news.php?cs_go=archiv&cs_id=4003 HTTP/1.1" 200 10298 "http://www.mink-gmbh.de/news.php?cs_go=archiv&cs_startpos=30" "Mozilla/4.0 (compatible; Vagabondo/4.0/EU; http://www.wise-guys.nl/)"
82.94.179.38 - - [12/Apr/2013:23:07:11 +0200] "GET /news.php?cs_go=archiv&cs_id=4033 HTTP/1.1" 200 9969 "http://www.mink-gmbh.de/news.php" "Mozilla/4.0 (compatible; Vagabondo/4.0/EU; http://www.wise-guys.nl/)"
82.94.179.38 - - [12/Apr/2013:23:07:16 +0200] "GET /news.php?cs_go=archiv&cs_id=4002 HTTP/1.1" 200 13539 "http://www.mink-gmbh.de/news.php?cs_go=archiv&cs_startpos=30" "Mozilla/4.0 (compatible; Vagabondo/4.0/EU; http://www.wise-guys.nl/)"
82.94.179.38 - - [12/Apr/2013:23:07:20 +0200] "GET /news.php?cs_go=archiv&cs_id=4023 HTTP/1.1" 200 13304 "http://www.mink-gmbh.de/news.php?cs_go=archiv" "Mozilla/4.0 (compatible; Vagabondo/4.0/EU; http://www.wise-guys.nl/)"
82.94.179.38 - - [12/Apr/2013:23:07:25 +0200] "GET /news.php?cs_go=archiv&cs_id=4017 HTTP/1.1" 200 11598 "http://www.mink-gmbh.de/news.php?cs_go=archiv&cs_startpos=10" "Mozilla/4.0 (compatible; Vagabondo/4.0/EU; http://www.wise-guys.nl/)"
82.94.179.38 - - [12/Apr/2013:23:07:29 +0200] "GET /news.php?cs_go=archiv&cs_id=4025 HTTP/1.1" 200 10207 "http://www.mink-gmbh.de/news.php?cs_go=archiv" "Mozilla/4.0 (compatible; Vagabondo/4.0/EU; http://www.wise-guys.nl/)"
82.94.179.38 - - [12/Apr/2013:23:07:34 +0200] "GET /news.php?cs_go=archiv&cs_id=3994 HTTP/1.1" 200 10108 "http://www.mink-gmbh.de/news.php?cs_go=archiv&cs_startpos=30" "Mozilla/4.0 (compatible; Vagabondo/4.0/EU; http://www.wise-guys.nl/)"
82.94.179.38 - - [12/Apr/2013:23:07:39 +0200] "GET /news.php?cs_go=archiv&cs_id=3992 HTTP/1.1" 200 12626 "http://www.mink-gmbh.de/news.php?cs_go=archiv&cs_startpos=30" "Mozilla/4.0 (compatible; Vagabondo/4.0/EU; http://www.wise-guys.nl/)"
82.94.179.38 - - [12/Apr/2013:23:07:43 +0200] "GET /news.php?cs_go=archiv&cs_id=4027 HTTP/1.1" 200 10329 "http://www.mink-gmbh.de/news.php?cs_go=archiv" "Mozilla/4.0 (compatible; Vagabondo/4.0/EU; http://www.wise-guys.nl/)"
82.94.179.38 - - [12/Apr/2013:23:07:47 +0200] "GET /news.php?cs_go=archiv&cs_id=4049 HTTP/1.1" 200 13268 "http://www.mink-gmbh.de" "Mozilla/4.0 (compatible; Vagabondo/4.0/EU; http://www.wise-guys.nl/)"
82.94.179.38 - - [12/Apr/2013:23:07:51 +0200] "GET /news.php?cs_go=archiv&cs_id=4048 HTTP/1.1" 200 10056 "http://www.mink-gmbh.de" "Mozilla/4.0 (compatible; Vagabondo/4.0/EU; http://www.wise-guys.nl/)"
82.94.179.38 - - [12/Apr/2013:23:07:55 +0200] "GET /news.php?cs_go=archiv&cs_id=4047 HTTP/1.1" 200 13107 "http://www.mink-gmbh.de" "Mozilla/4.0 (compatible; Vagabondo/4.0/EU; http://www.wise-guys.nl/)"
82.94.179.38 - - [12/Apr/2013:23:08:00 +0200] "GET /news.php?cs_go=archiv&cs_id=3982 HTTP/1.1" 200 13450 "http://www.mink-gmbh.de/news.php?cs_go=archiv&cs_startpos=40" "Mozilla/4.0 (compatible; Vagabondo/4.0/EU; http://www.wise-guys.nl/)"
82.94.179.38 - - [12/Apr/2013:23:08:04 +0200] "GET /news.php?cs_go=archiv&cs_id=4040 HTTP/1.1" 200 12426 "http://www.mink-gmbh.de/index.php" "Mozilla/4.0 (compatible; Vagabondo/4.0/EU; http://www.wise-guys.nl/)"
82.94.179.38 - - [12/Apr/2013:23:08:08 +0200] "GET /news.php?cs_go=archiv&cs_id=4039 HTTP/1.1" 200 12908 "http://www.mink-gmbh.de/" "Mozilla/4.0 (compatible; Vagabondo/4.0/EU; http://www.wise-guys.nl/)"
82.94.179.38 - - [12/Apr/2013:23:08:12 +0200] "GET /news.php?cs_go=archiv&cs_id=4038 HTTP/1.1" 200 13113 "http://www.mink-gmbh.de/" "Mozilla/4.0 (compatible; Vagabondo/4.0/EU; http://www.wise-guys.nl/)"
82.94.179.38 - - [12/Apr/2013:23:08:17 +0200] "GET /news.php?cs_go=archiv&cs_id=3974 HTTP/1.1" 200 9976 "http://www.mink-gmbh.de/news.php?cs_go=archiv&cs_startpos=50" "Mozilla/4.0 (compatible; Vagabondo/4.0/EU; http://www.wise-guys.nl/)"
82.94.179.38 - - [12/Apr/2013:23:08:22 +0200] "GET /news.php?cs_go=archiv&cs_id=4031 HTTP/1.1" 200 10283 "http://www.mink-gmbh.de/index.php" "Mozilla/4.0 (compatible; Vagabondo/4.0/EU; http://www.wise-guys.nl/)"
82.94.179.38 - - [12/Apr/2013:23:08:27 +0200] "GET /news.php?cs_go=archiv&cs_startpos=0 HTTP/1.1" 200 21922 "http://www.mink-gmbh.de/news.php" "Mozilla/4.0 (compatible; Vagabondo/4.0/EU; http://www.wise-guys.nl/)"
82.94.179.38 - - [12/Apr/2013:23:08:31 +0200] "GET /news.php?cs_go=archiv&cs_id=4036 HTTP/1.1" 200 13079 "http://www.mink-gmbh.de/news.php?cs_go=archiv" "Mozilla/4.0 (compatible; Vagabondo/4.0/EU; http://www.wise-guys.nl/)"
82.94.179.38 - - [12/Apr/2013:23:08:35 +0200] "GET /news.php?cs_go=archiv&cs_id=4034 HTTP/1.1" 200 13001 "http://www.mink-gmbh.de/news.php?cs_go=archiv" "Mozilla/4.0 (compatible; Vagabondo/4.0/EU; http://www.wise-guys.nl/)"
82.94.179.38 - - [12/Apr/2013:23:08:39 +0200] "GET /news.php?cs_go=archiv&cs_id=4028 HTTP/1.1" 200 13378 "http://www.mink-gmbh.de/news.php?cs_go=archiv" "Mozilla/4.0 (compatible; Vagabondo/4.0/EU; http://www.wise-guys.nl/)"
82.94.179.38 - - [12/Apr/2013:23:08:43 +0200] "GET /news.php?cs_go=archiv&cs_id=4026 HTTP/1.1" 200 13500 "http://www.mink-gmbh.de/news.php" "Mozilla/4.0 (compatible; Vagabondo/4.0/EU; http://www.wise-guys.nl/)"
82.94.179.38 - - [12/Apr/2013:23:08:47 +0200] "GET /news.php?cs_go=archiv&cs_id=4024 HTTP/1.1" 200 13346 "http://www.mink-gmbh.de/news.php?cs_go=archiv" "Mozilla/4.0 (compatible; Vagabondo/4.0/EU; http://www.wise-guys.nl/)"
82.94.179.38 - - [12/Apr/2013:23:08:51 +0200] "GET /news.php?cs_go=archiv&cs_id=3986 HTTP/1.1" 200 13658 "http://www.mink-gmbh.de/news.php?cs_go=archiv&cs_startpos=40" "Mozilla/4.0 (compatible; Vagabondo/4.0/EU; http://www.wise-guys.nl/)"
82.94.179.38 - - [12/Apr/2013:23:08:55 +0200] "GET /news.php?cs_go=archiv&cs_id=4022 HTTP/1.1" 200 10245 "http://www.mink-gmbh.de/news.php?cs_go=archiv&cs_startpos=10" "Mozilla/4.0 (compatible; Vagabondo/4.0/EU; http://www.wise-guys.nl/)"
82.94.179.38 - - [12/Apr/2013:23:09:00 +0200] "GET /news.php?cs_go=archiv&cs_id=4050 HTTP/1.1" 200 10184 "http://www.mink-gmbh.de" "Mozilla/4.0 (compatible; Vagabondo/4.0/EU; http://www.wise-guys.nl/)"
82.94.179.38 - - [12/Apr/2013:23:09:05 +0200] "GET /news.php?cs_go=archiv&cs_id=4000 HTTP/1.1" 200 9993 "http://www.mink-gmbh.de/news.php?cs_go=archiv&cs_startpos=20" "Mozilla/4.0 (compatible; Vagabondo/4.0/EU; http://www.wise-guys.nl/)"
82.94.179.38 - - [12/Apr/2013:23:09:09 +0200] "GET /news.php?cs_go=archiv&cs_id=4019 HTTP/1.1" 200 11628 "http://www.mink-gmbh.de/news.php?cs_go=archiv&cs_startpos=10" "Mozilla/4.0 (compatible; Vagabondo/4.0/EU; http://www.wise-guys.nl/)"
82.94.179.38 - - [12/Apr/2013:23:09:13 +0200] "GET /news.php?cs_go=archiv&cs_id=4007 HTTP/1.1" 200 11206 "http://www.mink-gmbh.de/news.php?cs_go=archiv&cs_startpos=20" "Mozilla/4.0 (compatible; Vagabondo/4.0/EU; http://www.wise-guys.nl/)"
82.94.179.38 - - [12/Apr/2013:23:09:17 +0200] "GET /news.php?cs_go=archiv&cs_id=3998 HTTP/1.1" 200 11828 "http://www.mink-gmbh.de/news.php?cs_go=archiv&cs_startpos=30" "Mozilla/4.0 (compatible; Vagabondo/4.0/EU; http://www.wise-guys.nl/)"
82.94.179.38 - - [12/Apr/2013:23:09:22 +0200] "GET /news.php?cs_go=archiv&cs_id=3978 HTTP/1.1" 200 10153 "http://www.mink-gmbh.de/news.php?cs_go=archiv&cs_startpos=50" "Mozilla/4.0 (compatible; Vagabondo/4.0/EU; http://www.wise-guys.nl/)"
82.94.179.38 - - [12/Apr/2013:23:09:27 +0200] "GET /news.php?cs_go=archiv&cs_id=4041 HTTP/1.1" 200 13090 "http://www.mink-gmbh.de/" "Mozilla/4.0 (compatible; Vagabondo/4.0/EU; http://www.wise-guys.nl/)"
82.94.179.38 - - [12/Apr/2013:23:09:31 +0200] "GET /news.php?cs_go=archiv&cs_id=4032 HTTP/1.1" 200 13526 "http://www.mink-gmbh.de/" "Mozilla/4.0 (compatible; Vagabondo/4.0/EU; http://www.wise-guys.nl/)"
82.94.179.38 - - [12/Apr/2013:23:09:35 +0200] "GET /news.php?cs_go=archiv&cs_id=4030 HTTP/1.1" 200 13255 "http://www.mink-gmbh.de/index.php" "Mozilla/4.0 (compatible; Vagabondo/4.0/EU; http://www.wise-guys.nl/)"
82.94.179.38 - - [12/Apr/2013:23:09:40 +0200] "GET /news.php?cs_go=archiv&cs_id=4006 HTTP/1.1" 200 11336 "http://www.mink-gmbh.de/news.php?cs_go=archiv&cs_startpos=20" "Mozilla/4.0 (compatible; Vagabondo/4.0/EU; http://www.wise-guys.nl/)"
82.94.179.38 - - [12/Apr/2013:23:09:45 +0200] "GET /news.php?cs_go=archiv&cs_id=4029 HTTP/1.1" 200 10083 "http://www.mink-gmbh.de/index.php" "Mozilla/4.0 (compatible; Vagabondo/4.0/EU; http://www.wise-guys.nl/)"
66.249.75.49 - - [12/Apr/2013:23:12:17 +0200] "GET /news.php?cs_go=archiv&cs_id=3236&cs_search= HTTP/1.1" 200 13745 "-" "Mozilla/5.0 (compatible; Googlebot/2.1; +http://www.google.com/bot.html)"
66.249.75.49 - - [12/Apr/2013:23:17:01 +0200] "GET /news.php?cs_go=archiv&cs_id=3352 HTTP/1.1" 200 9914 "-" "Mozilla/5.0 (compatible; Googlebot/2.1; +http://www.google.com/bot.html)"
66.249.75.49 - - [12/Apr/2013:23:40:48 +0200] "GET /news.php?cs_go=archiv&cs_id=2914&cs_search= HTTP/1.1" 200 10556 "-" "Mozilla/5.0 (compatible; Googlebot/2.1; +http://www.google.com/bot.html)"
65.36.241.79 - - [12/Apr/2013:23:49:24 +0200] "HEAD / HTTP/1.1" 200 - "-" "InternetSeer.com"
208.115.113.91 - - [12/Apr/2013:23:50:51 +0200] "GET /news.php?cs_go=archiv&cs_startpos=0 HTTP/1.1" 200 21922 "-" "Mozilla/5.0 (compatible; Ezooms/1.0; ezooms.bot@gmail.com)"
66.249.75.49 - - [13/Apr/2013:00:05:16 +0200] "GET /news.php?cs_go=archiv&cs_id=2794&cs_search= HTTP/1.1" 200 13711 "-" "Mozilla/5.0 (compatible; Googlebot/2.1; +http://www.google.com/bot.html)"
150.70.97.122 - - [13/Apr/2013:00:35:43 +0200] "GET / HTTP/1.1" 200 12098 "-" "Mozilla/4.0 (compatible; MSIE 8.0; Windows NT 5.1; Trident/4.0)"
66.249.75.49 - - [13/Apr/2013:00:43:52 +0200] "GET /standard.php HTTP/1.1" 200 9218 "-" "Mozilla/5.0 (iPhone; U; CPU iPhone OS 4_1 like Mac OS X; en-us) AppleWebKit/532.9 (KHTML, like Gecko) Version/4.0.5 Mobile/8B117 Safari/6531.22.7 (compatible; Googlebot-Mobile/2.1; +http://www.google.com/bot.html)"
5.9.6.231 - - [13/Apr/2013:01:00:49 +0200] "GET / HTTP/1.1" 200 12098 "-" "Mozilla/5.0 (X11; Ubuntu; Linux x86_64; rv:19.0) Gecko/20100101 Firefox/19.0"
5.9.6.231 - - [13/Apr/2013:01:00:55 +0200] "GET / HTTP/1.1" 200 12098 "-" "Mozilla/5.0 (iPhone; U; CPU iPhone OS 3_0 like Mac OS X; en-us) AppleWebKit/528.18 (KHTML, like Gecko) Version/4.0 Mobile/7A341 Safari/528.16"
83.169.40.246 - - [13/Apr/2013:01:00:59 +0200] "GET / HTTP/1.0" 200 12098 "-" "Mozilla/5.0 (Windows NT 6.1; rv:8.0) Gecko/20100101 Firefox/8.0"
66.249.75.49 - - [13/Apr/2013:01:04:56 +0200] "GET /news.php?cs_go=archiv&cs_id=2954 HTTP/1.1" 200 13411 "-" "Mozilla/5.0 (compatible; Googlebot/2.1; +http://www.google.com/bot.html)"
66.249.75.49 - - [13/Apr/2013:01:08:45 +0200] "GET /news.php?cs_go=archiv&cs_id=4051 HTTP/1.1" 200 13408 "-" "Mozilla/5.0 (iPhone; U; CPU iPhone OS 4_1 like Mac OS X; en-us) AppleWebKit/532.9 (KHTML, like Gecko) Version/4.0.5 Mobile/8B117 Safari/6531.22.7 (compatible; Googlebot-Mobile/2.1; +http://www.google.com/bot.html)"
5.9.7.208 - - [13/Apr/2013:01:13:15 +0200] "GET /robots.txt HTTP/1.0" 200 177 "-" "Mozilla/5.0 (compatible; MJ12bot/v1.4.3; http://www.majestic12.co.uk/bot.php?+)"
5.9.7.208 - - [13/Apr/2013:01:13:16 +0200] "GET / HTTP/1.0" 200 12098 "-" "Mozilla/5.0 (compatible; MJ12bot/v1.4.3; http://www.majestic12.co.uk/bot.php?+)"
66.249.75.49 - - [13/Apr/2013:01:34:54 +0200] "GET /news.php?cs_go=archiv&cs_id=3014&cs_search= HTTP/1.1" 200 10945 "-" "Mozilla/5.0 (compatible; Googlebot/2.1; +http://www.google.com/bot.html)"
141.8.147.12 - - [13/Apr/2013:01:45:55 +0200] "GET / HTTP/1.1" 200 12098 "-" "Mozilla/5.0 (compatible; YandexBot/3.0; +http://yandex.com/bots)"
66.249.75.49 - - [13/Apr/2013:02:00:50 +0200] "GET /news.php?cs_go=archiv&cs_id=3013&cs_search= HTTP/1.1" 200 12035 "-" "Mozilla/5.0 (compatible; Googlebot/2.1; +http://www.google.com/bot.html)"
217.69.133.67 - - [13/Apr/2013:02:01:45 +0200] "GET / HTTP/1.0" 200 12098 "-" "Mozilla/5.0 (compatible; Mail.RU_Bot/2.0; +http://go.mail.ru/help/robots)"
178.33.122.74 - - [13/Apr/2013:02:07:13 +0200] "GET / HTTP/1.1" 200 12098 "-" "Mozilla/5.0 (X11; Linux i686; rv:6.0) Gecko/20100101 Firefox/6.0"
66.249.75.49 - - [13/Apr/2013:02:27:42 +0200] "GET /news.php?cs_go=archiv&cs_id=3622 HTTP/1.1" 200 11727 "-" "Mozilla/5.0 (compatible; Googlebot/2.1; +http://www.google.com/bot.html)"
66.249.75.49 - - [13/Apr/2013:02:38:39 +0200] "GET /news.php?cs_go=archiv&cs_id=3579 HTTP/1.1" 200 10208 "-" "Mozilla/5.0 (compatible; Googlebot/2.1; +http://www.google.com/bot.html)"
66.249.75.49 - - [13/Apr/2013:02:44:07 +0200] "GET /news.php?cs_go=archiv&cs_id=3948&cs_search= HTTP/1.1" 200 10917 "-" "Mozilla/5.0 (compatible; Googlebot/2.1; +http://www.google.com/bot.html)"
66.249.75.49 - - [13/Apr/2013:02:49:36 +0200] "GET /news.php?cs_go=archiv&cs_id=3947&cs_search= HTTP/1.1" 200 13428 "-" "Mozilla/5.0 (compatible; Googlebot/2.1; +http://www.google.com/bot.html)"
173.199.114.163 - - [13/Apr/2013:02:52:25 +0200] "GET /lexikon.php?cs_go=3&cs_id=33 HTTP/1.1" 200 8757 "-" "Mozilla/5.0 (compatible; AhrefsBot/4.0; +http://ahrefs.com/robot/)"
66.249.75.49 - - [13/Apr/2013:03:00:56 +0200] "GET /news.php?cs_go=archiv&cs_id=3384&cs_search= HTTP/1.1" 200 12042 "-" "Mozilla/5.0 (compatible; Googlebot/2.1; +http://www.google.com/bot.html)"
66.249.75.49 - - [13/Apr/2013:03:06:08 +0200] "GET /news.php?cs_go=archiv&cs_id=4039 HTTP/1.1" 200 12908 "-" "SAMSUNG-SGH-E250/1.0 Profile/MIDP-2.0 Configuration/CLDC-1.1 UP.Browser/6.2.3.3.c.1.101 (GUI) MMP/2.0 (compatible; Googlebot-Mobile/2.1; +http://www.google.com/bot.html)"
173.199.114.163 - - [13/Apr/2013:03:08:54 +0200] "GET /lexikon.php?cs_go=3&cs_id=184 HTTP/1.1" 200 7998 "-" "Mozilla/5.0 (compatible; AhrefsBot/4.0; +http://ahrefs.com/robot/)"
173.199.114.163 - - [13/Apr/2013:03:15:21 +0200] "GET /lexikon.php?cs_go=3&cs_id=183 HTTP/1.1" 200 8564 "-" "Mozilla/5.0 (compatible; AhrefsBot/4.0; +http://ahrefs.com/robot/)"
157.55.32.115 - - [13/Apr/2013:03:23:34 +0200] "GET /robots.txt HTTP/1.1" 200 177 "-" "Mozilla/5.0 (compatible; bingbot/2.0; +http://www.bing.com/bingbot.htm)"
173.199.114.163 - - [13/Apr/2013:03:49:41 +0200] "GET /news.php?cs_go=archiv&cs_id=3823&cs_search= HTTP/1.1" 200 11538 "-" "Mozilla/5.0 (compatible; AhrefsBot/4.0; +http://ahrefs.com/robot/)"
66.249.75.49 - - [13/Apr/2013:03:51:42 +0200] "GET /modernisierung.php?cs_gp_go=coupon HTTP/1.1" 200 10192 "-" "DoCoMo/2.0 N905i(c100;TB;W24H16) (compatible; Googlebot-Mobile/2.1; +http://www.google.com/bot.html)"
208.115.111.75 - - [13/Apr/2013:03:57:16 +0200] "GET /robots.txt HTTP/1.1" 200 177 "-" "Mozilla/5.0 (compatible; Ezooms/1.0; ezooms.bot@gmail.com)"
173.199.114.163 - - [13/Apr/2013:04:02:43 +0200] "GET /lexikon.php?cs_go=3&cs_id=77 HTTP/1.1" 200 8672 "-" "Mozilla/5.0 (compatible; AhrefsBot/4.0; +http://ahrefs.com/robot/)"
141.8.147.12 - - [13/Apr/2013:04:11:38 +0200] "GET /index.php HTTP/1.1" 200 12098 "-" "Mozilla/5.0 (compatible; YandexBot/3.0; +http://yandex.com/bots)"
66.249.75.49 - - [13/Apr/2013:04:18:33 +0200] "GET /agb.php HTTP/1.1" 200 19709 "-" "Mozilla/5.0 (compatible; Googlebot/2.1; +http://www.google.com/bot.html)"
220.181.108.106 - - [13/Apr/2013:04:19:29 +0200] "GET / HTTP/1.1" 200 12098 "-" "Mozilla/5.0 (compatible; Baiduspider/2.0; +http://www.baidu.com/search/spider.html)"
65.55.52.89 - - [13/Apr/2013:04:40:28 +0200] "GET /robots.txt HTTP/1.1" 200 177 "-" "Mozilla/5.0 (compatible; bingbot/2.0; +http://www.bing.com/bingbot.htm)"
65.55.52.89 - - [13/Apr/2013:04:42:13 +0200] "GET / HTTP/1.1" 200 12098 "-" "Mozilla/5.0 (compatible; bingbot/2.0; +http://www.bing.com/bingbot.htm)"
65.36.241.79 - - [13/Apr/2013:04:49:25 +0200] "HEAD / HTTP/1.1" 200 - "-" "InternetSeer.com"
157.55.32.88 - - [13/Apr/2013:05:19:49 +0200] "GET /Heizoel-Berlin.htm HTTP/1.1" 404 - "-" "Mozilla/5.0 (compatible; bingbot/2.0; +http://www.bing.com/bingbot.htm)"
208.115.111.75 - - [13/Apr/2013:05:53:42 +0200] "GET /lexikon.php?cs_go=3&cs_id=101 HTTP/1.1" 200 10216 "-" "Mozilla/5.0 (compatible; Ezooms/1.0; ezooms.bot@gmail.com)"
139.18.2.209 - - [13/Apr/2013:06:46:19 +0200] "GET /news.php?cs_go=archiv&cs_id=3926 HTTP/1.1" 200 13063 "-" "findlinks/2.6 (+http://wortschatz.uni-leipzig.de/findlinks/)"
139.18.2.209 - - [13/Apr/2013:06:46:19 +0200] "GET /news.php?cs_go=archiv&cs_id=3926 HTTP/1.1" 200 12976 "-" "findlinks/2.6 (+http://wortschatz.uni-leipzig.de/findlinks/)"
66.249.75.49 - - [13/Apr/2013:07:08:15 +0200] "GET /news.php HTTP/1.1" 200 21922 "-" "Mozilla/5.0 (iPhone; U; CPU iPhone OS 4_1 like Mac OS X; en-us) AppleWebKit/532.9 (KHTML, like Gecko) Version/4.0.5 Mobile/8B117 Safari/6531.22.7 (compatible; Googlebot-Mobile/2.1; +http://www.google.com/bot.html)"
173.199.114.163 - - [13/Apr/2013:07:09:39 +0200] "GET /foerdermittel.php HTTP/1.1" 200 12908 "-" "Mozilla/5.0 (compatible; AhrefsBot/4.0; +http://ahrefs.com/robot/)"
141.8.147.12 - - [13/Apr/2013:07:16:23 +0200] "GET /robots.txt HTTP/1.1" 200 177 "-" "Mozilla/5.0 (compatible; YandexBot/3.0; +http://yandex.com/bots)"
101.226.168.221 - - [13/Apr/2013:07:51:52 +0200] "GET /lexikon.php?cs_go=3&cs_id=152 HTTP/1.1" 200 8578 "http://www.mink-gmbh.de/lexikon.php?cs_go=3&cs_id=152" "Mozilla/4.0 (compatible; MSIE 8.0; Windows NT 6.1; Trident/4.0; SLCC2; .NET CLR 2.0.50727; .NET CLR 3.5.30729; .NET CLR 3.0.30729; Media Center PC 6.0; MDDR; .NET4.0C; .NET4.0E; .NET CLR 1.1.4322; Tablet PC 2.0); 360Spider"
101.226.168.222 - - [13/Apr/2013:07:51:52 +0200] "GET /lexikon.php?cs_go=3&cs_id=106 HTTP/1.1" 200 8460 "http://www.mink-gmbh.de/lexikon.php?cs_go=3&cs_id=106" "Mozilla/4.0 (compatible; MSIE 8.0; Windows NT 6.1; Trident/4.0; SLCC2; .NET CLR 2.0.50727; .NET CLR 3.5.30729; .NET CLR 3.0.30729; Media Center PC 6.0; MDDR; .NET4.0C; .NET4.0E; .NET CLR 1.1.4322; Tablet PC 2.0); 360Spider"
101.226.168.221 - - [13/Apr/2013:07:51:55 +0200] "GET /lexikon.php?cs_go=3&cs_id=135 HTTP/1.1" 200 9197 "http://www.mink-gmbh.de/lexikon.php?cs_go=3&cs_id=135" "Mozilla/4.0 (compatible; MSIE 8.0; Windows NT 6.1; Trident/4.0; SLCC2; .NET CLR 2.0.50727; .NET CLR 3.5.30729; .NET CLR 3.0.30729; Media Center PC 6.0; MDDR; .NET4.0C; .NET4.0E; .NET CLR 1.1.4322; Tablet PC 2.0); 360Spider"
101.226.168.219 - - [13/Apr/2013:07:52:01 +0200] "GET /lexikon.php?cs_char=u&cs_go=2 HTTP/1.1" 200 8744 "http://www.mink-gmbh.de/lexikon.php?cs_char=u&cs_go=2" "Mozilla/4.0 (compatible; MSIE 8.0; Windows NT 6.1; Trident/4.0; SLCC2; .NET CLR 2.0.50727; .NET CLR 3.5.30729; .NET CLR 3.0.30729; Media Center PC 6.0; MDDR; .NET4.0C; .NET4.0E; .NET CLR 1.1.4322; Tablet PC 2.0); 360Spider"
101.226.168.219 - - [13/Apr/2013:07:52:01 +0200] "GET /lexikon.php?cs_go=3&cs_id=117 HTTP/1.1" 200 8369 "http://www.mink-gmbh.de/lexikon.php?cs_go=3&cs_id=117" "Mozilla/4.0 (compatible; MSIE 8.0; Windows NT 6.1; Trident/4.0; SLCC2; .NET CLR 2.0.50727; .NET CLR 3.5.30729; .NET CLR 3.0.30729; Media Center PC 6.0; MDDR; .NET4.0C; .NET4.0E; .NET CLR 1.1.4322; Tablet PC 2.0); 360Spider"
101.226.168.222 - - [13/Apr/2013:07:52:01 +0200] "GET /news.php?cs_go=archiv&cs_startpos=40 HTTP/1.1" 200 22823 "http://www.mink-gmbh.de/news.php?cs_go=archiv&cs_startpos=40" "Mozilla/4.0 (compatible; MSIE 8.0; Windows NT 6.1; Trident/4.0; SLCC2; .NET CLR 2.0.50727; .NET CLR 3.5.30729; .NET CLR 3.0.30729; Media Center PC 6.0; MDDR; .NET4.0C; .NET4.0E; .NET CLR 1.1.4322; Tablet PC 2.0); 360Spider"
101.226.168.221 - - [13/Apr/2013:07:52:13 +0200] "GET /news.php?cs_go=archiv&cs_startpos=210 HTTP/1.1" 200 22520 "http://www.mink-gmbh.de/news.php?cs_go=archiv&cs_startpos=210" "Mozilla/4.0 (compatible; MSIE 8.0; Windows NT 6.1; Trident/4.0; SLCC2; .NET CLR 2.0.50727; .NET CLR 3.5.30729; .NET CLR 3.0.30729; Media Center PC 6.0; MDDR; .NET4.0C; .NET4.0E; .NET CLR 1.1.4322; Tablet PC 2.0); 360Spider"
101.226.168.226 - - [13/Apr/2013:07:52:13 +0200] "GET /news.php?cs_go=archiv&cs_startpos=230 HTTP/1.1" 200 16754 "http://www.mink-gmbh.de/news.php?cs_go=archiv&cs_startpos=230" "Mozilla/4.0 (compatible; MSIE 8.0; Windows NT 6.1; Trident/4.0; SLCC2; .NET CLR 2.0.50727; .NET CLR 3.5.30729; .NET CLR 3.0.30729; Media Center PC 6.0; MDDR; .NET4.0C; .NET4.0E; .NET CLR 1.1.4322; Tablet PC 2.0); 360Spider"
101.226.168.222 - - [13/Apr/2013:07:52:36 +0200] "GET /news.php?cs_go=archiv&cs_startpos=200 HTTP/1.1" 200 22631 "http://www.mink-gmbh.de/news.php?cs_go=archiv&cs_startpos=200" "Mozilla/4.0 (compatible; MSIE 8.0; Windows NT 6.1; Trident/4.0; SLCC2; .NET CLR 2.0.50727; .NET CLR 3.5.30729; .NET CLR 3.0.30729; Media Center PC 6.0; MDDR; .NET4.0C; .NET4.0E; .NET CLR 1.1.4322; Tablet PC 2.0); 360Spider"
182.118.20.212 - - [13/Apr/2013:07:56:37 +0200] "GET /news.php?cs_go=archiv&cs_startpos=20 HTTP/1.1" 200 22546 "http://www.mink-gmbh.de/news.php?cs_go=archiv&cs_startpos=20" "Mozilla/5.0 (Windows; U; Windows NT 5.1; zh-CN; rv:1.8.0.11) Firefox/1.5.0.11; 360Spider"
101.226.168.230 - - [13/Apr/2013:07:58:36 +0200] "GET /news.php?cs_go=archiv&cs_id=3828 HTTP/1.1" 200 10056 "http://www.mink-gmbh.de/news.php?cs_go=archiv&cs_id=3828" "Mozilla/4.0 (compatible; MSIE 8.0; Windows NT 6.1; Trident/4.0; SLCC2; .NET CLR 2.0.50727; .NET CLR 3.5.30729; .NET CLR 3.0.30729; Media Center PC 6.0; MDDR; .NET4.0C; .NET4.0E; .NET CLR 1.1.4322; Tablet PC 2.0); 360Spider"
101.226.168.231 - - [13/Apr/2013:07:58:36 +0200] "GET /news.php?cs_go=archiv&cs_startpos=150 HTTP/1.1" 200 22864 "http://www.mink-gmbh.de/news.php?cs_go=archiv&cs_startpos=150" "Mozilla/4.0 (compatible; MSIE 8.0; Windows NT 6.1; Trident/4.0; SLCC2; .NET CLR 2.0.50727; .NET CLR 3.5.30729; .NET CLR 3.0.30729; Media Center PC 6.0; MDDR; .NET4.0C; .NET4.0E; .NET CLR 1.1.4322; Tablet PC 2.0); 360Spider"
101.226.168.227 - - [13/Apr/2013:07:58:39 +0200] "GET /lexikon.php?cs_go=3&cs_id=100 HTTP/1.1" 200 8700 "http://www.mink-gmbh.de/lexikon.php?cs_go=3&cs_id=100" "Mozilla/4.0 (compatible; MSIE 8.0; Windows NT 6.1; Trident/4.0; SLCC2; .NET CLR 2.0.50727; .NET CLR 3.5.30729; .NET CLR 3.0.30729; Media Center PC 6.0; MDDR; .NET4.0C; .NET4.0E; .NET CLR 1.1.4322; Tablet PC 2.0); 360Spider"
101.226.168.232 - - [13/Apr/2013:07:58:49 +0200] "GET /lexikon.php?cs_go=3&cs_id=104 HTTP/1.1" 200 8474 "http://www.mink-gmbh.de/lexikon.php?cs_go=3&cs_id=104" "Mozilla/4.0 (compatible; MSIE 8.0; Windows NT 6.1; Trident/4.0; SLCC2; .NET CLR 2.0.50727; .NET CLR 3.5.30729; .NET CLR 3.0.30729; Media Center PC 6.0; MDDR; .NET4.0C; .NET4.0E; .NET CLR 1.1.4322; Tablet PC 2.0); 360Spider"
101.226.168.231 - - [13/Apr/2013:07:58:53 +0200] "GET /lexikon.php?cs_go=3&cs_id=102 HTTP/1.1" 200 7990 "http://www.mink-gmbh.de/lexikon.php?cs_go=3&cs_id=102" "Mozilla/4.0 (compatible; MSIE 8.0; Windows NT 6.1; Trident/4.0; SLCC2; .NET CLR 2.0.50727; .NET CLR 3.5.30729; .NET CLR 3.0.30729; Media Center PC 6.0; MDDR; .NET4.0C; .NET4.0E; .NET CLR 1.1.4322; Tablet PC 2.0); 360Spider"
101.226.168.231 - - [13/Apr/2013:07:59:09 +0200] "GET /lexikon.php?cs_go=3&cs_id=168 HTTP/1.1" 200 9138 "http://www.mink-gmbh.de/lexikon.php?cs_go=3&cs_id=168" "Mozilla/4.0 (compatible; MSIE 8.0; Windows NT 6.1; Trident/4.0; SLCC2; .NET CLR 2.0.50727; .NET CLR 3.5.30729; .NET CLR 3.0.30729; Media Center PC 6.0; MDDR; .NET4.0C; .NET4.0E; .NET CLR 1.1.4322; Tablet PC 2.0); 360Spider"
220.181.108.179 - - [13/Apr/2013:08:11:26 +0200] "GET / HTTP/1.1" 200 12082 "-" "Mozilla/5.0 (compatible; Baiduspider/2.0; +http://www.baidu.com/search/spider.html)"
141.8.147.12 - - [13/Apr/2013:08:37:25 +0200] "GET /news.php?cs_go=archiv&cs_id=4036&cs_search= HTTP/1.1" 200 13079 "-" "Mozilla/5.0 (compatible; YandexBot/3.0; +http://yandex.com/bots)"
66.249.75.49 - - [13/Apr/2013:08:42:00 +0200] "GET /kontakt.php HTTP/1.1" 200 9198 "-" "DoCoMo/2.0 N905i(c100;TB;W24H16) (compatible; Googlebot-Mobile/2.1; +http://www.google.com/bot.html)"
173.199.114.163 - - [13/Apr/2013:08:59:34 +0200] "GET /lexikon.php?cs_go=3&cs_id=166 HTTP/1.1" 200 9191 "-" "Mozilla/5.0 (compatible; AhrefsBot/4.0; +http://ahrefs.com/robot/)"
141.8.147.12 - - [13/Apr/2013:09:02:43 +0200] "GET /news.php?cs_go=archiv&cs_id=3818&cs_search= HTTP/1.1" 200 13352 "-" "Mozilla/5.0 (compatible; YandexBot/3.0; +http://yandex.com/bots)"
141.8.147.12 - - [13/Apr/2013:09:02:45 +0200] "GET /preisanfrage.php HTTP/1.1" 200 10735 "-" "Mozilla/5.0 (compatible; YandexBot/3.0; +http://yandex.com/bots)"
157.55.32.49 - - [13/Apr/2013:09:06:07 +0200] "GET /robots.txt HTTP/1.1" 200 177 "-" "Mozilla/5.0 (compatible; bingbot/2.0; +http://www.bing.com/bingbot.htm)"
157.55.32.49 - - [13/Apr/2013:09:06:55 +0200] "GET /lexikon.php HTTP/1.1" 200 10551 "-" "Mozilla/5.0 (compatible; bingbot/2.0; +http://www.bing.com/bingbot.htm)"
173.199.114.163 - - [13/Apr/2013:09:15:06 +0200] "GET /lexikon.php?cs_go=3&cs_id=44 HTTP/1.1" 200 8005 "-" "Mozilla/5.0 (compatible; AhrefsBot/4.0; +http://ahrefs.com/robot/)"
173.199.114.163 - - [13/Apr/2013:09:36:09 +0200] "GET /news.php?cs_go=archiv&cs_id=3913&cs_search= HTTP/1.1" 200 13499 "-" "Mozilla/5.0 (compatible; AhrefsBot/4.0; +http://ahrefs.com/robot/)"
173.199.114.163 - - [13/Apr/2013:09:48:21 +0200] "GET /lexikon.php?cs_go=3&cs_id=171 HTTP/1.1" 200 8008 "-" "Mozilla/5.0 (compatible; AhrefsBot/4.0; +http://ahrefs.com/robot/)"
141.8.147.12 - - [13/Apr/2013:09:48:24 +0200] "GET /news.php?cs_go=archiv&cs_id=3815&cs_search= HTTP/1.1" 200 13195 "-" "Mozilla/5.0 (compatible; YandexBot/3.0; +http://yandex.com/bots)"
173.199.114.163 - - [13/Apr/2013:09:59:34 +0200] "GET /lexikon.php?cs_go=3&cs_id=99 HTTP/1.1" 200 9500 "-" "Mozilla/5.0 (compatible; AhrefsBot/4.0; +http://ahrefs.com/robot/)"
66.249.75.49 - - [13/Apr/2013:10:22:29 +0200] "GET /news.php?cs_go=archiv&cs_id=3781 HTTP/1.1" 200 11328 "-" "Mozilla/5.0 (compatible; Googlebot/2.1; +http://www.google.com/bot.html)"
141.8.147.12 - - [13/Apr/2013:10:24:57 +0200] "GET /news.php?cs_go=archiv&cs_id=4041&cs_search= HTTP/1.1" 200 13090 "-" "Mozilla/5.0 (compatible; YandexBot/3.0; +http://yandex.com/bots)"
66.249.75.49 - - [13/Apr/2013:10:30:04 +0200] "GET /news.php?cs_go=archiv&cs_id=2996 HTTP/1.1" 200 13717 "-" "Mozilla/5.0 (compatible; Googlebot/2.1; +http://www.google.com/bot.html)"
141.8.147.12 - - [13/Apr/2013:10:42:05 +0200] "GET /news.php?cs_go=archiv&cs_id=3771&cs_search= HTTP/1.1" 200 9868 "-" "Mozilla/5.0 (compatible; YandexBot/3.0; +http://yandex.com/bots)"
66.249.75.49 - - [13/Apr/2013:10:45:52 +0200] "GET /news.php HTTP/1.1" 200 21967 "-" "SAMSUNG-SGH-E250/1.0 Profile/MIDP-2.0 Configuration/CLDC-1.1 UP.Browser/6.2.3.3.c.1.101 (GUI) MMP/2.0 (compatible; Googlebot-Mobile/2.1; +http://www.google.com/bot.html)"
66.249.75.49 - - [13/Apr/2013:10:50:17 +0200] "GET /news.php?cs_go=archiv&cs_id=2885 HTTP/1.1" 200 13578 "-" "Mozilla/5.0 (compatible; Googlebot/2.1; +http://www.google.com/bot.html)"
173.199.114.163 - - [13/Apr/2013:10:52:36 +0200] "GET /lexikon.php?cs_go=3&cs_id=152 HTTP/1.1" 200 8578 "-" "Mozilla/5.0 (compatible; AhrefsBot/4.0; +http://ahrefs.com/robot/)"
173.208.150.250 - - [13/Apr/2013:10:53:46 +0200] "GET /robots.txt HTTP/1.0" 200 177 "-" "Mozilla/5.0 (compatible; MJ12bot/v1.4.3; http://www.majestic12.co.uk/bot.php?+)"
173.208.150.250 - - [13/Apr/2013:10:53:47 +0200] "GET /agb.php HTTP/1.0" 200 19709 "-" "Mozilla/5.0 (compatible; MJ12bot/v1.4.3; http://www.majestic12.co.uk/bot.php?+)"
173.208.150.250 - - [13/Apr/2013:10:53:50 +0200] "GET /news.php?cs_go=archiv&cs_id=2678 HTTP/1.0" 200 7887 "-" "Mozilla/5.0 (compatible; MJ12bot/v1.4.3; http://www.majestic12.co.uk/bot.php?+)"
173.208.150.250 - - [13/Apr/2013:10:53:52 +0200] "GET /news.php?cs_go=archiv&cs_id=2679 HTTP/1.0" 200 7887 "-" "Mozilla/5.0 (compatible; MJ12bot/v1.4.3; http://www.majestic12.co.uk/bot.php?+)"
173.208.150.250 - - [13/Apr/2013:10:53:53 +0200] "GET /news.php?cs_go=archiv&cs_id=2680 HTTP/1.0" 200 7887 "-" "Mozilla/5.0 (compatible; MJ12bot/v1.4.3; http://www.majestic12.co.uk/bot.php?+)"
173.208.150.250 - - [13/Apr/2013:10:53:55 +0200] "GET /news.php?cs_go=archiv&cs_id=2681 HTTP/1.0" 200 7887 "-" "Mozilla/5.0 (compatible; MJ12bot/v1.4.3; http://www.majestic12.co.uk/bot.php?+)"
173.208.150.250 - - [13/Apr/2013:10:53:57 +0200] "GET /news.php?cs_go=archiv&cs_id=2682 HTTP/1.0" 200 7887 "-" "Mozilla/5.0 (compatible; MJ12bot/v1.4.3; http://www.majestic12.co.uk/bot.php?+)"
173.208.150.250 - - [13/Apr/2013:10:53:59 +0200] "GET /news.php?cs_go=archiv&cs_id=2683 HTTP/1.0" 200 7887 "-" "Mozilla/5.0 (compatible; MJ12bot/v1.4.3; http://www.majestic12.co.uk/bot.php?+)"
173.208.150.250 - - [13/Apr/2013:10:54:01 +0200] "GET /news.php?cs_go=archiv&cs_id=2684 HTTP/1.0" 200 7887 "-" "Mozilla/5.0 (compatible; MJ12bot/v1.4.3; http://www.majestic12.co.uk/bot.php?+)"
173.208.150.250 - - [13/Apr/2013:10:54:03 +0200] "GET /news.php?cs_go=archiv&cs_id=2685 HTTP/1.0" 200 7887 "-" "Mozilla/5.0 (compatible; MJ12bot/v1.4.3; http://www.majestic12.co.uk/bot.php?+)"
173.208.150.250 - - [13/Apr/2013:10:54:05 +0200] "GET /news.php?cs_go=archiv&cs_id=2686 HTTP/1.0" 200 7887 "-" "Mozilla/5.0 (compatible; MJ12bot/v1.4.3; http://www.majestic12.co.uk/bot.php?+)"
173.208.150.250 - - [13/Apr/2013:10:54:07 +0200] "GET /news.php?cs_go=archiv&cs_id=2687 HTTP/1.0" 200 7887 "-" "Mozilla/5.0 (compatible; MJ12bot/v1.4.3; http://www.majestic12.co.uk/bot.php?+)"
173.208.150.250 - - [13/Apr/2013:10:54:09 +0200] "GET /news.php?cs_go=archiv&cs_id=2688 HTTP/1.0" 200 7887 "-" "Mozilla/5.0 (compatible; MJ12bot/v1.4.3; http://www.majestic12.co.uk/bot.php?+)"
173.208.150.250 - - [13/Apr/2013:10:54:11 +0200] "GET /news.php?cs_go=archiv&cs_id=2689 HTTP/1.0" 200 7887 "-" "Mozilla/5.0 (compatible; MJ12bot/v1.4.3; http://www.majestic12.co.uk/bot.php?+)"
173.208.150.250 - - [13/Apr/2013:10:54:13 +0200] "GET /news.php?cs_go=archiv&cs_id=2690 HTTP/1.0" 200 7887 "-" "Mozilla/5.0 (compatible; MJ12bot/v1.4.3; http://www.majestic12.co.uk/bot.php?+)"
173.208.150.250 - - [13/Apr/2013:10:54:15 +0200] "GET /news.php?cs_go=archiv&cs_id=2691 HTTP/1.0" 200 7887 "-" "Mozilla/5.0 (compatible; MJ12bot/v1.4.3; http://www.majestic12.co.uk/bot.php?+)"
66.249.75.49 - - [13/Apr/2013:10:57:51 +0200] "GET /news.php?cs_go=archiv&cs_id=3076&cs_search= HTTP/1.1" 200 13876 "-" "Mozilla/5.0 (compatible; Googlebot/2.1; +http://www.google.com/bot.html)"
141.8.147.12 - - [13/Apr/2013:10:59:57 +0200] "GET /news.php?cs_go=archiv&cs_id=3781&cs_search= HTTP/1.1" 200 11328 "-" "Mozilla/5.0 (compatible; YandexBot/3.0; +http://yandex.com/bots)"
66.249.75.49 - - [13/Apr/2013:11:00:20 +0200] "GET / HTTP/1.1" 200 12087 "-" "Mozilla/5.0 (compatible; Googlebot/2.1; +http://www.google.com/bot.html)"
141.8.147.12 - - [13/Apr/2013:11:00:57 +0200] "GET /news.php?cs_go=archiv&cs_id=3697&cs_search= HTTP/1.1" 200 11633 "-" "Mozilla/5.0 (compatible; YandexBot/3.0; +http://yandex.com/bots)"
141.8.147.12 - - [13/Apr/2013:11:00:59 +0200] "GET /news.php HTTP/1.1" 200 21967 "-" "Mozilla/5.0 (compatible; YandexBot/3.0; +http://yandex.com/bots)"
141.8.147.12 - - [13/Apr/2013:11:01:02 +0200] "GET /news.php?cs_go=archiv&cs_startpos=220 HTTP/1.1" 200 22545 "-" "Mozilla/5.0 (compatible; YandexBot/3.0; +http://yandex.com/bots)"
66.249.75.49 - - [13/Apr/2013:11:02:49 +0200] "GET /news.php?cs_go=archiv&cs_id=2824&cs_search= HTTP/1.1" 200 9988 "-" "Mozilla/5.0 (compatible; Googlebot/2.1; +http://www.google.com/bot.html)"
66.249.75.49 - - [13/Apr/2013:11:05:19 +0200] "GET /news.php?cs_go=archiv&cs_id=3166&cs_search= HTTP/1.1" 200 13667 "-" "Mozilla/5.0 (compatible; Googlebot/2.1; +http://www.google.com/bot.html)"
66.249.75.49 - - [13/Apr/2013:11:07:49 +0200] "GET /news.php?cs_go=archiv&cs_id=2956 HTTP/1.1" 200 13368 "-" "Mozilla/5.0 (compatible; Googlebot/2.1; +http://www.google.com/bot.html)"
66.249.75.49 - - [13/Apr/2013:11:10:34 +0200] "GET /news.php?cs_go=archiv&cs_id=4076 HTTP/1.1" 200 11729 "-" "Mozilla/5.0 (compatible; Googlebot/2.1; +http://www.google.com/bot.html)"
66.249.75.49 - - [13/Apr/2013:11:12:52 +0200] "GET /news.php?cs_go=archiv&cs_id=4074 HTTP/1.1" 200 13449 "-" "Mozilla/5.0 (compatible; Googlebot/2.1; +http://www.google.com/bot.html)"
66.249.75.49 - - [13/Apr/2013:11:15:22 +0200] "GET /news.php?cs_go=archiv&cs_id=2765&cs_search= HTTP/1.1" 200 10218 "-" "Mozilla/5.0 (compatible; Googlebot/2.1; +http://www.google.com/bot.html)"
66.249.75.49 - - [13/Apr/2013:11:17:52 +0200] "GET /news.php?cs_go=archiv&cs_id=4069 HTTP/1.1" 200 10378 "-" "Mozilla/5.0 (compatible; Googlebot/2.1; +http://www.google.com/bot.html)"
66.249.75.49 - - [13/Apr/2013:11:22:53 +0200] "GET /news.php?cs_go=archiv&cs_id=2812&cs_search= HTTP/1.1" 200 9971 "-" "Mozilla/5.0 (compatible; Googlebot/2.1; +http://www.google.com/bot.html)"
66.249.75.49 - - [13/Apr/2013:11:25:23 +0200] "GET /news.php?cs_go=archiv&cs_id=3055&cs_search= HTTP/1.1" 200 13783 "-" "Mozilla/5.0 (compatible; Googlebot/2.1; +http://www.google.com/bot.html)"
130.83.167.153 - - [13/Apr/2013:11:27:44 +0200] "GET /agb.php HTTP/1.1" 200 19709 "-" "findlinks/2.6 (+http://wortschatz.uni-leipzig.de/findlinks/)"
130.83.167.153 - - [13/Apr/2013:11:27:44 +0200] "GET /agb.php HTTP/1.1" 200 19622 "-" "findlinks/2.6 (+http://wortschatz.uni-leipzig.de/findlinks/)"
65.36.241.79 - - [13/Apr/2013:11:28:02 +0200] "HEAD / HTTP/1.1" 200 - "-" "InternetSeer.com"
66.249.75.49 - - [13/Apr/2013:11:28:29 +0200] "GET /news.php?cs_go=archiv&cs_id=4071 HTTP/1.1" 200 9833 "-" "Mozilla/5.0 (compatible; Googlebot/2.1; +http://www.google.com/bot.html)"
173.199.114.163 - - [13/Apr/2013:11:29:27 +0200] "GET /lexikon.php?cs_go=3&cs_id=41 HTTP/1.1" 200 8353 "-" "Mozilla/5.0 (compatible; AhrefsBot/4.0; +http://ahrefs.com/robot/)"
66.249.75.49 - - [13/Apr/2013:11:30:24 +0200] "GET /news.php?cs_go=archiv&cs_id=2825&cs_search= HTTP/1.1" 200 13543 "-" "Mozilla/5.0 (compatible; Googlebot/2.1; +http://www.google.com/bot.html)"
173.199.114.163 - - [13/Apr/2013:11:36:15 +0200] "GET /\"http://www.brennstoffboerse.de/index.php?go=fluessiggas_pruefung\" HTTP/1.1" 404 - "-" "Mozilla/5.0 (compatible; AhrefsBot/4.0; +http://ahrefs.com/robot/)"
66.249.75.49 - - [13/Apr/2013:11:37:54 +0200] "GET /news.php?cs_go=archiv&cs_id=2818&cs_search= HTTP/1.1" 200 9984 "-" "Mozilla/5.0 (compatible; Googlebot/2.1; +http://www.google.com/bot.html)"
141.8.147.12 - - [13/Apr/2013:11:44:52 +0200] "GET /lexikon.php?cs_go=3&cs_id=67 HTTP/1.1" 200 8626 "-" "Mozilla/5.0 (compatible; YandexBot/3.0; +http://yandex.com/bots)"
66.249.75.49 - - [13/Apr/2013:12:18:03 +0200] "GET /news.php?cs_go=archiv&cs_id=2814&cs_search= HTTP/1.1" 200 13608 "-" "Mozilla/5.0 (compatible; Googlebot/2.1; +http://www.google.com/bot.html)"
85.178.212.148 - - [13/Apr/2013:12:18:22 +0200] "GET /style.css HTTP/1.1" 200 8418 "http://www.mink-gmbh.de/" "Mozilla/5.0 (Windows; U; Windows NT 5.1; de; rv:1.9.2.17) Gecko/20110420 Firefox/3.6.17 ( .NET CLR 3.5.30729) FBSMTWB"
85.178.212.148 - - [13/Apr/2013:12:18:22 +0200] "GET /favicon.ico HTTP/1.1" 200 3638 "-" "Mozilla/5.0 (Windows; U; Windows NT 5.1; de; rv:1.9.2.17) Gecko/20110420 Firefox/3.6.17 ( .NET CLR 3.5.30729) FBSMTWB"
85.178.212.148 - - [13/Apr/2013:12:18:22 +0200] "GET /js_contentserver24_greybox/gb_styles.css HTTP/1.1" 200 2302 "http://www.mink-gmbh.de/" "Mozilla/5.0 (Windows; U; Windows NT 5.1; de; rv:1.9.2.17) Gecko/20110420 Firefox/3.6.17 ( .NET CLR 3.5.30729) FBSMTWB"
85.178.212.148 - - [13/Apr/2013:12:18:22 +0200] "GET /modul.css HTTP/1.1" 200 35038 "http://www.mink-gmbh.de/" "Mozilla/5.0 (Windows; U; Windows NT 5.1; de; rv:1.9.2.17) Gecko/20110420 Firefox/3.6.17 ( .NET CLR 3.5.30729) FBSMTWB"
85.178.212.148 - - [13/Apr/2013:12:18:22 +0200] "GET /js_contentserver24_greybox/AJS.js HTTP/1.1" 200 10396 "http://www.mink-gmbh.de/" "Mozilla/5.0 (Windows; U; Windows NT 5.1; de; rv:1.9.2.17) Gecko/20110420 Firefox/3.6.17 ( .NET CLR 3.5.30729) FBSMTWB"
85.178.212.148 - - [13/Apr/2013:12:18:22 +0200] "GET /js_contentserver24_greybox/AJS_fx.js HTTP/1.1" 200 3192 "http://www.mink-gmbh.de/" "Mozilla/5.0 (Windows; U; Windows NT 5.1; de; rv:1.9.2.17) Gecko/20110420 Firefox/3.6.17 ( .NET CLR 3.5.30729) FBSMTWB"
85.178.212.148 - - [13/Apr/2013:12:18:22 +0200] "GET /js_contentserver24_greybox/gb_scripts.js HTTP/1.1" 200 11913 "http://www.mink-gmbh.de/" "Mozilla/5.0 (Windows; U; Windows NT 5.1; de; rv:1.9.2.17) Gecko/20110420 Firefox/3.6.17 ( .NET CLR 3.5.30729) FBSMTWB"
85.178.212.148 - - [13/Apr/2013:12:18:21 +0200] "GET / HTTP/1.1" 200 12087 "-" "Mozilla/5.0 (Windows; U; Windows NT 5.1; de; rv:1.9.2.17) Gecko/20110420 Firefox/3.6.17 ( .NET CLR 3.5.30729) FBSMTWB"
85.178.212.148 - - [13/Apr/2013:12:18:22 +0200] "GET /images/bg.jpg HTTP/1.1" 200 345 "http://www.mink-gmbh.de/style.css" "Mozilla/5.0 (Windows; U; Windows NT 5.1; de; rv:1.9.2.17) Gecko/20110420 Firefox/3.6.17 ( .NET CLR 3.5.30729) FBSMTWB"
85.178.212.148 - - [13/Apr/2013:12:18:22 +0200] "GET /js_contentserver24_greybox/w_close.gif HTTP/1.1" 200 74 "http://www.mink-gmbh.de/" "Mozilla/5.0 (Windows; U; Windows NT 5.1; de; rv:1.9.2.17) Gecko/20110420 Firefox/3.6.17 ( .NET CLR 3.5.30729) FBSMTWB"
85.178.212.148 - - [13/Apr/2013:12:18:22 +0200] "GET /images/close.png HTTP/1.1" 200 703 "http://www.mink-gmbh.de/" "Mozilla/5.0 (Windows; U; Windows NT 5.1; de; rv:1.9.2.17) Gecko/20110420 Firefox/3.6.17 ( .NET CLR 3.5.30729) FBSMTWB"
85.178.212.148 - - [13/Apr/2013:12:18:22 +0200] "GET /images/newsletter_bg.jpg HTTP/1.1" 200 33610 "http://www.mink-gmbh.de/" "Mozilla/5.0 (Windows; U; Windows NT 5.1; de; rv:1.9.2.17) Gecko/20110420 Firefox/3.6.17 ( .NET CLR 3.5.30729) FBSMTWB"
