5.9.88.119 - - [14/Apr/2013:00:06:30 +0200] "GET /news.php?cs_go=archiv&cs_id=4074 HTTP/1.1" 200 13449 "-" "Mozilla/5.0 (compatible; Infohelfer/1.3.3; +http://www.infohelfer.de/crawler.php)"
141.8.147.12 - - [14/Apr/2013:00:31:44 +0200] "GET /lexikon.php?cs_go=3&cs_id=60 HTTP/1.1" 200 8500 "-" "Mozilla/5.0 (compatible; YandexBot/3.0; +http://yandex.com/bots)"
66.249.75.49 - - [14/Apr/2013:00:35:30 +0200] "GET /modernisierung.php?cs_gp_go=description HTTP/1.1" 200 10771 "-" "DoCoMo/2.0 N905i(c100;TB;W24H16) (compatible; Googlebot-Mobile/2.1; +http://www.google.com/bot.html)"
141.8.147.12 - - [14/Apr/2013:01:25:46 +0200] "GET /news.php?cs_go=archiv&cs_id=3625&cs_search= HTTP/1.1" 200 14107 "-" "Mozilla/5.0 (compatible; YandexBot/3.0; +http://yandex.com/bots)"
173.208.180.58 - - [14/Apr/2013:01:28:47 +0200] "GET /robots.txt HTTP/1.0" 200 177 "-" "Mozilla/5.0 (compatible; MJ12bot/v1.4.3; http://www.majestic12.co.uk/bot.php?+)"
173.208.180.58 - - [14/Apr/2013:01:28:49 +0200] "GET / HTTP/1.0" 200 12087 "-" "Mozilla/5.0 (compatible; MJ12bot/v1.4.3; http://www.majestic12.co.uk/bot.php?+)"
66.249.75.49 - - [14/Apr/2013:01:38:21 +0200] "GET /news.php?cs_go=archiv&cs_id=4040 HTTP/1.1" 200 12426 "-" "SAMSUNG-SGH-E250/1.0 Profile/MIDP-2.0 Configuration/CLDC-1.1 UP.Browser/6.2.3.3.c.1.101 (GUI) MMP/2.0 (compatible; Googlebot-Mobile/2.1; +http://www.google.com/bot.html)"
81.30.151.221 - - [14/Apr/2013:01:42:06 +0200] "GET /robots.txt HTTP/1.1" 200 177 "-" "Mozilla/5.0 (compatible; Spiderlytics/1.0; +spider@spiderlytics.com)"
81.30.151.221 - - [14/Apr/2013:01:42:06 +0200] "GET /news.php?cs_go=archiv&cs_startpos=210 HTTP/1.1" 200 22536 "-" "Mozilla/5.0 (compatible; Spiderlytics/1.0; +spider@spiderlytics.com)"
141.8.147.12 - - [14/Apr/2013:02:05:18 +0200] "GET /news.php?cs_go=archiv&cs_id=4057&cs_search= HTTP/1.1" 200 13242 "-" "Mozilla/5.0 (compatible; YandexBot/3.0; +http://yandex.com/bots)"
66.249.75.49 - - [14/Apr/2013:02:15:02 +0200] "GET /news.php?cs_go=archiv&cs_id=4045 HTTP/1.1" 200 9849 "-" "Mozilla/5.0 (iPhone; U; CPU iPhone OS 4_1 like Mac OS X; en-us) AppleWebKit/532.9 (KHTML, like Gecko) Version/4.0.5 Mobile/8B117 Safari/6531.22.7 (compatible; Googlebot-Mobile/2.1; +http://www.google.com/bot.html)"
141.8.147.12 - - [14/Apr/2013:02:49:39 +0200] "GET /news.php?cs_go=archiv&cs_id=4054&cs_search= HTTP/1.1" 200 13320 "-" "Mozilla/5.0 (compatible; YandexBot/3.0; +http://yandex.com/bots)"
141.8.147.12 - - [14/Apr/2013:03:38:40 +0200] "GET /news.php?cs_go=archiv&cs_id=4051 HTTP/1.1" 200 13408 "-" "Mozilla/5.0 (compatible; YandexBot/3.0; +http://yandex.com/bots)"
123.125.71.59 - - [14/Apr/2013:03:42:27 +0200] "GET / HTTP/1.1" 200 8673 "-" "Mozilla/5.0 (compatible; Baiduspider/2.0; +http://www.baidu.com/search/spider.html)"
220.181.108.100 - - [14/Apr/2013:03:43:00 +0200] "GET / HTTP/1.1" 200 8673 "-" "Mozilla/5.0 (compatible; Baiduspider/2.0; +http://www.baidu.com/search/spider.html)"
65.36.241.79 - - [14/Apr/2013:04:03:30 +0200] "HEAD / HTTP/1.1" 200 - "-" "InternetSeer.com"
141.8.147.12 - - [14/Apr/2013:04:13:32 +0200] "GET /lexikon.php?cs_go=3&cs_id=81 HTTP/1.1" 200 8420 "-" "Mozilla/5.0 (compatible; YandexBot/3.0; +http://yandex.com/bots)"
141.8.147.12 - - [14/Apr/2013:05:06:00 +0200] "GET /lexikon.php?cs_go=3&cs_id=29 HTTP/1.1" 200 8354 "-" "Mozilla/5.0 (compatible; YandexBot/3.0; +http://yandex.com/bots)"
173.199.114.163 - - [14/Apr/2013:05:23:29 +0200] "GET /lexikon.php?cs_go=3&cs_id=127 HTTP/1.1" 200 10078 "-" "Mozilla/5.0 (compatible; AhrefsBot/4.0; +http://ahrefs.com/robot/)"
173.199.114.163 - - [14/Apr/2013:05:34:20 +0200] "GET /news.php?cs_go=archiv&cs_id=3846&cs_search= HTTP/1.1" 200 11425 "-" "Mozilla/5.0 (compatible; AhrefsBot/4.0; +http://ahrefs.com/robot/)"
141.8.147.12 - - [14/Apr/2013:05:47:26 +0200] "GET /lexikon.php?cs_go=3&cs_id=88 HTTP/1.1" 200 8816 "-" "Mozilla/5.0 (compatible; YandexBot/3.0; +http://yandex.com/bots)"
173.199.114.163 - - [14/Apr/2013:05:59:02 +0200] "GET /lexikon.php?cs_go=3&cs_id=110 HTTP/1.1" 200 8703 "-" "Mozilla/5.0 (compatible; AhrefsBot/4.0; +http://ahrefs.com/robot/)"
173.199.114.163 - - [14/Apr/2013:06:05:31 +0200] "GET /lexikon.php?cs_go=3&cs_id=20 HTTP/1.1" 200 8978 "-" "Mozilla/5.0 (compatible; AhrefsBot/4.0; +http://ahrefs.com/robot/)"
173.199.114.163 - - [14/Apr/2013:06:59:47 +0200] "GET /lexikon.php?cs_go=3&cs_id=193 HTTP/1.1" 200 8007 "-" "Mozilla/5.0 (compatible; AhrefsBot/4.0; +http://ahrefs.com/robot/)"
85.13.131.53 - - [14/Apr/2013:07:04:37 +0200] "GET / HTTP/1.0" 200 6440 "-" "-"
85.13.131.53 - - [14/Apr/2013:07:04:37 +0200] "GET / HTTP/1.0" 200 3409 "-" "-"
141.8.147.12 - - [14/Apr/2013:07:10:28 +0200] "GET /lexikon.php?cs_go=3&cs_id=67 HTTP/1.1" 200 8626 "-" "Mozilla/5.0 (compatible; YandexBot/3.0; +http://yandex.com/bots)"
66.249.75.49 - - [14/Apr/2013:07:55:24 +0200] "GET /news.php?cs_go=archiv&cs_id=2735&cs_search= HTTP/1.1" 200 9795 "-" "Mozilla/5.0 (compatible; Googlebot/2.1; +http://www.google.com/bot.html)"
173.199.114.163 - - [14/Apr/2013:07:59:48 +0200] "GET /.php HTTP/1.1" 404 - "-" "Mozilla/5.0 (compatible; AhrefsBot/4.0; +http://ahrefs.com/robot/)"
141.8.147.12 - - [14/Apr/2013:08:01:40 +0200] "GET /robots.txt HTTP/1.1" 200 177 "-" "Mozilla/5.0 (compatible; YandexBot/3.0; +http://yandex.com/bots)"
66.249.75.49 - - [14/Apr/2013:08:11:25 +0200] "GET /news.php?cs_go=archiv&cs_id=3371&cs_search= HTTP/1.1" 200 9903 "-" "Mozilla/5.0 (compatible; Googlebot/2.1; +http://www.google.com/bot.html)"
66.249.75.49 - - [14/Apr/2013:08:19:55 +0200] "GET /news.php?cs_go=archiv&cs_id=3548 HTTP/1.1" 200 9873 "-" "Mozilla/5.0 (compatible; Googlebot/2.1; +http://www.google.com/bot.html)"
173.199.114.163 - - [14/Apr/2013:08:25:15 +0200] "GET /news.php?cs_go=archiv&cs_id=2732&cs_search= HTTP/1.1" 200 10390 "-" "Mozilla/5.0 (compatible; AhrefsBot/4.0; +http://ahrefs.com/robot/)"
66.249.75.49 - - [14/Apr/2013:08:27:20 +0200] "GET /news.php?cs_go=archiv&cs_id=3547 HTTP/1.1" 200 13336 "-" "Mozilla/5.0 (compatible; Googlebot/2.1; +http://www.google.com/bot.html)"
88.190.57.92 - - [14/Apr/2013:08:34:59 +0200] "GET /js_contentserver24_greybox/AJS.js HTTP/1.1" 200 10396 "http://abtasty.com/" "Mozilla/5.0 (X11; Linux x86_64) AppleWebKit/534.34 (KHTML, like Gecko) Qt/4.8.1 Safari/534.34"
88.190.57.92 - - [14/Apr/2013:08:34:59 +0200] "GET /js_contentserver24_greybox/gb_scripts.js HTTP/1.1" 200 11913 "http://abtasty.com/" "Mozilla/5.0 (X11; Linux x86_64) AppleWebKit/534.34 (KHTML, like Gecko) Qt/4.8.1 Safari/534.34"
88.190.57.92 - - [14/Apr/2013:08:34:59 +0200] "GET /js_contentserver24_greybox/AJS_fx.js HTTP/1.1" 200 3192 "http://abtasty.com/" "Mozilla/5.0 (X11; Linux x86_64) AppleWebKit/534.34 (KHTML, like Gecko) Qt/4.8.1 Safari/534.34"
88.190.57.92 - - [14/Apr/2013:08:34:59 +0200] "GET /js_contentserver24_greybox/loader_frame.html?s=0 HTTP/1.1" 200 2084 "http://abtasty.com/" "Mozilla/5.0 (X11; Linux x86_64) AppleWebKit/534.34 (KHTML, like Gecko) Qt/4.8.1 Safari/534.34"
88.190.57.92 - - [14/Apr/2013:08:34:57 +0200] "GET / HTTP/1.1" 200 12097 "http://abtasty.com/" "Mozilla/5.0 (X11; Linux x86_64) AppleWebKit/534.34 (KHTML, like Gecko) Qt/4.8.1 Safari/534.34"
66.249.75.49 - - [14/Apr/2013:08:35:30 +0200] "GET /news.php?cs_go=archiv&cs_id=2783 HTTP/1.1" 200 14321 "-" "Mozilla/5.0 (compatible; Googlebot/2.1; +http://www.google.com/bot.html)"
66.249.75.49 - - [14/Apr/2013:08:43:42 +0200] "GET /news.php?cs_go=archiv&cs_id=2820 HTTP/1.1" 200 14254 "-" "Mozilla/5.0 (compatible; Googlebot/2.1; +http://www.google.com/bot.html)"
66.249.75.49 - - [14/Apr/2013:09:08:47 +0200] "GET /news.php?cs_go=archiv&cs_id=2921 HTTP/1.1" 200 13600 "-" "Mozilla/5.0 (compatible; Googlebot/2.1; +http://www.google.com/bot.html)"
78.52.148.204 - - [14/Apr/2013:09:09:05 +0200] "GET /style.css HTTP/1.1" 200 8418 "http://www.mink-gmbh.de/" "Mozilla/4.0 (compatible; MSIE 8.0; Windows NT 5.1; Trident/4.0; .NET CLR 2.0.50727; .NET CLR 3.0.4506.2152; .NET CLR 3.5.30729)"
78.52.148.204 - - [14/Apr/2013:09:09:04 +0200] "GET / HTTP/1.1" 200 12121 "http://www.google.de/url?sa=t&rct=j&q=heiz%C3%B6l%20berlin&source=web&cd=19&ved=0CH4QFjAIOAo&url=http%3A%2F%2Fwww.mink-gmbh.de%2F&ei=OVVqUfqaH6Pe7AbowoDoAw&usg=AFQjCNFHX4Iglls9oo-KYXTmDUV_5KOVIg" "Mozilla/4.0 (compatible; MSIE 8.0; Windows NT 5.1; Trident/4.0; .NET CLR 2.0.50727; .NET CLR 3.0.4506.2152; .NET CLR 3.5.30729)"
78.52.148.204 - - [14/Apr/2013:09:09:05 +0200] "GET /modul.css HTTP/1.1" 200 35038 "http://www.mink-gmbh.de/" "Mozilla/4.0 (compatible; MSIE 8.0; Windows NT 5.1; Trident/4.0; .NET CLR 2.0.50727; .NET CLR 3.0.4506.2152; .NET CLR 3.5.30729)"
78.52.148.204 - - [14/Apr/2013:09:09:05 +0200] "GET /js_contentserver24_greybox/gb_styles.css HTTP/1.1" 200 2302 "http://www.mink-gmbh.de/" "Mozilla/4.0 (compatible; MSIE 8.0; Windows NT 5.1; Trident/4.0; .NET CLR 2.0.50727; .NET CLR 3.0.4506.2152; .NET CLR 3.5.30729)"
78.52.148.204 - - [14/Apr/2013:09:09:05 +0200] "GET /js_contentserver24_greybox/AJS.js HTTP/1.1" 200 10396 "http://www.mink-gmbh.de/" "Mozilla/4.0 (compatible; MSIE 8.0; Windows NT 5.1; Trident/4.0; .NET CLR 2.0.50727; .NET CLR 3.0.4506.2152; .NET CLR 3.5.30729)"
78.52.148.204 - - [14/Apr/2013:09:09:05 +0200] "GET /js_contentserver24_greybox/AJS_fx.js HTTP/1.1" 200 3192 "http://www.mink-gmbh.de/" "Mozilla/4.0 (compatible; MSIE 8.0; Windows NT 5.1; Trident/4.0; .NET CLR 2.0.50727; .NET CLR 3.0.4506.2152; .NET CLR 3.5.30729)"
78.52.148.204 - - [14/Apr/2013:09:09:05 +0200] "GET /js_contentserver24_greybox/gb_scripts.js HTTP/1.1" 200 11913 "http://www.mink-gmbh.de/" "Mozilla/4.0 (compatible; MSIE 8.0; Windows NT 5.1; Trident/4.0; .NET CLR 2.0.50727; .NET CLR 3.0.4506.2152; .NET CLR 3.5.30729)"
78.52.148.204 - - [14/Apr/2013:09:09:05 +0200] "GET /images/bg.jpg HTTP/1.1" 200 345 "http://www.mink-gmbh.de/" "Mozilla/4.0 (compatible; MSIE 8.0; Windows NT 5.1; Trident/4.0; .NET CLR 2.0.50727; .NET CLR 3.0.4506.2152; .NET CLR 3.5.30729)"
78.52.148.204 - - [14/Apr/2013:09:09:06 +0200] "GET /js_contentserver24_greybox/w_close.gif HTTP/1.1" 200 74 "http://www.mink-gmbh.de/" "Mozilla/4.0 (compatible; MSIE 8.0; Windows NT 5.1; Trident/4.0; .NET CLR 2.0.50727; .NET CLR 3.0.4506.2152; .NET CLR 3.5.30729)"
78.52.148.204 - - [14/Apr/2013:09:09:06 +0200] "GET /images/tkw.jpg HTTP/1.1" 200 64031 "http://www.mink-gmbh.de/" "Mozilla/4.0 (compatible; MSIE 8.0; Windows NT 5.1; Trident/4.0; .NET CLR 2.0.50727; .NET CLR 3.0.4506.2152; .NET CLR 3.5.30729)"
78.52.148.204 - - [14/Apr/2013:09:09:06 +0200] "GET /images/mail.jpg HTTP/1.1" 200 11165 "http://www.mink-gmbh.de/" "Mozilla/4.0 (compatible; MSIE 8.0; Windows NT 5.1; Trident/4.0; .NET CLR 2.0.50727; .NET CLR 3.0.4506.2152; .NET CLR 3.5.30729)"
78.52.148.204 - - [14/Apr/2013:09:09:06 +0200] "GET /images/freecall.jpg HTTP/1.1" 200 39195 "http://www.mink-gmbh.de/" "Mozilla/4.0 (compatible; MSIE 8.0; Windows NT 5.1; Trident/4.0; .NET CLR 2.0.50727; .NET CLR 3.0.4506.2152; .NET CLR 3.5.30729)"
78.52.148.204 - - [14/Apr/2013:09:09:06 +0200] "GET /images/newsletter_bg.jpg HTTP/1.1" 200 33610 "http://www.mink-gmbh.de/" "Mozilla/4.0 (compatible; MSIE 8.0; Windows NT 5.1; Trident/4.0; .NET CLR 2.0.50727; .NET CLR 3.0.4506.2152; .NET CLR 3.5.30729)"
78.52.148.204 - - [14/Apr/2013:09:09:06 +0200] "GET /images/kwk.gif HTTP/1.1" 200 6403 "http://www.mink-gmbh.de/" "Mozilla/4.0 (compatible; MSIE 8.0; Windows NT 5.1; Trident/4.0; .NET CLR 2.0.50727; .NET CLR 3.0.4506.2152; .NET CLR 3.5.30729)"
78.52.148.204 - - [14/Apr/2013:09:09:06 +0200] "GET /images/wrapperbg.jpg HTTP/1.1" 200 27465 "http://www.mink-gmbh.de/" "Mozilla/4.0 (compatible; MSIE 8.0; Windows NT 5.1; Trident/4.0; .NET CLR 2.0.50727; .NET CLR 3.0.4506.2152; .NET CLR 3.5.30729)"
78.52.148.204 - - [14/Apr/2013:09:09:06 +0200] "GET /images/navibg.png HTTP/1.1" 200 2803 "http://www.mink-gmbh.de/" "Mozilla/4.0 (compatible; MSIE 8.0; Windows NT 5.1; Trident/4.0; .NET CLR 2.0.50727; .NET CLR 3.0.4506.2152; .NET CLR 3.5.30729)"
78.52.148.204 - - [14/Apr/2013:09:09:07 +0200] "GET /images/logos.jpg HTTP/1.1" 200 15002 "http://www.mink-gmbh.de/" "Mozilla/4.0 (compatible; MSIE 8.0; Windows NT 5.1; Trident/4.0; .NET CLR 2.0.50727; .NET CLR 3.0.4506.2152; .NET CLR 3.5.30729)"
78.52.148.204 - - [14/Apr/2013:09:09:07 +0200] "GET /images/close.png HTTP/1.1" 200 703 "http://www.mink-gmbh.de/" "Mozilla/4.0 (compatible; MSIE 8.0; Windows NT 5.1; Trident/4.0; .NET CLR 2.0.50727; .NET CLR 3.0.4506.2152; .NET CLR 3.5.30729)"
78.52.148.204 - - [14/Apr/2013:09:09:07 +0200] "GET /images/newsletter.png HTTP/1.1" 200 14619 "http://www.mink-gmbh.de/" "Mozilla/4.0 (compatible; MSIE 8.0; Windows NT 5.1; Trident/4.0; .NET CLR 2.0.50727; .NET CLR 3.0.4506.2152; .NET CLR 3.5.30729)"
78.52.148.204 - - [14/Apr/2013:09:09:07 +0200] "GET /images/header.jpg HTTP/1.1" 200 24413 "http://www.mink-gmbh.de/" "Mozilla/4.0 (compatible; MSIE 8.0; Windows NT 5.1; Trident/4.0; .NET CLR 2.0.50727; .NET CLR 3.0.4506.2152; .NET CLR 3.5.30729)"
78.52.148.204 - - [14/Apr/2013:09:09:07 +0200] "GET /images/fallend.png HTTP/1.1" 200 713 "http://www.mink-gmbh.de/" "Mozilla/4.0 (compatible; MSIE 8.0; Windows NT 5.1; Trident/4.0; .NET CLR 2.0.50727; .NET CLR 3.0.4506.2152; .NET CLR 3.5.30729)"
78.52.148.204 - - [14/Apr/2013:09:09:07 +0200] "GET /images/mobil.jpg HTTP/1.1" 200 25293 "http://www.mink-gmbh.de/" "Mozilla/4.0 (compatible; MSIE 8.0; Windows NT 5.1; Trident/4.0; .NET CLR 2.0.50727; .NET CLR 3.0.4506.2152; .NET CLR 3.5.30729)"
78.52.148.204 - - [14/Apr/2013:09:09:07 +0200] "GET /images/footerbg.jpg HTTP/1.1" 200 2184 "http://www.mink-gmbh.de/" "Mozilla/4.0 (compatible; MSIE 8.0; Windows NT 5.1; Trident/4.0; .NET CLR 2.0.50727; .NET CLR 3.0.4506.2152; .NET CLR 3.5.30729)"
78.52.148.204 - - [14/Apr/2013:09:09:07 +0200] "GET /js_contentserver24_greybox/header_bg.gif HTTP/1.1" 200 1188 "http://www.mink-gmbh.de/" "Mozilla/4.0 (compatible; MSIE 8.0; Windows NT 5.1; Trident/4.0; .NET CLR 2.0.50727; .NET CLR 3.0.4506.2152; .NET CLR 3.5.30729)"
78.52.148.204 - - [14/Apr/2013:09:09:07 +0200] "GET /images/wunschpreis.jpg HTTP/1.1" 200 16767 "http://www.mink-gmbh.de/" "Mozilla/4.0 (compatible; MSIE 8.0; Windows NT 5.1; Trident/4.0; .NET CLR 2.0.50727; .NET CLR 3.0.4506.2152; .NET CLR 3.5.30729)"
78.52.148.204 - - [14/Apr/2013:09:09:07 +0200] "GET /images/newsletter.jpg HTTP/1.1" 200 13130 "http://www.mink-gmbh.de/" "Mozilla/4.0 (compatible; MSIE 8.0; Windows NT 5.1; Trident/4.0; .NET CLR 2.0.50727; .NET CLR 3.0.4506.2152; .NET CLR 3.5.30729)"
78.52.148.204 - - [14/Apr/2013:09:09:07 +0200] "GET /js_contentserver24_greybox/loader_frame.html?s=0 HTTP/1.1" 200 2084 "http://www.mink-gmbh.de/" "Mozilla/4.0 (compatible; MSIE 8.0; Windows NT 5.1; Trident/4.0; .NET CLR 2.0.50727; .NET CLR 3.0.4506.2152; .NET CLR 3.5.30729)"
78.52.148.204 - - [14/Apr/2013:09:09:07 +0200] "GET /js_contentserver24_greybox/indicator.gif HTTP/1.1" 200 8238 "http://www.mink-gmbh.de/js_contentserver24_greybox/loader_frame.html?s=0" "Mozilla/4.0 (compatible; MSIE 8.0; Windows NT 5.1; Trident/4.0; .NET CLR 2.0.50727; .NET CLR 3.0.4506.2152; .NET CLR 3.5.30729)"
78.52.148.204 - - [14/Apr/2013:09:09:09 +0200] "GET /js_contentserver24_greybox/g_close.gif HTTP/1.1" 200 541 "http://www.mink-gmbh.de/" "Mozilla/4.0 (compatible; MSIE 8.0; Windows NT 5.1; Trident/4.0; .NET CLR 2.0.50727; .NET CLR 3.0.4506.2152; .NET CLR 3.5.30729)"
78.52.148.204 - - [14/Apr/2013:09:09:09 +0200] "GET /favicon.ico HTTP/1.1" 200 3638 "-" "Mozilla/4.0 (compatible; MSIE 8.0; Windows NT 5.1; Trident/4.0; .NET CLR 2.0.50727; .NET CLR 3.0.4506.2152; .NET CLR 3.5.30729)"
65.36.241.79 - - [14/Apr/2013:09:09:23 +0200] "HEAD / HTTP/1.1" 200 - "-" "InternetSeer.com"
78.52.148.204 - - [14/Apr/2013:09:09:55 +0200] "GET /preisanfrage.php HTTP/1.1" 200 10648 "http://www.mink-gmbh.de/" "Mozilla/4.0 (compatible; MSIE 8.0; Windows NT 5.1; Trident/4.0; .NET CLR 2.0.50727; .NET CLR 3.0.4506.2152; .NET CLR 3.5.30729)"
78.52.148.204 - - [14/Apr/2013:09:10:20 +0200] "GET /wunschpreis.php HTTP/1.1" 200 11997 "http://www.mink-gmbh.de/preisanfrage.php" "Mozilla/4.0 (compatible; MSIE 8.0; Windows NT 5.1; Trident/4.0; .NET CLR 2.0.50727; .NET CLR 3.0.4506.2152; .NET CLR 3.5.30729)"
78.52.148.204 - - [14/Apr/2013:09:10:39 +0200] "GET /preisanfrage.php HTTP/1.1" 200 10648 "http://www.mink-gmbh.de/" "Mozilla/4.0 (compatible; MSIE 8.0; Windows NT 5.1; Trident/4.0; .NET CLR 2.0.50727; .NET CLR 3.0.4506.2152; .NET CLR 3.5.30729)"
78.52.148.204 - - [14/Apr/2013:09:10:54 +0200] "GET / HTTP/1.1" 200 11380 "http://www.google.de/url?sa=t&rct=j&q=heiz%C3%B6l%20berlin&source=web&cd=19&ved=0CH4QFjAIOAo&url=http%3A%2F%2Fwww.mink-gmbh.de%2F&ei=OVVqUfqaH6Pe7AbowoDoAw&usg=AFQjCNFHX4Iglls9oo-KYXTmDUV_5KOVIg" "Mozilla/4.0 (compatible; MSIE 8.0; Windows NT 5.1; Trident/4.0; .NET CLR 2.0.50727; .NET CLR 3.0.4506.2152; .NET CLR 3.5.30729)"
173.199.114.163 - - [14/Apr/2013:09:14:33 +0200] "GET /lexikon.php?cs_go=3&cs_id=66 HTTP/1.1" 200 7999 "-" "Mozilla/5.0 (compatible; AhrefsBot/4.0; +http://ahrefs.com/robot/)"
66.249.75.49 - - [14/Apr/2013:09:20:57 +0200] "GET / HTTP/1.1" 200 12121 "-" "Mozilla/5.0 (iPhone; U; CPU iPhone OS 4_1 like Mac OS X; en-us) AppleWebKit/532.9 (KHTML, like Gecko) Version/4.0.5 Mobile/8B117 Safari/6531.22.7 (compatible; Googlebot-Mobile/2.1; +http://www.google.com/bot.html)"
66.249.75.49 - - [14/Apr/2013:09:26:21 +0200] "GET /news.php?cs_go=archiv&cs_id=2947 HTTP/1.1" 200 9891 "-" "Mozilla/5.0 (compatible; Googlebot/2.1; +http://www.google.com/bot.html)"
66.249.75.49 - - [14/Apr/2013:09:35:05 +0200] "GET /news.php?cs_go=archiv&cs_id=3043 HTTP/1.1" 200 10155 "-" "Mozilla/5.0 (compatible; Googlebot/2.1; +http://www.google.com/bot.html)"
66.249.75.49 - - [14/Apr/2013:09:44:05 +0200] "GET /news.php?cs_go=archiv&cs_id=2929 HTTP/1.1" 200 12085 "-" "Mozilla/5.0 (compatible; Googlebot/2.1; +http://www.google.com/bot.html)"
173.70.136.92 - - [14/Apr/2013:09:58:22 +0200] "GET / HTTP/1.1" 200 12096 "-" "EMail Exractor"
178.255.215.64 - - [14/Apr/2013:10:01:22 +0200] "GET /robots.txt HTTP/1.1" 200 177 "-" "Mozilla/5.0 (compatible; Exabot/3.0; +http://www.exabot.com/go/robot)"
178.255.215.64 - - [14/Apr/2013:10:01:22 +0200] "GET / HTTP/1.1" 200 12096 "-" "Mozilla/5.0 (compatible; Exabot/3.0; +http://www.exabot.com/go/robot)"
66.249.75.49 - - [14/Apr/2013:10:02:15 +0200] "GET /news.php?cs_go=archiv&cs_id=2767&cs_search= HTTP/1.1" 200 13697 "-" "Mozilla/5.0 (compatible; Googlebot/2.1; +http://www.google.com/bot.html)"
173.199.114.163 - - [14/Apr/2013:10:03:01 +0200] "GET /lexikon.php?cs_go=3&cs_id=79 HTTP/1.1" 200 8001 "-" "Mozilla/5.0 (compatible; AhrefsBot/4.0; +http://ahrefs.com/robot/)"
66.249.75.49 - - [14/Apr/2013:10:11:20 +0200] "GET /news.php?cs_go=archiv&cs_id=3236&cs_search= HTTP/1.1" 200 13745 "-" "Mozilla/5.0 (compatible; Googlebot/2.1; +http://www.google.com/bot.html)"
46.4.120.2 - - [14/Apr/2013:10:25:20 +0200] "GET / HTTP/1.0" 200 12096 "-" "-"
46.4.120.2 - - [14/Apr/2013:10:25:20 +0200] "GET / HTTP/1.0" 200 12096 "-" "-"
46.4.120.2 - - [14/Apr/2013:10:25:21 +0200] "GET /images/tkw.jpg HTTP/1.1" 200 64031 "http://www.mink-gmbh.de" "Mozilla/5.0 (Windows; U; Windows NT 5.1; en-US; rv:1.8.1.15) Gecko/20080623 Firefox/2.0.0.15"
46.4.120.2 - - [14/Apr/2013:10:25:21 +0200] "GET / HTTP/1.0" 200 12096 "-" "-"
46.4.120.2 - - [14/Apr/2013:10:25:21 +0200] "GET / HTTP/1.0" 200 12096 "-" "-"
46.4.120.2 - - [14/Apr/2013:10:25:22 +0200] "GET /images/tkw.jpg HTTP/1.1" 200 64031 "http://www.mink-gmbh.de" "Mozilla/5.0 (Windows; U; Windows NT 5.1; en-US; rv:1.8.1.15) Gecko/20080623 Firefox/2.0.0.15"
66.249.75.49 - - [14/Apr/2013:10:25:52 +0200] "GET / HTTP/1.1" 200 12096 "-" "Mozilla/5.0 (compatible; Googlebot/2.1; +http://www.google.com/bot.html)"
66.249.75.49 - - [14/Apr/2013:10:29:26 +0200] "GET /news.php?cs_go=archiv&cs_id=3352 HTTP/1.1" 200 9914 "-" "Mozilla/5.0 (compatible; Googlebot/2.1; +http://www.google.com/bot.html)"
66.249.75.49 - - [14/Apr/2013:11:05:33 +0200] "GET /news.php?cs_go=archiv&cs_id=2974&cs_search= HTTP/1.1" 200 13507 "-" "Mozilla/5.0 (compatible; Googlebot/2.1; +http://www.google.com/bot.html)"
66.249.75.49 - - [14/Apr/2013:11:07:01 +0200] "GET /news.php?cs_go=archiv&cs_id=3434 HTTP/1.1" 200 10333 "-" "Mozilla/5.0 (compatible; Googlebot/2.1; +http://www.google.com/bot.html)"
66.249.75.49 - - [14/Apr/2013:11:16:33 +0200] "GET /news.php?cs_go=archiv&cs_id=3318&cs_search= HTTP/1.1" 200 9846 "-" "Mozilla/5.0 (compatible; Googlebot/2.1; +http://www.google.com/bot.html)"
66.249.75.49 - - [14/Apr/2013:11:29:01 +0200] "GET /news.php?cs_go=archiv&cs_id=4072 HTTP/1.1" 200 11285 "-" "Mozilla/5.0 (compatible; Googlebot/2.1; +http://www.google.com/bot.html)"
66.249.75.49 - - [14/Apr/2013:11:30:04 +0200] "GET /news.php?cs_go=archiv&cs_id=4075 HTTP/1.1" 200 12552 "-" "Mozilla/5.0 (compatible; Googlebot/2.1; +http://www.google.com/bot.html)"
66.249.75.49 - - [14/Apr/2013:11:31:53 +0200] "GET /news.php?cs_go=archiv&cs_id=4070 HTTP/1.1" 200 10195 "-" "Mozilla/5.0 (compatible; Googlebot/2.1; +http://www.google.com/bot.html)"
66.249.75.49 - - [14/Apr/2013:11:36:21 +0200] "GET /news.php?cs_go=archiv&cs_id=2914&cs_search= HTTP/1.1" 200 10556 "-" "Mozilla/5.0 (compatible; Googlebot/2.1; +http://www.google.com/bot.html)"
173.199.114.163 - - [14/Apr/2013:11:41:43 +0200] "GET /lexikon.php?cs_go=3&cs_id=17 HTTP/1.1" 200 8461 "-" "Mozilla/5.0 (compatible; AhrefsBot/4.0; +http://ahrefs.com/robot/)"
173.199.114.163 - - [14/Apr/2013:11:44:35 +0200] "GET /news.php?cs_go=archiv&cs_id=3858&cs_search= HTTP/1.1" 200 12466 "-" "Mozilla/5.0 (compatible; AhrefsBot/4.0; +http://ahrefs.com/robot/)"
208.115.111.75 - - [14/Apr/2013:11:51:13 +0200] "GET /robots.txt HTTP/1.1" 200 177 "-" "Mozilla/5.0 (compatible; Ezooms/1.0; ezooms.bot@gmail.com)"
66.249.75.49 - - [14/Apr/2013:11:55:58 +0200] "GET /standard.php HTTP/1.1" 200 9218 "-" "Mozilla/5.0 (compatible; Googlebot/2.1; +http://www.google.com/bot.html)"
66.249.75.49 - - [14/Apr/2013:12:05:07 +0200] "GET /.php HTTP/1.1" 404 - "-" "Mozilla/5.0 (compatible; Googlebot/2.1; +http://www.google.com/bot.html)"
173.199.114.163 - - [14/Apr/2013:12:10:35 +0200] "GET /lexikon.php?cs_go=3&cs_id=129 HTTP/1.1" 200 8647 "-" "Mozilla/5.0 (compatible; AhrefsBot/4.0; +http://ahrefs.com/robot/)"
66.249.75.49 - - [14/Apr/2013:12:15:32 +0200] "GET /kontakt.php HTTP/1.1" 200 9198 "-" "Mozilla/5.0 (compatible; Googlebot/2.1; +http://www.google.com/bot.html)"
66.249.75.49 - - [14/Apr/2013:12:40:16 +0200] "GET /news.php?cs_go=archiv&cs_id=4048 HTTP/1.1" 200 10056 "-" "Mozilla/5.0 (iPhone; U; CPU iPhone OS 4_1 like Mac OS X; en-us) AppleWebKit/532.9 (KHTML, like Gecko) Version/4.0.5 Mobile/8B117 Safari/6531.22.7 (compatible; Googlebot-Mobile/2.1; +http://www.google.com/bot.html)"
173.199.114.163 - - [14/Apr/2013:12:52:21 +0200] "GET /lexikon.php?cs_go=3&cs_id=130 HTTP/1.1" 200 8236 "-" "Mozilla/5.0 (compatible; AhrefsBot/4.0; +http://ahrefs.com/robot/)"
173.199.114.163 - - [14/Apr/2013:13:06:56 +0200] "GET /lexikon.php?cs_go=3&cs_id=173 HTTP/1.1" 200 8661 "-" "Mozilla/5.0 (compatible; AhrefsBot/4.0; +http://ahrefs.com/robot/)"
208.115.111.75 - - [14/Apr/2013:13:41:34 +0200] "GET /lexikon.php HTTP/1.1" 200 10551 "-" "Mozilla/5.0 (compatible; Ezooms/1.0; ezooms.bot@gmail.com)"
66.249.75.49 - - [14/Apr/2013:14:03:48 +0200] "GET /robots.txt HTTP/1.1" 200 177 "-" "Mozilla/5.0 (compatible; Googlebot/2.1; +http://www.google.com/bot.html)"
66.249.75.49 - - [14/Apr/2013:14:03:48 +0200] "GET /news.php?cs_go=archiv&cs_id=3921&cs_search= HTTP/1.1" 200 10242 "-" "Mozilla/5.0 (compatible; Googlebot/2.1; +http://www.google.com/bot.html)"
66.249.75.49 - - [14/Apr/2013:14:30:45 +0200] "GET /rueckrufservice.php HTTP/1.1" 200 10770 "-" "DoCoMo/2.0 N905i(c100;TB;W24H16) (compatible; Googlebot-Mobile/2.1; +http://www.google.com/bot.html)"
141.8.147.12 - - [14/Apr/2013:15:17:39 +0200] "GET /news.php?cs_go=archiv&cs_id=4052 HTTP/1.1" 200 12330 "-" "Mozilla/5.0 (compatible; YandexBot/3.0; +http://yandex.com/bots)"
65.36.241.79 - - [14/Apr/2013:15:44:12 +0200] "HEAD / HTTP/1.1" 200 - "-" "InternetSeer.com"
66.249.75.49 - - [14/Apr/2013:16:20:45 +0200] "GET /kwk.php HTTP/1.1" 200 10884 "-" "SAMSUNG-SGH-E250/1.0 Profile/MIDP-2.0 Configuration/CLDC-1.1 UP.Browser/6.2.3.3.c.1.101 (GUI) MMP/2.0 (compatible; Googlebot-Mobile/2.1; +http://www.google.com/bot.html)"
123.125.71.84 - - [14/Apr/2013:16:36:26 +0200] "GET /robots.txt HTTP/1.1" 200 177 "-" "Mozilla/5.0 (Windows NT 5.1; rv:6.0.2) Gecko/20100101 Firefox/6.0.2"
141.8.147.12 - - [14/Apr/2013:17:28:06 +0200] "GET /news.php?cs_go=archiv&cs_id=4056&cs_search= HTTP/1.1" 200 11801 "-" "Mozilla/5.0 (compatible; YandexBot/3.0; +http://yandex.com/bots)"
91.61.65.208 - - [14/Apr/2013:17:33:41 +0200] "GET /jobs.php HTTP/1.1" 200 7200 "-" "Mozilla/5.0 /Windows; U; Windows NT 6.1; de; rv:1.9.1.5) Gecko/20091102 Firefox/3.5.5"
208.115.113.91 - - [14/Apr/2013:17:47:11 +0200] "GET /robots.txt HTTP/1.1" 200 177 "-" "Mozilla/5.0 (compatible; Ezooms/1.0; ezooms.bot@gmail.com)"
88.73.115.21 - - [14/Apr/2013:17:47:28 +0200] "GET /style.css HTTP/1.1" 200 8418 "http://www.mink-gmbh.de/" "Mozilla/5.0 (iPad; CPU OS 6_1_2 like Mac OS X) AppleWebKit/536.26 (KHTML, like Gecko) Version/6.0 Mobile/10B146 Safari/8536.25"
88.73.115.21 - - [14/Apr/2013:17:47:28 +0200] "GET /modul.css HTTP/1.1" 200 35038 "http://www.mink-gmbh.de/" "Mozilla/5.0 (iPad; CPU OS 6_1_2 like Mac OS X) AppleWebKit/536.26 (KHTML, like Gecko) Version/6.0 Mobile/10B146 Safari/8536.25"
88.73.115.21 - - [14/Apr/2013:17:47:29 +0200] "GET /js_contentserver24_greybox/gb_styles.css HTTP/1.1" 200 2302 "http://www.mink-gmbh.de/" "Mozilla/5.0 (iPad; CPU OS 6_1_2 like Mac OS X) AppleWebKit/536.26 (KHTML, like Gecko) Version/6.0 Mobile/10B146 Safari/8536.25"
88.73.115.21 - - [14/Apr/2013:17:47:28 +0200] "GET / HTTP/1.1" 200 12096 "-" "Mozilla/5.0 (iPad; CPU OS 6_1_2 like Mac OS X) AppleWebKit/536.26 (KHTML, like Gecko) Version/6.0 Mobile/10B146 Safari/8536.25"
88.73.115.21 - - [14/Apr/2013:17:47:29 +0200] "GET /js_contentserver24_greybox/AJS.js HTTP/1.1" 200 10396 "http://www.mink-gmbh.de/" "Mozilla/5.0 (iPad; CPU OS 6_1_2 like Mac OS X) AppleWebKit/536.26 (KHTML, like Gecko) Version/6.0 Mobile/10B146 Safari/8536.25"
88.73.115.21 - - [14/Apr/2013:17:47:29 +0200] "GET /js_contentserver24_greybox/AJS_fx.js HTTP/1.1" 200 3192 "http://www.mink-gmbh.de/" "Mozilla/5.0 (iPad; CPU OS 6_1_2 like Mac OS X) AppleWebKit/536.26 (KHTML, like Gecko) Version/6.0 Mobile/10B146 Safari/8536.25"
88.73.115.21 - - [14/Apr/2013:17:47:29 +0200] "GET /js_contentserver24_greybox/gb_scripts.js HTTP/1.1" 200 11913 "http://www.mink-gmbh.de/" "Mozilla/5.0 (iPad; CPU OS 6_1_2 like Mac OS X) AppleWebKit/536.26 (KHTML, like Gecko) Version/6.0 Mobile/10B146 Safari/8536.25"
88.73.115.21 - - [14/Apr/2013:17:47:29 +0200] "GET /images/bg.jpg HTTP/1.1" 200 345 "http://www.mink-gmbh.de/" "Mozilla/5.0 (iPad; CPU OS 6_1_2 like Mac OS X) AppleWebKit/536.26 (KHTML, like Gecko) Version/6.0 Mobile/10B146 Safari/8536.25"
88.73.115.21 - - [14/Apr/2013:17:47:29 +0200] "GET /images/tkw.jpg HTTP/1.1" 200 64031 "http://www.mink-gmbh.de/" "Mozilla/5.0 (iPad; CPU OS 6_1_2 like Mac OS X) AppleWebKit/536.26 (KHTML, like Gecko) Version/6.0 Mobile/10B146 Safari/8536.25"
88.73.115.21 - - [14/Apr/2013:17:47:29 +0200] "GET /images/freecall.jpg HTTP/1.1" 200 39195 "http://www.mink-gmbh.de/" "Mozilla/5.0 (iPad; CPU OS 6_1_2 like Mac OS X) AppleWebKit/536.26 (KHTML, like Gecko) Version/6.0 Mobile/10B146 Safari/8536.25"
88.73.115.21 - - [14/Apr/2013:17:47:29 +0200] "GET /images/mail.jpg HTTP/1.1" 200 11165 "http://www.mink-gmbh.de/" "Mozilla/5.0 (iPad; CPU OS 6_1_2 like Mac OS X) AppleWebKit/536.26 (KHTML, like Gecko) Version/6.0 Mobile/10B146 Safari/8536.25"
88.73.115.21 - - [14/Apr/2013:17:47:30 +0200] "GET /images/kwk.gif HTTP/1.1" 200 6403 "http://www.mink-gmbh.de/" "Mozilla/5.0 (iPad; CPU OS 6_1_2 like Mac OS X) AppleWebKit/536.26 (KHTML, like Gecko) Version/6.0 Mobile/10B146 Safari/8536.25"
88.73.115.21 - - [14/Apr/2013:17:47:30 +0200] "GET /images/wunschpreis.jpg HTTP/1.1" 200 16767 "http://www.mink-gmbh.de/" "Mozilla/5.0 (iPad; CPU OS 6_1_2 like Mac OS X) AppleWebKit/536.26 (KHTML, like Gecko) Version/6.0 Mobile/10B146 Safari/8536.25"
88.73.115.21 - - [14/Apr/2013:17:47:30 +0200] "GET /images/logos.jpg HTTP/1.1" 200 15002 "http://www.mink-gmbh.de/" "Mozilla/5.0 (iPad; CPU OS 6_1_2 like Mac OS X) AppleWebKit/536.26 (KHTML, like Gecko) Version/6.0 Mobile/10B146 Safari/8536.25"
88.73.115.21 - - [14/Apr/2013:17:47:30 +0200] "GET /js_contentserver24_greybox/w_close.gif HTTP/1.1" 200 74 "http://www.mink-gmbh.de/" "Mozilla/5.0 (iPad; CPU OS 6_1_2 like Mac OS X) AppleWebKit/536.26 (KHTML, like Gecko) Version/6.0 Mobile/10B146 Safari/8536.25"
88.73.115.21 - - [14/Apr/2013:17:47:30 +0200] "GET /images/close.png HTTP/1.1" 200 703 "http://www.mink-gmbh.de/" "Mozilla/5.0 (iPad; CPU OS 6_1_2 like Mac OS X) AppleWebKit/536.26 (KHTML, like Gecko) Version/6.0 Mobile/10B146 Safari/8536.25"
88.73.115.21 - - [14/Apr/2013:17:47:30 +0200] "GET /images/wrapperbg.jpg HTTP/1.1" 200 27465 "http://www.mink-gmbh.de/" "Mozilla/5.0 (iPad; CPU OS 6_1_2 like Mac OS X) AppleWebKit/536.26 (KHTML, like Gecko) Version/6.0 Mobile/10B146 Safari/8536.25"
88.73.115.21 - - [14/Apr/2013:17:47:30 +0200] "GET /images/header.jpg HTTP/1.1" 200 24413 "http://www.mink-gmbh.de/" "Mozilla/5.0 (iPad; CPU OS 6_1_2 like Mac OS X) AppleWebKit/536.26 (KHTML, like Gecko) Version/6.0 Mobile/10B146 Safari/8536.25"
88.73.115.21 - - [14/Apr/2013:17:47:30 +0200] "GET /images/navibg.png HTTP/1.1" 200 2803 "http://www.mink-gmbh.de/" "Mozilla/5.0 (iPad; CPU OS 6_1_2 like Mac OS X) AppleWebKit/536.26 (KHTML, like Gecko) Version/6.0 Mobile/10B146 Safari/8536.25"
88.73.115.21 - - [14/Apr/2013:17:47:30 +0200] "GET /js_contentserver24_greybox/loader_frame.html?s=0 HTTP/1.1" 200 2084 "http://www.mink-gmbh.de/" "Mozilla/5.0 (iPad; CPU OS 6_1_2 like Mac OS X) AppleWebKit/536.26 (KHTML, like Gecko) Version/6.0 Mobile/10B146 Safari/8536.25"
88.73.115.21 - - [14/Apr/2013:17:47:30 +0200] "GET /images/newsletter.jpg HTTP/1.1" 200 13130 "http://www.mink-gmbh.de/" "Mozilla/5.0 (iPad; CPU OS 6_1_2 like Mac OS X) AppleWebKit/536.26 (KHTML, like Gecko) Version/6.0 Mobile/10B146 Safari/8536.25"
88.73.115.21 - - [14/Apr/2013:17:47:30 +0200] "GET /images/footerbg.jpg HTTP/1.1" 200 2184 "http://www.mink-gmbh.de/" "Mozilla/5.0 (iPad; CPU OS 6_1_2 like Mac OS X) AppleWebKit/536.26 (KHTML, like Gecko) Version/6.0 Mobile/10B146 Safari/8536.25"
88.73.115.21 - - [14/Apr/2013:17:47:30 +0200] "GET /images/newsletter.png HTTP/1.1" 200 14619 "http://www.mink-gmbh.de/" "Mozilla/5.0 (iPad; CPU OS 6_1_2 like Mac OS X) AppleWebKit/536.26 (KHTML, like Gecko) Version/6.0 Mobile/10B146 Safari/8536.25"
88.73.115.21 - - [14/Apr/2013:17:47:30 +0200] "GET /images/newsletter_bg.jpg HTTP/1.1" 200 33610 "http://www.mink-gmbh.de/" "Mozilla/5.0 (iPad; CPU OS 6_1_2 like Mac OS X) AppleWebKit/536.26 (KHTML, like Gecko) Version/6.0 Mobile/10B146 Safari/8536.25"
88.73.115.21 - - [14/Apr/2013:17:47:30 +0200] "GET /js_contentserver24_greybox/indicator.gif HTTP/1.1" 200 8238 "http://www.mink-gmbh.de/js_contentserver24_greybox/loader_frame.html?s=0" "Mozilla/5.0 (iPad; CPU OS 6_1_2 like Mac OS X) AppleWebKit/536.26 (KHTML, like Gecko) Version/6.0 Mobile/10B146 Safari/8536.25"
88.73.115.21 - - [14/Apr/2013:17:47:30 +0200] "GET /images/fallend.png HTTP/1.1" 200 713 "http://www.mink-gmbh.de/" "Mozilla/5.0 (iPad; CPU OS 6_1_2 like Mac OS X) AppleWebKit/536.26 (KHTML, like Gecko) Version/6.0 Mobile/10B146 Safari/8536.25"
88.73.115.21 - - [14/Apr/2013:17:47:30 +0200] "GET /js_contentserver24_greybox/header_bg.gif HTTP/1.1" 200 1188 "http://www.mink-gmbh.de/" "Mozilla/5.0 (iPad; CPU OS 6_1_2 like Mac OS X) AppleWebKit/536.26 (KHTML, like Gecko) Version/6.0 Mobile/10B146 Safari/8536.25"
88.73.115.21 - - [14/Apr/2013:17:47:30 +0200] "GET /images/mobil.jpg HTTP/1.1" 200 25293 "http://www.mink-gmbh.de/" "Mozilla/5.0 (iPad; CPU OS 6_1_2 like Mac OS X) AppleWebKit/536.26 (KHTML, like Gecko) Version/6.0 Mobile/10B146 Safari/8536.25"
88.73.115.21 - - [14/Apr/2013:17:47:30 +0200] "GET /js_contentserver24_greybox/g_close.gif HTTP/1.1" 200 541 "http://www.mink-gmbh.de/" "Mozilla/5.0 (iPad; CPU OS 6_1_2 like Mac OS X) AppleWebKit/536.26 (KHTML, like Gecko) Version/6.0 Mobile/10B146 Safari/8536.25"
91.61.65.208 - - [14/Apr/2013:17:55:45 +0200] "GET /jobs.php HTTP/1.1" 200 7200 "-" "Mozilla/5.0 /Windows; U; Windows NT 6.1; de; rv:1.9.1.5) Gecko/20091102 Firefox/3.5.5"
66.249.75.49 - - [14/Apr/2013:18:13:47 +0200] "GET /news.php HTTP/1.1" 200 21979 "-" "Mozilla/5.0 (iPhone; U; CPU iPhone OS 4_1 like Mac OS X; en-us) AppleWebKit/532.9 (KHTML, like Gecko) Version/4.0.5 Mobile/8B117 Safari/6531.22.7 (compatible; Googlebot-Mobile/2.1; +http://www.google.com/bot.html)"
141.8.147.12 - - [14/Apr/2013:19:10:12 +0200] "GET / HTTP/1.1" 200 12096 "-" "Mozilla/5.0 (compatible; YandexBot/3.0; +http://yandex.com/bots)"
66.249.75.49 - - [14/Apr/2013:19:40:19 +0200] "GET /news.php?cs_go=archiv&cs_id=4046 HTTP/1.1" 200 12252 "-" "Mozilla/5.0 (iPhone; U; CPU iPhone OS 4_1 like Mac OS X; en-us) AppleWebKit/532.9 (KHTML, like Gecko) Version/4.0.5 Mobile/8B117 Safari/6531.22.7 (compatible; Googlebot-Mobile/2.1; +http://www.google.com/bot.html)"
208.115.111.75 - - [14/Apr/2013:19:51:16 +0200] "GET /robots.txt HTTP/1.1" 200 177 "-" "Mozilla/5.0 (compatible; Ezooms/1.0; ezooms.bot@gmail.com)"
208.115.113.91 - - [14/Apr/2013:19:56:31 +0200] "GET /news.php?cs_go=archiv&cs_startpos=180 HTTP/1.1" 200 22857 "-" "Mozilla/5.0 (compatible; Ezooms/1.0; ezooms.bot@gmail.com)"
66.249.75.49 - - [14/Apr/2013:20:15:08 +0200] "GET /news.php?cs_go=archiv&cs_id=3296&cs_search= HTTP/1.1" 200 9902 "-" "Mozilla/5.0 (compatible; Googlebot/2.1; +http://www.google.com/bot.html)"
65.36.241.79 - - [14/Apr/2013:20:42:24 +0200] "HEAD / HTTP/1.1" 200 - "-" "InternetSeer.com"
66.249.75.49 - - [14/Apr/2013:20:55:18 +0200] "GET /news.php?cs_go=archiv&cs_id=3501 HTTP/1.1" 200 9880 "-" "Mozilla/5.0 (compatible; Googlebot/2.1; +http://www.google.com/bot.html)"
66.249.75.49 - - [14/Apr/2013:21:31:26 +0200] "GET /news.php?cs_go=archiv&cs_startpos=30 HTTP/1.1" 200 22443 "-" "SAMSUNG-SGH-E250/1.0 Profile/MIDP-2.0 Configuration/CLDC-1.1 UP.Browser/6.2.3.3.c.1.101 (GUI) MMP/2.0 (compatible; Googlebot-Mobile/2.1; +http://www.google.com/bot.html)"
66.249.75.49 - - [14/Apr/2013:21:35:12 +0200] "GET /news.php?cs_go=archiv&cs_id=3964&cs_search= HTTP/1.1" 200 12123 "-" "DoCoMo/2.0 N905i(c100;TB;W24H16) (compatible; Googlebot-Mobile/2.1; +http://www.google.com/bot.html)"
208.115.111.75 - - [14/Apr/2013:21:37:52 +0200] "GET /impressum.php HTTP/1.1" 200 8582 "-" "Mozilla/5.0 (compatible; Ezooms/1.0; ezooms.bot@gmail.com)"
141.8.147.12 - - [14/Apr/2013:21:49:11 +0200] "GET /robots.txt HTTP/1.1" 200 177 "-" "Mozilla/5.0 (compatible; YandexBot/3.0; +http://yandex.com/bots)"
66.249.75.49 - - [14/Apr/2013:22:33:31 +0200] "GET /news.php?cs_go=archiv&cs_id=2846&cs_search= HTTP/1.1" 200 10833 "-" "Mozilla/5.0 (iPhone; U; CPU iPhone OS 4_1 like Mac OS X; en-us) AppleWebKit/532.9 (KHTML, like Gecko) Version/4.0.5 Mobile/8B117 Safari/6531.22.7 (compatible; Googlebot-Mobile/2.1; +http://www.google.com/bot.html)"
139.18.2.209 - - [14/Apr/2013:22:35:25 +0200] "GET /robots.txt HTTP/1.1" 200 177 "-" "findlinks/2.6 (+http://wortschatz.uni-leipzig.de/findlinks/)"
66.249.75.49 - - [14/Apr/2013:22:46:55 +0200] "GET /news.php?cs_go=archiv&cs_id=3500 HTTP/1.1" 200 13320 "-" "Mozilla/5.0 (compatible; Googlebot/2.1; +http://www.google.com/bot.html)"
141.8.147.12 - - [14/Apr/2013:23:06:23 +0200] "GET /news.php?cs_go=archiv&cs_startpos=220 HTTP/1.1" 200 22485 "-" "Mozilla/5.0 (compatible; YandexBot/3.0; +http://yandex.com/bots)"
66.249.75.49 - - [15/Apr/2013:00:40:39 +0200] "GET /wunschpreis.php HTTP/1.1" 200 12084 "-" "Mozilla/5.0 (iPhone; U; CPU iPhone OS 4_1 like Mac OS X; en-us) AppleWebKit/532.9 (KHTML, like Gecko) Version/4.0.5 Mobile/8B117 Safari/6531.22.7 (compatible; Googlebot-Mobile/2.1; +http://www.google.com/bot.html)"
141.8.147.12 - - [15/Apr/2013:00:50:20 +0200] "GET /news.php HTTP/1.1" 200 21979 "-" "Mozilla/5.0 (compatible; YandexBot/3.0; +http://yandex.com/bots)"
199.21.99.104 - - [15/Apr/2013:01:07:22 +0200] "GET / HTTP/1.1" 200 12096 "-" "Mozilla/5.0 (compatible; YandexBot/3.0; +http://yandex.com/bots)"
178.77.126.55 - - [15/Apr/2013:01:09:34 +0200] "GET /robots.txt HTTP/1.1" 200 177 "-" "Mozilla/5.0 (compatible; CareerBot/1.1; +http://www.career-x.de/bot.html)"
178.77.126.55 - - [15/Apr/2013:01:09:34 +0200] "GET / HTTP/1.1" 200 12096 "-" "Mozilla/5.0 (compatible; CareerBot/1.1; +http://www.career-x.de/bot.html)"
178.77.126.55 - - [15/Apr/2013:01:09:35 +0200] "GET /news.php?cs_go=archiv&cs_id=4075 HTTP/1.1" 200 12465 "-" "Mozilla/5.0 (compatible; CareerBot/1.1; +http://www.career-x.de/bot.html)"
66.249.75.49 - - [15/Apr/2013:01:12:07 +0200] "GET /index.php HTTP/1.1" 200 12096 "-" "Mozilla/5.0 (compatible; Googlebot/2.1; +http://www.google.com/bot.html)"
141.8.147.12 - - [15/Apr/2013:01:14:16 +0200] "GET /index.php HTTP/1.1" 200 12096 "-" "Mozilla/5.0 (compatible; YandexBot/3.0; +http://yandex.com/bots)"
208.115.113.91 - - [15/Apr/2013:01:47:45 +0200] "GET /robots.txt HTTP/1.1" 200 177 "-" "Mozilla/5.0 (compatible; Ezooms/1.0; ezooms.bot@gmail.com)"
199.58.86.211 - - [15/Apr/2013:01:48:09 +0200] "GET /robots.txt HTTP/1.0" 200 177 "-" "Mozilla/5.0 (compatible; MJ12bot/v1.4.3; http://www.majestic12.co.uk/bot.php?+)"
199.58.86.211 - - [15/Apr/2013:01:48:11 +0200] "GET /news.php?cs_go=archiv&cs_id=4069 HTTP/1.0" 200 10378 "-" "Mozilla/5.0 (compatible; MJ12bot/v1.4.3; http://www.majestic12.co.uk/bot.php?+)"
199.58.86.211 - - [15/Apr/2013:01:48:12 +0200] "GET /news.php?cs_go=archiv&cs_id=4071 HTTP/1.0" 200 9833 "-" "Mozilla/5.0 (compatible; MJ12bot/v1.4.3; http://www.majestic12.co.uk/bot.php?+)"
199.58.86.211 - - [15/Apr/2013:01:48:14 +0200] "GET /news.php?cs_go=archiv&cs_id=4074 HTTP/1.0" 200 13449 "-" "Mozilla/5.0 (compatible; MJ12bot/v1.4.3; http://www.majestic12.co.uk/bot.php?+)"
208.115.113.91 - - [15/Apr/2013:02:12:38 +0200] "GET /jobs.php HTTP/1.1" 200 7200 "-" "Mozilla/5.0 (compatible; Ezooms/1.0; ezooms.bot@gmail.com)"
5.135.139.77 - - [15/Apr/2013:02:24:56 +0200] "GET /js_contentserver24_greybox/AJS.js HTTP/1.1" 200 10396 "http://www.mink-gmbh.de/" "Mozilla/5.0 (X11; Linux x86_64) AppleWebKit/534.34 (KHTML, like Gecko) Qt/4.8.3 Safari/534.34"
5.135.139.77 - - [15/Apr/2013:02:24:56 +0200] "GET /js_contentserver24_greybox/AJS_fx.js HTTP/1.1" 200 3192 "http://www.mink-gmbh.de/" "Mozilla/5.0 (X11; Linux x86_64) AppleWebKit/534.34 (KHTML, like Gecko) Qt/4.8.3 Safari/534.34"
5.135.139.77 - - [15/Apr/2013:02:24:56 +0200] "GET /js_contentserver24_greybox/gb_scripts.js HTTP/1.1" 200 11913 "http://www.mink-gmbh.de/" "Mozilla/5.0 (X11; Linux x86_64) AppleWebKit/534.34 (KHTML, like Gecko) Qt/4.8.3 Safari/534.34"
5.135.139.77 - - [15/Apr/2013:02:24:55 +0200] "GET / HTTP/1.1" 200 12096 "-" "Mozilla/5.0 (X11; Linux x86_64) AppleWebKit/534.34 (KHTML, like Gecko) Qt/4.8.3 Safari/534.34"
5.135.139.77 - - [15/Apr/2013:02:25:01 +0200] "GET /js_contentserver24_greybox/loader_frame.html?s=0 HTTP/1.1" 200 2084 "http://www.mink-gmbh.de/" "Mozilla/5.0 (X11; Linux x86_64) AppleWebKit/534.34 (KHTML, like Gecko) Qt/4.8.3 Safari/534.34"
66.249.75.49 - - [15/Apr/2013:02:42:29 +0200] "GET /news.php?cs_go=archiv&cs_id=4041 HTTP/1.1" 200 13090 "-" "SAMSUNG-SGH-E250/1.0 Profile/MIDP-2.0 Configuration/CLDC-1.1 UP.Browser/6.2.3.3.c.1.101 (GUI) MMP/2.0 (compatible; Googlebot-Mobile/2.1; +http://www.google.com/bot.html)"
66.249.75.49 - - [15/Apr/2013:02:59:47 +0200] "GET /news.php?cs_go=archiv&cs_id=4047 HTTP/1.1" 200 13107 "-" "Mozilla/5.0 (iPhone; U; CPU iPhone OS 4_1 like Mac OS X; en-us) AppleWebKit/532.9 (KHTML, like Gecko) Version/4.0.5 Mobile/8B117 Safari/6531.22.7 (compatible; Googlebot-Mobile/2.1; +http://www.google.com/bot.html)"
65.36.241.79 - - [15/Apr/2013:03:22:35 +0200] "HEAD / HTTP/1.1" 200 - "-" "InternetSeer.com"
66.249.75.49 - - [15/Apr/2013:03:52:43 +0200] "GET /modernisierung.php?cs_gp_go=plus HTTP/1.1" 200 11578 "-" "DoCoMo/2.0 N905i(c100;TB;W24H16) (compatible; Googlebot-Mobile/2.1; +http://www.google.com/bot.html)"
141.8.147.12 - - [15/Apr/2013:04:20:49 +0200] "GET /lexikon.php?cs_go=3&cs_id=178 HTTP/1.1" 200 8473 "-" "Mozilla/5.0 (compatible; YandexBot/3.0; +http://yandex.com/bots)"
130.83.167.153 - - [15/Apr/2013:04:55:30 +0200] "GET /jobs.php HTTP/1.1" 200 5149 "-" "findlinks/2.6 (+http://wortschatz.uni-leipzig.de/findlinks/)"
130.83.167.153 - - [15/Apr/2013:04:55:30 +0200] "GET /jobs.php HTTP/1.1" 200 7113 "-" "findlinks/2.6 (+http://wortschatz.uni-leipzig.de/findlinks/)"
66.249.75.49 - - [15/Apr/2013:05:54:56 +0200] "GET /lexikon.php?cs_go=3&cs_id=69 HTTP/1.1" 200 10107 "-" "Mozilla/5.0 (compatible; Googlebot/2.1; +http://www.google.com/bot.html)"
182.118.22.205 - - [15/Apr/2013:06:08:27 +0200] "GET /news.php?cs_go=archiv&cs_id=3971 HTTP/1.1" 200 9776 "http://www.mink-gmbh.de/news.php?cs_go=archiv&cs_id=3971" "Mozilla/5.0 (Windows; U; Windows NT 5.1; zh-CN; rv:1.8.0.11) Firefox/1.5.0.11; 360Spider"
182.118.22.202 - - [15/Apr/2013:06:08:27 +0200] "GET /news.php?cs_go=archiv&cs_id=3972 HTTP/1.1" 200 11825 "http://www.mink-gmbh.de/news.php?cs_go=archiv&cs_id=3972" "Mozilla/5.0 (Windows; U; Windows NT 5.1; zh-CN; rv:1.8.0.11) Firefox/1.5.0.11; 360Spider"
66.249.75.49 - - [15/Apr/2013:06:18:56 +0200] "GET /news.php?cs_go=archiv&cs_id=3248&cs_search= HTTP/1.1" 200 11229 "-" "Mozilla/5.0 (compatible; Googlebot/2.1; +http://www.google.com/bot.html)"
66.249.75.49 - - [15/Apr/2013:06:26:09 +0200] "GET /news.php?cs_go=archiv&cs_id=3513 HTTP/1.1" 200 13529 "-" "Mozilla/5.0 (compatible; Googlebot/2.1; +http://www.google.com/bot.html)"
66.249.75.49 - - [15/Apr/2013:06:28:33 +0200] "GET /news.php?cs_go=archiv&cs_id=2983 HTTP/1.1" 200 12098 "-" "Mozilla/5.0 (compatible; Googlebot/2.1; +http://www.google.com/bot.html)"
123.125.71.20 - - [15/Apr/2013:06:32:22 +0200] "GET / HTTP/1.1" 200 8682 "-" "Mozilla/5.0 (compatible; Baiduspider/2.0; +http://www.baidu.com/search/spider.html)"
220.181.108.101 - - [15/Apr/2013:06:32:52 +0200] "GET / HTTP/1.1" 200 7825 "-" "Mozilla/5.0 (compatible; Baiduspider/2.0; +http://www.baidu.com/search/spider.html)"
66.249.75.49 - - [15/Apr/2013:06:33:22 +0200] "GET /lexikon.php?cs_go=3&cs_id=210 HTTP/1.1" 200 9541 "-" "Mozilla/5.0 (compatible; Googlebot/2.1; +http://www.google.com/bot.html)"
141.8.147.12 - - [15/Apr/2013:06:46:06 +0200] "GET /news.php?cs_go=archiv&cs_id=3710&cs_search= HTTP/1.1" 200 14235 "-" "Mozilla/5.0 (compatible; YandexBot/3.0; +http://yandex.com/bots)"
66.249.75.49 - - [15/Apr/2013:06:47:59 +0200] "GET /lexikon.php?cs_go=3&cs_id=151 HTTP/1.1" 200 8683 "-" "Mozilla/5.0 (compatible; Googlebot/2.1; +http://www.google.com/bot.html)"
66.249.75.49 - - [15/Apr/2013:06:52:51 +0200] "GET /news.php?cs_go=archiv&cs_id=3582 HTTP/1.1" 200 9775 "-" "Mozilla/5.0 (compatible; Googlebot/2.1; +http://www.google.com/bot.html)"
66.249.75.49 - - [15/Apr/2013:06:57:43 +0200] "GET /lexikon.php?cs_go=3&cs_id=206 HTTP/1.1" 200 8350 "-" "Mozilla/5.0 (compatible; Googlebot/2.1; +http://www.google.com/bot.html)"
66.249.75.49 - - [15/Apr/2013:07:00:11 +0200] "GET /news.php?cs_go=archiv&cs_id=3906 HTTP/1.1" 200 11109 "-" "Mozilla/5.0 (compatible; Googlebot/2.1; +http://www.google.com/bot.html)"
66.249.75.49 - - [15/Apr/2013:07:05:11 +0200] "GET /news.php?cs_go=archiv&cs_id=3705 HTTP/1.1" 200 9813 "-" "Mozilla/5.0 (compatible; Googlebot/2.1; +http://www.google.com/bot.html)"
66.249.75.49 - - [15/Apr/2013:07:22:51 +0200] "GET /news.php?cs_go=archiv&cs_id=3044 HTTP/1.1" 200 13826 "-" "Mozilla/5.0 (compatible; Googlebot/2.1; +http://www.google.com/bot.html)"
66.249.75.49 - - [15/Apr/2013:07:25:28 +0200] "GET /news.php?cs_go=archiv&cs_id=3478 HTTP/1.1" 200 12084 "-" "Mozilla/5.0 (compatible; Googlebot/2.1; +http://www.google.com/bot.html)"
66.249.75.49 - - [15/Apr/2013:07:28:04 +0200] "GET /faq.php HTTP/1.1" 200 184037 "-" "Mozilla/5.0 (compatible; Googlebot/2.1; +http://www.google.com/bot.html)"
66.249.75.49 - - [15/Apr/2013:07:30:40 +0200] "GET /news.php?cs_go=archiv&cs_id=3715 HTTP/1.1" 200 14600 "-" "Mozilla/5.0 (compatible; Googlebot/2.1; +http://www.google.com/bot.html)"
66.249.75.49 - - [15/Apr/2013:07:35:52 +0200] "GET /news.php?cs_go=archiv&cs_id=3573&cs_search= HTTP/1.1" 200 10257 "-" "Mozilla/5.0 (compatible; Googlebot/2.1; +http://www.google.com/bot.html)"
66.249.75.49 - - [15/Apr/2013:07:43:42 +0200] "GET /news.php?cs_go=archiv&cs_id=3606&cs_search= HTTP/1.1" 200 11890 "-" "Mozilla/5.0 (compatible; Googlebot/2.1; +http://www.google.com/bot.html)"
157.56.93.228 - - [15/Apr/2013:07:48:14 +0200] "GET /robots.txt HTTP/1.1" 200 177 "-" "Mozilla/5.0 (compatible; bingbot/2.0; +http://www.bing.com/bingbot.htm)"
66.249.75.49 - - [15/Apr/2013:07:48:54 +0200] "GET /news.php?cs_go=archiv&cs_id=2743 HTTP/1.1" 200 12265 "-" "Mozilla/5.0 (compatible; Googlebot/2.1; +http://www.google.com/bot.html)"
157.56.93.228 - - [15/Apr/2013:07:50:21 +0200] "GET /wunschpreis.php HTTP/1.1" 200 12084 "-" "Mozilla/5.0 (compatible; bingbot/2.0; +http://www.bing.com/bingbot.htm)"
208.115.111.75 - - [15/Apr/2013:07:52:27 +0200] "GET /robots.txt HTTP/1.1" 200 177 "-" "Mozilla/5.0 (compatible; Ezooms/1.0; ezooms.bot@gmail.com)"
66.249.75.49 - - [15/Apr/2013:07:56:56 +0200] "GET /news.php?cs_go=archiv&cs_id=3503 HTTP/1.1" 200 12960 "-" "Mozilla/5.0 (compatible; Googlebot/2.1; +http://www.google.com/bot.html)"
66.249.75.49 - - [15/Apr/2013:07:59:36 +0200] "GET /news.php?cs_go=archiv&cs_id=3367&cs_search= HTTP/1.1" 200 11457 "-" "Mozilla/5.0 (compatible; Googlebot/2.1; +http://www.google.com/bot.html)"
65.36.241.79 - - [15/Apr/2013:08:22:27 +0200] "HEAD / HTTP/1.1" 200 - "-" "InternetSeer.com"
66.249.75.49 - - [15/Apr/2013:08:24:00 +0200] "GET /news.php?cs_go=archiv&cs_id=3929 HTTP/1.1" 200 12403 "-" "Mozilla/5.0 (compatible; Googlebot/2.1; +http://www.google.com/bot.html)"
66.249.75.49 - - [15/Apr/2013:08:26:46 +0200] "GET /news.php?cs_go=archiv&cs_id=3258&cs_search= HTTP/1.1" 200 11921 "-" "Mozilla/5.0 (compatible; Googlebot/2.1; +http://www.google.com/bot.html)"
66.249.75.49 - - [15/Apr/2013:08:29:33 +0200] "GET /news.php?cs_go=archiv&cs_id=3727 HTTP/1.1" 200 9667 "-" "Mozilla/5.0 (compatible; Googlebot/2.1; +http://www.google.com/bot.html)"
66.249.75.49 - - [15/Apr/2013:08:38:02 +0200] "GET /news.php?cs_go=archiv&cs_id=3372&cs_search= HTTP/1.1" 200 11793 "-" "Mozilla/5.0 (compatible; Googlebot/2.1; +http://www.google.com/bot.html)"
66.249.75.49 - - [15/Apr/2013:08:46:37 +0200] "GET /news.php?cs_go=archiv&cs_id=3243&cs_search= HTTP/1.1" 200 9827 "-" "Mozilla/5.0 (compatible; Googlebot/2.1; +http://www.google.com/bot.html)"
66.249.75.49 - - [15/Apr/2013:08:52:23 +0200] "GET /news.php?cs_go=archiv&cs_id=3394&cs_search= HTTP/1.1" 200 14064 "-" "Mozilla/5.0 (compatible; Googlebot/2.1; +http://www.google.com/bot.html)"
66.249.75.49 - - [15/Apr/2013:08:55:18 +0200] "GET /news.php?cs_go=archiv&cs_id=3253&cs_search= HTTP/1.1" 200 10614 "-" "Mozilla/5.0 (compatible; Googlebot/2.1; +http://www.google.com/bot.html)"
66.249.75.49 - - [15/Apr/2013:09:04:07 +0200] "GET /news.php?cs_go=archiv&cs_id=3960&cs_search= HTTP/1.1" 200 7887 "-" "Mozilla/5.0 (compatible; Googlebot/2.1; +http://www.google.com/bot.html)"
141.8.147.12 - - [15/Apr/2013:09:08:58 +0200] "GET /lexikon.php?cs_go=3&cs_id=21 HTTP/1.1" 200 9070 "-" "Mozilla/5.0 (compatible; YandexBot/3.0; +http://yandex.com/bots)"
66.249.75.49 - - [15/Apr/2013:09:18:53 +0200] "GET /news.php?cs_go=archiv&cs_id=3959&cs_search= HTTP/1.1" 200 10701 "-" "Mozilla/5.0 (compatible; Googlebot/2.1; +http://www.google.com/bot.html)"
66.249.75.49 - - [15/Apr/2013:09:21:50 +0200] "GET /news.php?cs_go=archiv&cs_id=3910 HTTP/1.1" 200 9801 "-" "Mozilla/5.0 (compatible; Googlebot/2.1; +http://www.google.com/bot.html)"
77.87.228.68 - - [15/Apr/2013:09:30:06 +0200] "GET / HTTP/1.1" 200 12142 "-" "Mozilla/4.0 (compatible; MSIE 8.0; Windows NT 5.1; Trident/4.0; .NET CLR 1.1.4322; .NET CLR 2.0.50727; .NET CLR 3.0.4506.2152; .NET CLR 3.5.30729)"
77.87.228.68 - - [15/Apr/2013:09:30:07 +0200] "GET /style.css HTTP/1.1" 200 8418 "http://www.mink-gmbh.de/" "Mozilla/4.0 (compatible; MSIE 8.0; Windows NT 5.1; Trident/4.0; .NET CLR 1.1.4322; .NET CLR 2.0.50727; .NET CLR 3.0.4506.2152; .NET CLR 3.5.30729)"
77.87.228.68 - - [15/Apr/2013:09:30:07 +0200] "GET /modul.css HTTP/1.1" 200 35038 "http://www.mink-gmbh.de/" "Mozilla/4.0 (compatible; MSIE 8.0; Windows NT 5.1; Trident/4.0; .NET CLR 1.1.4322; .NET CLR 2.0.50727; .NET CLR 3.0.4506.2152; .NET CLR 3.5.30729)"
77.87.228.68 - - [15/Apr/2013:09:30:08 +0200] "GET /js_contentserver24_greybox/gb_styles.css HTTP/1.1" 200 2302 "http://www.mink-gmbh.de/" "Mozilla/4.0 (compatible; MSIE 8.0; Windows NT 5.1; Trident/4.0; .NET CLR 1.1.4322; .NET CLR 2.0.50727; .NET CLR 3.0.4506.2152; .NET CLR 3.5.30729)"
77.87.228.68 - - [15/Apr/2013:09:30:08 +0200] "GET /js_contentserver24_greybox/AJS.js HTTP/1.1" 200 10396 "http://www.mink-gmbh.de/" "Mozilla/4.0 (compatible; MSIE 8.0; Windows NT 5.1; Trident/4.0; .NET CLR 1.1.4322; .NET CLR 2.0.50727; .NET CLR 3.0.4506.2152; .NET CLR 3.5.30729)"
77.87.228.68 - - [15/Apr/2013:09:30:08 +0200] "GET /js_contentserver24_greybox/AJS_fx.js HTTP/1.1" 200 3192 "http://www.mink-gmbh.de/" "Mozilla/4.0 (compatible; MSIE 8.0; Windows NT 5.1; Trident/4.0; .NET CLR 1.1.4322; .NET CLR 2.0.50727; .NET CLR 3.0.4506.2152; .NET CLR 3.5.30729)"
77.87.228.68 - - [15/Apr/2013:09:30:08 +0200] "GET /js_contentserver24_greybox/gb_scripts.js HTTP/1.1" 200 11913 "http://www.mink-gmbh.de/" "Mozilla/4.0 (compatible; MSIE 8.0; Windows NT 5.1; Trident/4.0; .NET CLR 1.1.4322; .NET CLR 2.0.50727; .NET CLR 3.0.4506.2152; .NET CLR 3.5.30729)"
77.87.228.68 - - [15/Apr/2013:09:30:08 +0200] "GET /style.css HTTP/1.1" 200 8418 "http://www.mink-gmbh.de/" "Mozilla/4.0 (compatible; MSIE 8.0; Windows NT 5.1; Trident/4.0; .NET CLR 1.1.4322; .NET CLR 2.0.50727; .NET CLR 3.0.4506.2152; .NET CLR 3.5.30729)"
