78.30.200.81 - - [07/Apr/2013:08:13:03 +0200] "GET /news.php?cs_go=archiv&cs_id=2687 HTTP/1.0" 200 7887 "-" "Mozilla/5.0 (compatible; MJ12bot/v1.4.3; http://www.majestic12.co.uk/bot.php?+)"
78.30.200.81 - - [07/Apr/2013:08:13:04 +0200] "GET /news.php?cs_go=archiv&cs_id=2688 HTTP/1.0" 200 7887 "-" "Mozilla/5.0 (compatible; MJ12bot/v1.4.3; http://www.majestic12.co.uk/bot.php?+)"
78.30.200.81 - - [07/Apr/2013:08:13:06 +0200] "GET /news.php?cs_go=archiv&cs_id=2689 HTTP/1.0" 200 7887 "-" "Mozilla/5.0 (compatible; MJ12bot/v1.4.3; http://www.majestic12.co.uk/bot.php?+)"
78.30.200.81 - - [07/Apr/2013:08:13:08 +0200] "GET /news.php?cs_go=archiv&cs_id=2690 HTTP/1.0" 200 7887 "-" "Mozilla/5.0 (compatible; MJ12bot/v1.4.3; http://www.majestic12.co.uk/bot.php?+)"
78.30.200.81 - - [07/Apr/2013:08:13:10 +0200] "GET /news.php?cs_go=archiv&cs_id=2691 HTTP/1.0" 200 7887 "-" "Mozilla/5.0 (compatible; MJ12bot/v1.4.3; http://www.majestic12.co.uk/bot.php?+)"
173.199.120.19 - - [07/Apr/2013:08:40:53 +0200] "GET /kwk.php?cs_go=4 HTTP/1.1" 200 10255 "-" "Mozilla/5.0 (compatible; AhrefsBot/4.0; +http://ahrefs.com/robot/)"
66.249.78.46 - - [07/Apr/2013:08:49:21 +0200] "GET /standard.php HTTP/1.1" 200 9218 "-" "SAMSUNG-SGH-E250/1.0 Profile/MIDP-2.0 Configuration/CLDC-1.1 UP.Browser/6.2.3.3.c.1.101 (GUI) MMP/2.0 (compatible; Googlebot-Mobile/2.1; +http://www.google.com/bot.html)"
173.199.120.19 - - [07/Apr/2013:08:59:57 +0200] "GET /news.php?cs_go=archiv&cs_id=3633&cs_search= HTTP/1.1" 200 13307 "-" "Mozilla/5.0 (compatible; AhrefsBot/4.0; +http://ahrefs.com/robot/)"
65.36.241.79 - - [07/Apr/2013:09:24:28 +0200] "HEAD / HTTP/1.1" 200 - "-" "InternetSeer.com"
208.115.113.91 - - [07/Apr/2013:09:40:12 +0200] "GET /robots.txt HTTP/1.1" 200 177 "-" "Mozilla/5.0 (compatible; Ezooms/1.0; ezooms.bot@gmail.com)"
173.199.120.19 - - [07/Apr/2013:09:41:54 +0200] "GET /lexikon.php?cs_go=3&cs_id=141 HTTP/1.1" 200 8876 "-" "Mozilla/5.0 (compatible; AhrefsBot/4.0; +http://ahrefs.com/robot/)"
84.149.36.155 - - [07/Apr/2013:09:52:13 +0200] "GET /optiplus.php HTTP/1.1" 200 11100 "http://www.google.de/url?sa=t&rct=j&q=optiplus&source=web&cd=8&sqi=2&ved=0CFEQFjAH&url=http%3A%2F%2Fwww.mink-gmbh.de%2Foptiplus.php&ei=LyVhUbLfAo3QsgaAjYH4Ag&usg=AFQjCNEouGCMmLgK9iGVLaDNxyZZMZ_YPQ" "Mozilla/5.0 (compatible; MSIE 9.0; Windows NT 6.1; Trident/5.0)"
84.149.36.155 - - [07/Apr/2013:09:52:13 +0200] "GET /style.css HTTP/1.1" 200 8418 "http://www.mink-gmbh.de/optiplus.php" "Mozilla/5.0 (compatible; MSIE 9.0; Windows NT 6.1; Trident/5.0)"
84.149.36.155 - - [07/Apr/2013:09:52:13 +0200] "GET /modul.css HTTP/1.1" 200 35038 "http://www.mink-gmbh.de/optiplus.php" "Mozilla/5.0 (compatible; MSIE 9.0; Windows NT 6.1; Trident/5.0)"
84.149.36.155 - - [07/Apr/2013:09:52:13 +0200] "GET /images/Optiseite.jpg HTTP/1.1" 200 32107 "http://www.mink-gmbh.de/optiplus.php" "Mozilla/5.0 (compatible; MSIE 9.0; Windows NT 6.1; Trident/5.0)"
84.149.36.155 - - [07/Apr/2013:09:52:13 +0200] "GET /images/mail.jpg HTTP/1.1" 200 11165 "http://www.mink-gmbh.de/optiplus.php" "Mozilla/5.0 (compatible; MSIE 9.0; Windows NT 6.1; Trident/5.0)"
84.149.36.155 - - [07/Apr/2013:09:52:14 +0200] "GET /images/kwk.gif HTTP/1.1" 200 6403 "http://www.mink-gmbh.de/optiplus.php" "Mozilla/5.0 (compatible; MSIE 9.0; Windows NT 6.1; Trident/5.0)"
84.149.36.155 - - [07/Apr/2013:09:52:14 +0200] "GET /images/wunschpreis.jpg HTTP/1.1" 200 16767 "http://www.mink-gmbh.de/optiplus.php" "Mozilla/5.0 (compatible; MSIE 9.0; Windows NT 6.1; Trident/5.0)"
84.149.36.155 - - [07/Apr/2013:09:52:14 +0200] "GET /images/logos.jpg HTTP/1.1" 200 15002 "http://www.mink-gmbh.de/optiplus.php" "Mozilla/5.0 (compatible; MSIE 9.0; Windows NT 6.1; Trident/5.0)"
84.149.36.155 - - [07/Apr/2013:09:52:13 +0200] "GET /images/freecall.jpg HTTP/1.1" 200 39195 "http://www.mink-gmbh.de/optiplus.php" "Mozilla/5.0 (compatible; MSIE 9.0; Windows NT 6.1; Trident/5.0)"
84.149.36.155 - - [07/Apr/2013:09:52:13 +0200] "GET /images/optiplus.jpg HTTP/1.1" 200 37436 "http://www.mink-gmbh.de/optiplus.php" "Mozilla/5.0 (compatible; MSIE 9.0; Windows NT 6.1; Trident/5.0)"
84.149.36.155 - - [07/Apr/2013:09:52:14 +0200] "GET /images/header.jpg HTTP/1.1" 200 24413 "http://www.mink-gmbh.de/optiplus.php" "Mozilla/5.0 (compatible; MSIE 9.0; Windows NT 6.1; Trident/5.0)"
84.149.36.155 - - [07/Apr/2013:09:52:14 +0200] "GET /images/newsletter.png HTTP/1.1" 200 14619 "http://www.mink-gmbh.de/optiplus.php" "Mozilla/5.0 (compatible; MSIE 9.0; Windows NT 6.1; Trident/5.0)"
84.149.36.155 - - [07/Apr/2013:09:52:14 +0200] "GET /images/close.png HTTP/1.1" 200 703 "http://www.mink-gmbh.de/optiplus.php" "Mozilla/5.0 (compatible; MSIE 9.0; Windows NT 6.1; Trident/5.0)"
84.149.36.155 - - [07/Apr/2013:09:52:14 +0200] "GET /images/navibg.png HTTP/1.1" 200 2803 "http://www.mink-gmbh.de/optiplus.php" "Mozilla/5.0 (compatible; MSIE 9.0; Windows NT 6.1; Trident/5.0)"
84.149.36.155 - - [07/Apr/2013:09:52:14 +0200] "GET /images/wrapperbg.jpg HTTP/1.1" 200 27465 "http://www.mink-gmbh.de/optiplus.php" "Mozilla/5.0 (compatible; MSIE 9.0; Windows NT 6.1; Trident/5.0)"
84.149.36.155 - - [07/Apr/2013:09:52:14 +0200] "GET /images/newsletter_bg.jpg HTTP/1.1" 200 33610 "http://www.mink-gmbh.de/optiplus.php" "Mozilla/5.0 (compatible; MSIE 9.0; Windows NT 6.1; Trident/5.0)"
84.149.36.155 - - [07/Apr/2013:09:52:14 +0200] "GET /images/bg.jpg HTTP/1.1" 200 345 "http://www.mink-gmbh.de/optiplus.php" "Mozilla/5.0 (compatible; MSIE 9.0; Windows NT 6.1; Trident/5.0)"
84.149.36.155 - - [07/Apr/2013:09:52:14 +0200] "GET /images/footerbg.jpg HTTP/1.1" 200 2184 "http://www.mink-gmbh.de/optiplus.php" "Mozilla/5.0 (compatible; MSIE 9.0; Windows NT 6.1; Trident/5.0)"
84.149.36.155 - - [07/Apr/2013:09:52:14 +0200] "GET /favicon.ico HTTP/1.1" 200 3638 "-" "Mozilla/5.0 (compatible; MSIE 9.0; Windows NT 6.1; Trident/5.0)"
81.30.151.222 - - [07/Apr/2013:10:01:39 +0200] "GET /robots.txt HTTP/1.1" 200 177 "-" "Mozilla/5.0 (compatible; Spiderlytics/1.0; +spider@spiderlytics.com)"
81.30.151.222 - - [07/Apr/2013:10:01:39 +0200] "GET /news.php?cs_go=archiv&cs_id=3948&cs_search= HTTP/1.1" 200 10917 "-" "Mozilla/5.0 (compatible; Spiderlytics/1.0; +spider@spiderlytics.com)"
173.199.120.19 - - [07/Apr/2013:10:42:32 +0200] "GET /lexikon.php?cs_go=3&cs_id=153 HTTP/1.1" 200 8749 "-" "Mozilla/5.0 (compatible; AhrefsBot/4.0; +http://ahrefs.com/robot/)"
66.249.78.46 - - [07/Apr/2013:11:19:51 +0200] "GET /news.php?cs_go=archiv&cs_id=3173&cs_search= HTTP/1.1" 200 9838 "-" "Mozilla/5.0 (compatible; Googlebot/2.1; +http://www.google.com/bot.html)"
66.249.75.49 - - [07/Apr/2013:11:23:26 +0200] "GET /news.php?cs_go=archiv&cs_id=3387&cs_search= HTTP/1.1" 200 13353 "-" "Mozilla/5.0 (compatible; Googlebot/2.1; +http://www.google.com/bot.html)"
173.199.120.19 - - [07/Apr/2013:11:25:21 +0200] "GET /news.php?cs_go=archiv&cs_startpos=780 HTTP/1.1" 200 8125 "-" "Mozilla/5.0 (compatible; AhrefsBot/4.0; +http://ahrefs.com/robot/)"
208.115.113.91 - - [07/Apr/2013:11:27:30 +0200] "GET /news.php?cs_go=archiv&cs_id=3990 HTTP/1.1" 200 13261 "-" "Mozilla/5.0 (compatible; Ezooms/1.0; ezooms.bot@gmail.com)"
173.199.120.19 - - [07/Apr/2013:11:40:40 +0200] "GET /news.php?cs_go=archiv&cs_id=3533&cs_search= HTTP/1.1" 200 11736 "-" "Mozilla/5.0 (compatible; AhrefsBot/4.0; +http://ahrefs.com/robot/)"
91.183.46.128 - - [07/Apr/2013:11:45:59 +0200] "GET /additive.php' HTTP/1.1" 404 - "-" "Opera/9.80 (Windows NT 6.1; U; ru) Presto/2.2.15 Version/10.10"
150.70.172.109 - - [07/Apr/2013:11:48:46 +0200] "GET /additive.php' HTTP/1.0" 404 - "-" "Mozilla/4.0 (compatible; MSIE 6.0; Windows NT 5.1)"
46.165.197.151 - - [07/Apr/2013:12:20:38 +0200] "GET /robots.txt HTTP/1.0" 200 177 "-" "Mozilla/5.0 (compatible; MJ12bot/v1.4.3; http://www.majestic12.co.uk/bot.php?+)"
46.165.197.151 - - [07/Apr/2013:12:20:40 +0200] "GET /news.php?cs_go=archiv&cs_id=4049 HTTP/1.0" 200 13268 "-" "Mozilla/5.0 (compatible; MJ12bot/v1.4.3; http://www.majestic12.co.uk/bot.php?+)"
46.165.197.151 - - [07/Apr/2013:12:20:43 +0200] "GET /news.php?cs_go=archiv&cs_id=4050 HTTP/1.0" 200 10184 "-" "Mozilla/5.0 (compatible; MJ12bot/v1.4.3; http://www.majestic12.co.uk/bot.php?+)"
46.165.197.151 - - [07/Apr/2013:12:20:44 +0200] "GET /news.php?cs_go=archiv&cs_id=4051 HTTP/1.0" 200 13408 "-" "Mozilla/5.0 (compatible; MJ12bot/v1.4.3; http://www.majestic12.co.uk/bot.php?+)"
141.8.147.12 - - [07/Apr/2013:12:31:19 +0200] "GET /robots.txt HTTP/1.1" 200 177 "-" "Mozilla/5.0 (compatible; YandexBot/3.0; +http://yandex.com/bots)"
141.8.147.12 - - [07/Apr/2013:12:31:32 +0200] "GET /lexikon.php?cs_go=3&cs_id=67 HTTP/1.1" 200 8626 "-" "Mozilla/5.0 (compatible; YandexBot/3.0; +http://yandex.com/bots)"
123.125.71.58 - - [07/Apr/2013:12:33:46 +0200] "GET / HTTP/1.1" 200 8761 "-" "Mozilla/5.0 (compatible; Baiduspider/2.0; +http://www.baidu.com/search/spider.html)"
220.181.108.90 - - [07/Apr/2013:12:34:18 +0200] "GET / HTTP/1.1" 200 8761 "-" "Mozilla/5.0 (compatible; Baiduspider/2.0; +http://www.baidu.com/search/spider.html)"
173.199.120.19 - - [07/Apr/2013:13:06:59 +0200] "GET /news.php?cs_go=archiv&cs_id=3760&cs_search= HTTP/1.1" 200 9885 "-" "Mozilla/5.0 (compatible; AhrefsBot/4.0; +http://ahrefs.com/robot/)"
208.115.113.91 - - [07/Apr/2013:13:40:17 +0200] "GET /robots.txt HTTP/1.1" 200 177 "-" "Mozilla/5.0 (compatible; Ezooms/1.0; ezooms.bot@gmail.com)"
66.249.75.49 - - [07/Apr/2013:14:14:55 +0200] "GET /news.php?cs_go=archiv&cs_id=3965&cs_search= HTTP/1.1" 200 13089 "-" "DoCoMo/2.0 N905i(c100;TB;W24H16) (compatible; Googlebot-Mobile/2.1; +http://www.google.com/bot.html)"
141.8.147.12 - - [07/Apr/2013:14:26:15 +0200] "GET /lexikon.php?cs_go=3&cs_id=172 HTTP/1.1" 200 8406 "-" "Mozilla/5.0 (compatible; YandexBot/3.0; +http://yandex.com/bots)"
173.199.120.19 - - [07/Apr/2013:14:38:16 +0200] "GET /news.php?cs_go=archiv&cs_id=3719&cs_search= HTTP/1.1" 200 11718 "-" "Mozilla/5.0 (compatible; AhrefsBot/4.0; +http://ahrefs.com/robot/)"
173.199.120.19 - - [07/Apr/2013:14:40:18 +0200] "GET /news.php?cs_go=archiv&cs_id=2749&cs_search= HTTP/1.1" 200 12562 "-" "Mozilla/5.0 (compatible; AhrefsBot/4.0; +http://ahrefs.com/robot/)"
173.199.120.19 - - [07/Apr/2013:15:11:04 +0200] "GET /news.php?cs_go=archiv&cs_id=3728&cs_search= HTTP/1.1" 200 9808 "-" "Mozilla/5.0 (compatible; AhrefsBot/4.0; +http://ahrefs.com/robot/)"
173.199.120.19 - - [07/Apr/2013:15:21:59 +0200] "GET /news.php?cs_go=archiv&cs_startpos=0 HTTP/1.1" 200 22160 "-" "Mozilla/5.0 (compatible; AhrefsBot/4.0; +http://ahrefs.com/robot/)"
173.199.120.19 - - [07/Apr/2013:15:45:34 +0200] "GET /modernisierung.php?cs_gp_go=plus HTTP/1.1" 200 11578 "-" "Mozilla/5.0 (compatible; AhrefsBot/4.0; +http://ahrefs.com/robot/)"
173.199.120.19 - - [07/Apr/2013:15:45:40 +0200] "GET /news.php?cs_go=archiv&cs_id=3738&cs_search= HTTP/1.1" 200 11508 "-" "Mozilla/5.0 (compatible; AhrefsBot/4.0; +http://ahrefs.com/robot/)"
65.36.241.79 - - [07/Apr/2013:15:48:55 +0200] "HEAD / HTTP/1.1" 200 - "-" "InternetSeer.com"
208.115.113.91 - - [07/Apr/2013:15:52:22 +0200] "GET /news.php?cs_go=archiv&cs_id=3992 HTTP/1.1" 200 12626 "-" "Mozilla/5.0 (compatible; Ezooms/1.0; ezooms.bot@gmail.com)"
208.115.113.91 - - [07/Apr/2013:15:52:28 +0200] "GET /news.php?cs_go=archiv&cs_startpos=100 HTTP/1.1" 200 22713 "-" "Mozilla/5.0 (compatible; Ezooms/1.0; ezooms.bot@gmail.com)"
157.55.33.29 - - [07/Apr/2013:15:55:32 +0200] "GET /robots.txt HTTP/1.1" 200 177 "-" "Mozilla/5.0 (compatible; bingbot/2.0; +http://www.bing.com/bingbot.htm)"
157.55.33.29 - - [07/Apr/2013:15:57:18 +0200] "GET / HTTP/1.1" 200 12175 "-" "Mozilla/5.0 (compatible; bingbot/2.0; +http://www.bing.com/bingbot.htm)"
173.199.120.19 - - [07/Apr/2013:16:10:18 +0200] "GET /lexikon.php?cs_go=3&cs_id=25 HTTP/1.1" 200 8404 "-" "Mozilla/5.0 (compatible; AhrefsBot/4.0; +http://ahrefs.com/robot/)"
157.55.32.103 - - [07/Apr/2013:16:53:09 +0200] "GET /robots.txt HTTP/1.1" 200 177 "-" "Mozilla/5.0 (compatible; bingbot/2.0; +http://www.bing.com/bingbot.htm)"
157.55.32.103 - - [07/Apr/2013:16:54:48 +0200] "GET /faq.php HTTP/1.1" 200 184037 "-" "Mozilla/5.0 (compatible; bingbot/2.0; +http://www.bing.com/bingbot.htm)"
66.249.78.46 - - [07/Apr/2013:17:09:35 +0200] "GET /lexikon.php?cs_go=2&cs_char=a HTTP/1.1" 200 9803 "-" "Mozilla/5.0 (iPhone; U; CPU iPhone OS 4_1 like Mac OS X; en-us) AppleWebKit/532.9 (KHTML, like Gecko) Version/4.0.5 Mobile/8B117 Safari/6531.22.7 (compatible; Googlebot-Mobile/2.1; +http://www.google.com/bot.html)"
66.249.78.46 - - [07/Apr/2013:17:36:00 +0200] "GET /news.php?cs_go=archiv&cs_id=3338&cs_search= HTTP/1.1" 200 9807 "-" "Mozilla/5.0 (compatible; Googlebot/2.1; +http://www.google.com/bot.html)"
66.249.78.46 - - [07/Apr/2013:17:36:36 +0200] "GET /news.php?cs_go=archiv&cs_id=3022&cs_search= HTTP/1.1" 200 11981 "-" "Mozilla/5.0 (compatible; Googlebot/2.1; +http://www.google.com/bot.html)"
173.199.120.19 - - [07/Apr/2013:17:38:16 +0200] "GET /kwk.php HTTP/1.1" 200 10884 "-" "Mozilla/5.0 (compatible; AhrefsBot/4.0; +http://ahrefs.com/robot/)"
66.249.78.46 - - [07/Apr/2013:17:45:58 +0200] "GET /news.php?cs_go=archiv&cs_id=3979 HTTP/1.1" 200 13500 "-" "SAMSUNG-SGH-E250/1.0 Profile/MIDP-2.0 Configuration/CLDC-1.1 UP.Browser/6.2.3.3.c.1.101 (GUI) MMP/2.0 (compatible; Googlebot-Mobile/2.1; +http://www.google.com/bot.html)"
178.77.126.55 - - [07/Apr/2013:17:46:38 +0200] "GET /robots.txt HTTP/1.1" 200 177 "-" "Mozilla/5.0 (compatible; CareerBot/1.1; +http://www.career-x.de/bot.html)"
178.77.126.55 - - [07/Apr/2013:17:46:38 +0200] "GET / HTTP/1.1" 200 12175 "-" "Mozilla/5.0 (compatible; CareerBot/1.1; +http://www.career-x.de/bot.html)"
141.8.147.12 - - [07/Apr/2013:17:47:58 +0200] "GET /lexikon.php?cs_go=3&cs_id=81 HTTP/1.1" 200 8420 "-" "Mozilla/5.0 (compatible; YandexBot/3.0; +http://yandex.com/bots)"
66.249.78.46 - - [07/Apr/2013:17:52:26 +0200] "GET /news.php?cs_go=archiv&cs_id=3629 HTTP/1.1" 200 13330 "-" "Mozilla/5.0 (compatible; Googlebot/2.1; +http://www.google.com/bot.html)"
173.199.120.19 - - [07/Apr/2013:17:59:58 +0200] "GET /lexikon.php?cs_go=3&cs_id=202 HTTP/1.1" 200 8519 "-" "Mozilla/5.0 (compatible; AhrefsBot/4.0; +http://ahrefs.com/robot/)"
173.199.120.19 - - [07/Apr/2013:18:06:54 +0200] "GET /news.php?cs_go=archiv&cs_id=2731&cs_search= HTTP/1.1" 200 10096 "-" "Mozilla/5.0 (compatible; AhrefsBot/4.0; +http://ahrefs.com/robot/)"
66.249.75.49 - - [07/Apr/2013:18:18:01 +0200] "GET /news.php?cs_go=archiv&cs_id=4026&cs_search= HTTP/1.1" 200 13500 "-" "DoCoMo/2.0 N905i(c100;TB;W24H16) (compatible; Googlebot-Mobile/2.1; +http://www.google.com/bot.html)"
173.199.120.19 - - [07/Apr/2013:18:21:43 +0200] "GET /lexikon.php?cs_go=2&cs_char=q HTTP/1.1" 200 8162 "-" "Mozilla/5.0 (compatible; AhrefsBot/4.0; +http://ahrefs.com/robot/)"
173.199.120.19 - - [07/Apr/2013:18:40:53 +0200] "GET /news.php?cs_go=archiv&cs_startpos=220 HTTP/1.1" 200 22498 "-" "Mozilla/5.0 (compatible; AhrefsBot/4.0; +http://ahrefs.com/robot/)"
66.249.78.46 - - [07/Apr/2013:18:41:18 +0200] "GET /lexikon.php?cs_go=3&cs_id=140 HTTP/1.1" 200 8744 "-" "Mozilla/5.0 (compatible; Googlebot/2.1; +http://www.google.com/bot.html)"
123.125.71.44 - - [07/Apr/2013:18:45:09 +0200] "GET / HTTP/1.1" 200 8761 "-" "Mozilla/5.0 (compatible; Baiduspider/2.0; +http://www.baidu.com/search/spider.html)"
220.181.108.86 - - [07/Apr/2013:18:45:53 +0200] "GET / HTTP/1.1" 200 8761 "-" "Mozilla/5.0 (compatible; Baiduspider/2.0; +http://www.baidu.com/search/spider.html)"
66.249.75.49 - - [07/Apr/2013:18:49:38 +0200] "GET /news.php?cs_go=archiv&cs_id=3223 HTTP/1.1" 200 13503 "-" "Mozilla/5.0 (compatible; Googlebot/2.1; +http://www.google.com/bot.html)"
173.199.120.19 - - [07/Apr/2013:19:09:43 +0200] "GET /lexikon.php?cs_go=3&cs_id=216 HTTP/1.1" 200 8120 "-" "Mozilla/5.0 (compatible; AhrefsBot/4.0; +http://ahrefs.com/robot/)"
66.249.78.46 - - [07/Apr/2013:19:16:15 +0200] "GET /news.php?cs_go=archiv&cs_id=3608 HTTP/1.1" 200 9772 "-" "Mozilla/5.0 (compatible; Googlebot/2.1; +http://www.google.com/bot.html)"
66.249.78.46 - - [07/Apr/2013:19:34:51 +0200] "GET /news.php?cs_go=archiv&cs_id=3525 HTTP/1.1" 200 11977 "-" "Mozilla/5.0 (compatible; Googlebot/2.1; +http://www.google.com/bot.html)"
173.199.120.19 - - [07/Apr/2013:19:45:37 +0200] "GET /news.php?cs_go=archiv&cs_id=2773&cs_search= HTTP/1.1" 200 15275 "-" "Mozilla/5.0 (compatible; AhrefsBot/4.0; +http://ahrefs.com/robot/)"
173.199.120.19 - - [07/Apr/2013:20:19:27 +0200] "GET /impressum.php HTTP/1.1" 200 8582 "-" "Mozilla/5.0 (compatible; AhrefsBot/4.0; +http://ahrefs.com/robot/)"
141.8.147.12 - - [07/Apr/2013:20:21:01 +0200] "GET /lexikon.php?cs_go=3&cs_id=29 HTTP/1.1" 200 8354 "-" "Mozilla/5.0 (compatible; YandexBot/3.0; +http://yandex.com/bots)"
173.199.120.19 - - [07/Apr/2013:20:24:01 +0200] "GET /news.php?cs_go=archiv&cs_id=3635 HTTP/1.1" 200 13377 "-" "Mozilla/5.0 (compatible; AhrefsBot/4.0; +http://ahrefs.com/robot/)"
173.199.120.19 - - [07/Apr/2013:20:24:25 +0200] "GET /news.php?cs_go=archiv&cs_startpos=160 HTTP/1.1" 200 22761 "-" "Mozilla/5.0 (compatible; AhrefsBot/4.0; +http://ahrefs.com/robot/)"
173.199.120.19 - - [07/Apr/2013:20:29:39 +0200] "GET /lexikon.php?cs_go=3&cs_id=45 HTTP/1.1" 200 7998 "-" "Mozilla/5.0 (compatible; AhrefsBot/4.0; +http://ahrefs.com/robot/)"
66.249.78.46 - - [07/Apr/2013:20:38:34 +0200] "GET /index.php HTTP/1.1" 200 12175 "-" "Mozilla/5.0 (compatible; Googlebot/2.1; +http://www.google.com/bot.html)"
173.199.120.19 - - [07/Apr/2013:20:45:05 +0200] "GET /news.php?cs_go=archiv&cs_id=3660&cs_search= HTTP/1.1" 200 10027 "-" "Mozilla/5.0 (compatible; AhrefsBot/4.0; +http://ahrefs.com/robot/)"
66.249.78.46 - - [07/Apr/2013:20:47:32 +0200] "GET /js_contentserver24_greybox/gb_styles.css HTTP/1.1" 200 2302 "-" "Mozilla/5.0 (compatible; Googlebot/2.1; +http://www.google.com/bot.html)"
66.249.78.46 - - [07/Apr/2013:20:47:33 +0200] "GET /modul.css HTTP/1.1" 200 35038 "-" "Mozilla/5.0 (compatible; Googlebot/2.1; +http://www.google.com/bot.html)"
173.199.120.19 - - [07/Apr/2013:20:49:17 +0200] "GET /news.php?cs_go=archiv&cs_startpos=230 HTTP/1.1" 200 12694 "-" "Mozilla/5.0 (compatible; AhrefsBot/4.0; +http://ahrefs.com/robot/)"
173.199.120.19 - - [07/Apr/2013:20:57:37 +0200] "GET /news.php?cs_go=archiv&cs_id=2762&cs_search= HTTP/1.1" 200 10522 "-" "Mozilla/5.0 (compatible; AhrefsBot/4.0; +http://ahrefs.com/robot/)"
65.36.241.79 - - [07/Apr/2013:21:02:16 +0200] "HEAD / HTTP/1.1" 200 - "-" "InternetSeer.com"
173.199.120.19 - - [07/Apr/2013:21:26:03 +0200] "GET /news.php?cs_go=archiv&cs_id=3837&cs_search= HTTP/1.1" 200 11870 "-" "Mozilla/5.0 (compatible; AhrefsBot/4.0; +http://ahrefs.com/robot/)"
5.9.73.202 - - [07/Apr/2013:21:39:15 +0200] "GET /robots.txt HTTP/1.1" 200 177 "-" "Mozilla/5.0 (compatible; Infohelfer/1.3.3; +http://www.infohelfer.de/crawler.php)"
5.9.73.202 - - [07/Apr/2013:21:39:15 +0200] "GET / HTTP/1.1" 200 12175 "-" "Mozilla/5.0 (compatible; Infohelfer/1.3.3; +http://www.infohelfer.de/crawler.php)"
173.199.120.19 - - [07/Apr/2013:21:41:22 +0200] "GET /news.php?cs_go=archiv&cs_id=3879&cs_search= HTTP/1.1" 200 11074 "-" "Mozilla/5.0 (compatible; AhrefsBot/4.0; +http://ahrefs.com/robot/)"
173.199.120.19 - - [07/Apr/2013:21:44:23 +0200] "GET /news.php?cs_go=archiv&cs_id=3624&cs_search= HTTP/1.1" 200 10078 "-" "Mozilla/5.0 (compatible; AhrefsBot/4.0; +http://ahrefs.com/robot/)"
173.199.120.19 - - [07/Apr/2013:21:50:23 +0200] "GET /lexikon.php?cs_go=3&cs_id=58 HTTP/1.1" 200 10831 "-" "Mozilla/5.0 (compatible; AhrefsBot/4.0; +http://ahrefs.com/robot/)"
173.199.120.19 - - [07/Apr/2013:22:09:50 +0200] "GET /lexikon.php?cs_go=2&cs_char=o HTTP/1.1" 200 9261 "-" "Mozilla/5.0 (compatible; AhrefsBot/4.0; +http://ahrefs.com/robot/)"
66.249.78.46 - - [07/Apr/2013:22:24:01 +0200] "GET /kwk.php?cs_go=4 HTTP/1.1" 200 10255 "-" "Mozilla/5.0 (iPhone; U; CPU iPhone OS 4_1 like Mac OS X; en-us) AppleWebKit/532.9 (KHTML, like Gecko) Version/4.0.5 Mobile/8B117 Safari/6531.22.7 (compatible; Googlebot-Mobile/2.1; +http://www.google.com/bot.html)"
101.226.167.198 - - [07/Apr/2013:22:38:21 +0200] "GET /lexikon.php?cs_char=n&cs_go=2 HTTP/1.1" 200 8578 "http://www.mink-gmbh.de/lexikon.php?cs_char=n&cs_go=2" "Mozilla/4.0 (compatible; MSIE 8.0; Windows NT 6.1; Trident/4.0; SLCC2; .NET CLR 2.0.50727; .NET CLR 3.5.30729; .NET CLR 3.0.30729; Media Center PC 6.0; MDDR; .NET4.0C; .NET4.0E; .NET CLR 1.1.4322; Tablet PC 2.0); 360Spider"
101.226.166.252 - - [07/Apr/2013:22:38:21 +0200] "GET /lexikon.php?cs_char=g&cs_go=2 HTTP/1.1" 200 9126 "http://www.mink-gmbh.de/lexikon.php?cs_char=g&cs_go=2" "Mozilla/4.0 (compatible; MSIE 8.0; Windows NT 6.1; Trident/4.0; SLCC2; .NET CLR 2.0.50727; .NET CLR 3.5.30729; .NET CLR 3.0.30729; Media Center PC 6.0; MDDR; .NET4.0C; .NET4.0E; .NET CLR 1.1.4322; Tablet PC 2.0); 360Spider"
101.226.166.253 - - [07/Apr/2013:22:38:21 +0200] "GET /news.php?cs_go=archiv&cs_id=3964 HTTP/1.1" 200 12123 "http://www.mink-gmbh.de/news.php?cs_go=archiv&cs_id=3964" "Mozilla/4.0 (compatible; MSIE 8.0; Windows NT 6.1; Trident/4.0; SLCC2; .NET CLR 2.0.50727; .NET CLR 3.5.30729; .NET CLR 3.0.30729; Media Center PC 6.0; MDDR; .NET4.0C; .NET4.0E; .NET CLR 1.1.4322; Tablet PC 2.0); 360Spider"
101.226.167.197 - - [07/Apr/2013:22:38:26 +0200] "GET /lexikon.php?cs_go=3&cs_id=108 HTTP/1.1" 200 9616 "http://www.mink-gmbh.de/lexikon.php?cs_go=3&cs_id=108" "Mozilla/4.0 (compatible; MSIE 8.0; Windows NT 6.1; Trident/4.0; SLCC2; .NET CLR 2.0.50727; .NET CLR 3.5.30729; .NET CLR 3.0.30729; Media Center PC 6.0; MDDR; .NET4.0C; .NET4.0E; .NET CLR 1.1.4322; Tablet PC 2.0); 360Spider"
101.226.166.254 - - [07/Apr/2013:22:38:26 +0200] "GET /news.php?cs_go=archiv&cs_startpos=30 HTTP/1.1" 200 22545 "http://www.mink-gmbh.de/news.php?cs_go=archiv&cs_startpos=30" "Mozilla/4.0 (compatible; MSIE 8.0; Windows NT 6.1; Trident/4.0; SLCC2; .NET CLR 2.0.50727; .NET CLR 3.5.30729; .NET CLR 3.0.30729; Media Center PC 6.0; MDDR; .NET4.0C; .NET4.0E; .NET CLR 1.1.4322; Tablet PC 2.0); 360Spider"
101.226.166.253 - - [07/Apr/2013:22:38:26 +0200] "GET /news.php?cs_go=archiv&cs_startpos=220 HTTP/1.1" 200 22498 "http://www.mink-gmbh.de/news.php?cs_go=archiv&cs_startpos=220" "Mozilla/4.0 (compatible; MSIE 8.0; Windows NT 6.1; Trident/4.0; SLCC2; .NET CLR 2.0.50727; .NET CLR 3.5.30729; .NET CLR 3.0.30729; Media Center PC 6.0; MDDR; .NET4.0C; .NET4.0E; .NET CLR 1.1.4322; Tablet PC 2.0); 360Spider"
101.226.166.254 - - [07/Apr/2013:22:38:32 +0200] "GET /news.php?cs_go=archiv&cs_id=3966 HTTP/1.1" 200 13715 "http://www.mink-gmbh.de/news.php?cs_go=archiv&cs_id=3966" "Mozilla/4.0 (compatible; MSIE 8.0; Windows NT 6.1; Trident/4.0; SLCC2; .NET CLR 2.0.50727; .NET CLR 3.5.30729; .NET CLR 3.0.30729; Media Center PC 6.0; MDDR; .NET4.0C; .NET4.0E; .NET CLR 1.1.4322; Tablet PC 2.0); 360Spider"
101.226.167.198 - - [07/Apr/2013:22:38:35 +0200] "GET /lexikon.php?cs_go=3&cs_id=76 HTTP/1.1" 200 8523 "http://www.mink-gmbh.de/lexikon.php?cs_go=3&cs_id=76" "Mozilla/4.0 (compatible; MSIE 8.0; Windows NT 6.1; Trident/4.0; SLCC2; .NET CLR 2.0.50727; .NET CLR 3.5.30729; .NET CLR 3.0.30729; Media Center PC 6.0; MDDR; .NET4.0C; .NET4.0E; .NET CLR 1.1.4322; Tablet PC 2.0); 360Spider"
101.226.166.254 - - [07/Apr/2013:22:38:41 +0200] "GET /lexikon.php?cs_go=3&cs_id=99 HTTP/1.1" 200 9500 "http://www.mink-gmbh.de/lexikon.php?cs_go=3&cs_id=99" "Mozilla/4.0 (compatible; MSIE 8.0; Windows NT 6.1; Trident/4.0; SLCC2; .NET CLR 2.0.50727; .NET CLR 3.5.30729; .NET CLR 3.0.30729; Media Center PC 6.0; MDDR; .NET4.0C; .NET4.0E; .NET CLR 1.1.4322; Tablet PC 2.0); 360Spider"
101.226.166.252 - - [07/Apr/2013:22:38:41 +0200] "GET /lexikon.php?cs_go=3&cs_id=8 HTTP/1.1" 200 9227 "http://www.mink-gmbh.de/lexikon.php?cs_go=3&cs_id=8" "Mozilla/4.0 (compatible; MSIE 8.0; Windows NT 6.1; Trident/4.0; SLCC2; .NET CLR 2.0.50727; .NET CLR 3.5.30729; .NET CLR 3.0.30729; Media Center PC 6.0; MDDR; .NET4.0C; .NET4.0E; .NET CLR 1.1.4322; Tablet PC 2.0); 360Spider"
173.199.120.19 - - [07/Apr/2013:22:42:23 +0200] "GET /lexikon.php?cs_go=3&cs_id=226 HTTP/1.1" 200 8753 "-" "Mozilla/5.0 (compatible; AhrefsBot/4.0; +http://ahrefs.com/robot/)"
182.118.25.235 - - [07/Apr/2013:22:42:27 +0200] "GET /news.php?cs_go=archiv&cs_id=3733 HTTP/1.1" 200 11049 "http://www.mink-gmbh.de/news.php?cs_go=archiv&cs_id=3733" "Mozilla/5.0 (Windows; U; Windows NT 5.1; zh-CN; rv:1.8.0.11) Firefox/1.5.0.11; 360Spider"
182.118.25.233 - - [07/Apr/2013:22:42:27 +0200] "GET /news.php?cs_go=archiv&cs_id=3714 HTTP/1.1" 200 11586 "http://www.mink-gmbh.de/news.php?cs_go=archiv&cs_id=3714" "Mozilla/5.0 (Windows; U; Windows NT 5.1; zh-CN; rv:1.8.0.11) Firefox/1.5.0.11; 360Spider"
182.118.25.234 - - [07/Apr/2013:22:42:27 +0200] "GET /news.php?cs_go=archiv&cs_id=3947 HTTP/1.1" 200 13428 "http://www.mink-gmbh.de/news.php?cs_go=archiv&cs_id=3947" "Mozilla/5.0 (Windows; U; Windows NT 5.1; zh-CN; rv:1.8.0.11) Firefox/1.5.0.11; 360Spider"
182.118.25.231 - - [07/Apr/2013:22:42:27 +0200] "GET /news.php?cs_go=archiv HTTP/1.1" 200 22160 "http://www.mink-gmbh.de/news.php?cs_go=archiv" "Mozilla/5.0 (Windows; U; Windows NT 5.1; zh-CN; rv:1.8.0.11) Firefox/1.5.0.11; 360Spider"
182.118.25.233 - - [07/Apr/2013:22:42:27 +0200] "GET /news.php HTTP/1.1" 200 22160 "http://www.mink-gmbh.de/news.php" "Mozilla/5.0 (Windows; U; Windows NT 5.1; zh-CN; rv:1.8.0.11) Firefox/1.5.0.11; 360Spider"
182.118.25.232 - - [07/Apr/2013:22:43:26 +0200] "GET /news.php?cs_go=archiv&cs_id=3949 HTTP/1.1" 200 9913 "http://www.mink-gmbh.de/news.php?cs_go=archiv&cs_id=3949" "Mozilla/5.0 (Windows; U; Windows NT 5.1; zh-CN; rv:1.8.0.11) Firefox/1.5.0.11; 360Spider"
182.118.25.231 - - [07/Apr/2013:22:43:26 +0200] "GET /news.php?cs_go=archiv&cs_startpos=60 HTTP/1.1" 200 22737 "http://www.mink-gmbh.de/news.php?cs_go=archiv&cs_startpos=60" "Mozilla/5.0 (Windows; U; Windows NT 5.1; zh-CN; rv:1.8.0.11) Firefox/1.5.0.11; 360Spider"
182.118.25.238 - - [07/Apr/2013:22:44:34 +0200] "GET /lexikon.php?cs_char=m&cs_go=2 HTTP/1.1" 200 9073 "http://www.mink-gmbh.de/lexikon.php?cs_char=m&cs_go=2" "Mozilla/5.0 (Windows; U; Windows NT 5.1; zh-CN; rv:1.8.0.11) Firefox/1.5.0.11; 360Spider"
66.249.78.46 - - [07/Apr/2013:23:07:38 +0200] "GET /news.php?cs_go=archiv&cs_id=4025&cs_search= HTTP/1.1" 200 10207 "-" "SAMSUNG-SGH-E250/1.0 Profile/MIDP-2.0 Configuration/CLDC-1.1 UP.Browser/6.2.3.3.c.1.101 (GUI) MMP/2.0 (compatible; Googlebot-Mobile/2.1; +http://www.google.com/bot.html)"
173.199.120.19 - - [07/Apr/2013:23:07:57 +0200] "GET /news.php?cs_go=archiv&cs_id=3874&cs_search= HTTP/1.1" 200 12941 "-" "Mozilla/5.0 (compatible; AhrefsBot/4.0; +http://ahrefs.com/robot/)"
173.199.120.19 - - [07/Apr/2013:23:08:17 +0200] "GET /news.php?cs_go=archiv&cs_id=3744&cs_search= HTTP/1.1" 200 12197 "-" "Mozilla/5.0 (compatible; AhrefsBot/4.0; +http://ahrefs.com/robot/)"
66.249.78.46 - - [07/Apr/2013:23:11:23 +0200] "GET /style.css HTTP/1.1" 200 8418 "-" "Mozilla/5.0 (compatible; Googlebot/2.1; +http://www.google.com/bot.html)"
173.199.120.19 - - [07/Apr/2013:23:55:22 +0200] "GET /lexikon.php?cs_go=3&cs_id=210 HTTP/1.1" 200 9541 "-" "Mozilla/5.0 (compatible; AhrefsBot/4.0; +http://ahrefs.com/robot/)"
66.249.78.46 - - [07/Apr/2013:23:57:08 +0200] "GET /agb.php HTTP/1.1" 200 19709 "-" "Mozilla/5.0 (iPhone; U; CPU iPhone OS 4_1 like Mac OS X; en-us) AppleWebKit/532.9 (KHTML, like Gecko) Version/4.0.5 Mobile/8B117 Safari/6531.22.7 (compatible; Googlebot-Mobile/2.1; +http://www.google.com/bot.html)"
173.199.120.19 - - [08/Apr/2013:00:06:12 +0200] "GET /news.php?cs_go=archiv&cs_id=3700&cs_search= HTTP/1.1" 200 9866 "-" "Mozilla/5.0 (compatible; AhrefsBot/4.0; +http://ahrefs.com/robot/)"
141.8.147.12 - - [08/Apr/2013:00:22:51 +0200] "GET /lexikon.php?cs_go=3&cs_id=208 HTTP/1.1" 200 8357 "-" "Mozilla/5.0 (compatible; YandexBot/3.0; +http://yandex.com/bots)"
157.55.34.35 - - [08/Apr/2013:00:23:59 +0200] "GET /robots.txt HTTP/1.1" 200 177 "-" "Mozilla/5.0 (compatible; bingbot/2.0; +http://www.bing.com/bingbot.htm)"
157.55.34.35 - - [08/Apr/2013:00:25:53 +0200] "GET /additive.php HTTP/1.1" 200 8372 "-" "Mozilla/5.0 (compatible; bingbot/2.0; +http://www.bing.com/bingbot.htm)"
173.199.120.19 - - [08/Apr/2013:00:29:37 +0200] "GET /news.php?cs_go=archiv&cs_id=3847 HTTP/1.1" 200 12028 "-" "Mozilla/5.0 (compatible; AhrefsBot/4.0; +http://ahrefs.com/robot/)"
173.199.120.19 - - [08/Apr/2013:00:53:26 +0200] "GET /news.php?cs_go=archiv&cs_id=2764&cs_search= HTTP/1.1" 200 14217 "-" "Mozilla/5.0 (compatible; AhrefsBot/4.0; +http://ahrefs.com/robot/)"
157.55.33.29 - - [08/Apr/2013:00:57:54 +0200] "GET / HTTP/1.1" 200 12175 "-" "Mozilla/5.0 (compatible; bingbot/2.0; +http://www.bing.com/bingbot.htm)"
212.112.47.86 - - [08/Apr/2013:01:33:21 +0200] "GET /additive.php' HTTP/1.1" 404 - "-" "Opera/9.80 (Windows NT 6.1; U; ru) Presto/2.2.15 Version/10.10"
173.199.120.19 - - [08/Apr/2013:01:40:40 +0200] "GET /news.php?cs_go=archiv&cs_id=3915&cs_search= HTTP/1.1" 200 10203 "-" "Mozilla/5.0 (compatible; AhrefsBot/4.0; +http://ahrefs.com/robot/)"
208.115.113.91 - - [08/Apr/2013:01:40:55 +0200] "GET /robots.txt HTTP/1.1" 200 177 "-" "Mozilla/5.0 (compatible; Ezooms/1.0; ezooms.bot@gmail.com)"
141.8.147.12 - - [08/Apr/2013:01:52:38 +0200] "GET /robots.txt HTTP/1.1" 200 177 "-" "Mozilla/5.0 (compatible; YandexBot/3.0; +http://yandex.com/bots)"
173.199.120.19 - - [08/Apr/2013:02:36:24 +0200] "GET /lexikon.php?cs_go=3&cs_id=217 HTTP/1.1" 200 8121 "-" "Mozilla/5.0 (compatible; AhrefsBot/4.0; +http://ahrefs.com/robot/)"
173.199.120.19 - - [08/Apr/2013:02:42:20 +0200] "GET /lexikon.php?cs_go=3&cs_id=209 HTTP/1.1" 200 8296 "-" "Mozilla/5.0 (compatible; AhrefsBot/4.0; +http://ahrefs.com/robot/)"
157.55.32.103 - - [08/Apr/2013:02:58:26 +0200] "GET /robots.txt HTTP/1.1" 200 177 "-" "Mozilla/5.0 (compatible; bingbot/2.0; +http://www.bing.com/bingbot.htm)"
157.55.32.103 - - [08/Apr/2013:03:00:25 +0200] "GET /impressum.php HTTP/1.1" 200 8582 "-" "Mozilla/5.0 (compatible; bingbot/2.0; +http://www.bing.com/bingbot.htm)"
157.55.32.103 - - [08/Apr/2013:03:00:26 +0200] "GET /Heizoel-Berlin.html HTTP/1.1" 404 - "-" "Mozilla/5.0 (compatible; bingbot/2.0; +http://www.bing.com/bingbot.htm)"
157.55.32.103 - - [08/Apr/2013:03:00:25 +0200] "GET /faq.php HTTP/1.1" 200 184037 "-" "Mozilla/5.0 (compatible; bingbot/2.0; +http://www.bing.com/bingbot.htm)"
157.55.33.29 - - [08/Apr/2013:03:14:42 +0200] "GET / HTTP/1.1" 200 12175 "-" "Mozilla/5.0 (compatible; bingbot/2.0; +http://www.bing.com/bingbot.htm)"
65.36.241.79 - - [08/Apr/2013:03:30:19 +0200] "HEAD / HTTP/1.1" 200 - "-" "InternetSeer.com"
208.115.113.91 - - [08/Apr/2013:03:49:45 +0200] "GET /news.php?cs_go=archiv&cs_startpos=30 HTTP/1.1" 200 22545 "-" "Mozilla/5.0 (compatible; Ezooms/1.0; ezooms.bot@gmail.com)"
141.8.147.12 - - [08/Apr/2013:03:52:43 +0200] "GET /lexikon.php?cs_go=3&cs_id=60 HTTP/1.1" 200 8500 "-" "Mozilla/5.0 (compatible; YandexBot/3.0; +http://yandex.com/bots)"
173.199.120.19 - - [08/Apr/2013:04:22:49 +0200] "GET /lexikon.php?cs_go=3&cs_id=179 HTTP/1.1" 200 11583 "-" "Mozilla/5.0 (compatible; AhrefsBot/4.0; +http://ahrefs.com/robot/)"
139.18.2.209 - - [08/Apr/2013:04:34:46 +0200] "GET /robots.txt HTTP/1.1" 200 177 "-" "findlinks/2.6 (+http://wortschatz.uni-leipzig.de/findlinks/)"
173.199.120.19 - - [08/Apr/2013:04:38:23 +0200] "GET /news.php?cs_go=archiv&cs_id=3922&cs_search= HTTP/1.1" 200 13536 "-" "Mozilla/5.0 (compatible; AhrefsBot/4.0; +http://ahrefs.com/robot/)"
173.199.120.19 - - [08/Apr/2013:04:53:51 +0200] "GET /news.php?cs_go=archiv&cs_id=3919&cs_search= HTTP/1.1" 200 13282 "-" "Mozilla/5.0 (compatible; AhrefsBot/4.0; +http://ahrefs.com/robot/)"
173.199.120.19 - - [08/Apr/2013:04:58:15 +0200] "GET /lexikon.php?cs_go=2&cs_char=w HTTP/1.1" 200 8587 "-" "Mozilla/5.0 (compatible; AhrefsBot/4.0; +http://ahrefs.com/robot/)"
157.56.93.84 - - [08/Apr/2013:05:51:37 +0200] "GET /robots.txt HTTP/1.1" 200 177 "-" "Mozilla/5.0 (compatible; bingbot/2.0; +http://www.bing.com/bingbot.htm)"
157.56.93.84 - - [08/Apr/2013:05:53:18 +0200] "GET /index.php HTTP/1.1" 200 12175 "-" "Mozilla/5.0 (compatible; bingbot/2.0; +http://www.bing.com/bingbot.htm)"
101.226.168.235 - - [08/Apr/2013:06:09:00 +0200] "GET /lexikon.php?cs_go=3&cs_id=57 HTTP/1.1" 200 10077 "http://www.mink-gmbh.de/lexikon.php?cs_go=3&cs_id=57" "Mozilla/4.0 (compatible; MSIE 8.0; Windows NT 6.1; Trident/4.0; SLCC2; .NET CLR 2.0.50727; .NET CLR 3.5.30729; .NET CLR 3.0.30729; Media Center PC 6.0; MDDR; .NET4.0C; .NET4.0E; .NET CLR 1.1.4322; Tablet PC 2.0); 360Spider"
101.226.168.240 - - [08/Apr/2013:06:09:00 +0200] "GET /lexikon.php?cs_go=3&cs_id=55 HTTP/1.1" 200 8019 "http://www.mink-gmbh.de/lexikon.php?cs_go=3&cs_id=55" "Mozilla/4.0 (compatible; MSIE 8.0; Windows NT 6.1; Trident/4.0; SLCC2; .NET CLR 2.0.50727; .NET CLR 3.5.30729; .NET CLR 3.0.30729; Media Center PC 6.0; MDDR; .NET4.0C; .NET4.0E; .NET CLR 1.1.4322; Tablet PC 2.0); 360Spider"
101.226.168.238 - - [08/Apr/2013:06:09:00 +0200] "GET /news.php?cs_go=archiv&cs_id=4023 HTTP/1.1" 200 13304 "http://www.mink-gmbh.de/news.php?cs_go=archiv&cs_id=4023" "Mozilla/4.0 (compatible; MSIE 8.0; Windows NT 6.1; Trident/4.0; SLCC2; .NET CLR 2.0.50727; .NET CLR 3.5.30729; .NET CLR 3.0.30729; Media Center PC 6.0; MDDR; .NET4.0C; .NET4.0E; .NET CLR 1.1.4322; Tablet PC 2.0); 360Spider"
101.226.168.237 - - [08/Apr/2013:06:09:08 +0200] "GET /lexikon.php?cs_go=3&cs_id=54 HTTP/1.1" 200 8004 "http://www.mink-gmbh.de/lexikon.php?cs_go=3&cs_id=54" "Mozilla/4.0 (compatible; MSIE 8.0; Windows NT 6.1; Trident/4.0; SLCC2; .NET CLR 2.0.50727; .NET CLR 3.5.30729; .NET CLR 3.0.30729; Media Center PC 6.0; MDDR; .NET4.0C; .NET4.0E; .NET CLR 1.1.4322; Tablet PC 2.0); 360Spider"
101.226.168.237 - - [08/Apr/2013:06:09:08 +0200] "GET /lexikon.php?cs_go=3&cs_id=146 HTTP/1.1" 200 8617 "http://www.mink-gmbh.de/lexikon.php?cs_go=3&cs_id=146" "Mozilla/4.0 (compatible; MSIE 8.0; Windows NT 6.1; Trident/4.0; SLCC2; .NET CLR 2.0.50727; .NET CLR 3.5.30729; .NET CLR 3.0.30729; Media Center PC 6.0; MDDR; .NET4.0C; .NET4.0E; .NET CLR 1.1.4322; Tablet PC 2.0); 360Spider"
101.226.168.240 - - [08/Apr/2013:06:09:17 +0200] "GET /lexikon.php?cs_go=3&cs_id=149 HTTP/1.1" 200 9729 "http://www.mink-gmbh.de/lexikon.php?cs_go=3&cs_id=149" "Mozilla/4.0 (compatible; MSIE 8.0; Windows NT 6.1; Trident/4.0; SLCC2; .NET CLR 2.0.50727; .NET CLR 3.5.30729; .NET CLR 3.0.30729; Media Center PC 6.0; MDDR; .NET4.0C; .NET4.0E; .NET CLR 1.1.4322; Tablet PC 2.0); 360Spider"
101.226.168.240 - - [08/Apr/2013:06:09:17 +0200] "GET /news.php?cs_go=archiv&cs_id=3828 HTTP/1.1" 200 10056 "http://www.mink-gmbh.de/news.php?cs_go=archiv&cs_id=3828" "Mozilla/4.0 (compatible; MSIE 8.0; Windows NT 6.1; Trident/4.0; SLCC2; .NET CLR 2.0.50727; .NET CLR 3.5.30729; .NET CLR 3.0.30729; Media Center PC 6.0; MDDR; .NET4.0C; .NET4.0E; .NET CLR 1.1.4322; Tablet PC 2.0); 360Spider"
66.249.78.46 - - [08/Apr/2013:06:14:56 +0200] "GET /robots.txt HTTP/1.1" 200 177 "-" "Mozilla/5.0 (compatible; Googlebot/2.1; +http://www.google.com/bot.html)"
66.249.78.46 - - [08/Apr/2013:06:14:56 +0200] "GET /wunschpreis.php HTTP/1.1" 200 12084 "-" "SAMSUNG-SGH-E250/1.0 Profile/MIDP-2.0 Configuration/CLDC-1.1 UP.Browser/6.2.3.3.c.1.101 (GUI) MMP/2.0 (compatible; Googlebot-Mobile/2.1; +http://www.google.com/bot.html)"
216.145.17.190 - - [08/Apr/2013:06:30:52 +0200] "GET /robots.txt HTTP/1.0" 200 177 "-" "Mozilla/5.0 (Windows; U; Windows NT 5.1; en; rv:1.9.0.13) Gecko/2009073022 Firefox/3.5.2 (.NET CLR 3.5.30729) SurveyBot/2.3 (DomainTools)"
216.145.17.190 - - [08/Apr/2013:06:30:52 +0200] "GET / HTTP/1.1" 200 12175 "http://whois.domaintools.com/mink-gmbh.de" "Mozilla/5.0 (Windows; U; Windows NT 5.1; en; rv:1.9.0.13) Gecko/2009073022 Firefox/3.5.2 (.NET CLR 3.5.30729) SurveyBot/2.3 (DomainTools)"
123.125.71.33 - - [08/Apr/2013:06:32:06 +0200] "GET / HTTP/1.1" 200 8761 "-" "Mozilla/5.0 (compatible; Baiduspider/2.0; +http://www.baidu.com/search/spider.html)"
220.181.108.96 - - [08/Apr/2013:06:32:35 +0200] "GET / HTTP/1.1" 200 7825 "-" "Mozilla/5.0 (compatible; Baiduspider/2.0; +http://www.baidu.com/search/spider.html)"
66.249.78.46 - - [08/Apr/2013:07:14:39 +0200] "GET /news.php?cs_go=archiv&cs_id=3657&cs_search= HTTP/1.1" 200 13330 "-" "Mozilla/5.0 (compatible; Googlebot/2.1; +http://www.google.com/bot.html)"
66.249.78.46 - - [08/Apr/2013:07:20:36 +0200] "GET /news.php?cs_go=archiv&cs_id=3291&cs_search= HTTP/1.1" 200 9903 "-" "Mozilla/5.0 (compatible; Googlebot/2.1; +http://www.google.com/bot.html)"
66.249.78.46 - - [08/Apr/2013:07:26:29 +0200] "GET /news.php?cs_go=archiv&cs_id=3204&cs_search= HTTP/1.1" 200 13481 "-" "Mozilla/5.0 (compatible; Googlebot/2.1; +http://www.google.com/bot.html)"
173.199.120.19 - - [08/Apr/2013:07:51:29 +0200] "GET /lexikon.php?cs_go=3&cs_id=94 HTTP/1.1" 200 8478 "-" "Mozilla/5.0 (compatible; AhrefsBot/4.0; +http://ahrefs.com/robot/)"
66.249.78.46 - - [08/Apr/2013:08:12:55 +0200] "GET /news.php?cs_go=archiv&cs_id=3177&cs_search= HTTP/1.1" 200 13378 "-" "Mozilla/5.0 (compatible; Googlebot/2.1; +http://www.google.com/bot.html)"
173.199.120.19 - - [08/Apr/2013:08:13:26 +0200] "GET /lexikon.php?cs_go=3&cs_id=135 HTTP/1.1" 200 9197 "-" "Mozilla/5.0 (compatible; AhrefsBot/4.0; +http://ahrefs.com/robot/)"
66.249.78.46 - - [08/Apr/2013:08:18:35 +0200] "GET /news.php?cs_go=archiv&cs_id=3163 HTTP/1.1" 200 13613 "-" "Mozilla/5.0 (compatible; Googlebot/2.1; +http://www.google.com/bot.html)"
173.199.120.19 - - [08/Apr/2013:08:23:23 +0200] "GET /news.php?cs_go=archiv&cs_id=3656&cs_search= HTTP/1.1" 200 11181 "-" "Mozilla/5.0 (compatible; AhrefsBot/4.0; +http://ahrefs.com/robot/)"
66.249.78.46 - - [08/Apr/2013:08:30:00 +0200] "GET /news.php?cs_go=archiv&cs_id=4022 HTTP/1.1" 200 10245 "-" "Mozilla/5.0 (compatible; Googlebot/2.1; +http://www.google.com/bot.html)"
65.36.241.79 - - [08/Apr/2013:08:30:33 +0200] "HEAD / HTTP/1.1" 200 - "-" "InternetSeer.com"
66.249.75.49 - - [08/Apr/2013:08:30:45 +0200] "GET /optiplus.php HTTP/1.1" 200 11100 "-" "DoCoMo/2.0 N905i(c100;TB;W24H16) (compatible; Googlebot-Mobile/2.1; +http://www.google.com/bot.html)"
92.225.2.200 - - [08/Apr/2013:08:43:43 +0200] "GET /style.css HTTP/1.1" 200 8418 "http://www.mink-gmbh.de/" "Mozilla/5.0 (compatible; MSIE 9.0; Windows NT 6.1; WOW64; Trident/5.0)"
92.225.2.200 - - [08/Apr/2013:08:43:43 +0200] "GET /modul.css HTTP/1.1" 200 35038 "http://www.mink-gmbh.de/" "Mozilla/5.0 (compatible; MSIE 9.0; Windows NT 6.1; WOW64; Trident/5.0)"
92.225.2.200 - - [08/Apr/2013:08:43:44 +0200] "GET /js_contentserver24_greybox/gb_styles.css HTTP/1.1" 200 2302 "http://www.mink-gmbh.de/" "Mozilla/5.0 (compatible; MSIE 9.0; Windows NT 6.1; WOW64; Trident/5.0)"
92.225.2.200 - - [08/Apr/2013:08:43:44 +0200] "GET /js_contentserver24_greybox/AJS.js HTTP/1.1" 200 10396 "http://www.mink-gmbh.de/" "Mozilla/5.0 (compatible; MSIE 9.0; Windows NT 6.1; WOW64; Trident/5.0)"
92.225.2.200 - - [08/Apr/2013:08:43:44 +0200] "GET /js_contentserver24_greybox/gb_scripts.js HTTP/1.1" 200 11913 "http://www.mink-gmbh.de/" "Mozilla/5.0 (compatible; MSIE 9.0; Windows NT 6.1; WOW64; Trident/5.0)"
92.225.2.200 - - [08/Apr/2013:08:43:44 +0200] "GET /js_contentserver24_greybox/AJS_fx.js HTTP/1.1" 200 3192 "http://www.mink-gmbh.de/" "Mozilla/5.0 (compatible; MSIE 9.0; Windows NT 6.1; WOW64; Trident/5.0)"
92.225.2.200 - - [08/Apr/2013:08:43:44 +0200] "GET /images/bg.jpg HTTP/1.1" 200 345 "http://www.mink-gmbh.de/" "Mozilla/5.0 (compatible; MSIE 9.0; Windows NT 6.1; WOW64; Trident/5.0)"
92.225.2.200 - - [08/Apr/2013:08:43:43 +0200] "GET / HTTP/1.1" 200 12175 "http://www.google.de/url?sa=t&rct=j&q=mink%20%C3%B6l&source=web&cd=1&ved=0CGAQFjAA&url=http%3A%2F%2Fwww.mink-gmbh.de%2F&ei=qWZiUc3bEYTctAbo0oHoAQ&usg=AFQjCNFHX4Iglls9oo-KYXTmDUV_5KOVIg&bvm=bv.44770516,d.Yms" "Mozilla/5.0 (compatible; MSIE 9.0; Windows NT 6.1; WOW64; Trident/5.0)"
92.225.2.200 - - [08/Apr/2013:08:43:44 +0200] "GET /js_contentserver24_greybox/w_close.gif HTTP/1.1" 200 74 "http://www.mink-gmbh.de/" "Mozilla/5.0 (compatible; MSIE 9.0; Windows NT 6.1; WOW64; Trident/5.0)"
92.225.2.200 - - [08/Apr/2013:08:43:44 +0200] "GET /images/navibg.png HTTP/1.1" 200 2803 "http://www.mink-gmbh.de/" "Mozilla/5.0 (compatible; MSIE 9.0; Windows NT 6.1; WOW64; Trident/5.0)"
92.225.2.200 - - [08/Apr/2013:08:43:44 +0200] "GET /images/wrapperbg.jpg HTTP/1.1" 200 27465 "http://www.mink-gmbh.de/" "Mozilla/5.0 (compatible; MSIE 9.0; Windows NT 6.1; WOW64; Trident/5.0)"
92.225.2.200 - - [08/Apr/2013:08:43:44 +0200] "GET /images/newsletter_bg.jpg HTTP/1.1" 200 33610 "http://www.mink-gmbh.de/" "Mozilla/5.0 (compatible; MSIE 9.0; Windows NT 6.1; WOW64; Trident/5.0)"
92.225.2.200 - - [08/Apr/2013:08:43:44 +0200] "GET /images/close.png HTTP/1.1" 200 703 "http://www.mink-gmbh.de/" "Mozilla/5.0 (compatible; MSIE 9.0; Windows NT 6.1; WOW64; Trident/5.0)"
92.225.2.200 - - [08/Apr/2013:08:43:44 +0200] "GET /images/newsletter.png HTTP/1.1" 200 14619 "http://www.mink-gmbh.de/" "Mozilla/5.0 (compatible; MSIE 9.0; Windows NT 6.1; WOW64; Trident/5.0)"
92.225.2.200 - - [08/Apr/2013:08:43:44 +0200] "GET /images/header.jpg HTTP/1.1" 200 24413 "http://www.mink-gmbh.de/" "Mozilla/5.0 (compatible; MSIE 9.0; Windows NT 6.1; WOW64; Trident/5.0)"
92.225.2.200 - - [08/Apr/2013:08:43:44 +0200] "GET /images/fallend.png HTTP/1.1" 200 713 "http://www.mink-gmbh.de/" "Mozilla/5.0 (compatible; MSIE 9.0; Windows NT 6.1; WOW64; Trident/5.0)"
92.225.2.200 - - [08/Apr/2013:08:43:44 +0200] "GET /images/mobil.jpg HTTP/1.1" 200 25293 "http://www.mink-gmbh.de/" "Mozilla/5.0 (compatible; MSIE 9.0; Windows NT 6.1; WOW64; Trident/5.0)"
92.225.2.200 - - [08/Apr/2013:08:43:44 +0200] "GET /images/newsletter.jpg HTTP/1.1" 200 13130 "http://www.mink-gmbh.de/" "Mozilla/5.0 (compatible; MSIE 9.0; Windows NT 6.1; WOW64; Trident/5.0)"
92.225.2.200 - - [08/Apr/2013:08:43:44 +0200] "GET /images/freecall.jpg HTTP/1.1" 200 39195 "http://www.mink-gmbh.de/" "Mozilla/5.0 (compatible; MSIE 9.0; Windows NT 6.1; WOW64; Trident/5.0)"
92.225.2.200 - - [08/Apr/2013:08:43:44 +0200] "GET /images/tkw.jpg HTTP/1.1" 200 64031 "http://www.mink-gmbh.de/" "Mozilla/5.0 (compatible; MSIE 9.0; Windows NT 6.1; WOW64; Trident/5.0)"
92.225.2.200 - - [08/Apr/2013:08:43:44 +0200] "GET /js_contentserver24_greybox/loader_frame.html?s=0 HTTP/1.1" 200 2084 "http://www.mink-gmbh.de/" "Mozilla/5.0 (compatible; MSIE 9.0; Windows NT 6.1; WOW64; Trident/5.0)"
92.225.2.200 - - [08/Apr/2013:08:43:44 +0200] "GET /images/mail.jpg HTTP/1.1" 200 11165 "http://www.mink-gmbh.de/" "Mozilla/5.0 (compatible; MSIE 9.0; Windows NT 6.1; WOW64; Trident/5.0)"
92.225.2.200 - - [08/Apr/2013:08:43:44 +0200] "GET /images/kwk.gif HTTP/1.1" 200 6403 "http://www.mink-gmbh.de/" "Mozilla/5.0 (compatible; MSIE 9.0; Windows NT 6.1; WOW64; Trident/5.0)"
92.225.2.200 - - [08/Apr/2013:08:43:44 +0200] "GET /images/wunschpreis.jpg HTTP/1.1" 200 16767 "http://www.mink-gmbh.de/" "Mozilla/5.0 (compatible; MSIE 9.0; Windows NT 6.1; WOW64; Trident/5.0)"
92.225.2.200 - - [08/Apr/2013:08:43:44 +0200] "GET /images/logos.jpg HTTP/1.1" 200 15002 "http://www.mink-gmbh.de/" "Mozilla/5.0 (compatible; MSIE 9.0; Windows NT 6.1; WOW64; Trident/5.0)"
92.225.2.200 - - [08/Apr/2013:08:43:44 +0200] "GET /js_contentserver24_greybox/header_bg.gif HTTP/1.1" 200 1188 "http://www.mink-gmbh.de/" "Mozilla/5.0 (compatible; MSIE 9.0; Windows NT 6.1; WOW64; Trident/5.0)"
92.225.2.200 - - [08/Apr/2013:08:43:44 +0200] "GET /images/footerbg.jpg HTTP/1.1" 200 2184 "http://www.mink-gmbh.de/" "Mozilla/5.0 (compatible; MSIE 9.0; Windows NT 6.1; WOW64; Trident/5.0)"
92.225.2.200 - - [08/Apr/2013:08:43:44 +0200] "GET /js_contentserver24_greybox/indicator.gif HTTP/1.1" 200 8238 "http://www.mink-gmbh.de/js_contentserver24_greybox/loader_frame.html?s=0" "Mozilla/5.0 (compatible; MSIE 9.0; Windows NT 6.1; WOW64; Trident/5.0)"
92.225.2.200 - - [08/Apr/2013:08:43:45 +0200] "GET /js_contentserver24_greybox/g_close.gif HTTP/1.1" 200 541 "http://www.mink-gmbh.de/" "Mozilla/5.0 (compatible; MSIE 9.0; Windows NT 6.1; WOW64; Trident/5.0)"
92.225.2.200 - - [08/Apr/2013:08:43:45 +0200] "GET /favicon.ico HTTP/1.1" 200 3638 "-" "Mozilla/5.0 (compatible; MSIE 9.0; Windows NT 6.1; WOW64; Trident/5.0)"
92.225.2.200 - - [08/Apr/2013:08:51:20 +0200] "GET /kontakt.php HTTP/1.1" 200 9111 "http://www.mink-gmbh.de/" "Mozilla/5.0 (compatible; MSIE 9.0; Windows NT 6.1; WOW64; Trident/5.0)"
92.225.2.200 - - [08/Apr/2013:08:51:25 +0200] "GET / HTTP/1.1" 200 11434 "http://www.google.de/url?sa=t&rct=j&q=mink%20%C3%B6l&source=web&cd=1&ved=0CGAQFjAA&url=http%3A%2F%2Fwww.mink-gmbh.de%2F&ei=qWZiUc3bEYTctAbo0oHoAQ&usg=AFQjCNFHX4Iglls9oo-KYXTmDUV_5KOVIg&bvm=bv.44770516,d.Yms" "Mozilla/5.0 (compatible; MSIE 9.0; Windows NT 6.1; WOW64; Trident/5.0)"
66.249.75.49 - - [08/Apr/2013:08:54:24 +0200] "GET /news.php?cs_go=archiv&cs_id=4020 HTTP/1.1" 200 11172 "-" "Mozilla/5.0 (compatible; Googlebot/2.1; +http://www.google.com/bot.html)"
173.199.120.19 - - [08/Apr/2013:08:57:54 +0200] "GET /lexikon.php?cs_go=3&cs_id=149 HTTP/1.1" 200 9729 "-" "Mozilla/5.0 (compatible; AhrefsBot/4.0; +http://ahrefs.com/robot/)"
173.199.120.19 - - [08/Apr/2013:09:09:14 +0200] "GET /lexikon.php?cs_go=3&cs_id=80 HTTP/1.1" 200 8403 "-" "Mozilla/5.0 (compatible; AhrefsBot/4.0; +http://ahrefs.com/robot/)"
173.199.120.19 - - [08/Apr/2013:09:09:37 +0200] "GET /lexikon.php?cs_go=3&cs_id=228 HTTP/1.1" 200 9244 "-" "Mozilla/5.0 (compatible; AhrefsBot/4.0; +http://ahrefs.com/robot/)"
173.199.120.19 - - [08/Apr/2013:09:10:32 +0200] "GET /news.php?cs_go=archiv&cs_id=3920 HTTP/1.1" 200 11734 "-" "Mozilla/5.0 (compatible; AhrefsBot/4.0; +http://ahrefs.com/robot/)"
88.190.57.92 - - [08/Apr/2013:09:16:20 +0200] "GET /js_contentserver24_greybox/AJS_fx.js HTTP/1.1" 200 3192 "http://abtasty.com/" "Mozilla/5.0 (X11; Linux x86_64) AppleWebKit/534.34 (KHTML, like Gecko) Qt/4.8.1 Safari/534.34"
88.190.57.92 - - [08/Apr/2013:09:16:20 +0200] "GET /js_contentserver24_greybox/AJS.js HTTP/1.1" 200 10396 "http://abtasty.com/" "Mozilla/5.0 (X11; Linux x86_64) AppleWebKit/534.34 (KHTML, like Gecko) Qt/4.8.1 Safari/534.34"
88.190.57.92 - - [08/Apr/2013:09:16:20 +0200] "GET /js_contentserver24_greybox/gb_scripts.js HTTP/1.1" 200 11913 "http://abtasty.com/" "Mozilla/5.0 (X11; Linux x86_64) AppleWebKit/534.34 (KHTML, like Gecko) Qt/4.8.1 Safari/534.34"
88.190.57.92 - - [08/Apr/2013:09:16:19 +0200] "GET / HTTP/1.1" 200 12175 "http://abtasty.com/" "Mozilla/5.0 (X11; Linux x86_64) AppleWebKit/534.34 (KHTML, like Gecko) Qt/4.8.1 Safari/534.34"
88.190.57.92 - - [08/Apr/2013:09:16:20 +0200] "GET /js_contentserver24_greybox/loader_frame.html?s=0 HTTP/1.1" 200 2084 "http://abtasty.com/" "Mozilla/5.0 (X11; Linux x86_64) AppleWebKit/534.34 (KHTML, like Gecko) Qt/4.8.1 Safari/534.34"
66.249.78.46 - - [08/Apr/2013:09:20:08 +0200] "GET /impressum.php HTTP/1.1" 200 8582 "-" "Mozilla/5.0 (compatible; Googlebot/2.1; +http://www.google.com/bot.html)"
217.235.229.242 - - [08/Apr/2013:09:27:38 +0200] "GET / HTTP/1.1" 200 12175 "-" "Mozilla/5.0 (Windows NT 6.1; rv:20.0) Gecko/20100101 Firefox/20.0"
141.8.147.12 - - [08/Apr/2013:09:27:50 +0200] "GET /news.php?cs_go=archiv&cs_id=4045 HTTP/1.1" 200 9849 "-" "Mozilla/5.0 (compatible; YandexBot/3.0; +http://yandex.com/bots)"
208.115.113.91 - - [08/Apr/2013:09:42:48 +0200] "GET /robots.txt HTTP/1.1" 200 177 "-" "Mozilla/5.0 (compatible; Ezooms/1.0; ezooms.bot@gmail.com)"
173.199.120.19 - - [08/Apr/2013:09:56:57 +0200] "GET /lexikon.php?cs_go=3&cs_id=165 HTTP/1.1" 200 8286 "-" "Mozilla/5.0 (compatible; AhrefsBot/4.0; +http://ahrefs.com/robot/)"
173.192.235.226 - - [08/Apr/2013:10:04:30 +0200] "GET /robots.txt HTTP/1.1" 200 177 "-" "Mozilla/5.0 (compatible; SiteExplorer/1.0b; +http://siteexplorer.info/)"
173.192.235.226 - - [08/Apr/2013:10:04:31 +0200] "GET /preisanfrage.php HTTP/1.1" 200 10735 "-" "Mozilla/5.0 (compatible; SiteExplorer/1.0b; +http://siteexplorer.info/)"
173.192.235.226 - - [08/Apr/2013:10:04:41 +0200] "GET /optiplus.php HTTP/1.1" 200 11100 "-" "Mozilla/5.0 (compatible; SiteExplorer/1.0b; +http://siteexplorer.info/)"
173.192.235.226 - - [08/Apr/2013:10:04:51 +0200] "GET /newsletter.php HTTP/1.1" 200 8928 "-" "Mozilla/5.0 (compatible; SiteExplorer/1.0b; +http://siteexplorer.info/)"
173.192.235.226 - - [08/Apr/2013:10:05:01 +0200] "GET /news.php HTTP/1.1" 200 22179 "-" "Mozilla/5.0 (compatible; SiteExplorer/1.0b; +http://siteexplorer.info/)"
173.192.235.226 - - [08/Apr/2013:10:05:12 +0200] "GET /modernisierung.php?cs_gp_go=plus HTTP/1.1" 200 11578 "-" "Mozilla/5.0 (compatible; SiteExplorer/1.0b; +http://siteexplorer.info/)"
173.192.235.226 - - [08/Apr/2013:10:05:22 +0200] "GET /lexikon.php?cs_go=2&cs_char=z HTTP/1.1" 200 8261 "-" "Mozilla/5.0 (compatible; SiteExplorer/1.0b; +http://siteexplorer.info/)"
173.192.235.226 - - [08/Apr/2013:10:05:32 +0200] "GET /lexikon.php?cs_go=2&cs_char=y HTTP/1.1" 200 8582 "-" "Mozilla/5.0 (compatible; SiteExplorer/1.0b; +http://siteexplorer.info/)"
173.192.235.226 - - [08/Apr/2013:10:05:42 +0200] "GET /lexikon.php?cs_go=2&cs_char=x HTTP/1.1" 200 8582 "-" "Mozilla/5.0 (compatible; SiteExplorer/1.0b; +http://siteexplorer.info/)"
173.192.235.226 - - [08/Apr/2013:10:05:52 +0200] "GET /news.php?cs_go=archiv HTTP/1.1" 200 22179 "-" "Mozilla/5.0 (compatible; SiteExplorer/1.0b; +http://siteexplorer.info/)"
89.247.11.6 - - [08/Apr/2013:10:09:56 +0200] "GET /style.css HTTP/1.1" 200 8418 "http://www.mink-gmbh.de/index.php" "Mozilla/5.0 (Windows NT 6.1; rv:19.0) Gecko/20100101 Firefox/19.0"
89.247.11.6 - - [08/Apr/2013:10:09:56 +0200] "GET /modul.css HTTP/1.1" 200 35038 "http://www.mink-gmbh.de/index.php" "Mozilla/5.0 (Windows NT 6.1; rv:19.0) Gecko/20100101 Firefox/19.0"
89.247.11.6 - - [08/Apr/2013:10:09:56 +0200] "GET /favicon.ico HTTP/1.1" 200 3638 "-" "Mozilla/5.0 (Windows NT 6.1; rv:19.0) Gecko/20100101 Firefox/19.0"
89.247.11.6 - - [08/Apr/2013:10:09:57 +0200] "GET /js_contentserver24_greybox/gb_styles.css HTTP/1.1" 200 2302 "http://www.mink-gmbh.de/index.php" "Mozilla/5.0 (Windows NT 6.1; rv:19.0) Gecko/20100101 Firefox/19.0"
89.247.11.6 - - [08/Apr/2013:10:09:57 +0200] "GET /js_contentserver24_greybox/AJS.js HTTP/1.1" 200 10396 "http://www.mink-gmbh.de/index.php" "Mozilla/5.0 (Windows NT 6.1; rv:19.0) Gecko/20100101 Firefox/19.0"
