89.247.11.6 - - [08/Apr/2013:10:09:57 +0200] "GET /js_contentserver24_greybox/AJS_fx.js HTTP/1.1" 200 3192 "http://www.mink-gmbh.de/index.php" "Mozilla/5.0 (Windows NT 6.1; rv:19.0) Gecko/20100101 Firefox/19.0"
89.247.11.6 - - [08/Apr/2013:10:09:57 +0200] "GET /js_contentserver24_greybox/gb_scripts.js HTTP/1.1" 200 11913 "http://www.mink-gmbh.de/index.php" "Mozilla/5.0 (Windows NT 6.1; rv:19.0) Gecko/20100101 Firefox/19.0"
89.247.11.6 - - [08/Apr/2013:10:09:56 +0200] "GET /index.php HTTP/1.1" 200 12169 "-" "Mozilla/5.0 (Windows NT 6.1; rv:19.0) Gecko/20100101 Firefox/19.0"
89.247.11.6 - - [08/Apr/2013:10:09:57 +0200] "GET /images/freecall.jpg HTTP/1.1" 200 39195 "http://www.mink-gmbh.de/index.php" "Mozilla/5.0 (Windows NT 6.1; rv:19.0) Gecko/20100101 Firefox/19.0"
89.247.11.6 - - [08/Apr/2013:10:09:57 +0200] "GET /images/mail.jpg HTTP/1.1" 200 11165 "http://www.mink-gmbh.de/index.php" "Mozilla/5.0 (Windows NT 6.1; rv:19.0) Gecko/20100101 Firefox/19.0"
89.247.11.6 - - [08/Apr/2013:10:09:57 +0200] "GET /images/kwk.gif HTTP/1.1" 200 6403 "http://www.mink-gmbh.de/index.php" "Mozilla/5.0 (Windows NT 6.1; rv:19.0) Gecko/20100101 Firefox/19.0"
89.247.11.6 - - [08/Apr/2013:10:09:57 +0200] "GET /images/wunschpreis.jpg HTTP/1.1" 200 16767 "http://www.mink-gmbh.de/index.php" "Mozilla/5.0 (Windows NT 6.1; rv:19.0) Gecko/20100101 Firefox/19.0"
89.247.11.6 - - [08/Apr/2013:10:09:57 +0200] "GET /images/logos.jpg HTTP/1.1" 200 15002 "http://www.mink-gmbh.de/index.php" "Mozilla/5.0 (Windows NT 6.1; rv:19.0) Gecko/20100101 Firefox/19.0"
89.247.11.6 - - [08/Apr/2013:10:09:57 +0200] "GET /images/tkw.jpg HTTP/1.1" 200 64031 "http://www.mink-gmbh.de/index.php" "Mozilla/5.0 (Windows NT 6.1; rv:19.0) Gecko/20100101 Firefox/19.0"
89.247.11.6 - - [08/Apr/2013:10:09:57 +0200] "GET /images/bg.jpg HTTP/1.1" 200 345 "http://www.mink-gmbh.de/style.css" "Mozilla/5.0 (Windows NT 6.1; rv:19.0) Gecko/20100101 Firefox/19.0"
89.247.11.6 - - [08/Apr/2013:10:09:57 +0200] "GET /js_contentserver24_greybox/w_close.gif HTTP/1.1" 200 74 "http://www.mink-gmbh.de/index.php" "Mozilla/5.0 (Windows NT 6.1; rv:19.0) Gecko/20100101 Firefox/19.0"
89.247.11.6 - - [08/Apr/2013:10:09:57 +0200] "GET /images/close.png HTTP/1.1" 200 703 "http://www.mink-gmbh.de/index.php" "Mozilla/5.0 (Windows NT 6.1; rv:19.0) Gecko/20100101 Firefox/19.0"
89.247.11.6 - - [08/Apr/2013:10:09:57 +0200] "GET /images/newsletter_bg.jpg HTTP/1.1" 200 33610 "http://www.mink-gmbh.de/index.php" "Mozilla/5.0 (Windows NT 6.1; rv:19.0) Gecko/20100101 Firefox/19.0"
89.247.11.6 - - [08/Apr/2013:10:09:57 +0200] "GET /images/newsletter.png HTTP/1.1" 200 14619 "http://www.mink-gmbh.de/style.css" "Mozilla/5.0 (Windows NT 6.1; rv:19.0) Gecko/20100101 Firefox/19.0"
89.247.11.6 - - [08/Apr/2013:10:09:57 +0200] "GET /images/wrapperbg.jpg HTTP/1.1" 200 27465 "http://www.mink-gmbh.de/style.css" "Mozilla/5.0 (Windows NT 6.1; rv:19.0) Gecko/20100101 Firefox/19.0"
89.247.11.6 - - [08/Apr/2013:10:09:57 +0200] "GET /images/header.jpg HTTP/1.1" 200 24413 "http://www.mink-gmbh.de/style.css" "Mozilla/5.0 (Windows NT 6.1; rv:19.0) Gecko/20100101 Firefox/19.0"
89.247.11.6 - - [08/Apr/2013:10:09:57 +0200] "GET /images/navibg.png HTTP/1.1" 200 2803 "http://www.mink-gmbh.de/style.css" "Mozilla/5.0 (Windows NT 6.1; rv:19.0) Gecko/20100101 Firefox/19.0"
89.247.11.6 - - [08/Apr/2013:10:09:57 +0200] "GET /images/fallend.png HTTP/1.1" 200 713 "http://www.mink-gmbh.de/modul.css" "Mozilla/5.0 (Windows NT 6.1; rv:19.0) Gecko/20100101 Firefox/19.0"
89.247.11.6 - - [08/Apr/2013:10:09:57 +0200] "GET /images/mobil.jpg HTTP/1.1" 200 25293 "http://www.mink-gmbh.de/style.css" "Mozilla/5.0 (Windows NT 6.1; rv:19.0) Gecko/20100101 Firefox/19.0"
89.247.11.6 - - [08/Apr/2013:10:09:57 +0200] "GET /images/newsletter.jpg HTTP/1.1" 200 13130 "http://www.mink-gmbh.de/style.css" "Mozilla/5.0 (Windows NT 6.1; rv:19.0) Gecko/20100101 Firefox/19.0"
89.247.11.6 - - [08/Apr/2013:10:09:57 +0200] "GET /images/footerbg.jpg HTTP/1.1" 200 2184 "http://www.mink-gmbh.de/style.css" "Mozilla/5.0 (Windows NT 6.1; rv:19.0) Gecko/20100101 Firefox/19.0"
89.247.11.6 - - [08/Apr/2013:10:09:57 +0200] "GET /js_contentserver24_greybox/loader_frame.html?s=0 HTTP/1.1" 200 2084 "http://www.mink-gmbh.de/index.php" "Mozilla/5.0 (Windows NT 6.1; rv:19.0) Gecko/20100101 Firefox/19.0"
89.247.11.6 - - [08/Apr/2013:10:09:57 +0200] "GET /js_contentserver24_greybox/header_bg.gif HTTP/1.1" 200 1188 "http://www.mink-gmbh.de/index.php" "Mozilla/5.0 (Windows NT 6.1; rv:19.0) Gecko/20100101 Firefox/19.0"
89.247.11.6 - - [08/Apr/2013:10:09:58 +0200] "GET /js_contentserver24_greybox/indicator.gif HTTP/1.1" 200 8238 "http://www.mink-gmbh.de/js_contentserver24_greybox/loader_frame.html?s=0" "Mozilla/5.0 (Windows NT 6.1; rv:19.0) Gecko/20100101 Firefox/19.0"
89.247.11.6 - - [08/Apr/2013:10:09:58 +0200] "GET /js_contentserver24_greybox/g_close.gif HTTP/1.1" 200 541 "http://www.mink-gmbh.de/index.php" "Mozilla/5.0 (Windows NT 6.1; rv:19.0) Gecko/20100101 Firefox/19.0"
89.247.11.6 - - [08/Apr/2013:10:11:00 +0200] "GET /news.php?cs_go=archiv&cs_id=4053 HTTP/1.1" 200 9957 "http://www.mink-gmbh.de/index.php" "Mozilla/5.0 (Windows NT 6.1; rv:19.0) Gecko/20100101 Firefox/19.0"
89.247.11.6 - - [08/Apr/2013:10:12:07 +0200] "GET /index.php HTTP/1.1" 200 11428 "-" "Mozilla/5.0 (Windows NT 6.1; rv:19.0) Gecko/20100101 Firefox/19.0"
173.199.120.19 - - [08/Apr/2013:10:21:23 +0200] "GET /lexikon.php?cs_go=3&cs_id=138 HTTP/1.1" 200 8904 "-" "Mozilla/5.0 (compatible; AhrefsBot/4.0; +http://ahrefs.com/robot/)"
66.249.75.49 - - [08/Apr/2013:10:33:52 +0200] "GET / HTTP/1.1" 200 12169 "-" "Mozilla/5.0 (iPhone; U; CPU iPhone OS 4_1 like Mac OS X; en-us) AppleWebKit/532.9 (KHTML, like Gecko) Version/4.0.5 Mobile/8B117 Safari/6531.22.7 (compatible; Googlebot-Mobile/2.1; +http://www.google.com/bot.html)"
141.8.147.12 - - [08/Apr/2013:10:43:21 +0200] "GET /news.php?cs_go=archiv&cs_id=4044&cs_search= HTTP/1.1" 200 15631 "-" "Mozilla/5.0 (compatible; YandexBot/3.0; +http://yandex.com/bots)"
173.199.120.19 - - [08/Apr/2013:10:54:32 +0200] "GET /news.php?cs_go=archiv&cs_id=3575&cs_search= HTTP/1.1" 200 11805 "-" "Mozilla/5.0 (compatible; AhrefsBot/4.0; +http://ahrefs.com/robot/)"
130.83.167.153 - - [08/Apr/2013:11:01:13 +0200] "GET /news.php?cs_go=archiv&cs_id=3917&cs_search= HTTP/1.1" 200 6992 "-" "findlinks/2.6 (+http://wortschatz.uni-leipzig.de/findlinks/)"
130.83.167.153 - - [08/Apr/2013:11:01:13 +0200] "GET /news.php?cs_go=archiv&cs_id=3917&cs_search= HTTP/1.1" 200 13366 "-" "findlinks/2.6 (+http://wortschatz.uni-leipzig.de/findlinks/)"
85.25.120.73 - - [08/Apr/2013:11:04:45 +0200] "GET / HTTP/1.1" 200 12169 "-" "Mozilla/5.0 (X11; U; Linux i686; en-US; rv:1.9.0.1) Gecko/2008070206 Firefox/3.0.1"
85.25.120.73 - - [08/Apr/2013:11:04:46 +0200] "GET /seiten/kontakt.php HTTP/1.1" 404 - "-" "Mozilla/5.0 (X11; U; Linux i686; en-US; rv:1.9.0.1) Gecko/2008070206 Firefox/3.0.1"
173.199.120.19 - - [08/Apr/2013:11:07:02 +0200] "GET /news.php?cs_go=archiv&cs_startpos=100 HTTP/1.1" 200 22695 "-" "Mozilla/5.0 (compatible; AhrefsBot/4.0; +http://ahrefs.com/robot/)"
173.199.120.19 - - [08/Apr/2013:11:08:53 +0200] "GET /news.php?cs_go=archiv&cs_id=2783&cs_search= HTTP/1.1" 200 14321 "-" "Mozilla/5.0 (compatible; AhrefsBot/4.0; +http://ahrefs.com/robot/)"
173.199.120.19 - - [08/Apr/2013:11:29:13 +0200] "GET /lexikon.php?cs_go=3&cs_id=199 HTTP/1.1" 200 7993 "-" "Mozilla/5.0 (compatible; AhrefsBot/4.0; +http://ahrefs.com/robot/)"
66.249.78.46 - - [08/Apr/2013:11:46:15 +0200] "GET /news.php HTTP/1.1" 200 22179 "-" "Mozilla/5.0 (iPhone; U; CPU iPhone OS 4_1 like Mac OS X; en-us) AppleWebKit/532.9 (KHTML, like Gecko) Version/4.0.5 Mobile/8B117 Safari/6531.22.7 (compatible; Googlebot-Mobile/2.1; +http://www.google.com/bot.html)"
93.220.58.23 - - [08/Apr/2013:11:48:50 +0200] "GET /style.css HTTP/1.1" 200 8418 "http://www.mink-gmbh.de/" "Mozilla/4.0 (compatible; MSIE 8.0; Windows NT 5.1; Trident/4.0; .NET CLR 2.0.50727; .NET CLR 3.0.4506.2152; .NET CLR 3.5.30729; AskTbORJ/5.15.4.23821)"
93.220.58.23 - - [08/Apr/2013:11:48:50 +0200] "GET /modul.css HTTP/1.1" 200 35038 "http://www.mink-gmbh.de/" "Mozilla/4.0 (compatible; MSIE 8.0; Windows NT 5.1; Trident/4.0; .NET CLR 2.0.50727; .NET CLR 3.0.4506.2152; .NET CLR 3.5.30729; AskTbORJ/5.15.4.23821)"
93.220.58.23 - - [08/Apr/2013:11:48:50 +0200] "GET /js_contentserver24_greybox/gb_styles.css HTTP/1.1" 200 2302 "http://www.mink-gmbh.de/" "Mozilla/4.0 (compatible; MSIE 8.0; Windows NT 5.1; Trident/4.0; .NET CLR 2.0.50727; .NET CLR 3.0.4506.2152; .NET CLR 3.5.30729; AskTbORJ/5.15.4.23821)"
93.220.58.23 - - [08/Apr/2013:11:48:50 +0200] "GET /js_contentserver24_greybox/gb_scripts.js HTTP/1.1" 200 11913 "http://www.mink-gmbh.de/" "Mozilla/4.0 (compatible; MSIE 8.0; Windows NT 5.1; Trident/4.0; .NET CLR 2.0.50727; .NET CLR 3.0.4506.2152; .NET CLR 3.5.30729; AskTbORJ/5.15.4.23821)"
93.220.58.23 - - [08/Apr/2013:11:48:50 +0200] "GET /js_contentserver24_greybox/AJS.js HTTP/1.1" 200 10396 "http://www.mink-gmbh.de/" "Mozilla/4.0 (compatible; MSIE 8.0; Windows NT 5.1; Trident/4.0; .NET CLR 2.0.50727; .NET CLR 3.0.4506.2152; .NET CLR 3.5.30729; AskTbORJ/5.15.4.23821)"
93.220.58.23 - - [08/Apr/2013:11:48:50 +0200] "GET /js_contentserver24_greybox/AJS_fx.js HTTP/1.1" 200 3192 "http://www.mink-gmbh.de/" "Mozilla/4.0 (compatible; MSIE 8.0; Windows NT 5.1; Trident/4.0; .NET CLR 2.0.50727; .NET CLR 3.0.4506.2152; .NET CLR 3.5.30729; AskTbORJ/5.15.4.23821)"
93.220.58.23 - - [08/Apr/2013:11:48:50 +0200] "GET /images/bg.jpg HTTP/1.1" 200 345 "http://www.mink-gmbh.de/" "Mozilla/4.0 (compatible; MSIE 8.0; Windows NT 5.1; Trident/4.0; .NET CLR 2.0.50727; .NET CLR 3.0.4506.2152; .NET CLR 3.5.30729; AskTbORJ/5.15.4.23821)"
93.220.58.23 - - [08/Apr/2013:11:48:50 +0200] "GET /js_contentserver24_greybox/w_close.gif HTTP/1.1" 200 74 "http://www.mink-gmbh.de/" "Mozilla/4.0 (compatible; MSIE 8.0; Windows NT 5.1; Trident/4.0; .NET CLR 2.0.50727; .NET CLR 3.0.4506.2152; .NET CLR 3.5.30729; AskTbORJ/5.15.4.23821)"
93.220.58.23 - - [08/Apr/2013:11:48:50 +0200] "GET /images/newsletter_bg.jpg HTTP/1.1" 200 33610 "http://www.mink-gmbh.de/" "Mozilla/4.0 (compatible; MSIE 8.0; Windows NT 5.1; Trident/4.0; .NET CLR 2.0.50727; .NET CLR 3.0.4506.2152; .NET CLR 3.5.30729; AskTbORJ/5.15.4.23821)"
93.220.58.23 - - [08/Apr/2013:11:48:50 +0200] "GET /images/navibg.png HTTP/1.1" 200 2803 "http://www.mink-gmbh.de/" "Mozilla/4.0 (compatible; MSIE 8.0; Windows NT 5.1; Trident/4.0; .NET CLR 2.0.50727; .NET CLR 3.0.4506.2152; .NET CLR 3.5.30729; AskTbORJ/5.15.4.23821)"
93.220.58.23 - - [08/Apr/2013:11:48:50 +0200] "GET /images/newsletter.png HTTP/1.1" 200 14619 "http://www.mink-gmbh.de/" "Mozilla/4.0 (compatible; MSIE 8.0; Windows NT 5.1; Trident/4.0; .NET CLR 2.0.50727; .NET CLR 3.0.4506.2152; .NET CLR 3.5.30729; AskTbORJ/5.15.4.23821)"
93.220.58.23 - - [08/Apr/2013:11:48:50 +0200] "GET /images/wrapperbg.jpg HTTP/1.1" 200 27465 "http://www.mink-gmbh.de/" "Mozilla/4.0 (compatible; MSIE 8.0; Windows NT 5.1; Trident/4.0; .NET CLR 2.0.50727; .NET CLR 3.0.4506.2152; .NET CLR 3.5.30729; AskTbORJ/5.15.4.23821)"
93.220.58.23 - - [08/Apr/2013:11:48:50 +0200] "GET /images/close.png HTTP/1.1" 200 703 "http://www.mink-gmbh.de/" "Mozilla/4.0 (compatible; MSIE 8.0; Windows NT 5.1; Trident/4.0; .NET CLR 2.0.50727; .NET CLR 3.0.4506.2152; .NET CLR 3.5.30729; AskTbORJ/5.15.4.23821)"
93.220.58.23 - - [08/Apr/2013:11:48:50 +0200] "GET /images/header.jpg HTTP/1.1" 200 24413 "http://www.mink-gmbh.de/" "Mozilla/4.0 (compatible; MSIE 8.0; Windows NT 5.1; Trident/4.0; .NET CLR 2.0.50727; .NET CLR 3.0.4506.2152; .NET CLR 3.5.30729; AskTbORJ/5.15.4.23821)"
93.220.58.23 - - [08/Apr/2013:11:48:50 +0200] "GET /images/fallend.png HTTP/1.1" 200 713 "http://www.mink-gmbh.de/" "Mozilla/4.0 (compatible; MSIE 8.0; Windows NT 5.1; Trident/4.0; .NET CLR 2.0.50727; .NET CLR 3.0.4506.2152; .NET CLR 3.5.30729; AskTbORJ/5.15.4.23821)"
93.220.58.23 - - [08/Apr/2013:11:48:51 +0200] "GET /js_contentserver24_greybox/header_bg.gif HTTP/1.1" 200 1188 "http://www.mink-gmbh.de/" "Mozilla/4.0 (compatible; MSIE 8.0; Windows NT 5.1; Trident/4.0; .NET CLR 2.0.50727; .NET CLR 3.0.4506.2152; .NET CLR 3.5.30729; AskTbORJ/5.15.4.23821)"
93.220.58.23 - - [08/Apr/2013:11:48:50 +0200] "GET / HTTP/1.1" 200 12169 "http://www.google.de/url?sa=t&rct=j&q=eeso%20mink&source=web&cd=1&ved=0CDQQFjAA&url=http%3A%2F%2Fwww.mink-gmbh.de%2F&ei=BZJiUcS_M4bbswbV14DoAQ&usg=AFQjCNFHX4Iglls9oo-KYXTmDUV_5KOVIg&bvm=bv.44770516,d.Yms" "Mozilla/4.0 (compatible; MSIE 8.0; Windows NT 5.1; Trident/4.0; .NET CLR 2.0.50727; .NET CLR 3.0.4506.2152; .NET CLR 3.5.30729; AskTbORJ/5.15.4.23821)"
93.220.58.23 - - [08/Apr/2013:11:48:51 +0200] "GET /images/mobil.jpg HTTP/1.1" 200 25293 "http://www.mink-gmbh.de/" "Mozilla/4.0 (compatible; MSIE 8.0; Windows NT 5.1; Trident/4.0; .NET CLR 2.0.50727; .NET CLR 3.0.4506.2152; .NET CLR 3.5.30729; AskTbORJ/5.15.4.23821)"
93.220.58.23 - - [08/Apr/2013:11:48:51 +0200] "GET /images/newsletter.jpg HTTP/1.1" 200 13130 "http://www.mink-gmbh.de/" "Mozilla/4.0 (compatible; MSIE 8.0; Windows NT 5.1; Trident/4.0; .NET CLR 2.0.50727; .NET CLR 3.0.4506.2152; .NET CLR 3.5.30729; AskTbORJ/5.15.4.23821)"
93.220.58.23 - - [08/Apr/2013:11:48:51 +0200] "GET /images/freecall.jpg HTTP/1.1" 200 39195 "http://www.mink-gmbh.de/" "Mozilla/4.0 (compatible; MSIE 8.0; Windows NT 5.1; Trident/4.0; .NET CLR 2.0.50727; .NET CLR 3.0.4506.2152; .NET CLR 3.5.30729; AskTbORJ/5.15.4.23821)"
93.220.58.23 - - [08/Apr/2013:11:48:51 +0200] "GET /images/wunschpreis.jpg HTTP/1.1" 200 16767 "http://www.mink-gmbh.de/" "Mozilla/4.0 (compatible; MSIE 8.0; Windows NT 5.1; Trident/4.0; .NET CLR 2.0.50727; .NET CLR 3.0.4506.2152; .NET CLR 3.5.30729; AskTbORJ/5.15.4.23821)"
93.220.58.23 - - [08/Apr/2013:11:48:51 +0200] "GET /images/kwk.gif HTTP/1.1" 200 6403 "http://www.mink-gmbh.de/" "Mozilla/4.0 (compatible; MSIE 8.0; Windows NT 5.1; Trident/4.0; .NET CLR 2.0.50727; .NET CLR 3.0.4506.2152; .NET CLR 3.5.30729; AskTbORJ/5.15.4.23821)"
93.220.58.23 - - [08/Apr/2013:11:48:51 +0200] "GET /js_contentserver24_greybox/loader_frame.html?s=0 HTTP/1.1" 200 2084 "http://www.mink-gmbh.de/" "Mozilla/4.0 (compatible; MSIE 8.0; Windows NT 5.1; Trident/4.0; .NET CLR 2.0.50727; .NET CLR 3.0.4506.2152; .NET CLR 3.5.30729; AskTbORJ/5.15.4.23821)"
93.220.58.23 - - [08/Apr/2013:11:48:51 +0200] "GET /images/logos.jpg HTTP/1.1" 200 15002 "http://www.mink-gmbh.de/" "Mozilla/4.0 (compatible; MSIE 8.0; Windows NT 5.1; Trident/4.0; .NET CLR 2.0.50727; .NET CLR 3.0.4506.2152; .NET CLR 3.5.30729; AskTbORJ/5.15.4.23821)"
93.220.58.23 - - [08/Apr/2013:11:48:51 +0200] "GET /images/mail.jpg HTTP/1.1" 200 11165 "http://www.mink-gmbh.de/" "Mozilla/4.0 (compatible; MSIE 8.0; Windows NT 5.1; Trident/4.0; .NET CLR 2.0.50727; .NET CLR 3.0.4506.2152; .NET CLR 3.5.30729; AskTbORJ/5.15.4.23821)"
93.220.58.23 - - [08/Apr/2013:11:48:51 +0200] "GET /images/footerbg.jpg HTTP/1.1" 200 2184 "http://www.mink-gmbh.de/" "Mozilla/4.0 (compatible; MSIE 8.0; Windows NT 5.1; Trident/4.0; .NET CLR 2.0.50727; .NET CLR 3.0.4506.2152; .NET CLR 3.5.30729; AskTbORJ/5.15.4.23821)"
93.220.58.23 - - [08/Apr/2013:11:48:51 +0200] "GET /js_contentserver24_greybox/indicator.gif HTTP/1.1" 200 8238 "http://www.mink-gmbh.de/js_contentserver24_greybox/loader_frame.html?s=0" "Mozilla/4.0 (compatible; MSIE 8.0; Windows NT 5.1; Trident/4.0; .NET CLR 2.0.50727; .NET CLR 3.0.4506.2152; .NET CLR 3.5.30729; AskTbORJ/5.15.4.23821)"
93.220.58.23 - - [08/Apr/2013:11:48:51 +0200] "GET /images/tkw.jpg HTTP/1.1" 200 64031 "http://www.mink-gmbh.de/" "Mozilla/4.0 (compatible; MSIE 8.0; Windows NT 5.1; Trident/4.0; .NET CLR 2.0.50727; .NET CLR 3.0.4506.2152; .NET CLR 3.5.30729; AskTbORJ/5.15.4.23821)"
93.220.58.23 - - [08/Apr/2013:11:48:51 +0200] "GET /favicon.ico HTTP/1.1" 200 3638 "-" "Mozilla/4.0 (compatible; MSIE 8.0; Windows NT 5.1; Trident/4.0; .NET CLR 2.0.50727; .NET CLR 3.0.4506.2152; .NET CLR 3.5.30729; AskTbORJ/5.15.4.23821)"
93.220.58.23 - - [08/Apr/2013:11:48:51 +0200] "GET /js_contentserver24_greybox/g_close.gif HTTP/1.1" 200 541 "http://www.mink-gmbh.de/" "Mozilla/4.0 (compatible; MSIE 8.0; Windows NT 5.1; Trident/4.0; .NET CLR 2.0.50727; .NET CLR 3.0.4506.2152; .NET CLR 3.5.30729; AskTbORJ/5.15.4.23821)"
93.220.58.23 - - [08/Apr/2013:11:49:01 +0200] "GET /kontakt.php HTTP/1.1" 200 9111 "http://www.mink-gmbh.de/" "Mozilla/4.0 (compatible; MSIE 8.0; Windows NT 5.1; Trident/4.0; .NET CLR 2.0.50727; .NET CLR 3.0.4506.2152; .NET CLR 3.5.30729; AskTbORJ/5.15.4.23821)"
208.115.113.91 - - [08/Apr/2013:11:51:59 +0200] "GET /news.php?cs_go=archiv&cs_id=3895&cs_search= HTTP/1.1" 200 12543 "-" "Mozilla/5.0 (compatible; Ezooms/1.0; ezooms.bot@gmail.com)"
141.8.147.12 - - [08/Apr/2013:12:12:57 +0200] "GET /news.php?cs_go=archiv&cs_id=4035&cs_search= HTTP/1.1" 200 9823 "-" "Mozilla/5.0 (compatible; YandexBot/3.0; +http://yandex.com/bots)"
92.78.246.6 - - [08/Apr/2013:12:31:34 +0200] "GET /style.css HTTP/1.1" 200 8418 "http://www.mink-gmbh.de/news.php?cs_go=archiv&cs_id=3112&cs_search=" "Mozilla/5.0 (compatible; MSIE 9.0; Windows NT 6.0; Trident/5.0)"
92.78.246.6 - - [08/Apr/2013:12:31:34 +0200] "GET /news.php?cs_go=archiv&cs_id=3112&cs_search= HTTP/1.1" 200 13490 "-" "Mozilla/5.0 (compatible; MSIE 9.0; Windows NT 6.0; Trident/5.0)"
92.78.246.6 - - [08/Apr/2013:12:31:34 +0200] "GET /images/mail.jpg HTTP/1.1" 200 11165 "http://www.mink-gmbh.de/news.php?cs_go=archiv&cs_id=3112&cs_search=" "Mozilla/5.0 (compatible; MSIE 9.0; Windows NT 6.0; Trident/5.0)"
92.78.246.6 - - [08/Apr/2013:12:31:34 +0200] "GET /images/freecall.jpg HTTP/1.1" 200 39195 "http://www.mink-gmbh.de/news.php?cs_go=archiv&cs_id=3112&cs_search=" "Mozilla/5.0 (compatible; MSIE 9.0; Windows NT 6.0; Trident/5.0)"
92.78.246.6 - - [08/Apr/2013:12:31:34 +0200] "GET /images/wunschpreis.jpg HTTP/1.1" 200 16767 "http://www.mink-gmbh.de/news.php?cs_go=archiv&cs_id=3112&cs_search=" "Mozilla/5.0 (compatible; MSIE 9.0; Windows NT 6.0; Trident/5.0)"
92.78.246.6 - - [08/Apr/2013:12:31:34 +0200] "GET /images/kwk.gif HTTP/1.1" 200 6403 "http://www.mink-gmbh.de/news.php?cs_go=archiv&cs_id=3112&cs_search=" "Mozilla/5.0 (compatible; MSIE 9.0; Windows NT 6.0; Trident/5.0)"
92.78.246.6 - - [08/Apr/2013:12:31:34 +0200] "GET /images/logos.jpg HTTP/1.1" 200 15002 "http://www.mink-gmbh.de/news.php?cs_go=archiv&cs_id=3112&cs_search=" "Mozilla/5.0 (compatible; MSIE 9.0; Windows NT 6.0; Trident/5.0)"
92.78.246.6 - - [08/Apr/2013:12:31:34 +0200] "GET /modul.css HTTP/1.1" 200 35038 "http://www.mink-gmbh.de/news.php?cs_go=archiv&cs_id=3112&cs_search=" "Mozilla/5.0 (compatible; MSIE 9.0; Windows NT 6.0; Trident/5.0)"
92.78.246.6 - - [08/Apr/2013:12:31:34 +0200] "GET /images/footerbg.jpg HTTP/1.1" 200 2184 "http://www.mink-gmbh.de/news.php?cs_go=archiv&cs_id=3112&cs_search=" "Mozilla/5.0 (compatible; MSIE 9.0; Windows NT 6.0; Trident/5.0)"
92.78.246.6 - - [08/Apr/2013:12:31:34 +0200] "GET /images/header.jpg HTTP/1.1" 200 24413 "http://www.mink-gmbh.de/news.php?cs_go=archiv&cs_id=3112&cs_search=" "Mozilla/5.0 (compatible; MSIE 9.0; Windows NT 6.0; Trident/5.0)"
92.78.246.6 - - [08/Apr/2013:12:31:34 +0200] "GET /images/newsletter.png HTTP/1.1" 200 14619 "http://www.mink-gmbh.de/news.php?cs_go=archiv&cs_id=3112&cs_search=" "Mozilla/5.0 (compatible; MSIE 9.0; Windows NT 6.0; Trident/5.0)"
92.78.246.6 - - [08/Apr/2013:12:31:34 +0200] "GET /images/close.png HTTP/1.1" 200 703 "http://www.mink-gmbh.de/news.php?cs_go=archiv&cs_id=3112&cs_search=" "Mozilla/5.0 (compatible; MSIE 9.0; Windows NT 6.0; Trident/5.0)"
92.78.246.6 - - [08/Apr/2013:12:31:34 +0200] "GET /images/navibg.png HTTP/1.1" 200 2803 "http://www.mink-gmbh.de/news.php?cs_go=archiv&cs_id=3112&cs_search=" "Mozilla/5.0 (compatible; MSIE 9.0; Windows NT 6.0; Trident/5.0)"
92.78.246.6 - - [08/Apr/2013:12:31:34 +0200] "GET /images/wrapperbg.jpg HTTP/1.1" 200 27465 "http://www.mink-gmbh.de/news.php?cs_go=archiv&cs_id=3112&cs_search=" "Mozilla/5.0 (compatible; MSIE 9.0; Windows NT 6.0; Trident/5.0)"
92.78.246.6 - - [08/Apr/2013:12:31:34 +0200] "GET /images/bg.jpg HTTP/1.1" 200 345 "http://www.mink-gmbh.de/news.php?cs_go=archiv&cs_id=3112&cs_search=" "Mozilla/5.0 (compatible; MSIE 9.0; Windows NT 6.0; Trident/5.0)"
92.78.246.6 - - [08/Apr/2013:12:31:34 +0200] "GET /images/newsletter_bg.jpg HTTP/1.1" 200 33610 "http://www.mink-gmbh.de/news.php?cs_go=archiv&cs_id=3112&cs_search=" "Mozilla/5.0 (compatible; MSIE 9.0; Windows NT 6.0; Trident/5.0)"
92.78.246.6 - - [08/Apr/2013:12:31:53 +0200] "GET /news.php HTTP/1.1" 200 22092 "http://www.mink-gmbh.de/news.php?cs_go=archiv&cs_id=3112&cs_search=" "Mozilla/5.0 (compatible; MSIE 9.0; Windows NT 6.0; Trident/5.0)"
92.78.246.6 - - [08/Apr/2013:12:32:05 +0200] "GET /news.php?cs_go=archiv&cs_id=4051&cs_search= HTTP/1.1" 200 13321 "http://www.mink-gmbh.de/news.php" "Mozilla/5.0 (compatible; MSIE 9.0; Windows NT 6.0; Trident/5.0)"
66.249.78.46 - - [08/Apr/2013:12:58:51 +0200] "GET /news.php?cs_go=archiv&cs_id=3980 HTTP/1.1" 200 9937 "-" "SAMSUNG-SGH-E250/1.0 Profile/MIDP-2.0 Configuration/CLDC-1.1 UP.Browser/6.2.3.3.c.1.101 (GUI) MMP/2.0 (compatible; Googlebot-Mobile/2.1; +http://www.google.com/bot.html)"
208.115.113.91 - - [08/Apr/2013:13:42:40 +0200] "GET /robots.txt HTTP/1.1" 200 177 "-" "Mozilla/5.0 (compatible; Ezooms/1.0; ezooms.bot@gmail.com)"
141.8.147.12 - - [08/Apr/2013:13:51:39 +0200] "GET /robots.txt HTTP/1.1" 200 177 "-" "Mozilla/5.0 (compatible; YandexBot/3.0; +http://yandex.com/bots)"
141.8.147.12 - - [08/Apr/2013:14:46:58 +0200] "GET /news.php?cs_go=archiv&cs_id=4041&cs_search= HTTP/1.1" 200 13090 "-" "Mozilla/5.0 (compatible; YandexBot/3.0; +http://yandex.com/bots)"
66.249.75.49 - - [08/Apr/2013:15:03:29 +0200] "GET /news.php?cs_go=archiv&cs_id=3973 HTTP/1.1" 200 13506 "-" "DoCoMo/2.0 N905i(c100;TB;W24H16) (compatible; Googlebot-Mobile/2.1; +http://www.google.com/bot.html)"
173.199.120.19 - - [08/Apr/2013:15:07:01 +0200] "GET /lexikon.php?cs_go=3&cs_id=93 HTTP/1.1" 200 7993 "-" "Mozilla/5.0 (compatible; AhrefsBot/4.0; +http://ahrefs.com/robot/)"
65.36.241.79 - - [08/Apr/2013:15:08:30 +0200] "HEAD / HTTP/1.1" 200 - "-" "InternetSeer.com"
157.55.33.29 - - [08/Apr/2013:15:21:16 +0200] "GET /robots.txt HTTP/1.1" 200 177 "-" "Mozilla/5.0 (compatible; bingbot/2.0; +http://www.bing.com/bingbot.htm)"
157.55.33.29 - - [08/Apr/2013:15:22:36 +0200] "GET / HTTP/1.1" 200 12132 "-" "Mozilla/5.0 (compatible; bingbot/2.0; +http://www.bing.com/bingbot.htm)"
141.8.147.12 - - [08/Apr/2013:15:34:08 +0200] "GET / HTTP/1.1" 200 12132 "-" "Mozilla/5.0 (compatible; YandexBot/3.0; +http://yandex.com/bots)"
208.115.113.91 - - [08/Apr/2013:15:51:54 +0200] "GET /foerdermittel.php HTTP/1.1" 200 12908 "-" "Mozilla/5.0 (compatible; Ezooms/1.0; ezooms.bot@gmail.com)"
141.8.147.12 - - [08/Apr/2013:16:03:46 +0200] "GET /news.php?cs_go=archiv&cs_id=4036&cs_search= HTTP/1.1" 200 13079 "-" "Mozilla/5.0 (compatible; YandexBot/3.0; +http://yandex.com/bots)"
123.125.71.47 - - [08/Apr/2013:16:06:52 +0200] "GET /robots.txt HTTP/1.1" 200 177 "-" "Mozilla/5.0 (Windows NT 5.1; rv:6.0.2) Gecko/20100101 Firefox/6.0.2"
173.199.120.19 - - [08/Apr/2013:16:15:42 +0200] "GET /news.php?cs_go=archiv&cs_id=3848&cs_search= HTTP/1.1" 200 13537 "-" "Mozilla/5.0 (compatible; AhrefsBot/4.0; +http://ahrefs.com/robot/)"
173.199.120.19 - - [08/Apr/2013:16:16:50 +0200] "GET /lexikon.php?cs_go=3&cs_id=136 HTTP/1.1" 200 7990 "-" "Mozilla/5.0 (compatible; AhrefsBot/4.0; +http://ahrefs.com/robot/)"
173.199.120.19 - - [08/Apr/2013:16:18:32 +0200] "GET /lexikon.php?cs_go=3&cs_id=74 HTTP/1.1" 200 8669 "-" "Mozilla/5.0 (compatible; AhrefsBot/4.0; +http://ahrefs.com/robot/)"
66.249.78.46 - - [08/Apr/2013:16:24:03 +0200] "GET /news.php?cs_go=archiv&cs_id=3708&cs_search= HTTP/1.1" 200 15548 "-" "Mozilla/5.0 (compatible; Googlebot/2.1; +http://www.google.com/bot.html)"
141.8.147.12 - - [08/Apr/2013:16:55:47 +0200] "GET /news.php?cs_go=archiv&cs_id=3815&cs_search= HTTP/1.1" 200 13195 "-" "Mozilla/5.0 (compatible; YandexBot/3.0; +http://yandex.com/bots)"
173.199.120.19 - - [08/Apr/2013:16:58:13 +0200] "GET /modernisierung.php?cs_gp_go=description HTTP/1.1" 200 10771 "-" "Mozilla/5.0 (compatible; AhrefsBot/4.0; +http://ahrefs.com/robot/)"
46.229.164.98 - - [08/Apr/2013:17:09:35 +0200] "GET /optiplus.php HTTP/1.1" 200 11100 "-" "Mozilla/5.0 (compatible; SemrushBot/0.96.2; +http://www.semrush.com/bot.html)"
66.249.78.46 - - [08/Apr/2013:17:11:17 +0200] "GET /news.php?cs_go=archiv&cs_id=2834&cs_search= HTTP/1.1" 200 15111 "-" "Mozilla/5.0 (compatible; Googlebot/2.1; +http://www.google.com/bot.html)"
173.199.120.19 - - [08/Apr/2013:17:19:08 +0200] "GET /lexikon.php?cs_go=3&cs_id=223 HTTP/1.1" 200 7991 "-" "Mozilla/5.0 (compatible; AhrefsBot/4.0; +http://ahrefs.com/robot/)"
173.199.120.19 - - [08/Apr/2013:17:32:45 +0200] "GET /news.php?cs_go=archiv&cs_startpos=40 HTTP/1.1" 200 22811 "-" "Mozilla/5.0 (compatible; AhrefsBot/4.0; +http://ahrefs.com/robot/)"
141.8.147.12 - - [08/Apr/2013:17:42:00 +0200] "GET /news.php?cs_go=archiv&cs_id=3781&cs_search= HTTP/1.1" 200 11328 "-" "Mozilla/5.0 (compatible; YandexBot/3.0; +http://yandex.com/bots)"
208.115.113.91 - - [08/Apr/2013:17:45:20 +0200] "GET /robots.txt HTTP/1.1" 200 177 "-" "Mozilla/5.0 (compatible; Ezooms/1.0; ezooms.bot@gmail.com)"
92.77.104.20 - - [08/Apr/2013:17:58:09 +0200] "GET /style.css HTTP/1.1" 200 8418 "http://www.mink-gmbh.de/news.php?cs_go=archiv&cs_id=3708&cs_search=" "Mozilla/5.0 (iPad; CPU OS 6_1 like Mac OS X) AppleWebKit/536.26 (KHTML, like Gecko) Version/6.0 Mobile/10B141 Safari/8536.25"
92.77.104.20 - - [08/Apr/2013:17:58:09 +0200] "GET /modul.css HTTP/1.1" 200 35038 "http://www.mink-gmbh.de/news.php?cs_go=archiv&cs_id=3708&cs_search=" "Mozilla/5.0 (iPad; CPU OS 6_1 like Mac OS X) AppleWebKit/536.26 (KHTML, like Gecko) Version/6.0 Mobile/10B141 Safari/8536.25"
92.77.104.20 - - [08/Apr/2013:17:58:09 +0200] "GET /news.php?cs_go=archiv&cs_id=3708&cs_search= HTTP/1.1" 200 15548 "-" "Mozilla/5.0 (iPad; CPU OS 6_1 like Mac OS X) AppleWebKit/536.26 (KHTML, like Gecko) Version/6.0 Mobile/10B141 Safari/8536.25"
92.77.104.20 - - [08/Apr/2013:17:58:09 +0200] "GET /images/freecall.jpg HTTP/1.1" 200 39195 "http://www.mink-gmbh.de/news.php?cs_go=archiv&cs_id=3708&cs_search=" "Mozilla/5.0 (iPad; CPU OS 6_1 like Mac OS X) AppleWebKit/536.26 (KHTML, like Gecko) Version/6.0 Mobile/10B141 Safari/8536.25"
92.77.104.20 - - [08/Apr/2013:17:58:09 +0200] "GET /images/mail.jpg HTTP/1.1" 200 11165 "http://www.mink-gmbh.de/news.php?cs_go=archiv&cs_id=3708&cs_search=" "Mozilla/5.0 (iPad; CPU OS 6_1 like Mac OS X) AppleWebKit/536.26 (KHTML, like Gecko) Version/6.0 Mobile/10B141 Safari/8536.25"
92.77.104.20 - - [08/Apr/2013:17:58:09 +0200] "GET /images/kwk.gif HTTP/1.1" 200 6403 "http://www.mink-gmbh.de/news.php?cs_go=archiv&cs_id=3708&cs_search=" "Mozilla/5.0 (iPad; CPU OS 6_1 like Mac OS X) AppleWebKit/536.26 (KHTML, like Gecko) Version/6.0 Mobile/10B141 Safari/8536.25"
92.77.104.20 - - [08/Apr/2013:17:58:09 +0200] "GET /images/logos.jpg HTTP/1.1" 200 15002 "http://www.mink-gmbh.de/news.php?cs_go=archiv&cs_id=3708&cs_search=" "Mozilla/5.0 (iPad; CPU OS 6_1 like Mac OS X) AppleWebKit/536.26 (KHTML, like Gecko) Version/6.0 Mobile/10B141 Safari/8536.25"
92.77.104.20 - - [08/Apr/2013:17:58:09 +0200] "GET /images/wunschpreis.jpg HTTP/1.1" 200 16767 "http://www.mink-gmbh.de/news.php?cs_go=archiv&cs_id=3708&cs_search=" "Mozilla/5.0 (iPad; CPU OS 6_1 like Mac OS X) AppleWebKit/536.26 (KHTML, like Gecko) Version/6.0 Mobile/10B141 Safari/8536.25"
92.77.104.20 - - [08/Apr/2013:17:58:10 +0200] "GET /images/bg.jpg HTTP/1.1" 200 345 "http://www.mink-gmbh.de/news.php?cs_go=archiv&cs_id=3708&cs_search=" "Mozilla/5.0 (iPad; CPU OS 6_1 like Mac OS X) AppleWebKit/536.26 (KHTML, like Gecko) Version/6.0 Mobile/10B141 Safari/8536.25"
92.77.104.20 - - [08/Apr/2013:17:58:10 +0200] "GET /images/close.png HTTP/1.1" 200 703 "http://www.mink-gmbh.de/news.php?cs_go=archiv&cs_id=3708&cs_search=" "Mozilla/5.0 (iPad; CPU OS 6_1 like Mac OS X) AppleWebKit/536.26 (KHTML, like Gecko) Version/6.0 Mobile/10B141 Safari/8536.25"
92.77.104.20 - - [08/Apr/2013:17:58:10 +0200] "GET /images/newsletter_bg.jpg HTTP/1.1" 200 33610 "http://www.mink-gmbh.de/news.php?cs_go=archiv&cs_id=3708&cs_search=" "Mozilla/5.0 (iPad; CPU OS 6_1 like Mac OS X) AppleWebKit/536.26 (KHTML, like Gecko) Version/6.0 Mobile/10B141 Safari/8536.25"
92.77.104.20 - - [08/Apr/2013:17:58:10 +0200] "GET /images/newsletter.png HTTP/1.1" 200 14619 "http://www.mink-gmbh.de/news.php?cs_go=archiv&cs_id=3708&cs_search=" "Mozilla/5.0 (iPad; CPU OS 6_1 like Mac OS X) AppleWebKit/536.26 (KHTML, like Gecko) Version/6.0 Mobile/10B141 Safari/8536.25"
92.77.104.20 - - [08/Apr/2013:17:58:10 +0200] "GET /images/wrapperbg.jpg HTTP/1.1" 200 27465 "http://www.mink-gmbh.de/news.php?cs_go=archiv&cs_id=3708&cs_search=" "Mozilla/5.0 (iPad; CPU OS 6_1 like Mac OS X) AppleWebKit/536.26 (KHTML, like Gecko) Version/6.0 Mobile/10B141 Safari/8536.25"
92.77.104.20 - - [08/Apr/2013:17:58:10 +0200] "GET /images/header.jpg HTTP/1.1" 200 24413 "http://www.mink-gmbh.de/news.php?cs_go=archiv&cs_id=3708&cs_search=" "Mozilla/5.0 (iPad; CPU OS 6_1 like Mac OS X) AppleWebKit/536.26 (KHTML, like Gecko) Version/6.0 Mobile/10B141 Safari/8536.25"
92.77.104.20 - - [08/Apr/2013:17:58:10 +0200] "GET /images/navibg.png HTTP/1.1" 200 2803 "http://www.mink-gmbh.de/news.php?cs_go=archiv&cs_id=3708&cs_search=" "Mozilla/5.0 (iPad; CPU OS 6_1 like Mac OS X) AppleWebKit/536.26 (KHTML, like Gecko) Version/6.0 Mobile/10B141 Safari/8536.25"
92.77.104.20 - - [08/Apr/2013:17:58:10 +0200] "GET /images/footerbg.jpg HTTP/1.1" 200 2184 "http://www.mink-gmbh.de/news.php?cs_go=archiv&cs_id=3708&cs_search=" "Mozilla/5.0 (iPad; CPU OS 6_1 like Mac OS X) AppleWebKit/536.26 (KHTML, like Gecko) Version/6.0 Mobile/10B141 Safari/8536.25"
139.18.2.209 - - [08/Apr/2013:17:58:53 +0200] "GET /foerdermittel.php HTTP/1.1" 200 7008 "-" "findlinks/2.6 (+http://wortschatz.uni-leipzig.de/findlinks/)"
139.18.2.209 - - [08/Apr/2013:17:58:53 +0200] "GET /foerdermittel.php HTTP/1.1" 200 12821 "-" "findlinks/2.6 (+http://wortschatz.uni-leipzig.de/findlinks/)"
173.199.120.19 - - [08/Apr/2013:18:25:27 +0200] "GET /lexikon.php?cs_go=3&cs_id=82 HTTP/1.1" 200 8389 "-" "Mozilla/5.0 (compatible; AhrefsBot/4.0; +http://ahrefs.com/robot/)"
173.199.120.19 - - [08/Apr/2013:18:28:24 +0200] "GET /lexikon.php?cs_go=2&cs_char=b HTTP/1.1" 200 9730 "-" "Mozilla/5.0 (compatible; AhrefsBot/4.0; +http://ahrefs.com/robot/)"
173.199.120.19 - - [08/Apr/2013:18:29:33 +0200] "GET /news.php?cs_go=archiv&cs_id=3647&cs_search= HTTP/1.1" 200 13379 "-" "Mozilla/5.0 (compatible; AhrefsBot/4.0; +http://ahrefs.com/robot/)"
141.8.147.12 - - [08/Apr/2013:18:29:43 +0200] "GET /news.php?cs_go=archiv&cs_id=4040 HTTP/1.1" 200 12426 "-" "Mozilla/5.0 (compatible; YandexBot/3.0; +http://yandex.com/bots)"
85.25.120.73 - - [08/Apr/2013:18:31:45 +0200] "GET / HTTP/1.1" 200 11391 "-" "Mozilla/5.0 (X11; U; Linux i686; en-US; rv:1.9.0.1) Gecko/2008070206 Firefox/3.0.1"
85.25.120.73 - - [08/Apr/2013:18:31:46 +0200] "GET /seiten/kontakt.php HTTP/1.1" 404 - "-" "Mozilla/5.0 (X11; U; Linux i686; en-US; rv:1.9.0.1) Gecko/2008070206 Firefox/3.0.1"
173.199.120.19 - - [08/Apr/2013:18:51:26 +0200] "GET /lexikon.php?cs_go=3&cs_id=164 HTTP/1.1" 200 8273 "-" "Mozilla/5.0 (compatible; AhrefsBot/4.0; +http://ahrefs.com/robot/)"
178.63.14.15 - - [08/Apr/2013:18:59:23 +0200] "GET / HTTP/1.1" 200 12132 "-" "Mozilla/5.0 (Windows; U; Windows NT 6.0; de; rv:1.8.1.3) Gecko/20070309 Firefox/2.0.0.3"
178.63.14.15 - - [08/Apr/2013:18:59:24 +0200] "GET /robots.txt HTTP/1.1" 200 177 "-" "libwww-perl/6.03"
178.63.14.15 - - [08/Apr/2013:18:59:24 +0200] "GET / HTTP/1.1" 200 12132 "-" "Mozilla/5.0 (Windows; U; Windows NT 6.0; de; rv:1.8.1.3) Gecko/20070309 Firefox/2.0.0.3"
178.63.14.15 - - [08/Apr/2013:18:59:25 +0200] "GET /news.php?cs_go=archiv&cs_id=4053 HTTP/1.1" 200 9957 "http://www.mink-gmbh.de/" "Mozilla/5.0 (Windows; U; Windows NT 6.0; de; rv:1.8.1.3) Gecko/20070309 Firefox/2.0.0.3"
178.63.14.15 - - [08/Apr/2013:18:59:25 +0200] "GET /lexikon.php HTTP/1.1" 200 10436 "http://www.mink-gmbh.de/news.php?cs_go=archiv&cs_id=4053" "Mozilla/5.0 (Windows; U; Windows NT 6.0; de; rv:1.8.1.3) Gecko/20070309 Firefox/2.0.0.3"
178.63.14.15 - - [08/Apr/2013:18:59:26 +0200] "GET /lexikon.php?cs_go=2&cs_char=h HTTP/1.1" 200 8713 "http://www.mink-gmbh.de/lexikon.php" "Mozilla/5.0 (Windows; U; Windows NT 6.0; de; rv:1.8.1.3) Gecko/20070309 Firefox/2.0.0.3"
178.63.14.15 - - [08/Apr/2013:18:59:26 +0200] "GET /lexikon.php?cs_go=2&cs_char=g HTTP/1.1" 200 9039 "http://www.mink-gmbh.de/lexikon.php?cs_go=2&cs_char=h" "Mozilla/5.0 (Windows; U; Windows NT 6.0; de; rv:1.8.1.3) Gecko/20070309 Firefox/2.0.0.3"
178.63.14.15 - - [08/Apr/2013:18:59:26 +0200] "GET /lexikon.php?cs_go=3&cs_id=84 HTTP/1.1" 200 8268 "http://www.mink-gmbh.de/lexikon.php?cs_go=2&cs_char=g" "Mozilla/5.0 (Windows; U; Windows NT 6.0; de; rv:1.8.1.3) Gecko/20070309 Firefox/2.0.0.3"
178.63.14.15 - - [08/Apr/2013:18:59:27 +0200] "GET /kontakt.php HTTP/1.1" 200 9111 "http://www.mink-gmbh.de/lexikon.php?cs_go=3&cs_id=84" "Mozilla/5.0 (Windows; U; Windows NT 6.0; de; rv:1.8.1.3) Gecko/20070309 Firefox/2.0.0.3"
178.63.14.15 - - [08/Apr/2013:18:59:27 +0200] "GET /lexikon.php?cs_go=2&cs_char=a HTTP/1.1" 200 9716 "http://www.mink-gmbh.de/kontakt.php" "Mozilla/5.0 (Windows; U; Windows NT 6.0; de; rv:1.8.1.3) Gecko/20070309 Firefox/2.0.0.3"
178.63.14.15 - - [08/Apr/2013:18:59:27 +0200] "GET /lexikon.php?cs_go=3&cs_id=3 HTTP/1.1" 200 8398 "http://www.mink-gmbh.de/lexikon.php?cs_go=2&cs_char=a" "Mozilla/5.0 (Windows; U; Windows NT 6.0; de; rv:1.8.1.3) Gecko/20070309 Firefox/2.0.0.3"
178.63.14.15 - - [08/Apr/2013:18:59:27 +0200] "GET /lexikon.php?cs_go=3&cs_id=13 HTTP/1.1" 200 7975 "http://www.mink-gmbh.de/lexikon.php?cs_go=3&cs_id=3" "Mozilla/5.0 (Windows; U; Windows NT 6.0; de; rv:1.8.1.3) Gecko/20070309 Firefox/2.0.0.3"
178.63.14.15 - - [08/Apr/2013:18:59:28 +0200] "GET /optiplus.php HTTP/1.1" 200 11013 "http://www.mink-gmbh.de/lexikon.php?cs_go=3&cs_id=13" "Mozilla/5.0 (Windows; U; Windows NT 6.0; de; rv:1.8.1.3) Gecko/20070309 Firefox/2.0.0.3"
178.63.14.15 - - [08/Apr/2013:18:59:28 +0200] "GET /lexikon.php?cs_go=3&cs_id=4 HTTP/1.1" 200 8102 "http://www.mink-gmbh.de/optiplus.php" "Mozilla/5.0 (Windows; U; Windows NT 6.0; de; rv:1.8.1.3) Gecko/20070309 Firefox/2.0.0.3"
178.63.14.15 - - [08/Apr/2013:18:59:28 +0200] "GET /kwk.php HTTP/1.1" 200 10797 "http://www.mink-gmbh.de/lexikon.php?cs_go=3&cs_id=4" "Mozilla/5.0 (Windows; U; Windows NT 6.0; de; rv:1.8.1.3) Gecko/20070309 Firefox/2.0.0.3"
178.63.14.15 - - [08/Apr/2013:18:59:29 +0200] "GET /kwk.php?cs_go=2 HTTP/1.1" 200 11768 "http://www.mink-gmbh.de/kwk.php" "Mozilla/5.0 (Windows; U; Windows NT 6.0; de; rv:1.8.1.3) Gecko/20070309 Firefox/2.0.0.3"
178.63.14.15 - - [08/Apr/2013:18:59:29 +0200] "GET /lexikon.php?cs_go=2&cs_char=s HTTP/1.1" 200 9981 "http://www.mink-gmbh.de/kwk.php?cs_go=2" "Mozilla/5.0 (Windows; U; Windows NT 6.0; de; rv:1.8.1.3) Gecko/20070309 Firefox/2.0.0.3"
178.63.14.15 - - [08/Apr/2013:18:59:29 +0200] "GET /lexikon.php?cs_go=3&cs_id=192 HTTP/1.1" 200 8320 "http://www.mink-gmbh.de/lexikon.php?cs_go=2&cs_char=s" "Mozilla/5.0 (Windows; U; Windows NT 6.0; de; rv:1.8.1.3) Gecko/20070309 Firefox/2.0.0.3"
178.63.14.15 - - [08/Apr/2013:18:59:30 +0200] "GET /lexikon.php?cs_go=3&cs_id=189 HTTP/1.1" 200 8138 "http://www.mink-gmbh.de/lexikon.php?cs_go=3&cs_id=192" "Mozilla/5.0 (Windows; U; Windows NT 6.0; de; rv:1.8.1.3) Gecko/20070309 Firefox/2.0.0.3"
178.63.14.15 - - [08/Apr/2013:18:59:30 +0200] "GET /lexikon.php?cs_go=3&cs_id=93 HTTP/1.1" 200 7906 "http://www.mink-gmbh.de/lexikon.php?cs_go=3&cs_id=189" "Mozilla/5.0 (Windows; U; Windows NT 6.0; de; rv:1.8.1.3) Gecko/20070309 Firefox/2.0.0.3"
178.63.14.15 - - [08/Apr/2013:18:59:30 +0200] "GET /lexikon.php?cs_go=3&cs_id=17 HTTP/1.1" 200 8374 "http://www.mink-gmbh.de/lexikon.php?cs_go=3&cs_id=93" "Mozilla/5.0 (Windows; U; Windows NT 6.0; de; rv:1.8.1.3) Gecko/20070309 Firefox/2.0.0.3"
178.63.14.15 - - [08/Apr/2013:18:59:30 +0200] "GET /lexikon.php?cs_go=3&cs_id=6 HTTP/1.1" 200 8078 "http://www.mink-gmbh.de/lexikon.php?cs_go=3&cs_id=17" "Mozilla/5.0 (Windows; U; Windows NT 6.0; de; rv:1.8.1.3) Gecko/20070309 Firefox/2.0.0.3"
178.63.14.15 - - [08/Apr/2013:18:59:31 +0200] "GET /lexikon.php?cs_go=2&cs_char=b HTTP/1.1" 200 9643 "http://www.mink-gmbh.de/lexikon.php?cs_go=3&cs_id=6" "Mozilla/5.0 (Windows; U; Windows NT 6.0; de; rv:1.8.1.3) Gecko/20070309 Firefox/2.0.0.3"
178.63.14.15 - - [08/Apr/2013:18:59:31 +0200] "GET /lexikon.php?cs_go=3&cs_id=34 HTTP/1.1" 200 8279 "http://www.mink-gmbh.de/lexikon.php?cs_go=2&cs_char=b" "Mozilla/5.0 (Windows; U; Windows NT 6.0; de; rv:1.8.1.3) Gecko/20070309 Firefox/2.0.0.3"
178.63.14.15 - - [08/Apr/2013:18:59:31 +0200] "GET /lexikon.php?cs_go=3&cs_id=26 HTTP/1.1" 200 10721 "http://www.mink-gmbh.de/lexikon.php?cs_go=3&cs_id=34" "Mozilla/5.0 (Windows; U; Windows NT 6.0; de; rv:1.8.1.3) Gecko/20070309 Firefox/2.0.0.3"
178.63.14.15 - - [08/Apr/2013:18:59:31 +0200] "GET /lexikon.php?cs_go=3&cs_id=29 HTTP/1.1" 200 8267 "http://www.mink-gmbh.de/lexikon.php?cs_go=3&cs_id=26" "Mozilla/5.0 (Windows; U; Windows NT 6.0; de; rv:1.8.1.3) Gecko/20070309 Firefox/2.0.0.3"
178.63.14.15 - - [08/Apr/2013:18:59:32 +0200] "GET /lexikon.php?cs_go=3&cs_id=185 HTTP/1.1" 200 8259 "http://www.mink-gmbh.de/lexikon.php?cs_go=3&cs_id=29" "Mozilla/5.0 (Windows; U; Windows NT 6.0; de; rv:1.8.1.3) Gecko/20070309 Firefox/2.0.0.3"
178.63.14.15 - - [08/Apr/2013:18:59:32 +0200] "GET /lexikon.php?cs_go=3&cs_id=95 HTTP/1.1" 200 8647 "http://www.mink-gmbh.de/lexikon.php?cs_go=3&cs_id=185" "Mozilla/5.0 (Windows; U; Windows NT 6.0; de; rv:1.8.1.3) Gecko/20070309 Firefox/2.0.0.3"
178.63.14.15 - - [08/Apr/2013:18:59:32 +0200] "GET /faq.php HTTP/1.1" 200 183950 "http://www.mink-gmbh.de/lexikon.php?cs_go=3&cs_id=95" "Mozilla/5.0 (Windows; U; Windows NT 6.0; de; rv:1.8.1.3) Gecko/20070309 Firefox/2.0.0.3"
178.63.14.15 - - [08/Apr/2013:18:59:33 +0200] "GET /lexikon.php?cs_go=3&cs_id=199 HTTP/1.1" 200 7906 "http://www.mink-gmbh.de/faq.php" "Mozilla/5.0 (Windows; U; Windows NT 6.0; de; rv:1.8.1.3) Gecko/20070309 Firefox/2.0.0.3"
178.63.14.15 - - [08/Apr/2013:18:59:33 +0200] "GET /kwk.php?cs_go=1 HTTP/1.1" 200 10797 "http://www.mink-gmbh.de/lexikon.php?cs_go=3&cs_id=199" "Mozilla/5.0 (Windows; U; Windows NT 6.0; de; rv:1.8.1.3) Gecko/20070309 Firefox/2.0.0.3"
178.63.14.15 - - [08/Apr/2013:18:59:34 +0200] "GET /lexikon.php?cs_go=2&cs_char=f HTTP/1.1" 200 9508 "http://www.mink-gmbh.de/kwk.php?cs_go=1" "Mozilla/5.0 (Windows; U; Windows NT 6.0; de; rv:1.8.1.3) Gecko/20070309 Firefox/2.0.0.3"
178.63.14.15 - - [08/Apr/2013:18:59:34 +0200] "GET /lexikon.php?cs_go=2&cs_char=j HTTP/1.1" 200 8495 "http://www.mink-gmbh.de/lexikon.php?cs_go=2&cs_char=f" "Mozilla/5.0 (Windows; U; Windows NT 6.0; de; rv:1.8.1.3) Gecko/20070309 Firefox/2.0.0.3"
178.63.14.15 - - [08/Apr/2013:18:59:34 +0200] "GET /lexikon.php?cs_go=3&cs_id=11 HTTP/1.1" 200 8084 "http://www.mink-gmbh.de/lexikon.php?cs_go=2&cs_char=j" "Mozilla/5.0 (Windows; U; Windows NT 6.0; de; rv:1.8.1.3) Gecko/20070309 Firefox/2.0.0.3"
178.63.14.15 - - [08/Apr/2013:18:59:35 +0200] "GET /lexikon.php?cs_go=3&cs_id=183 HTTP/1.1" 200 8477 "http://www.mink-gmbh.de/lexikon.php?cs_go=3&cs_id=11" "Mozilla/5.0 (Windows; U; Windows NT 6.0; de; rv:1.8.1.3) Gecko/20070309 Firefox/2.0.0.3"
178.63.14.15 - - [08/Apr/2013:18:59:35 +0200] "GET /lexikon.php?cs_go=3&cs_id=196 HTTP/1.1" 200 8204 "http://www.mink-gmbh.de/lexikon.php?cs_go=3&cs_id=183" "Mozilla/5.0 (Windows; U; Windows NT 6.0; de; rv:1.8.1.3) Gecko/20070309 Firefox/2.0.0.3"
178.63.14.15 - - [08/Apr/2013:18:59:35 +0200] "GET /lexikon.php?cs_go=3&cs_id=86 HTTP/1.1" 200 8166 "http://www.mink-gmbh.de/lexikon.php?cs_go=3&cs_id=196" "Mozilla/5.0 (Windows; U; Windows NT 6.0; de; rv:1.8.1.3) Gecko/20070309 Firefox/2.0.0.3"
178.63.14.15 - - [08/Apr/2013:18:59:35 +0200] "GET /lexikon.php?cs_go=2&cs_char=d HTTP/1.1" 200 9334 "http://www.mink-gmbh.de/lexikon.php?cs_go=3&cs_id=86" "Mozilla/5.0 (Windows; U; Windows NT 6.0; de; rv:1.8.1.3) Gecko/20070309 Firefox/2.0.0.3"
178.63.14.15 - - [08/Apr/2013:18:59:36 +0200] "GET /lexikon.php?cs_go=3&cs_id=51 HTTP/1.1" 200 9407 "http://www.mink-gmbh.de/lexikon.php?cs_go=2&cs_char=d" "Mozilla/5.0 (Windows; U; Windows NT 6.0; de; rv:1.8.1.3) Gecko/20070309 Firefox/2.0.0.3"
178.63.14.15 - - [08/Apr/2013:18:59:36 +0200] "GET /lexikon.php?cs_go=3&cs_id=48 HTTP/1.1" 200 9323 "http://www.mink-gmbh.de/lexikon.php?cs_go=3&cs_id=51" "Mozilla/5.0 (Windows; U; Windows NT 6.0; de; rv:1.8.1.3) Gecko/20070309 Firefox/2.0.0.3"
178.63.14.15 - - [08/Apr/2013:18:59:36 +0200] "GET /lexikon.php?cs_go=3&cs_id=73 HTTP/1.1" 200 9540 "http://www.mink-gmbh.de/lexikon.php?cs_go=3&cs_id=48" "Mozilla/5.0 (Windows; U; Windows NT 6.0; de; rv:1.8.1.3) Gecko/20070309 Firefox/2.0.0.3"
178.63.14.15 - - [08/Apr/2013:18:59:36 +0200] "GET /lexikon.php?cs_go=3&cs_id=22 HTTP/1.1" 200 8630 "http://www.mink-gmbh.de/lexikon.php?cs_go=3&cs_id=73" "Mozilla/5.0 (Windows; U; Windows NT 6.0; de; rv:1.8.1.3) Gecko/20070309 Firefox/2.0.0.3"
178.63.14.15 - - [08/Apr/2013:18:59:37 +0200] "GET /lexikon.php?cs_go=3&cs_id=96 HTTP/1.1" 200 8220 "http://www.mink-gmbh.de/lexikon.php?cs_go=3&cs_id=22" "Mozilla/5.0 (Windows; U; Windows NT 6.0; de; rv:1.8.1.3) Gecko/20070309 Firefox/2.0.0.3"
178.63.14.15 - - [08/Apr/2013:18:59:37 +0200] "GET /lexikon.php?cs_go=3&cs_id=53 HTTP/1.1" 200 8092 "http://www.mink-gmbh.de/lexikon.php?cs_go=3&cs_id=96" "Mozilla/5.0 (Windows; U; Windows NT 6.0; de; rv:1.8.1.3) Gecko/20070309 Firefox/2.0.0.3"
178.63.14.15 - - [08/Apr/2013:18:59:37 +0200] "GET /rueckrufservice.php HTTP/1.1" 200 10683 "http://www.mink-gmbh.de/lexikon.php?cs_go=3&cs_id=53" "Mozilla/5.0 (Windows; U; Windows NT 6.0; de; rv:1.8.1.3) Gecko/20070309 Firefox/2.0.0.3"
178.63.14.15 - - [08/Apr/2013:18:59:37 +0200] "GET /lexikon.php?cs_go=3&cs_id=72 HTTP/1.1" 200 9313 "http://www.mink-gmbh.de/rueckrufservice.php" "Mozilla/5.0 (Windows; U; Windows NT 6.0; de; rv:1.8.1.3) Gecko/20070309 Firefox/2.0.0.3"
178.63.14.15 - - [08/Apr/2013:18:59:38 +0200] "GET /lexikon.php?cs_go=3&cs_id=14 HTTP/1.1" 200 8458 "http://www.mink-gmbh.de/lexikon.php?cs_go=3&cs_id=72" "Mozilla/5.0 (Windows; U; Windows NT 6.0; de; rv:1.8.1.3) Gecko/20070309 Firefox/2.0.0.3"
178.63.14.15 - - [08/Apr/2013:18:59:38 +0200] "GET /lexikon.php?cs_go=3&cs_id=81 HTTP/1.1" 200 8333 "http://www.mink-gmbh.de/lexikon.php?cs_go=3&cs_id=14" "Mozilla/5.0 (Windows; U; Windows NT 6.0; de; rv:1.8.1.3) Gecko/20070309 Firefox/2.0.0.3"
178.63.14.15 - - [08/Apr/2013:18:59:38 +0200] "GET /lexikon.php?cs_go=3&cs_id=191 HTTP/1.1" 200 9275 "http://www.mink-gmbh.de/lexikon.php?cs_go=3&cs_id=81" "Mozilla/5.0 (Windows; U; Windows NT 6.0; de; rv:1.8.1.3) Gecko/20070309 Firefox/2.0.0.3"
178.63.14.15 - - [08/Apr/2013:18:59:38 +0200] "GET /lexikon.php?cs_go=3&cs_id=5 HTTP/1.1" 200 8101 "http://www.mink-gmbh.de/lexikon.php?cs_go=3&cs_id=191" "Mozilla/5.0 (Windows; U; Windows NT 6.0; de; rv:1.8.1.3) Gecko/20070309 Firefox/2.0.0.3"
178.63.14.15 - - [08/Apr/2013:18:59:39 +0200] "GET /.php HTTP/1.1" 404 - "http://www.mink-gmbh.de/lexikon.php?cs_go=3&cs_id=5" "Mozilla/5.0 (Windows; U; Windows NT 6.0; de; rv:1.8.1.3) Gecko/20070309 Firefox/2.0.0.3"
178.63.14.15 - - [08/Apr/2013:18:59:39 +0200] "GET /lexikon.php?cs_go=3&cs_id=8 HTTP/1.1" 200 9140 "http://www.mink-gmbh.de/lexikon.php?cs_go=3&cs_id=5" "Mozilla/5.0 (Windows; U; Windows NT 6.0; de; rv:1.8.1.3) Gecko/20070309 Firefox/2.0.0.3"
178.63.14.15 - - [08/Apr/2013:18:59:39 +0200] "GET /lexikon.php?cs_go=3&cs_id=83 HTTP/1.1" 200 8348 "http://www.mink-gmbh.de/lexikon.php?cs_go=3&cs_id=8" "Mozilla/5.0 (Windows; U; Windows NT 6.0; de; rv:1.8.1.3) Gecko/20070309 Firefox/2.0.0.3"
178.63.14.15 - - [08/Apr/2013:18:59:39 +0200] "GET /lexikon.php?cs_go=3&cs_id=88 HTTP/1.1" 200 8729 "http://www.mink-gmbh.de/lexikon.php?cs_go=3&cs_id=83" "Mozilla/5.0 (Windows; U; Windows NT 6.0; de; rv:1.8.1.3) Gecko/20070309 Firefox/2.0.0.3"
178.63.14.15 - - [08/Apr/2013:18:59:39 +0200] "GET /lexikon.php?cs_go=3&cs_id=76 HTTP/1.1" 200 8436 "http://www.mink-gmbh.de/lexikon.php?cs_go=3&cs_id=88" "Mozilla/5.0 (Windows; U; Windows NT 6.0; de; rv:1.8.1.3) Gecko/20070309 Firefox/2.0.0.3"
178.63.14.15 - - [08/Apr/2013:18:59:40 +0200] "GET /lexikon.php?cs_go=3&cs_id=66 HTTP/1.1" 200 7912 "http://www.mink-gmbh.de/lexikon.php?cs_go=3&cs_id=76" "Mozilla/5.0 (Windows; U; Windows NT 6.0; de; rv:1.8.1.3) Gecko/20070309 Firefox/2.0.0.3"
178.63.14.15 - - [08/Apr/2013:18:59:40 +0200] "GET /index.php HTTP/1.1" 200 11391 "http://www.mink-gmbh.de/lexikon.php?cs_go=3&cs_id=66" "Mozilla/5.0 (Windows; U; Windows NT 6.0; de; rv:1.8.1.3) Gecko/20070309 Firefox/2.0.0.3"
178.63.14.15 - - [08/Apr/2013:18:59:40 +0200] "GET /images/RAL_Guetezeichen_Energiehandel.pdf HTTP/1.1" 200 288367 "http://www.mink-gmbh.de/index.php" "Mozilla/5.0 (Windows; U; Windows NT 6.0; de; rv:1.8.1.3) Gecko/20070309 Firefox/2.0.0.3"
178.63.14.15 - - [08/Apr/2013:18:59:41 +0200] "GET /lexikon.php?cs_go=3&cs_id=200 HTTP/1.1" 200 9913 "http://www.mink-gmbh.de/images/RAL_Guetezeichen_Energiehandel.pdf" "Mozilla/5.0 (Windows; U; Windows NT 6.0; de; rv:1.8.1.3) Gecko/20070309 Firefox/2.0.0.3"
178.63.14.15 - - [08/Apr/2013:18:59:41 +0200] "GET /lexikon.php?cs_go=3&cs_id=15 HTTP/1.1" 200 7949 "http://www.mink-gmbh.de/lexikon.php?cs_go=3&cs_id=200" "Mozilla/5.0 (Windows; U; Windows NT 6.0; de; rv:1.8.1.3) Gecko/20070309 Firefox/2.0.0.3"
178.63.14.15 - - [08/Apr/2013:18:59:41 +0200] "GET /lexikon.php?cs_go=3&cs_id=47 HTTP/1.1" 200 11072 "http://www.mink-gmbh.de/lexikon.php?cs_go=3&cs_id=15" "Mozilla/5.0 (Windows; U; Windows NT 6.0; de; rv:1.8.1.3) Gecko/20070309 Firefox/2.0.0.3"
178.63.14.15 - - [08/Apr/2013:18:59:41 +0200] "GET /lexikon.php?cs_go=3&cs_id=75 HTTP/1.1" 200 8509 "http://www.mink-gmbh.de/lexikon.php?cs_go=3&cs_id=47" "Mozilla/5.0 (Windows; U; Windows NT 6.0; de; rv:1.8.1.3) Gecko/20070309 Firefox/2.0.0.3"
178.63.14.15 - - [08/Apr/2013:18:59:42 +0200] "GET /news.php?cs_go=archiv HTTP/1.1" 200 22082 "http://www.mink-gmbh.de/lexikon.php?cs_go=3&cs_id=75" "Mozilla/5.0 (Windows; U; Windows NT 6.0; de; rv:1.8.1.3) Gecko/20070309 Firefox/2.0.0.3"
178.63.14.15 - - [08/Apr/2013:18:59:42 +0200] "GET /news.php?cs_go=archiv&cs_search=&cs_id=4049 HTTP/1.1" 200 13181 "http://www.mink-gmbh.de/news.php?cs_go=archiv" "Mozilla/5.0 (Windows; U; Windows NT 6.0; de; rv:1.8.1.3) Gecko/20070309 Firefox/2.0.0.3"
178.63.14.15 - - [08/Apr/2013:18:59:42 +0200] "GET /news.php?cs_go=archiv&cs_search=&cs_id=4047 HTTP/1.1" 200 13020 "http://www.mink-gmbh.de/news.php?cs_go=archiv&cs_search=&cs_id=4049" "Mozilla/5.0 (Windows; U; Windows NT 6.0; de; rv:1.8.1.3) Gecko/20070309 Firefox/2.0.0.3"
178.63.14.15 - - [08/Apr/2013:18:59:43 +0200] "GET /news.php?cs_go=archiv&cs_search=&cs_id=4053 HTTP/1.1" 200 9957 "http://www.mink-gmbh.de/news.php?cs_go=archiv&cs_search=&cs_id=4047" "Mozilla/5.0 (Windows; U; Windows NT 6.0; de; rv:1.8.1.3) Gecko/20070309 Firefox/2.0.0.3"
178.63.14.15 - - [08/Apr/2013:18:59:43 +0200] "GET /news.php?cs_go=archiv&cs_search=&cs_id=4045 HTTP/1.1" 200 9762 "http://www.mink-gmbh.de/news.php?cs_go=archiv&cs_search=&cs_id=4053" "Mozilla/5.0 (Windows; U; Windows NT 6.0; de; rv:1.8.1.3) Gecko/20070309 Firefox/2.0.0.3"
178.63.14.15 - - [08/Apr/2013:18:59:43 +0200] "GET /news.php?cs_go=archiv&cs_startpos=20 HTTP/1.1" 200 22365 "http://www.mink-gmbh.de/news.php?cs_go=archiv&cs_search=&cs_id=4045" "Mozilla/5.0 (Windows; U; Windows NT 6.0; de; rv:1.8.1.3) Gecko/20070309 Firefox/2.0.0.3"
178.63.14.15 - - [08/Apr/2013:18:59:44 +0200] "GET /news.php?cs_go=archiv&cs_search=&cs_id=4032 HTTP/1.1" 200 13439 "http://www.mink-gmbh.de/news.php?cs_go=archiv&cs_startpos=20" "Mozilla/5.0 (Windows; U; Windows NT 6.0; de; rv:1.8.1.3) Gecko/20070309 Firefox/2.0.0.3"
178.63.14.15 - - [08/Apr/2013:18:59:44 +0200] "GET /news.php?cs_go=archiv&cs_startpos=70 HTTP/1.1" 200 22543 "http://www.mink-gmbh.de/news.php?cs_go=archiv&cs_search=&cs_id=4032" "Mozilla/5.0 (Windows; U; Windows NT 6.0; de; rv:1.8.1.3) Gecko/20070309 Firefox/2.0.0.3"
178.63.14.15 - - [08/Apr/2013:18:59:44 +0200] "GET /news.php?cs_go=archiv&cs_search=&cs_id=3978 HTTP/1.1" 200 10066 "http://www.mink-gmbh.de/news.php?cs_go=archiv&cs_startpos=70" "Mozilla/5.0 (Windows; U; Windows NT 6.0; de; rv:1.8.1.3) Gecko/20070309 Firefox/2.0.0.3"
178.63.14.15 - - [08/Apr/2013:18:59:45 +0200] "GET /news.php?cs_go=archiv&cs_search=&cs_id=3974 HTTP/1.1" 200 9889 "http://www.mink-gmbh.de/news.php?cs_go=archiv&cs_search=&cs_id=3978" "Mozilla/5.0 (Windows; U; Windows NT 6.0; de; rv:1.8.1.3) Gecko/20070309 Firefox/2.0.0.3"
178.63.14.15 - - [08/Apr/2013:18:59:45 +0200] "GET /news.php?cs_go=archiv&cs_startpos=100 HTTP/1.1" 200 22740 "http://www.mink-gmbh.de/news.php?cs_go=archiv&cs_search=&cs_id=3974" "Mozilla/5.0 (Windows; U; Windows NT 6.0; de; rv:1.8.1.3) Gecko/20070309 Firefox/2.0.0.3"
178.63.14.15 - - [08/Apr/2013:18:59:45 +0200] "GET /news.php?cs_go=archiv&cs_search=&cs_id=3946 HTTP/1.1" 200 9917 "http://www.mink-gmbh.de/news.php?cs_go=archiv&cs_startpos=100" "Mozilla/5.0 (Windows; U; Windows NT 6.0; de; rv:1.8.1.3) Gecko/20070309 Firefox/2.0.0.3"
178.63.14.15 - - [08/Apr/2013:18:59:46 +0200] "GET /news.php?cs_go=archiv&cs_search=&cs_id=3952 HTTP/1.1" 200 11016 "http://www.mink-gmbh.de/news.php?cs_go=archiv&cs_search=&cs_id=3946" "Mozilla/5.0 (Windows; U; Windows NT 6.0; de; rv:1.8.1.3) Gecko/20070309 Firefox/2.0.0.3"
178.63.14.15 - - [08/Apr/2013:18:59:46 +0200] "GET /news.php?cs_go=archiv&cs_search=&cs_id=3944 HTTP/1.1" 200 13562 "http://www.mink-gmbh.de/news.php?cs_go=archiv&cs_search=&cs_id=3952" "Mozilla/5.0 (Windows; U; Windows NT 6.0; de; rv:1.8.1.3) Gecko/20070309 Firefox/2.0.0.3"
178.63.14.15 - - [08/Apr/2013:18:59:46 +0200] "GET /news.php?cs_go=archiv&cs_search=&cs_id=3949 HTTP/1.1" 200 9826 "http://www.mink-gmbh.de/news.php?cs_go=archiv&cs_search=&cs_id=3944" "Mozilla/5.0 (Windows; U; Windows NT 6.0; de; rv:1.8.1.3) Gecko/20070309 Firefox/2.0.0.3"
