178.63.14.15 - - [08/Apr/2013:18:59:46 +0200] "GET /news.php?cs_go=archiv&cs_startpos=120 HTTP/1.1" 200 22955 "http://www.mink-gmbh.de/news.php?cs_go=archiv&cs_search=&cs_id=3949" "Mozilla/5.0 (Windows; U; Windows NT 6.0; de; rv:1.8.1.3) Gecko/20070309 Firefox/2.0.0.3"
178.63.14.15 - - [08/Apr/2013:18:59:47 +0200] "GET /news.php?cs_go=archiv&cs_search=&cs_id=3925 HTTP/1.1" 200 9965 "http://www.mink-gmbh.de/news.php?cs_go=archiv&cs_startpos=120" "Mozilla/5.0 (Windows; U; Windows NT 6.0; de; rv:1.8.1.3) Gecko/20070309 Firefox/2.0.0.3"
178.63.14.15 - - [08/Apr/2013:18:59:47 +0200] "GET /news.php?cs_go=archiv&cs_startpos=140 HTTP/1.1" 200 22952 "http://www.mink-gmbh.de/news.php?cs_go=archiv&cs_search=&cs_id=3925" "Mozilla/5.0 (Windows; U; Windows NT 6.0; de; rv:1.8.1.3) Gecko/20070309 Firefox/2.0.0.3"
178.63.14.15 - - [08/Apr/2013:18:59:47 +0200] "GET /news.php?cs_go=archiv&cs_search=&cs_id=3904 HTTP/1.1" 200 14715 "http://www.mink-gmbh.de/news.php?cs_go=archiv&cs_startpos=140" "Mozilla/5.0 (Windows; U; Windows NT 6.0; de; rv:1.8.1.3) Gecko/20070309 Firefox/2.0.0.3"
178.63.14.15 - - [08/Apr/2013:18:59:48 +0200] "GET /news.php?cs_go=archiv&cs_search=&cs_id=3907 HTTP/1.1" 200 9704 "http://www.mink-gmbh.de/news.php?cs_go=archiv&cs_search=&cs_id=3904" "Mozilla/5.0 (Windows; U; Windows NT 6.0; de; rv:1.8.1.3) Gecko/20070309 Firefox/2.0.0.3"
178.63.14.15 - - [08/Apr/2013:18:59:48 +0200] "GET /news.php?cs_go=archiv&cs_search=&cs_id=3911 HTTP/1.1" 200 12504 "http://www.mink-gmbh.de/news.php?cs_go=archiv&cs_search=&cs_id=3907" "Mozilla/5.0 (Windows; U; Windows NT 6.0; de; rv:1.8.1.3) Gecko/20070309 Firefox/2.0.0.3"
178.63.14.15 - - [08/Apr/2013:18:59:48 +0200] "GET /news.php?cs_go=archiv&cs_search=&cs_id=3948 HTTP/1.1" 200 10830 "http://www.mink-gmbh.de/news.php?cs_go=archiv&cs_search=&cs_id=3911" "Mozilla/5.0 (Windows; U; Windows NT 6.0; de; rv:1.8.1.3) Gecko/20070309 Firefox/2.0.0.3"
178.63.14.15 - - [08/Apr/2013:18:59:49 +0200] "GET /news.php?cs_go=archiv&cs_startpos=110 HTTP/1.1" 200 22609 "http://www.mink-gmbh.de/news.php?cs_go=archiv&cs_search=&cs_id=3948" "Mozilla/5.0 (Windows; U; Windows NT 6.0; de; rv:1.8.1.3) Gecko/20070309 Firefox/2.0.0.3"
178.63.14.15 - - [08/Apr/2013:18:59:49 +0200] "GET /news.php?cs_go=archiv&cs_search=&cs_id=3936 HTTP/1.1" 200 11961 "http://www.mink-gmbh.de/news.php?cs_go=archiv&cs_startpos=110" "Mozilla/5.0 (Windows; U; Windows NT 6.0; de; rv:1.8.1.3) Gecko/20070309 Firefox/2.0.0.3"
178.63.14.15 - - [08/Apr/2013:18:59:49 +0200] "GET /news.php?cs_go=archiv&cs_search=&cs_id=3938 HTTP/1.1" 200 9751 "http://www.mink-gmbh.de/news.php?cs_go=archiv&cs_search=&cs_id=3936" "Mozilla/5.0 (Windows; U; Windows NT 6.0; de; rv:1.8.1.3) Gecko/20070309 Firefox/2.0.0.3"
178.63.14.15 - - [08/Apr/2013:18:59:49 +0200] "GET /news.php?cs_go=archiv&cs_search=&cs_id=3982 HTTP/1.1" 200 13363 "http://www.mink-gmbh.de/news.php?cs_go=archiv&cs_search=&cs_id=3938" "Mozilla/5.0 (Windows; U; Windows NT 6.0; de; rv:1.8.1.3) Gecko/20070309 Firefox/2.0.0.3"
178.63.14.15 - - [08/Apr/2013:18:59:50 +0200] "GET /news.php?cs_go=archiv&cs_search=&cs_id=3909 HTTP/1.1" 200 13399 "http://www.mink-gmbh.de/news.php?cs_go=archiv&cs_search=&cs_id=3982" "Mozilla/5.0 (Windows; U; Windows NT 6.0; de; rv:1.8.1.3) Gecko/20070309 Firefox/2.0.0.3"
178.63.14.15 - - [08/Apr/2013:18:59:50 +0200] "GET /news.php?cs_go=archiv&cs_startpos=190 HTTP/1.1" 200 22645 "http://www.mink-gmbh.de/news.php?cs_go=archiv&cs_search=&cs_id=3909" "Mozilla/5.0 (Windows; U; Windows NT 6.0; de; rv:1.8.1.3) Gecko/20070309 Firefox/2.0.0.3"
178.63.14.15 - - [08/Apr/2013:18:59:50 +0200] "GET /news.php?cs_go=archiv&cs_startpos=220 HTTP/1.1" 200 22370 "http://www.mink-gmbh.de/news.php?cs_go=archiv&cs_startpos=190" "Mozilla/5.0 (Windows; U; Windows NT 6.0; de; rv:1.8.1.3) Gecko/20070309 Firefox/2.0.0.3"
178.63.14.15 - - [08/Apr/2013:18:59:51 +0200] "GET /news.php?cs_go=archiv&cs_search=&cs_id=3858 HTTP/1.1" 200 12379 "http://www.mink-gmbh.de/news.php?cs_go=archiv&cs_startpos=220" "Mozilla/5.0 (Windows; U; Windows NT 6.0; de; rv:1.8.1.3) Gecko/20070309 Firefox/2.0.0.3"
178.63.14.15 - - [08/Apr/2013:18:59:51 +0200] "GET /news.php?cs_go=archiv&cs_search=&cs_id=3927 HTTP/1.1" 200 13425 "http://www.mink-gmbh.de/news.php?cs_go=archiv&cs_search=&cs_id=3858" "Mozilla/5.0 (Windows; U; Windows NT 6.0; de; rv:1.8.1.3) Gecko/20070309 Firefox/2.0.0.3"
178.63.14.15 - - [08/Apr/2013:18:59:51 +0200] "GET /news.php?cs_go=archiv&cs_search=&cs_id=3950 HTTP/1.1" 200 11923 "http://www.mink-gmbh.de/news.php?cs_go=archiv&cs_search=&cs_id=3927" "Mozilla/5.0 (Windows; U; Windows NT 6.0; de; rv:1.8.1.3) Gecko/20070309 Firefox/2.0.0.3"
178.63.14.15 - - [08/Apr/2013:18:59:52 +0200] "GET /lexikon.php?cs_go=3&cs_id=45 HTTP/1.1" 200 7911 "http://www.mink-gmbh.de/news.php?cs_go=archiv&cs_search=&cs_id=3950" "Mozilla/5.0 (Windows; U; Windows NT 6.0; de; rv:1.8.1.3) Gecko/20070309 Firefox/2.0.0.3"
178.63.14.15 - - [08/Apr/2013:18:59:52 +0200] "GET /lexikon.php?cs_go=2&cs_char=x HTTP/1.1" 200 8495 "http://www.mink-gmbh.de/lexikon.php?cs_go=3&cs_id=45" "Mozilla/5.0 (Windows; U; Windows NT 6.0; de; rv:1.8.1.3) Gecko/20070309 Firefox/2.0.0.3"
178.63.14.15 - - [08/Apr/2013:18:59:52 +0200] "GET /news.php?cs_go=archiv&cs_search=&cs_id=4029 HTTP/1.1" 200 9996 "http://www.mink-gmbh.de/lexikon.php?cs_go=2&cs_char=x" "Mozilla/5.0 (Windows; U; Windows NT 6.0; de; rv:1.8.1.3) Gecko/20070309 Firefox/2.0.0.3"
178.63.14.15 - - [08/Apr/2013:18:59:52 +0200] "GET /modernisierung.php HTTP/1.1" 200 11491 "http://www.mink-gmbh.de/news.php?cs_go=archiv&cs_search=&cs_id=4029" "Mozilla/5.0 (Windows; U; Windows NT 6.0; de; rv:1.8.1.3) Gecko/20070309 Firefox/2.0.0.3"
178.63.14.15 - - [08/Apr/2013:18:59:53 +0200] "GET /lexikon.php?cs_go=3&cs_id=77 HTTP/1.1" 200 8585 "http://www.mink-gmbh.de/modernisierung.php" "Mozilla/5.0 (Windows; U; Windows NT 6.0; de; rv:1.8.1.3) Gecko/20070309 Firefox/2.0.0.3"
178.63.14.15 - - [08/Apr/2013:18:59:53 +0200] "GET /lexikon.php?cs_go=3&cs_id=32 HTTP/1.1" 200 8062 "http://www.mink-gmbh.de/lexikon.php?cs_go=3&cs_id=77" "Mozilla/5.0 (Windows; U; Windows NT 6.0; de; rv:1.8.1.3) Gecko/20070309 Firefox/2.0.0.3"
178.63.14.15 - - [08/Apr/2013:18:59:53 +0200] "GET /lexikon.php?cs_go=3&cs_id=194 HTTP/1.1" 200 7925 "http://www.mink-gmbh.de/lexikon.php?cs_go=3&cs_id=32" "Mozilla/5.0 (Windows; U; Windows NT 6.0; de; rv:1.8.1.3) Gecko/20070309 Firefox/2.0.0.3"
178.63.14.15 - - [08/Apr/2013:18:59:53 +0200] "GET /lexikon.php?cs_go=3&cs_id=69 HTTP/1.1" 200 10020 "http://www.mink-gmbh.de/lexikon.php?cs_go=3&cs_id=194" "Mozilla/5.0 (Windows; U; Windows NT 6.0; de; rv:1.8.1.3) Gecko/20070309 Firefox/2.0.0.3"
66.249.78.46 - - [08/Apr/2013:19:06:23 +0200] "GET /news.php?cs_go=archiv&cs_id=3599&cs_search= HTTP/1.1" 200 11651 "-" "Mozilla/5.0 (compatible; Googlebot/2.1; +http://www.google.com/bot.html)"
141.8.147.12 - - [08/Apr/2013:19:12:09 +0200] "GET /news.php?cs_go=archiv&cs_id=3697&cs_search= HTTP/1.1" 200 11633 "-" "Mozilla/5.0 (compatible; YandexBot/3.0; +http://yandex.com/bots)"
66.249.78.46 - - [08/Apr/2013:19:21:06 +0200] "GET /lexikon.php?cs_go=2&cs_char=b HTTP/1.1" 200 9730 "-" "Mozilla/5.0 (iPhone; U; CPU iPhone OS 4_1 like Mac OS X; en-us) AppleWebKit/532.9 (KHTML, like Gecko) Version/4.0.5 Mobile/8B117 Safari/6531.22.7 (compatible; Googlebot-Mobile/2.1; +http://www.google.com/bot.html)"
141.8.147.12 - - [08/Apr/2013:19:26:48 +0200] "GET /news.php?cs_go=archiv&cs_id=3771&cs_search= HTTP/1.1" 200 9868 "-" "Mozilla/5.0 (compatible; YandexBot/3.0; +http://yandex.com/bots)"
141.8.147.12 - - [08/Apr/2013:19:27:50 +0200] "GET /news.php?cs_go=archiv&cs_id=3818&cs_search= HTTP/1.1" 200 13352 "-" "Mozilla/5.0 (compatible; YandexBot/3.0; +http://yandex.com/bots)"
141.8.147.12 - - [08/Apr/2013:19:28:40 +0200] "GET /news.php?cs_go=archiv&cs_startpos=220 HTTP/1.1" 200 22457 "-" "Mozilla/5.0 (compatible; YandexBot/3.0; +http://yandex.com/bots)"
141.8.147.12 - - [08/Apr/2013:19:29:47 +0200] "GET /news.php HTTP/1.1" 200 22169 "-" "Mozilla/5.0 (compatible; YandexBot/3.0; +http://yandex.com/bots)"
66.249.78.46 - - [08/Apr/2013:19:29:47 +0200] "GET /news.php?cs_go=archiv&cs_id=2934&cs_search= HTTP/1.1" 200 13591 "-" "Mozilla/5.0 (compatible; Googlebot/2.1; +http://www.google.com/bot.html)"
141.8.147.12 - - [08/Apr/2013:19:30:55 +0200] "GET /index.php HTTP/1.1" 200 12132 "-" "Mozilla/5.0 (compatible; YandexBot/3.0; +http://yandex.com/bots)"
66.249.75.49 - - [08/Apr/2013:19:42:45 +0200] "GET /news.php?cs_go=archiv&cs_startpos=230 HTTP/1.1" 200 14083 "-" "DoCoMo/2.0 N905i(c100;TB;W24H16) (compatible; Googlebot-Mobile/2.1; +http://www.google.com/bot.html)"
208.115.113.91 - - [08/Apr/2013:19:52:18 +0200] "GET /modernisierung.php?cs_gp_go=description HTTP/1.1" 200 10771 "-" "Mozilla/5.0 (compatible; Ezooms/1.0; ezooms.bot@gmail.com)"
208.115.113.91 - - [08/Apr/2013:19:52:21 +0200] "GET /news.php?cs_go=archiv&cs_id=3972&cs_search= HTTP/1.1" 200 11825 "-" "Mozilla/5.0 (compatible; Ezooms/1.0; ezooms.bot@gmail.com)"
173.199.120.19 - - [08/Apr/2013:19:57:03 +0200] "GET /lexikon.php?cs_go=3&cs_id=124 HTTP/1.1" 200 8491 "-" "Mozilla/5.0 (compatible; AhrefsBot/4.0; +http://ahrefs.com/robot/)"
173.199.120.19 - - [08/Apr/2013:20:03:07 +0200] "GET /news.php?cs_go=archiv&cs_id=2738&cs_search= HTTP/1.1" 200 11564 "-" "Mozilla/5.0 (compatible; AhrefsBot/4.0; +http://ahrefs.com/robot/)"
208.115.111.75 - - [08/Apr/2013:20:11:30 +0200] "GET /robots.txt HTTP/1.1" 200 177 "-" "Mozilla/5.0 (compatible; Ezooms/1.0; ezooms.bot@gmail.com)"
173.199.120.19 - - [08/Apr/2013:20:17:46 +0200] "GET /news.php?cs_go=archiv&cs_startpos=770 HTTP/1.1" 200 8125 "-" "Mozilla/5.0 (compatible; AhrefsBot/4.0; +http://ahrefs.com/robot/)"
66.249.78.46 - - [08/Apr/2013:20:21:46 +0200] "GET /news.php?cs_go=archiv&cs_id=4026&cs_search= HTTP/1.1" 200 13500 "-" "SAMSUNG-SGH-E250/1.0 Profile/MIDP-2.0 Configuration/CLDC-1.1 UP.Browser/6.2.3.3.c.1.101 (GUI) MMP/2.0 (compatible; Googlebot-Mobile/2.1; +http://www.google.com/bot.html)"
65.36.241.79 - - [08/Apr/2013:20:28:20 +0200] "HEAD / HTTP/1.1" 200 - "-" "InternetSeer.com"
173.199.120.19 - - [08/Apr/2013:20:36:44 +0200] "GET /lexikon.php?cs_go=3&cs_id=215 HTTP/1.1" 200 8641 "-" "Mozilla/5.0 (compatible; AhrefsBot/4.0; +http://ahrefs.com/robot/)"
157.55.33.29 - - [08/Apr/2013:20:51:03 +0200] "GET /robots.txt HTTP/1.1" 200 177 "-" "Mozilla/5.0 (compatible; bingbot/2.0; +http://www.bing.com/bingbot.htm)"
157.55.33.29 - - [08/Apr/2013:20:55:09 +0200] "GET / HTTP/1.1" 200 12132 "-" "Mozilla/5.0 (compatible; bingbot/2.0; +http://www.bing.com/bingbot.htm)"
66.249.78.46 - - [08/Apr/2013:21:28:11 +0200] "GET /news.php?cs_go=archiv&cs_id=2957&cs_search= HTTP/1.1" 200 9774 "-" "Mozilla/5.0 (iPhone; U; CPU iPhone OS 4_1 like Mac OS X; en-us) AppleWebKit/532.9 (KHTML, like Gecko) Version/4.0.5 Mobile/8B117 Safari/6531.22.7 (compatible; Googlebot-Mobile/2.1; +http://www.google.com/bot.html)"
173.199.120.19 - - [08/Apr/2013:22:01:04 +0200] "GET /lexikon.php?cs_go=3&cs_id=60 HTTP/1.1" 200 8500 "-" "Mozilla/5.0 (compatible; AhrefsBot/4.0; +http://ahrefs.com/robot/)"
208.115.111.75 - - [08/Apr/2013:22:09:42 +0200] "GET /additive.php HTTP/1.1" 200 8372 "-" "Mozilla/5.0 (compatible; Ezooms/1.0; ezooms.bot@gmail.com)"
188.143.232.211 - - [08/Apr/2013:22:21:59 +0200] "GET /news.php HTTP/1.1" 200 22169 "-" "Mozilla/4.0 (compatible; MSIE 6.0; Windows NT 5.1; SV1)"
188.143.232.211 - - [08/Apr/2013:22:22:01 +0200] "POST /newsletter.php HTTP/1.1" 200 8939 "http://www.mink-gmbh.de/news.php" "Mozilla/4.0 (compatible; MSIE 6.0; Windows NT 5.1; SV1)"
188.143.232.211 - - [08/Apr/2013:22:22:02 +0200] "GET /newsletter.php HTTP/1.1" 200 8928 "-" "Mozilla/4.0 (compatible; MSIE 6.0; Windows NT 5.1; SV1)"
188.143.232.211 - - [08/Apr/2013:22:22:03 +0200] "GET /news.php HTTP/1.1" 200 22082 "-" "Mozilla/4.0 (compatible; MSIE 6.0; Windows NT 5.1; SV1)"
188.143.232.211 - - [08/Apr/2013:22:22:07 +0200] "GET / HTTP/1.1" 200 11476 "-" "Mozilla/4.0 (compatible; MSIE 6.0; Windows NT 5.1; SV1)"
188.143.232.211 - - [08/Apr/2013:22:22:10 +0200] "GET /index.php HTTP/1.1" 200 11391 "-" "Mozilla/4.0 (compatible; MSIE 6.0; Windows NT 5.1; SV1)"
188.143.232.211 - - [08/Apr/2013:22:22:12 +0200] "GET /standard.php HTTP/1.1" 200 9131 "-" "Mozilla/4.0 (compatible; MSIE 6.0; Windows NT 5.1; SV1)"
188.143.232.211 - - [08/Apr/2013:22:22:12 +0200] "GET /wunschpreis.php HTTP/1.1" 200 11997 "-" "Mozilla/4.0 (compatible; MSIE 6.0; Windows NT 5.1; SV1)"
188.143.232.211 - - [08/Apr/2013:22:22:13 +0200] "GET /preisanfrage.php HTTP/1.1" 200 10648 "-" "Mozilla/4.0 (compatible; MSIE 6.0; Windows NT 5.1; SV1)"
188.143.232.211 - - [08/Apr/2013:22:22:17 +0200] "GET /faq.php HTTP/1.1" 200 183950 "-" "Mozilla/4.0 (compatible; MSIE 6.0; Windows NT 5.1; SV1)"
188.143.232.211 - - [08/Apr/2013:22:22:24 +0200] "GET /lexikon.php HTTP/1.1" 200 10436 "-" "Mozilla/4.0 (compatible; MSIE 6.0; Windows NT 5.1; SV1)"
188.143.232.211 - - [08/Apr/2013:22:22:25 +0200] "GET /energiesparcheck.php HTTP/1.1" 200 13494 "-" "Mozilla/4.0 (compatible; MSIE 6.0; Windows NT 5.1; SV1)"
188.143.232.211 - - [08/Apr/2013:22:22:27 +0200] "GET /foerdermittel.php HTTP/1.1" 200 12821 "-" "Mozilla/4.0 (compatible; MSIE 6.0; Windows NT 5.1; SV1)"
188.143.232.211 - - [08/Apr/2013:22:22:28 +0200] "GET /kwk.php HTTP/1.1" 200 10797 "-" "Mozilla/4.0 (compatible; MSIE 6.0; Windows NT 5.1; SV1)"
188.143.232.211 - - [08/Apr/2013:22:22:32 +0200] "GET /modernisierung.php HTTP/1.1" 200 11491 "-" "Mozilla/4.0 (compatible; MSIE 6.0; Windows NT 5.1; SV1)"
188.143.232.211 - - [08/Apr/2013:22:22:37 +0200] "GET /edl.php HTTP/1.1" 200 10714 "-" "Mozilla/4.0 (compatible; MSIE 6.0; Windows NT 5.1; SV1)"
188.143.232.211 - - [08/Apr/2013:22:22:37 +0200] "GET /jobs.php HTTP/1.1" 200 7113 "-" "Mozilla/4.0 (compatible; MSIE 6.0; Windows NT 5.1; SV1)"
188.143.232.211 - - [08/Apr/2013:22:22:38 +0200] "GET /kontakt.php HTTP/1.1" 200 9111 "-" "Mozilla/4.0 (compatible; MSIE 6.0; Windows NT 5.1; SV1)"
188.143.232.211 - - [08/Apr/2013:22:22:40 +0200] "GET /impressum.php HTTP/1.1" 200 8495 "-" "Mozilla/4.0 (compatible; MSIE 6.0; Windows NT 5.1; SV1)"
188.143.232.211 - - [08/Apr/2013:22:22:40 +0200] "GET /rueckrufservice.php HTTP/1.1" 200 10683 "-" "Mozilla/4.0 (compatible; MSIE 6.0; Windows NT 5.1; SV1)"
188.143.232.211 - - [08/Apr/2013:22:22:41 +0200] "GET /optiplus.php HTTP/1.1" 200 11013 "-" "Mozilla/4.0 (compatible; MSIE 6.0; Windows NT 5.1; SV1)"
188.143.232.211 - - [08/Apr/2013:22:22:45 +0200] "GET /agb.php HTTP/1.1" 200 19622 "-" "Mozilla/4.0 (compatible; MSIE 6.0; Windows NT 5.1; SV1)"
66.249.78.46 - - [08/Apr/2013:23:37:15 +0200] "GET /news.php?cs_go=archiv&cs_id=3664 HTTP/1.1" 200 9992 "-" "Mozilla/5.0 (compatible; Googlebot/2.1; +http://www.google.com/bot.html)"
182.118.22.223 - - [09/Apr/2013:00:20:49 +0200] "GET /lexikon.php?cs_go=3&cs_id=103 HTTP/1.1" 200 9239 "http://www.mink-gmbh.de/lexikon.php?cs_go=3&cs_id=103" "Mozilla/5.0 (Windows; U; Windows NT 5.1; zh-CN; rv:1.8.0.11) Firefox/1.5.0.11; 360Spider"
182.118.22.221 - - [09/Apr/2013:00:20:49 +0200] "GET /news.php?cs_go=archiv&cs_startpos=120 HTTP/1.1" 200 23042 "http://www.mink-gmbh.de/news.php?cs_go=archiv&cs_startpos=120" "Mozilla/5.0 (Windows; U; Windows NT 5.1; zh-CN; rv:1.8.0.11) Firefox/1.5.0.11; 360Spider"
182.118.22.225 - - [09/Apr/2013:00:21:59 +0200] "GET /%22http:/www.brennstoffboerse.de/index.php?go=fluessiggas_pruefung%22 HTTP/1.1" 404 - "http://www.mink-gmbh.de/%22http:/www.brennstoffboerse.de/index.php?go=fluessiggas_pruefung%22" "Mozilla/5.0 (Windows; U; Windows NT 5.1; zh-CN; rv:1.8.0.11) Firefox/1.5.0.11; 360Spider"
182.118.22.223 - - [09/Apr/2013:00:21:59 +0200] "GET /news.php?cs_go=archiv&cs_startpos=80 HTTP/1.1" 200 22721 "http://www.mink-gmbh.de/news.php?cs_go=archiv&cs_startpos=80" "Mozilla/5.0 (Windows; U; Windows NT 5.1; zh-CN; rv:1.8.0.11) Firefox/1.5.0.11; 360Spider"
101.226.169.200 - - [09/Apr/2013:00:22:39 +0200] "GET /lexikon.php?cs_go=3&cs_id=90 HTTP/1.1" 200 9565 "http://www.mink-gmbh.de/lexikon.php?cs_go=3&cs_id=90" "Mozilla/4.0 (compatible; MSIE 8.0; Windows NT 6.1; Trident/4.0; SLCC2; .NET CLR 2.0.50727; .NET CLR 3.5.30729; .NET CLR 3.0.30729; Media Center PC 6.0; MDDR; .NET4.0C; .NET4.0E; .NET CLR 1.1.4322; Tablet PC 2.0); 360Spider"
182.118.22.221 - - [09/Apr/2013:00:23:07 +0200] "GET /news.php?cs_go=archiv&cs_startpos=70 HTTP/1.1" 200 22630 "http://www.mink-gmbh.de/news.php?cs_go=archiv&cs_startpos=70" "Mozilla/5.0 (Windows; U; Windows NT 5.1; zh-CN; rv:1.8.0.11) Firefox/1.5.0.11; 360Spider"
182.118.20.179 - - [09/Apr/2013:00:23:12 +0200] "GET /news.php?cs_go=archiv&cs_startpos=190 HTTP/1.1" 200 22732 "http://www.mink-gmbh.de/news.php?cs_go=archiv&cs_startpos=190" "Mozilla/5.0 (Windows; U; Windows NT 5.1; zh-CN; rv:1.8.0.11) Firefox/1.5.0.11; 360Spider"
182.118.20.222 - - [09/Apr/2013:00:23:54 +0200] "GET /news.php?cs_go=archiv&cs_startpos=170 HTTP/1.1" 200 22817 "http://www.mink-gmbh.de/news.php?cs_go=archiv&cs_startpos=170" "Mozilla/5.0 (Windows; U; Windows NT 5.1; zh-CN; rv:1.8.0.11) Firefox/1.5.0.11; 360Spider"
182.118.20.202 - - [09/Apr/2013:00:23:54 +0200] "GET /news.php?cs_go=archiv&cs_startpos=180 HTTP/1.1" 200 22760 "http://www.mink-gmbh.de/news.php?cs_go=archiv&cs_startpos=180" "Mozilla/5.0 (Windows; U; Windows NT 5.1; zh-CN; rv:1.8.0.11) Firefox/1.5.0.11; 360Spider"
101.226.169.200 - - [09/Apr/2013:00:24:20 +0200] "GET /lexikon.php?cs_go=3&cs_id=86 HTTP/1.1" 200 8253 "http://www.mink-gmbh.de/lexikon.php?cs_go=3&cs_id=86" "Mozilla/4.0 (compatible; MSIE 8.0; Windows NT 6.1; Trident/4.0; SLCC2; .NET CLR 2.0.50727; .NET CLR 3.5.30729; .NET CLR 3.0.30729; Media Center PC 6.0; MDDR; .NET4.0C; .NET4.0E; .NET CLR 1.1.4322; Tablet PC 2.0); 360Spider"
101.226.169.200 - - [09/Apr/2013:00:24:20 +0200] "GET /lexikon.php?cs_char=x&cs_go=2 HTTP/1.1" 200 8582 "http://www.mink-gmbh.de/lexikon.php?cs_char=x&cs_go=2" "Mozilla/4.0 (compatible; MSIE 8.0; Windows NT 6.1; Trident/4.0; SLCC2; .NET CLR 2.0.50727; .NET CLR 3.5.30729; .NET CLR 3.0.30729; Media Center PC 6.0; MDDR; .NET4.0C; .NET4.0E; .NET CLR 1.1.4322; Tablet PC 2.0); 360Spider"
101.226.169.206 - - [09/Apr/2013:00:24:20 +0200] "GET /lexikon.php?cs_go=3&cs_id=83 HTTP/1.1" 200 8435 "http://www.mink-gmbh.de/lexikon.php?cs_go=3&cs_id=83" "Mozilla/4.0 (compatible; MSIE 8.0; Windows NT 6.1; Trident/4.0; SLCC2; .NET CLR 2.0.50727; .NET CLR 3.5.30729; .NET CLR 3.0.30729; Media Center PC 6.0; MDDR; .NET4.0C; .NET4.0E; .NET CLR 1.1.4322; Tablet PC 2.0); 360Spider"
101.226.169.203 - - [09/Apr/2013:00:24:29 +0200] "GET /lexikon.php?cs_char=y&cs_go=2 HTTP/1.1" 200 8582 "http://www.mink-gmbh.de/lexikon.php?cs_char=y&cs_go=2" "Mozilla/4.0 (compatible; MSIE 8.0; Windows NT 6.1; Trident/4.0; SLCC2; .NET CLR 2.0.50727; .NET CLR 3.5.30729; .NET CLR 3.0.30729; Media Center PC 6.0; MDDR; .NET4.0C; .NET4.0E; .NET CLR 1.1.4322; Tablet PC 2.0); 360Spider"
101.226.169.200 - - [09/Apr/2013:00:24:29 +0200] "GET /lexikon.php?cs_go=3&cs_id=39 HTTP/1.1" 200 8357 "http://www.mink-gmbh.de/lexikon.php?cs_go=3&cs_id=39" "Mozilla/4.0 (compatible; MSIE 8.0; Windows NT 6.1; Trident/4.0; SLCC2; .NET CLR 2.0.50727; .NET CLR 3.5.30729; .NET CLR 3.0.30729; Media Center PC 6.0; MDDR; .NET4.0C; .NET4.0E; .NET CLR 1.1.4322; Tablet PC 2.0); 360Spider"
101.226.169.206 - - [09/Apr/2013:00:24:34 +0200] "GET /lexikon.php?cs_go=3&cs_id=142 HTTP/1.1" 200 8581 "http://www.mink-gmbh.de/lexikon.php?cs_go=3&cs_id=142" "Mozilla/4.0 (compatible; MSIE 8.0; Windows NT 6.1; Trident/4.0; SLCC2; .NET CLR 2.0.50727; .NET CLR 3.5.30729; .NET CLR 3.0.30729; Media Center PC 6.0; MDDR; .NET4.0C; .NET4.0E; .NET CLR 1.1.4322; Tablet PC 2.0); 360Spider"
101.226.169.203 - - [09/Apr/2013:00:24:34 +0200] "GET /index.php HTTP/1.1" 200 12132 "http://www.mink-gmbh.de/index.php" "Mozilla/4.0 (compatible; MSIE 8.0; Windows NT 6.1; Trident/4.0; SLCC2; .NET CLR 2.0.50727; .NET CLR 3.5.30729; .NET CLR 3.0.30729; Media Center PC 6.0; MDDR; .NET4.0C; .NET4.0E; .NET CLR 1.1.4322; Tablet PC 2.0); 360Spider"
182.118.20.223 - - [09/Apr/2013:00:24:39 +0200] "GET /news.php?cs_go=archiv&cs_startpos=140 HTTP/1.1" 200 23039 "http://www.mink-gmbh.de/news.php?cs_go=archiv&cs_startpos=140" "Mozilla/5.0 (Windows; U; Windows NT 5.1; zh-CN; rv:1.8.0.11) Firefox/1.5.0.11; 360Spider"
182.118.20.221 - - [09/Apr/2013:00:24:38 +0200] "GET /news.php?cs_go=archiv&cs_startpos=110 HTTP/1.1" 200 22696 "http://www.mink-gmbh.de/news.php?cs_go=archiv&cs_startpos=110" "Mozilla/5.0 (Windows; U; Windows NT 5.1; zh-CN; rv:1.8.0.11) Firefox/1.5.0.11; 360Spider"
208.115.113.91 - - [09/Apr/2013:00:24:48 +0200] "GET /robots.txt HTTP/1.1" 200 177 "-" "Mozilla/5.0 (compatible; Ezooms/1.0; ezooms.bot@gmail.com)"
182.118.20.202 - - [09/Apr/2013:00:25:32 +0200] "GET /news.php?cs_go=archiv&cs_startpos=100 HTTP/1.1" 200 22827 "http://www.mink-gmbh.de/news.php?cs_go=archiv&cs_startpos=100" "Mozilla/5.0 (Windows; U; Windows NT 5.1; zh-CN; rv:1.8.0.11) Firefox/1.5.0.11; 360Spider"
182.118.20.202 - - [09/Apr/2013:00:25:32 +0200] "GET /news.php?cs_go=archiv&cs_startpos=10 HTTP/1.1" 200 22337 "http://www.mink-gmbh.de/news.php?cs_go=archiv&cs_startpos=10" "Mozilla/5.0 (Windows; U; Windows NT 5.1; zh-CN; rv:1.8.0.11) Firefox/1.5.0.11; 360Spider"
182.118.20.220 - - [09/Apr/2013:00:26:31 +0200] "GET /news.php?cs_go=archiv&cs_startpos=0 HTTP/1.1" 200 22169 "http://www.mink-gmbh.de/news.php?cs_go=archiv&cs_startpos=0" "Mozilla/5.0 (Windows; U; Windows NT 5.1; zh-CN; rv:1.8.0.11) Firefox/1.5.0.11; 360Spider"
182.118.20.222 - - [09/Apr/2013:00:26:31 +0200] "GET /news.php?cs_go=archiv&cs_id=4028 HTTP/1.1" 200 13378 "http://www.mink-gmbh.de/news.php?cs_go=archiv&cs_id=4028" "Mozilla/5.0 (Windows; U; Windows NT 5.1; zh-CN; rv:1.8.0.11) Firefox/1.5.0.11; 360Spider"
182.118.20.222 - - [09/Apr/2013:00:27:34 +0200] "GET /news.php?cs_go=archiv&cs_id=3974 HTTP/1.1" 200 9976 "http://www.mink-gmbh.de/news.php?cs_go=archiv&cs_id=3974" "Mozilla/5.0 (Windows; U; Windows NT 5.1; zh-CN; rv:1.8.0.11) Firefox/1.5.0.11; 360Spider"
182.118.20.222 - - [09/Apr/2013:00:27:34 +0200] "GET /lexikon.php?cs_go=3&cs_id=95 HTTP/1.1" 200 8734 "http://www.mink-gmbh.de/lexikon.php?cs_go=3&cs_id=95" "Mozilla/5.0 (Windows; U; Windows NT 5.1; zh-CN; rv:1.8.0.11) Firefox/1.5.0.11; 360Spider"
66.249.78.46 - - [09/Apr/2013:01:29:40 +0200] "GET /news.php?cs_go=archiv&cs_id=4031 HTTP/1.1" 200 10283 "-" "Mozilla/5.0 (compatible; Googlebot/2.1; +http://www.google.com/bot.html)"
139.18.2.209 - - [09/Apr/2013:01:43:06 +0200] "GET /news.php?cs_go=archiv&cs_id=3916&cs_search= HTTP/1.1" 200 6993 "-" "findlinks/2.6 (+http://wortschatz.uni-leipzig.de/findlinks/)"
139.18.2.209 - - [09/Apr/2013:01:43:07 +0200] "GET /news.php?cs_go=archiv&cs_id=3916&cs_search= HTTP/1.1" 200 11112 "-" "findlinks/2.6 (+http://wortschatz.uni-leipzig.de/findlinks/)"
65.36.241.79 - - [09/Apr/2013:02:04:54 +0200] "HEAD / HTTP/1.1" 200 - "-" "InternetSeer.com"
66.249.78.46 - - [09/Apr/2013:02:15:24 +0200] "GET /kontakt.php HTTP/1.1" 200 9198 "-" "Mozilla/5.0 (iPhone; U; CPU iPhone OS 4_1 like Mac OS X; en-us) AppleWebKit/532.9 (KHTML, like Gecko) Version/4.0.5 Mobile/8B117 Safari/6531.22.7 (compatible; Googlebot-Mobile/2.1; +http://www.google.com/bot.html)"
173.199.120.19 - - [09/Apr/2013:02:17:31 +0200] "GET /lexikon.php?cs_go=3&cs_id=43 HTTP/1.1" 200 8005 "-" "Mozilla/5.0 (compatible; AhrefsBot/4.0; +http://ahrefs.com/robot/)"
173.199.120.19 - - [09/Apr/2013:02:31:59 +0200] "GET /news.php?cs_go=archiv&cs_id=2760&cs_search= HTTP/1.1" 200 11131 "-" "Mozilla/5.0 (compatible; AhrefsBot/4.0; +http://ahrefs.com/robot/)"
173.199.120.19 - - [09/Apr/2013:02:34:18 +0200] "GET /lexikon.php?cs_go=3&cs_id=211 HTTP/1.1" 200 8563 "-" "Mozilla/5.0 (compatible; AhrefsBot/4.0; +http://ahrefs.com/robot/)"
66.249.78.46 - - [09/Apr/2013:02:41:44 +0200] "GET /news.php?cs_go=archiv&cs_id=3904 HTTP/1.1" 200 14802 "-" "Mozilla/5.0 (compatible; Googlebot/2.1; +http://www.google.com/bot.html)"
173.199.120.19 - - [09/Apr/2013:03:01:09 +0200] "GET /lexikon.php?cs_go=3&cs_id=218 HTTP/1.1" 200 8016 "-" "Mozilla/5.0 (compatible; AhrefsBot/4.0; +http://ahrefs.com/robot/)"
173.199.120.19 - - [09/Apr/2013:03:04:53 +0200] "GET /news.php?cs_go=archiv&cs_startpos=150 HTTP/1.1" 200 22884 "-" "Mozilla/5.0 (compatible; AhrefsBot/4.0; +http://ahrefs.com/robot/)"
173.199.120.19 - - [09/Apr/2013:03:33:55 +0200] "GET /news.php?cs_go=archiv&cs_id=3822&cs_search= HTTP/1.1" 200 13619 "-" "Mozilla/5.0 (compatible; AhrefsBot/4.0; +http://ahrefs.com/robot/)"
157.55.33.29 - - [09/Apr/2013:03:41:00 +0200] "GET /robots.txt HTTP/1.1" 200 177 "-" "Mozilla/5.0 (compatible; bingbot/2.0; +http://www.bing.com/bingbot.htm)"
157.55.33.29 - - [09/Apr/2013:03:43:32 +0200] "GET / HTTP/1.1" 200 12132 "-" "Mozilla/5.0 (compatible; bingbot/2.0; +http://www.bing.com/bingbot.htm)"
173.199.120.19 - - [09/Apr/2013:03:50:28 +0200] "GET /news.php?cs_go=archiv&cs_startpos=750 HTTP/1.1" 200 8125 "-" "Mozilla/5.0 (compatible; AhrefsBot/4.0; +http://ahrefs.com/robot/)"
208.115.113.91 - - [09/Apr/2013:03:51:24 +0200] "GET /kwk.php HTTP/1.1" 200 10884 "-" "Mozilla/5.0 (compatible; Ezooms/1.0; ezooms.bot@gmail.com)"
66.249.78.46 - - [09/Apr/2013:03:58:33 +0200] "GET /optiplus.php HTTP/1.1" 200 11100 "-" "Mozilla/5.0 (iPhone; U; CPU iPhone OS 4_1 like Mac OS X; en-us) AppleWebKit/532.9 (KHTML, like Gecko) Version/4.0.5 Mobile/8B117 Safari/6531.22.7 (compatible; Googlebot-Mobile/2.1; +http://www.google.com/bot.html)"
173.199.120.19 - - [09/Apr/2013:04:13:56 +0200] "GET /lexikon.php?cs_go=3&cs_id=40 HTTP/1.1" 200 12171 "-" "Mozilla/5.0 (compatible; AhrefsBot/4.0; +http://ahrefs.com/robot/)"
173.199.120.19 - - [09/Apr/2013:04:15:59 +0200] "GET /lexikon.php?cs_go=2&cs_char=f HTTP/1.1" 200 9595 "-" "Mozilla/5.0 (compatible; AhrefsBot/4.0; +http://ahrefs.com/robot/)"
66.249.78.46 - - [09/Apr/2013:04:21:43 +0200] "GET /news.php?cs_go=archiv&cs_id=3687 HTTP/1.1" 200 13333 "-" "Mozilla/5.0 (compatible; Googlebot/2.1; +http://www.google.com/bot.html)"
139.18.2.209 - - [09/Apr/2013:04:22:22 +0200] "GET /news.php?cs_go=archiv&cs_startpos=220 HTTP/1.1" 200 6992 "-" "findlinks/2.6 (+http://wortschatz.uni-leipzig.de/findlinks/)"
139.18.2.209 - - [09/Apr/2013:04:22:22 +0200] "GET /news.php?cs_go=archiv&cs_startpos=220 HTTP/1.1" 200 22370 "-" "findlinks/2.6 (+http://wortschatz.uni-leipzig.de/findlinks/)"
66.249.78.46 - - [09/Apr/2013:04:33:42 +0200] "GET /images/RAL_Guetezeichen_Energiehandel.pdf HTTP/1.1" 304 - "-" "SAMSUNG-SGH-E250/1.0 Profile/MIDP-2.0 Configuration/CLDC-1.1 UP.Browser/6.2.3.3.c.1.101 (GUI) MMP/2.0 (compatible; Googlebot-Mobile/2.1; +http://www.google.com/bot.html)"
66.249.78.46 - - [09/Apr/2013:04:34:15 +0200] "GET /lexikon.php?cs_go=3&cs_id=82 HTTP/1.1" 200 8389 "-" "Mozilla/5.0 (compatible; Googlebot/2.1; +http://www.google.com/bot.html)"
66.249.78.46 - - [09/Apr/2013:04:40:34 +0200] "GET /news.php?cs_go=archiv&cs_id=3229&cs_search= HTTP/1.1" 200 9853 "-" "Mozilla/5.0 (compatible; Googlebot/2.1; +http://www.google.com/bot.html)"
173.199.120.19 - - [09/Apr/2013:04:47:26 +0200] "GET /lexikon.php?cs_go=2&cs_char=i HTTP/1.1" 200 8402 "-" "Mozilla/5.0 (compatible; AhrefsBot/4.0; +http://ahrefs.com/robot/)"
66.249.78.46 - - [09/Apr/2013:05:01:34 +0200] "GET /news.php?cs_go=archiv&cs_id=3610 HTTP/1.1" 200 13435 "-" "Mozilla/5.0 (compatible; Googlebot/2.1; +http://www.google.com/bot.html)"
66.249.78.46 - - [09/Apr/2013:05:18:14 +0200] "GET /news.php?cs_go=archiv&cs_id=3003 HTTP/1.1" 200 12194 "-" "Mozilla/5.0 (compatible; Googlebot/2.1; +http://www.google.com/bot.html)"
66.249.78.46 - - [09/Apr/2013:05:37:02 +0200] "GET /news.php?cs_go=archiv&cs_id=2788&cs_search= HTTP/1.1" 200 9898 "-" "Mozilla/5.0 (compatible; Googlebot/2.1; +http://www.google.com/bot.html)"
66.249.75.49 - - [09/Apr/2013:05:43:20 +0200] "GET /news.php?cs_go=archiv&cs_id=3902 HTTP/1.1" 200 9749 "-" "Mozilla/5.0 (compatible; Googlebot/2.1; +http://www.google.com/bot.html)"
66.249.78.46 - - [09/Apr/2013:05:43:23 +0200] "GET /news.php?cs_go=archiv&cs_id=3209&cs_search= HTTP/1.1" 200 13682 "-" "Mozilla/5.0 (compatible; Googlebot/2.1; +http://www.google.com/bot.html)"
173.199.120.19 - - [09/Apr/2013:05:48:29 +0200] "GET /news.php?cs_go=archiv&cs_id=3654&cs_search= HTTP/1.1" 200 9837 "-" "Mozilla/5.0 (compatible; AhrefsBot/4.0; +http://ahrefs.com/robot/)"
173.199.120.19 - - [09/Apr/2013:05:56:16 +0200] "GET /news.php?cs_go=archiv&cs_id=3916&cs_search= HTTP/1.1" 200 11199 "-" "Mozilla/5.0 (compatible; AhrefsBot/4.0; +http://ahrefs.com/robot/)"
173.199.120.19 - - [09/Apr/2013:06:05:14 +0200] "GET /news.php?cs_go=archiv&cs_id=2796&cs_search= HTTP/1.1" 200 10574 "-" "Mozilla/5.0 (compatible; AhrefsBot/4.0; +http://ahrefs.com/robot/)"
66.249.78.46 - - [09/Apr/2013:06:14:42 +0200] "GET /robots.txt HTTP/1.1" 200 177 "-" "Mozilla/5.0 (compatible; Googlebot/2.1; +http://www.google.com/bot.html)"
66.249.78.46 - - [09/Apr/2013:06:14:42 +0200] "GET /news.php?cs_go=archiv&cs_id=3205 HTTP/1.1" 200 9862 "-" "Mozilla/5.0 (compatible; Googlebot/2.1; +http://www.google.com/bot.html)"
173.199.120.19 - - [09/Apr/2013:06:15:49 +0200] "GET /lexikon.php?cs_go=3&cs_id=31 HTTP/1.1" 200 8002 "-" "Mozilla/5.0 (compatible; AhrefsBot/4.0; +http://ahrefs.com/robot/)"
173.199.120.19 - - [09/Apr/2013:06:17:56 +0200] "GET /modernisierung.php HTTP/1.1" 200 11578 "-" "Mozilla/5.0 (compatible; AhrefsBot/4.0; +http://ahrefs.com/robot/)"
66.249.78.46 - - [09/Apr/2013:06:21:02 +0200] "GET /news.php?cs_go=archiv&cs_id=3304&cs_search= HTTP/1.1" 200 13531 "-" "Mozilla/5.0 (compatible; Googlebot/2.1; +http://www.google.com/bot.html)"
66.249.78.46 - - [09/Apr/2013:06:39:51 +0200] "GET /news.php?cs_go=archiv&cs_id=3174&cs_search= HTTP/1.1" 200 12317 "-" "Mozilla/5.0 (compatible; Googlebot/2.1; +http://www.google.com/bot.html)"
66.249.78.46 - - [09/Apr/2013:06:54:50 +0200] "GET /news.php?cs_go=archiv&cs_id=3901 HTTP/1.1" 200 9798 "-" "Mozilla/5.0 (compatible; Googlebot/2.1; +http://www.google.com/bot.html)"
66.249.75.49 - - [09/Apr/2013:06:56:15 +0200] "GET / HTTP/1.1" 200 12132 "-" "DoCoMo/2.0 N905i(c100;TB;W24H16) (compatible; Googlebot-Mobile/2.1; +http://www.google.com/bot.html)"
66.249.78.46 - - [09/Apr/2013:07:10:48 +0200] "GET /news.php?cs_go=archiv&cs_id=3903 HTTP/1.1" 200 13479 "-" "Mozilla/5.0 (compatible; Googlebot/2.1; +http://www.google.com/bot.html)"
66.249.75.49 - - [09/Apr/2013:07:28:31 +0200] "GET /news.php?cs_go=archiv&cs_id=3297&cs_search= HTTP/1.1" 200 11872 "-" "Mozilla/5.0 (compatible; Googlebot/2.1; +http://www.google.com/bot.html)"
65.36.241.79 - - [09/Apr/2013:07:44:54 +0200] "HEAD / HTTP/1.1" 200 - "-" "InternetSeer.com"
93.219.56.57 - - [09/Apr/2013:07:54:42 +0200] "GET /style.css HTTP/1.1" 200 8418 "http://www.mink-gmbh.de/" "Mozilla/5.0 (Linux; U; de-de; KFTT Build/IML74K) AppleWebKit/535.19 (KHTML, like Gecko) Silk/2.9 Safari/535.19 Silk-Accelerated=true"
93.219.56.57 - - [09/Apr/2013:07:54:42 +0200] "GET /modul.css HTTP/1.1" 200 35038 "http://www.mink-gmbh.de/" "Mozilla/5.0 (Linux; U; de-de; KFTT Build/IML74K) AppleWebKit/535.19 (KHTML, like Gecko) Silk/2.9 Safari/535.19 Silk-Accelerated=true"
93.219.56.57 - - [09/Apr/2013:07:54:43 +0200] "GET /js_contentserver24_greybox/gb_styles.css HTTP/1.1" 200 2302 "http://www.mink-gmbh.de/" "Mozilla/5.0 (Linux; U; de-de; KFTT Build/IML74K) AppleWebKit/535.19 (KHTML, like Gecko) Silk/2.9 Safari/535.19 Silk-Accelerated=true"
93.219.56.57 - - [09/Apr/2013:07:54:43 +0200] "GET /js_contentserver24_greybox/AJS_fx.js HTTP/1.1" 200 3192 "http://www.mink-gmbh.de/" "Mozilla/5.0 (Linux; U; de-de; KFTT Build/IML74K) AppleWebKit/535.19 (KHTML, like Gecko) Silk/2.9 Safari/535.19 Silk-Accelerated=true"
93.219.56.57 - - [09/Apr/2013:07:54:43 +0200] "GET /js_contentserver24_greybox/AJS.js HTTP/1.1" 200 10396 "http://www.mink-gmbh.de/" "Mozilla/5.0 (Linux; U; de-de; KFTT Build/IML74K) AppleWebKit/535.19 (KHTML, like Gecko) Silk/2.9 Safari/535.19 Silk-Accelerated=true"
93.219.56.57 - - [09/Apr/2013:07:54:43 +0200] "GET /js_contentserver24_greybox/gb_scripts.js HTTP/1.1" 200 11913 "http://www.mink-gmbh.de/" "Mozilla/5.0 (Linux; U; de-de; KFTT Build/IML74K) AppleWebKit/535.19 (KHTML, like Gecko) Silk/2.9 Safari/535.19 Silk-Accelerated=true"
93.219.56.57 - - [09/Apr/2013:07:54:42 +0200] "GET / HTTP/1.1" 200 12132 "http://www.bing.com/search?pc=AMAZ&setmkt=de-DE&q=mink&first=11" "Mozilla/5.0 (Linux; U; de-de; KFTT Build/IML74K) AppleWebKit/535.19 (KHTML, like Gecko) Silk/2.9 Safari/535.19 Silk-Accelerated=true"
93.219.56.57 - - [09/Apr/2013:07:54:44 +0200] "GET /images/bg.jpg HTTP/1.1" 200 345 "http://www.mink-gmbh.de/" "Mozilla/5.0 (Linux; U; de-de; KFTT Build/IML74K) AppleWebKit/535.19 (KHTML, like Gecko) Silk/2.9 Safari/535.19 Silk-Accelerated=true"
93.219.56.57 - - [09/Apr/2013:07:54:44 +0200] "GET /images/mail.jpg HTTP/1.1" 200 11165 "http://www.mink-gmbh.de/" "Mozilla/5.0 (Linux; U; de-de; KFTT Build/IML74K) AppleWebKit/535.19 (KHTML, like Gecko) Silk/2.9 Safari/535.19 Silk-Accelerated=true"
93.219.56.57 - - [09/Apr/2013:07:54:44 +0200] "GET /images/wunschpreis.jpg HTTP/1.1" 200 16767 "http://www.mink-gmbh.de/" "Mozilla/5.0 (Linux; U; de-de; KFTT Build/IML74K) AppleWebKit/535.19 (KHTML, like Gecko) Silk/2.9 Safari/535.19 Silk-Accelerated=true"
93.219.56.57 - - [09/Apr/2013:07:54:44 +0200] "GET /images/kwk.gif HTTP/1.1" 200 6403 "http://www.mink-gmbh.de/" "Mozilla/5.0 (Linux; U; de-de; KFTT Build/IML74K) AppleWebKit/535.19 (KHTML, like Gecko) Silk/2.9 Safari/535.19 Silk-Accelerated=true"
93.219.56.57 - - [09/Apr/2013:07:54:44 +0200] "GET /images/logos.jpg HTTP/1.1" 200 15002 "http://www.mink-gmbh.de/" "Mozilla/5.0 (Linux; U; de-de; KFTT Build/IML74K) AppleWebKit/535.19 (KHTML, like Gecko) Silk/2.9 Safari/535.19 Silk-Accelerated=true"
93.219.56.57 - - [09/Apr/2013:07:54:44 +0200] "GET /images/tkw.jpg HTTP/1.1" 200 64031 "http://www.mink-gmbh.de/" "Mozilla/5.0 (Linux; U; de-de; KFTT Build/IML74K) AppleWebKit/535.19 (KHTML, like Gecko) Silk/2.9 Safari/535.19 Silk-Accelerated=true"
93.219.56.57 - - [09/Apr/2013:07:54:44 +0200] "GET /images/freecall.jpg HTTP/1.1" 200 39195 "http://www.mink-gmbh.de/" "Mozilla/5.0 (Linux; U; de-de; KFTT Build/IML74K) AppleWebKit/535.19 (KHTML, like Gecko) Silk/2.9 Safari/535.19 Silk-Accelerated=true"
93.219.56.57 - - [09/Apr/2013:07:54:44 +0200] "GET /js_contentserver24_greybox/w_close.gif HTTP/1.1" 200 74 "http://www.mink-gmbh.de/" "Mozilla/5.0 (Linux; U; de-de; KFTT Build/IML74K) AppleWebKit/535.19 (KHTML, like Gecko) Silk/2.9 Safari/535.19 Silk-Accelerated=true"
93.219.56.57 - - [09/Apr/2013:07:54:44 +0200] "GET /images/newsletter.png HTTP/1.1" 200 14619 "http://www.mink-gmbh.de/" "Mozilla/5.0 (Linux; U; de-de; KFTT Build/IML74K) AppleWebKit/535.19 (KHTML, like Gecko) Silk/2.9 Safari/535.19 Silk-Accelerated=true"
93.219.56.57 - - [09/Apr/2013:07:54:44 +0200] "GET /images/close.png HTTP/1.1" 200 703 "http://www.mink-gmbh.de/" "Mozilla/5.0 (Linux; U; de-de; KFTT Build/IML74K) AppleWebKit/535.19 (KHTML, like Gecko) Silk/2.9 Safari/535.19 Silk-Accelerated=true"
93.219.56.57 - - [09/Apr/2013:07:54:44 +0200] "GET /images/wrapperbg.jpg HTTP/1.1" 200 27465 "http://www.mink-gmbh.de/" "Mozilla/5.0 (Linux; U; de-de; KFTT Build/IML74K) AppleWebKit/535.19 (KHTML, like Gecko) Silk/2.9 Safari/535.19 Silk-Accelerated=true"
93.219.56.57 - - [09/Apr/2013:07:54:44 +0200] "GET /images/newsletter_bg.jpg HTTP/1.1" 200 33610 "http://www.mink-gmbh.de/" "Mozilla/5.0 (Linux; U; de-de; KFTT Build/IML74K) AppleWebKit/535.19 (KHTML, like Gecko) Silk/2.9 Safari/535.19 Silk-Accelerated=true"
93.219.56.57 - - [09/Apr/2013:07:54:44 +0200] "GET /images/header.jpg HTTP/1.1" 200 24413 "http://www.mink-gmbh.de/" "Mozilla/5.0 (Linux; U; de-de; KFTT Build/IML74K) AppleWebKit/535.19 (KHTML, like Gecko) Silk/2.9 Safari/535.19 Silk-Accelerated=true"
93.219.56.57 - - [09/Apr/2013:07:54:44 +0200] "GET /images/navibg.png HTTP/1.1" 200 2803 "http://www.mink-gmbh.de/" "Mozilla/5.0 (Linux; U; de-de; KFTT Build/IML74K) AppleWebKit/535.19 (KHTML, like Gecko) Silk/2.9 Safari/535.19 Silk-Accelerated=true"
93.219.56.57 - - [09/Apr/2013:07:54:44 +0200] "GET /images/fallend.png HTTP/1.1" 200 713 "http://www.mink-gmbh.de/" "Mozilla/5.0 (Linux; U; de-de; KFTT Build/IML74K) AppleWebKit/535.19 (KHTML, like Gecko) Silk/2.9 Safari/535.19 Silk-Accelerated=true"
93.219.56.57 - - [09/Apr/2013:07:54:44 +0200] "GET /images/mobil.jpg HTTP/1.1" 200 25293 "http://www.mink-gmbh.de/" "Mozilla/5.0 (Linux; U; de-de; KFTT Build/IML74K) AppleWebKit/535.19 (KHTML, like Gecko) Silk/2.9 Safari/535.19 Silk-Accelerated=true"
93.219.56.57 - - [09/Apr/2013:07:54:44 +0200] "GET /js_contentserver24_greybox/header_bg.gif HTTP/1.1" 200 1188 "http://www.mink-gmbh.de/" "Mozilla/5.0 (Linux; U; de-de; KFTT Build/IML74K) AppleWebKit/535.19 (KHTML, like Gecko) Silk/2.9 Safari/535.19 Silk-Accelerated=true"
93.219.56.57 - - [09/Apr/2013:07:54:44 +0200] "GET /images/newsletter.jpg HTTP/1.1" 200 13130 "http://www.mink-gmbh.de/" "Mozilla/5.0 (Linux; U; de-de; KFTT Build/IML74K) AppleWebKit/535.19 (KHTML, like Gecko) Silk/2.9 Safari/535.19 Silk-Accelerated=true"
93.219.56.57 - - [09/Apr/2013:07:54:44 +0200] "GET /images/footerbg.jpg HTTP/1.1" 200 2184 "http://www.mink-gmbh.de/" "Mozilla/5.0 (Linux; U; de-de; KFTT Build/IML74K) AppleWebKit/535.19 (KHTML, like Gecko) Silk/2.9 Safari/535.19 Silk-Accelerated=true"
93.219.56.57 - - [09/Apr/2013:07:54:44 +0200] "GET /js_contentserver24_greybox/loader_frame.html?s=0 HTTP/1.1" 200 2084 "http://www.mink-gmbh.de/" "Mozilla/5.0 (Linux; U; de-de; KFTT Build/IML74K) AppleWebKit/535.19 (KHTML, like Gecko) Silk/2.9 Safari/535.19 Silk-Accelerated=true"
93.219.56.57 - - [09/Apr/2013:07:54:44 +0200] "GET /js_contentserver24_greybox/indicator.gif HTTP/1.1" 200 8238 "http://www.mink-gmbh.de/js_contentserver24_greybox/loader_frame.html?s=0" "Mozilla/5.0 (Linux; U; de-de; KFTT Build/IML74K) AppleWebKit/535.19 (KHTML, like Gecko) Silk/2.9 Safari/535.19 Silk-Accelerated=true"
93.219.56.57 - - [09/Apr/2013:07:54:46 +0200] "GET /js_contentserver24_greybox/g_close.gif HTTP/1.1" 200 541 "http://www.mink-gmbh.de/" "Mozilla/5.0 (Linux; U; de-de; KFTT Build/IML74K) AppleWebKit/535.19 (KHTML, like Gecko) Silk/2.9 Safari/535.19 Silk-Accelerated=true"
93.219.56.57 - - [09/Apr/2013:07:54:46 +0200] "GET /favicon.ico HTTP/1.1" 200 3638 "-" "Mozilla/5.0 (Linux; U; de-de; KFTT Build/IML74K) AppleWebKit/535.19 (KHTML, like Gecko) Silk/2.9 Safari/535.19 Silk-Accelerated=true"
93.219.56.57 - - [09/Apr/2013:07:56:27 +0200] "GET /preisanfrage.php HTTP/1.1" 200 10648 "http://www.mink-gmbh.de/" "Mozilla/5.0 (Linux; U; de-de; KFTT Build/IML74K) AppleWebKit/535.19 (KHTML, like Gecko) Silk/2.9 Safari/535.19 Silk-Accelerated=true"
93.219.56.57 - - [09/Apr/2013:08:00:28 +0200] "POST /preisanfrage.php HTTP/1.1" 200 5090 "http://www.mink-gmbh.de/preisanfrage.php" "Mozilla/5.0 (Linux; U; de-de; KFTT Build/IML74K) AppleWebKit/535.19 (KHTML, like Gecko) Silk/2.9 Safari/535.19 Silk-Accelerated=true"
93.219.56.57 - - [09/Apr/2013:08:01:16 +0200] "GET /kontakt.php HTTP/1.1" 200 7141 "http://www.mink-gmbh.de/preisanfrage.php" "Mozilla/5.0 (Linux; U; de-de; KFTT Build/IML74K) AppleWebKit/535.19 (KHTML, like Gecko) Silk/2.9 Safari/535.19 Silk-Accelerated=true"
93.219.56.57 - - [09/Apr/2013:08:00:55 +0200] "GET /kontakt.php HTTP/1.1" 200 7141 "http://www.mink-gmbh.de/preisanfrage.php" "Mozilla/5.0 (Linux; U; de-de; KFTT Build/IML74K) AppleWebKit/535.19 (KHTML, like Gecko) Silk/2.9 Safari/535.19 Silk-Accelerated=true"
93.219.56.57 - - [09/Apr/2013:08:02:07 +0200] "GET /preisanfrage.php HTTP/1.1" 200 7146 "http://www.mink-gmbh.de/" "Mozilla/5.0 (Linux; U; de-de; KFTT Build/IML74K) AppleWebKit/535.19 (KHTML, like Gecko) Silk/2.9 Safari/535.19 Silk-Accelerated=true"
141.8.147.12 - - [09/Apr/2013:09:22:43 +0200] "GET /robots.txt HTTP/1.1" 200 177 "-" "Mozilla/5.0 (compatible; YandexBot/3.0; +http://yandex.com/bots)"
173.242.125.196 - - [09/Apr/2013:09:54:16 +0200] "GET /robots.txt HTTP/1.0" 200 177 "-" "Mozilla/5.0 (compatible; MJ12bot/v1.4.3; http://www.majestic12.co.uk/bot.php?+)"
173.242.125.196 - - [09/Apr/2013:09:54:18 +0200] "GET /news.php?cs_go=archiv&cs_id=4052 HTTP/1.0" 200 12330 "-" "Mozilla/5.0 (compatible; MJ12bot/v1.4.3; http://www.majestic12.co.uk/bot.php?+)"
141.8.147.12 - - [09/Apr/2013:10:23:00 +0200] "GET /news.php?cs_go=archiv&cs_id=3734&cs_search= HTTP/1.1" 200 11470 "-" "Mozilla/5.0 (compatible; YandexBot/3.0; +http://yandex.com/bots)"
66.249.78.46 - - [09/Apr/2013:10:56:36 +0200] "GET /news.php?cs_go=archiv&cs_id=3981 HTTP/1.1" 200 12282 "-" "SAMSUNG-SGH-E250/1.0 Profile/MIDP-2.0 Configuration/CLDC-1.1 UP.Browser/6.2.3.3.c.1.101 (GUI) MMP/2.0 (compatible; Googlebot-Mobile/2.1; +http://www.google.com/bot.html)"
139.18.2.209 - - [09/Apr/2013:11:01:45 +0200] "GET /news.php HTTP/1.1" 200 9888 "-" "findlinks/2.6 (+http://wortschatz.uni-leipzig.de/findlinks/)"
139.18.2.209 - - [09/Apr/2013:11:01:45 +0200] "GET /news.php HTTP/1.1" 200 22094 "-" "findlinks/2.6 (+http://wortschatz.uni-leipzig.de/findlinks/)"
141.8.147.12 - - [09/Apr/2013:11:12:55 +0200] "GET /news.php?cs_go=archiv&cs_id=3778&cs_search= HTTP/1.1" 200 10011 "-" "Mozilla/5.0 (compatible; YandexBot/3.0; +http://yandex.com/bots)"
93.219.56.57 - - [09/Apr/2013:11:15:07 +0200] "GET /style.css HTTP/1.1" 200 8418 "http://www.mink-gmbh.de/preisanfrage.php" "Mozilla/5.0 (Linux; U; de-de; KFTT Build/IML74K) AppleWebKit/535.19 (KHTML, like Gecko) Silk/2.9 Safari/535.19 Silk-Accelerated=true"
93.219.56.57 - - [09/Apr/2013:11:15:07 +0200] "GET /preisanfrage.php HTTP/1.1" 200 10648 "-" "Mozilla/5.0 (Linux; U; de-de; KFTT Build/IML74K) AppleWebKit/535.19 (KHTML, like Gecko) Silk/2.9 Safari/535.19 Silk-Accelerated=true"
93.219.56.57 - - [09/Apr/2013:11:15:07 +0200] "GET /modul.css HTTP/1.1" 200 35038 "http://www.mink-gmbh.de/preisanfrage.php" "Mozilla/5.0 (Linux; U; de-de; KFTT Build/IML74K) AppleWebKit/535.19 (KHTML, like Gecko) Silk/2.9 Safari/535.19 Silk-Accelerated=true"
93.219.56.57 - - [09/Apr/2013:11:15:08 +0200] "GET /images/bg.jpg HTTP/1.1" 200 345 "http://www.mink-gmbh.de/preisanfrage.php" "Mozilla/5.0 (Linux; U; de-de; KFTT Build/IML74K) AppleWebKit/535.19 (KHTML, like Gecko) Silk/2.9 Safari/535.19 Silk-Accelerated=true"
93.219.56.57 - - [09/Apr/2013:11:15:08 +0200] "GET /images/close.png HTTP/1.1" 200 703 "http://www.mink-gmbh.de/preisanfrage.php" "Mozilla/5.0 (Linux; U; de-de; KFTT Build/IML74K) AppleWebKit/535.19 (KHTML, like Gecko) Silk/2.9 Safari/535.19 Silk-Accelerated=true"
93.219.56.57 - - [09/Apr/2013:11:15:08 +0200] "GET /images/newsletter.png HTTP/1.1" 200 14619 "http://www.mink-gmbh.de/preisanfrage.php" "Mozilla/5.0 (Linux; U; de-de; KFTT Build/IML74K) AppleWebKit/535.19 (KHTML, like Gecko) Silk/2.9 Safari/535.19 Silk-Accelerated=true"
93.219.56.57 - - [09/Apr/2013:11:15:08 +0200] "GET /images/navibg.png HTTP/1.1" 200 2803 "http://www.mink-gmbh.de/preisanfrage.php" "Mozilla/5.0 (Linux; U; de-de; KFTT Build/IML74K) AppleWebKit/535.19 (KHTML, like Gecko) Silk/2.9 Safari/535.19 Silk-Accelerated=true"
93.219.56.57 - - [09/Apr/2013:11:15:09 +0200] "GET /images/freecall.jpg HTTP/1.1" 200 39195 "http://www.mink-gmbh.de/preisanfrage.php" "Mozilla/5.0 (Linux; U; de-de; KFTT Build/IML74K) AppleWebKit/535.19 (KHTML, like Gecko) Silk/2.9 Safari/535.19 Silk-Accelerated=true"
93.219.56.57 - - [09/Apr/2013:11:15:08 +0200] "GET /images/wrapperbg.jpg HTTP/1.1" 200 27465 "http://www.mink-gmbh.de/preisanfrage.php" "Mozilla/5.0 (Linux; U; de-de; KFTT Build/IML74K) AppleWebKit/535.19 (KHTML, like Gecko) Silk/2.9 Safari/535.19 Silk-Accelerated=true"
93.219.56.57 - - [09/Apr/2013:11:15:08 +0200] "GET /images/newsletter_bg.jpg HTTP/1.1" 200 33610 "http://www.mink-gmbh.de/preisanfrage.php" "Mozilla/5.0 (Linux; U; de-de; KFTT Build/IML74K) AppleWebKit/535.19 (KHTML, like Gecko) Silk/2.9 Safari/535.19 Silk-Accelerated=true"
93.219.56.57 - - [09/Apr/2013:11:15:08 +0200] "GET /images/header.jpg HTTP/1.1" 200 24413 "http://www.mink-gmbh.de/preisanfrage.php" "Mozilla/5.0 (Linux; U; de-de; KFTT Build/IML74K) AppleWebKit/535.19 (KHTML, like Gecko) Silk/2.9 Safari/535.19 Silk-Accelerated=true"
93.219.56.57 - - [09/Apr/2013:11:15:09 +0200] "GET /images/mail.jpg HTTP/1.1" 200 11165 "http://www.mink-gmbh.de/preisanfrage.php" "Mozilla/5.0 (Linux; U; de-de; KFTT Build/IML74K) AppleWebKit/535.19 (KHTML, like Gecko) Silk/2.9 Safari/535.19 Silk-Accelerated=true"
93.219.56.57 - - [09/Apr/2013:11:15:09 +0200] "GET /images/kwk.gif HTTP/1.1" 200 6403 "http://www.mink-gmbh.de/preisanfrage.php" "Mozilla/5.0 (Linux; U; de-de; KFTT Build/IML74K) AppleWebKit/535.19 (KHTML, like Gecko) Silk/2.9 Safari/535.19 Silk-Accelerated=true"
93.219.56.57 - - [09/Apr/2013:11:15:09 +0200] "GET /images/wunschpreis.jpg HTTP/1.1" 200 16767 "http://www.mink-gmbh.de/preisanfrage.php" "Mozilla/5.0 (Linux; U; de-de; KFTT Build/IML74K) AppleWebKit/535.19 (KHTML, like Gecko) Silk/2.9 Safari/535.19 Silk-Accelerated=true"
93.219.56.57 - - [09/Apr/2013:11:15:09 +0200] "GET /images/logos.jpg HTTP/1.1" 200 15002 "http://www.mink-gmbh.de/preisanfrage.php" "Mozilla/5.0 (Linux; U; de-de; KFTT Build/IML74K) AppleWebKit/535.19 (KHTML, like Gecko) Silk/2.9 Safari/535.19 Silk-Accelerated=true"
93.219.56.57 - - [09/Apr/2013:11:15:09 +0200] "GET /images/footerbg.jpg HTTP/1.1" 200 2184 "http://www.mink-gmbh.de/preisanfrage.php" "Mozilla/5.0 (Linux; U; de-de; KFTT Build/IML74K) AppleWebKit/535.19 (KHTML, like Gecko) Silk/2.9 Safari/535.19 Silk-Accelerated=true"
141.8.147.12 - - [09/Apr/2013:11:52:51 +0200] "GET /news.php?cs_go=archiv&cs_id=3816&cs_search= HTTP/1.1" 200 13319 "-" "Mozilla/5.0 (compatible; YandexBot/3.0; +http://yandex.com/bots)"
157.55.33.29 - - [09/Apr/2013:12:20:06 +0200] "GET /robots.txt HTTP/1.1" 200 177 "-" "Mozilla/5.0 (compatible; bingbot/2.0; +http://www.bing.com/bingbot.htm)"
157.55.33.29 - - [09/Apr/2013:12:22:01 +0200] "GET / HTTP/1.1" 200 12074 "-" "Mozilla/5.0 (compatible; bingbot/2.0; +http://www.bing.com/bingbot.htm)"
66.249.75.49 - - [09/Apr/2013:13:20:50 +0200] "GET /news.php HTTP/1.1" 200 22164 "-" "DoCoMo/2.0 N905i(c100;TB;W24H16) (compatible; Googlebot-Mobile/2.1; +http://www.google.com/bot.html)"
65.36.241.79 - - [09/Apr/2013:13:38:00 +0200] "HEAD / HTTP/1.1" 200 - "-" "InternetSeer.com"
81.30.151.221 - - [09/Apr/2013:14:49:59 +0200] "GET /robots.txt HTTP/1.1" 200 177 "-" "Mozilla/5.0 (compatible; Spiderlytics/1.0; +spider@spiderlytics.com)"
81.30.151.221 - - [09/Apr/2013:14:49:59 +0200] "GET /news.php?cs_go=archiv&cs_id=3950&cs_search= HTTP/1.1" 200 12010 "-" "Mozilla/5.0 (compatible; Spiderlytics/1.0; +spider@spiderlytics.com)"
66.249.78.46 - - [09/Apr/2013:15:08:32 +0200] "GET /news.php?cs_go=archiv&cs_id=3721 HTTP/1.1" 200 11058 "-" "Mozilla/5.0 (compatible; Googlebot/2.1; +http://www.google.com/bot.html)"
66.249.78.46 - - [09/Apr/2013:16:11:45 +0200] "GET /news.php?cs_go=archiv&cs_id=3427 HTTP/1.1" 200 12494 "-" "Mozilla/5.0 (compatible; Googlebot/2.1; +http://www.google.com/bot.html)"
66.249.78.46 - - [09/Apr/2013:16:27:36 +0200] "GET /news.php?cs_go=archiv&cs_id=2811&cs_search= HTTP/1.1" 200 13430 "-" "Mozilla/5.0 (compatible; Googlebot/2.1; +http://www.google.com/bot.html)"
66.249.78.46 - - [09/Apr/2013:16:35:28 +0200] "GET /news.php?cs_go=archiv&cs_id=3198&cs_search= HTTP/1.1" 200 11440 "-" "Mozilla/5.0 (compatible; Googlebot/2.1; +http://www.google.com/bot.html)"
66.249.78.46 - - [09/Apr/2013:16:43:19 +0200] "GET /news.php?cs_go=archiv&cs_id=2842&cs_search= HTTP/1.1" 200 10029 "-" "Mozilla/5.0 (compatible; Googlebot/2.1; +http://www.google.com/bot.html)"
66.249.78.46 - - [09/Apr/2013:17:03:35 +0200] "GET /news.php?cs_go=archiv&cs_id=4038 HTTP/1.1" 200 13113 "-" "Mozilla/5.0 (iPhone; U; CPU iPhone OS 4_1 like Mac OS X; en-us) AppleWebKit/532.9 (KHTML, like Gecko) Version/4.0.5 Mobile/8B117 Safari/6531.22.7 (compatible; Googlebot-Mobile/2.1; +http://www.google.com/bot.html)"
66.249.78.46 - - [09/Apr/2013:17:06:58 +0200] "GET /news.php?cs_go=archiv&cs_id=3200&cs_search= HTTP/1.1" 200 13401 "-" "Mozilla/5.0 (compatible; Googlebot/2.1; +http://www.google.com/bot.html)"
130.83.167.153 - - [09/Apr/2013:17:07:40 +0200] "GET /news.php?cs_go=archiv&cs_startpos=0 HTTP/1.1" 200 8440 "-" "findlinks/2.6 (+http://wortschatz.uni-leipzig.de/findlinks/)"
130.83.167.153 - - [09/Apr/2013:17:07:41 +0200] "GET /news.php?cs_go=archiv&cs_startpos=0 HTTP/1.1" 200 22077 "-" "findlinks/2.6 (+http://wortschatz.uni-leipzig.de/findlinks/)"
130.83.167.153 - - [09/Apr/2013:17:27:03 +0200] "GET /kontakt.php HTTP/1.1" 200 9198 "-" "findlinks/2.6 (+http://wortschatz.uni-leipzig.de/findlinks/)"
130.83.167.153 - - [09/Apr/2013:17:27:03 +0200] "GET /kontakt.php HTTP/1.1" 200 9111 "-" "findlinks/2.6 (+http://wortschatz.uni-leipzig.de/findlinks/)"
66.249.78.46 - - [09/Apr/2013:17:30:49 +0200] "GET /news.php?cs_go=archiv&cs_id=2716&cs_search= HTTP/1.1" 200 13460 "-" "Mozilla/5.0 (compatible; Googlebot/2.1; +http://www.google.com/bot.html)"
139.18.2.209 - - [09/Apr/2013:17:35:40 +0200] "GET /newsletter.php HTTP/1.1" 200 6294 "-" "findlinks/2.6 (+http://wortschatz.uni-leipzig.de/findlinks/)"
139.18.2.209 - - [09/Apr/2013:17:35:41 +0200] "GET /newsletter.php HTTP/1.1" 200 8841 "-" "findlinks/2.6 (+http://wortschatz.uni-leipzig.de/findlinks/)"
81.30.151.221 - - [09/Apr/2013:17:36:09 +0200] "GET /news.php?cs_go=archiv&cs_id=3997&cs_search= HTTP/1.1" 200 11960 "-" "Mozilla/5.0 (compatible; Spiderlytics/1.0; +spider@spiderlytics.com)"
66.249.78.46 - - [09/Apr/2013:17:38:35 +0200] "GET /news.php?cs_go=archiv&cs_id=2717&cs_search= HTTP/1.1" 200 10262 "-" "Mozilla/5.0 (compatible; Googlebot/2.1; +http://www.google.com/bot.html)"
66.249.78.46 - - [09/Apr/2013:18:00:45 +0200] "GET /news.php?cs_go=archiv&cs_id=3009 HTTP/1.1" 200 13809 "-" "Mozilla/5.0 (compatible; Googlebot/2.1; +http://www.google.com/bot.html)"
66.249.78.46 - - [09/Apr/2013:18:26:57 +0200] "GET /modernisierung.php?cs_gp_go=coupon HTTP/1.1" 200 10192 "-" "SAMSUNG-SGH-E250/1.0 Profile/MIDP-2.0 Configuration/CLDC-1.1 UP.Browser/6.2.3.3.c.1.101 (GUI) MMP/2.0 (compatible; Googlebot-Mobile/2.1; +http://www.google.com/bot.html)"
123.125.71.42 - - [09/Apr/2013:18:41:57 +0200] "GET / HTTP/1.1" 200 8657 "-" "Mozilla/5.0 (compatible; Baiduspider/2.0; +http://www.baidu.com/search/spider.html)"
