85.178.212.148 - - [13/Apr/2013:12:18:22 +0200] "GET /images/newsletter.png HTTP/1.1" 200 14619 "http://www.mink-gmbh.de/style.css" "Mozilla/5.0 (Windows; U; Windows NT 5.1; de; rv:1.9.2.17) Gecko/20110420 Firefox/3.6.17 ( .NET CLR 3.5.30729) FBSMTWB"
85.178.212.148 - - [13/Apr/2013:12:18:22 +0200] "GET /images/wrapperbg.jpg HTTP/1.1" 200 27465 "http://www.mink-gmbh.de/style.css" "Mozilla/5.0 (Windows; U; Windows NT 5.1; de; rv:1.9.2.17) Gecko/20110420 Firefox/3.6.17 ( .NET CLR 3.5.30729) FBSMTWB"
85.178.212.148 - - [13/Apr/2013:12:18:22 +0200] "GET /images/header.jpg HTTP/1.1" 200 24413 "http://www.mink-gmbh.de/style.css" "Mozilla/5.0 (Windows; U; Windows NT 5.1; de; rv:1.9.2.17) Gecko/20110420 Firefox/3.6.17 ( .NET CLR 3.5.30729) FBSMTWB"
85.178.212.148 - - [13/Apr/2013:12:18:22 +0200] "GET /images/navibg.png HTTP/1.1" 200 2803 "http://www.mink-gmbh.de/style.css" "Mozilla/5.0 (Windows; U; Windows NT 5.1; de; rv:1.9.2.17) Gecko/20110420 Firefox/3.6.17 ( .NET CLR 3.5.30729) FBSMTWB"
85.178.212.148 - - [13/Apr/2013:12:18:23 +0200] "GET /images/fallend.png HTTP/1.1" 200 713 "http://www.mink-gmbh.de/modul.css" "Mozilla/5.0 (Windows; U; Windows NT 5.1; de; rv:1.9.2.17) Gecko/20110420 Firefox/3.6.17 ( .NET CLR 3.5.30729) FBSMTWB"
85.178.212.148 - - [13/Apr/2013:12:18:23 +0200] "GET /images/freecall.jpg HTTP/1.1" 200 39195 "http://www.mink-gmbh.de/" "Mozilla/5.0 (Windows; U; Windows NT 5.1; de; rv:1.9.2.17) Gecko/20110420 Firefox/3.6.17 ( .NET CLR 3.5.30729) FBSMTWB"
85.178.212.148 - - [13/Apr/2013:12:18:23 +0200] "GET /images/mail.jpg HTTP/1.1" 200 11165 "http://www.mink-gmbh.de/" "Mozilla/5.0 (Windows; U; Windows NT 5.1; de; rv:1.9.2.17) Gecko/20110420 Firefox/3.6.17 ( .NET CLR 3.5.30729) FBSMTWB"
85.178.212.148 - - [13/Apr/2013:12:18:23 +0200] "GET /images/kwk.gif HTTP/1.1" 200 6403 "http://www.mink-gmbh.de/" "Mozilla/5.0 (Windows; U; Windows NT 5.1; de; rv:1.9.2.17) Gecko/20110420 Firefox/3.6.17 ( .NET CLR 3.5.30729) FBSMTWB"
85.178.212.148 - - [13/Apr/2013:12:18:23 +0200] "GET /images/tkw.jpg HTTP/1.1" 200 64031 "http://www.mink-gmbh.de/" "Mozilla/5.0 (Windows; U; Windows NT 5.1; de; rv:1.9.2.17) Gecko/20110420 Firefox/3.6.17 ( .NET CLR 3.5.30729) FBSMTWB"
85.178.212.148 - - [13/Apr/2013:12:18:23 +0200] "GET /images/wunschpreis.jpg HTTP/1.1" 200 16767 "http://www.mink-gmbh.de/" "Mozilla/5.0 (Windows; U; Windows NT 5.1; de; rv:1.9.2.17) Gecko/20110420 Firefox/3.6.17 ( .NET CLR 3.5.30729) FBSMTWB"
85.178.212.148 - - [13/Apr/2013:12:18:23 +0200] "GET /images/logos.jpg HTTP/1.1" 200 15002 "http://www.mink-gmbh.de/" "Mozilla/5.0 (Windows; U; Windows NT 5.1; de; rv:1.9.2.17) Gecko/20110420 Firefox/3.6.17 ( .NET CLR 3.5.30729) FBSMTWB"
85.178.212.148 - - [13/Apr/2013:12:18:23 +0200] "GET /images/mobil.jpg HTTP/1.1" 200 25293 "http://www.mink-gmbh.de/style.css" "Mozilla/5.0 (Windows; U; Windows NT 5.1; de; rv:1.9.2.17) Gecko/20110420 Firefox/3.6.17 ( .NET CLR 3.5.30729) FBSMTWB"
85.178.212.148 - - [13/Apr/2013:12:18:23 +0200] "GET /images/newsletter.jpg HTTP/1.1" 200 13130 "http://www.mink-gmbh.de/style.css" "Mozilla/5.0 (Windows; U; Windows NT 5.1; de; rv:1.9.2.17) Gecko/20110420 Firefox/3.6.17 ( .NET CLR 3.5.30729) FBSMTWB"
85.178.212.148 - - [13/Apr/2013:12:18:23 +0200] "GET /images/footerbg.jpg HTTP/1.1" 200 2184 "http://www.mink-gmbh.de/style.css" "Mozilla/5.0 (Windows; U; Windows NT 5.1; de; rv:1.9.2.17) Gecko/20110420 Firefox/3.6.17 ( .NET CLR 3.5.30729) FBSMTWB"
85.178.212.148 - - [13/Apr/2013:12:18:23 +0200] "GET /js_contentserver24_greybox/header_bg.gif HTTP/1.1" 200 1188 "http://www.mink-gmbh.de/" "Mozilla/5.0 (Windows; U; Windows NT 5.1; de; rv:1.9.2.17) Gecko/20110420 Firefox/3.6.17 ( .NET CLR 3.5.30729) FBSMTWB"
85.178.212.148 - - [13/Apr/2013:12:18:23 +0200] "GET /js_contentserver24_greybox/loader_frame.html?s=0 HTTP/1.1" 200 2084 "http://www.mink-gmbh.de/" "Mozilla/5.0 (Windows; U; Windows NT 5.1; de; rv:1.9.2.17) Gecko/20110420 Firefox/3.6.17 ( .NET CLR 3.5.30729) FBSMTWB"
85.178.212.148 - - [13/Apr/2013:12:18:23 +0200] "GET /js_contentserver24_greybox/indicator.gif HTTP/1.1" 200 8238 "http://www.mink-gmbh.de/js_contentserver24_greybox/loader_frame.html?s=0" "Mozilla/5.0 (Windows; U; Windows NT 5.1; de; rv:1.9.2.17) Gecko/20110420 Firefox/3.6.17 ( .NET CLR 3.5.30729) FBSMTWB"
85.178.212.148 - - [13/Apr/2013:12:18:24 +0200] "GET /js_contentserver24_greybox/g_close.gif HTTP/1.1" 200 541 "http://www.mink-gmbh.de/" "Mozilla/5.0 (Windows; U; Windows NT 5.1; de; rv:1.9.2.17) Gecko/20110420 Firefox/3.6.17 ( .NET CLR 3.5.30729) FBSMTWB"
85.178.212.148 - - [13/Apr/2013:12:18:50 +0200] "GET /kontakt.php HTTP/1.1" 200 9111 "http://www.mink-gmbh.de/" "Mozilla/5.0 (Windows; U; Windows NT 5.1; de; rv:1.9.2.17) Gecko/20110420 Firefox/3.6.17 ( .NET CLR 3.5.30729) FBSMTWB"
66.249.75.49 - - [13/Apr/2013:12:20:32 +0200] "GET /news.php?cs_go=archiv&cs_id=3071&cs_search= HTTP/1.1" 200 9992 "-" "Mozilla/5.0 (compatible; Googlebot/2.1; +http://www.google.com/bot.html)"
66.249.75.49 - - [13/Apr/2013:12:28:04 +0200] "GET /news.php?cs_go=archiv&cs_id=3065&cs_search= HTTP/1.1" 200 9810 "-" "Mozilla/5.0 (compatible; Googlebot/2.1; +http://www.google.com/bot.html)"
66.249.75.49 - - [13/Apr/2013:12:30:36 +0200] "GET /news.php?cs_go=archiv&cs_id=3375&cs_search= HTTP/1.1" 200 13511 "-" "Mozilla/5.0 (compatible; Googlebot/2.1; +http://www.google.com/bot.html)"
66.249.75.49 - - [13/Apr/2013:12:38:07 +0200] "GET /news.php?cs_go=archiv&cs_id=2734&cs_search= HTTP/1.1" 200 13764 "-" "Mozilla/5.0 (compatible; Googlebot/2.1; +http://www.google.com/bot.html)"
66.249.75.49 - - [13/Apr/2013:12:50:39 +0200] "GET /news.php?cs_go=archiv&cs_id=2736&cs_search= HTTP/1.1" 200 13908 "-" "Mozilla/5.0 (compatible; Googlebot/2.1; +http://www.google.com/bot.html)"
66.249.75.49 - - [13/Apr/2013:13:03:03 +0200] "GET /robots.txt HTTP/1.1" 200 177 "-" "Mozilla/5.0 (compatible; Googlebot/2.1; +http://www.google.com/bot.html)"
66.249.75.49 - - [13/Apr/2013:13:03:03 +0200] "GET /news.php?cs_go=archiv&cs_id=3005&cs_search= HTTP/1.1" 200 10480 "-" "Mozilla/5.0 (compatible; Googlebot/2.1; +http://www.google.com/bot.html)"
66.249.75.49 - - [13/Apr/2013:13:10:30 +0200] "GET /news.php?cs_go=archiv&cs_id=3008&cs_search= HTTP/1.1" 200 13535 "-" "Mozilla/5.0 (compatible; Googlebot/2.1; +http://www.google.com/bot.html)"
66.249.75.49 - - [13/Apr/2013:13:12:59 +0200] "GET /news.php?cs_go=archiv&cs_id=3051&cs_search= HTTP/1.1" 200 15544 "-" "Mozilla/5.0 (compatible; Googlebot/2.1; +http://www.google.com/bot.html)"
66.249.75.49 - - [13/Apr/2013:13:17:54 +0200] "GET /lexikon.php?cs_go=3&cs_id=226 HTTP/1.1" 200 8753 "-" "Mozilla/5.0 (compatible; Googlebot/2.1; +http://www.google.com/bot.html)"
66.249.75.49 - - [13/Apr/2013:13:25:23 +0200] "GET /lexikon.php?cs_go=3&cs_id=35 HTTP/1.1" 200 8410 "-" "Mozilla/5.0 (compatible; Googlebot/2.1; +http://www.google.com/bot.html)"
141.8.147.12 - - [13/Apr/2013:13:29:59 +0200] "GET /news.php?cs_go=archiv&cs_id=4059&cs_search= HTTP/1.1" 200 13354 "-" "Mozilla/5.0 (compatible; YandexBot/3.0; +http://yandex.com/bots)"
173.199.114.163 - - [13/Apr/2013:13:38:26 +0200] "GET /lexikon.php?cs_go=3&cs_id=219 HTTP/1.1" 200 7995 "-" "Mozilla/5.0 (compatible; AhrefsBot/4.0; +http://ahrefs.com/robot/)"
173.199.114.163 - - [13/Apr/2013:13:39:10 +0200] "GET /news.php?cs_go=archiv&cs_id=3871&cs_search= HTTP/1.1" 200 13455 "-" "Mozilla/5.0 (compatible; AhrefsBot/4.0; +http://ahrefs.com/robot/)"
66.249.75.49 - - [13/Apr/2013:13:50:11 +0200] "GET /news.php?cs_go=archiv&cs_id=3600 HTTP/1.1" 200 13422 "-" "Mozilla/5.0 (compatible; Googlebot/2.1; +http://www.google.com/bot.html)"
66.249.75.49 - - [13/Apr/2013:14:00:06 +0200] "GET /lexikon.php?cs_go=3&cs_id=66 HTTP/1.1" 200 7999 "-" "Mozilla/5.0 (compatible; Googlebot/2.1; +http://www.google.com/bot.html)"
66.249.75.49 - - [13/Apr/2013:14:07:33 +0200] "GET /news.php?cs_go=archiv&cs_id=3518 HTTP/1.1" 200 10034 "-" "Mozilla/5.0 (compatible; Googlebot/2.1; +http://www.google.com/bot.html)"
66.249.75.49 - - [13/Apr/2013:14:10:01 +0200] "GET /news.php?cs_go=archiv&cs_id=3000&cs_search= HTTP/1.1" 200 15633 "-" "Mozilla/5.0 (compatible; Googlebot/2.1; +http://www.google.com/bot.html)"
141.8.147.12 - - [13/Apr/2013:14:27:46 +0200] "GET /news.php?cs_go=archiv&cs_id=4059 HTTP/1.1" 200 13354 "-" "Mozilla/5.0 (compatible; YandexBot/3.0; +http://yandex.com/bots)"
66.249.75.49 - - [13/Apr/2013:14:29:31 +0200] "GET /news.php?cs_go=archiv&cs_id=2790&cs_search= HTTP/1.1" 200 13907 "-" "Mozilla/5.0 (compatible; Googlebot/2.1; +http://www.google.com/bot.html)"
66.249.75.49 - - [13/Apr/2013:14:39:31 +0200] "GET /lexikon.php HTTP/1.1" 200 10551 "-" "Mozilla/5.0 (compatible; Googlebot/2.1; +http://www.google.com/bot.html)"
66.249.75.49 - - [13/Apr/2013:14:49:43 +0200] "GET /news.php?cs_go=archiv&cs_id=3691 HTTP/1.1" 200 13607 "-" "Mozilla/5.0 (compatible; Googlebot/2.1; +http://www.google.com/bot.html)"
66.249.75.49 - - [13/Apr/2013:14:50:13 +0200] "GET /newsletter.php HTTP/1.1" 200 8928 "-" "Mozilla/5.0 (compatible; Googlebot/2.1; +http://www.google.com/bot.html)"
66.249.75.49 - - [13/Apr/2013:14:52:12 +0200] "GET /news.php?cs_go=archiv&cs_id=3951&cs_search= HTTP/1.1" 200 13501 "-" "Mozilla/5.0 (compatible; Googlebot/2.1; +http://www.google.com/bot.html)"
84.132.148.72 - - [13/Apr/2013:14:55:42 +0200] "GET / HTTP/1.1" 200 12087 "http://www.google.de/search?source=ig&rlz=1G1MDNE_DEDE530&q=mink+berlin&oq=mink+berlin&gs_l=igoogle.1.1.0i30l2j0i5i30l4j0i5i10i30j0i5i30l3.5027.10407.0.18512.11.11.0.0.0.0.143.1235.4j7.11.0...0.0...1ac.1.AqOdjvkiVWQ" "Mozilla/5.0 (Windows NT 6.1; WOW64) AppleWebKit/537.31 (KHTML, like Gecko) Chrome/26.0.1410.43 Safari/537.31"
84.132.148.72 - - [13/Apr/2013:14:55:43 +0200] "GET /style.css HTTP/1.1" 200 8418 "http://www.mink-gmbh.de/" "Mozilla/5.0 (Windows NT 6.1; WOW64) AppleWebKit/537.31 (KHTML, like Gecko) Chrome/26.0.1410.43 Safari/537.31"
84.132.148.72 - - [13/Apr/2013:14:55:43 +0200] "GET /js_contentserver24_greybox/gb_styles.css HTTP/1.1" 200 2302 "http://www.mink-gmbh.de/" "Mozilla/5.0 (Windows NT 6.1; WOW64) AppleWebKit/537.31 (KHTML, like Gecko) Chrome/26.0.1410.43 Safari/537.31"
84.132.148.72 - - [13/Apr/2013:14:55:43 +0200] "GET /js_contentserver24_greybox/AJS.js HTTP/1.1" 200 10396 "http://www.mink-gmbh.de/" "Mozilla/5.0 (Windows NT 6.1; WOW64) AppleWebKit/537.31 (KHTML, like Gecko) Chrome/26.0.1410.43 Safari/537.31"
84.132.148.72 - - [13/Apr/2013:14:55:43 +0200] "GET /js_contentserver24_greybox/AJS_fx.js HTTP/1.1" 200 3192 "http://www.mink-gmbh.de/" "Mozilla/5.0 (Windows NT 6.1; WOW64) AppleWebKit/537.31 (KHTML, like Gecko) Chrome/26.0.1410.43 Safari/537.31"
84.132.148.72 - - [13/Apr/2013:14:55:43 +0200] "GET /js_contentserver24_greybox/gb_scripts.js HTTP/1.1" 200 11913 "http://www.mink-gmbh.de/" "Mozilla/5.0 (Windows NT 6.1; WOW64) AppleWebKit/537.31 (KHTML, like Gecko) Chrome/26.0.1410.43 Safari/537.31"
84.132.148.72 - - [13/Apr/2013:14:55:43 +0200] "GET /modul.css HTTP/1.1" 200 35038 "http://www.mink-gmbh.de/" "Mozilla/5.0 (Windows NT 6.1; WOW64) AppleWebKit/537.31 (KHTML, like Gecko) Chrome/26.0.1410.43 Safari/537.31"
84.132.148.72 - - [13/Apr/2013:14:55:44 +0200] "GET /images/bg.jpg HTTP/1.1" 200 345 "http://www.mink-gmbh.de/" "Mozilla/5.0 (Windows NT 6.1; WOW64) AppleWebKit/537.31 (KHTML, like Gecko) Chrome/26.0.1410.43 Safari/537.31"
84.132.148.72 - - [13/Apr/2013:14:55:44 +0200] "GET /images/mail.jpg HTTP/1.1" 200 11165 "http://www.mink-gmbh.de/" "Mozilla/5.0 (Windows NT 6.1; WOW64) AppleWebKit/537.31 (KHTML, like Gecko) Chrome/26.0.1410.43 Safari/537.31"
84.132.148.72 - - [13/Apr/2013:14:55:44 +0200] "GET /images/kwk.gif HTTP/1.1" 200 6403 "http://www.mink-gmbh.de/" "Mozilla/5.0 (Windows NT 6.1; WOW64) AppleWebKit/537.31 (KHTML, like Gecko) Chrome/26.0.1410.43 Safari/537.31"
84.132.148.72 - - [13/Apr/2013:14:55:44 +0200] "GET /images/wunschpreis.jpg HTTP/1.1" 200 16767 "http://www.mink-gmbh.de/" "Mozilla/5.0 (Windows NT 6.1; WOW64) AppleWebKit/537.31 (KHTML, like Gecko) Chrome/26.0.1410.43 Safari/537.31"
84.132.148.72 - - [13/Apr/2013:14:55:44 +0200] "GET /images/logos.jpg HTTP/1.1" 200 15002 "http://www.mink-gmbh.de/" "Mozilla/5.0 (Windows NT 6.1; WOW64) AppleWebKit/537.31 (KHTML, like Gecko) Chrome/26.0.1410.43 Safari/537.31"
84.132.148.72 - - [13/Apr/2013:14:55:45 +0200] "GET /js_contentserver24_greybox/w_close.gif HTTP/1.1" 200 74 "http://www.mink-gmbh.de/" "Mozilla/5.0 (Windows NT 6.1; WOW64) AppleWebKit/537.31 (KHTML, like Gecko) Chrome/26.0.1410.43 Safari/537.31"
84.132.148.72 - - [13/Apr/2013:14:55:45 +0200] "GET /images/close.png HTTP/1.1" 200 703 "http://www.mink-gmbh.de/" "Mozilla/5.0 (Windows NT 6.1; WOW64) AppleWebKit/537.31 (KHTML, like Gecko) Chrome/26.0.1410.43 Safari/537.31"
84.132.148.72 - - [13/Apr/2013:14:55:45 +0200] "GET /images/newsletter_bg.jpg HTTP/1.1" 200 33610 "http://www.mink-gmbh.de/" "Mozilla/5.0 (Windows NT 6.1; WOW64) AppleWebKit/537.31 (KHTML, like Gecko) Chrome/26.0.1410.43 Safari/537.31"
84.132.148.72 - - [13/Apr/2013:14:55:45 +0200] "GET /images/newsletter.png HTTP/1.1" 200 14619 "http://www.mink-gmbh.de/" "Mozilla/5.0 (Windows NT 6.1; WOW64) AppleWebKit/537.31 (KHTML, like Gecko) Chrome/26.0.1410.43 Safari/537.31"
84.132.148.72 - - [13/Apr/2013:14:55:45 +0200] "GET /images/wrapperbg.jpg HTTP/1.1" 200 27465 "http://www.mink-gmbh.de/" "Mozilla/5.0 (Windows NT 6.1; WOW64) AppleWebKit/537.31 (KHTML, like Gecko) Chrome/26.0.1410.43 Safari/537.31"
84.132.148.72 - - [13/Apr/2013:14:55:44 +0200] "GET /images/freecall.jpg HTTP/1.1" 200 39195 "http://www.mink-gmbh.de/" "Mozilla/5.0 (Windows NT 6.1; WOW64) AppleWebKit/537.31 (KHTML, like Gecko) Chrome/26.0.1410.43 Safari/537.31"
84.132.148.72 - - [13/Apr/2013:14:55:45 +0200] "GET /images/header.jpg HTTP/1.1" 200 24413 "http://www.mink-gmbh.de/" "Mozilla/5.0 (Windows NT 6.1; WOW64) AppleWebKit/537.31 (KHTML, like Gecko) Chrome/26.0.1410.43 Safari/537.31"
84.132.148.72 - - [13/Apr/2013:14:55:45 +0200] "GET /images/navibg.png HTTP/1.1" 200 2803 "http://www.mink-gmbh.de/" "Mozilla/5.0 (Windows NT 6.1; WOW64) AppleWebKit/537.31 (KHTML, like Gecko) Chrome/26.0.1410.43 Safari/537.31"
84.132.148.72 - - [13/Apr/2013:14:55:44 +0200] "GET /images/tkw.jpg HTTP/1.1" 200 64031 "http://www.mink-gmbh.de/" "Mozilla/5.0 (Windows NT 6.1; WOW64) AppleWebKit/537.31 (KHTML, like Gecko) Chrome/26.0.1410.43 Safari/537.31"
84.132.148.72 - - [13/Apr/2013:14:55:45 +0200] "GET /images/fallend.png HTTP/1.1" 200 713 "http://www.mink-gmbh.de/" "Mozilla/5.0 (Windows NT 6.1; WOW64) AppleWebKit/537.31 (KHTML, like Gecko) Chrome/26.0.1410.43 Safari/537.31"
84.132.148.72 - - [13/Apr/2013:14:55:45 +0200] "GET /images/mobil.jpg HTTP/1.1" 200 25293 "http://www.mink-gmbh.de/" "Mozilla/5.0 (Windows NT 6.1; WOW64) AppleWebKit/537.31 (KHTML, like Gecko) Chrome/26.0.1410.43 Safari/537.31"
84.132.148.72 - - [13/Apr/2013:14:55:45 +0200] "GET /images/newsletter.jpg HTTP/1.1" 200 13130 "http://www.mink-gmbh.de/" "Mozilla/5.0 (Windows NT 6.1; WOW64) AppleWebKit/537.31 (KHTML, like Gecko) Chrome/26.0.1410.43 Safari/537.31"
84.132.148.72 - - [13/Apr/2013:14:55:45 +0200] "GET /images/footerbg.jpg HTTP/1.1" 200 2184 "http://www.mink-gmbh.de/" "Mozilla/5.0 (Windows NT 6.1; WOW64) AppleWebKit/537.31 (KHTML, like Gecko) Chrome/26.0.1410.43 Safari/537.31"
84.132.148.72 - - [13/Apr/2013:14:55:45 +0200] "GET /js_contentserver24_greybox/header_bg.gif HTTP/1.1" 200 1188 "http://www.mink-gmbh.de/" "Mozilla/5.0 (Windows NT 6.1; WOW64) AppleWebKit/537.31 (KHTML, like Gecko) Chrome/26.0.1410.43 Safari/537.31"
84.132.148.72 - - [13/Apr/2013:14:55:45 +0200] "GET /js_contentserver24_greybox/g_close.gif HTTP/1.1" 200 541 "http://www.mink-gmbh.de/" "Mozilla/5.0 (Windows NT 6.1; WOW64) AppleWebKit/537.31 (KHTML, like Gecko) Chrome/26.0.1410.43 Safari/537.31"
84.132.148.72 - - [13/Apr/2013:14:55:45 +0200] "GET /js_contentserver24_greybox/indicator.gif HTTP/1.1" 200 8238 "http://www.mink-gmbh.de/" "Mozilla/5.0 (Windows NT 6.1; WOW64) AppleWebKit/537.31 (KHTML, like Gecko) Chrome/26.0.1410.43 Safari/537.31"
84.132.148.72 - - [13/Apr/2013:14:55:46 +0200] "GET /favicon.ico HTTP/1.1" 200 3638 "-" "Mozilla/5.0 (Windows NT 6.1; WOW64) AppleWebKit/537.31 (KHTML, like Gecko) Chrome/26.0.1410.43 Safari/537.31"
84.132.148.72 - - [13/Apr/2013:14:55:46 +0200] "GET /js_contentserver24_greybox/loader_frame.html?s=0 HTTP/1.1" 200 2084 "http://www.mink-gmbh.de/" "Mozilla/5.0 (Windows NT 6.1; WOW64) AppleWebKit/537.31 (KHTML, like Gecko) Chrome/26.0.1410.43 Safari/537.31"
66.249.75.49 - - [13/Apr/2013:15:01:18 +0200] "GET /modernisierung.php HTTP/1.1" 200 11578 "-" "Mozilla/5.0 (compatible; Googlebot/2.1; +http://www.google.com/bot.html)"
66.249.75.49 - - [13/Apr/2013:15:09:30 +0200] "GET /news.php?cs_go=archiv&cs_id=3835 HTTP/1.1" 200 13584 "-" "Mozilla/5.0 (compatible; Googlebot/2.1; +http://www.google.com/bot.html)"
66.249.75.49 - - [13/Apr/2013:15:22:46 +0200] "GET /lexikon.php?cs_go=3&cs_id=49 HTTP/1.1" 200 9135 "-" "Mozilla/5.0 (compatible; Googlebot/2.1; +http://www.google.com/bot.html)"
66.249.75.49 - - [13/Apr/2013:15:24:30 +0200] "GET /news.php?cs_go=archiv&cs_id=3263&cs_search= HTTP/1.1" 200 13438 "-" "Mozilla/5.0 (compatible; Googlebot/2.1; +http://www.google.com/bot.html)"
141.8.147.12 - - [13/Apr/2013:15:25:42 +0200] "GET /news.php?cs_go=archiv&cs_id=3778&cs_search= HTTP/1.1" 200 10011 "-" "Mozilla/5.0 (compatible; YandexBot/3.0; +http://yandex.com/bots)"
66.249.75.49 - - [13/Apr/2013:15:29:36 +0200] "GET /news.php?cs_go=archiv&cs_id=3957 HTTP/1.1" 200 10662 "-" "Mozilla/5.0 (compatible; Googlebot/2.1; +http://www.google.com/bot.html)"
66.249.75.49 - - [13/Apr/2013:15:31:12 +0200] "GET /lexikon.php?cs_go=3&cs_id=231 HTTP/1.1" 200 8371 "-" "Mozilla/5.0 (compatible; Googlebot/2.1; +http://www.google.com/bot.html)"
66.249.75.49 - - [13/Apr/2013:15:32:53 +0200] "GET /lexikon.php?cs_go=3&cs_id=22 HTTP/1.1" 200 8717 "-" "Mozilla/5.0 (compatible; Googlebot/2.1; +http://www.google.com/bot.html)"
173.199.114.163 - - [13/Apr/2013:15:46:02 +0200] "GET /lexikon.php?cs_go=2&cs_char=j HTTP/1.1" 200 8610 "-" "Mozilla/5.0 (compatible; AhrefsBot/4.0; +http://ahrefs.com/robot/)"
66.249.75.49 - - [13/Apr/2013:15:49:01 +0200] "GET /news.php?cs_go=archiv&cs_id=3646 HTTP/1.1" 200 12111 "-" "Mozilla/5.0 (compatible; Googlebot/2.1; +http://www.google.com/bot.html)"
130.83.167.153 - - [13/Apr/2013:15:49:14 +0200] "GET /news.php?cs_go=archiv&cs_id=3924&cs_search= HTTP/1.1" 200 8110 "-" "findlinks/2.6 (+http://wortschatz.uni-leipzig.de/findlinks/)"
130.83.167.153 - - [13/Apr/2013:15:49:14 +0200] "GET /news.php?cs_go=archiv&cs_id=3924&cs_search= HTTP/1.1" 200 10089 "-" "findlinks/2.6 (+http://wortschatz.uni-leipzig.de/findlinks/)"
66.249.75.49 - - [13/Apr/2013:15:52:55 +0200] "GET /news.php?cs_go=archiv&cs_id=3827 HTTP/1.1" 200 12637 "-" "Mozilla/5.0 (compatible; Googlebot/2.1; +http://www.google.com/bot.html)"
88.190.57.92 - - [13/Apr/2013:15:58:53 +0200] "GET / HTTP/1.1" 200 12087 "http://abtasty.com/" "Mozilla/5.0 (X11; Linux x86_64) AppleWebKit/534.34 (KHTML, like Gecko) Qt/4.8.1 Safari/534.34"
88.190.57.92 - - [13/Apr/2013:15:58:54 +0200] "GET /js_contentserver24_greybox/AJS_fx.js HTTP/1.1" 200 3192 "http://abtasty.com/" "Mozilla/5.0 (X11; Linux x86_64) AppleWebKit/534.34 (KHTML, like Gecko) Qt/4.8.1 Safari/534.34"
88.190.57.92 - - [13/Apr/2013:15:58:54 +0200] "GET /js_contentserver24_greybox/AJS.js HTTP/1.1" 200 10396 "http://abtasty.com/" "Mozilla/5.0 (X11; Linux x86_64) AppleWebKit/534.34 (KHTML, like Gecko) Qt/4.8.1 Safari/534.34"
88.190.57.92 - - [13/Apr/2013:15:58:54 +0200] "GET /js_contentserver24_greybox/gb_scripts.js HTTP/1.1" 200 11913 "http://abtasty.com/" "Mozilla/5.0 (X11; Linux x86_64) AppleWebKit/534.34 (KHTML, like Gecko) Qt/4.8.1 Safari/534.34"
88.190.57.92 - - [13/Apr/2013:15:58:55 +0200] "GET /js_contentserver24_greybox/loader_frame.html?s=0 HTTP/1.1" 200 2084 "http://abtasty.com/" "Mozilla/5.0 (X11; Linux x86_64) AppleWebKit/534.34 (KHTML, like Gecko) Qt/4.8.1 Safari/534.34"
173.199.114.163 - - [13/Apr/2013:16:00:58 +0200] "GET /lexikon.php?cs_go=2&cs_char=x HTTP/1.1" 200 8610 "-" "Mozilla/5.0 (compatible; AhrefsBot/4.0; +http://ahrefs.com/robot/)"
66.249.75.49 - - [13/Apr/2013:16:01:17 +0200] "GET /news.php?cs_go=archiv&cs_id=3635 HTTP/1.1" 200 13377 "-" "Mozilla/5.0 (compatible; Googlebot/2.1; +http://www.google.com/bot.html)"
141.8.147.12 - - [13/Apr/2013:16:05:37 +0200] "GET /news.php?cs_go=archiv&cs_id=4057 HTTP/1.1" 200 13242 "-" "Mozilla/5.0 (compatible; YandexBot/3.0; +http://yandex.com/bots)"
66.249.75.49 - - [13/Apr/2013:16:13:51 +0200] "GET /news.php?cs_go=archiv&cs_id=3679 HTTP/1.1" 200 13679 "-" "Mozilla/5.0 (compatible; Googlebot/2.1; +http://www.google.com/bot.html)"
65.36.241.79 - - [13/Apr/2013:16:28:01 +0200] "HEAD / HTTP/1.1" 200 - "-" "InternetSeer.com"
123.125.71.14 - - [13/Apr/2013:16:33:09 +0200] "GET / HTTP/1.1" 200 12087 "-" "Mozilla/5.0 (compatible; Baiduspider/2.0; +http://www.baidu.com/search/spider.html)"
220.181.108.89 - - [13/Apr/2013:16:33:43 +0200] "GET / HTTP/1.1" 200 7825 "-" "Mozilla/5.0 (compatible; Baiduspider/2.0; +http://www.baidu.com/search/spider.html)"
81.30.151.221 - - [13/Apr/2013:16:40:20 +0200] "GET /robots.txt HTTP/1.1" 200 177 "-" "Mozilla/5.0 (compatible; Spiderlytics/1.0; +spider@spiderlytics.com)"
81.30.151.221 - - [13/Apr/2013:16:40:20 +0200] "GET /lexikon.php?cs_go=2&cs_char=n HTTP/1.1" 200 8578 "-" "Mozilla/5.0 (compatible; Spiderlytics/1.0; +spider@spiderlytics.com)"
66.249.75.49 - - [13/Apr/2013:16:45:58 +0200] "GET /js_contentserver24_greybox/gb_styles.css HTTP/1.1" 200 2302 "-" "Mozilla/5.0 (compatible; Googlebot/2.1; +http://www.google.com/bot.html)"
66.249.75.49 - - [13/Apr/2013:16:45:59 +0200] "GET /style.css HTTP/1.1" 200 8418 "-" "Mozilla/5.0 (compatible; Googlebot/2.1; +http://www.google.com/bot.html)"
66.249.75.49 - - [13/Apr/2013:16:45:59 +0200] "GET /modul.css HTTP/1.1" 200 35038 "-" "Mozilla/5.0 (compatible; Googlebot/2.1; +http://www.google.com/bot.html)"
173.199.114.163 - - [13/Apr/2013:17:02:45 +0200] "GET /lexikon.php?cs_go=3&cs_id=143 HTTP/1.1" 200 9298 "-" "Mozilla/5.0 (compatible; AhrefsBot/4.0; +http://ahrefs.com/robot/)"
141.8.147.12 - - [13/Apr/2013:17:09:10 +0200] "GET /news.php?cs_go=archiv&cs_id=3816&cs_search= HTTP/1.1" 200 13319 "-" "Mozilla/5.0 (compatible; YandexBot/3.0; +http://yandex.com/bots)"
182.118.25.244 - - [13/Apr/2013:17:46:15 +0200] "GET /lexikon.php?cs_go=3&cs_id=62 HTTP/1.1" 200 8568 "http://www.mink-gmbh.de/lexikon.php?cs_go=3&cs_id=62" "Mozilla/5.0 (Windows; U; Windows NT 5.1; zh-CN; rv:1.8.0.11) Firefox/1.5.0.11; 360Spider"
182.118.25.243 - - [13/Apr/2013:17:46:15 +0200] "GET /news.php?cs_go=archiv&cs_id=4022 HTTP/1.1" 200 10245 "http://www.mink-gmbh.de/news.php?cs_go=archiv&cs_id=4022" "Mozilla/5.0 (Windows; U; Windows NT 5.1; zh-CN; rv:1.8.0.11) Firefox/1.5.0.11; 360Spider"
182.118.25.241 - - [13/Apr/2013:17:46:15 +0200] "GET /lexikon.php?cs_go=3&cs_id=175 HTTP/1.1" 200 8183 "http://www.mink-gmbh.de/lexikon.php?cs_go=3&cs_id=175" "Mozilla/5.0 (Windows; U; Windows NT 5.1; zh-CN; rv:1.8.0.11) Firefox/1.5.0.11; 360Spider"
66.249.75.49 - - [13/Apr/2013:17:46:25 +0200] "GET /news.php?cs_go=archiv&cs_id=4043&cs_search= HTTP/1.1" 200 13242 "-" "Mozilla/5.0 (iPhone; U; CPU iPhone OS 4_1 like Mac OS X; en-us) AppleWebKit/532.9 (KHTML, like Gecko) Version/4.0.5 Mobile/8B117 Safari/6531.22.7 (compatible; Googlebot-Mobile/2.1; +http://www.google.com/bot.html)"
83.143.142.107 - - [13/Apr/2013:18:06:40 +0200] "GET / HTTP/1.1" 200 12087 "-" "Mozilla/5.0 (Windows NT 6.1; WOW64; rv:7.0.1) Gecko/20100101 Firefox/7.0.1"
141.8.147.12 - - [13/Apr/2013:18:09:39 +0200] "GET /news.php?cs_go=archiv&cs_id=3777&cs_search= HTTP/1.1" 200 11980 "-" "Mozilla/5.0 (compatible; YandexBot/3.0; +http://yandex.com/bots)"
66.249.75.49 - - [13/Apr/2013:18:44:18 +0200] "GET /news.php?cs_go=archiv&cs_startpos=10 HTTP/1.1" 200 22226 "-" "DoCoMo/2.0 N905i(c100;TB;W24H16) (compatible; Googlebot-Mobile/2.1; +http://www.google.com/bot.html)"
80.187.103.152 - - [13/Apr/2013:18:45:46 +0200] "GET /modul.css HTTP/1.1" 200 35038 "http://www.mink-gmbh.de/" "Mozilla/5.0 (iPhone; CPU iPhone OS 6_1 like Mac OS X) AppleWebKit/536.26 (KHTML, like Gecko) Version/6.0 Mobile/10B143 Safari/8536.25"
80.187.103.152 - - [13/Apr/2013:18:45:46 +0200] "GET /style.css HTTP/1.1" 200 8418 "http://www.mink-gmbh.de/" "Mozilla/5.0 (iPhone; CPU iPhone OS 6_1 like Mac OS X) AppleWebKit/536.26 (KHTML, like Gecko) Version/6.0 Mobile/10B143 Safari/8536.25"
80.187.103.152 - - [13/Apr/2013:18:45:45 +0200] "GET / HTTP/1.1" 200 12087 "-" "Mozilla/5.0 (iPhone; CPU iPhone OS 6_1 like Mac OS X) AppleWebKit/536.26 (KHTML, like Gecko) Version/6.0 Mobile/10B143 Safari/8536.25"
80.187.103.152 - - [13/Apr/2013:18:45:46 +0200] "GET /js_contentserver24_greybox/gb_styles.css HTTP/1.1" 200 2302 "http://www.mink-gmbh.de/" "Mozilla/5.0 (iPhone; CPU iPhone OS 6_1 like Mac OS X) AppleWebKit/536.26 (KHTML, like Gecko) Version/6.0 Mobile/10B143 Safari/8536.25"
80.187.103.152 - - [13/Apr/2013:18:45:46 +0200] "GET /js_contentserver24_greybox/AJS_fx.js HTTP/1.1" 200 3192 "http://www.mink-gmbh.de/" "Mozilla/5.0 (iPhone; CPU iPhone OS 6_1 like Mac OS X) AppleWebKit/536.26 (KHTML, like Gecko) Version/6.0 Mobile/10B143 Safari/8536.25"
80.187.103.152 - - [13/Apr/2013:18:45:46 +0200] "GET /js_contentserver24_greybox/AJS.js HTTP/1.1" 200 10396 "http://www.mink-gmbh.de/" "Mozilla/5.0 (iPhone; CPU iPhone OS 6_1 like Mac OS X) AppleWebKit/536.26 (KHTML, like Gecko) Version/6.0 Mobile/10B143 Safari/8536.25"
80.187.103.152 - - [13/Apr/2013:18:45:46 +0200] "GET /js_contentserver24_greybox/gb_scripts.js HTTP/1.1" 200 11913 "http://www.mink-gmbh.de/" "Mozilla/5.0 (iPhone; CPU iPhone OS 6_1 like Mac OS X) AppleWebKit/536.26 (KHTML, like Gecko) Version/6.0 Mobile/10B143 Safari/8536.25"
80.187.103.152 - - [13/Apr/2013:18:45:46 +0200] "GET /images/kwk.gif HTTP/1.1" 200 6403 "http://www.mink-gmbh.de/" "Mozilla/5.0 (iPhone; CPU iPhone OS 6_1 like Mac OS X) AppleWebKit/536.26 (KHTML, like Gecko) Version/6.0 Mobile/10B143 Safari/8536.25"
80.187.103.152 - - [13/Apr/2013:18:45:46 +0200] "GET /images/tkw.jpg HTTP/1.1" 200 64031 "http://www.mink-gmbh.de/" "Mozilla/5.0 (iPhone; CPU iPhone OS 6_1 like Mac OS X) AppleWebKit/536.26 (KHTML, like Gecko) Version/6.0 Mobile/10B143 Safari/8536.25"
80.187.103.152 - - [13/Apr/2013:18:45:46 +0200] "GET /images/freecall.jpg HTTP/1.1" 200 39195 "http://www.mink-gmbh.de/" "Mozilla/5.0 (iPhone; CPU iPhone OS 6_1 like Mac OS X) AppleWebKit/536.26 (KHTML, like Gecko) Version/6.0 Mobile/10B143 Safari/8536.25"
80.187.103.152 - - [13/Apr/2013:18:45:46 +0200] "GET /images/mail.jpg HTTP/1.1" 200 11165 "http://www.mink-gmbh.de/" "Mozilla/5.0 (iPhone; CPU iPhone OS 6_1 like Mac OS X) AppleWebKit/536.26 (KHTML, like Gecko) Version/6.0 Mobile/10B143 Safari/8536.25"
80.187.103.152 - - [13/Apr/2013:18:45:46 +0200] "GET /images/wunschpreis.jpg HTTP/1.1" 200 16767 "http://www.mink-gmbh.de/" "Mozilla/5.0 (iPhone; CPU iPhone OS 6_1 like Mac OS X) AppleWebKit/536.26 (KHTML, like Gecko) Version/6.0 Mobile/10B143 Safari/8536.25"
80.187.103.152 - - [13/Apr/2013:18:45:46 +0200] "GET /images/logos.jpg HTTP/1.1" 200 15002 "http://www.mink-gmbh.de/" "Mozilla/5.0 (iPhone; CPU iPhone OS 6_1 like Mac OS X) AppleWebKit/536.26 (KHTML, like Gecko) Version/6.0 Mobile/10B143 Safari/8536.25"
80.187.103.152 - - [13/Apr/2013:18:45:46 +0200] "GET /images/bg.jpg HTTP/1.1" 200 345 "http://www.mink-gmbh.de/" "Mozilla/5.0 (iPhone; CPU iPhone OS 6_1 like Mac OS X) AppleWebKit/536.26 (KHTML, like Gecko) Version/6.0 Mobile/10B143 Safari/8536.25"
80.187.103.152 - - [13/Apr/2013:18:45:46 +0200] "GET /js_contentserver24_greybox/w_close.gif HTTP/1.1" 200 74 "http://www.mink-gmbh.de/" "Mozilla/5.0 (iPhone; CPU iPhone OS 6_1 like Mac OS X) AppleWebKit/536.26 (KHTML, like Gecko) Version/6.0 Mobile/10B143 Safari/8536.25"
80.187.103.152 - - [13/Apr/2013:18:45:46 +0200] "GET /images/close.png HTTP/1.1" 200 703 "http://www.mink-gmbh.de/" "Mozilla/5.0 (iPhone; CPU iPhone OS 6_1 like Mac OS X) AppleWebKit/536.26 (KHTML, like Gecko) Version/6.0 Mobile/10B143 Safari/8536.25"
80.187.103.152 - - [13/Apr/2013:18:45:46 +0200] "GET /images/newsletter_bg.jpg HTTP/1.1" 200 33610 "http://www.mink-gmbh.de/" "Mozilla/5.0 (iPhone; CPU iPhone OS 6_1 like Mac OS X) AppleWebKit/536.26 (KHTML, like Gecko) Version/6.0 Mobile/10B143 Safari/8536.25"
80.187.103.152 - - [13/Apr/2013:18:45:47 +0200] "GET /images/newsletter.png HTTP/1.1" 200 14619 "http://www.mink-gmbh.de/" "Mozilla/5.0 (iPhone; CPU iPhone OS 6_1 like Mac OS X) AppleWebKit/536.26 (KHTML, like Gecko) Version/6.0 Mobile/10B143 Safari/8536.25"
80.187.103.152 - - [13/Apr/2013:18:45:47 +0200] "GET /images/wrapperbg.jpg HTTP/1.1" 200 27465 "http://www.mink-gmbh.de/" "Mozilla/5.0 (iPhone; CPU iPhone OS 6_1 like Mac OS X) AppleWebKit/536.26 (KHTML, like Gecko) Version/6.0 Mobile/10B143 Safari/8536.25"
80.187.103.152 - - [13/Apr/2013:18:45:47 +0200] "GET /images/header.jpg HTTP/1.1" 200 24413 "http://www.mink-gmbh.de/" "Mozilla/5.0 (iPhone; CPU iPhone OS 6_1 like Mac OS X) AppleWebKit/536.26 (KHTML, like Gecko) Version/6.0 Mobile/10B143 Safari/8536.25"
80.187.103.152 - - [13/Apr/2013:18:45:47 +0200] "GET /images/navibg.png HTTP/1.1" 200 2803 "http://www.mink-gmbh.de/" "Mozilla/5.0 (iPhone; CPU iPhone OS 6_1 like Mac OS X) AppleWebKit/536.26 (KHTML, like Gecko) Version/6.0 Mobile/10B143 Safari/8536.25"
80.187.103.152 - - [13/Apr/2013:18:45:47 +0200] "GET /js_contentserver24_greybox/loader_frame.html?s=0 HTTP/1.1" 200 2084 "http://www.mink-gmbh.de/" "Mozilla/5.0 (iPhone; CPU iPhone OS 6_1 like Mac OS X) AppleWebKit/536.26 (KHTML, like Gecko) Version/6.0 Mobile/10B143 Safari/8536.25"
80.187.103.152 - - [13/Apr/2013:18:45:47 +0200] "GET /images/fallend.png HTTP/1.1" 200 713 "http://www.mink-gmbh.de/" "Mozilla/5.0 (iPhone; CPU iPhone OS 6_1 like Mac OS X) AppleWebKit/536.26 (KHTML, like Gecko) Version/6.0 Mobile/10B143 Safari/8536.25"
80.187.103.152 - - [13/Apr/2013:18:45:47 +0200] "GET /images/mobil.jpg HTTP/1.1" 200 25293 "http://www.mink-gmbh.de/" "Mozilla/5.0 (iPhone; CPU iPhone OS 6_1 like Mac OS X) AppleWebKit/536.26 (KHTML, like Gecko) Version/6.0 Mobile/10B143 Safari/8536.25"
80.187.103.152 - - [13/Apr/2013:18:45:47 +0200] "GET /images/footerbg.jpg HTTP/1.1" 200 2184 "http://www.mink-gmbh.de/" "Mozilla/5.0 (iPhone; CPU iPhone OS 6_1 like Mac OS X) AppleWebKit/536.26 (KHTML, like Gecko) Version/6.0 Mobile/10B143 Safari/8536.25"
80.187.103.152 - - [13/Apr/2013:18:45:47 +0200] "GET /js_contentserver24_greybox/header_bg.gif HTTP/1.1" 200 1188 "http://www.mink-gmbh.de/" "Mozilla/5.0 (iPhone; CPU iPhone OS 6_1 like Mac OS X) AppleWebKit/536.26 (KHTML, like Gecko) Version/6.0 Mobile/10B143 Safari/8536.25"
80.187.103.152 - - [13/Apr/2013:18:45:47 +0200] "GET /images/newsletter.jpg HTTP/1.1" 200 13130 "http://www.mink-gmbh.de/" "Mozilla/5.0 (iPhone; CPU iPhone OS 6_1 like Mac OS X) AppleWebKit/536.26 (KHTML, like Gecko) Version/6.0 Mobile/10B143 Safari/8536.25"
80.187.103.152 - - [13/Apr/2013:18:45:47 +0200] "GET /js_contentserver24_greybox/indicator.gif HTTP/1.1" 200 8238 "http://www.mink-gmbh.de/js_contentserver24_greybox/loader_frame.html?s=0" "Mozilla/5.0 (iPhone; CPU iPhone OS 6_1 like Mac OS X) AppleWebKit/536.26 (KHTML, like Gecko) Version/6.0 Mobile/10B143 Safari/8536.25"
80.187.103.152 - - [13/Apr/2013:18:45:48 +0200] "GET /js_contentserver24_greybox/g_close.gif HTTP/1.1" 200 541 "http://www.mink-gmbh.de/" "Mozilla/5.0 (iPhone; CPU iPhone OS 6_1 like Mac OS X) AppleWebKit/536.26 (KHTML, like Gecko) Version/6.0 Mobile/10B143 Safari/8536.25"
80.187.103.152 - - [13/Apr/2013:18:45:48 +0200] "GET /js_contentserver24_greybox/indicator.gif HTTP/1.1" 200 8238 "http://www.mink-gmbh.de/" "Mozilla/5.0 (iPhone; CPU iPhone OS 6_1 like Mac OS X) AppleWebKit/536.26 (KHTML, like Gecko) Version/6.0 Mobile/10B143 Safari/8536.25"
66.249.75.49 - - [13/Apr/2013:18:55:04 +0200] "GET /news.php?cs_go=archiv&cs_id=3939 HTTP/1.1" 200 10245 "-" "Mozilla/5.0 (compatible; Googlebot/2.1; +http://www.google.com/bot.html)"
66.249.75.49 - - [13/Apr/2013:18:58:48 +0200] "GET /news.php?cs_go=archiv&cs_id=3940 HTTP/1.1" 200 9881 "-" "Mozilla/5.0 (compatible; Googlebot/2.1; +http://www.google.com/bot.html)"
173.199.114.163 - - [13/Apr/2013:19:07:54 +0200] "GET /lexikon.php?cs_go=2&cs_char=k HTTP/1.1" 200 9879 "-" "Mozilla/5.0 (compatible; AhrefsBot/4.0; +http://ahrefs.com/robot/)"
141.8.147.12 - - [13/Apr/2013:19:18:12 +0200] "GET /robots.txt HTTP/1.1" 200 177 "-" "Mozilla/5.0 (compatible; YandexBot/3.0; +http://yandex.com/bots)"
173.199.114.163 - - [13/Apr/2013:19:21:19 +0200] "GET /modernisierung.php?cs_gp_go=coupon HTTP/1.1" 200 10192 "-" "Mozilla/5.0 (compatible; AhrefsBot/4.0; +http://ahrefs.com/robot/)"
66.249.75.49 - - [13/Apr/2013:19:22:41 +0200] "GET /news.php?cs_go=archiv&cs_id=3990&cs_search= HTTP/1.1" 200 13261 "-" "SAMSUNG-SGH-E250/1.0 Profile/MIDP-2.0 Configuration/CLDC-1.1 UP.Browser/6.2.3.3.c.1.101 (GUI) MMP/2.0 (compatible; Googlebot-Mobile/2.1; +http://www.google.com/bot.html)"
66.249.75.49 - - [13/Apr/2013:19:25:13 +0200] "GET /news.php?cs_go=archiv&cs_id=3942 HTTP/1.1" 200 12754 "-" "Mozilla/5.0 (compatible; Googlebot/2.1; +http://www.google.com/bot.html)"
66.249.75.49 - - [13/Apr/2013:19:32:46 +0200] "GET /news.php?cs_go=archiv&cs_id=3943 HTTP/1.1" 200 12849 "-" "Mozilla/5.0 (compatible; Googlebot/2.1; +http://www.google.com/bot.html)"
139.18.2.209 - - [13/Apr/2013:19:38:56 +0200] "GET /news.php?cs_go=archiv&cs_startpos=220 HTTP/1.1" 200 6992 "-" "findlinks/2.6 (+http://wortschatz.uni-leipzig.de/findlinks/)"
139.18.2.209 - - [13/Apr/2013:19:38:56 +0200] "GET /news.php?cs_go=archiv&cs_startpos=220 HTTP/1.1" 200 22458 "-" "findlinks/2.6 (+http://wortschatz.uni-leipzig.de/findlinks/)"
66.249.75.49 - - [13/Apr/2013:19:40:20 +0200] "GET /news.php?cs_go=archiv&cs_id=3944 HTTP/1.1" 200 13649 "-" "Mozilla/5.0 (compatible; Googlebot/2.1; +http://www.google.com/bot.html)"
173.199.114.163 - - [13/Apr/2013:19:47:25 +0200] "GET /lexikon.php?cs_go=3&cs_id=1 HTTP/1.1" 200 8557 "-" "Mozilla/5.0 (compatible; AhrefsBot/4.0; +http://ahrefs.com/robot/)"
66.249.75.49 - - [13/Apr/2013:19:47:53 +0200] "GET /news.php?cs_go=archiv&cs_id=2894&cs_search= HTTP/1.1" 200 12603 "-" "Mozilla/5.0 (compatible; Googlebot/2.1; +http://www.google.com/bot.html)"
66.249.75.49 - - [13/Apr/2013:19:51:37 +0200] "GET /news.php?cs_go=archiv&cs_id=2780&cs_search= HTTP/1.1" 200 10089 "-" "Mozilla/5.0 (compatible; Googlebot/2.1; +http://www.google.com/bot.html)"
66.249.75.49 - - [13/Apr/2013:20:02:57 +0200] "GET /news.php?cs_go=archiv&cs_id=2846&cs_search= HTTP/1.1" 200 10833 "-" "Mozilla/5.0 (compatible; Googlebot/2.1; +http://www.google.com/bot.html)"
66.249.75.49 - - [13/Apr/2013:20:06:44 +0200] "GET /news.php?cs_go=archiv&cs_id=2869&cs_search= HTTP/1.1" 200 13381 "-" "Mozilla/5.0 (compatible; Googlebot/2.1; +http://www.google.com/bot.html)"
141.8.147.12 - - [13/Apr/2013:20:15:25 +0200] "GET /news.php?cs_go=archiv&cs_id=3768&cs_search= HTTP/1.1" 200 10220 "-" "Mozilla/5.0 (compatible; YandexBot/3.0; +http://yandex.com/bots)"
66.249.75.49 - - [13/Apr/2013:20:21:50 +0200] "GET /news.php?cs_go=archiv&cs_id=2978&cs_search= HTTP/1.1" 200 9880 "-" "Mozilla/5.0 (compatible; Googlebot/2.1; +http://www.google.com/bot.html)"
66.249.75.49 - - [13/Apr/2013:20:40:42 +0200] "GET /news.php?cs_go=archiv&cs_id=2963 HTTP/1.1" 200 11138 "-" "Mozilla/5.0 (compatible; Googlebot/2.1; +http://www.google.com/bot.html)"
66.249.75.49 - - [13/Apr/2013:20:44:29 +0200] "GET /news.php?cs_go=archiv&cs_id=2945 HTTP/1.1" 200 12154 "-" "Mozilla/5.0 (compatible; Googlebot/2.1; +http://www.google.com/bot.html)"
66.249.75.49 - - [13/Apr/2013:20:52:01 +0200] "GET /news.php?cs_go=archiv&cs_id=2962 HTTP/1.1" 200 11377 "-" "Mozilla/5.0 (compatible; Googlebot/2.1; +http://www.google.com/bot.html)"
66.249.75.49 - - [13/Apr/2013:20:59:34 +0200] "GET /news.php?cs_go=archiv&cs_id=3057&cs_search= HTTP/1.1" 200 14053 "-" "Mozilla/5.0 (compatible; Googlebot/2.1; +http://www.google.com/bot.html)"
66.249.75.49 - - [13/Apr/2013:21:07:07 +0200] "GET /news.php?cs_go=archiv&cs_id=2837&cs_search= HTTP/1.1" 200 13691 "-" "Mozilla/5.0 (compatible; Googlebot/2.1; +http://www.google.com/bot.html)"
182.118.22.216 - - [13/Apr/2013:21:07:41 +0200] "GET /news.php?cs_go=archiv&cs_id=3964 HTTP/1.1" 200 12123 "http://www.mink-gmbh.de/news.php?cs_go=archiv&cs_id=3964" "Mozilla/5.0 (Windows; U; Windows NT 5.1; zh-CN; rv:1.8.0.11) Firefox/1.5.0.11; 360Spider"
182.118.22.216 - - [13/Apr/2013:21:07:41 +0200] "GET /news.php?cs_go=archiv&cs_id=3966 HTTP/1.1" 200 13715 "http://www.mink-gmbh.de/news.php?cs_go=archiv&cs_id=3966" "Mozilla/5.0 (Windows; U; Windows NT 5.1; zh-CN; rv:1.8.0.11) Firefox/1.5.0.11; 360Spider"
141.8.147.12 - - [13/Apr/2013:21:09:07 +0200] "GET /news.php?cs_go=archiv&cs_id=3734&cs_search= HTTP/1.1" 200 11470 "-" "Mozilla/5.0 (compatible; YandexBot/3.0; +http://yandex.com/bots)"
66.249.75.49 - - [13/Apr/2013:21:10:51 +0200] "GET /news.php?cs_go=archiv&cs_id=2826&cs_search= HTTP/1.1" 200 9957 "-" "Mozilla/5.0 (compatible; Googlebot/2.1; +http://www.google.com/bot.html)"
123.125.71.78 - - [13/Apr/2013:21:31:47 +0200] "GET /robots.txt HTTP/1.1" 200 177 "-" "Mozilla/5.0 (Windows NT 5.1; rv:6.0.2) Gecko/20100101 Firefox/6.0.2"
66.249.75.49 - - [13/Apr/2013:21:33:32 +0200] "GET /news.php?cs_go=archiv&cs_id=2856 HTTP/1.1" 200 9932 "-" "Mozilla/5.0 (compatible; Googlebot/2.1; +http://www.google.com/bot.html)"
66.249.75.49 - - [13/Apr/2013:21:41:04 +0200] "GET /news.php?cs_go=archiv&cs_id=3041&cs_search= HTTP/1.1" 200 9878 "-" "Mozilla/5.0 (compatible; Googlebot/2.1; +http://www.google.com/bot.html)"
141.8.147.12 - - [13/Apr/2013:21:43:58 +0200] "GET / HTTP/1.1" 200 12087 "-" "Mozilla/5.0 (compatible; YandexBot/3.0; +http://yandex.com/bots)"
208.115.113.91 - - [13/Apr/2013:21:47:14 +0200] "GET /robots.txt HTTP/1.1" 200 177 "-" "Mozilla/5.0 (compatible; Ezooms/1.0; ezooms.bot@gmail.com)"
5.9.73.202 - - [13/Apr/2013:21:48:57 +0200] "GET /robots.txt HTTP/1.1" 200 177 "-" "Mozilla/5.0 (compatible; Infohelfer/1.3.3; +http://www.infohelfer.de/crawler.php)"
5.9.73.202 - - [13/Apr/2013:21:48:57 +0200] "GET / HTTP/1.1" 200 12087 "-" "Mozilla/5.0 (compatible; Infohelfer/1.3.3; +http://www.infohelfer.de/crawler.php)"
5.9.56.116 - - [13/Apr/2013:21:50:04 +0200] "GET /news.php?cs_go=archiv&cs_id=4069 HTTP/1.1" 200 10378 "-" "Mozilla/5.0 (compatible; Infohelfer/1.3.3; +http://www.infohelfer.de/crawler.php)"
66.249.75.49 - - [13/Apr/2013:22:03:43 +0200] "GET /news.php?cs_go=archiv&cs_id=2835&cs_search= HTTP/1.1" 200 10108 "-" "Mozilla/5.0 (compatible; Googlebot/2.1; +http://www.google.com/bot.html)"
66.249.75.49 - - [13/Apr/2013:22:07:29 +0200] "GET /news.php?cs_go=archiv&cs_id=3017&cs_search= HTTP/1.1" 200 11801 "-" "Mozilla/5.0 (compatible; Googlebot/2.1; +http://www.google.com/bot.html)"
66.249.75.49 - - [13/Apr/2013:22:18:48 +0200] "GET /news.php?cs_go=archiv&cs_id=2805&cs_search= HTTP/1.1" 200 10047 "-" "Mozilla/5.0 (compatible; Googlebot/2.1; +http://www.google.com/bot.html)"
5.147.48.14 - - [13/Apr/2013:22:20:24 +0200] "GET /style.css HTTP/1.1" 200 8418 "http://www.mink-gmbh.de/" "Mozilla/5.0 (iPad; CPU OS 6_1_3 like Mac OS X) AppleWebKit/536.26 (KHTML, like Gecko) CriOS/26.0.1410.50 Mobile/10B329 Safari/8536.25"
5.147.48.14 - - [13/Apr/2013:22:20:24 +0200] "GET /modul.css HTTP/1.1" 200 35038 "http://www.mink-gmbh.de/" "Mozilla/5.0 (iPad; CPU OS 6_1_3 like Mac OS X) AppleWebKit/536.26 (KHTML, like Gecko) CriOS/26.0.1410.50 Mobile/10B329 Safari/8536.25"
5.147.48.14 - - [13/Apr/2013:22:20:25 +0200] "GET /js_contentserver24_greybox/gb_styles.css HTTP/1.1" 200 2302 "http://www.mink-gmbh.de/" "Mozilla/5.0 (iPad; CPU OS 6_1_3 like Mac OS X) AppleWebKit/536.26 (KHTML, like Gecko) CriOS/26.0.1410.50 Mobile/10B329 Safari/8536.25"
5.147.48.14 - - [13/Apr/2013:22:20:25 +0200] "GET /js_contentserver24_greybox/AJS.js HTTP/1.1" 200 10396 "http://www.mink-gmbh.de/" "Mozilla/5.0 (iPad; CPU OS 6_1_3 like Mac OS X) AppleWebKit/536.26 (KHTML, like Gecko) CriOS/26.0.1410.50 Mobile/10B329 Safari/8536.25"
5.147.48.14 - - [13/Apr/2013:22:20:25 +0200] "GET /js_contentserver24_greybox/AJS_fx.js HTTP/1.1" 200 3192 "http://www.mink-gmbh.de/" "Mozilla/5.0 (iPad; CPU OS 6_1_3 like Mac OS X) AppleWebKit/536.26 (KHTML, like Gecko) CriOS/26.0.1410.50 Mobile/10B329 Safari/8536.25"
5.147.48.14 - - [13/Apr/2013:22:20:25 +0200] "GET /js_contentserver24_greybox/gb_scripts.js HTTP/1.1" 200 11913 "http://www.mink-gmbh.de/" "Mozilla/5.0 (iPad; CPU OS 6_1_3 like Mac OS X) AppleWebKit/536.26 (KHTML, like Gecko) CriOS/26.0.1410.50 Mobile/10B329 Safari/8536.25"
5.147.48.14 - - [13/Apr/2013:22:20:24 +0200] "GET / HTTP/1.1" 200 12087 "https://www.google.de/" "Mozilla/5.0 (iPad; CPU OS 6_1_3 like Mac OS X) AppleWebKit/536.26 (KHTML, like Gecko) CriOS/26.0.1410.50 Mobile/10B329 Safari/8536.25"
5.147.48.14 - - [13/Apr/2013:22:20:25 +0200] "GET /images/bg.jpg HTTP/1.1" 200 345 "http://www.mink-gmbh.de/" "Mozilla/5.0 (iPad; CPU OS 6_1_3 like Mac OS X) AppleWebKit/536.26 (KHTML, like Gecko) CriOS/26.0.1410.50 Mobile/10B329 Safari/8536.25"
5.147.48.14 - - [13/Apr/2013:22:20:25 +0200] "GET /favicon.ico HTTP/1.1" 200 3638 "-" "Mozilla/5.0 (iPad; CPU OS 6_1_3 like Mac OS X) AppleWebKit/536.26 (KHTML, like Gecko) CriOS/26.0.1410.50 Mobile/10B329 Safari/8536.25"
5.147.48.14 - - [13/Apr/2013:22:20:25 +0200] "GET /apple-touch-icon-precomposed.png HTTP/1.1" 404 - "-" "Mozilla/5.0 (iPad; CPU OS 6_1_3 like Mac OS X) AppleWebKit/536.26 (KHTML, like Gecko) CriOS/26.0.1410.50 Mobile/10B329 Safari/8536.25"
5.147.48.14 - - [13/Apr/2013:22:20:25 +0200] "GET /js_contentserver24_greybox/w_close.gif HTTP/1.1" 200 74 "http://www.mink-gmbh.de/" "Mozilla/5.0 (iPad; CPU OS 6_1_3 like Mac OS X) AppleWebKit/536.26 (KHTML, like Gecko) CriOS/26.0.1410.50 Mobile/10B329 Safari/8536.25"
5.147.48.14 - - [13/Apr/2013:22:20:25 +0200] "GET /images/close.png HTTP/1.1" 200 703 "http://www.mink-gmbh.de/" "Mozilla/5.0 (iPad; CPU OS 6_1_3 like Mac OS X) AppleWebKit/536.26 (KHTML, like Gecko) CriOS/26.0.1410.50 Mobile/10B329 Safari/8536.25"
5.147.48.14 - - [13/Apr/2013:22:20:25 +0200] "GET /images/newsletter_bg.jpg HTTP/1.1" 200 33610 "http://www.mink-gmbh.de/" "Mozilla/5.0 (iPad; CPU OS 6_1_3 like Mac OS X) AppleWebKit/536.26 (KHTML, like Gecko) CriOS/26.0.1410.50 Mobile/10B329 Safari/8536.25"
5.147.48.14 - - [13/Apr/2013:22:20:25 +0200] "GET /images/newsletter.png HTTP/1.1" 200 14619 "http://www.mink-gmbh.de/" "Mozilla/5.0 (iPad; CPU OS 6_1_3 like Mac OS X) AppleWebKit/536.26 (KHTML, like Gecko) CriOS/26.0.1410.50 Mobile/10B329 Safari/8536.25"
5.147.48.14 - - [13/Apr/2013:22:20:25 +0200] "GET /images/wrapperbg.jpg HTTP/1.1" 200 27465 "http://www.mink-gmbh.de/" "Mozilla/5.0 (iPad; CPU OS 6_1_3 like Mac OS X) AppleWebKit/536.26 (KHTML, like Gecko) CriOS/26.0.1410.50 Mobile/10B329 Safari/8536.25"
5.147.48.14 - - [13/Apr/2013:22:20:25 +0200] "GET /images/header.jpg HTTP/1.1" 200 24413 "http://www.mink-gmbh.de/" "Mozilla/5.0 (iPad; CPU OS 6_1_3 like Mac OS X) AppleWebKit/536.26 (KHTML, like Gecko) CriOS/26.0.1410.50 Mobile/10B329 Safari/8536.25"
5.147.48.14 - - [13/Apr/2013:22:20:25 +0200] "GET /images/navibg.png HTTP/1.1" 200 2803 "http://www.mink-gmbh.de/" "Mozilla/5.0 (iPad; CPU OS 6_1_3 like Mac OS X) AppleWebKit/536.26 (KHTML, like Gecko) CriOS/26.0.1410.50 Mobile/10B329 Safari/8536.25"
5.147.48.14 - - [13/Apr/2013:22:20:25 +0200] "GET /images/fallend.png HTTP/1.1" 200 713 "http://www.mink-gmbh.de/" "Mozilla/5.0 (iPad; CPU OS 6_1_3 like Mac OS X) AppleWebKit/536.26 (KHTML, like Gecko) CriOS/26.0.1410.50 Mobile/10B329 Safari/8536.25"
5.147.48.14 - - [13/Apr/2013:22:20:25 +0200] "GET /images/tkw.jpg HTTP/1.1" 200 64031 "http://www.mink-gmbh.de/" "Mozilla/5.0 (iPad; CPU OS 6_1_3 like Mac OS X) AppleWebKit/536.26 (KHTML, like Gecko) CriOS/26.0.1410.50 Mobile/10B329 Safari/8536.25"
5.147.48.14 - - [13/Apr/2013:22:20:25 +0200] "GET /images/mobil.jpg HTTP/1.1" 200 25293 "http://www.mink-gmbh.de/" "Mozilla/5.0 (iPad; CPU OS 6_1_3 like Mac OS X) AppleWebKit/536.26 (KHTML, like Gecko) CriOS/26.0.1410.50 Mobile/10B329 Safari/8536.25"
5.147.48.14 - - [13/Apr/2013:22:20:25 +0200] "GET /images/newsletter.jpg HTTP/1.1" 200 13130 "http://www.mink-gmbh.de/" "Mozilla/5.0 (iPad; CPU OS 6_1_3 like Mac OS X) AppleWebKit/536.26 (KHTML, like Gecko) CriOS/26.0.1410.50 Mobile/10B329 Safari/8536.25"
5.147.48.14 - - [13/Apr/2013:22:20:25 +0200] "GET /images/freecall.jpg HTTP/1.1" 200 39195 "http://www.mink-gmbh.de/" "Mozilla/5.0 (iPad; CPU OS 6_1_3 like Mac OS X) AppleWebKit/536.26 (KHTML, like Gecko) CriOS/26.0.1410.50 Mobile/10B329 Safari/8536.25"
5.147.48.14 - - [13/Apr/2013:22:20:25 +0200] "GET /images/mail.jpg HTTP/1.1" 200 11165 "http://www.mink-gmbh.de/" "Mozilla/5.0 (iPad; CPU OS 6_1_3 like Mac OS X) AppleWebKit/536.26 (KHTML, like Gecko) CriOS/26.0.1410.50 Mobile/10B329 Safari/8536.25"
5.147.48.14 - - [13/Apr/2013:22:20:25 +0200] "GET /images/kwk.gif HTTP/1.1" 200 6403 "http://www.mink-gmbh.de/" "Mozilla/5.0 (iPad; CPU OS 6_1_3 like Mac OS X) AppleWebKit/536.26 (KHTML, like Gecko) CriOS/26.0.1410.50 Mobile/10B329 Safari/8536.25"
5.147.48.14 - - [13/Apr/2013:22:20:25 +0200] "GET /images/wunschpreis.jpg HTTP/1.1" 200 16767 "http://www.mink-gmbh.de/" "Mozilla/5.0 (iPad; CPU OS 6_1_3 like Mac OS X) AppleWebKit/536.26 (KHTML, like Gecko) CriOS/26.0.1410.50 Mobile/10B329 Safari/8536.25"
5.147.48.14 - - [13/Apr/2013:22:20:25 +0200] "GET /images/logos.jpg HTTP/1.1" 200 15002 "http://www.mink-gmbh.de/" "Mozilla/5.0 (iPad; CPU OS 6_1_3 like Mac OS X) AppleWebKit/536.26 (KHTML, like Gecko) CriOS/26.0.1410.50 Mobile/10B329 Safari/8536.25"
5.147.48.14 - - [13/Apr/2013:22:20:25 +0200] "GET /images/footerbg.jpg HTTP/1.1" 200 2184 "http://www.mink-gmbh.de/" "Mozilla/5.0 (iPad; CPU OS 6_1_3 like Mac OS X) AppleWebKit/536.26 (KHTML, like Gecko) CriOS/26.0.1410.50 Mobile/10B329 Safari/8536.25"
5.147.48.14 - - [13/Apr/2013:22:20:26 +0200] "GET /js_contentserver24_greybox/loader_frame.html?s=0 HTTP/1.1" 200 2084 "http://www.mink-gmbh.de/" "Mozilla/5.0 (iPad; CPU OS 6_1_3 like Mac OS X) AppleWebKit/536.26 (KHTML, like Gecko) CriOS/26.0.1410.50 Mobile/10B329 Safari/8536.25"
5.147.48.14 - - [13/Apr/2013:22:20:26 +0200] "GET /js_contentserver24_greybox/header_bg.gif HTTP/1.1" 200 1188 "http://www.mink-gmbh.de/" "Mozilla/5.0 (iPad; CPU OS 6_1_3 like Mac OS X) AppleWebKit/536.26 (KHTML, like Gecko) CriOS/26.0.1410.50 Mobile/10B329 Safari/8536.25"
5.147.48.14 - - [13/Apr/2013:22:20:26 +0200] "GET /js_contentserver24_greybox/indicator.gif HTTP/1.1" 200 8238 "http://www.mink-gmbh.de/js_contentserver24_greybox/loader_frame.html?s=0" "Mozilla/5.0 (iPad; CPU OS 6_1_3 like Mac OS X) AppleWebKit/536.26 (KHTML, like Gecko) CriOS/26.0.1410.50 Mobile/10B329 Safari/8536.25"
5.147.48.14 - - [13/Apr/2013:22:20:26 +0200] "GET /js_contentserver24_greybox/g_close.gif HTTP/1.1" 200 541 "http://www.mink-gmbh.de/" "Mozilla/5.0 (iPad; CPU OS 6_1_3 like Mac OS X) AppleWebKit/536.26 (KHTML, like Gecko) CriOS/26.0.1410.50 Mobile/10B329 Safari/8536.25"
66.249.75.49 - - [13/Apr/2013:22:25:39 +0200] "GET / HTTP/1.1" 200 12087 "-" "Mozilla/5.0 (compatible; Googlebot/2.1; +http://www.google.com/bot.html)"
66.249.75.49 - - [13/Apr/2013:22:27:38 +0200] "GET /news.php?cs_go=archiv&cs_id=2869&cs_search= HTTP/1.1" 200 13381 "-" "Mozilla/5.0 (iPhone; U; CPU iPhone OS 4_1 like Mac OS X; en-us) AppleWebKit/532.9 (KHTML, like Gecko) Version/4.0.5 Mobile/8B117 Safari/6531.22.7 (compatible; Googlebot-Mobile/2.1; +http://www.google.com/bot.html)"
141.8.147.12 - - [13/Apr/2013:22:28:47 +0200] "GET /index.php HTTP/1.1" 200 12087 "-" "Mozilla/5.0 (compatible; YandexBot/3.0; +http://yandex.com/bots)"
66.249.75.49 - - [13/Apr/2013:22:48:57 +0200] "GET /news.php?cs_go=archiv&cs_id=3945&cs_search= HTTP/1.1" 200 10046 "-" "Mozilla/5.0 (compatible; Googlebot/2.1; +http://www.google.com/bot.html)"
141.8.147.12 - - [13/Apr/2013:23:03:20 +0200] "GET /lexikon.php?cs_go=3&cs_id=61 HTTP/1.1" 200 8792 "-" "Mozilla/5.0 (compatible; YandexBot/3.0; +http://yandex.com/bots)"
66.249.75.49 - - [13/Apr/2013:23:04:02 +0200] "GET /news.php?cs_go=archiv&cs_id=2738&cs_search= HTTP/1.1" 200 11564 "-" "Mozilla/5.0 (compatible; Googlebot/2.1; +http://www.google.com/bot.html)"
65.36.241.79 - - [13/Apr/2013:23:07:44 +0200] "HEAD / HTTP/1.1" 200 - "-" "InternetSeer.com"
31.172.30.4 - - [13/Apr/2013:23:11:09 +0200] "GET /.svn/entries HTTP/1.1" 404 - "-" "-"
5.9.86.85 - - [13/Apr/2013:23:21:57 +0200] "GET /news.php?cs_go=archiv&cs_id=4076 HTTP/1.1" 200 11729 "-" "Mozilla/5.0 (compatible; Infohelfer/1.3.3; +http://www.infohelfer.de/crawler.php)"
130.83.167.153 - - [13/Apr/2013:23:22:17 +0200] "GET /news.php?cs_go=archiv&cs_startpos=40 HTTP/1.1" 200 6992 "-" "findlinks/2.6 (+http://wortschatz.uni-leipzig.de/findlinks/)"
130.83.167.153 - - [13/Apr/2013:23:22:17 +0200] "GET /news.php?cs_go=archiv&cs_startpos=40 HTTP/1.1" 200 22626 "-" "findlinks/2.6 (+http://wortschatz.uni-leipzig.de/findlinks/)"
66.249.75.49 - - [13/Apr/2013:23:22:57 +0200] "GET /news.php?cs_go=archiv&cs_startpos=211 HTTP/1.1" 200 22425 "-" "Mozilla/5.0 (compatible; Googlebot/2.1; +http://www.google.com/bot.html)"
81.30.151.221 - - [13/Apr/2013:23:31:00 +0200] "GET /robots.txt HTTP/1.1" 200 177 "-" "Mozilla/5.0 (compatible; Spiderlytics/1.0; +spider@spiderlytics.com)"
81.30.151.221 - - [13/Apr/2013:23:31:00 +0200] "GET /kontakt.php HTTP/1.1" 200 9198 "-" "Mozilla/5.0 (compatible; Spiderlytics/1.0; +spider@spiderlytics.com)"
208.115.113.91 - - [13/Apr/2013:23:45:02 +0200] "GET /lexikon.php?cs_go=3&cs_id=110 HTTP/1.1" 200 8703 "-" "Mozilla/5.0 (compatible; Ezooms/1.0; ezooms.bot@gmail.com)"
208.115.113.91 - - [13/Apr/2013:23:45:07 +0200] "GET /news.php?cs_go=archiv&cs_startpos=10 HTTP/1.1" 200 22226 "-" "Mozilla/5.0 (compatible; Ezooms/1.0; ezooms.bot@gmail.com)"
5.9.86.112 - - [13/Apr/2013:23:48:28 +0200] "GET /news.php?cs_go=archiv&cs_id=4071 HTTP/1.1" 200 9833 "-" "Mozilla/5.0 (compatible; Infohelfer/1.3.3; +http://www.infohelfer.de/crawler.php)"
