217.5.143.100 - - [12/Apr/2013:08:31:03 +0200] "GET /images/wunschpreis.jpg HTTP/1.1" 200 16767 "http://www.mink-gmbh.de/" "Mozilla/4.0 (compatible; MSIE 7.0; Windows NT 5.1; GTB7.0; .NET CLR 2.0.50727; InfoPath.2; .NET CLR 1.1.4322)"
217.5.143.100 - - [12/Apr/2013:08:31:03 +0200] "GET /images/logos.jpg HTTP/1.1" 200 15002 "http://www.mink-gmbh.de/" "Mozilla/4.0 (compatible; MSIE 7.0; Windows NT 5.1; GTB7.0; .NET CLR 2.0.50727; InfoPath.2; .NET CLR 1.1.4322)"
217.5.143.100 - - [12/Apr/2013:08:31:03 +0200] "GET /images/navibg.png HTTP/1.1" 200 2803 "http://www.mink-gmbh.de/" "Mozilla/4.0 (compatible; MSIE 7.0; Windows NT 5.1; GTB7.0; .NET CLR 2.0.50727; InfoPath.2; .NET CLR 1.1.4322)"
217.5.143.100 - - [12/Apr/2013:08:31:03 +0200] "GET /images/tkw.jpg HTTP/1.1" 200 64031 "http://www.mink-gmbh.de/" "Mozilla/4.0 (compatible; MSIE 7.0; Windows NT 5.1; GTB7.0; .NET CLR 2.0.50727; InfoPath.2; .NET CLR 1.1.4322)"
217.5.143.100 - - [12/Apr/2013:08:31:03 +0200] "GET /images/footerbg.jpg HTTP/1.1" 200 2184 "http://www.mink-gmbh.de/" "Mozilla/4.0 (compatible; MSIE 7.0; Windows NT 5.1; GTB7.0; .NET CLR 2.0.50727; InfoPath.2; .NET CLR 1.1.4322)"
217.5.143.100 - - [12/Apr/2013:08:31:03 +0200] "GET /images/freecall.jpg HTTP/1.1" 200 39195 "http://www.mink-gmbh.de/" "Mozilla/4.0 (compatible; MSIE 7.0; Windows NT 5.1; GTB7.0; .NET CLR 2.0.50727; InfoPath.2; .NET CLR 1.1.4322)"
217.5.143.100 - - [12/Apr/2013:08:31:03 +0200] "GET /images/header.jpg HTTP/1.1" 200 24413 "http://www.mink-gmbh.de/" "Mozilla/4.0 (compatible; MSIE 7.0; Windows NT 5.1; GTB7.0; .NET CLR 2.0.50727; InfoPath.2; .NET CLR 1.1.4322)"
217.5.143.100 - - [12/Apr/2013:08:31:03 +0200] "GET /images/newsletter_bg.jpg HTTP/1.1" 200 33610 "http://www.mink-gmbh.de/" "Mozilla/4.0 (compatible; MSIE 7.0; Windows NT 5.1; GTB7.0; .NET CLR 2.0.50727; InfoPath.2; .NET CLR 1.1.4322)"
217.5.143.100 - - [12/Apr/2013:08:31:03 +0200] "GET /images/wrapperbg.jpg HTTP/1.1" 200 27465 "http://www.mink-gmbh.de/" "Mozilla/4.0 (compatible; MSIE 7.0; Windows NT 5.1; GTB7.0; .NET CLR 2.0.50727; InfoPath.2; .NET CLR 1.1.4322)"
217.5.143.100 - - [12/Apr/2013:08:31:03 +0200] "GET /js_contentserver24_greybox/loader_frame.html?s=0 HTTP/1.1" 200 2084 "http://www.mink-gmbh.de/" "Mozilla/4.0 (compatible; MSIE 7.0; Windows NT 5.1; GTB7.0; .NET CLR 2.0.50727; InfoPath.2; .NET CLR 1.1.4322)"
217.5.143.100 - - [12/Apr/2013:08:31:04 +0200] "GET /js_contentserver24_greybox/indicator.gif HTTP/1.1" 200 8238 "http://www.mink-gmbh.de/js_contentserver24_greybox/loader_frame.html?s=0" "Mozilla/4.0 (compatible; MSIE 7.0; Windows NT 5.1; GTB7.0; .NET CLR 2.0.50727; InfoPath.2; .NET CLR 1.1.4322)"
217.5.143.100 - - [12/Apr/2013:08:31:04 +0200] "GET /images/newsletter.jpg HTTP/1.1" 200 13130 "http://www.mink-gmbh.de/" "Mozilla/4.0 (compatible; MSIE 7.0; Windows NT 5.1; GTB7.0; .NET CLR 2.0.50727; InfoPath.2; .NET CLR 1.1.4322)"
217.5.143.100 - - [12/Apr/2013:08:31:04 +0200] "GET /images/newsletter.png HTTP/1.1" 200 14619 "http://www.mink-gmbh.de/" "Mozilla/4.0 (compatible; MSIE 7.0; Windows NT 5.1; GTB7.0; .NET CLR 2.0.50727; InfoPath.2; .NET CLR 1.1.4322)"
217.5.143.100 - - [12/Apr/2013:08:31:05 +0200] "GET /images/close.png HTTP/1.1" 200 703 "http://www.mink-gmbh.de/" "Mozilla/4.0 (compatible; MSIE 7.0; Windows NT 5.1; GTB7.0; .NET CLR 2.0.50727; InfoPath.2; .NET CLR 1.1.4322)"
217.5.143.100 - - [12/Apr/2013:08:31:05 +0200] "GET /favicon.ico HTTP/1.1" 200 3638 "-" "Mozilla/4.0 (compatible; MSIE 7.0; Windows NT 5.1; GTB7.0; .NET CLR 2.0.50727; InfoPath.2; .NET CLR 1.1.4322)"
217.5.143.100 - - [12/Apr/2013:08:31:05 +0200] "GET /js_contentserver24_greybox/g_close.gif HTTP/1.1" 200 541 "http://www.mink-gmbh.de/" "Mozilla/4.0 (compatible; MSIE 7.0; Windows NT 5.1; GTB7.0; .NET CLR 2.0.50727; InfoPath.2; .NET CLR 1.1.4322)"
87.123.65.194 - - [12/Apr/2013:08:45:24 +0200] "GET / HTTP/1.1" 200 12097 "http://www.google.de/url?sa=t&rct=j&q=esso%20mink&source=web&cd=1&ved=0CD4QFjAA&url=http%3A%2F%2Fwww.mink-gmbh.de%2F&ei=Uq1nUYOOBY7DtAb3g4GYBQ&usg=AFQjCNFHX4Iglls9oo-KYXTmDUV_5KOVIg&bvm=bv.45175338,d.Yms" "Mozilla/5.0 (Macintosh; Intel Mac OS X 10_6_8) AppleWebKit/534.58.2 (KHTML, like Gecko) Version/5.1.8 Safari/534.58.2"
87.123.65.194 - - [12/Apr/2013:08:45:35 +0200] "GET /kontakt.php HTTP/1.1" 200 9111 "http://www.mink-gmbh.de/" "Mozilla/5.0 (Macintosh; Intel Mac OS X 10_6_8) AppleWebKit/534.58.2 (KHTML, like Gecko) Version/5.1.8 Safari/534.58.2"
87.123.65.194 - - [12/Apr/2013:08:45:41 +0200] "GET /impressum.php HTTP/1.1" 200 8495 "http://www.mink-gmbh.de/kontakt.php" "Mozilla/5.0 (Macintosh; Intel Mac OS X 10_6_8) AppleWebKit/534.58.2 (KHTML, like Gecko) Version/5.1.8 Safari/534.58.2"
87.123.65.194 - - [12/Apr/2013:08:45:43 +0200] "GET /index.php HTTP/1.1" 200 11356 "http://www.mink-gmbh.de/impressum.php" "Mozilla/5.0 (Macintosh; Intel Mac OS X 10_6_8) AppleWebKit/534.58.2 (KHTML, like Gecko) Version/5.1.8 Safari/534.58.2"
93.192.59.116 - - [12/Apr/2013:08:52:38 +0200] "GET /style.css HTTP/1.1" 200 8418 "http://www.mink-gmbh.de/" "Mozilla/5.0 (compatible; MSIE 9.0; Windows NT 6.1; Trident/5.0)"
93.192.59.116 - - [12/Apr/2013:08:52:38 +0200] "GET /modul.css HTTP/1.1" 200 35038 "http://www.mink-gmbh.de/" "Mozilla/5.0 (compatible; MSIE 9.0; Windows NT 6.1; Trident/5.0)"
93.192.59.116 - - [12/Apr/2013:08:52:38 +0200] "GET /js_contentserver24_greybox/AJS.js HTTP/1.1" 200 10396 "http://www.mink-gmbh.de/" "Mozilla/5.0 (compatible; MSIE 9.0; Windows NT 6.1; Trident/5.0)"
93.192.59.116 - - [12/Apr/2013:08:52:38 +0200] "GET /js_contentserver24_greybox/AJS_fx.js HTTP/1.1" 200 3192 "http://www.mink-gmbh.de/" "Mozilla/5.0 (compatible; MSIE 9.0; Windows NT 6.1; Trident/5.0)"
93.192.59.116 - - [12/Apr/2013:08:52:38 +0200] "GET /js_contentserver24_greybox/gb_styles.css HTTP/1.1" 200 2302 "http://www.mink-gmbh.de/" "Mozilla/5.0 (compatible; MSIE 9.0; Windows NT 6.1; Trident/5.0)"
93.192.59.116 - - [12/Apr/2013:08:52:38 +0200] "GET /js_contentserver24_greybox/gb_scripts.js HTTP/1.1" 200 11913 "http://www.mink-gmbh.de/" "Mozilla/5.0 (compatible; MSIE 9.0; Windows NT 6.1; Trident/5.0)"
93.192.59.116 - - [12/Apr/2013:08:52:37 +0200] "GET / HTTP/1.1" 200 12092 "http://www.google.de/url?sa=t&rct=j&q=mink&source=web&cd=5&sqi=2&ved=0CFEQFjAE&url=http%3A%2F%2Fwww.mink-gmbh.de%2F&ei=1q5nUbSoF4TusgbrhYGYAg&usg=AFQjCNFHX4Iglls9oo-KYXTmDUV_5KOVIg" "Mozilla/5.0 (compatible; MSIE 9.0; Windows NT 6.1; Trident/5.0)"
93.192.59.116 - - [12/Apr/2013:08:52:38 +0200] "GET /images/mail.jpg HTTP/1.1" 200 11165 "http://www.mink-gmbh.de/" "Mozilla/5.0 (compatible; MSIE 9.0; Windows NT 6.1; Trident/5.0)"
93.192.59.116 - - [12/Apr/2013:08:52:38 +0200] "GET /images/wunschpreis.jpg HTTP/1.1" 200 16767 "http://www.mink-gmbh.de/" "Mozilla/5.0 (compatible; MSIE 9.0; Windows NT 6.1; Trident/5.0)"
93.192.59.116 - - [12/Apr/2013:08:52:38 +0200] "GET /images/kwk.gif HTTP/1.1" 200 6403 "http://www.mink-gmbh.de/" "Mozilla/5.0 (compatible; MSIE 9.0; Windows NT 6.1; Trident/5.0)"
93.192.59.116 - - [12/Apr/2013:08:52:38 +0200] "GET /images/logos.jpg HTTP/1.1" 200 15002 "http://www.mink-gmbh.de/" "Mozilla/5.0 (compatible; MSIE 9.0; Windows NT 6.1; Trident/5.0)"
93.192.59.116 - - [12/Apr/2013:08:52:38 +0200] "GET /images/tkw.jpg HTTP/1.1" 200 64031 "http://www.mink-gmbh.de/" "Mozilla/5.0 (compatible; MSIE 9.0; Windows NT 6.1; Trident/5.0)"
93.192.59.116 - - [12/Apr/2013:08:52:38 +0200] "GET /images/bg.jpg HTTP/1.1" 200 345 "http://www.mink-gmbh.de/" "Mozilla/5.0 (compatible; MSIE 9.0; Windows NT 6.1; Trident/5.0)"
93.192.59.116 - - [12/Apr/2013:08:52:38 +0200] "GET /js_contentserver24_greybox/w_close.gif HTTP/1.1" 200 74 "http://www.mink-gmbh.de/" "Mozilla/5.0 (compatible; MSIE 9.0; Windows NT 6.1; Trident/5.0)"
93.192.59.116 - - [12/Apr/2013:08:52:38 +0200] "GET /images/freecall.jpg HTTP/1.1" 200 39195 "http://www.mink-gmbh.de/" "Mozilla/5.0 (compatible; MSIE 9.0; Windows NT 6.1; Trident/5.0)"
93.192.59.116 - - [12/Apr/2013:08:52:38 +0200] "GET /images/footerbg.jpg HTTP/1.1" 200 2184 "http://www.mink-gmbh.de/" "Mozilla/5.0 (compatible; MSIE 9.0; Windows NT 6.1; Trident/5.0)"
93.192.59.116 - - [12/Apr/2013:08:52:38 +0200] "GET /images/newsletter.jpg HTTP/1.1" 200 13130 "http://www.mink-gmbh.de/" "Mozilla/5.0 (compatible; MSIE 9.0; Windows NT 6.1; Trident/5.0)"
93.192.59.116 - - [12/Apr/2013:08:52:38 +0200] "GET /images/mobil.jpg HTTP/1.1" 200 25293 "http://www.mink-gmbh.de/" "Mozilla/5.0 (compatible; MSIE 9.0; Windows NT 6.1; Trident/5.0)"
93.192.59.116 - - [12/Apr/2013:08:52:38 +0200] "GET /images/fallend.png HTTP/1.1" 200 713 "http://www.mink-gmbh.de/" "Mozilla/5.0 (compatible; MSIE 9.0; Windows NT 6.1; Trident/5.0)"
93.192.59.116 - - [12/Apr/2013:08:52:38 +0200] "GET /images/header.jpg HTTP/1.1" 200 24413 "http://www.mink-gmbh.de/" "Mozilla/5.0 (compatible; MSIE 9.0; Windows NT 6.1; Trident/5.0)"
93.192.59.116 - - [12/Apr/2013:08:52:38 +0200] "GET /images/newsletter.png HTTP/1.1" 200 14619 "http://www.mink-gmbh.de/" "Mozilla/5.0 (compatible; MSIE 9.0; Windows NT 6.1; Trident/5.0)"
93.192.59.116 - - [12/Apr/2013:08:52:38 +0200] "GET /images/close.png HTTP/1.1" 200 703 "http://www.mink-gmbh.de/" "Mozilla/5.0 (compatible; MSIE 9.0; Windows NT 6.1; Trident/5.0)"
93.192.59.116 - - [12/Apr/2013:08:52:38 +0200] "GET /images/navibg.png HTTP/1.1" 200 2803 "http://www.mink-gmbh.de/" "Mozilla/5.0 (compatible; MSIE 9.0; Windows NT 6.1; Trident/5.0)"
93.192.59.116 - - [12/Apr/2013:08:52:38 +0200] "GET /images/wrapperbg.jpg HTTP/1.1" 200 27465 "http://www.mink-gmbh.de/" "Mozilla/5.0 (compatible; MSIE 9.0; Windows NT 6.1; Trident/5.0)"
93.192.59.116 - - [12/Apr/2013:08:52:38 +0200] "GET /images/newsletter_bg.jpg HTTP/1.1" 200 33610 "http://www.mink-gmbh.de/" "Mozilla/5.0 (compatible; MSIE 9.0; Windows NT 6.1; Trident/5.0)"
93.192.59.116 - - [12/Apr/2013:08:52:38 +0200] "GET /js_contentserver24_greybox/header_bg.gif HTTP/1.1" 200 1188 "http://www.mink-gmbh.de/" "Mozilla/5.0 (compatible; MSIE 9.0; Windows NT 6.1; Trident/5.0)"
93.192.59.116 - - [12/Apr/2013:08:52:38 +0200] "GET /js_contentserver24_greybox/loader_frame.html?s=0 HTTP/1.1" 200 2084 "http://www.mink-gmbh.de/" "Mozilla/5.0 (compatible; MSIE 9.0; Windows NT 6.1; Trident/5.0)"
93.192.59.116 - - [12/Apr/2013:08:52:39 +0200] "GET /js_contentserver24_greybox/indicator.gif HTTP/1.1" 200 8238 "http://www.mink-gmbh.de/js_contentserver24_greybox/loader_frame.html?s=0" "Mozilla/5.0 (compatible; MSIE 9.0; Windows NT 6.1; Trident/5.0)"
93.192.59.116 - - [12/Apr/2013:08:52:39 +0200] "GET /js_contentserver24_greybox/g_close.gif HTTP/1.1" 200 541 "http://www.mink-gmbh.de/" "Mozilla/5.0 (compatible; MSIE 9.0; Windows NT 6.1; Trident/5.0)"
93.192.59.116 - - [12/Apr/2013:08:52:39 +0200] "GET /favicon.ico HTTP/1.1" 200 3638 "-" "Mozilla/5.0 (compatible; MSIE 9.0; Windows NT 6.1; Trident/5.0)"
93.192.59.116 - - [12/Apr/2013:08:52:49 +0200] "GET /standard.php HTTP/1.1" 200 9131 "http://www.mink-gmbh.de/" "Mozilla/5.0 (compatible; MSIE 9.0; Windows NT 6.1; Trident/5.0)"
93.192.59.116 - - [12/Apr/2013:08:52:52 +0200] "GET / HTTP/1.1" 200 11351 "http://www.google.de/url?sa=t&rct=j&q=mink&source=web&cd=5&sqi=2&ved=0CFEQFjAE&url=http%3A%2F%2Fwww.mink-gmbh.de%2F&ei=1q5nUbSoF4TusgbrhYGYAg&usg=AFQjCNFHX4Iglls9oo-KYXTmDUV_5KOVIg" "Mozilla/5.0 (compatible; MSIE 9.0; Windows NT 6.1; Trident/5.0)"
87.123.65.194 - - [12/Apr/2013:08:53:45 +0200] "GET / HTTP/1.1" 200 12092 "http://www.google.de/url?sa=t&rct=j&q=esso%20mink&source=web&cd=1&ved=0CDMQFjAA&url=http%3A%2F%2Fwww.mink-gmbh.de%2F&ei=P69nUcP8O87MtAa_r4GoCQ&usg=AFQjCNFHX4Iglls9oo-KYXTmDUV_5KOVIg&bvm=bv.45175338,d.Yms" "Mozilla/5.0 (Macintosh; Intel Mac OS X 10_6_8) AppleWebKit/534.58.2 (KHTML, like Gecko) Version/5.1.8 Safari/534.58.2"
150.70.64.216 - - [12/Apr/2013:08:55:01 +0200] "GET / HTTP/1.0" 200 12092 "-" "Mozilla/4.0 (compatible; MSIE 6.0; Windows NT 5.1)"
150.70.172.202 - - [12/Apr/2013:08:57:46 +0200] "GET /js_contentserver24_greybox/gb_scripts.js HTTP/1.0" 200 11913 "-" "Mozilla/4.0 (compatible; MSIE 6.0; Windows NT 5.1)"
150.70.172.202 - - [12/Apr/2013:08:57:53 +0200] "GET /js_contentserver24_greybox/AJS_fx.js HTTP/1.0" 200 3192 "-" "Mozilla/4.0 (compatible; MSIE 6.0; Windows NT 5.1)"
150.70.172.207 - - [12/Apr/2013:08:58:33 +0200] "GET /js_contentserver24_greybox/loader_frame.html?s=0 HTTP/1.0" 200 2084 "-" "Mozilla/4.0 (compatible; MSIE 6.0; Windows NT 5.1)"
150.70.172.207 - - [12/Apr/2013:08:58:41 +0200] "GET /js_contentserver24_greybox/AJS.js HTTP/1.0" 200 10396 "-" "Mozilla/4.0 (compatible; MSIE 6.0; Windows NT 5.1)"
66.249.78.46 - - [12/Apr/2013:09:52:46 +0200] "GET / HTTP/1.1" 200 12109 "-" "Mozilla/5.0 (iPhone; U; CPU iPhone OS 4_1 like Mac OS X; en-us) AppleWebKit/532.9 (KHTML, like Gecko) Version/4.0.5 Mobile/8B117 Safari/6531.22.7 (compatible; Googlebot-Mobile/2.1; +http://www.google.com/bot.html)"
141.8.147.12 - - [12/Apr/2013:10:07:08 +0200] "GET /lexikon.php?cs_go=3&cs_id=60 HTTP/1.1" 200 8500 "-" "Mozilla/5.0 (compatible; YandexBot/3.0; +http://yandex.com/bots)"
46.161.41.24 - - [12/Apr/2013:10:11:36 +0200] "GET / HTTP/1.1" 200 12109 "-" "Mozilla/4.0 (compatible; MSIE 6.0; MSIE 5.5; Windows 95) Opera 7.03 [de]"
83.149.126.98 - - [12/Apr/2013:10:38:35 +0200] "GET /robots.txt HTTP/1.0" 200 177 "-" "Mozilla/5.0 (compatible; MJ12bot/v1.4.3; http://www.majestic12.co.uk/bot.php?+)"
83.149.126.98 - - [12/Apr/2013:10:38:36 +0200] "GET /news.php?cs_go=archiv&cs_id=4057 HTTP/1.0" 200 13242 "-" "Mozilla/5.0 (compatible; MJ12bot/v1.4.3; http://www.majestic12.co.uk/bot.php?+)"
130.83.167.153 - - [12/Apr/2013:10:56:30 +0200] "GET /news.php?cs_go=archiv&cs_startpos=50 HTTP/1.1" 200 6992 "-" "findlinks/2.6 (+http://wortschatz.uni-leipzig.de/findlinks/)"
130.83.167.153 - - [12/Apr/2013:10:56:30 +0200] "GET /news.php?cs_go=archiv&cs_startpos=50 HTTP/1.1" 200 22816 "-" "findlinks/2.6 (+http://wortschatz.uni-leipzig.de/findlinks/)"
66.249.78.46 - - [12/Apr/2013:11:49:58 +0200] "GET /preisanfrage.php HTTP/1.1" 200 10735 "-" "Mozilla/5.0 (compatible; Googlebot/2.1; +http://www.google.com/bot.html)"
65.36.241.79 - - [12/Apr/2013:12:00:52 +0200] "HEAD / HTTP/1.1" 200 - "-" "InternetSeer.com"
66.249.78.46 - - [12/Apr/2013:12:04:10 +0200] "GET /jobs.php HTTP/1.1" 200 7200 "-" "Mozilla/5.0 (compatible; Googlebot/2.1; +http://www.google.com/bot.html)"
66.249.78.46 - - [12/Apr/2013:12:25:16 +0200] "GET /standard.php HTTP/1.1" 200 9218 "-" "Mozilla/5.0 (compatible; Googlebot/2.1; +http://www.google.com/bot.html)"
66.249.75.49 - - [12/Apr/2013:12:56:57 +0200] "GET /robots.txt HTTP/1.1" 200 177 "-" "Mozilla/5.0 (compatible; Googlebot/2.1; +http://www.google.com/bot.html)"
66.249.75.49 - - [12/Apr/2013:12:56:57 +0200] "GET /news.php?cs_go=archiv&cs_id=3234 HTTP/1.1" 200 12378 "-" "Mozilla/5.0 (compatible; Googlebot/2.1; +http://www.google.com/bot.html)"
123.125.71.18 - - [12/Apr/2013:12:58:39 +0200] "GET /robots.txt HTTP/1.1" 200 177 "-" "Mozilla/5.0 (Windows NT 5.1; rv:6.0.2) Gecko/20100101 Firefox/6.0.2"
123.125.71.70 - - [12/Apr/2013:13:11:29 +0200] "GET / HTTP/1.1" 200 12109 "-" "Mozilla/5.0 (compatible; Baiduspider/2.0; +http://www.baidu.com/search/spider.html)"
66.249.75.49 - - [12/Apr/2013:13:17:50 +0200] "GET /jobs.php HTTP/1.1" 200 7200 "-" "Mozilla/5.0 (iPhone; U; CPU iPhone OS 4_1 like Mac OS X; en-us) AppleWebKit/532.9 (KHTML, like Gecko) Version/4.0.5 Mobile/8B117 Safari/6531.22.7 (compatible; Googlebot-Mobile/2.1; +http://www.google.com/bot.html)"
80.187.111.124 - - [12/Apr/2013:13:20:44 +0200] "GET /style.css HTTP/1.1" 200 8418 "-" "Mozilla/5.0 (Linux; U; Android 4.0.4; de-de; SonyST26i Build/11.0.A.7.5) AppleWebKit/534.30 (KHTML, like Gecko) Version/4.0 Mobile Safari/534.30"
80.187.111.124 - - [12/Apr/2013:13:20:44 +0200] "GET /modul.css HTTP/1.1" 200 35038 "-" "Mozilla/5.0 (Linux; U; Android 4.0.4; de-de; SonyST26i Build/11.0.A.7.5) AppleWebKit/534.30 (KHTML, like Gecko) Version/4.0 Mobile Safari/534.30"
80.187.111.124 - - [12/Apr/2013:13:20:44 +0200] "GET /js_contentserver24_greybox/AJS.js HTTP/1.1" 200 10396 "-" "Mozilla/5.0 (Linux; U; Android 4.0.4; de-de; SonyST26i Build/11.0.A.7.5) AppleWebKit/534.30 (KHTML, like Gecko) Version/4.0 Mobile Safari/534.30"
80.187.111.124 - - [12/Apr/2013:13:20:44 +0200] "GET /js_contentserver24_greybox/AJS_fx.js HTTP/1.1" 200 3192 "-" "Mozilla/5.0 (Linux; U; Android 4.0.4; de-de; SonyST26i Build/11.0.A.7.5) AppleWebKit/534.30 (KHTML, like Gecko) Version/4.0 Mobile Safari/534.30"
80.187.111.124 - - [12/Apr/2013:13:20:44 +0200] "GET /js_contentserver24_greybox/gb_scripts.js HTTP/1.1" 200 11913 "-" "Mozilla/5.0 (Linux; U; Android 4.0.4; de-de; SonyST26i Build/11.0.A.7.5) AppleWebKit/534.30 (KHTML, like Gecko) Version/4.0 Mobile Safari/534.30"
80.187.111.124 - - [12/Apr/2013:13:20:44 +0200] "GET /js_contentserver24_greybox/gb_styles.css HTTP/1.1" 200 2302 "-" "Mozilla/5.0 (Linux; U; Android 4.0.4; de-de; SonyST26i Build/11.0.A.7.5) AppleWebKit/534.30 (KHTML, like Gecko) Version/4.0 Mobile Safari/534.30"
80.187.111.124 - - [12/Apr/2013:13:20:43 +0200] "GET / HTTP/1.1" 200 12109 "-" "Mozilla/5.0 (Linux; U; Android 4.0.4; de-de; SonyST26i Build/11.0.A.7.5) AppleWebKit/534.30 (KHTML, like Gecko) Version/4.0 Mobile Safari/534.30"
80.187.111.124 - - [12/Apr/2013:13:20:59 +0200] "GET /images/bg.jpg HTTP/1.1" 304 - "http://www.mink-gmbh.de/" "Mozilla/5.0 (Linux; U; Android 4.0.4; de-de; SonyST26i Build/11.0.A.7.5) AppleWebKit/534.30 (KHTML, like Gecko) Version/4.0 Mobile Safari/534.30"
80.187.111.124 - - [12/Apr/2013:13:21:00 +0200] "GET /js_contentserver24_greybox/loader_frame.html?s=0 HTTP/1.1" 304 - "http://www.mink-gmbh.de/" "Mozilla/5.0 (Linux; U; Android 4.0.4; de-de; SonyST26i Build/11.0.A.7.5) AppleWebKit/534.30 (KHTML, like Gecko) Version/4.0 Mobile Safari/534.30"
80.187.111.124 - - [12/Apr/2013:13:21:00 +0200] "GET /images/tkw.jpg HTTP/1.1" 304 - "http://www.mink-gmbh.de/" "Mozilla/5.0 (Linux; U; Android 4.0.4; de-de; SonyST26i Build/11.0.A.7.5) AppleWebKit/534.30 (KHTML, like Gecko) Version/4.0 Mobile Safari/534.30"
80.187.111.124 - - [12/Apr/2013:13:21:01 +0200] "GET /images/freecall.jpg HTTP/1.1" 304 - "http://www.mink-gmbh.de/" "Mozilla/5.0 (Linux; U; Android 4.0.4; de-de; SonyST26i Build/11.0.A.7.5) AppleWebKit/534.30 (KHTML, like Gecko) Version/4.0 Mobile Safari/534.30"
80.187.111.124 - - [12/Apr/2013:13:21:01 +0200] "GET /images/mail.jpg HTTP/1.1" 304 - "http://www.mink-gmbh.de/" "Mozilla/5.0 (Linux; U; Android 4.0.4; de-de; SonyST26i Build/11.0.A.7.5) AppleWebKit/534.30 (KHTML, like Gecko) Version/4.0 Mobile Safari/534.30"
80.187.111.124 - - [12/Apr/2013:13:21:01 +0200] "GET /images/kwk.gif HTTP/1.1" 304 - "http://www.mink-gmbh.de/" "Mozilla/5.0 (Linux; U; Android 4.0.4; de-de; SonyST26i Build/11.0.A.7.5) AppleWebKit/534.30 (KHTML, like Gecko) Version/4.0 Mobile Safari/534.30"
80.187.111.124 - - [12/Apr/2013:13:21:01 +0200] "GET /images/wunschpreis.jpg HTTP/1.1" 304 - "http://www.mink-gmbh.de/" "Mozilla/5.0 (Linux; U; Android 4.0.4; de-de; SonyST26i Build/11.0.A.7.5) AppleWebKit/534.30 (KHTML, like Gecko) Version/4.0 Mobile Safari/534.30"
80.187.111.124 - - [12/Apr/2013:13:21:02 +0200] "GET /images/logos.jpg HTTP/1.1" 304 - "http://www.mink-gmbh.de/" "Mozilla/5.0 (Linux; U; Android 4.0.4; de-de; SonyST26i Build/11.0.A.7.5) AppleWebKit/534.30 (KHTML, like Gecko) Version/4.0 Mobile Safari/534.30"
80.187.111.124 - - [12/Apr/2013:13:21:02 +0200] "GET /js_contentserver24_greybox/w_close.gif HTTP/1.1" 304 - "http://www.mink-gmbh.de/" "Mozilla/5.0 (Linux; U; Android 4.0.4; de-de; SonyST26i Build/11.0.A.7.5) AppleWebKit/534.30 (KHTML, like Gecko) Version/4.0 Mobile Safari/534.30"
80.187.111.124 - - [12/Apr/2013:13:21:02 +0200] "GET /images/close.png HTTP/1.1" 304 - "http://www.mink-gmbh.de/" "Mozilla/5.0 (Linux; U; Android 4.0.4; de-de; SonyST26i Build/11.0.A.7.5) AppleWebKit/534.30 (KHTML, like Gecko) Version/4.0 Mobile Safari/534.30"
80.187.111.124 - - [12/Apr/2013:13:21:02 +0200] "GET /images/newsletter_bg.jpg HTTP/1.1" 304 - "http://www.mink-gmbh.de/" "Mozilla/5.0 (Linux; U; Android 4.0.4; de-de; SonyST26i Build/11.0.A.7.5) AppleWebKit/534.30 (KHTML, like Gecko) Version/4.0 Mobile Safari/534.30"
80.187.111.124 - - [12/Apr/2013:13:21:02 +0200] "GET /images/newsletter.png HTTP/1.1" 304 - "http://www.mink-gmbh.de/" "Mozilla/5.0 (Linux; U; Android 4.0.4; de-de; SonyST26i Build/11.0.A.7.5) AppleWebKit/534.30 (KHTML, like Gecko) Version/4.0 Mobile Safari/534.30"
80.187.111.124 - - [12/Apr/2013:13:21:02 +0200] "GET /images/wrapperbg.jpg HTTP/1.1" 304 - "http://www.mink-gmbh.de/" "Mozilla/5.0 (Linux; U; Android 4.0.4; de-de; SonyST26i Build/11.0.A.7.5) AppleWebKit/534.30 (KHTML, like Gecko) Version/4.0 Mobile Safari/534.30"
80.187.111.124 - - [12/Apr/2013:13:21:04 +0200] "GET /images/header.jpg HTTP/1.1" 304 - "http://www.mink-gmbh.de/" "Mozilla/5.0 (Linux; U; Android 4.0.4; de-de; SonyST26i Build/11.0.A.7.5) AppleWebKit/534.30 (KHTML, like Gecko) Version/4.0 Mobile Safari/534.30"
80.187.111.124 - - [12/Apr/2013:13:21:04 +0200] "GET /images/navibg.png HTTP/1.1" 304 - "http://www.mink-gmbh.de/" "Mozilla/5.0 (Linux; U; Android 4.0.4; de-de; SonyST26i Build/11.0.A.7.5) AppleWebKit/534.30 (KHTML, like Gecko) Version/4.0 Mobile Safari/534.30"
80.187.111.124 - - [12/Apr/2013:13:21:04 +0200] "GET /images/fallend.png HTTP/1.1" 304 - "http://www.mink-gmbh.de/" "Mozilla/5.0 (Linux; U; Android 4.0.4; de-de; SonyST26i Build/11.0.A.7.5) AppleWebKit/534.30 (KHTML, like Gecko) Version/4.0 Mobile Safari/534.30"
80.187.111.124 - - [12/Apr/2013:13:21:04 +0200] "GET /images/mobil.jpg HTTP/1.1" 304 - "http://www.mink-gmbh.de/" "Mozilla/5.0 (Linux; U; Android 4.0.4; de-de; SonyST26i Build/11.0.A.7.5) AppleWebKit/534.30 (KHTML, like Gecko) Version/4.0 Mobile Safari/534.30"
80.187.111.124 - - [12/Apr/2013:13:21:05 +0200] "GET /images/newsletter.jpg HTTP/1.1" 304 - "http://www.mink-gmbh.de/" "Mozilla/5.0 (Linux; U; Android 4.0.4; de-de; SonyST26i Build/11.0.A.7.5) AppleWebKit/534.30 (KHTML, like Gecko) Version/4.0 Mobile Safari/534.30"
80.187.111.124 - - [12/Apr/2013:13:21:05 +0200] "GET /images/footerbg.jpg HTTP/1.1" 304 - "http://www.mink-gmbh.de/" "Mozilla/5.0 (Linux; U; Android 4.0.4; de-de; SonyST26i Build/11.0.A.7.5) AppleWebKit/534.30 (KHTML, like Gecko) Version/4.0 Mobile Safari/534.30"
80.187.111.124 - - [12/Apr/2013:13:21:05 +0200] "GET /js_contentserver24_greybox/header_bg.gif HTTP/1.1" 304 - "http://www.mink-gmbh.de/" "Mozilla/5.0 (Linux; U; Android 4.0.4; de-de; SonyST26i Build/11.0.A.7.5) AppleWebKit/534.30 (KHTML, like Gecko) Version/4.0 Mobile Safari/534.30"
80.187.111.124 - - [12/Apr/2013:13:21:16 +0200] "GET /js_contentserver24_greybox/indicator.gif HTTP/1.1" 304 - "http://www.mink-gmbh.de/js_contentserver24_greybox/loader_frame.html?s=0" "Mozilla/5.0 (Linux; U; Android 4.0.4; de-de; SonyST26i Build/11.0.A.7.5) AppleWebKit/534.30 (KHTML, like Gecko) Version/4.0 Mobile Safari/534.30"
80.187.111.124 - - [12/Apr/2013:13:21:17 +0200] "GET /favicon.ico HTTP/1.1" 304 - "http://www.mink-gmbh.de/" "Mozilla/5.0 (Linux; U; Android 4.0.4; de-de; SonyST26i Build/11.0.A.7.5) AppleWebKit/534.30 (KHTML, like Gecko) Version/4.0 Mobile Safari/534.30"
80.187.111.124 - - [12/Apr/2013:13:21:17 +0200] "GET /js_contentserver24_greybox/g_close.gif HTTP/1.1" 304 - "http://www.mink-gmbh.de/" "Mozilla/5.0 (Linux; U; Android 4.0.4; de-de; SonyST26i Build/11.0.A.7.5) AppleWebKit/534.30 (KHTML, like Gecko) Version/4.0 Mobile Safari/534.30"
80.187.111.124 - - [12/Apr/2013:13:21:17 +0200] "GET /js_contentserver24_greybox/indicator.gif HTTP/1.1" 304 - "http://www.mink-gmbh.de/" "Mozilla/5.0 (Linux; U; Android 4.0.4; de-de; SonyST26i Build/11.0.A.7.5) AppleWebKit/534.30 (KHTML, like Gecko) Version/4.0 Mobile Safari/534.30"
123.125.71.33 - - [12/Apr/2013:13:30:11 +0200] "GET / HTTP/1.1" 200 8695 "-" "Mozilla/5.0 (compatible; Baiduspider/2.0; +http://www.baidu.com/search/spider.html)"
89.247.10.71 - - [12/Apr/2013:13:52:39 +0200] "GET /index.php HTTP/1.1" 200 12092 "-" "Mozilla/5.0 (Windows NT 6.1; rv:19.0) Gecko/20100101 Firefox/19.0"
89.247.10.71 - - [12/Apr/2013:13:52:39 +0200] "GET /js_contentserver24_greybox/loader_frame.html?s=0 HTTP/1.1" 304 - "http://www.mink-gmbh.de/index.php" "Mozilla/5.0 (Windows NT 6.1; rv:19.0) Gecko/20100101 Firefox/19.0"
66.249.75.49 - - [12/Apr/2013:14:19:34 +0200] "GET /news.php?cs_go=archiv&cs_id=2894&cs_search= HTTP/1.1" 200 12603 "-" "Mozilla/5.0 (compatible; Googlebot/2.1; +http://www.google.com/bot.html)"
91.37.190.82 - - [12/Apr/2013:14:22:47 +0200] "GET /style.css HTTP/1.1" 200 8418 "http://www.mink-gmbh.de/" "Mozilla/4.0 (compatible; MSIE 7.0; Windows NT 5.1; GTB7.4; .NET CLR 2.0.50727; .NET CLR 3.0.4506.2152; .NET CLR 3.5.30729)"
91.37.190.82 - - [12/Apr/2013:14:22:47 +0200] "GET /modul.css HTTP/1.1" 200 35038 "http://www.mink-gmbh.de/" "Mozilla/4.0 (compatible; MSIE 7.0; Windows NT 5.1; GTB7.4; .NET CLR 2.0.50727; .NET CLR 3.0.4506.2152; .NET CLR 3.5.30729)"
91.37.190.82 - - [12/Apr/2013:14:22:47 +0200] "GET / HTTP/1.1" 200 12098 "http://www.google.de/search?sourceid=navclient&aq=&oq=www+heiz%c3%b6lh%c3%a4ndler+berlin+de&hl=de&ie=UTF-8&rlz=1T4PRFA_deDE407DE412&q=www+heiz%c3%b6lh%c3%a4ndler+berlin+de&gs_l=hp..0.41l41.0.0.1.2474193...........0." "Mozilla/4.0 (compatible; MSIE 7.0; Windows NT 5.1; GTB7.4; .NET CLR 2.0.50727; .NET CLR 3.0.4506.2152; .NET CLR 3.5.30729)"
91.37.190.82 - - [12/Apr/2013:14:22:48 +0200] "GET /js_contentserver24_greybox/gb_styles.css HTTP/1.1" 200 2302 "http://www.mink-gmbh.de/" "Mozilla/4.0 (compatible; MSIE 7.0; Windows NT 5.1; GTB7.4; .NET CLR 2.0.50727; .NET CLR 3.0.4506.2152; .NET CLR 3.5.30729)"
91.37.190.82 - - [12/Apr/2013:14:22:48 +0200] "GET /images/bg.jpg HTTP/1.1" 200 345 "http://www.mink-gmbh.de/" "Mozilla/4.0 (compatible; MSIE 7.0; Windows NT 5.1; GTB7.4; .NET CLR 2.0.50727; .NET CLR 3.0.4506.2152; .NET CLR 3.5.30729)"
91.37.190.82 - - [12/Apr/2013:14:22:48 +0200] "GET /js_contentserver24_greybox/AJS.js HTTP/1.1" 200 10396 "http://www.mink-gmbh.de/" "Mozilla/4.0 (compatible; MSIE 7.0; Windows NT 5.1; GTB7.4; .NET CLR 2.0.50727; .NET CLR 3.0.4506.2152; .NET CLR 3.5.30729)"
91.37.190.82 - - [12/Apr/2013:14:22:48 +0200] "GET /js_contentserver24_greybox/AJS_fx.js HTTP/1.1" 200 3192 "http://www.mink-gmbh.de/" "Mozilla/4.0 (compatible; MSIE 7.0; Windows NT 5.1; GTB7.4; .NET CLR 2.0.50727; .NET CLR 3.0.4506.2152; .NET CLR 3.5.30729)"
91.37.190.82 - - [12/Apr/2013:14:22:48 +0200] "GET /js_contentserver24_greybox/gb_scripts.js HTTP/1.1" 200 11913 "http://www.mink-gmbh.de/" "Mozilla/4.0 (compatible; MSIE 7.0; Windows NT 5.1; GTB7.4; .NET CLR 2.0.50727; .NET CLR 3.0.4506.2152; .NET CLR 3.5.30729)"
91.37.190.82 - - [12/Apr/2013:14:22:48 +0200] "GET /js_contentserver24_greybox/w_close.gif HTTP/1.1" 200 74 "http://www.mink-gmbh.de/" "Mozilla/4.0 (compatible; MSIE 7.0; Windows NT 5.1; GTB7.4; .NET CLR 2.0.50727; .NET CLR 3.0.4506.2152; .NET CLR 3.5.30729)"
91.37.190.82 - - [12/Apr/2013:14:22:48 +0200] "GET /js_contentserver24_greybox/header_bg.gif HTTP/1.1" 200 1188 "http://www.mink-gmbh.de/" "Mozilla/4.0 (compatible; MSIE 7.0; Windows NT 5.1; GTB7.4; .NET CLR 2.0.50727; .NET CLR 3.0.4506.2152; .NET CLR 3.5.30729)"
91.37.190.82 - - [12/Apr/2013:14:22:48 +0200] "GET /images/mail.jpg HTTP/1.1" 200 11165 "http://www.mink-gmbh.de/" "Mozilla/4.0 (compatible; MSIE 7.0; Windows NT 5.1; GTB7.4; .NET CLR 2.0.50727; .NET CLR 3.0.4506.2152; .NET CLR 3.5.30729)"
91.37.190.82 - - [12/Apr/2013:14:22:48 +0200] "GET /images/newsletter_bg.jpg HTTP/1.1" 200 33610 "http://www.mink-gmbh.de/" "Mozilla/4.0 (compatible; MSIE 7.0; Windows NT 5.1; GTB7.4; .NET CLR 2.0.50727; .NET CLR 3.0.4506.2152; .NET CLR 3.5.30729)"
91.37.190.82 - - [12/Apr/2013:14:22:48 +0200] "GET /images/wrapperbg.jpg HTTP/1.1" 200 27465 "http://www.mink-gmbh.de/" "Mozilla/4.0 (compatible; MSIE 7.0; Windows NT 5.1; GTB7.4; .NET CLR 2.0.50727; .NET CLR 3.0.4506.2152; .NET CLR 3.5.30729)"
91.37.190.82 - - [12/Apr/2013:14:22:48 +0200] "GET /images/tkw.jpg HTTP/1.1" 200 64031 "http://www.mink-gmbh.de/" "Mozilla/4.0 (compatible; MSIE 7.0; Windows NT 5.1; GTB7.4; .NET CLR 2.0.50727; .NET CLR 3.0.4506.2152; .NET CLR 3.5.30729)"
91.37.190.82 - - [12/Apr/2013:14:22:48 +0200] "GET /images/kwk.gif HTTP/1.1" 200 6403 "http://www.mink-gmbh.de/" "Mozilla/4.0 (compatible; MSIE 7.0; Windows NT 5.1; GTB7.4; .NET CLR 2.0.50727; .NET CLR 3.0.4506.2152; .NET CLR 3.5.30729)"
91.37.190.82 - - [12/Apr/2013:14:22:48 +0200] "GET /images/freecall.jpg HTTP/1.1" 200 39195 "http://www.mink-gmbh.de/" "Mozilla/4.0 (compatible; MSIE 7.0; Windows NT 5.1; GTB7.4; .NET CLR 2.0.50727; .NET CLR 3.0.4506.2152; .NET CLR 3.5.30729)"
91.37.190.82 - - [12/Apr/2013:14:22:49 +0200] "GET /images/wunschpreis.jpg HTTP/1.1" 200 16767 "http://www.mink-gmbh.de/" "Mozilla/4.0 (compatible; MSIE 7.0; Windows NT 5.1; GTB7.4; .NET CLR 2.0.50727; .NET CLR 3.0.4506.2152; .NET CLR 3.5.30729)"
91.37.190.82 - - [12/Apr/2013:14:22:49 +0200] "GET /images/logos.jpg HTTP/1.1" 200 15002 "http://www.mink-gmbh.de/" "Mozilla/4.0 (compatible; MSIE 7.0; Windows NT 5.1; GTB7.4; .NET CLR 2.0.50727; .NET CLR 3.0.4506.2152; .NET CLR 3.5.30729)"
91.37.190.82 - - [12/Apr/2013:14:22:49 +0200] "GET /images/navibg.png HTTP/1.1" 200 2803 "http://www.mink-gmbh.de/" "Mozilla/4.0 (compatible; MSIE 7.0; Windows NT 5.1; GTB7.4; .NET CLR 2.0.50727; .NET CLR 3.0.4506.2152; .NET CLR 3.5.30729)"
91.37.190.82 - - [12/Apr/2013:14:22:49 +0200] "GET /images/header.jpg HTTP/1.1" 200 24413 "http://www.mink-gmbh.de/" "Mozilla/4.0 (compatible; MSIE 7.0; Windows NT 5.1; GTB7.4; .NET CLR 2.0.50727; .NET CLR 3.0.4506.2152; .NET CLR 3.5.30729)"
91.37.190.82 - - [12/Apr/2013:14:22:49 +0200] "GET /images/fallend.png HTTP/1.1" 200 713 "http://www.mink-gmbh.de/" "Mozilla/4.0 (compatible; MSIE 7.0; Windows NT 5.1; GTB7.4; .NET CLR 2.0.50727; .NET CLR 3.0.4506.2152; .NET CLR 3.5.30729)"
91.37.190.82 - - [12/Apr/2013:14:22:49 +0200] "GET /images/mobil.jpg HTTP/1.1" 200 25293 "http://www.mink-gmbh.de/" "Mozilla/4.0 (compatible; MSIE 7.0; Windows NT 5.1; GTB7.4; .NET CLR 2.0.50727; .NET CLR 3.0.4506.2152; .NET CLR 3.5.30729)"
91.37.190.82 - - [12/Apr/2013:14:22:49 +0200] "GET /images/newsletter.jpg HTTP/1.1" 200 13130 "http://www.mink-gmbh.de/" "Mozilla/4.0 (compatible; MSIE 7.0; Windows NT 5.1; GTB7.4; .NET CLR 2.0.50727; .NET CLR 3.0.4506.2152; .NET CLR 3.5.30729)"
91.37.190.82 - - [12/Apr/2013:14:22:49 +0200] "GET /js_contentserver24_greybox/loader_frame.html?s=0 HTTP/1.1" 200 2084 "http://www.mink-gmbh.de/" "Mozilla/4.0 (compatible; MSIE 7.0; Windows NT 5.1; GTB7.4; .NET CLR 2.0.50727; .NET CLR 3.0.4506.2152; .NET CLR 3.5.30729)"
91.37.190.82 - - [12/Apr/2013:14:22:49 +0200] "GET /images/footerbg.jpg HTTP/1.1" 200 2184 "http://www.mink-gmbh.de/" "Mozilla/4.0 (compatible; MSIE 7.0; Windows NT 5.1; GTB7.4; .NET CLR 2.0.50727; .NET CLR 3.0.4506.2152; .NET CLR 3.5.30729)"
91.37.190.82 - - [12/Apr/2013:14:22:49 +0200] "GET /images/close.png HTTP/1.1" 200 703 "http://www.mink-gmbh.de/" "Mozilla/4.0 (compatible; MSIE 7.0; Windows NT 5.1; GTB7.4; .NET CLR 2.0.50727; .NET CLR 3.0.4506.2152; .NET CLR 3.5.30729)"
91.37.190.82 - - [12/Apr/2013:14:22:49 +0200] "GET /images/newsletter.png HTTP/1.1" 200 14619 "http://www.mink-gmbh.de/" "Mozilla/4.0 (compatible; MSIE 7.0; Windows NT 5.1; GTB7.4; .NET CLR 2.0.50727; .NET CLR 3.0.4506.2152; .NET CLR 3.5.30729)"
91.37.190.82 - - [12/Apr/2013:14:22:49 +0200] "GET /js_contentserver24_greybox/indicator.gif HTTP/1.1" 200 8238 "http://www.mink-gmbh.de/js_contentserver24_greybox/loader_frame.html?s=0" "Mozilla/4.0 (compatible; MSIE 7.0; Windows NT 5.1; GTB7.4; .NET CLR 2.0.50727; .NET CLR 3.0.4506.2152; .NET CLR 3.5.30729)"
91.37.190.82 - - [12/Apr/2013:14:22:50 +0200] "GET /favicon.ico HTTP/1.1" 200 3638 "-" "Mozilla/4.0 (compatible; MSIE 7.0; Windows NT 5.1; GTB7.4; .NET CLR 2.0.50727; .NET CLR 3.0.4506.2152; .NET CLR 3.5.30729)"
91.37.190.82 - - [12/Apr/2013:14:22:50 +0200] "GET /js_contentserver24_greybox/g_close.gif HTTP/1.1" 200 541 "http://www.mink-gmbh.de/" "Mozilla/4.0 (compatible; MSIE 7.0; Windows NT 5.1; GTB7.4; .NET CLR 2.0.50727; .NET CLR 3.0.4506.2152; .NET CLR 3.5.30729)"
91.37.190.82 - - [12/Apr/2013:14:24:02 +0200] "GET /preisanfrage.php HTTP/1.1" 200 10648 "http://www.mink-gmbh.de/" "Mozilla/4.0 (compatible; MSIE 7.0; Windows NT 5.1; GTB7.4; .NET CLR 2.0.50727; .NET CLR 3.0.4506.2152; .NET CLR 3.5.30729)"
91.37.190.82 - - [12/Apr/2013:14:24:12 +0200] "GET /wunschpreis.php HTTP/1.1" 200 11997 "http://www.mink-gmbh.de/preisanfrage.php" "Mozilla/4.0 (compatible; MSIE 7.0; Windows NT 5.1; GTB7.4; .NET CLR 2.0.50727; .NET CLR 3.0.4506.2152; .NET CLR 3.5.30729)"
91.37.190.82 - - [12/Apr/2013:14:24:25 +0200] "GET /index.php HTTP/1.1" 200 11357 "http://www.mink-gmbh.de/wunschpreis.php" "Mozilla/4.0 (compatible; MSIE 7.0; Windows NT 5.1; GTB7.4; .NET CLR 2.0.50727; .NET CLR 3.0.4506.2152; .NET CLR 3.5.30729)"
91.37.190.82 - - [12/Apr/2013:14:24:32 +0200] "GET /wunschpreis.php HTTP/1.1" 200 11997 "http://www.mink-gmbh.de/preisanfrage.php" "Mozilla/4.0 (compatible; MSIE 7.0; Windows NT 5.1; GTB7.4; .NET CLR 2.0.50727; .NET CLR 3.0.4506.2152; .NET CLR 3.5.30729)"
91.37.190.82 - - [12/Apr/2013:14:24:35 +0200] "GET /preisanfrage.php HTTP/1.1" 200 10648 "http://www.mink-gmbh.de/" "Mozilla/4.0 (compatible; MSIE 7.0; Windows NT 5.1; GTB7.4; .NET CLR 2.0.50727; .NET CLR 3.0.4506.2152; .NET CLR 3.5.30729)"
91.37.190.82 - - [12/Apr/2013:14:24:37 +0200] "GET / HTTP/1.1" 200 11357 "http://www.google.de/search?sourceid=navclient&aq=&oq=www+heiz%c3%b6lh%c3%a4ndler+berlin+de&hl=de&ie=UTF-8&rlz=1T4PRFA_deDE407DE412&q=www+heiz%c3%b6lh%c3%a4ndler+berlin+de&gs_l=hp..0.41l41.0.0.1.2474193...........0." "Mozilla/4.0 (compatible; MSIE 7.0; Windows NT 5.1; GTB7.4; .NET CLR 2.0.50727; .NET CLR 3.0.4506.2152; .NET CLR 3.5.30729)"
66.249.75.49 - - [12/Apr/2013:14:36:25 +0200] "GET /news.php HTTP/1.1" 200 21922 "-" "DoCoMo/2.0 N905i(c100;TB;W24H16) (compatible; Googlebot-Mobile/2.1; +http://www.google.com/bot.html)"
66.249.75.49 - - [12/Apr/2013:14:55:42 +0200] "GET /news.php?cs_go=archiv&cs_id=2780&cs_search= HTTP/1.1" 200 10089 "-" "Mozilla/5.0 (compatible; Googlebot/2.1; +http://www.google.com/bot.html)"
66.249.75.49 - - [12/Apr/2013:15:09:56 +0200] "GET /news.php?cs_go=archiv&cs_startpos=211 HTTP/1.1" 200 22523 "-" "Mozilla/5.0 (compatible; Googlebot/2.1; +http://www.google.com/bot.html)"
130.83.167.153 - - [12/Apr/2013:15:14:28 +0200] "GET /news.php?cs_go=archiv&cs_id=3923&cs_search= HTTP/1.1" 200 9801 "-" "findlinks/2.6 (+http://wortschatz.uni-leipzig.de/findlinks/)"
130.83.167.153 - - [12/Apr/2013:15:14:28 +0200] "GET /news.php?cs_go=archiv&cs_id=3923&cs_search= HTTP/1.1" 200 9714 "-" "findlinks/2.6 (+http://wortschatz.uni-leipzig.de/findlinks/)"
130.83.167.153 - - [12/Apr/2013:15:20:06 +0200] "GET /foerdermittel.php HTTP/1.1" 200 7008 "-" "findlinks/2.6 (+http://wortschatz.uni-leipzig.de/findlinks/)"
130.83.167.153 - - [12/Apr/2013:15:20:06 +0200] "GET /foerdermittel.php HTTP/1.1" 200 12821 "-" "findlinks/2.6 (+http://wortschatz.uni-leipzig.de/findlinks/)"
66.249.75.49 - - [12/Apr/2013:15:23:31 +0200] "GET /jobs.php HTTP/1.1" 200 7200 "-" "SAMSUNG-SGH-E250/1.0 Profile/MIDP-2.0 Configuration/CLDC-1.1 UP.Browser/6.2.3.3.c.1.101 (GUI) MMP/2.0 (compatible; Googlebot-Mobile/2.1; +http://www.google.com/bot.html)"
66.249.75.49 - - [12/Apr/2013:15:38:37 +0200] "GET /news.php?cs_go=archiv&cs_id=2738&cs_search= HTTP/1.1" 200 11564 "-" "Mozilla/5.0 (compatible; Googlebot/2.1; +http://www.google.com/bot.html)"
217.92.11.16 - - [12/Apr/2013:15:50:00 +0200] "GET /style.css HTTP/1.1" 200 8418 "http://www.mink-gmbh.de/" "Mozilla/5.0 (Windows NT 5.1; rv:20.0) Gecko/20100101 Firefox/20.0"
217.92.11.16 - - [12/Apr/2013:15:50:00 +0200] "GET /favicon.ico HTTP/1.1" 200 3638 "-" "Mozilla/5.0 (Windows NT 5.1; rv:20.0) Gecko/20100101 Firefox/20.0"
217.92.11.16 - - [12/Apr/2013:15:50:00 +0200] "GET /js_contentserver24_greybox/gb_styles.css HTTP/1.1" 200 2302 "http://www.mink-gmbh.de/" "Mozilla/5.0 (Windows NT 5.1; rv:20.0) Gecko/20100101 Firefox/20.0"
217.92.11.16 - - [12/Apr/2013:15:50:00 +0200] "GET /modul.css HTTP/1.1" 200 35038 "http://www.mink-gmbh.de/" "Mozilla/5.0 (Windows NT 5.1; rv:20.0) Gecko/20100101 Firefox/20.0"
217.92.11.16 - - [12/Apr/2013:15:50:00 +0200] "GET /js_contentserver24_greybox/AJS.js HTTP/1.1" 200 10396 "http://www.mink-gmbh.de/" "Mozilla/5.0 (Windows NT 5.1; rv:20.0) Gecko/20100101 Firefox/20.0"
217.92.11.16 - - [12/Apr/2013:15:50:00 +0200] "GET /js_contentserver24_greybox/AJS_fx.js HTTP/1.1" 200 3192 "http://www.mink-gmbh.de/" "Mozilla/5.0 (Windows NT 5.1; rv:20.0) Gecko/20100101 Firefox/20.0"
217.92.11.16 - - [12/Apr/2013:15:50:00 +0200] "GET /js_contentserver24_greybox/gb_scripts.js HTTP/1.1" 200 11913 "http://www.mink-gmbh.de/" "Mozilla/5.0 (Windows NT 5.1; rv:20.0) Gecko/20100101 Firefox/20.0"
217.92.11.16 - - [12/Apr/2013:15:50:00 +0200] "GET / HTTP/1.1" 200 12098 "http://www.google.de/url?sa=t&rct=j&q=&esrc=s&source=web&cd=1&ved=0CDMQFjAA&url=http%3A%2F%2Fwww.mink-gmbh.de%2F&ei=0BBoUdmQK8ftswaC14DgCQ&usg=AFQjCNFHX4Iglls9oo-KYXTmDUV_5KOVIg&bvm=bv.45175338,d.Yms" "Mozilla/5.0 (Windows NT 5.1; rv:20.0) Gecko/20100101 Firefox/20.0"
217.92.11.16 - - [12/Apr/2013:15:50:01 +0200] "GET /images/bg.jpg HTTP/1.1" 200 345 "http://www.mink-gmbh.de/style.css" "Mozilla/5.0 (Windows NT 5.1; rv:20.0) Gecko/20100101 Firefox/20.0"
217.92.11.16 - - [12/Apr/2013:15:50:01 +0200] "GET /images/mail.jpg HTTP/1.1" 200 11165 "http://www.mink-gmbh.de/" "Mozilla/5.0 (Windows NT 5.1; rv:20.0) Gecko/20100101 Firefox/20.0"
217.92.11.16 - - [12/Apr/2013:15:50:01 +0200] "GET /images/kwk.gif HTTP/1.1" 200 6403 "http://www.mink-gmbh.de/" "Mozilla/5.0 (Windows NT 5.1; rv:20.0) Gecko/20100101 Firefox/20.0"
217.92.11.16 - - [12/Apr/2013:15:50:01 +0200] "GET /images/wunschpreis.jpg HTTP/1.1" 200 16767 "http://www.mink-gmbh.de/" "Mozilla/5.0 (Windows NT 5.1; rv:20.0) Gecko/20100101 Firefox/20.0"
217.92.11.16 - - [12/Apr/2013:15:50:01 +0200] "GET /images/tkw.jpg HTTP/1.1" 200 64031 "http://www.mink-gmbh.de/" "Mozilla/5.0 (Windows NT 5.1; rv:20.0) Gecko/20100101 Firefox/20.0"
217.92.11.16 - - [12/Apr/2013:15:50:01 +0200] "GET /js_contentserver24_greybox/w_close.gif HTTP/1.1" 200 74 "http://www.mink-gmbh.de/" "Mozilla/5.0 (Windows NT 5.1; rv:20.0) Gecko/20100101 Firefox/20.0"
217.92.11.16 - - [12/Apr/2013:15:50:01 +0200] "GET /images/close.png HTTP/1.1" 200 703 "http://www.mink-gmbh.de/" "Mozilla/5.0 (Windows NT 5.1; rv:20.0) Gecko/20100101 Firefox/20.0"
217.92.11.16 - - [12/Apr/2013:15:50:01 +0200] "GET /images/freecall.jpg HTTP/1.1" 200 39195 "http://www.mink-gmbh.de/" "Mozilla/5.0 (Windows NT 5.1; rv:20.0) Gecko/20100101 Firefox/20.0"
217.92.11.16 - - [12/Apr/2013:15:50:01 +0200] "GET /js_contentserver24_greybox/loader_frame.html?s=0 HTTP/1.1" 200 2084 "http://www.mink-gmbh.de/" "Mozilla/5.0 (Windows NT 5.1; rv:20.0) Gecko/20100101 Firefox/20.0"
217.92.11.16 - - [12/Apr/2013:15:50:01 +0200] "GET /js_contentserver24_greybox/header_bg.gif HTTP/1.1" 200 1188 "http://www.mink-gmbh.de/" "Mozilla/5.0 (Windows NT 5.1; rv:20.0) Gecko/20100101 Firefox/20.0"
217.92.11.16 - - [12/Apr/2013:15:50:01 +0200] "GET /images/logos.jpg HTTP/1.1" 200 15002 "http://www.mink-gmbh.de/" "Mozilla/5.0 (Windows NT 5.1; rv:20.0) Gecko/20100101 Firefox/20.0"
217.92.11.16 - - [12/Apr/2013:15:50:01 +0200] "GET /images/newsletter.png HTTP/1.1" 200 14619 "http://www.mink-gmbh.de/style.css" "Mozilla/5.0 (Windows NT 5.1; rv:20.0) Gecko/20100101 Firefox/20.0"
217.92.11.16 - - [12/Apr/2013:15:50:01 +0200] "GET /images/wrapperbg.jpg HTTP/1.1" 200 27465 "http://www.mink-gmbh.de/style.css" "Mozilla/5.0 (Windows NT 5.1; rv:20.0) Gecko/20100101 Firefox/20.0"
217.92.11.16 - - [12/Apr/2013:15:50:01 +0200] "GET /js_contentserver24_greybox/indicator.gif HTTP/1.1" 200 8238 "http://www.mink-gmbh.de/js_contentserver24_greybox/loader_frame.html?s=0" "Mozilla/5.0 (Windows NT 5.1; rv:20.0) Gecko/20100101 Firefox/20.0"
217.92.11.16 - - [12/Apr/2013:15:50:01 +0200] "GET /images/newsletter_bg.jpg HTTP/1.1" 200 33610 "http://www.mink-gmbh.de/" "Mozilla/5.0 (Windows NT 5.1; rv:20.0) Gecko/20100101 Firefox/20.0"
217.92.11.16 - - [12/Apr/2013:15:50:02 +0200] "GET /images/navibg.png HTTP/1.1" 200 2803 "http://www.mink-gmbh.de/style.css" "Mozilla/5.0 (Windows NT 5.1; rv:20.0) Gecko/20100101 Firefox/20.0"
217.92.11.16 - - [12/Apr/2013:15:50:02 +0200] "GET /images/header.jpg HTTP/1.1" 200 24413 "http://www.mink-gmbh.de/style.css" "Mozilla/5.0 (Windows NT 5.1; rv:20.0) Gecko/20100101 Firefox/20.0"
217.92.11.16 - - [12/Apr/2013:15:50:02 +0200] "GET /images/fallend.png HTTP/1.1" 200 713 "http://www.mink-gmbh.de/modul.css" "Mozilla/5.0 (Windows NT 5.1; rv:20.0) Gecko/20100101 Firefox/20.0"
217.92.11.16 - - [12/Apr/2013:15:50:02 +0200] "GET /images/mobil.jpg HTTP/1.1" 200 25293 "http://www.mink-gmbh.de/style.css" "Mozilla/5.0 (Windows NT 5.1; rv:20.0) Gecko/20100101 Firefox/20.0"
217.92.11.16 - - [12/Apr/2013:15:50:03 +0200] "GET /images/footerbg.jpg HTTP/1.1" 200 2184 "http://www.mink-gmbh.de/style.css" "Mozilla/5.0 (Windows NT 5.1; rv:20.0) Gecko/20100101 Firefox/20.0"
217.92.11.16 - - [12/Apr/2013:15:50:03 +0200] "GET /images/newsletter.jpg HTTP/1.1" 200 13130 "http://www.mink-gmbh.de/style.css" "Mozilla/5.0 (Windows NT 5.1; rv:20.0) Gecko/20100101 Firefox/20.0"
217.92.11.16 - - [12/Apr/2013:15:50:03 +0200] "GET /js_contentserver24_greybox/g_close.gif HTTP/1.1" 200 541 "http://www.mink-gmbh.de/" "Mozilla/5.0 (Windows NT 5.1; rv:20.0) Gecko/20100101 Firefox/20.0"
66.249.75.49 - - [12/Apr/2013:15:50:44 +0200] "GET /news.php?cs_go=archiv&cs_id=3184&cs_search= HTTP/1.1" 200 13547 "-" "Mozilla/5.0 (compatible; Googlebot/2.1; +http://www.google.com/bot.html)"
208.115.111.75 - - [12/Apr/2013:15:51:23 +0200] "GET /robots.txt HTTP/1.1" 200 177 "-" "Mozilla/5.0 (compatible; Ezooms/1.0; ezooms.bot@gmail.com)"
66.249.75.49 - - [12/Apr/2013:15:51:33 +0200] "GET /news.php?cs_go=archiv&cs_id=3722 HTTP/1.1" 200 9737 "-" "Mozilla/5.0 (compatible; Googlebot/2.1; +http://www.google.com/bot.html)"
208.115.111.75 - - [12/Apr/2013:16:09:33 +0200] "GET /news.php?cs_go=archiv&cs_id=4043 HTTP/1.1" 200 13242 "-" "Mozilla/5.0 (compatible; Ezooms/1.0; ezooms.bot@gmail.com)"
173.199.114.163 - - [12/Apr/2013:16:11:26 +0200] "GET /lexikon.php?cs_go=3&cs_id=12 HTTP/1.1" 200 8543 "-" "Mozilla/5.0 (compatible; AhrefsBot/4.0; +http://ahrefs.com/robot/)"
173.199.114.163 - - [12/Apr/2013:16:45:11 +0200] "GET /lexikon.php?cs_go=3&cs_id=181 HTTP/1.1" 200 7995 "-" "Mozilla/5.0 (compatible; AhrefsBot/4.0; +http://ahrefs.com/robot/)"
173.199.114.163 - - [12/Apr/2013:16:45:15 +0200] "GET /lexikon.php?cs_go=3&cs_id=10 HTTP/1.1" 200 8557 "-" "Mozilla/5.0 (compatible; AhrefsBot/4.0; +http://ahrefs.com/robot/)"
66.249.75.49 - - [12/Apr/2013:17:06:28 +0200] "GET /preisanfrage.php HTTP/1.1" 200 10735 "-" "Mozilla/5.0 (iPhone; U; CPU iPhone OS 4_1 like Mac OS X; en-us) AppleWebKit/532.9 (KHTML, like Gecko) Version/4.0.5 Mobile/8B117 Safari/6531.22.7 (compatible; Googlebot-Mobile/2.1; +http://www.google.com/bot.html)"
173.199.114.163 - - [12/Apr/2013:17:09:15 +0200] "GET /lexikon.php?cs_go=3&cs_id=107 HTTP/1.1" 200 8389 "-" "Mozilla/5.0 (compatible; AhrefsBot/4.0; +http://ahrefs.com/robot/)"
173.199.114.163 - - [12/Apr/2013:17:21:36 +0200] "GET /lexikon.php?cs_go=3&cs_id=177 HTTP/1.1" 200 7984 "-" "Mozilla/5.0 (compatible; AhrefsBot/4.0; +http://ahrefs.com/robot/)"
66.249.75.49 - - [12/Apr/2013:17:23:38 +0200] "GET /news.php?cs_go=archiv&cs_id=4050 HTTP/1.1" 200 10184 "-" "Mozilla/5.0 (iPhone; U; CPU iPhone OS 4_1 like Mac OS X; en-us) AppleWebKit/532.9 (KHTML, like Gecko) Version/4.0.5 Mobile/8B117 Safari/6531.22.7 (compatible; Googlebot-Mobile/2.1; +http://www.google.com/bot.html)"
173.199.114.163 - - [12/Apr/2013:17:29:13 +0200] "GET /lexikon.php?cs_go=3&cs_id=192 HTTP/1.1" 200 8407 "-" "Mozilla/5.0 (compatible; AhrefsBot/4.0; +http://ahrefs.com/robot/)"
173.199.114.163 - - [12/Apr/2013:17:36:12 +0200] "GET /lexikon.php?cs_go=3&cs_id=102 HTTP/1.1" 200 7990 "-" "Mozilla/5.0 (compatible; AhrefsBot/4.0; +http://ahrefs.com/robot/)"
178.77.126.55 - - [12/Apr/2013:17:39:48 +0200] "GET /robots.txt HTTP/1.1" 200 177 "-" "Mozilla/5.0 (compatible; CareerBot/1.1; +http://www.career-x.de/bot.html)"
178.77.126.55 - - [12/Apr/2013:17:39:48 +0200] "GET / HTTP/1.1" 200 12098 "-" "Mozilla/5.0 (compatible; CareerBot/1.1; +http://www.career-x.de/bot.html)"
65.36.241.79 - - [12/Apr/2013:17:45:00 +0200] "HEAD / HTTP/1.1" 200 - "-" "InternetSeer.com"
220.181.108.163 - - [12/Apr/2013:18:04:22 +0200] "GET /images/wunschpreis.jpg HTTP/1.1" 200 16767 "-" "Baiduspider-image+(+http://www.baidu.com/search/spider.htm)"
173.199.114.163 - - [12/Apr/2013:18:09:40 +0200] "GET /lexikon.php?cs_go=3&cs_id=116 HTTP/1.1" 200 9366 "-" "Mozilla/5.0 (compatible; AhrefsBot/4.0; +http://ahrefs.com/robot/)"
173.199.114.163 - - [12/Apr/2013:18:21:16 +0200] "GET /energiesparcheck.php HTTP/1.1" 200 13581 "-" "Mozilla/5.0 (compatible; AhrefsBot/4.0; +http://ahrefs.com/robot/)"
66.249.75.49 - - [12/Apr/2013:18:29:03 +0200] "GET /news.php?cs_go=archiv&cs_startpos=30 HTTP/1.1" 200 22520 "-" "SAMSUNG-SGH-E250/1.0 Profile/MIDP-2.0 Configuration/CLDC-1.1 UP.Browser/6.2.3.3.c.1.101 (GUI) MMP/2.0 (compatible; Googlebot-Mobile/2.1; +http://www.google.com/bot.html)"
173.199.114.163 - - [12/Apr/2013:18:38:23 +0200] "GET /news.php?cs_go=archiv&cs_startpos=70 HTTP/1.1" 200 22858 "-" "Mozilla/5.0 (compatible; AhrefsBot/4.0; +http://ahrefs.com/robot/)"
141.8.147.12 - - [12/Apr/2013:18:50:42 +0200] "GET /robots.txt HTTP/1.1" 200 177 "-" "Mozilla/5.0 (compatible; YandexBot/3.0; +http://yandex.com/bots)"
208.115.111.75 - - [12/Apr/2013:19:52:30 +0200] "GET /robots.txt HTTP/1.1" 200 177 "-" "Mozilla/5.0 (compatible; Ezooms/1.0; ezooms.bot@gmail.com)"
208.115.111.75 - - [12/Apr/2013:20:09:22 +0200] "GET /news.php?cs_go=archiv&cs_id=4041 HTTP/1.1" 200 13090 "-" "Mozilla/5.0 (compatible; Ezooms/1.0; ezooms.bot@gmail.com)"
173.199.114.163 - - [12/Apr/2013:20:21:07 +0200] "GET /lexikon.php?cs_go=3&cs_id=55 HTTP/1.1" 200 8019 "-" "Mozilla/5.0 (compatible; AhrefsBot/4.0; +http://ahrefs.com/robot/)"
173.199.114.163 - - [12/Apr/2013:20:30:10 +0200] "GET /lexikon.php?cs_go=3&cs_id=103 HTTP/1.1" 200 9239 "-" "Mozilla/5.0 (compatible; AhrefsBot/4.0; +http://ahrefs.com/robot/)"
66.249.75.49 - - [12/Apr/2013:20:43:43 +0200] "GET /news.php?cs_go=archiv&cs_id=3964&cs_search= HTTP/1.1" 200 12123 "-" "DoCoMo/2.0 N905i(c100;TB;W24H16) (compatible; Googlebot-Mobile/2.1; +http://www.google.com/bot.html)"
66.249.75.49 - - [12/Apr/2013:20:52:52 +0200] "GET /news.php?cs_go=archiv&cs_id=2974&cs_search= HTTP/1.1" 200 13507 "-" "Mozilla/5.0 (compatible; Googlebot/2.1; +http://www.google.com/bot.html)"
65.55.52.89 - - [12/Apr/2013:20:59:06 +0200] "GET /robots.txt HTTP/1.1" 200 177 "-" "Mozilla/5.0 (compatible; bingbot/2.0; +http://www.bing.com/bingbot.htm)"
65.55.52.89 - - [12/Apr/2013:21:01:08 +0200] "GET / HTTP/1.1" 200 12098 "-" "Mozilla/5.0 (compatible; bingbot/2.0; +http://www.bing.com/bingbot.htm)"
141.8.147.12 - - [12/Apr/2013:21:21:03 +0200] "GET /lexikon.php?cs_go=3&cs_id=178 HTTP/1.1" 200 8473 "-" "Mozilla/5.0 (compatible; YandexBot/3.0; +http://yandex.com/bots)"
66.249.75.49 - - [12/Apr/2013:21:29:00 +0200] "GET /news.php?cs_go=archiv&cs_id=3371&cs_search= HTTP/1.1" 200 9903 "-" "Mozilla/5.0 (compatible; Googlebot/2.1; +http://www.google.com/bot.html)"
173.199.114.163 - - [12/Apr/2013:21:45:40 +0200] "GET /news.php?cs_go=archiv&cs_id=3862&cs_search= HTTP/1.1" 200 9854 "-" "Mozilla/5.0 (compatible; AhrefsBot/4.0; +http://ahrefs.com/robot/)"
208.115.113.91 - - [12/Apr/2013:21:48:00 +0200] "GET /robots.txt HTTP/1.1" 200 177 "-" "Mozilla/5.0 (compatible; Ezooms/1.0; ezooms.bot@gmail.com)"
173.199.114.163 - - [12/Apr/2013:21:48:53 +0200] "GET /lexikon.php?cs_go=3&cs_id=87 HTTP/1.1" 200 8341 "-" "Mozilla/5.0 (compatible; AhrefsBot/4.0; +http://ahrefs.com/robot/)"
173.199.114.163 - - [12/Apr/2013:22:18:14 +0200] "GET /news.php?cs_go=archiv&cs_id=3611&cs_search= HTTP/1.1" 200 9737 "-" "Mozilla/5.0 (compatible; AhrefsBot/4.0; +http://ahrefs.com/robot/)"
66.249.75.49 - - [12/Apr/2013:22:26:33 +0200] "GET /news.php?cs_go=archiv&cs_id=3548 HTTP/1.1" 200 9873 "-" "Mozilla/5.0 (compatible; Googlebot/2.1; +http://www.google.com/bot.html)"
66.249.75.49 - - [12/Apr/2013:22:44:32 +0200] "GET /news.php?cs_go=archiv&cs_id=3547 HTTP/1.1" 200 13336 "-" "Mozilla/5.0 (compatible; Googlebot/2.1; +http://www.google.com/bot.html)"
66.249.75.49 - - [12/Apr/2013:22:49:05 +0200] "GET /news.php?cs_go=archiv&cs_id=2783 HTTP/1.1" 200 14321 "-" "Mozilla/5.0 (compatible; Googlebot/2.1; +http://www.google.com/bot.html)"
66.249.75.49 - - [12/Apr/2013:22:54:30 +0200] "GET /news.php?cs_go=archiv&cs_id=2846&cs_search= HTTP/1.1" 200 10833 "-" "Mozilla/5.0 (iPhone; U; CPU iPhone OS 4_1 like Mac OS X; en-us) AppleWebKit/532.9 (KHTML, like Gecko) Version/4.0.5 Mobile/8B117 Safari/6531.22.7 (compatible; Googlebot-Mobile/2.1; +http://www.google.com/bot.html)"
5.135.139.77 - - [12/Apr/2013:22:55:39 +0200] "GET /js_contentserver24_greybox/AJS.js HTTP/1.1" 200 10396 "http://www.mink-gmbh.de/" "Mozilla/5.0 (X11; Linux x86_64) AppleWebKit/534.34 (KHTML, like Gecko) Qt/4.8.3 Safari/534.34"
5.135.139.77 - - [12/Apr/2013:22:55:39 +0200] "GET /js_contentserver24_greybox/gb_scripts.js HTTP/1.1" 200 11913 "http://www.mink-gmbh.de/" "Mozilla/5.0 (X11; Linux x86_64) AppleWebKit/534.34 (KHTML, like Gecko) Qt/4.8.3 Safari/534.34"
5.135.139.77 - - [12/Apr/2013:22:55:39 +0200] "GET /js_contentserver24_greybox/AJS_fx.js HTTP/1.1" 200 3192 "http://www.mink-gmbh.de/" "Mozilla/5.0 (X11; Linux x86_64) AppleWebKit/534.34 (KHTML, like Gecko) Qt/4.8.3 Safari/534.34"
5.135.139.77 - - [12/Apr/2013:22:55:39 +0200] "GET / HTTP/1.1" 200 12098 "-" "Mozilla/5.0 (X11; Linux x86_64) AppleWebKit/534.34 (KHTML, like Gecko) Qt/4.8.3 Safari/534.34"
5.135.139.77 - - [12/Apr/2013:22:55:40 +0200] "GET /js_contentserver24_greybox/loader_frame.html?s=0 HTTP/1.1" 200 2084 "http://www.mink-gmbh.de/" "Mozilla/5.0 (X11; Linux x86_64) AppleWebKit/534.34 (KHTML, like Gecko) Qt/4.8.3 Safari/534.34"
