77.87.228.68 - - [15/Apr/2013:09:30:08 +0200] "GET /modul.css HTTP/1.1" 200 35038 "http://www.mink-gmbh.de/" "Mozilla/4.0 (compatible; MSIE 8.0; Windows NT 5.1; Trident/4.0; .NET CLR 1.1.4322; .NET CLR 2.0.50727; .NET CLR 3.0.4506.2152; .NET CLR 3.5.30729)"
77.87.228.68 - - [15/Apr/2013:09:30:09 +0200] "GET /js_contentserver24_greybox/gb_styles.css HTTP/1.1" 200 2302 "http://www.mink-gmbh.de/" "Mozilla/4.0 (compatible; MSIE 8.0; Windows NT 5.1; Trident/4.0; .NET CLR 1.1.4322; .NET CLR 2.0.50727; .NET CLR 3.0.4506.2152; .NET CLR 3.5.30729)"
77.87.228.68 - - [15/Apr/2013:09:30:09 +0200] "GET /js_contentserver24_greybox/AJS.js HTTP/1.1" 200 10396 "http://www.mink-gmbh.de/" "Mozilla/4.0 (compatible; MSIE 8.0; Windows NT 5.1; Trident/4.0; .NET CLR 1.1.4322; .NET CLR 2.0.50727; .NET CLR 3.0.4506.2152; .NET CLR 3.5.30729)"
77.87.228.68 - - [15/Apr/2013:09:30:10 +0200] "GET /js_contentserver24_greybox/gb_scripts.js HTTP/1.1" 200 11913 "http://www.mink-gmbh.de/" "Mozilla/4.0 (compatible; MSIE 8.0; Windows NT 5.1; Trident/4.0; .NET CLR 1.1.4322; .NET CLR 2.0.50727; .NET CLR 3.0.4506.2152; .NET CLR 3.5.30729)"
77.87.228.68 - - [15/Apr/2013:09:30:10 +0200] "GET /js_contentserver24_greybox/AJS_fx.js HTTP/1.1" 200 3192 "http://www.mink-gmbh.de/" "Mozilla/4.0 (compatible; MSIE 8.0; Windows NT 5.1; Trident/4.0; .NET CLR 1.1.4322; .NET CLR 2.0.50727; .NET CLR 3.0.4506.2152; .NET CLR 3.5.30729)"
77.87.228.68 - - [15/Apr/2013:09:30:10 +0200] "GET /images/bg.jpg HTTP/1.1" 200 345 "http://www.mink-gmbh.de/" "Mozilla/4.0 (compatible; MSIE 8.0; Windows NT 5.1; Trident/4.0; .NET CLR 1.1.4322; .NET CLR 2.0.50727; .NET CLR 3.0.4506.2152; .NET CLR 3.5.30729)"
77.87.228.68 - - [15/Apr/2013:09:30:10 +0200] "GET /js_contentserver24_greybox/w_close.gif HTTP/1.1" 200 74 "http://www.mink-gmbh.de/" "Mozilla/4.0 (compatible; MSIE 8.0; Windows NT 5.1; Trident/4.0; .NET CLR 1.1.4322; .NET CLR 2.0.50727; .NET CLR 3.0.4506.2152; .NET CLR 3.5.30729)"
77.87.228.68 - - [15/Apr/2013:09:30:10 +0200] "GET /images/freecall.jpg HTTP/1.1" 200 39195 "http://www.mink-gmbh.de/" "Mozilla/4.0 (compatible; MSIE 8.0; Windows NT 5.1; Trident/4.0; .NET CLR 1.1.4322; .NET CLR 2.0.50727; .NET CLR 3.0.4506.2152; .NET CLR 3.5.30729)"
77.87.228.68 - - [15/Apr/2013:09:30:10 +0200] "GET /images/tkw.jpg HTTP/1.1" 200 64031 "http://www.mink-gmbh.de/" "Mozilla/4.0 (compatible; MSIE 8.0; Windows NT 5.1; Trident/4.0; .NET CLR 1.1.4322; .NET CLR 2.0.50727; .NET CLR 3.0.4506.2152; .NET CLR 3.5.30729)"
77.87.228.68 - - [15/Apr/2013:09:30:10 +0200] "GET /images/mail.jpg HTTP/1.1" 200 11165 "http://www.mink-gmbh.de/" "Mozilla/4.0 (compatible; MSIE 8.0; Windows NT 5.1; Trident/4.0; .NET CLR 1.1.4322; .NET CLR 2.0.50727; .NET CLR 3.0.4506.2152; .NET CLR 3.5.30729)"
77.87.228.68 - - [15/Apr/2013:09:30:10 +0200] "GET /images/newsletter_bg.jpg HTTP/1.1" 200 33610 "http://www.mink-gmbh.de/" "Mozilla/4.0 (compatible; MSIE 8.0; Windows NT 5.1; Trident/4.0; .NET CLR 1.1.4322; .NET CLR 2.0.50727; .NET CLR 3.0.4506.2152; .NET CLR 3.5.30729)"
77.87.228.68 - - [15/Apr/2013:09:30:11 +0200] "GET /js_contentserver24_greybox/loader_frame.html?s=0 HTTP/1.1" 200 2084 "http://www.mink-gmbh.de/" "Mozilla/4.0 (compatible; MSIE 8.0; Windows NT 5.1; Trident/4.0; .NET CLR 1.1.4322; .NET CLR 2.0.50727; .NET CLR 3.0.4506.2152; .NET CLR 3.5.30729)"
77.87.228.68 - - [15/Apr/2013:09:30:11 +0200] "GET /js_contentserver24_greybox/AJS.js HTTP/1.1" 200 10396 "http://www.mink-gmbh.de/js_contentserver24_greybox/loader_frame.html?s=0" "Mozilla/4.0 (compatible; MSIE 8.0; Windows NT 5.1; Trident/4.0; .NET CLR 1.1.4322; .NET CLR 2.0.50727; .NET CLR 3.0.4506.2152; .NET CLR 3.5.30729)"
77.87.228.68 - - [15/Apr/2013:09:30:11 +0200] "GET /images/kwk.gif HTTP/1.1" 200 6403 "http://www.mink-gmbh.de/" "Mozilla/4.0 (compatible; MSIE 8.0; Windows NT 5.1; Trident/4.0; .NET CLR 1.1.4322; .NET CLR 2.0.50727; .NET CLR 3.0.4506.2152; .NET CLR 3.5.30729)"
77.87.228.68 - - [15/Apr/2013:09:30:11 +0200] "GET /images/navibg.png HTTP/1.1" 200 2803 "http://www.mink-gmbh.de/" "Mozilla/4.0 (compatible; MSIE 8.0; Windows NT 5.1; Trident/4.0; .NET CLR 1.1.4322; .NET CLR 2.0.50727; .NET CLR 3.0.4506.2152; .NET CLR 3.5.30729)"
77.87.228.68 - - [15/Apr/2013:09:30:11 +0200] "GET /images/wunschpreis.jpg HTTP/1.1" 200 16767 "http://www.mink-gmbh.de/" "Mozilla/4.0 (compatible; MSIE 8.0; Windows NT 5.1; Trident/4.0; .NET CLR 1.1.4322; .NET CLR 2.0.50727; .NET CLR 3.0.4506.2152; .NET CLR 3.5.30729)"
77.87.228.68 - - [15/Apr/2013:09:30:11 +0200] "GET /images/logos.jpg HTTP/1.1" 200 15002 "http://www.mink-gmbh.de/" "Mozilla/4.0 (compatible; MSIE 8.0; Windows NT 5.1; Trident/4.0; .NET CLR 1.1.4322; .NET CLR 2.0.50727; .NET CLR 3.0.4506.2152; .NET CLR 3.5.30729)"
77.87.228.68 - - [15/Apr/2013:09:30:11 +0200] "GET /images/close.png HTTP/1.1" 200 703 "http://www.mink-gmbh.de/" "Mozilla/4.0 (compatible; MSIE 8.0; Windows NT 5.1; Trident/4.0; .NET CLR 1.1.4322; .NET CLR 2.0.50727; .NET CLR 3.0.4506.2152; .NET CLR 3.5.30729)"
77.87.228.68 - - [15/Apr/2013:09:30:11 +0200] "GET /images/newsletter.png HTTP/1.1" 200 14619 "http://www.mink-gmbh.de/" "Mozilla/4.0 (compatible; MSIE 8.0; Windows NT 5.1; Trident/4.0; .NET CLR 1.1.4322; .NET CLR 2.0.50727; .NET CLR 3.0.4506.2152; .NET CLR 3.5.30729)"
77.87.228.68 - - [15/Apr/2013:09:30:11 +0200] "GET /images/header.jpg HTTP/1.1" 200 24413 "http://www.mink-gmbh.de/" "Mozilla/4.0 (compatible; MSIE 8.0; Windows NT 5.1; Trident/4.0; .NET CLR 1.1.4322; .NET CLR 2.0.50727; .NET CLR 3.0.4506.2152; .NET CLR 3.5.30729)"
77.87.228.68 - - [15/Apr/2013:09:30:12 +0200] "GET /images/fallend.png HTTP/1.1" 200 713 "http://www.mink-gmbh.de/" "Mozilla/4.0 (compatible; MSIE 8.0; Windows NT 5.1; Trident/4.0; .NET CLR 1.1.4322; .NET CLR 2.0.50727; .NET CLR 3.0.4506.2152; .NET CLR 3.5.30729)"
77.87.228.68 - - [15/Apr/2013:09:30:12 +0200] "GET /images/newsletter.jpg HTTP/1.1" 200 13130 "http://www.mink-gmbh.de/" "Mozilla/4.0 (compatible; MSIE 8.0; Windows NT 5.1; Trident/4.0; .NET CLR 1.1.4322; .NET CLR 2.0.50727; .NET CLR 3.0.4506.2152; .NET CLR 3.5.30729)"
77.87.228.68 - - [15/Apr/2013:09:30:12 +0200] "GET /images/mobil.jpg HTTP/1.1" 200 25293 "http://www.mink-gmbh.de/" "Mozilla/4.0 (compatible; MSIE 8.0; Windows NT 5.1; Trident/4.0; .NET CLR 1.1.4322; .NET CLR 2.0.50727; .NET CLR 3.0.4506.2152; .NET CLR 3.5.30729)"
77.87.228.68 - - [15/Apr/2013:09:30:12 +0200] "GET /images/footerbg.jpg HTTP/1.1" 200 2184 "http://www.mink-gmbh.de/" "Mozilla/4.0 (compatible; MSIE 8.0; Windows NT 5.1; Trident/4.0; .NET CLR 1.1.4322; .NET CLR 2.0.50727; .NET CLR 3.0.4506.2152; .NET CLR 3.5.30729)"
77.87.228.68 - - [15/Apr/2013:09:30:12 +0200] "GET /js_contentserver24_greybox/header_bg.gif HTTP/1.1" 200 1188 "http://www.mink-gmbh.de/" "Mozilla/4.0 (compatible; MSIE 8.0; Windows NT 5.1; Trident/4.0; .NET CLR 1.1.4322; .NET CLR 2.0.50727; .NET CLR 3.0.4506.2152; .NET CLR 3.5.30729)"
77.87.228.68 - - [15/Apr/2013:09:30:12 +0200] "GET /js_contentserver24_greybox/indicator.gif HTTP/1.1" 200 8238 "http://www.mink-gmbh.de/js_contentserver24_greybox/loader_frame.html?s=0" "Mozilla/4.0 (compatible; MSIE 8.0; Windows NT 5.1; Trident/4.0; .NET CLR 1.1.4322; .NET CLR 2.0.50727; .NET CLR 3.0.4506.2152; .NET CLR 3.5.30729)"
77.87.228.68 - - [15/Apr/2013:09:30:13 +0200] "GET /js_contentserver24_greybox/g_close.gif HTTP/1.1" 200 541 "http://www.mink-gmbh.de/" "Mozilla/4.0 (compatible; MSIE 8.0; Windows NT 5.1; Trident/4.0; .NET CLR 1.1.4322; .NET CLR 2.0.50727; .NET CLR 3.0.4506.2152; .NET CLR 3.5.30729)"
77.87.228.68 - - [15/Apr/2013:09:30:13 +0200] "GET /images/wrapperbg.jpg HTTP/1.1" 200 27465 "http://www.mink-gmbh.de/" "Mozilla/4.0 (compatible; MSIE 8.0; Windows NT 5.1; Trident/4.0; .NET CLR 1.1.4322; .NET CLR 2.0.50727; .NET CLR 3.0.4506.2152; .NET CLR 3.5.30729)"
77.87.228.68 - - [15/Apr/2013:09:30:28 +0200] "GET /standard.php HTTP/1.1" 200 9218 "http://www.mink-gmbh.de/" "Mozilla/4.0 (compatible; MSIE 8.0; Windows NT 5.1; Trident/4.0; .NET CLR 1.1.4322; .NET CLR 2.0.50727; .NET CLR 3.0.4506.2152; .NET CLR 3.5.30729)"
77.87.228.68 - - [15/Apr/2013:09:31:14 +0200] "GET /optiplus.php HTTP/1.1" 200 11100 "http://www.mink-gmbh.de/standard.php" "Mozilla/4.0 (compatible; MSIE 8.0; Windows NT 5.1; Trident/4.0; .NET CLR 1.1.4322; .NET CLR 2.0.50727; .NET CLR 3.0.4506.2152; .NET CLR 3.5.30729)"
77.87.228.68 - - [15/Apr/2013:09:31:14 +0200] "GET /style.css HTTP/1.1" 200 8418 "http://www.mink-gmbh.de/optiplus.php" "Mozilla/4.0 (compatible; MSIE 8.0; Windows NT 5.1; Trident/4.0; .NET CLR 1.1.4322; .NET CLR 2.0.50727; .NET CLR 3.0.4506.2152; .NET CLR 3.5.30729)"
77.87.228.68 - - [15/Apr/2013:09:31:14 +0200] "GET /modul.css HTTP/1.1" 200 35038 "http://www.mink-gmbh.de/optiplus.php" "Mozilla/4.0 (compatible; MSIE 8.0; Windows NT 5.1; Trident/4.0; .NET CLR 1.1.4322; .NET CLR 2.0.50727; .NET CLR 3.0.4506.2152; .NET CLR 3.5.30729)"
77.87.228.68 - - [15/Apr/2013:09:31:15 +0200] "GET /images/Optiseite.jpg HTTP/1.1" 200 32107 "http://www.mink-gmbh.de/optiplus.php" "Mozilla/4.0 (compatible; MSIE 8.0; Windows NT 5.1; Trident/4.0; .NET CLR 1.1.4322; .NET CLR 2.0.50727; .NET CLR 3.0.4506.2152; .NET CLR 3.5.30729)"
77.87.228.68 - - [15/Apr/2013:09:31:15 +0200] "GET /images/optiplus.jpg HTTP/1.1" 200 37436 "http://www.mink-gmbh.de/optiplus.php" "Mozilla/4.0 (compatible; MSIE 8.0; Windows NT 5.1; Trident/4.0; .NET CLR 1.1.4322; .NET CLR 2.0.50727; .NET CLR 3.0.4506.2152; .NET CLR 3.5.30729)"
77.87.228.68 - - [15/Apr/2013:09:31:58 +0200] "GET /preisanfrage.php HTTP/1.1" 200 10735 "http://www.mink-gmbh.de/optiplus.php" "Mozilla/4.0 (compatible; MSIE 8.0; Windows NT 5.1; Trident/4.0; .NET CLR 1.1.4322; .NET CLR 2.0.50727; .NET CLR 3.0.4506.2152; .NET CLR 3.5.30729)"
77.87.228.68 - - [15/Apr/2013:09:32:27 +0200] "GET / HTTP/1.1" 200 12142 "-" "Mozilla/4.0 (compatible; MSIE 8.0; Windows NT 5.1; Trident/4.0; .NET CLR 1.1.4322; .NET CLR 2.0.50727; .NET CLR 3.0.4506.2152; .NET CLR 3.5.30729)"
77.87.228.68 - - [15/Apr/2013:09:32:28 +0200] "GET /style.css HTTP/1.1" 200 8418 "http://www.mink-gmbh.de/" "Mozilla/4.0 (compatible; MSIE 8.0; Windows NT 5.1; Trident/4.0; .NET CLR 1.1.4322; .NET CLR 2.0.50727; .NET CLR 3.0.4506.2152; .NET CLR 3.5.30729)"
77.87.228.68 - - [15/Apr/2013:09:32:28 +0200] "GET /modul.css HTTP/1.1" 200 35038 "http://www.mink-gmbh.de/" "Mozilla/4.0 (compatible; MSIE 8.0; Windows NT 5.1; Trident/4.0; .NET CLR 1.1.4322; .NET CLR 2.0.50727; .NET CLR 3.0.4506.2152; .NET CLR 3.5.30729)"
77.87.228.68 - - [15/Apr/2013:09:32:28 +0200] "GET /js_contentserver24_greybox/gb_styles.css HTTP/1.1" 200 2302 "http://www.mink-gmbh.de/" "Mozilla/4.0 (compatible; MSIE 8.0; Windows NT 5.1; Trident/4.0; .NET CLR 1.1.4322; .NET CLR 2.0.50727; .NET CLR 3.0.4506.2152; .NET CLR 3.5.30729)"
77.87.228.68 - - [15/Apr/2013:09:32:28 +0200] "GET /js_contentserver24_greybox/AJS_fx.js HTTP/1.1" 200 3192 "http://www.mink-gmbh.de/" "Mozilla/4.0 (compatible; MSIE 8.0; Windows NT 5.1; Trident/4.0; .NET CLR 1.1.4322; .NET CLR 2.0.50727; .NET CLR 3.0.4506.2152; .NET CLR 3.5.30729)"
77.87.228.68 - - [15/Apr/2013:09:32:28 +0200] "GET /js_contentserver24_greybox/gb_scripts.js HTTP/1.1" 200 11913 "http://www.mink-gmbh.de/" "Mozilla/4.0 (compatible; MSIE 8.0; Windows NT 5.1; Trident/4.0; .NET CLR 1.1.4322; .NET CLR 2.0.50727; .NET CLR 3.0.4506.2152; .NET CLR 3.5.30729)"
77.87.228.68 - - [15/Apr/2013:09:32:36 +0200] "GET /favicon.ico HTTP/1.1" 200 3638 "-" "Mozilla/4.0 (compatible; MSIE 8.0; Windows NT 5.1; Trident/4.0; .NET CLR 1.1.4322; .NET CLR 2.0.50727; .NET CLR 3.0.4506.2152; .NET CLR 3.5.30729)"
77.87.228.68 - - [15/Apr/2013:09:34:15 +0200] "GET /news.php?cs_go=archiv&cs_id=4078 HTTP/1.1" 200 12119 "http://www.mink-gmbh.de/" "Mozilla/4.0 (compatible; MSIE 8.0; Windows NT 5.1; Trident/4.0; .NET CLR 1.1.4322; .NET CLR 2.0.50727; .NET CLR 3.0.4506.2152; .NET CLR 3.5.30729)"
77.87.228.68 - - [15/Apr/2013:09:34:16 +0200] "GET /modul.css HTTP/1.1" 304 - "http://www.mink-gmbh.de/news.php?cs_go=archiv&cs_id=4078" "Mozilla/4.0 (compatible; MSIE 8.0; Windows NT 5.1; Trident/4.0; .NET CLR 1.1.4322; .NET CLR 2.0.50727; .NET CLR 3.0.4506.2152; .NET CLR 3.5.30729)"
77.87.228.68 - - [15/Apr/2013:09:34:16 +0200] "GET /style.css HTTP/1.1" 304 - "http://www.mink-gmbh.de/news.php?cs_go=archiv&cs_id=4078" "Mozilla/4.0 (compatible; MSIE 8.0; Windows NT 5.1; Trident/4.0; .NET CLR 1.1.4322; .NET CLR 2.0.50727; .NET CLR 3.0.4506.2152; .NET CLR 3.5.30729)"
77.87.228.68 - - [15/Apr/2013:09:34:16 +0200] "GET /images/bg.jpg HTTP/1.1" 304 - "http://www.mink-gmbh.de/news.php?cs_go=archiv&cs_id=4078" "Mozilla/4.0 (compatible; MSIE 8.0; Windows NT 5.1; Trident/4.0; .NET CLR 1.1.4322; .NET CLR 2.0.50727; .NET CLR 3.0.4506.2152; .NET CLR 3.5.30729)"
77.87.228.68 - - [15/Apr/2013:09:34:16 +0200] "GET /images/newsletter_bg.jpg HTTP/1.1" 304 - "http://www.mink-gmbh.de/news.php?cs_go=archiv&cs_id=4078" "Mozilla/4.0 (compatible; MSIE 8.0; Windows NT 5.1; Trident/4.0; .NET CLR 1.1.4322; .NET CLR 2.0.50727; .NET CLR 3.0.4506.2152; .NET CLR 3.5.30729)"
77.87.228.68 - - [15/Apr/2013:09:34:16 +0200] "GET /images/freecall.jpg HTTP/1.1" 304 - "http://www.mink-gmbh.de/news.php?cs_go=archiv&cs_id=4078" "Mozilla/4.0 (compatible; MSIE 8.0; Windows NT 5.1; Trident/4.0; .NET CLR 1.1.4322; .NET CLR 2.0.50727; .NET CLR 3.0.4506.2152; .NET CLR 3.5.30729)"
77.87.228.68 - - [15/Apr/2013:09:34:16 +0200] "GET /images/wrapperbg.jpg HTTP/1.1" 304 - "http://www.mink-gmbh.de/news.php?cs_go=archiv&cs_id=4078" "Mozilla/4.0 (compatible; MSIE 8.0; Windows NT 5.1; Trident/4.0; .NET CLR 1.1.4322; .NET CLR 2.0.50727; .NET CLR 3.0.4506.2152; .NET CLR 3.5.30729)"
77.87.228.68 - - [15/Apr/2013:09:34:16 +0200] "GET /images/navibg.png HTTP/1.1" 304 - "http://www.mink-gmbh.de/news.php?cs_go=archiv&cs_id=4078" "Mozilla/4.0 (compatible; MSIE 8.0; Windows NT 5.1; Trident/4.0; .NET CLR 1.1.4322; .NET CLR 2.0.50727; .NET CLR 3.0.4506.2152; .NET CLR 3.5.30729)"
77.87.228.68 - - [15/Apr/2013:09:34:16 +0200] "GET /images/mail.jpg HTTP/1.1" 304 - "http://www.mink-gmbh.de/news.php?cs_go=archiv&cs_id=4078" "Mozilla/4.0 (compatible; MSIE 8.0; Windows NT 5.1; Trident/4.0; .NET CLR 1.1.4322; .NET CLR 2.0.50727; .NET CLR 3.0.4506.2152; .NET CLR 3.5.30729)"
77.87.228.68 - - [15/Apr/2013:09:34:17 +0200] "GET /images/close.png HTTP/1.1" 304 - "http://www.mink-gmbh.de/news.php?cs_go=archiv&cs_id=4078" "Mozilla/4.0 (compatible; MSIE 8.0; Windows NT 5.1; Trident/4.0; .NET CLR 1.1.4322; .NET CLR 2.0.50727; .NET CLR 3.0.4506.2152; .NET CLR 3.5.30729)"
77.87.228.68 - - [15/Apr/2013:09:34:17 +0200] "GET /images/newsletter.png HTTP/1.1" 304 - "http://www.mink-gmbh.de/news.php?cs_go=archiv&cs_id=4078" "Mozilla/4.0 (compatible; MSIE 8.0; Windows NT 5.1; Trident/4.0; .NET CLR 1.1.4322; .NET CLR 2.0.50727; .NET CLR 3.0.4506.2152; .NET CLR 3.5.30729)"
77.87.228.68 - - [15/Apr/2013:09:34:17 +0200] "GET /images/kwk.gif HTTP/1.1" 304 - "http://www.mink-gmbh.de/news.php?cs_go=archiv&cs_id=4078" "Mozilla/4.0 (compatible; MSIE 8.0; Windows NT 5.1; Trident/4.0; .NET CLR 1.1.4322; .NET CLR 2.0.50727; .NET CLR 3.0.4506.2152; .NET CLR 3.5.30729)"
77.87.228.68 - - [15/Apr/2013:09:34:17 +0200] "GET /images/wunschpreis.jpg HTTP/1.1" 304 - "http://www.mink-gmbh.de/news.php?cs_go=archiv&cs_id=4078" "Mozilla/4.0 (compatible; MSIE 8.0; Windows NT 5.1; Trident/4.0; .NET CLR 1.1.4322; .NET CLR 2.0.50727; .NET CLR 3.0.4506.2152; .NET CLR 3.5.30729)"
77.87.228.68 - - [15/Apr/2013:09:34:17 +0200] "GET /images/header.jpg HTTP/1.1" 304 - "http://www.mink-gmbh.de/news.php?cs_go=archiv&cs_id=4078" "Mozilla/4.0 (compatible; MSIE 8.0; Windows NT 5.1; Trident/4.0; .NET CLR 1.1.4322; .NET CLR 2.0.50727; .NET CLR 3.0.4506.2152; .NET CLR 3.5.30729)"
77.87.228.68 - - [15/Apr/2013:09:34:17 +0200] "GET /images/footerbg.jpg HTTP/1.1" 304 - "http://www.mink-gmbh.de/news.php?cs_go=archiv&cs_id=4078" "Mozilla/4.0 (compatible; MSIE 8.0; Windows NT 5.1; Trident/4.0; .NET CLR 1.1.4322; .NET CLR 2.0.50727; .NET CLR 3.0.4506.2152; .NET CLR 3.5.30729)"
77.87.228.68 - - [15/Apr/2013:09:34:17 +0200] "GET /images/logos.jpg HTTP/1.1" 304 - "http://www.mink-gmbh.de/news.php?cs_go=archiv&cs_id=4078" "Mozilla/4.0 (compatible; MSIE 8.0; Windows NT 5.1; Trident/4.0; .NET CLR 1.1.4322; .NET CLR 2.0.50727; .NET CLR 3.0.4506.2152; .NET CLR 3.5.30729)"
77.87.228.68 - - [15/Apr/2013:09:34:29 +0200] "GET / HTTP/1.1" 200 11401 "-" "Mozilla/4.0 (compatible; MSIE 8.0; Windows NT 5.1; Trident/4.0; .NET CLR 1.1.4322; .NET CLR 2.0.50727; .NET CLR 3.0.4506.2152; .NET CLR 3.5.30729)"
77.87.228.68 - - [15/Apr/2013:09:34:30 +0200] "GET /images/tkw.jpg HTTP/1.1" 304 - "http://www.mink-gmbh.de/" "Mozilla/4.0 (compatible; MSIE 8.0; Windows NT 5.1; Trident/4.0; .NET CLR 1.1.4322; .NET CLR 2.0.50727; .NET CLR 3.0.4506.2152; .NET CLR 3.5.30729)"
77.87.228.68 - - [15/Apr/2013:09:34:30 +0200] "GET /images/fallend.png HTTP/1.1" 304 - "http://www.mink-gmbh.de/" "Mozilla/4.0 (compatible; MSIE 8.0; Windows NT 5.1; Trident/4.0; .NET CLR 1.1.4322; .NET CLR 2.0.50727; .NET CLR 3.0.4506.2152; .NET CLR 3.5.30729)"
77.87.228.68 - - [15/Apr/2013:09:34:30 +0200] "GET /images/mobil.jpg HTTP/1.1" 304 - "http://www.mink-gmbh.de/" "Mozilla/4.0 (compatible; MSIE 8.0; Windows NT 5.1; Trident/4.0; .NET CLR 1.1.4322; .NET CLR 2.0.50727; .NET CLR 3.0.4506.2152; .NET CLR 3.5.30729)"
77.87.228.68 - - [15/Apr/2013:09:34:30 +0200] "GET /images/newsletter.jpg HTTP/1.1" 304 - "http://www.mink-gmbh.de/" "Mozilla/4.0 (compatible; MSIE 8.0; Windows NT 5.1; Trident/4.0; .NET CLR 1.1.4322; .NET CLR 2.0.50727; .NET CLR 3.0.4506.2152; .NET CLR 3.5.30729)"
208.115.111.75 - - [15/Apr/2013:09:44:16 +0200] "GET /news.php HTTP/1.1" 200 22066 "-" "Mozilla/5.0 (compatible; Ezooms/1.0; ezooms.bot@gmail.com)"
208.115.113.91 - - [15/Apr/2013:09:55:23 +0200] "GET /robots.txt HTTP/1.1" 200 177 "-" "Mozilla/5.0 (compatible; Ezooms/1.0; ezooms.bot@gmail.com)"
66.249.75.49 - - [15/Apr/2013:10:01:26 +0200] "GET /news.php?cs_go=archiv&cs_id=3219 HTTP/1.1" 200 10008 "-" "Mozilla/5.0 (compatible; Googlebot/2.1; +http://www.google.com/bot.html)"
66.249.75.49 - - [15/Apr/2013:10:16:56 +0200] "GET /news.php?cs_go=archiv&cs_id=3819&cs_search= HTTP/1.1" 200 9882 "-" "Mozilla/5.0 (compatible; Googlebot/2.1; +http://www.google.com/bot.html)"
123.125.71.60 - - [15/Apr/2013:10:30:44 +0200] "GET / HTTP/1.1" 200 8728 "-" "Mozilla/5.0 (compatible; Baiduspider/2.0; +http://www.baidu.com/search/spider.html)"
220.181.108.109 - - [15/Apr/2013:10:31:11 +0200] "GET / HTTP/1.1" 200 7825 "-" "Mozilla/5.0 (compatible; Baiduspider/2.0; +http://www.baidu.com/search/spider.html)"
66.249.75.49 - - [15/Apr/2013:10:49:36 +0200] "GET /edl.php HTTP/1.1" 200 10801 "-" "Mozilla/5.0 (compatible; Googlebot/2.1; +http://www.google.com/bot.html)"
66.249.75.49 - - [15/Apr/2013:10:50:19 +0200] "GET /news.php?cs_go=archiv&cs_id=3176&cs_search= HTTP/1.1" 200 13076 "-" "Mozilla/5.0 (compatible; Googlebot/2.1; +http://www.google.com/bot.html)"
141.8.147.12 - - [15/Apr/2013:11:31:25 +0200] "GET /robots.txt HTTP/1.1" 200 177 "-" "Mozilla/5.0 (compatible; YandexBot/3.0; +http://yandex.com/bots)"
66.249.75.49 - - [15/Apr/2013:11:52:47 +0200] "GET /news.php?cs_go=archiv&cs_startpos=140 HTTP/1.1" 200 22884 "-" "Mozilla/5.0 (compatible; Googlebot/2.1; +http://www.google.com/bot.html)"
144.76.13.77 - - [15/Apr/2013:11:55:31 +0200] "GET /agb.php HTTP/1.1" 200 19709 "-" "Mozilla/4.0 (compatible; MSIE 6.0; Windows NT 5.1; SV1)"
208.115.113.91 - - [15/Apr/2013:11:58:03 +0200] "GET /standard.php HTTP/1.1" 200 9218 "-" "Mozilla/5.0 (compatible; Ezooms/1.0; ezooms.bot@gmail.com)"
80.82.209.221 - - [15/Apr/2013:12:08:31 +0200] "GET /robots.txt HTTP/1.0" 200 177 "-" "jSem/Nutch-1.4"
80.82.209.221 - - [15/Apr/2013:12:08:31 +0200] "GET / HTTP/1.0" 200 12112 "-" "jSem/Nutch-1.4"
123.125.71.117 - - [15/Apr/2013:12:13:17 +0200] "GET /robots.txt HTTP/1.1" 200 177 "-" "Mozilla/5.0 (Windows NT 5.1; rv:6.0.2) Gecko/20100101 Firefox/6.0.2"
141.8.147.12 - - [15/Apr/2013:12:47:49 +0200] "GET / HTTP/1.1" 200 12112 "-" "Mozilla/5.0 (compatible; YandexBot/3.0; +http://yandex.com/bots)"
217.79.179.130 - - [15/Apr/2013:12:53:40 +0200] "GET /robots.txt HTTP/1.0" 200 177 "-" "jSem/Nutch-1.4"
217.79.179.130 - - [15/Apr/2013:12:53:40 +0200] "GET /index.php HTTP/1.0" 200 12112 "-" "jSem/Nutch-1.4"
66.249.73.225 - - [15/Apr/2013:13:08:05 +0200] "GET /robots.txt HTTP/1.1" 200 177 "-" "Mozilla/5.0 (compatible; Googlebot/2.1; +http://www.google.com/bot.html)"
66.249.73.225 - - [15/Apr/2013:13:08:05 +0200] "GET /news.php HTTP/1.1" 200 21992 "-" "DoCoMo/2.0 N905i(c100;TB;W24H16) (compatible; Googlebot-Mobile/2.1; +http://www.google.com/bot.html)"
81.30.151.221 - - [15/Apr/2013:13:16:53 +0200] "GET /robots.txt HTTP/1.1" 200 177 "-" "Mozilla/5.0 (compatible; Spiderlytics/1.0; +spider@spiderlytics.com)"
81.30.151.221 - - [15/Apr/2013:13:16:53 +0200] "GET /lexikon.php?cs_go=3&cs_id=140 HTTP/1.1" 200 8744 "-" "Mozilla/5.0 (compatible; Spiderlytics/1.0; +spider@spiderlytics.com)"
141.8.147.12 - - [15/Apr/2013:13:17:31 +0200] "GET /lexikon.php?cs_go=3&cs_id=63 HTTP/1.1" 200 8362 "-" "Mozilla/5.0 (compatible; YandexBot/3.0; +http://yandex.com/bots)"
130.83.167.153 - - [15/Apr/2013:13:25:24 +0200] "GET /news.php?cs_go=archiv&cs_startpos=30 HTTP/1.1" 200 6992 "-" "findlinks/2.6 (+http://wortschatz.uni-leipzig.de/findlinks/)"
130.83.167.153 - - [15/Apr/2013:13:25:24 +0200] "GET /news.php?cs_go=archiv&cs_startpos=30 HTTP/1.1" 200 22342 "-" "findlinks/2.6 (+http://wortschatz.uni-leipzig.de/findlinks/)"
66.249.73.225 - - [15/Apr/2013:13:34:59 +0200] "GET /news.php?cs_go=archiv&cs_id=2921 HTTP/1.1" 200 13600 "-" "Mozilla/5.0 (compatible; Googlebot/2.1; +http://www.google.com/bot.html)"
208.115.113.91 - - [15/Apr/2013:13:49:52 +0200] "GET /robots.txt HTTP/1.1" 200 177 "-" "Mozilla/5.0 (compatible; Ezooms/1.0; ezooms.bot@gmail.com)"
141.8.147.12 - - [15/Apr/2013:13:58:21 +0200] "GET /lexikon.php?cs_go=3&cs_id=95 HTTP/1.1" 200 8734 "-" "Mozilla/5.0 (compatible; YandexBot/3.0; +http://yandex.com/bots)"
83.136.86.187 - - [15/Apr/2013:14:07:04 +0200] "GET /robots.txt HTTP/1.0" 200 177 "-" "jSem/Nutch-1.4"
83.136.86.187 - - [15/Apr/2013:14:07:04 +0200] "GET /index.php HTTP/1.0" 200 12149 "-" "jSem/Nutch-1.4"
141.8.147.12 - - [15/Apr/2013:14:10:24 +0200] "GET /lexikon.php?cs_go=3&cs_id=82 HTTP/1.1" 200 8389 "-" "Mozilla/5.0 (compatible; YandexBot/3.0; +http://yandex.com/bots)"
66.249.73.225 - - [15/Apr/2013:14:13:40 +0200] "GET /news.php?cs_go=archiv&cs_id=2947 HTTP/1.1" 200 9891 "-" "Mozilla/5.0 (compatible; Googlebot/2.1; +http://www.google.com/bot.html)"
66.249.73.225 - - [15/Apr/2013:14:29:11 +0200] "GET /news.php?cs_go=archiv&cs_id=3043 HTTP/1.1" 200 10155 "-" "Mozilla/5.0 (compatible; Googlebot/2.1; +http://www.google.com/bot.html)"
83.136.86.187 - - [15/Apr/2013:14:33:39 +0200] "GET /news.php HTTP/1.0" 200 22086 "-" "jSem/Nutch-1.4"
66.249.73.225 - - [15/Apr/2013:14:48:32 +0200] "GET /news.php?cs_go=archiv&cs_id=2929 HTTP/1.1" 200 12085 "-" "Mozilla/5.0 (compatible; Googlebot/2.1; +http://www.google.com/bot.html)"
66.249.73.225 - - [15/Apr/2013:14:56:20 +0200] "GET /news.php?cs_go=archiv&cs_id=2767&cs_search= HTTP/1.1" 200 13697 "-" "Mozilla/5.0 (compatible; Googlebot/2.1; +http://www.google.com/bot.html)"
66.249.73.225 - - [15/Apr/2013:14:57:05 +0200] "GET /style.css HTTP/1.1" 200 8418 "-" "Mozilla/5.0 (compatible; Googlebot/2.1; +http://www.google.com/bot.html)"
66.249.73.225 - - [15/Apr/2013:14:57:06 +0200] "GET /modul.css HTTP/1.1" 200 35038 "-" "Mozilla/5.0 (compatible; Googlebot/2.1; +http://www.google.com/bot.html)"
65.36.241.79 - - [15/Apr/2013:15:04:00 +0200] "HEAD / HTTP/1.1" 200 - "-" "InternetSeer.com"
66.249.73.225 - - [15/Apr/2013:15:11:54 +0200] "GET /news.php?cs_go=archiv&cs_id=3434 HTTP/1.1" 200 10333 "-" "Mozilla/5.0 (compatible; Googlebot/2.1; +http://www.google.com/bot.html)"
66.249.73.225 - - [15/Apr/2013:15:15:48 +0200] "GET /news.php?cs_go=archiv&cs_id=3110 HTTP/1.1" 200 13463 "-" "Mozilla/5.0 (compatible; Googlebot/2.1; +http://www.google.com/bot.html)"
80.82.209.221 - - [15/Apr/2013:15:31:22 +0200] "GET /robots.txt HTTP/1.0" 200 177 "-" "jSem/Nutch-1.4"
80.82.209.221 - - [15/Apr/2013:15:31:22 +0200] "GET /index.php HTTP/1.0" 200 12149 "-" "jSem/Nutch-1.4"
66.249.73.225 - - [15/Apr/2013:15:47:13 +0200] "GET /news.php?cs_go=archiv&cs_id=3395&cs_search= HTTP/1.1" 200 13697 "-" "Mozilla/5.0 (compatible; Googlebot/2.1; +http://www.google.com/bot.html)"
66.249.73.225 - - [15/Apr/2013:15:55:10 +0200] "GET /news.php?cs_go=archiv&cs_id=3361&cs_search= HTTP/1.1" 200 13441 "-" "Mozilla/5.0 (compatible; Googlebot/2.1; +http://www.google.com/bot.html)"
208.115.113.91 - - [15/Apr/2013:16:01:21 +0200] "GET /wunschpreis.php HTTP/1.1" 200 12084 "-" "Mozilla/5.0 (compatible; Ezooms/1.0; ezooms.bot@gmail.com)"
80.82.209.221 - - [15/Apr/2013:16:03:38 +0200] "GET /news.php HTTP/1.0" 200 11336 "-" "jSem/Nutch-1.4"
66.249.73.225 - - [15/Apr/2013:16:11:15 +0200] "GET /news.php?cs_go=archiv&cs_id=3401&cs_search= HTTP/1.1" 200 13324 "-" "Mozilla/5.0 (compatible; Googlebot/2.1; +http://www.google.com/bot.html)"
157.56.93.202 - - [15/Apr/2013:16:25:06 +0200] "GET /robots.txt HTTP/1.1" 200 177 "-" "Mozilla/5.0 (compatible; bingbot/2.0; +http://www.bing.com/bingbot.htm)"
157.56.93.202 - - [15/Apr/2013:16:26:33 +0200] "GET /preisanfrage.php HTTP/1.1" 200 10735 "-" "Mozilla/5.0 (compatible; bingbot/2.0; +http://www.bing.com/bingbot.htm)"
66.249.73.225 - - [15/Apr/2013:16:43:14 +0200] "GET /lexikon.php?cs_go=3&cs_id=11 HTTP/1.1" 200 8171 "-" "Mozilla/5.0 (compatible; Googlebot/2.1; +http://www.google.com/bot.html)"
95.211.139.1 - - [15/Apr/2013:17:31:58 +0200] "GET /robots.txt HTTP/1.0" 200 177 "-" "Mozilla/5.0 (compatible; AcoonBot/4.11.1; +http://www.acoon.de/robot.asp)"
95.211.139.1 - - [15/Apr/2013:17:31:59 +0200] "GET / HTTP/1.0" 200 12149 "-" "Mozilla/5.0 (compatible; AcoonBot/4.11.1; +http://www.acoon.de/robot.asp)"
66.249.73.225 - - [15/Apr/2013:17:35:10 +0200] "GET /lexikon.php?cs_go=3&cs_id=101 HTTP/1.1" 200 10216 "-" "Mozilla/5.0 (compatible; Googlebot/2.1; +http://www.google.com/bot.html)"
66.249.73.225 - - [15/Apr/2013:17:35:18 +0200] "GET /news.php?cs_go=archiv&cs_id=4052&cs_search= HTTP/1.1" 200 12330 "-" "Mozilla/5.0 (iPhone; U; CPU iPhone OS 4_1 like Mac OS X; en-us) AppleWebKit/532.9 (KHTML, like Gecko) Version/4.0.5 Mobile/8B117 Safari/6531.22.7 (compatible; Googlebot-Mobile/2.1; +http://www.google.com/bot.html)"
80.82.209.221 - - [15/Apr/2013:17:41:38 +0200] "GET /robots.txt HTTP/1.0" 200 177 "-" "jSem/Nutch-1.4"
80.82.209.221 - - [15/Apr/2013:17:41:38 +0200] "GET /index.php HTTP/1.0" 200 12149 "-" "jSem/Nutch-1.4"
66.249.73.225 - - [15/Apr/2013:18:04:26 +0200] "GET /news.php?cs_go=archiv&cs_startpos=0 HTTP/1.1" 200 22086 "-" "SAMSUNG-SGH-E250/1.0 Profile/MIDP-2.0 Configuration/CLDC-1.1 UP.Browser/6.2.3.3.c.1.101 (GUI) MMP/2.0 (compatible; Googlebot-Mobile/2.1; +http://www.google.com/bot.html)"
80.82.209.221 - - [15/Apr/2013:18:13:52 +0200] "GET /news.php HTTP/1.0" 200 22086 "-" "jSem/Nutch-1.4"
66.249.73.225 - - [15/Apr/2013:18:30:30 +0200] "GET /news.php?cs_go=archiv&cs_startpos=50 HTTP/1.1" 200 22812 "-" "DoCoMo/2.0 N905i(c100;TB;W24H16) (compatible; Googlebot-Mobile/2.1; +http://www.google.com/bot.html)"
66.249.73.225 - - [15/Apr/2013:18:44:39 +0200] "GET /news.php?cs_go=archiv&cs_id=3932 HTTP/1.1" 200 9861 "-" "Mozilla/5.0 (compatible; Googlebot/2.1; +http://www.google.com/bot.html)"
66.249.73.225 - - [15/Apr/2013:19:05:40 +0200] "GET /news.php?cs_go=archiv&cs_id=3576 HTTP/1.1" 200 13343 "-" "Mozilla/5.0 (compatible; Googlebot/2.1; +http://www.google.com/bot.html)"
141.8.147.12 - - [15/Apr/2013:20:04:45 +0200] "GET /index.php HTTP/1.1" 200 12149 "-" "Mozilla/5.0 (compatible; YandexBot/3.0; +http://yandex.com/bots)"
84.148.42.237 - - [15/Apr/2013:20:07:06 +0200] "GET /optiplus.php HTTP/1.1" 200 11100 "http://www.google.com/url?sa=t&rct=j&q=heiz%C3%B6l%20esso%20norm&source=web&cd=1&ved=0CDEQFjAA&url=http%3A%2F%2Fwww.mink-gmbh.de%2Foptiplus.php&ei=M0FsUYKWDoePtQa5loCIBg&usg=AFQjCNEouGCMmLgK9iGVLaDNxyZZMZ_YPQ&bvm=bv.45175338,d.Yms" "Mozilla/5.0 (iPad; CPU OS 6_0_1 like Mac OS X) AppleWebKit/536.26 (KHTML, like Gecko) Mercury/7.3 Mobile/10A523 Safari/8536.25"
84.148.42.237 - - [15/Apr/2013:20:07:07 +0200] "GET /style.css HTTP/1.1" 200 8418 "http://www.mink-gmbh.de/optiplus.php" "Mozilla/5.0 (iPad; CPU OS 6_0_1 like Mac OS X) AppleWebKit/536.26 (KHTML, like Gecko) Mercury/7.3 Mobile/10A523 Safari/8536.25"
84.148.42.237 - - [15/Apr/2013:20:07:07 +0200] "GET /modul.css HTTP/1.1" 200 35038 "http://www.mink-gmbh.de/optiplus.php" "Mozilla/5.0 (iPad; CPU OS 6_0_1 like Mac OS X) AppleWebKit/536.26 (KHTML, like Gecko) Mercury/7.3 Mobile/10A523 Safari/8536.25"
84.148.42.237 - - [15/Apr/2013:20:07:07 +0200] "GET /images/Optiseite.jpg HTTP/1.1" 200 32107 "http://www.mink-gmbh.de/optiplus.php" "Mozilla/5.0 (iPad; CPU OS 6_0_1 like Mac OS X) AppleWebKit/536.26 (KHTML, like Gecko) Mercury/7.3 Mobile/10A523 Safari/8536.25"
84.148.42.237 - - [15/Apr/2013:20:07:07 +0200] "GET /images/optiplus.jpg HTTP/1.1" 200 37436 "http://www.mink-gmbh.de/optiplus.php" "Mozilla/5.0 (iPad; CPU OS 6_0_1 like Mac OS X) AppleWebKit/536.26 (KHTML, like Gecko) Mercury/7.3 Mobile/10A523 Safari/8536.25"
84.148.42.237 - - [15/Apr/2013:20:07:07 +0200] "GET /images/freecall.jpg HTTP/1.1" 200 39195 "http://www.mink-gmbh.de/optiplus.php" "Mozilla/5.0 (iPad; CPU OS 6_0_1 like Mac OS X) AppleWebKit/536.26 (KHTML, like Gecko) Mercury/7.3 Mobile/10A523 Safari/8536.25"
84.148.42.237 - - [15/Apr/2013:20:07:08 +0200] "GET /images/mail.jpg HTTP/1.1" 200 11165 "http://www.mink-gmbh.de/optiplus.php" "Mozilla/5.0 (iPad; CPU OS 6_0_1 like Mac OS X) AppleWebKit/536.26 (KHTML, like Gecko) Mercury/7.3 Mobile/10A523 Safari/8536.25"
84.148.42.237 - - [15/Apr/2013:20:07:08 +0200] "GET /images/kwk.gif HTTP/1.1" 200 6403 "http://www.mink-gmbh.de/optiplus.php" "Mozilla/5.0 (iPad; CPU OS 6_0_1 like Mac OS X) AppleWebKit/536.26 (KHTML, like Gecko) Mercury/7.3 Mobile/10A523 Safari/8536.25"
84.148.42.237 - - [15/Apr/2013:20:07:08 +0200] "GET /images/bg.jpg HTTP/1.1" 200 345 "http://www.mink-gmbh.de/optiplus.php" "Mozilla/5.0 (iPad; CPU OS 6_0_1 like Mac OS X) AppleWebKit/536.26 (KHTML, like Gecko) Mercury/7.3 Mobile/10A523 Safari/8536.25"
84.148.42.237 - - [15/Apr/2013:20:07:08 +0200] "GET /images/header.jpg HTTP/1.1" 200 24413 "http://www.mink-gmbh.de/optiplus.php" "Mozilla/5.0 (iPad; CPU OS 6_0_1 like Mac OS X) AppleWebKit/536.26 (KHTML, like Gecko) Mercury/7.3 Mobile/10A523 Safari/8536.25"
84.148.42.237 - - [15/Apr/2013:20:07:08 +0200] "GET /images/newsletter_bg.jpg HTTP/1.1" 200 33610 "http://www.mink-gmbh.de/optiplus.php" "Mozilla/5.0 (iPad; CPU OS 6_0_1 like Mac OS X) AppleWebKit/536.26 (KHTML, like Gecko) Mercury/7.3 Mobile/10A523 Safari/8536.25"
84.148.42.237 - - [15/Apr/2013:20:07:08 +0200] "GET /images/wunschpreis.jpg HTTP/1.1" 200 16767 "http://www.mink-gmbh.de/optiplus.php" "Mozilla/5.0 (iPad; CPU OS 6_0_1 like Mac OS X) AppleWebKit/536.26 (KHTML, like Gecko) Mercury/7.3 Mobile/10A523 Safari/8536.25"
84.148.42.237 - - [15/Apr/2013:20:07:08 +0200] "GET /images/logos.jpg HTTP/1.1" 200 15002 "http://www.mink-gmbh.de/optiplus.php" "Mozilla/5.0 (iPad; CPU OS 6_0_1 like Mac OS X) AppleWebKit/536.26 (KHTML, like Gecko) Mercury/7.3 Mobile/10A523 Safari/8536.25"
84.148.42.237 - - [15/Apr/2013:20:07:08 +0200] "GET /images/close.png HTTP/1.1" 200 703 "http://www.mink-gmbh.de/optiplus.php" "Mozilla/5.0 (iPad; CPU OS 6_0_1 like Mac OS X) AppleWebKit/536.26 (KHTML, like Gecko) Mercury/7.3 Mobile/10A523 Safari/8536.25"
84.148.42.237 - - [15/Apr/2013:20:07:08 +0200] "GET /images/newsletter.png HTTP/1.1" 200 14619 "http://www.mink-gmbh.de/optiplus.php" "Mozilla/5.0 (iPad; CPU OS 6_0_1 like Mac OS X) AppleWebKit/536.26 (KHTML, like Gecko) Mercury/7.3 Mobile/10A523 Safari/8536.25"
84.148.42.237 - - [15/Apr/2013:20:07:08 +0200] "GET /images/wrapperbg.jpg HTTP/1.1" 200 27465 "http://www.mink-gmbh.de/optiplus.php" "Mozilla/5.0 (iPad; CPU OS 6_0_1 like Mac OS X) AppleWebKit/536.26 (KHTML, like Gecko) Mercury/7.3 Mobile/10A523 Safari/8536.25"
84.148.42.237 - - [15/Apr/2013:20:07:08 +0200] "GET /images/navibg.png HTTP/1.1" 200 2803 "http://www.mink-gmbh.de/optiplus.php" "Mozilla/5.0 (iPad; CPU OS 6_0_1 like Mac OS X) AppleWebKit/536.26 (KHTML, like Gecko) Mercury/7.3 Mobile/10A523 Safari/8536.25"
84.148.42.237 - - [15/Apr/2013:20:07:09 +0200] "GET /images/footerbg.jpg HTTP/1.1" 200 2184 "http://www.mink-gmbh.de/optiplus.php" "Mozilla/5.0 (iPad; CPU OS 6_0_1 like Mac OS X) AppleWebKit/536.26 (KHTML, like Gecko) Mercury/7.3 Mobile/10A523 Safari/8536.25"
84.148.42.237 - - [15/Apr/2013:20:07:09 +0200] "GET /favicon.ico HTTP/1.1" 200 3638 "-" "Mercury/7.4 CFNetwork/609.1.4 Darwin/13.0.0"
66.249.73.225 - - [15/Apr/2013:20:23:15 +0200] "GET /news.php?cs_go=archiv&cs_id=2870&cs_search= HTTP/1.1" 200 10275 "-" "Mozilla/5.0 (iPhone; U; CPU iPhone OS 4_1 like Mac OS X; en-us) AppleWebKit/532.9 (KHTML, like Gecko) Version/4.0.5 Mobile/8B117 Safari/6531.22.7 (compatible; Googlebot-Mobile/2.1; +http://www.google.com/bot.html)"
65.36.241.79 - - [15/Apr/2013:20:34:47 +0200] "HEAD / HTTP/1.1" 200 - "-" "InternetSeer.com"
208.115.113.91 - - [15/Apr/2013:21:49:11 +0200] "GET /robots.txt HTTP/1.1" 200 177 "-" "Mozilla/5.0 (compatible; Ezooms/1.0; ezooms.bot@gmail.com)"
66.249.73.225 - - [15/Apr/2013:21:50:04 +0200] "GET / HTTP/1.1" 200 12149 "-" "DoCoMo/2.0 N905i(c100;TB;W24H16) (compatible; Googlebot-Mobile/2.1; +http://www.google.com/bot.html)"
208.115.113.91 - - [15/Apr/2013:22:05:50 +0200] "GET /news.php?cs_go=archiv&cs_id=4042 HTTP/1.1" 200 10140 "-" "Mozilla/5.0 (compatible; Ezooms/1.0; ezooms.bot@gmail.com)"
141.8.147.12 - - [15/Apr/2013:22:28:24 +0200] "GET /news.php?cs_go=archiv&cs_id=4069 HTTP/1.1" 200 10378 "-" "Mozilla/5.0 (compatible; YandexBot/3.0; +http://yandex.com/bots)"
123.125.71.51 - - [15/Apr/2013:22:31:48 +0200] "GET / HTTP/1.1" 200 6440 "-" "Mozilla/5.0 (compatible; Baiduspider/2.0; +http://www.baidu.com/search/spider.html)"
220.181.108.111 - - [15/Apr/2013:22:32:16 +0200] "GET / HTTP/1.1" 200 6440 "-" "Mozilla/5.0 (compatible; Baiduspider/2.0; +http://www.baidu.com/search/spider.html)"
66.249.73.225 - - [15/Apr/2013:23:40:47 +0200] "GET /impressum.php HTTP/1.1" 200 8582 "-" "Mozilla/5.0 (iPhone; U; CPU iPhone OS 4_1 like Mac OS X; en-us) AppleWebKit/532.9 (KHTML, like Gecko) Version/4.0.5 Mobile/8B117 Safari/6531.22.7 (compatible; Googlebot-Mobile/2.1; +http://www.google.com/bot.html)"
208.115.111.75 - - [15/Apr/2013:23:52:51 +0200] "GET /robots.txt HTTP/1.1" 200 177 "-" "Mozilla/5.0 (compatible; Ezooms/1.0; ezooms.bot@gmail.com)"
83.133.125.202 - - [16/Apr/2013:00:02:31 +0200] "GET / HTTP/1.1" 200 1519 "http://www.sumaja.de/?such_wert=g\xfcnstig" "Mozilla/5.0 (Macintosh; U; Intel Mac OS X 10.6; de-DE; rv:1.9.2.8) Gecko/20100722 Firefox/3.6.8"
141.8.147.12 - - [16/Apr/2013:00:24:24 +0200] "GET /robots.txt HTTP/1.1" 200 177 "-" "Mozilla/5.0 (compatible; YandexBot/3.0; +http://yandex.com/bots)"
88.190.57.92 - - [16/Apr/2013:00:26:52 +0200] "GET /js_contentserver24_greybox/AJS.js HTTP/1.1" 200 10396 "http://abtasty.com/" "Mozilla/5.0 (X11; Linux x86_64) AppleWebKit/534.34 (KHTML, like Gecko) Qt/4.8.1 Safari/534.34"
88.190.57.92 - - [16/Apr/2013:00:26:52 +0200] "GET /js_contentserver24_greybox/AJS_fx.js HTTP/1.1" 200 3192 "http://abtasty.com/" "Mozilla/5.0 (X11; Linux x86_64) AppleWebKit/534.34 (KHTML, like Gecko) Qt/4.8.1 Safari/534.34"
88.190.57.92 - - [16/Apr/2013:00:26:52 +0200] "GET /js_contentserver24_greybox/gb_scripts.js HTTP/1.1" 200 11913 "http://abtasty.com/" "Mozilla/5.0 (X11; Linux x86_64) AppleWebKit/534.34 (KHTML, like Gecko) Qt/4.8.1 Safari/534.34"
88.190.57.92 - - [16/Apr/2013:00:26:52 +0200] "GET / HTTP/1.1" 200 12149 "http://abtasty.com/" "Mozilla/5.0 (X11; Linux x86_64) AppleWebKit/534.34 (KHTML, like Gecko) Qt/4.8.1 Safari/534.34"
88.190.57.92 - - [16/Apr/2013:00:26:53 +0200] "GET /js_contentserver24_greybox/loader_frame.html?s=0 HTTP/1.1" 200 2084 "http://abtasty.com/" "Mozilla/5.0 (X11; Linux x86_64) AppleWebKit/534.34 (KHTML, like Gecko) Qt/4.8.1 Safari/534.34"
66.249.73.225 - - [16/Apr/2013:00:41:14 +0200] "GET /news.php?cs_go=archiv&cs_id=2735&cs_search= HTTP/1.1" 200 9795 "-" "Mozilla/5.0 (compatible; Googlebot/2.1; +http://www.google.com/bot.html)"
130.83.167.153 - - [16/Apr/2013:00:45:25 +0200] "GET /news.php?cs_go=archiv&cs_id=3926&cs_search= HTTP/1.1" 200 6992 "-" "findlinks/2.6 (+http://wortschatz.uni-leipzig.de/findlinks/)"
130.83.167.153 - - [16/Apr/2013:00:45:25 +0200] "GET /news.php?cs_go=archiv&cs_id=3926&cs_search= HTTP/1.1" 200 12976 "-" "findlinks/2.6 (+http://wortschatz.uni-leipzig.de/findlinks/)"
66.249.73.225 - - [16/Apr/2013:00:54:14 +0200] "GET /news.php?cs_go=archiv&cs_id=3501 HTTP/1.1" 200 9880 "-" "Mozilla/5.0 (compatible; Googlebot/2.1; +http://www.google.com/bot.html)"
157.55.33.123 - - [16/Apr/2013:01:34:58 +0200] "GET /robots.txt HTTP/1.1" 200 177 "-" "Mozilla/5.0 (compatible; bingbot/2.0; +http://www.bing.com/bingbot.htm)"
157.55.33.123 - - [16/Apr/2013:01:36:33 +0200] "GET /news.php HTTP/1.1" 200 22086 "-" "Mozilla/5.0 (compatible; bingbot/2.0; +http://www.bing.com/bingbot.htm)"
141.8.147.12 - - [16/Apr/2013:01:37:00 +0200] "GET /news.php?cs_go=archiv&cs_id=4074 HTTP/1.1" 200 13449 "-" "Mozilla/5.0 (compatible; YandexBot/3.0; +http://yandex.com/bots)"
66.249.73.225 - - [16/Apr/2013:01:39:37 +0200] "GET /news.php?cs_go=archiv&cs_id=3500 HTTP/1.1" 200 13320 "-" "Mozilla/5.0 (compatible; Googlebot/2.1; +http://www.google.com/bot.html)"
66.249.73.225 - - [16/Apr/2013:01:39:42 +0200] "GET /news.php?cs_go=archiv&cs_id=4043&cs_search= HTTP/1.1" 200 13242 "-" "SAMSUNG-SGH-E250/1.0 Profile/MIDP-2.0 Configuration/CLDC-1.1 UP.Browser/6.2.3.3.c.1.101 (GUI) MMP/2.0 (compatible; Googlebot-Mobile/2.1; +http://www.google.com/bot.html)"
208.115.111.75 - - [16/Apr/2013:01:46:22 +0200] "GET /news.php?cs_go=archiv&cs_startpos=70 HTTP/1.1" 200 23050 "-" "Mozilla/5.0 (compatible; Ezooms/1.0; ezooms.bot@gmail.com)"
208.115.113.91 - - [16/Apr/2013:01:49:10 +0200] "GET /robots.txt HTTP/1.1" 200 177 "-" "Mozilla/5.0 (compatible; Ezooms/1.0; ezooms.bot@gmail.com)"
66.249.73.225 - - [16/Apr/2013:01:52:34 +0200] "GET /kwk.php HTTP/1.1" 200 10884 "-" "Mozilla/5.0 (compatible; Googlebot/2.1; +http://www.google.com/bot.html)"
208.115.113.91 - - [16/Apr/2013:02:05:04 +0200] "GET /news.php?cs_go=archiv&cs_id=4040 HTTP/1.1" 200 12426 "-" "Mozilla/5.0 (compatible; Ezooms/1.0; ezooms.bot@gmail.com)"
65.36.241.79 - - [16/Apr/2013:02:05:29 +0200] "HEAD / HTTP/1.1" 200 - "-" "InternetSeer.com"
66.249.73.225 - - [16/Apr/2013:02:31:01 +0200] "GET /news.php?cs_go=archiv&cs_id=3349&cs_search= HTTP/1.1" 200 12075 "-" "Mozilla/5.0 (compatible; Googlebot/2.1; +http://www.google.com/bot.html)"
66.249.73.225 - - [16/Apr/2013:02:31:52 +0200] "GET /lexikon.php?cs_go=2&cs_char=a HTTP/1.1" 200 9803 "-" "Mozilla/5.0 (compatible; Googlebot/2.1; +http://www.google.com/bot.html)"
141.8.147.12 - - [16/Apr/2013:03:03:16 +0200] "GET /news.php?cs_go=archiv&cs_id=3599&cs_search= HTTP/1.1" 200 11651 "-" "Mozilla/5.0 (compatible; YandexBot/3.0; +http://yandex.com/bots)"
66.249.73.225 - - [16/Apr/2013:03:16:28 +0200] "GET /lexikon.php?cs_go=3&cs_id=113 HTTP/1.1" 200 8176 "-" "Mozilla/5.0 (compatible; Googlebot/2.1; +http://www.google.com/bot.html)"
69.58.178.57 - - [16/Apr/2013:03:30:10 +0200] "GET /robots.txt HTTP/1.1" 200 177 "-" "Mozilla/5.0 (X11; Ubuntu; Linux i686; rv:14.0; ips-agent) Gecko/20100101 Firefox/14.0.1"
69.58.178.57 - - [16/Apr/2013:03:30:11 +0200] "GET / HTTP/1.1" 200 12149 "-" "Mozilla/5.0 (X11; Ubuntu; Linux i686; rv:14.0; ips-agent) Gecko/20100101 Firefox/14.0.1"
69.58.178.57 - - [16/Apr/2013:03:30:13 +0200] "GET /newsletter.php HTTP/1.1" 200 8928 "-" "Mozilla/5.0 (X11; Ubuntu; Linux i686; rv:14.0; ips-agent) Gecko/20100101 Firefox/14.0.1"
69.58.178.57 - - [16/Apr/2013:03:30:14 +0200] "GET /index.php HTTP/1.1" 200 12149 "-" "Mozilla/5.0 (X11; Ubuntu; Linux i686; rv:14.0; ips-agent) Gecko/20100101 Firefox/14.0.1"
69.58.178.57 - - [16/Apr/2013:03:30:16 +0200] "GET /standard.php HTTP/1.1" 200 9218 "-" "Mozilla/5.0 (X11; Ubuntu; Linux i686; rv:14.0; ips-agent) Gecko/20100101 Firefox/14.0.1"
69.58.178.57 - - [16/Apr/2013:03:30:18 +0200] "GET /wunschpreis.php HTTP/1.1" 200 12084 "-" "Mozilla/5.0 (X11; Ubuntu; Linux i686; rv:14.0; ips-agent) Gecko/20100101 Firefox/14.0.1"
69.58.178.57 - - [16/Apr/2013:03:30:20 +0200] "GET /preisanfrage.php HTTP/1.1" 200 10735 "-" "Mozilla/5.0 (X11; Ubuntu; Linux i686; rv:14.0; ips-agent) Gecko/20100101 Firefox/14.0.1"
69.58.178.57 - - [16/Apr/2013:03:30:22 +0200] "GET /news.php HTTP/1.1" 200 22086 "-" "Mozilla/5.0 (X11; Ubuntu; Linux i686; rv:14.0; ips-agent) Gecko/20100101 Firefox/14.0.1"
69.58.178.57 - - [16/Apr/2013:03:30:23 +0200] "GET /kontakt.php HTTP/1.1" 200 9198 "-" "Mozilla/5.0 (X11; Ubuntu; Linux i686; rv:14.0; ips-agent) Gecko/20100101 Firefox/14.0.1"
69.58.178.57 - - [16/Apr/2013:03:30:25 +0200] "GET /jobs.php HTTP/1.1" 200 7200 "-" "Mozilla/5.0 (X11; Ubuntu; Linux i686; rv:14.0; ips-agent) Gecko/20100101 Firefox/14.0.1"
69.58.178.57 - - [16/Apr/2013:03:30:26 +0200] "GET /impressum.php HTTP/1.1" 200 8582 "-" "Mozilla/5.0 (X11; Ubuntu; Linux i686; rv:14.0; ips-agent) Gecko/20100101 Firefox/14.0.1"
46.165.197.141 - - [16/Apr/2013:03:43:39 +0200] "GET /robots.txt HTTP/1.0" 200 177 "-" "Mozilla/5.0 (compatible; MJ12bot/v1.4.3; http://www.majestic12.co.uk/bot.php?+)"
46.165.197.141 - - [16/Apr/2013:03:43:40 +0200] "GET /news.php?cs_go=archiv&cs_id=4076 HTTP/1.0" 200 11729 "-" "Mozilla/5.0 (compatible; MJ12bot/v1.4.3; http://www.majestic12.co.uk/bot.php?+)"
208.115.111.75 - - [16/Apr/2013:03:56:30 +0200] "GET /robots.txt HTTP/1.1" 200 177 "-" "Mozilla/5.0 (compatible; Ezooms/1.0; ezooms.bot@gmail.com)"
66.249.73.225 - - [16/Apr/2013:03:58:00 +0200] "GET /news.php?cs_go=archiv&cs_startpos=11 HTTP/1.1" 200 22253 "-" "Mozilla/5.0 (compatible; Googlebot/2.1; +http://www.google.com/bot.html)"
66.249.73.225 - - [16/Apr/2013:04:01:11 +0200] "GET /news.php?cs_go=archiv&cs_id=3916 HTTP/1.1" 200 11199 "-" "Mozilla/5.0 (compatible; Googlebot/2.1; +http://www.google.com/bot.html)"
66.249.73.225 - - [16/Apr/2013:04:34:35 +0200] "GET /kwk.php?cs_go=2 HTTP/1.1" 200 11855 "-" "Mozilla/5.0 (compatible; Googlebot/2.1; +http://www.google.com/bot.html)"
141.8.147.12 - - [16/Apr/2013:04:34:42 +0200] "GET /news.php?cs_go=archiv&cs_id=3710&cs_search= HTTP/1.1" 200 14235 "-" "Mozilla/5.0 (compatible; YandexBot/3.0; +http://yandex.com/bots)"
66.249.73.225 - - [16/Apr/2013:04:59:31 +0200] "GET /news.php?cs_go=archiv&cs_id=3887 HTTP/1.1" 200 16034 "-" "Mozilla/5.0 (compatible; Googlebot/2.1; +http://www.google.com/bot.html)"
157.55.32.95 - - [16/Apr/2013:05:10:48 +0200] "GET /robots.txt HTTP/1.1" 200 177 "-" "Mozilla/5.0 (compatible; bingbot/2.0; +http://www.bing.com/bingbot.htm)"
157.56.93.216 - - [16/Apr/2013:05:10:48 +0200] "GET /robots.txt HTTP/1.1" 200 177 "-" "Mozilla/5.0 (compatible; bingbot/2.0; +http://www.bing.com/bingbot.htm)"
157.55.32.146 - - [16/Apr/2013:05:12:14 +0200] "GET /news.php?cs_go=archiv&cs_id=3919 HTTP/1.1" 200 13282 "-" "Mozilla/5.0 (compatible; bingbot/2.0; +http://www.bing.com/bingbot.htm)"
157.55.32.146 - - [16/Apr/2013:05:12:14 +0200] "GET / HTTP/1.1" 200 12149 "-" "Mozilla/5.0 (compatible; bingbot/2.0; +http://www.bing.com/bingbot.htm)"
157.55.32.95 - - [16/Apr/2013:05:12:18 +0200] "GET /modernisierung.php?cs_gp_go=description HTTP/1.1" 200 10771 "-" "Mozilla/5.0 (compatible; bingbot/2.0; +http://www.bing.com/bingbot.htm)"
157.55.32.95 - - [16/Apr/2013:05:12:18 +0200] "GET /kwk.php?cs_go=4 HTTP/1.1" 200 10255 "-" "Mozilla/5.0 (compatible; bingbot/2.0; +http://www.bing.com/bingbot.htm)"
157.55.32.146 - - [16/Apr/2013:05:12:19 +0200] "GET /news.php?cs_go=archiv&cs_id=3921 HTTP/1.1" 200 10242 "-" "Mozilla/5.0 (compatible; bingbot/2.0; +http://www.bing.com/bingbot.htm)"
157.55.32.146 - - [16/Apr/2013:05:12:19 +0200] "GET /news.php?cs_go=archiv&cs_id=2721&cs_search= HTTP/1.1" 200 10999 "-" "Mozilla/5.0 (compatible; bingbot/2.0; +http://www.bing.com/bingbot.htm)"
157.55.32.95 - - [16/Apr/2013:05:12:23 +0200] "GET /news.php?cs_go=archiv&cs_id=2761&cs_search= HTTP/1.1" 200 13657 "-" "Mozilla/5.0 (compatible; bingbot/2.0; +http://www.bing.com/bingbot.htm)"
157.55.32.185 - - [16/Apr/2013:05:12:44 +0200] "GET /news.php?cs_go=archiv&cs_id=3922 HTTP/1.1" 200 13536 "-" "Mozilla/5.0 (compatible; bingbot/2.0; +http://www.bing.com/bingbot.htm)"
157.55.32.185 - - [16/Apr/2013:05:12:44 +0200] "GET /news.php?cs_go=archiv&cs_id=4055 HTTP/1.1" 200 10125 "-" "Mozilla/5.0 (compatible; bingbot/2.0; +http://www.bing.com/bingbot.htm)"
157.55.32.58 - - [16/Apr/2013:05:12:44 +0200] "GET /news.php?cs_go=archiv&cs_id=3964 HTTP/1.1" 200 12123 "-" "Mozilla/5.0 (compatible; bingbot/2.0; +http://www.bing.com/bingbot.htm)"
157.55.32.58 - - [16/Apr/2013:05:12:44 +0200] "GET /news.php?cs_go=archiv HTTP/1.1" 200 22086 "-" "Mozilla/5.0 (compatible; bingbot/2.0; +http://www.bing.com/bingbot.htm)"
157.56.93.216 - - [16/Apr/2013:05:12:45 +0200] "GET /news.php?cs_go=archiv&cs_id=2758&cs_search= HTTP/1.1" 200 10036 "-" "Mozilla/5.0 (compatible; bingbot/2.0; +http://www.bing.com/bingbot.htm)"
157.56.93.216 - - [16/Apr/2013:05:12:45 +0200] "GET /news.php?cs_go=archiv&cs_id=2760&cs_search= HTTP/1.1" 200 11131 "-" "Mozilla/5.0 (compatible; bingbot/2.0; +http://www.bing.com/bingbot.htm)"
157.55.32.185 - - [16/Apr/2013:05:12:46 +0200] "GET /news.php?cs_go=archiv&cs_id=4058 HTTP/1.1" 200 10067 "-" "Mozilla/5.0 (compatible; bingbot/2.0; +http://www.bing.com/bingbot.htm)"
157.55.32.185 - - [16/Apr/2013:05:12:46 +0200] "GET /news.php?cs_go=archiv&cs_id=4059 HTTP/1.1" 200 13354 "-" "Mozilla/5.0 (compatible; bingbot/2.0; +http://www.bing.com/bingbot.htm)"
157.55.32.185 - - [16/Apr/2013:05:12:48 +0200] "GET /kwk.php?cs_go=2 HTTP/1.1" 200 11855 "-" "Mozilla/5.0 (compatible; bingbot/2.0; +http://www.bing.com/bingbot.htm)"
157.56.93.228 - - [16/Apr/2013:05:12:48 +0200] "GET /news.php?cs_go=archiv&cs_id=4027 HTTP/1.1" 200 10329 "-" "Mozilla/5.0 (compatible; bingbot/2.0; +http://www.bing.com/bingbot.htm)"
157.56.93.228 - - [16/Apr/2013:05:12:48 +0200] "GET /news.php?cs_go=archiv&cs_id=3920 HTTP/1.1" 200 11734 "-" "Mozilla/5.0 (compatible; bingbot/2.0; +http://www.bing.com/bingbot.htm)"
157.55.32.58 - - [16/Apr/2013:05:12:50 +0200] "GET /news.php?cs_go=archiv&cs_id=3965 HTTP/1.1" 200 13089 "-" "Mozilla/5.0 (compatible; bingbot/2.0; +http://www.bing.com/bingbot.htm)"
157.55.32.58 - - [16/Apr/2013:05:12:50 +0200] "GET /news.php?cs_go=archiv&cs_id=4036 HTTP/1.1" 200 13079 "-" "Mozilla/5.0 (compatible; bingbot/2.0; +http://www.bing.com/bingbot.htm)"
157.55.32.58 - - [16/Apr/2013:05:12:53 +0200] "GET /news.php?cs_go=archiv&cs_id=4056 HTTP/1.1" 200 11801 "-" "Mozilla/5.0 (compatible; bingbot/2.0; +http://www.bing.com/bingbot.htm)"
157.55.32.58 - - [16/Apr/2013:05:12:53 +0200] "GET /lexikon.php?cs_go=3&cs_id=159 HTTP/1.1" 200 9759 "-" "Mozilla/5.0 (compatible; bingbot/2.0; +http://www.bing.com/bingbot.htm)"
157.56.93.228 - - [16/Apr/2013:05:12:54 +0200] "GET /modernisierung.php?cs_gp_go=coupon HTTP/1.1" 200 10192 "-" "Mozilla/5.0 (compatible; bingbot/2.0; +http://www.bing.com/bingbot.htm)"
157.55.32.58 - - [16/Apr/2013:05:12:56 +0200] "GET /news.php?cs_go=archiv&cs_id=2755&cs_search= HTTP/1.1" 200 17602 "-" "Mozilla/5.0 (compatible; bingbot/2.0; +http://www.bing.com/bingbot.htm)"
157.55.33.123 - - [16/Apr/2013:05:13:15 +0200] "GET /news.php?cs_go=archiv&cs_id=4033 HTTP/1.1" 200 9969 "-" "Mozilla/5.0 (compatible; bingbot/2.0; +http://www.bing.com/bingbot.htm)"
157.55.33.123 - - [16/Apr/2013:05:13:15 +0200] "GET /news.php?cs_go=archiv&cs_id=3970 HTTP/1.1" 200 10345 "-" "Mozilla/5.0 (compatible; bingbot/2.0; +http://www.bing.com/bingbot.htm)"
157.55.33.123 - - [16/Apr/2013:05:13:20 +0200] "GET /news.php?cs_go=archiv&cs_id=4034 HTTP/1.1" 200 13001 "-" "Mozilla/5.0 (compatible; bingbot/2.0; +http://www.bing.com/bingbot.htm)"
157.55.33.123 - - [16/Apr/2013:05:13:20 +0200] "GET /news.php?cs_go=archiv&cs_id=4035 HTTP/1.1" 200 9823 "-" "Mozilla/5.0 (compatible; bingbot/2.0; +http://www.bing.com/bingbot.htm)"
157.55.33.123 - - [16/Apr/2013:05:13:22 +0200] "GET /kwk.php?cs_go=3 HTTP/1.1" 200 10285 "-" "Mozilla/5.0 (compatible; bingbot/2.0; +http://www.bing.com/bingbot.htm)"
157.55.33.123 - - [16/Apr/2013:05:13:22 +0200] "GET /modernisierung.php?cs_gp_go=plus HTTP/1.1" 200 11578 "-" "Mozilla/5.0 (compatible; bingbot/2.0; +http://www.bing.com/bingbot.htm)"
157.55.33.123 - - [16/Apr/2013:05:13:24 +0200] "GET /news.php?cs_go=archiv&cs_id=2759&cs_search= HTTP/1.1" 200 12231 "-" "Mozilla/5.0 (compatible; bingbot/2.0; +http://www.bing.com/bingbot.htm)"
66.249.73.225 - - [16/Apr/2013:05:36:59 +0200] "GET /news.php?cs_go=archiv&cs_startpos=250 HTTP/1.1" 200 8493 "-" "Mozilla/5.0 (compatible; Googlebot/2.1; +http://www.google.com/bot.html)"
208.115.111.75 - - [16/Apr/2013:05:46:46 +0200] "GET /optiplus.php HTTP/1.1" 200 11100 "-" "Mozilla/5.0 (compatible; Ezooms/1.0; ezooms.bot@gmail.com)"
66.249.73.225 - - [16/Apr/2013:05:47:05 +0200] "GET /news.php?cs_go=archiv&cs_id=4068&cs_search= HTTP/1.1" 200 10292 "-" "Mozilla/5.0 (compatible; Googlebot/2.1; +http://www.google.com/bot.html)"
66.249.73.225 - - [16/Apr/2013:05:47:07 +0200] "GET /news.php?cs_go=archiv&cs_id=4065&cs_search= HTTP/1.1" 200 10269 "-" "Mozilla/5.0 (compatible; Googlebot/2.1; +http://www.google.com/bot.html)"
66.249.73.225 - - [16/Apr/2013:05:47:07 +0200] "GET /news.php?cs_go=archiv&cs_id=4067&cs_search= HTTP/1.1" 200 10711 "-" "Mozilla/5.0 (compatible; Googlebot/2.1; +http://www.google.com/bot.html)"
66.249.73.225 - - [16/Apr/2013:05:47:21 +0200] "GET /news.php?cs_go=archiv&cs_id=4066&cs_search= HTTP/1.1" 200 12311 "-" "Mozilla/5.0 (compatible; Googlebot/2.1; +http://www.google.com/bot.html)"
66.249.73.225 - - [16/Apr/2013:05:49:29 +0200] "GET /news.php?cs_go=archiv&cs_startpos=221 HTTP/1.1" 200 22431 "-" "Mozilla/5.0 (compatible; Googlebot/2.1; +http://www.google.com/bot.html)"
