123.125.71.80 - - [02/Aug/2012:00:07:37 +0200] "GET /news.php?cs_go=archiv&cs_id=3312 HTTP/1.1" 200 9839 "-" "Mozilla/5.0 (compatible; Baiduspider/2.0; +http://www.baidu.com/search/spider.html)"
66.249.72.169 - - [02/Aug/2012:00:12:03 +0200] "GET /news.php?cs_go=archiv&cs_id=1834&cs_search= HTTP/1.1" 200 14261 "-" "Mozilla/5.0 (compatible; Googlebot/2.1; +http://www.google.com/bot.html)"
46.4.116.100 - - [02/Aug/2012:00:13:43 +0200] "GET /robots.txt HTTP/1.1" 200 177 "-" "Pixray-Seeker/1.1 (Pixray-Seeker; http://www.pixray.com/pixraybot; crawler@pixray.com)"
46.4.116.100 - - [02/Aug/2012:00:13:43 +0200] "GET /news.php?cs_go=archiv&cs_id=1759&cs_search= HTTP/1.1" 200 14501 "-" "Pixray-Seeker/1.1 (Pixray-Seeker; http://www.pixray.com/pixraybot; crawler@pixray.com)"
208.115.113.91 - - [02/Aug/2012:00:16:45 +0200] "GET /robots.txt HTTP/1.1" 200 177 "-" "Mozilla/5.0 (compatible; Ezooms/1.0; ezooms.bot@gmail.com)"
66.249.72.169 - - [02/Aug/2012:00:20:15 +0200] "GET /news.php?cs_go=archiv&cs_id=1765&cs_search= HTTP/1.1" 200 14180 "-" "Mozilla/5.0 (compatible; Googlebot/2.1; +http://www.google.com/bot.html)"
188.40.66.214 - - [02/Aug/2012:00:27:53 +0200] "GET /robots.txt HTTP/1.1" 200 177 "-" "Pixray-Seeker/1.1 (Pixray-Seeker; http://www.pixray.com/pixraybot; crawler@pixray.com)"
188.40.66.214 - - [02/Aug/2012:00:27:53 +0200] "GET /news.php?cs_go=archiv&cs_startpos=1371 HTTP/1.1" 200 23363 "-" "Pixray-Seeker/1.1 (Pixray-Seeker; http://www.pixray.com/pixraybot; crawler@pixray.com)"
66.249.72.169 - - [02/Aug/2012:00:44:59 +0200] "GET /news.php?cs_go=archiv&cs_id=1769&cs_search= HTTP/1.1" 200 12760 "-" "Mozilla/5.0 (compatible; Googlebot/2.1; +http://www.google.com/bot.html)"
176.9.0.13 - - [02/Aug/2012:00:47:12 +0200] "GET /robots.txt HTTP/1.1" 200 177 "-" "Pixray-Seeker/1.1 (Pixray-Seeker; http://www.pixray.com/pixraybot; crawler@pixray.com)"
176.9.0.13 - - [02/Aug/2012:00:47:12 +0200] "GET /news.php?cs_go=archiv&cs_id=2305&cs_search= HTTP/1.1" 200 15680 "-" "Pixray-Seeker/1.1 (Pixray-Seeker; http://www.pixray.com/pixraybot; crawler@pixray.com)"
66.249.72.169 - - [02/Aug/2012:00:53:10 +0200] "GET /news.php?cs_go=archiv&cs_id=1820&cs_search= HTTP/1.1" 200 15161 "-" "Mozilla/5.0 (compatible; Googlebot/2.1; +http://www.google.com/bot.html)"
208.115.111.75 - - [02/Aug/2012:00:59:00 +0200] "GET /robots.txt HTTP/1.1" 200 177 "-" "Mozilla/5.0 (compatible; Ezooms/1.0; ezooms.bot@gmail.com)"
88.198.67.134 - - [02/Aug/2012:01:07:55 +0200] "GET /robots.txt HTTP/1.1" 200 177 "-" "Pixray-Seeker/1.1 (Pixray-Seeker; http://www.pixray.com/pixraybot; crawler@pixray.com)"
88.198.67.134 - - [02/Aug/2012:01:07:55 +0200] "GET /news.php?cs_go=archiv&cs_id=2378&cs_search= HTTP/1.1" 200 13957 "-" "Pixray-Seeker/1.1 (Pixray-Seeker; http://www.pixray.com/pixraybot; crawler@pixray.com)"
188.40.65.130 - - [02/Aug/2012:01:21:12 +0200] "GET /robots.txt HTTP/1.1" 200 177 "-" "Pixray-Seeker/1.1 (Pixray-Seeker; http://www.pixray.com/pixraybot; crawler@pixray.com)"
188.40.65.130 - - [02/Aug/2012:01:21:12 +0200] "GET /news.php?cs_go=archiv&cs_id=3304&cs_search= HTTP/1.1" 200 13535 "-" "Pixray-Seeker/1.1 (Pixray-Seeker; http://www.pixray.com/pixraybot; crawler@pixray.com)"
66.249.71.108 - - [02/Aug/2012:01:36:31 +0200] "GET /robots.txt HTTP/1.1" 200 177 "-" "Mozilla/5.0 (compatible; Googlebot/2.1; +http://www.google.com/bot.html)"
66.249.71.108 - - [02/Aug/2012:01:36:32 +0200] "GET /news.php?cs_go=archiv&cs_id=1771&cs_search= HTTP/1.1" 200 14261 "-" "Mozilla/5.0 (compatible; Googlebot/2.1; +http://www.google.com/bot.html)"
176.9.19.103 - - [02/Aug/2012:01:39:58 +0200] "GET /robots.txt HTTP/1.1" 200 177 "-" "Pixray-Seeker/1.1 (Pixray-Seeker; http://www.pixray.com/pixraybot; crawler@pixray.com)"
176.9.19.103 - - [02/Aug/2012:01:39:58 +0200] "GET /news.php?cs_go=archiv&cs_id=2297&cs_search= HTTP/1.1" 200 13307 "-" "Pixray-Seeker/1.1 (Pixray-Seeker; http://www.pixray.com/pixraybot; crawler@pixray.com)"
208.115.111.75 - - [02/Aug/2012:01:47:10 +0200] "GET /robots.txt HTTP/1.1" 200 177 "-" "Mozilla/5.0 (compatible; Ezooms/1.0; ezooms.bot@gmail.com)"
46.4.121.154 - - [02/Aug/2012:01:59:07 +0200] "GET /robots.txt HTTP/1.1" 200 177 "-" "Pixray-Seeker/1.1 (Pixray-Seeker; http://www.pixray.com/pixraybot; crawler@pixray.com)"
46.4.121.154 - - [02/Aug/2012:01:59:07 +0200] "GET /news.php?cs_go=archiv&cs_id=1764&cs_search= HTTP/1.1" 200 9303 "-" "Pixray-Seeker/1.1 (Pixray-Seeker; http://www.pixray.com/pixraybot; crawler@pixray.com)"
208.115.113.91 - - [02/Aug/2012:01:59:51 +0200] "GET /news.php?cs_go=archiv&cs_id=2975&cs_search= HTTP/1.1" 200 9864 "-" "Mozilla/5.0 (compatible; Ezooms/1.0; ezooms.bot@gmail.com)"
208.115.113.91 - - [02/Aug/2012:01:59:54 +0200] "GET /news.php?cs_go=archiv&cs_id=3018&cs_search= HTTP/1.1" 200 15352 "-" "Mozilla/5.0 (compatible; Ezooms/1.0; ezooms.bot@gmail.com)"
208.115.113.91 - - [02/Aug/2012:01:59:57 +0200] "GET /news.php?cs_go=archiv&cs_startpos=1381 HTTP/1.1" 200 23157 "-" "Mozilla/5.0 (compatible; Ezooms/1.0; ezooms.bot@gmail.com)"
46.4.121.154 - - [02/Aug/2012:02:11:11 +0200] "GET /robots.txt HTTP/1.1" 200 177 "-" "Pixray-Seeker/1.1 (Pixray-Seeker; http://www.pixray.com/pixraybot; crawler@pixray.com)"
46.4.121.154 - - [02/Aug/2012:02:11:11 +0200] "GET /news.php?cs_go=archiv&cs_startpos=900 HTTP/1.1" 200 23167 "-" "Pixray-Seeker/1.1 (Pixray-Seeker; http://www.pixray.com/pixraybot; crawler@pixray.com)"
66.249.71.108 - - [02/Aug/2012:02:16:27 +0200] "GET /news.php?cs_go=archiv&cs_id=1773&cs_search= HTTP/1.1" 200 14196 "-" "Mozilla/5.0 (compatible; Googlebot/2.1; +http://www.google.com/bot.html)"
66.249.71.108 - - [02/Aug/2012:02:22:59 +0200] "GET /news.php?cs_go=archiv&cs_id=2991&cs_search= HTTP/1.1" 200 9833 "-" "Mozilla/5.0 (compatible; Googlebot/2.1; +http://www.google.com/bot.html)"
46.4.92.140 - - [02/Aug/2012:02:33:43 +0200] "GET /robots.txt HTTP/1.1" 200 177 "-" "Pixray-Seeker/1.1 (Pixray-Seeker; http://www.pixray.com/pixraybot; crawler@pixray.com)"
46.4.92.140 - - [02/Aug/2012:02:33:43 +0200] "GET /news.php?cs_go=archiv&cs_id=2988&cs_search= HTTP/1.1" 200 10090 "-" "Pixray-Seeker/1.1 (Pixray-Seeker; http://www.pixray.com/pixraybot; crawler@pixray.com)"
66.249.71.108 - - [02/Aug/2012:02:48:08 +0200] "GET /news.php?cs_go=archiv&cs_id=1780&cs_search= HTTP/1.1" 200 14472 "-" "Mozilla/5.0 (compatible; Googlebot/2.1; +http://www.google.com/bot.html)"
66.249.71.108 - - [02/Aug/2012:02:57:38 +0200] "GET /news.php?cs_go=archiv&cs_id=1778&cs_search= HTTP/1.1" 200 12968 "-" "Mozilla/5.0 (compatible; Googlebot/2.1; +http://www.google.com/bot.html)"
46.4.118.75 - - [02/Aug/2012:03:02:40 +0200] "GET /robots.txt HTTP/1.1" 200 177 "-" "Pixray-Seeker/1.1 (Pixray-Seeker; http://www.pixray.com/pixraybot; crawler@pixray.com)"
46.4.118.75 - - [02/Aug/2012:03:02:40 +0200] "GET /news.php?cs_go=archiv&cs_id=1680&cs_search= HTTP/1.1" 200 11537 "-" "Pixray-Seeker/1.1 (Pixray-Seeker; http://www.pixray.com/pixraybot; crawler@pixray.com)"
66.249.71.108 - - [02/Aug/2012:03:07:07 +0200] "GET /news.php?cs_go=archiv&cs_id=1777&cs_search= HTTP/1.1" 200 14176 "-" "Mozilla/5.0 (compatible; Googlebot/2.1; +http://www.google.com/bot.html)"
66.249.71.108 - - [02/Aug/2012:03:13:28 +0200] "GET /news.php?cs_go=archiv&cs_id=1782&cs_search= HTTP/1.1" 200 14306 "-" "Mozilla/5.0 (compatible; Googlebot/2.1; +http://www.google.com/bot.html)"
66.249.71.108 - - [02/Aug/2012:03:26:09 +0200] "GET /news.php?cs_go=archiv&cs_id=1775&cs_search= HTTP/1.1" 200 14063 "-" "Mozilla/5.0 (compatible; Googlebot/2.1; +http://www.google.com/bot.html)"
66.249.71.108 - - [02/Aug/2012:03:35:38 +0200] "GET /news.php?cs_go=archiv&cs_id=1800&cs_search= HTTP/1.1" 200 14148 "-" "Mozilla/5.0 (compatible; Googlebot/2.1; +http://www.google.com/bot.html)"
46.4.125.109 - - [02/Aug/2012:03:38:10 +0200] "GET /robots.txt HTTP/1.1" 200 177 "-" "Pixray-Seeker/1.1 (Pixray-Seeker; http://www.pixray.com/pixraybot; crawler@pixray.com)"
46.4.125.109 - - [02/Aug/2012:03:38:10 +0200] "GET /news.php?cs_go=archiv&cs_id=2651&cs_search= HTTP/1.1" 200 12838 "-" "Pixray-Seeker/1.1 (Pixray-Seeker; http://www.pixray.com/pixraybot; crawler@pixray.com)"
66.249.71.108 - - [02/Aug/2012:03:38:48 +0200] "GET /news.php?cs_go=archiv&cs_id=1797&cs_search= HTTP/1.1" 200 12499 "-" "Mozilla/5.0 (compatible; Googlebot/2.1; +http://www.google.com/bot.html)"
208.115.113.91 - - [02/Aug/2012:03:48:04 +0200] "GET /robots.txt HTTP/1.1" 200 177 "-" "Mozilla/5.0 (compatible; Ezooms/1.0; ezooms.bot@gmail.com)"
66.249.71.108 - - [02/Aug/2012:03:48:19 +0200] "GET /news.php?cs_go=archiv&cs_id=1795&cs_search= HTTP/1.1" 200 14062 "-" "Mozilla/5.0 (compatible; Googlebot/2.1; +http://www.google.com/bot.html)"
65.36.241.79 - - [02/Aug/2012:03:50:41 +0200] "HEAD / HTTP/1.1" 200 - "-" "InternetSeer.com"
46.4.118.75 - - [02/Aug/2012:03:54:33 +0200] "GET /robots.txt HTTP/1.1" 200 177 "-" "Pixray-Seeker/1.1 (Pixray-Seeker; http://www.pixray.com/pixraybot; crawler@pixray.com)"
46.4.118.75 - - [02/Aug/2012:03:54:33 +0200] "GET /news.php?cs_go=archiv&cs_id=2080&cs_search= HTTP/1.1" 200 10361 "-" "Pixray-Seeker/1.1 (Pixray-Seeker; http://www.pixray.com/pixraybot; crawler@pixray.com)"
66.249.71.108 - - [02/Aug/2012:03:57:48 +0200] "GET /news.php?cs_go=archiv&cs_id=1798&cs_search= HTTP/1.1" 200 14054 "-" "Mozilla/5.0 (compatible; Googlebot/2.1; +http://www.google.com/bot.html)"
46.4.92.141 - - [02/Aug/2012:04:11:06 +0200] "GET /robots.txt HTTP/1.1" 200 177 "-" "Pixray-Seeker/1.1 (Pixray-Seeker; http://www.pixray.com/pixraybot; crawler@pixray.com)"
46.4.92.141 - - [02/Aug/2012:04:11:06 +0200] "GET /news.php?cs_go=archiv&cs_id=2680&cs_search= HTTP/1.1" 200 13681 "-" "Pixray-Seeker/1.1 (Pixray-Seeker; http://www.pixray.com/pixraybot; crawler@pixray.com)"
208.115.111.75 - - [02/Aug/2012:04:22:26 +0200] "GET /news.php?cs_go=archiv&cs_id=3076 HTTP/1.1" 200 13880 "-" "Mozilla/5.0 (compatible; Ezooms/1.0; ezooms.bot@gmail.com)"
208.115.111.75 - - [02/Aug/2012:04:22:31 +0200] "GET /news.php?cs_go=archiv&cs_id=3256&cs_search= HTTP/1.1" 200 13335 "-" "Mozilla/5.0 (compatible; Ezooms/1.0; ezooms.bot@gmail.com)"
208.115.111.75 - - [02/Aug/2012:04:22:33 +0200] "GET /news.php?cs_go=archiv&cs_startpos=1320 HTTP/1.1" 200 22898 "-" "Mozilla/5.0 (compatible; Ezooms/1.0; ezooms.bot@gmail.com)"
46.4.118.74 - - [02/Aug/2012:04:28:49 +0200] "GET /robots.txt HTTP/1.1" 200 177 "-" "Pixray-Seeker/1.1 (Pixray-Seeker; http://www.pixray.com/pixraybot; crawler@pixray.com)"
46.4.118.74 - - [02/Aug/2012:04:28:49 +0200] "GET /lexikon.php?cs_go=3&cs_id=102 HTTP/1.1" 200 7992 "-" "Pixray-Seeker/1.1 (Pixray-Seeker; http://www.pixray.com/pixraybot; crawler@pixray.com)"
208.115.113.91 - - [02/Aug/2012:05:32:52 +0200] "GET /news.php?cs_go=archiv&cs_id=2889&cs_search= HTTP/1.1" 200 13668 "-" "Mozilla/5.0 (compatible; Ezooms/1.0; ezooms.bot@gmail.com)"
208.115.113.91 - - [02/Aug/2012:05:32:55 +0200] "GET /news.php?cs_go=archiv&cs_startpos=1310 HTTP/1.1" 200 23278 "-" "Mozilla/5.0 (compatible; Ezooms/1.0; ezooms.bot@gmail.com)"
208.115.113.91 - - [02/Aug/2012:05:32:58 +0200] "GET /news.php?cs_go=archiv&cs_startpos=180 HTTP/1.1" 200 23085 "-" "Mozilla/5.0 (compatible; Ezooms/1.0; ezooms.bot@gmail.com)"
208.115.111.75 - - [02/Aug/2012:05:38:31 +0200] "GET /robots.txt HTTP/1.1" 200 177 "-" "Mozilla/5.0 (compatible; Ezooms/1.0; ezooms.bot@gmail.com)"
66.249.71.108 - - [02/Aug/2012:05:41:13 +0200] "GET /news.php HTTP/1.1" 200 22592 "-" "Mozilla/5.0 (iPhone; U; CPU iPhone OS 4_1 like Mac OS X; en-us) AppleWebKit/532.9 (KHTML, like Gecko) Version/4.0.5 Mobile/8B117 Safari/6531.22.7 (compatible; Googlebot-Mobile/2.1; +http://www.google.com/bot.html)"
65.52.109.147 - - [02/Aug/2012:06:47:08 +0200] "GET /robots.txt HTTP/1.1" 200 177 "-" "Mozilla/5.0 (compatible; bingbot/2.0; +http://www.bing.com/bingbot.htm)"
65.52.109.147 - - [02/Aug/2012:06:47:55 +0200] "GET /preisanfrage.php HTTP/1.1" 200 10710 "-" "Mozilla/5.0 (compatible; bingbot/2.0; +http://www.bing.com/bingbot.htm)"
89.247.104.25 - - [02/Aug/2012:07:09:27 +0200] "GET /index.php HTTP/1.1" 200 14899 "-" "Mozilla/5.0 (Windows NT 6.1; rv:14.0) Gecko/20100101 Firefox/14.0.1"
208.115.113.91 - - [02/Aug/2012:07:21:58 +0200] "GET /robots.txt HTTP/1.1" 200 177 "-" "Mozilla/5.0 (compatible; Ezooms/1.0; ezooms.bot@gmail.com)"
109.189.105.143 - - [02/Aug/2012:07:45:27 +0200] "GET /robots.txt HTTP/1.0" 200 177 "-" "Mozilla/5.0 (compatible; MJ12bot/v1.4.3; http://www.majestic12.co.uk/bot.php?+)"
109.189.105.143 - - [02/Aug/2012:07:45:29 +0200] "GET / HTTP/1.0" 200 14873 "-" "Mozilla/5.0 (compatible; MJ12bot/v1.4.3; http://www.majestic12.co.uk/bot.php?+)"
66.249.71.108 - - [02/Aug/2012:08:21:52 +0200] "GET /news.php?cs_go=archiv&cs_startpos=1 HTTP/1.1" 200 22819 "-" "Mozilla/5.0 (compatible; Googlebot/2.1; +http://www.google.com/bot.html)"
65.36.241.79 - - [02/Aug/2012:08:36:45 +0200] "HEAD / HTTP/1.1" 200 - "-" "InternetSeer.com"
66.249.71.108 - - [02/Aug/2012:08:54:46 +0200] "GET /news.php?cs_go=archiv&cs_id=1708&cs_search= HTTP/1.1" 200 10112 "-" "Mozilla/5.0 (compatible; Googlebot/2.1; +http://www.google.com/bot.html)"
66.249.71.108 - - [02/Aug/2012:08:59:17 +0200] "GET /news.php?cs_go=archiv&cs_id=3318&cs_search= HTTP/1.1" 200 9850 "-" "Mozilla/5.0 (compatible; Googlebot/2.1; +http://www.google.com/bot.html)"
208.115.113.91 - - [02/Aug/2012:09:08:55 +0200] "GET /news.php?cs_go=archiv&cs_id=1882&cs_search= HTTP/1.1" 200 14179 "-" "Mozilla/5.0 (compatible; Ezooms/1.0; ezooms.bot@gmail.com)"
208.115.113.91 - - [02/Aug/2012:09:08:59 +0200] "GET /news.php?cs_go=archiv&cs_id=1921&cs_search= HTTP/1.1" 200 13784 "-" "Mozilla/5.0 (compatible; Ezooms/1.0; ezooms.bot@gmail.com)"
66.249.71.108 - - [02/Aug/2012:09:14:50 +0200] "GET /news.php?cs_go=archiv&cs_startpos=150 HTTP/1.1" 200 22868 "-" "Mozilla/5.0 (compatible; Googlebot/2.1; +http://www.google.com/bot.html)"
66.249.71.108 - - [02/Aug/2012:10:42:07 +0200] "GET /news.php?cs_go=archiv&cs_id=1836&cs_search= HTTP/1.1" 200 14413 "-" "Mozilla/5.0 (compatible; Googlebot/2.1; +http://www.google.com/bot.html)"
123.125.71.76 - - [02/Aug/2012:11:20:25 +0200] "GET /robots.txt HTTP/1.1" 200 177 "-" "Mozilla/5.0 (Windows NT 5.1; rv:6.0.2) Gecko/20100101 Firefox/6.0.2"
66.249.71.108 - - [02/Aug/2012:11:47:40 +0200] "GET /news.php?cs_go=archiv&cs_id=1688&cs_search= HTTP/1.1" 200 13994 "-" "Mozilla/5.0 (compatible; Googlebot/2.1; +http://www.google.com/bot.html)"
208.115.113.91 - - [02/Aug/2012:11:57:24 +0200] "GET /robots.txt HTTP/1.1" 200 177 "-" "Mozilla/5.0 (compatible; Ezooms/1.0; ezooms.bot@gmail.com)"
66.249.71.108 - - [02/Aug/2012:12:00:04 +0200] "GET /news.php?cs_go=archiv&cs_id=1842&cs_search= HTTP/1.1" 200 14131 "-" "Mozilla/5.0 (compatible; Googlebot/2.1; +http://www.google.com/bot.html)"
66.249.71.108 - - [02/Aug/2012:12:06:19 +0200] "GET /news.php?cs_go=archiv&cs_id=1689&cs_search= HTTP/1.1" 200 12143 "-" "Mozilla/5.0 (compatible; Googlebot/2.1; +http://www.google.com/bot.html)"
66.249.71.108 - - [02/Aug/2012:12:09:13 +0200] "GET /news.php?cs_go=archiv&cs_id=1672&cs_search= HTTP/1.1" 200 14284 "-" "Mozilla/5.0 (compatible; Googlebot/2.1; +http://www.google.com/bot.html)"
66.249.71.108 - - [02/Aug/2012:12:10:46 +0200] "GET /news.php?cs_go=archiv&cs_id=1868&cs_search= HTTP/1.1" 200 14311 "-" "Mozilla/5.0 (compatible; Googlebot/2.1; +http://www.google.com/bot.html)"
194.6.239.30 - - [02/Aug/2012:12:16:28 +0200] "GET / HTTP/1.1" 200 14873 "http://www.google.de/url?sa=t&rct=j&q=energie%20%26%20service%20s%C3%BCd%20ost%20berlin%20%26%20mink%20gmbh%20&source=web&cd=1&ved=0CFMQFjAA&url=http%3A%2F%2Fwww.mink-gmbh.de%2F&ei=TlMaUJqAPcjOswbG0YDgDw&usg=AFQjCNFHX4Iglls9oo-KYXTmDUV_5KOVIg" "Mozilla/5.0 (Windows NT 6.1; WOW64; rv:12.0) Gecko/20100101 Firefox/12.0"
194.6.239.30 - - [02/Aug/2012:12:16:29 +0200] "GET /style.css HTTP/1.1" 200 8418 "http://www.mink-gmbh.de/" "Mozilla/5.0 (Windows NT 6.1; WOW64; rv:12.0) Gecko/20100101 Firefox/12.0"
194.6.239.30 - - [02/Aug/2012:12:16:29 +0200] "GET /modul.css HTTP/1.1" 200 35038 "http://www.mink-gmbh.de/" "Mozilla/5.0 (Windows NT 6.1; WOW64; rv:12.0) Gecko/20100101 Firefox/12.0"
194.6.239.30 - - [02/Aug/2012:12:16:29 +0200] "GET /images/kwk.gif HTTP/1.1" 200 6403 "http://www.mink-gmbh.de/" "Mozilla/5.0 (Windows NT 6.1; WOW64; rv:12.0) Gecko/20100101 Firefox/12.0"
194.6.239.30 - - [02/Aug/2012:12:16:29 +0200] "GET /images/mail.jpg HTTP/1.1" 200 11165 "http://www.mink-gmbh.de/" "Mozilla/5.0 (Windows NT 6.1; WOW64; rv:12.0) Gecko/20100101 Firefox/12.0"
194.6.239.30 - - [02/Aug/2012:12:16:29 +0200] "GET /images/wunschpreis.jpg HTTP/1.1" 200 16767 "http://www.mink-gmbh.de/" "Mozilla/5.0 (Windows NT 6.1; WOW64; rv:12.0) Gecko/20100101 Firefox/12.0"
194.6.239.30 - - [02/Aug/2012:12:16:29 +0200] "GET /images/logos.jpg HTTP/1.1" 200 15002 "http://www.mink-gmbh.de/" "Mozilla/5.0 (Windows NT 6.1; WOW64; rv:12.0) Gecko/20100101 Firefox/12.0"
194.6.239.30 - - [02/Aug/2012:12:16:29 +0200] "GET /favicon.ico HTTP/1.1" 200 3638 "-" "Mozilla/5.0 (Windows NT 6.1; WOW64; rv:12.0) Gecko/20100101 Firefox/12.0"
194.6.239.30 - - [02/Aug/2012:12:16:29 +0200] "GET /images/freecall.jpg HTTP/1.1" 200 39195 "http://www.mink-gmbh.de/" "Mozilla/5.0 (Windows NT 6.1; WOW64; rv:12.0) Gecko/20100101 Firefox/12.0"
194.6.239.30 - - [02/Aug/2012:12:16:29 +0200] "GET /images/tkw.jpg HTTP/1.1" 200 64031 "http://www.mink-gmbh.de/" "Mozilla/5.0 (Windows NT 6.1; WOW64; rv:12.0) Gecko/20100101 Firefox/12.0"
194.6.239.30 - - [02/Aug/2012:12:16:30 +0200] "GET /images/bg.jpg HTTP/1.1" 200 345 "http://www.mink-gmbh.de/style.css" "Mozilla/5.0 (Windows NT 6.1; WOW64; rv:12.0) Gecko/20100101 Firefox/12.0"
194.6.239.30 - - [02/Aug/2012:12:16:31 +0200] "GET /images/close.png HTTP/1.1" 200 703 "http://www.mink-gmbh.de/" "Mozilla/5.0 (Windows NT 6.1; WOW64; rv:12.0) Gecko/20100101 Firefox/12.0"
194.6.239.30 - - [02/Aug/2012:12:16:31 +0200] "GET /images/newsletter_bg.jpg HTTP/1.1" 200 33610 "http://www.mink-gmbh.de/" "Mozilla/5.0 (Windows NT 6.1; WOW64; rv:12.0) Gecko/20100101 Firefox/12.0"
194.6.239.30 - - [02/Aug/2012:12:16:31 +0200] "GET /images/header.jpg HTTP/1.1" 200 24413 "http://www.mink-gmbh.de/style.css" "Mozilla/5.0 (Windows NT 6.1; WOW64; rv:12.0) Gecko/20100101 Firefox/12.0"
194.6.239.30 - - [02/Aug/2012:12:16:31 +0200] "GET /images/newsletter.png HTTP/1.1" 200 14619 "http://www.mink-gmbh.de/style.css" "Mozilla/5.0 (Windows NT 6.1; WOW64; rv:12.0) Gecko/20100101 Firefox/12.0"
194.6.239.30 - - [02/Aug/2012:12:16:31 +0200] "GET /images/navibg.png HTTP/1.1" 200 2803 "http://www.mink-gmbh.de/style.css" "Mozilla/5.0 (Windows NT 6.1; WOW64; rv:12.0) Gecko/20100101 Firefox/12.0"
194.6.239.30 - - [02/Aug/2012:12:16:31 +0200] "GET /images/wrapperbg.jpg HTTP/1.1" 200 27465 "http://www.mink-gmbh.de/style.css" "Mozilla/5.0 (Windows NT 6.1; WOW64; rv:12.0) Gecko/20100101 Firefox/12.0"
194.6.239.30 - - [02/Aug/2012:12:16:31 +0200] "GET /images/fallend.png HTTP/1.1" 200 713 "http://www.mink-gmbh.de/modul.css" "Mozilla/5.0 (Windows NT 6.1; WOW64; rv:12.0) Gecko/20100101 Firefox/12.0"
194.6.239.30 - - [02/Aug/2012:12:16:31 +0200] "GET /images/steigend.png HTTP/1.1" 200 688 "http://www.mink-gmbh.de/modul.css" "Mozilla/5.0 (Windows NT 6.1; WOW64; rv:12.0) Gecko/20100101 Firefox/12.0"
194.6.239.30 - - [02/Aug/2012:12:16:31 +0200] "GET /images/mobil.jpg HTTP/1.1" 200 25293 "http://www.mink-gmbh.de/style.css" "Mozilla/5.0 (Windows NT 6.1; WOW64; rv:12.0) Gecko/20100101 Firefox/12.0"
194.6.239.30 - - [02/Aug/2012:12:16:31 +0200] "GET /images/newsletter.jpg HTTP/1.1" 200 13130 "http://www.mink-gmbh.de/style.css" "Mozilla/5.0 (Windows NT 6.1; WOW64; rv:12.0) Gecko/20100101 Firefox/12.0"
194.6.239.30 - - [02/Aug/2012:12:16:31 +0200] "GET /images/footerbg.jpg HTTP/1.1" 200 2184 "http://www.mink-gmbh.de/style.css" "Mozilla/5.0 (Windows NT 6.1; WOW64; rv:12.0) Gecko/20100101 Firefox/12.0"
194.6.239.30 - - [02/Aug/2012:12:16:37 +0200] "GET /standard.php HTTP/1.1" 200 9131 "http://www.mink-gmbh.de/" "Mozilla/5.0 (Windows NT 6.1; WOW64; rv:12.0) Gecko/20100101 Firefox/12.0"
194.6.239.30 - - [02/Aug/2012:12:19:21 +0200] "GET /jobs.php HTTP/1.1" 200 11117 "http://www.mink-gmbh.de/standard.php" "Mozilla/5.0 (Windows NT 6.1; WOW64; rv:12.0) Gecko/20100101 Firefox/12.0"
194.6.239.30 - - [02/Aug/2012:12:19:25 +0200] "GET /jobs.php HTTP/1.1" 200 11117 "http://www.mink-gmbh.de/jobs.php" "Mozilla/5.0 (Windows NT 6.1; WOW64; rv:12.0) Gecko/20100101 Firefox/12.0"
82.113.121.210 - - [02/Aug/2012:12:22:44 +0200] "GET /style.css HTTP/1.1" 200 8418 "http://www.mink-gmbh.de/" "Mozilla/5.0 (iPhone; CPU iPhone OS 5_1_1 like Mac OS X) AppleWebKit/534.46 (KHTML, like Gecko) Version/5.1 Mobile/9B206 Safari/7534.48.3"
82.113.121.210 - - [02/Aug/2012:12:22:45 +0200] "GET /modul.css HTTP/1.1" 200 35038 "http://www.mink-gmbh.de/" "Mozilla/5.0 (iPhone; CPU iPhone OS 5_1_1 like Mac OS X) AppleWebKit/534.46 (KHTML, like Gecko) Version/5.1 Mobile/9B206 Safari/7534.48.3"
82.113.121.210 - - [02/Aug/2012:12:22:44 +0200] "GET / HTTP/1.1" 200 14873 "http://www.google.de/search?q=firma+mink+heiz%C3%B6l&ie=UTF-8&oe=UTF-8&hl=de&client=safari" "Mozilla/5.0 (iPhone; CPU iPhone OS 5_1_1 like Mac OS X) AppleWebKit/534.46 (KHTML, like Gecko) Version/5.1 Mobile/9B206 Safari/7534.48.3"
82.113.121.210 - - [02/Aug/2012:12:22:46 +0200] "GET /images/tkw.jpg HTTP/1.1" 200 64031 "http://www.mink-gmbh.de/" "Mozilla/5.0 (iPhone; CPU iPhone OS 5_1_1 like Mac OS X) AppleWebKit/534.46 (KHTML, like Gecko) Version/5.1 Mobile/9B206 Safari/7534.48.3"
82.113.121.210 - - [02/Aug/2012:12:22:46 +0200] "GET /images/freecall.jpg HTTP/1.1" 200 39195 "http://www.mink-gmbh.de/" "Mozilla/5.0 (iPhone; CPU iPhone OS 5_1_1 like Mac OS X) AppleWebKit/534.46 (KHTML, like Gecko) Version/5.1 Mobile/9B206 Safari/7534.48.3"
82.113.121.210 - - [02/Aug/2012:12:22:46 +0200] "GET /images/mail.jpg HTTP/1.1" 200 11165 "http://www.mink-gmbh.de/" "Mozilla/5.0 (iPhone; CPU iPhone OS 5_1_1 like Mac OS X) AppleWebKit/534.46 (KHTML, like Gecko) Version/5.1 Mobile/9B206 Safari/7534.48.3"
82.113.121.210 - - [02/Aug/2012:12:22:46 +0200] "GET /images/kwk.gif HTTP/1.1" 200 6403 "http://www.mink-gmbh.de/" "Mozilla/5.0 (iPhone; CPU iPhone OS 5_1_1 like Mac OS X) AppleWebKit/534.46 (KHTML, like Gecko) Version/5.1 Mobile/9B206 Safari/7534.48.3"
82.113.121.210 - - [02/Aug/2012:12:22:46 +0200] "GET /images/wunschpreis.jpg HTTP/1.1" 200 16767 "http://www.mink-gmbh.de/" "Mozilla/5.0 (iPhone; CPU iPhone OS 5_1_1 like Mac OS X) AppleWebKit/534.46 (KHTML, like Gecko) Version/5.1 Mobile/9B206 Safari/7534.48.3"
82.113.121.210 - - [02/Aug/2012:12:22:46 +0200] "GET /images/logos.jpg HTTP/1.1" 200 15002 "http://www.mink-gmbh.de/" "Mozilla/5.0 (iPhone; CPU iPhone OS 5_1_1 like Mac OS X) AppleWebKit/534.46 (KHTML, like Gecko) Version/5.1 Mobile/9B206 Safari/7534.48.3"
82.113.121.210 - - [02/Aug/2012:12:22:47 +0200] "GET /images/bg.jpg HTTP/1.1" 200 345 "http://www.mink-gmbh.de/" "Mozilla/5.0 (iPhone; CPU iPhone OS 5_1_1 like Mac OS X) AppleWebKit/534.46 (KHTML, like Gecko) Version/5.1 Mobile/9B206 Safari/7534.48.3"
82.113.121.210 - - [02/Aug/2012:12:22:47 +0200] "GET /images/close.png HTTP/1.1" 200 703 "http://www.mink-gmbh.de/" "Mozilla/5.0 (iPhone; CPU iPhone OS 5_1_1 like Mac OS X) AppleWebKit/534.46 (KHTML, like Gecko) Version/5.1 Mobile/9B206 Safari/7534.48.3"
82.113.121.210 - - [02/Aug/2012:12:22:47 +0200] "GET /images/newsletter_bg.jpg HTTP/1.1" 200 33610 "http://www.mink-gmbh.de/" "Mozilla/5.0 (iPhone; CPU iPhone OS 5_1_1 like Mac OS X) AppleWebKit/534.46 (KHTML, like Gecko) Version/5.1 Mobile/9B206 Safari/7534.48.3"
82.113.121.210 - - [02/Aug/2012:12:22:47 +0200] "GET /images/newsletter.png HTTP/1.1" 200 14619 "http://www.mink-gmbh.de/" "Mozilla/5.0 (iPhone; CPU iPhone OS 5_1_1 like Mac OS X) AppleWebKit/534.46 (KHTML, like Gecko) Version/5.1 Mobile/9B206 Safari/7534.48.3"
82.113.121.210 - - [02/Aug/2012:12:22:47 +0200] "GET /images/wrapperbg.jpg HTTP/1.1" 200 27465 "http://www.mink-gmbh.de/" "Mozilla/5.0 (iPhone; CPU iPhone OS 5_1_1 like Mac OS X) AppleWebKit/534.46 (KHTML, like Gecko) Version/5.1 Mobile/9B206 Safari/7534.48.3"
82.113.121.210 - - [02/Aug/2012:12:22:47 +0200] "GET /images/navibg.png HTTP/1.1" 200 2803 "http://www.mink-gmbh.de/" "Mozilla/5.0 (iPhone; CPU iPhone OS 5_1_1 like Mac OS X) AppleWebKit/534.46 (KHTML, like Gecko) Version/5.1 Mobile/9B206 Safari/7534.48.3"
82.113.121.210 - - [02/Aug/2012:12:22:47 +0200] "GET /images/fallend.png HTTP/1.1" 200 713 "http://www.mink-gmbh.de/" "Mozilla/5.0 (iPhone; CPU iPhone OS 5_1_1 like Mac OS X) AppleWebKit/534.46 (KHTML, like Gecko) Version/5.1 Mobile/9B206 Safari/7534.48.3"
82.113.121.210 - - [02/Aug/2012:12:22:47 +0200] "GET /images/steigend.png HTTP/1.1" 200 688 "http://www.mink-gmbh.de/" "Mozilla/5.0 (iPhone; CPU iPhone OS 5_1_1 like Mac OS X) AppleWebKit/534.46 (KHTML, like Gecko) Version/5.1 Mobile/9B206 Safari/7534.48.3"
82.113.121.210 - - [02/Aug/2012:12:22:47 +0200] "GET /images/header.jpg HTTP/1.1" 200 24413 "http://www.mink-gmbh.de/" "Mozilla/5.0 (iPhone; CPU iPhone OS 5_1_1 like Mac OS X) AppleWebKit/534.46 (KHTML, like Gecko) Version/5.1 Mobile/9B206 Safari/7534.48.3"
82.113.121.210 - - [02/Aug/2012:12:22:47 +0200] "GET /images/newsletter.jpg HTTP/1.1" 200 13130 "http://www.mink-gmbh.de/" "Mozilla/5.0 (iPhone; CPU iPhone OS 5_1_1 like Mac OS X) AppleWebKit/534.46 (KHTML, like Gecko) Version/5.1 Mobile/9B206 Safari/7534.48.3"
82.113.121.210 - - [02/Aug/2012:12:22:47 +0200] "GET /images/mobil.jpg HTTP/1.1" 200 25293 "http://www.mink-gmbh.de/" "Mozilla/5.0 (iPhone; CPU iPhone OS 5_1_1 like Mac OS X) AppleWebKit/534.46 (KHTML, like Gecko) Version/5.1 Mobile/9B206 Safari/7534.48.3"
82.113.121.210 - - [02/Aug/2012:12:22:49 +0200] "GET /images/footerbg.jpg HTTP/1.1" 200 2184 "http://www.mink-gmbh.de/" "Mozilla/5.0 (iPhone; CPU iPhone OS 5_1_1 like Mac OS X) AppleWebKit/534.46 (KHTML, like Gecko) Version/5.1 Mobile/9B206 Safari/7534.48.3"
82.113.121.210 - - [02/Aug/2012:12:22:53 +0200] "GET /kontakt.php HTTP/1.1" 200 9111 "http://www.mink-gmbh.de/" "Mozilla/5.0 (iPhone; CPU iPhone OS 5_1_1 like Mac OS X) AppleWebKit/534.46 (KHTML, like Gecko) Version/5.1 Mobile/9B206 Safari/7534.48.3"
123.125.71.33 - - [02/Aug/2012:12:28:36 +0200] "GET / HTTP/1.1" 200 8221 "-" "Mozilla/5.0 (compatible; Baiduspider/2.0; +http://www.baidu.com/search/spider.html)"
220.181.108.82 - - [02/Aug/2012:12:29:02 +0200] "GET / HTTP/1.1" 200 7233 "-" "Mozilla/5.0 (compatible; Baiduspider/2.0; +http://www.baidu.com/search/spider.html)"
66.249.71.108 - - [02/Aug/2012:12:50:27 +0200] "GET /news.php?cs_go=archiv&cs_id=2249&cs_search= HTTP/1.1" 200 12747 "-" "Mozilla/5.0 (compatible; Googlebot/2.1; +http://www.google.com/bot.html)"
66.249.71.108 - - [02/Aug/2012:13:04:00 +0200] "GET /optiplus.php HTTP/1.1" 200 11100 "-" "Mozilla/5.0 (compatible; Googlebot/2.1; +http://www.google.com/bot.html)"
66.249.71.108 - - [02/Aug/2012:13:17:49 +0200] "GET /news.php?cs_go=archiv&cs_id=1744&cs_search= HTTP/1.1" 200 14214 "-" "Mozilla/5.0 (compatible; Googlebot/2.1; +http://www.google.com/bot.html)"
66.249.71.108 - - [02/Aug/2012:13:19:34 +0200] "GET /news.php?cs_go=archiv&cs_id=1677&cs_search= HTTP/1.1" 200 13914 "-" "Mozilla/5.0 (compatible; Googlebot/2.1; +http://www.google.com/bot.html)"
66.249.71.108 - - [02/Aug/2012:13:21:18 +0200] "GET /news.php?cs_go=archiv&cs_id=1679&cs_search= HTTP/1.1" 200 14508 "-" "Mozilla/5.0 (compatible; Googlebot/2.1; +http://www.google.com/bot.html)"
66.249.71.108 - - [02/Aug/2012:13:23:03 +0200] "GET /news.php?cs_go=archiv&cs_id=1870&cs_search= HTTP/1.1" 200 14292 "-" "Mozilla/5.0 (compatible; Googlebot/2.1; +http://www.google.com/bot.html)"
66.249.71.108 - - [02/Aug/2012:13:28:19 +0200] "GET /news.php?cs_go=archiv&cs_id=1743&cs_search= HTTP/1.1" 200 13272 "-" "Mozilla/5.0 (compatible; Googlebot/2.1; +http://www.google.com/bot.html)"
66.249.71.108 - - [02/Aug/2012:13:30:14 +0200] "GET /news.php?cs_go=archiv&cs_id=1675&cs_search= HTTP/1.1" 200 14010 "-" "Mozilla/5.0 (compatible; Googlebot/2.1; +http://www.google.com/bot.html)"
208.115.113.91 - - [02/Aug/2012:13:30:29 +0200] "GET /news.php?cs_go=archiv&cs_id=3013&cs_search= HTTP/1.1" 200 12039 "-" "Mozilla/5.0 (compatible; Ezooms/1.0; ezooms.bot@gmail.com)"
208.115.113.91 - - [02/Aug/2012:13:30:32 +0200] "GET /news.php?cs_go=archiv&cs_id=3022 HTTP/1.1" 200 11985 "-" "Mozilla/5.0 (compatible; Ezooms/1.0; ezooms.bot@gmail.com)"
66.249.71.108 - - [02/Aug/2012:13:33:39 +0200] "GET /news.php?cs_go=archiv&cs_id=1686&cs_search= HTTP/1.1" 200 17002 "-" "Mozilla/5.0 (compatible; Googlebot/2.1; +http://www.google.com/bot.html)"
65.36.241.79 - - [02/Aug/2012:13:40:00 +0200] "HEAD / HTTP/1.1" 200 - "-" "InternetSeer.com"
66.249.71.108 - - [02/Aug/2012:13:40:45 +0200] "GET /news.php?cs_go=archiv&cs_id=1681&cs_search= HTTP/1.1" 200 13969 "-" "Mozilla/5.0 (compatible; Googlebot/2.1; +http://www.google.com/bot.html)"
66.249.71.108 - - [02/Aug/2012:13:42:32 +0200] "GET /news.php?cs_go=archiv&cs_id=1714&cs_search= HTTP/1.1" 200 13942 "-" "Mozilla/5.0 (compatible; Googlebot/2.1; +http://www.google.com/bot.html)"
66.249.71.108 - - [02/Aug/2012:13:44:18 +0200] "GET /news.php?cs_go=archiv&cs_id=1682&cs_search= HTTP/1.1" 200 13195 "-" "Mozilla/5.0 (compatible; Googlebot/2.1; +http://www.google.com/bot.html)"
66.249.71.108 - - [02/Aug/2012:14:12:57 +0200] "GET /news.php?cs_go=archiv&cs_id=2842&cs_search= HTTP/1.1" 200 10033 "-" "Mozilla/5.0 (compatible; Googlebot/2.1; +http://www.google.com/bot.html)"
87.123.72.191 - - [02/Aug/2012:14:28:28 +0200] "GET /style.css HTTP/1.1" 200 8418 "http://www.mink-gmbh.de/" "Mozilla/5.0 (X11; Linux x86_64) AppleWebKit/535.19 (KHTML, like Gecko) Ubuntu/11.10 Chromium/18.0.1025.168 Chrome/18.0.1025.168 Safari/535.19"
87.123.72.191 - - [02/Aug/2012:14:28:28 +0200] "GET /modul.css HTTP/1.1" 200 35038 "http://www.mink-gmbh.de/" "Mozilla/5.0 (X11; Linux x86_64) AppleWebKit/535.19 (KHTML, like Gecko) Ubuntu/11.10 Chromium/18.0.1025.168 Chrome/18.0.1025.168 Safari/535.19"
87.123.72.191 - - [02/Aug/2012:14:28:28 +0200] "GET /images/bg.jpg HTTP/1.1" 200 345 "http://www.mink-gmbh.de/" "Mozilla/5.0 (X11; Linux x86_64) AppleWebKit/535.19 (KHTML, like Gecko) Ubuntu/11.10 Chromium/18.0.1025.168 Chrome/18.0.1025.168 Safari/535.19"
87.123.72.191 - - [02/Aug/2012:14:28:28 +0200] "GET /images/close.png HTTP/1.1" 200 703 "http://www.mink-gmbh.de/" "Mozilla/5.0 (X11; Linux x86_64) AppleWebKit/535.19 (KHTML, like Gecko) Ubuntu/11.10 Chromium/18.0.1025.168 Chrome/18.0.1025.168 Safari/535.19"
87.123.72.191 - - [02/Aug/2012:14:28:28 +0200] "GET /images/newsletter.png HTTP/1.1" 200 14619 "http://www.mink-gmbh.de/" "Mozilla/5.0 (X11; Linux x86_64) AppleWebKit/535.19 (KHTML, like Gecko) Ubuntu/11.10 Chromium/18.0.1025.168 Chrome/18.0.1025.168 Safari/535.19"
87.123.72.191 - - [02/Aug/2012:14:28:28 +0200] "GET /images/header.jpg HTTP/1.1" 200 24413 "http://www.mink-gmbh.de/" "Mozilla/5.0 (X11; Linux x86_64) AppleWebKit/535.19 (KHTML, like Gecko) Ubuntu/11.10 Chromium/18.0.1025.168 Chrome/18.0.1025.168 Safari/535.19"
87.123.72.191 - - [02/Aug/2012:14:28:28 +0200] "GET /images/navibg.png HTTP/1.1" 200 2803 "http://www.mink-gmbh.de/" "Mozilla/5.0 (X11; Linux x86_64) AppleWebKit/535.19 (KHTML, like Gecko) Ubuntu/11.10 Chromium/18.0.1025.168 Chrome/18.0.1025.168 Safari/535.19"
87.123.72.191 - - [02/Aug/2012:14:28:28 +0200] "GET /images/newsletter_bg.jpg HTTP/1.1" 200 33610 "http://www.mink-gmbh.de/" "Mozilla/5.0 (X11; Linux x86_64) AppleWebKit/535.19 (KHTML, like Gecko) Ubuntu/11.10 Chromium/18.0.1025.168 Chrome/18.0.1025.168 Safari/535.19"
87.123.72.191 - - [02/Aug/2012:14:28:28 +0200] "GET /images/steigend.png HTTP/1.1" 200 688 "http://www.mink-gmbh.de/" "Mozilla/5.0 (X11; Linux x86_64) AppleWebKit/535.19 (KHTML, like Gecko) Ubuntu/11.10 Chromium/18.0.1025.168 Chrome/18.0.1025.168 Safari/535.19"
87.123.72.191 - - [02/Aug/2012:14:28:28 +0200] "GET /images/wrapperbg.jpg HTTP/1.1" 200 27465 "http://www.mink-gmbh.de/" "Mozilla/5.0 (X11; Linux x86_64) AppleWebKit/535.19 (KHTML, like Gecko) Ubuntu/11.10 Chromium/18.0.1025.168 Chrome/18.0.1025.168 Safari/535.19"
87.123.72.191 - - [02/Aug/2012:14:28:28 +0200] "GET /images/fallend.png HTTP/1.1" 200 713 "http://www.mink-gmbh.de/" "Mozilla/5.0 (X11; Linux x86_64) AppleWebKit/535.19 (KHTML, like Gecko) Ubuntu/11.10 Chromium/18.0.1025.168 Chrome/18.0.1025.168 Safari/535.19"
87.123.72.191 - - [02/Aug/2012:14:28:28 +0200] "GET / HTTP/1.1" 200 14832 "http://www.google.de/url?sa=t&rct=j&q=herbert%20mink%20heiz%C3%B6l&source=web&cd=5&ved=0CF0QFjAE&url=http%3A%2F%2Fwww.mink-gmbh.de%2F&ei=NHIaUI6zHcfOsgb72IDQAQ&usg=AFQjCNFHX4Iglls9oo-KYXTmDUV_5KOVIg" "Mozilla/5.0 (X11; Linux x86_64) AppleWebKit/535.19 (KHTML, like Gecko) Ubuntu/11.10 Chromium/18.0.1025.168 Chrome/18.0.1025.168 Safari/535.19"
87.123.72.191 - - [02/Aug/2012:14:28:28 +0200] "GET /images/mobil.jpg HTTP/1.1" 200 25293 "http://www.mink-gmbh.de/" "Mozilla/5.0 (X11; Linux x86_64) AppleWebKit/535.19 (KHTML, like Gecko) Ubuntu/11.10 Chromium/18.0.1025.168 Chrome/18.0.1025.168 Safari/535.19"
87.123.72.191 - - [02/Aug/2012:14:28:29 +0200] "GET /images/newsletter.jpg HTTP/1.1" 200 13130 "http://www.mink-gmbh.de/" "Mozilla/5.0 (X11; Linux x86_64) AppleWebKit/535.19 (KHTML, like Gecko) Ubuntu/11.10 Chromium/18.0.1025.168 Chrome/18.0.1025.168 Safari/535.19"
87.123.72.191 - - [02/Aug/2012:14:28:28 +0200] "GET /images/tkw.jpg HTTP/1.1" 200 64031 "http://www.mink-gmbh.de/" "Mozilla/5.0 (X11; Linux x86_64) AppleWebKit/535.19 (KHTML, like Gecko) Ubuntu/11.10 Chromium/18.0.1025.168 Chrome/18.0.1025.168 Safari/535.19"
87.123.72.191 - - [02/Aug/2012:14:28:29 +0200] "GET /images/freecall.jpg HTTP/1.1" 200 39195 "http://www.mink-gmbh.de/" "Mozilla/5.0 (X11; Linux x86_64) AppleWebKit/535.19 (KHTML, like Gecko) Ubuntu/11.10 Chromium/18.0.1025.168 Chrome/18.0.1025.168 Safari/535.19"
87.123.72.191 - - [02/Aug/2012:14:28:29 +0200] "GET /images/mail.jpg HTTP/1.1" 200 11165 "http://www.mink-gmbh.de/" "Mozilla/5.0 (X11; Linux x86_64) AppleWebKit/535.19 (KHTML, like Gecko) Ubuntu/11.10 Chromium/18.0.1025.168 Chrome/18.0.1025.168 Safari/535.19"
87.123.72.191 - - [02/Aug/2012:14:28:29 +0200] "GET /images/kwk.gif HTTP/1.1" 200 6403 "http://www.mink-gmbh.de/" "Mozilla/5.0 (X11; Linux x86_64) AppleWebKit/535.19 (KHTML, like Gecko) Ubuntu/11.10 Chromium/18.0.1025.168 Chrome/18.0.1025.168 Safari/535.19"
87.123.72.191 - - [02/Aug/2012:14:28:29 +0200] "GET /images/wunschpreis.jpg HTTP/1.1" 200 16767 "http://www.mink-gmbh.de/" "Mozilla/5.0 (X11; Linux x86_64) AppleWebKit/535.19 (KHTML, like Gecko) Ubuntu/11.10 Chromium/18.0.1025.168 Chrome/18.0.1025.168 Safari/535.19"
87.123.72.191 - - [02/Aug/2012:14:28:29 +0200] "GET /images/logos.jpg HTTP/1.1" 200 15002 "http://www.mink-gmbh.de/" "Mozilla/5.0 (X11; Linux x86_64) AppleWebKit/535.19 (KHTML, like Gecko) Ubuntu/11.10 Chromium/18.0.1025.168 Chrome/18.0.1025.168 Safari/535.19"
87.123.72.191 - - [02/Aug/2012:14:28:29 +0200] "GET /images/footerbg.jpg HTTP/1.1" 200 2184 "http://www.mink-gmbh.de/" "Mozilla/5.0 (X11; Linux x86_64) AppleWebKit/535.19 (KHTML, like Gecko) Ubuntu/11.10 Chromium/18.0.1025.168 Chrome/18.0.1025.168 Safari/535.19"
87.123.72.191 - - [02/Aug/2012:14:28:29 +0200] "GET /favicon.ico HTTP/1.1" 200 3638 "-" "Mozilla/5.0 (X11; Linux x86_64) AppleWebKit/535.19 (KHTML, like Gecko) Ubuntu/11.10 Chromium/18.0.1025.168 Chrome/18.0.1025.168 Safari/535.19"
66.249.71.108 - - [02/Aug/2012:14:39:47 +0200] "GET /news.php?cs_go=archiv&cs_id=3265 HTTP/1.1" 200 12975 "-" "Mozilla/5.0 (compatible; Googlebot/2.1; +http://www.google.com/bot.html)"
208.115.113.91 - - [02/Aug/2012:15:32:54 +0200] "GET /robots.txt HTTP/1.1" 200 177 "-" "Mozilla/5.0 (compatible; Ezooms/1.0; ezooms.bot@gmail.com)"
66.249.71.108 - - [02/Aug/2012:15:56:35 +0200] "GET /news.php?cs_go=archiv HTTP/1.1" 200 22683 "-" "Mozilla/5.0 (compatible; Googlebot/2.1; +http://www.google.com/bot.html)"
139.18.2.209 - - [02/Aug/2012:15:56:38 +0200] "GET /robots.txt HTTP/1.1" 200 177 "-" "findlinks/2.6 (+http://wortschatz.uni-leipzig.de/findlinks/)"
66.249.71.108 - - [02/Aug/2012:16:21:25 +0200] "GET /news.php?cs_go=archiv&cs_startpos=1521 HTTP/1.1" 200 20982 "-" "Mozilla/5.0 (compatible; Googlebot/2.1; +http://www.google.com/bot.html)"
208.115.113.91 - - [02/Aug/2012:16:25:00 +0200] "GET /robots.txt HTTP/1.1" 200 177 "-" "Mozilla/5.0 (compatible; Ezooms/1.0; ezooms.bot@gmail.com)"
66.249.71.108 - - [02/Aug/2012:16:33:16 +0200] "GET /news.php?cs_go=archiv&cs_id=3319&cs_search= HTTP/1.1" 200 12265 "-" "Mozilla/5.0 (compatible; Googlebot/2.1; +http://www.google.com/bot.html)"
66.249.71.108 - - [02/Aug/2012:16:35:24 +0200] "GET /news.php?cs_go=archiv&cs_id=3320&cs_search= HTTP/1.1" 200 13633 "-" "Mozilla/5.0 (compatible; Googlebot/2.1; +http://www.google.com/bot.html)"
66.249.71.108 - - [02/Aug/2012:17:37:18 +0200] "GET /kwk.php HTTP/1.1" 200 10884 "-" "Mozilla/5.0 (compatible; Googlebot/2.1; +http://www.google.com/bot.html)"
178.255.215.64 - - [02/Aug/2012:17:46:01 +0200] "GET /robots.txt HTTP/1.1" 200 177 "-" "Mozilla/5.0 (compatible; Exabot/3.0; +http://www.exabot.com/go/robot)"
178.255.215.64 - - [02/Aug/2012:17:46:02 +0200] "GET / HTTP/1.1" 200 14832 "-" "Mozilla/5.0 (compatible; Exabot/3.0; +http://www.exabot.com/go/robot)"
208.115.113.91 - - [02/Aug/2012:18:08:46 +0200] "GET /news.php?cs_go=archiv&cs_startpos=1110 HTTP/1.1" 200 22969 "-" "Mozilla/5.0 (compatible; Ezooms/1.0; ezooms.bot@gmail.com)"
77.21.36.149 - - [02/Aug/2012:18:21:27 +0200] "GET /robots.txt HTTP/1.0" 200 177 "-" "Mozilla/5.0 (compatible; MJ12bot/v1.4.3; http://www.majestic12.co.uk/bot.php?+)"
77.21.36.149 - - [02/Aug/2012:18:21:28 +0200] "GET /Heizoel-Berlin.htm HTTP/1.0" 404 - "-" "Mozilla/5.0 (compatible; MJ12bot/v1.4.3; http://www.majestic12.co.uk/bot.php?+)"
77.21.36.149 - - [02/Aug/2012:18:21:38 +0200] "GET /seiten/datenschutz.php HTTP/1.0" 404 - "-" "Mozilla/5.0 (compatible; MJ12bot/v1.4.3; http://www.majestic12.co.uk/bot.php?+)"
77.21.36.149 - - [02/Aug/2012:18:21:43 +0200] "GET /seiten/kontakt.php HTTP/1.0" 404 - "-" "Mozilla/5.0 (compatible; MJ12bot/v1.4.3; http://www.majestic12.co.uk/bot.php?+)"
77.21.36.149 - - [02/Aug/2012:18:21:53 +0200] "GET /seiten/produkte_hzoel.php HTTP/1.0" 404 - "-" "Mozilla/5.0 (compatible; MJ12bot/v1.4.3; http://www.majestic12.co.uk/bot.php?+)"
178.77.126.55 - - [02/Aug/2012:18:38:27 +0200] "GET /robots.txt HTTP/1.1" 200 177 "-" "Mozilla/5.0 (compatible; CareerBot/1.1; +http://www.career-x.de/bot.html)"
178.77.126.55 - - [02/Aug/2012:18:38:27 +0200] "GET / HTTP/1.1" 200 14832 "-" "Mozilla/5.0 (compatible; CareerBot/1.1; +http://www.career-x.de/bot.html)"
66.249.71.108 - - [02/Aug/2012:19:11:41 +0200] "GET /news.php HTTP/1.1" 200 22683 "-" "Mozilla/5.0 (compatible; Googlebot/2.1; +http://www.google.com/bot.html)"
66.249.71.108 - - [02/Aug/2012:19:25:48 +0200] "GET /standard.php HTTP/1.1" 200 9218 "-" "Mozilla/5.0 (compatible; Googlebot/2.1; +http://www.google.com/bot.html)"
65.36.241.79 - - [02/Aug/2012:19:36:30 +0200] "HEAD / HTTP/1.1" 200 - "-" "InternetSeer.com"
208.115.113.91 - - [02/Aug/2012:19:56:06 +0200] "GET /robots.txt HTTP/1.1" 200 177 "-" "Mozilla/5.0 (compatible; Ezooms/1.0; ezooms.bot@gmail.com)"
66.249.71.108 - - [02/Aug/2012:20:34:16 +0200] "GET /news.php?cs_go=archiv&cs_id=1741&cs_search= HTTP/1.1" 200 14284 "-" "Mozilla/5.0 (compatible; Googlebot/2.1; +http://www.google.com/bot.html)"
66.249.71.108 - - [02/Aug/2012:20:41:30 +0200] "GET /news.php?cs_go=archiv&cs_id=1739&cs_search= HTTP/1.1" 200 14195 "-" "Mozilla/5.0 (compatible; Googlebot/2.1; +http://www.google.com/bot.html)"
66.249.71.108 - - [02/Aug/2012:20:44:56 +0200] "GET /news.php?cs_go=archiv&cs_id=1736&cs_search= HTTP/1.1" 200 13550 "-" "Mozilla/5.0 (compatible; Googlebot/2.1; +http://www.google.com/bot.html)"
207.46.13.211 - - [02/Aug/2012:20:45:20 +0200] "GET /robots.txt HTTP/1.1" 200 177 "-" "Mozilla/5.0 (compatible; bingbot/2.0; +http://www.bing.com/bingbot.htm)"
207.46.13.211 - - [02/Aug/2012:20:46:06 +0200] "GET / HTTP/1.1" 200 14832 "-" "Mozilla/5.0 (compatible; bingbot/2.0; +http://www.bing.com/bingbot.htm)"
66.249.71.108 - - [02/Aug/2012:20:48:29 +0200] "GET /news.php?cs_go=archiv&cs_id=1876&cs_search= HTTP/1.1" 200 14116 "-" "Mozilla/5.0 (compatible; Googlebot/2.1; +http://www.google.com/bot.html)"
66.249.71.108 - - [02/Aug/2012:20:55:38 +0200] "GET /news.php?cs_go=archiv&cs_id=1718&cs_search= HTTP/1.1" 200 14223 "-" "Mozilla/5.0 (compatible; Googlebot/2.1; +http://www.google.com/bot.html)"
66.249.71.108 - - [02/Aug/2012:20:59:15 +0200] "GET /news.php?cs_go=archiv&cs_id=1740&cs_search= HTTP/1.1" 200 13774 "-" "Mozilla/5.0 (compatible; Googlebot/2.1; +http://www.google.com/bot.html)"
66.249.71.108 - - [02/Aug/2012:21:02:53 +0200] "GET /news.php?cs_go=archiv&cs_id=1879&cs_search= HTTP/1.1" 200 14042 "-" "Mozilla/5.0 (compatible; Googlebot/2.1; +http://www.google.com/bot.html)"
66.249.71.108 - - [02/Aug/2012:21:06:40 +0200] "GET /news.php?cs_go=archiv&cs_id=1881&cs_search= HTTP/1.1" 200 11885 "-" "Mozilla/5.0 (compatible; Googlebot/2.1; +http://www.google.com/bot.html)"
66.249.71.108 - - [02/Aug/2012:21:14:58 +0200] "GET /news.php?cs_go=archiv&cs_id=1888&cs_search= HTTP/1.1" 200 14171 "-" "Mozilla/5.0 (compatible; Googlebot/2.1; +http://www.google.com/bot.html)"
66.249.71.108 - - [02/Aug/2012:21:23:14 +0200] "GET /news.php?cs_go=archiv&cs_id=1884&cs_search= HTTP/1.1" 200 15968 "-" "Mozilla/5.0 (compatible; Googlebot/2.1; +http://www.google.com/bot.html)"
208.115.113.91 - - [02/Aug/2012:21:40:15 +0200] "GET /news.php?cs_go=archiv&cs_startpos=1230 HTTP/1.1" 200 22969 "-" "Mozilla/5.0 (compatible; Ezooms/1.0; ezooms.bot@gmail.com)"
208.115.113.91 - - [02/Aug/2012:21:40:24 +0200] "GET /standard.php HTTP/1.1" 200 9218 "-" "Mozilla/5.0 (compatible; Ezooms/1.0; ezooms.bot@gmail.com)"
128.75.181.253 - - [02/Aug/2012:21:44:45 +0200] "GET /administrator/index.php HTTP/1.0" 404 - "-" "Mozilla/4.0 (compatible; MSIE 6.0; Windows NT 5.1)"
208.115.111.75 - - [02/Aug/2012:22:15:32 +0200] "GET /robots.txt HTTP/1.1" 200 177 "-" "Mozilla/5.0 (compatible; Ezooms/1.0; ezooms.bot@gmail.com)"
178.154.179.250 - - [02/Aug/2012:22:56:01 +0200] "GET /robots.txt HTTP/1.1" 200 177 "-" "Mozilla/5.0 (compatible; YandexBot/3.0; +http://yandex.com/bots)"
178.154.179.250 - - [02/Aug/2012:22:56:03 +0200] "GET /impressum.php HTTP/1.1" 200 8582 "-" "Mozilla/5.0 (compatible; YandexBot/3.0; +http://yandex.com/bots)"
66.249.71.108 - - [02/Aug/2012:23:45:53 +0200] "GET /news.php?cs_go=archiv&cs_startpos=1301 HTTP/1.1" 200 23195 "-" "Mozilla/5.0 (compatible; Googlebot/2.1; +http://www.google.com/bot.html)"
66.249.71.108 - - [02/Aug/2012:23:54:30 +0200] "GET /news.php?cs_go=archiv&cs_id=1722&cs_search= HTTP/1.1" 200 13812 "-" "Mozilla/5.0 (compatible; Googlebot/2.1; +http://www.google.com/bot.html)"
66.249.71.108 - - [03/Aug/2012:00:00:29 +0200] "GET /news.php?cs_go=archiv&cs_id=1720&cs_search= HTTP/1.1" 200 14049 "-" "Mozilla/5.0 (compatible; Googlebot/2.1; +http://www.google.com/bot.html)"
66.249.71.108 - - [03/Aug/2012:00:03:28 +0200] "GET /news.php?cs_go=archiv&cs_id=1723&cs_search= HTTP/1.1" 200 14161 "-" "Mozilla/5.0 (compatible; Googlebot/2.1; +http://www.google.com/bot.html)"
65.36.241.79 - - [03/Aug/2012:00:17:28 +0200] "HEAD / HTTP/1.1" 200 - "-" "InternetSeer.com"
66.249.71.108 - - [03/Aug/2012:00:21:24 +0200] "GET /news.php?cs_go=archiv&cs_id=1746&cs_search= HTTP/1.1" 200 12671 "-" "Mozilla/5.0 (compatible; Googlebot/2.1; +http://www.google.com/bot.html)"
66.249.71.108 - - [03/Aug/2012:00:24:23 +0200] "GET /news.php?cs_go=archiv&cs_id=1721&cs_search= HTTP/1.1" 200 14176 "-" "Mozilla/5.0 (compatible; Googlebot/2.1; +http://www.google.com/bot.html)"
66.249.71.108 - - [03/Aug/2012:00:33:21 +0200] "GET /news.php?cs_go=archiv&cs_id=1848&cs_search= HTTP/1.1" 200 14272 "-" "Mozilla/5.0 (compatible; Googlebot/2.1; +http://www.google.com/bot.html)"
66.249.71.108 - - [03/Aug/2012:00:48:17 +0200] "GET /news.php?cs_go=archiv&cs_id=1748&cs_search= HTTP/1.1" 200 14461 "-" "Mozilla/5.0 (compatible; Googlebot/2.1; +http://www.google.com/bot.html)"
208.115.111.75 - - [03/Aug/2012:00:57:15 +0200] "GET /edl.php HTTP/1.1" 200 10801 "-" "Mozilla/5.0 (compatible; Ezooms/1.0; ezooms.bot@gmail.com)"
208.115.111.75 - - [03/Aug/2012:00:57:23 +0200] "GET /news.php?cs_go=archiv&cs_id=2854&cs_search= HTTP/1.1" 200 14472 "-" "Mozilla/5.0 (compatible; Ezooms/1.0; ezooms.bot@gmail.com)"
208.115.111.75 - - [03/Aug/2012:00:57:41 +0200] "GET /news.php?cs_go=archiv&cs_id=3131&cs_search= HTTP/1.1" 200 9916 "-" "Mozilla/5.0 (compatible; Ezooms/1.0; ezooms.bot@gmail.com)"
208.115.111.75 - - [03/Aug/2012:00:57:54 +0200] "GET /news.php?cs_go=archiv&cs_startpos=1160 HTTP/1.1" 200 23112 "-" "Mozilla/5.0 (compatible; Ezooms/1.0; ezooms.bot@gmail.com)"
208.115.113.91 - - [03/Aug/2012:01:27:52 +0200] "GET /robots.txt HTTP/1.1" 200 177 "-" "Mozilla/5.0 (compatible; Ezooms/1.0; ezooms.bot@gmail.com)"
66.249.71.108 - - [03/Aug/2012:01:33:06 +0200] "GET /news.php?cs_go=archiv&cs_id=1749&cs_search= HTTP/1.1" 200 14259 "-" "Mozilla/5.0 (compatible; Googlebot/2.1; +http://www.google.com/bot.html)"
66.249.71.108 - - [03/Aug/2012:01:39:04 +0200] "GET /robots.txt HTTP/1.1" 200 177 "-" "Mozilla/5.0 (compatible; Googlebot/2.1; +http://www.google.com/bot.html)"
66.249.71.108 - - [03/Aug/2012:01:39:04 +0200] "GET /news.php?cs_go=archiv&cs_id=1750&cs_search= HTTP/1.1" 200 13021 "-" "Mozilla/5.0 (compatible; Googlebot/2.1; +http://www.google.com/bot.html)"
208.115.113.91 - - [03/Aug/2012:03:12:16 +0200] "GET /wunschpreis.php HTTP/1.1" 200 12059 "-" "Mozilla/5.0 (compatible; Ezooms/1.0; ezooms.bot@gmail.com)"
65.52.110.192 - - [03/Aug/2012:04:47:48 +0200] "GET /robots.txt HTTP/1.1" 200 177 "-" "Mozilla/5.0 (compatible; bingbot/2.0; +http://www.bing.com/bingbot.htm)"
65.52.110.192 - - [03/Aug/2012:04:48:42 +0200] "GET /newsletter.php HTTP/1.1" 200 8907 "-" "Mozilla/5.0 (compatible; bingbot/2.0; +http://www.bing.com/bingbot.htm)"
65.36.241.79 - - [03/Aug/2012:05:09:39 +0200] "HEAD / HTTP/1.1" 200 - "-" "InternetSeer.com"
208.115.113.91 - - [03/Aug/2012:06:11:48 +0200] "GET /robots.txt HTTP/1.1" 200 177 "-" "Mozilla/5.0 (compatible; Ezooms/1.0; ezooms.bot@gmail.com)"
188.40.66.214 - - [03/Aug/2012:06:33:42 +0200] "GET /robots.txt HTTP/1.1" 200 177 "-" "Pixray-Seeker/1.1 (Pixray-Seeker; http://www.pixray.com/pixraybot; crawler@pixray.com)"
188.40.66.214 - - [03/Aug/2012:06:33:42 +0200] "GET /news.php?cs_go=archiv&cs_startpos=900 HTTP/1.1" 200 23254 "-" "Pixray-Seeker/1.1 (Pixray-Seeker; http://www.pixray.com/pixraybot; crawler@pixray.com)"
123.125.71.50 - - [03/Aug/2012:06:59:58 +0200] "GET / HTTP/1.1" 200 14832 "-" "Mozilla/5.0 (compatible; Baiduspider/2.0; +http://www.baidu.com/search/spider.html)"
66.249.71.108 - - [03/Aug/2012:07:11:47 +0200] "GET /robots.txt HTTP/1.1" 200 177 "-" "Mozilla/5.0 (compatible; Googlebot/2.1; +http://www.google.com/bot.html)"
66.249.71.108 - - [03/Aug/2012:07:11:47 +0200] "GET /news.php?cs_go=archiv&cs_startpos=0 HTTP/1.1" 200 22683 "-" "Mozilla/5.0 (compatible; Googlebot/2.1; +http://www.google.com/bot.html)"
123.125.71.76 - - [03/Aug/2012:07:14:31 +0200] "GET /news.php?cs_go=archiv&cs_id=3319 HTTP/1.1" 200 12265 "-" "Mozilla/5.0 (compatible; Baiduspider/2.0; +http://www.baidu.com/search/spider.html)"
123.125.71.46 - - [03/Aug/2012:07:17:52 +0200] "GET /news.php?cs_go=archiv&cs_id=3318 HTTP/1.1" 200 9850 "-" "Mozilla/5.0 (compatible; Baiduspider/2.0; +http://www.baidu.com/search/spider.html)"
208.115.111.75 - - [03/Aug/2012:07:19:09 +0200] "GET /robots.txt HTTP/1.1" 200 177 "-" "Mozilla/5.0 (compatible; Ezooms/1.0; ezooms.bot@gmail.com)"
123.125.71.36 - - [03/Aug/2012:07:21:12 +0200] "GET /news.php?cs_go=archiv&cs_id=3320 HTTP/1.1" 200 13633 "-" "Mozilla/5.0 (compatible; Baiduspider/2.0; +http://www.baidu.com/search/spider.html)"
208.115.113.91 - - [03/Aug/2012:07:58:18 +0200] "GET /news.php?cs_go=archiv&cs_id=2044&cs_search= HTTP/1.1" 200 10481 "-" "Mozilla/5.0 (compatible; Ezooms/1.0; ezooms.bot@gmail.com)"
208.115.113.91 - - [03/Aug/2012:07:58:22 +0200] "GET /news.php?cs_go=archiv&cs_id=3038&cs_search= HTTP/1.1" 200 9917 "-" "Mozilla/5.0 (compatible; Ezooms/1.0; ezooms.bot@gmail.com)"
208.115.113.91 - - [03/Aug/2012:07:58:25 +0200] "GET /news.php?cs_go=archiv&cs_id=3071&cs_search= HTTP/1.1" 200 9996 "-" "Mozilla/5.0 (compatible; Ezooms/1.0; ezooms.bot@gmail.com)"
89.247.57.164 - - [03/Aug/2012:08:02:34 +0200] "GET /style.css HTTP/1.1" 200 8418 "http://www.mink-gmbh.de/index.php" "Mozilla/5.0 (Windows NT 6.1; rv:14.0) Gecko/20100101 Firefox/14.0.1"
89.247.57.164 - - [03/Aug/2012:08:02:34 +0200] "GET /modul.css HTTP/1.1" 200 35038 "http://www.mink-gmbh.de/index.php" "Mozilla/5.0 (Windows NT 6.1; rv:14.0) Gecko/20100101 Firefox/14.0.1"
89.247.57.164 - - [03/Aug/2012:08:02:34 +0200] "GET /favicon.ico HTTP/1.1" 200 3638 "-" "Mozilla/5.0 (Windows NT 6.1; rv:14.0) Gecko/20100101 Firefox/14.0.1"
89.247.57.164 - - [03/Aug/2012:08:02:35 +0200] "GET /images/bg.jpg HTTP/1.1" 200 345 "http://www.mink-gmbh.de/style.css" "Mozilla/5.0 (Windows NT 6.1; rv:14.0) Gecko/20100101 Firefox/14.0.1"
89.247.57.164 - - [03/Aug/2012:08:02:36 +0200] "GET /images/close.png HTTP/1.1" 200 703 "http://www.mink-gmbh.de/index.php" "Mozilla/5.0 (Windows NT 6.1; rv:14.0) Gecko/20100101 Firefox/14.0.1"
89.247.57.164 - - [03/Aug/2012:08:02:36 +0200] "GET /images/newsletter_bg.jpg HTTP/1.1" 200 33610 "http://www.mink-gmbh.de/index.php" "Mozilla/5.0 (Windows NT 6.1; rv:14.0) Gecko/20100101 Firefox/14.0.1"
89.247.57.164 - - [03/Aug/2012:08:02:36 +0200] "GET /images/newsletter.png HTTP/1.1" 200 14619 "http://www.mink-gmbh.de/style.css" "Mozilla/5.0 (Windows NT 6.1; rv:14.0) Gecko/20100101 Firefox/14.0.1"
89.247.57.164 - - [03/Aug/2012:08:02:36 +0200] "GET /images/wrapperbg.jpg HTTP/1.1" 200 27465 "http://www.mink-gmbh.de/style.css" "Mozilla/5.0 (Windows NT 6.1; rv:14.0) Gecko/20100101 Firefox/14.0.1"
89.247.57.164 - - [03/Aug/2012:08:02:36 +0200] "GET /images/header.jpg HTTP/1.1" 200 24413 "http://www.mink-gmbh.de/style.css" "Mozilla/5.0 (Windows NT 6.1; rv:14.0) Gecko/20100101 Firefox/14.0.1"
