65.36.241.79 - - [06/Aug/2012:16:31:04 +0200] "HEAD / HTTP/1.1" 200 - "-" "InternetSeer.com"
92.225.1.233 - - [06/Aug/2012:16:31:19 +0200] "GET /standard.php HTTP/1.1" 200 9131 "http://www.mink-gmbh.de/" "Mozilla/5.0 (Windows; U; Windows NT 6.1; de; rv:1.9.2.25) Gecko/20111212 Firefox/3.6.25"
92.225.1.233 - - [06/Aug/2012:16:31:28 +0200] "GET /preisanfrage.php HTTP/1.1" 200 10623 "http://www.mink-gmbh.de/standard.php" "Mozilla/5.0 (Windows; U; Windows NT 6.1; de; rv:1.9.2.25) Gecko/20111212 Firefox/3.6.25"
92.225.1.233 - - [06/Aug/2012:16:42:25 +0200] "GET /kontakt.php HTTP/1.1" 200 9111 "http://www.mink-gmbh.de/preisanfrage.php" "Mozilla/5.0 (Windows; U; Windows NT 6.1; de; rv:1.9.2.25) Gecko/20111212 Firefox/3.6.25"
89.247.26.190 - - [06/Aug/2012:17:25:43 +0200] "GET /style.css HTTP/1.1" 200 8418 "http://www.mink-gmbh.de/index.php" "Mozilla/5.0 (Windows NT 6.1; rv:14.0) Gecko/20100101 Firefox/14.0.1"
89.247.26.190 - - [06/Aug/2012:17:25:43 +0200] "GET /modul.css HTTP/1.1" 200 35038 "http://www.mink-gmbh.de/index.php" "Mozilla/5.0 (Windows NT 6.1; rv:14.0) Gecko/20100101 Firefox/14.0.1"
89.247.26.190 - - [06/Aug/2012:17:25:43 +0200] "GET /favicon.ico HTTP/1.1" 200 3638 "-" "Mozilla/5.0 (Windows NT 6.1; rv:14.0) Gecko/20100101 Firefox/14.0.1"
89.247.26.190 - - [06/Aug/2012:17:25:43 +0200] "GET /js_contentserver24_greybox/gb_styles.css HTTP/1.1" 200 2302 "http://www.mink-gmbh.de/index.php" "Mozilla/5.0 (Windows NT 6.1; rv:14.0) Gecko/20100101 Firefox/14.0.1"
89.247.26.190 - - [06/Aug/2012:17:25:43 +0200] "GET /js_contentserver24_greybox/AJS.js HTTP/1.1" 200 10396 "http://www.mink-gmbh.de/index.php" "Mozilla/5.0 (Windows NT 6.1; rv:14.0) Gecko/20100101 Firefox/14.0.1"
89.247.26.190 - - [06/Aug/2012:17:25:43 +0200] "GET /js_contentserver24_greybox/AJS_fx.js HTTP/1.1" 200 3192 "http://www.mink-gmbh.de/index.php" "Mozilla/5.0 (Windows NT 6.1; rv:14.0) Gecko/20100101 Firefox/14.0.1"
89.247.26.190 - - [06/Aug/2012:17:25:43 +0200] "GET /js_contentserver24_greybox/gb_scripts.js HTTP/1.1" 200 11913 "http://www.mink-gmbh.de/index.php" "Mozilla/5.0 (Windows NT 6.1; rv:14.0) Gecko/20100101 Firefox/14.0.1"
89.247.26.190 - - [06/Aug/2012:17:25:44 +0200] "GET /images/bg.jpg HTTP/1.1" 200 345 "http://www.mink-gmbh.de/style.css" "Mozilla/5.0 (Windows NT 6.1; rv:14.0) Gecko/20100101 Firefox/14.0.1"
89.247.26.190 - - [06/Aug/2012:17:25:44 +0200] "GET /js_contentserver24_greybox/w_close.gif HTTP/1.1" 200 74 "http://www.mink-gmbh.de/index.php" "Mozilla/5.0 (Windows NT 6.1; rv:14.0) Gecko/20100101 Firefox/14.0.1"
89.247.26.190 - - [06/Aug/2012:17:25:43 +0200] "GET /index.php HTTP/1.1" 200 15399 "-" "Mozilla/5.0 (Windows NT 6.1; rv:14.0) Gecko/20100101 Firefox/14.0.1"
89.247.26.190 - - [06/Aug/2012:17:25:45 +0200] "GET /images/close.png HTTP/1.1" 200 703 "http://www.mink-gmbh.de/index.php" "Mozilla/5.0 (Windows NT 6.1; rv:14.0) Gecko/20100101 Firefox/14.0.1"
89.247.26.190 - - [06/Aug/2012:17:25:45 +0200] "GET /images/newsletter_bg.jpg HTTP/1.1" 200 33610 "http://www.mink-gmbh.de/index.php" "Mozilla/5.0 (Windows NT 6.1; rv:14.0) Gecko/20100101 Firefox/14.0.1"
89.247.26.190 - - [06/Aug/2012:17:25:45 +0200] "GET /images/newsletter.png HTTP/1.1" 200 14619 "http://www.mink-gmbh.de/style.css" "Mozilla/5.0 (Windows NT 6.1; rv:14.0) Gecko/20100101 Firefox/14.0.1"
89.247.26.190 - - [06/Aug/2012:17:25:45 +0200] "GET /images/wrapperbg.jpg HTTP/1.1" 200 27465 "http://www.mink-gmbh.de/style.css" "Mozilla/5.0 (Windows NT 6.1; rv:14.0) Gecko/20100101 Firefox/14.0.1"
89.247.26.190 - - [06/Aug/2012:17:25:45 +0200] "GET /images/header.jpg HTTP/1.1" 200 24413 "http://www.mink-gmbh.de/style.css" "Mozilla/5.0 (Windows NT 6.1; rv:14.0) Gecko/20100101 Firefox/14.0.1"
89.247.26.190 - - [06/Aug/2012:17:25:45 +0200] "GET /images/navibg.png HTTP/1.1" 200 2803 "http://www.mink-gmbh.de/style.css" "Mozilla/5.0 (Windows NT 6.1; rv:14.0) Gecko/20100101 Firefox/14.0.1"
89.247.26.190 - - [06/Aug/2012:17:25:45 +0200] "GET /images/steigend.png HTTP/1.1" 200 688 "http://www.mink-gmbh.de/modul.css" "Mozilla/5.0 (Windows NT 6.1; rv:14.0) Gecko/20100101 Firefox/14.0.1"
89.247.26.190 - - [06/Aug/2012:17:25:45 +0200] "GET /images/gleichbleibend.png HTTP/1.1" 200 534 "http://www.mink-gmbh.de/modul.css" "Mozilla/5.0 (Windows NT 6.1; rv:14.0) Gecko/20100101 Firefox/14.0.1"
89.247.26.190 - - [06/Aug/2012:17:25:45 +0200] "GET /images/freecall.jpg HTTP/1.1" 200 39195 "http://www.mink-gmbh.de/index.php" "Mozilla/5.0 (Windows NT 6.1; rv:14.0) Gecko/20100101 Firefox/14.0.1"
89.247.26.190 - - [06/Aug/2012:17:25:45 +0200] "GET /images/mail.jpg HTTP/1.1" 200 11165 "http://www.mink-gmbh.de/index.php" "Mozilla/5.0 (Windows NT 6.1; rv:14.0) Gecko/20100101 Firefox/14.0.1"
89.247.26.190 - - [06/Aug/2012:17:25:45 +0200] "GET /images/kwk.gif HTTP/1.1" 200 6403 "http://www.mink-gmbh.de/index.php" "Mozilla/5.0 (Windows NT 6.1; rv:14.0) Gecko/20100101 Firefox/14.0.1"
89.247.26.190 - - [06/Aug/2012:17:25:45 +0200] "GET /images/wunschpreis.jpg HTTP/1.1" 200 16767 "http://www.mink-gmbh.de/index.php" "Mozilla/5.0 (Windows NT 6.1; rv:14.0) Gecko/20100101 Firefox/14.0.1"
89.247.26.190 - - [06/Aug/2012:17:25:45 +0200] "GET /images/logos.jpg HTTP/1.1" 200 15002 "http://www.mink-gmbh.de/index.php" "Mozilla/5.0 (Windows NT 6.1; rv:14.0) Gecko/20100101 Firefox/14.0.1"
89.247.26.190 - - [06/Aug/2012:17:25:45 +0200] "GET /images/tkw.jpg HTTP/1.1" 200 64031 "http://www.mink-gmbh.de/index.php" "Mozilla/5.0 (Windows NT 6.1; rv:14.0) Gecko/20100101 Firefox/14.0.1"
89.247.26.190 - - [06/Aug/2012:17:25:45 +0200] "GET /images/mobil.jpg HTTP/1.1" 200 25293 "http://www.mink-gmbh.de/style.css" "Mozilla/5.0 (Windows NT 6.1; rv:14.0) Gecko/20100101 Firefox/14.0.1"
89.247.26.190 - - [06/Aug/2012:17:25:45 +0200] "GET /images/newsletter.jpg HTTP/1.1" 200 13130 "http://www.mink-gmbh.de/style.css" "Mozilla/5.0 (Windows NT 6.1; rv:14.0) Gecko/20100101 Firefox/14.0.1"
89.247.26.190 - - [06/Aug/2012:17:25:45 +0200] "GET /images/footerbg.jpg HTTP/1.1" 200 2184 "http://www.mink-gmbh.de/style.css" "Mozilla/5.0 (Windows NT 6.1; rv:14.0) Gecko/20100101 Firefox/14.0.1"
89.247.26.190 - - [06/Aug/2012:17:25:45 +0200] "GET /js_contentserver24_greybox/loader_frame.html?s=0 HTTP/1.1" 200 2084 "http://www.mink-gmbh.de/index.php" "Mozilla/5.0 (Windows NT 6.1; rv:14.0) Gecko/20100101 Firefox/14.0.1"
89.247.26.190 - - [06/Aug/2012:17:25:45 +0200] "GET /js_contentserver24_greybox/indicator.gif HTTP/1.1" 200 8238 "http://www.mink-gmbh.de/js_contentserver24_greybox/loader_frame.html?s=0" "Mozilla/5.0 (Windows NT 6.1; rv:14.0) Gecko/20100101 Firefox/14.0.1"
89.247.26.190 - - [06/Aug/2012:17:25:46 +0200] "GET /js_contentserver24_greybox/header_bg.gif HTTP/1.1" 200 1188 "http://www.mink-gmbh.de/index.php" "Mozilla/5.0 (Windows NT 6.1; rv:14.0) Gecko/20100101 Firefox/14.0.1"
89.247.26.190 - - [06/Aug/2012:17:25:46 +0200] "GET /js_contentserver24_greybox/g_close.gif HTTP/1.1" 200 541 "http://www.mink-gmbh.de/index.php" "Mozilla/5.0 (Windows NT 6.1; rv:14.0) Gecko/20100101 Firefox/14.0.1"
66.249.66.187 - - [06/Aug/2012:17:33:33 +0200] "GET / HTTP/1.1" 200 15399 "-" "Mozilla/5.0 (compatible; Googlebot/2.1; +http://www.google.com/bot.html)"
208.115.113.91 - - [06/Aug/2012:17:33:35 +0200] "GET /faq.php HTTP/1.1" 200 185821 "-" "Mozilla/5.0 (compatible; Ezooms/1.0; ezooms.bot@gmail.com)"
208.115.113.91 - - [06/Aug/2012:17:33:41 +0200] "GET /news.php?cs_go=archiv HTTP/1.1" 200 22527 "-" "Mozilla/5.0 (compatible; Ezooms/1.0; ezooms.bot@gmail.com)"
208.115.111.75 - - [06/Aug/2012:17:44:41 +0200] "GET /robots.txt HTTP/1.1" 200 177 "-" "Mozilla/5.0 (compatible; Ezooms/1.0; ezooms.bot@gmail.com)"
66.249.66.187 - - [06/Aug/2012:17:48:00 +0200] "GET /js_contentserver24_greybox/header_bg.gif HTTP/1.1" 200 1188 "http://www.mink-gmbh.de/" "Mozilla/5.0 (compatible; Googlebot/2.1; +http://www.google.com/bot.html)"
66.249.66.187 - - [06/Aug/2012:17:48:01 +0200] "GET /js_contentserver24_greybox/indicator.gif HTTP/1.1" 200 8238 "http://www.mink-gmbh.de/" "Mozilla/5.0 (compatible; Googlebot/2.1; +http://www.google.com/bot.html)"
178.77.126.55 - - [06/Aug/2012:18:02:16 +0200] "GET /robots.txt HTTP/1.1" 200 177 "-" "Mozilla/5.0 (compatible; CareerBot/1.1; +http://www.career-x.de/bot.html)"
178.77.126.55 - - [06/Aug/2012:18:02:16 +0200] "GET / HTTP/1.1" 200 15399 "-" "Mozilla/5.0 (compatible; CareerBot/1.1; +http://www.career-x.de/bot.html)"
178.77.126.55 - - [06/Aug/2012:18:02:23 +0200] "GET /news.php?cs_go=archiv&cs_id=3327 HTTP/1.1" 200 11680 "-" "Mozilla/5.0 (compatible; CareerBot/1.1; +http://www.career-x.de/bot.html)"
66.249.66.187 - - [06/Aug/2012:18:03:25 +0200] "GET /news.php?cs_go=archiv&cs_id=2265&cs_search= HTTP/1.1" 200 10019 "-" "Mozilla/5.0 (compatible; Googlebot/2.1; +http://www.google.com/bot.html)"
66.249.66.187 - - [06/Aug/2012:18:08:55 +0200] "GET /news.php?cs_go=archiv&cs_id=2272&cs_search= HTTP/1.1" 200 10045 "-" "Mozilla/5.0 (compatible; Googlebot/2.1; +http://www.google.com/bot.html)"
66.249.66.187 - - [06/Aug/2012:18:10:04 +0200] "GET /news.php?cs_go=archiv&cs_id=2275&cs_search= HTTP/1.1" 200 9899 "-" "Mozilla/5.0 (compatible; Googlebot/2.1; +http://www.google.com/bot.html)"
66.249.71.108 - - [06/Aug/2012:18:13:22 +0200] "GET /news.php?cs_go=archiv&cs_id=2279&cs_search= HTTP/1.1" 200 10256 "-" "Mozilla/5.0 (compatible; Googlebot/2.1; +http://www.google.com/bot.html)"
66.249.71.108 - - [06/Aug/2012:18:16:42 +0200] "GET /news.php?cs_go=archiv&cs_id=2331&cs_search= HTTP/1.1" 200 14414 "-" "Mozilla/5.0 (compatible; Googlebot/2.1; +http://www.google.com/bot.html)"
66.249.71.108 - - [06/Aug/2012:18:23:21 +0200] "GET /news.php?cs_go=archiv&cs_id=2283&cs_search= HTTP/1.1" 200 10878 "-" "Mozilla/5.0 (compatible; Googlebot/2.1; +http://www.google.com/bot.html)"
66.249.66.187 - - [06/Aug/2012:18:26:39 +0200] "GET /news.php?cs_go=archiv&cs_id=2268&cs_search= HTTP/1.1" 200 10218 "-" "Mozilla/5.0 (compatible; Googlebot/2.1; +http://www.google.com/bot.html)"
66.249.66.187 - - [06/Aug/2012:18:29:59 +0200] "GET /news.php?cs_go=archiv&cs_id=2270&cs_search= HTTP/1.1" 200 10342 "-" "Mozilla/5.0 (compatible; Googlebot/2.1; +http://www.google.com/bot.html)"
66.249.72.169 - - [06/Aug/2012:18:43:16 +0200] "GET /robots.txt HTTP/1.1" 200 177 "-" "Mozilla/5.0 (compatible; Googlebot/2.1; +http://www.google.com/bot.html)"
66.249.72.169 - - [06/Aug/2012:18:43:16 +0200] "GET /news.php?cs_go=archiv&cs_id=2282&cs_search= HTTP/1.1" 200 10801 "-" "Mozilla/5.0 (compatible; Googlebot/2.1; +http://www.google.com/bot.html)"
217.212.224.183 - - [06/Aug/2012:18:55:39 +0200] "GET /robots.txt HTTP/1.0" 200 177 "-" "psbot/0.1 (+http://www.picsearch.com/bot.html)"
217.212.224.186 - - [06/Aug/2012:18:55:39 +0200] "GET /images/tkw.jpg HTTP/1.0" 200 64031 "-" "psbot/0.1 (+http://www.picsearch.com/bot.html)"
93.219.72.163 - - [06/Aug/2012:18:59:31 +0200] "GET /robots.txt HTTP/1.0" 200 177 "-" "Mozilla/5.0 (compatible; MJ12bot/v1.4.3; http://www.majestic12.co.uk/bot.php?+)"
93.219.72.163 - - [06/Aug/2012:18:59:32 +0200] "GET /agb.php HTTP/1.0" 200 19709 "-" "Mozilla/5.0 (compatible; MJ12bot/v1.4.3; http://www.majestic12.co.uk/bot.php?+)"
93.219.72.163 - - [06/Aug/2012:18:59:35 +0200] "GET /news.php?cs_go=archiv&cs_id=2678 HTTP/1.0" 200 10039 "-" "Mozilla/5.0 (compatible; MJ12bot/v1.4.3; http://www.majestic12.co.uk/bot.php?+)"
93.219.72.163 - - [06/Aug/2012:18:59:37 +0200] "GET /news.php?cs_go=archiv&cs_id=2679 HTTP/1.0" 200 10735 "-" "Mozilla/5.0 (compatible; MJ12bot/v1.4.3; http://www.majestic12.co.uk/bot.php?+)"
93.219.72.163 - - [06/Aug/2012:18:59:44 +0200] "GET /news.php?cs_go=archiv&cs_id=2680 HTTP/1.0" 200 13681 "-" "Mozilla/5.0 (compatible; MJ12bot/v1.4.3; http://www.majestic12.co.uk/bot.php?+)"
93.219.72.163 - - [06/Aug/2012:18:59:46 +0200] "GET /news.php?cs_go=archiv&cs_id=2681 HTTP/1.0" 200 10222 "-" "Mozilla/5.0 (compatible; MJ12bot/v1.4.3; http://www.majestic12.co.uk/bot.php?+)"
93.219.72.163 - - [06/Aug/2012:18:59:47 +0200] "GET /news.php?cs_go=archiv&cs_id=2682 HTTP/1.0" 200 10652 "-" "Mozilla/5.0 (compatible; MJ12bot/v1.4.3; http://www.majestic12.co.uk/bot.php?+)"
93.219.72.163 - - [06/Aug/2012:18:59:49 +0200] "GET /news.php?cs_go=archiv&cs_id=2683 HTTP/1.0" 200 13623 "-" "Mozilla/5.0 (compatible; MJ12bot/v1.4.3; http://www.majestic12.co.uk/bot.php?+)"
93.219.72.163 - - [06/Aug/2012:18:59:50 +0200] "GET /news.php?cs_go=archiv&cs_id=2684 HTTP/1.0" 200 10069 "-" "Mozilla/5.0 (compatible; MJ12bot/v1.4.3; http://www.majestic12.co.uk/bot.php?+)"
93.219.72.163 - - [06/Aug/2012:18:59:52 +0200] "GET /news.php?cs_go=archiv&cs_id=2685 HTTP/1.0" 200 9714 "-" "Mozilla/5.0 (compatible; MJ12bot/v1.4.3; http://www.majestic12.co.uk/bot.php?+)"
93.219.72.163 - - [06/Aug/2012:18:59:54 +0200] "GET /news.php?cs_go=archiv&cs_id=2686 HTTP/1.0" 200 10192 "-" "Mozilla/5.0 (compatible; MJ12bot/v1.4.3; http://www.majestic12.co.uk/bot.php?+)"
93.219.72.163 - - [06/Aug/2012:18:59:56 +0200] "GET /news.php?cs_go=archiv&cs_id=2687 HTTP/1.0" 200 10312 "-" "Mozilla/5.0 (compatible; MJ12bot/v1.4.3; http://www.majestic12.co.uk/bot.php?+)"
93.219.72.163 - - [06/Aug/2012:18:59:57 +0200] "GET /news.php?cs_go=archiv&cs_id=2688 HTTP/1.0" 200 13920 "-" "Mozilla/5.0 (compatible; MJ12bot/v1.4.3; http://www.majestic12.co.uk/bot.php?+)"
93.219.72.163 - - [06/Aug/2012:18:59:59 +0200] "GET /news.php?cs_go=archiv&cs_id=2689 HTTP/1.0" 200 10371 "-" "Mozilla/5.0 (compatible; MJ12bot/v1.4.3; http://www.majestic12.co.uk/bot.php?+)"
93.219.72.163 - - [06/Aug/2012:19:00:01 +0200] "GET /news.php?cs_go=archiv&cs_id=2690 HTTP/1.0" 200 10473 "-" "Mozilla/5.0 (compatible; MJ12bot/v1.4.3; http://www.majestic12.co.uk/bot.php?+)"
93.219.72.163 - - [06/Aug/2012:19:00:03 +0200] "GET /news.php?cs_go=archiv&cs_id=2691 HTTP/1.0" 200 13935 "-" "Mozilla/5.0 (compatible; MJ12bot/v1.4.3; http://www.majestic12.co.uk/bot.php?+)"
66.249.72.169 - - [06/Aug/2012:19:03:11 +0200] "GET /news.php?cs_go=archiv&cs_id=2332&cs_search= HTTP/1.1" 200 9421 "-" "Mozilla/5.0 (compatible; Googlebot/2.1; +http://www.google.com/bot.html)"
66.249.72.169 - - [06/Aug/2012:19:23:29 +0200] "GET /news.php?cs_go=archiv&cs_id=2681 HTTP/1.1" 200 10222 "-" "Mozilla/5.0 (compatible; Googlebot/2.1; +http://www.google.com/bot.html)"
217.212.224.186 - - [06/Aug/2012:19:28:21 +0200] "GET /images/freecall.jpg HTTP/1.0" 200 39195 "-" "psbot/0.1 (+http://www.picsearch.com/bot.html)"
66.249.72.169 - - [06/Aug/2012:19:36:18 +0200] "GET /news.php?cs_go=archiv&cs_id=2272&cs_search= HTTP/1.1" 200 10045 "-" "Mozilla/5.0 (compatible; Googlebot/2.1; +http://www.google.com/bot.html)"
217.212.224.186 - - [06/Aug/2012:20:01:22 +0200] "GET /images/mail.jpg HTTP/1.0" 200 11165 "-" "psbot/0.1 (+http://www.picsearch.com/bot.html)"
208.115.111.75 - - [06/Aug/2012:20:17:02 +0200] "GET /news.php?cs_go=archiv&cs_id=3095&cs_search= HTTP/1.1" 200 11267 "-" "Mozilla/5.0 (compatible; Ezooms/1.0; ezooms.bot@gmail.com)"
217.212.224.186 - - [06/Aug/2012:20:34:00 +0200] "GET /images/kwk.gif HTTP/1.0" 200 6403 "-" "psbot/0.1 (+http://www.picsearch.com/bot.html)"
217.212.224.186 - - [06/Aug/2012:21:06:57 +0200] "GET /images/wunschpreis.jpg HTTP/1.0" 200 16767 "-" "psbot/0.1 (+http://www.picsearch.com/bot.html)"
23.20.174.111 - - [06/Aug/2012:21:14:49 +0200] "GET / HTTP/1.0" 200 15399 "-" "Mozilla/5.0 (compatible; NetcraftSurveyAgent/1.0; +info@netcraft.com)"
66.249.72.169 - - [06/Aug/2012:21:22:32 +0200] "GET /news.php?cs_go=archiv&cs_id=1817&cs_search= HTTP/1.1" 200 10342 "-" "Mozilla/5.0 (compatible; Googlebot/2.1; +http://www.google.com/bot.html)"
65.36.241.79 - - [06/Aug/2012:21:22:58 +0200] "HEAD / HTTP/1.1" 200 - "-" "InternetSeer.com"
69.64.51.97 - - [06/Aug/2012:21:39:25 +0200] "GET /faq.php HTTP/1.1" 200 185821 "-" "Mozilla/4.0 (compatible; MSIE 6.0; Windows 98; Win 9x4.90)"
217.212.224.186 - - [06/Aug/2012:21:39:36 +0200] "GET /images/logos.jpg HTTP/1.0" 200 15002 "-" "psbot/0.1 (+http://www.picsearch.com/bot.html)"
66.249.72.169 - - [06/Aug/2012:22:55:30 +0200] "GET /news.php?cs_go=archiv&cs_startpos=1 HTTP/1.1" 200 22767 "-" "Mozilla/5.0 (compatible; Googlebot/2.1; +http://www.google.com/bot.html)"
208.115.111.75 - - [06/Aug/2012:23:33:45 +0200] "GET /robots.txt HTTP/1.1" 200 177 "-" "Mozilla/5.0 (compatible; Ezooms/1.0; ezooms.bot@gmail.com)"
66.249.72.169 - - [06/Aug/2012:23:41:49 +0200] "GET /img/lay08.gif HTTP/1.1" 404 - "-" "Googlebot-Image/1.0"
66.249.67.84 - - [07/Aug/2012:00:11:06 +0200] "GET /robots.txt HTTP/1.1" 200 177 "-" "Mozilla/5.0 (compatible; Googlebot/2.1; +http://www.google.com/bot.html)"
66.249.67.84 - - [07/Aug/2012:00:11:07 +0200] "GET /news.php?cs_go=archiv&cs_startpos=1171 HTTP/1.1" 200 23098 "-" "Mozilla/5.0 (compatible; Googlebot/2.1; +http://www.google.com/bot.html)"
123.125.71.45 - - [07/Aug/2012:00:25:57 +0200] "GET / HTTP/1.1" 200 8793 "-" "Mozilla/5.0 (compatible; Baiduspider/2.0; +http://www.baidu.com/search/spider.html)"
220.181.108.120 - - [07/Aug/2012:00:26:20 +0200] "GET / HTTP/1.1" 200 6552 "-" "Mozilla/5.0 (compatible; Baiduspider/2.0; +http://www.baidu.com/search/spider.html)"
208.115.113.91 - - [07/Aug/2012:01:22:33 +0200] "GET /robots.txt HTTP/1.1" 200 177 "-" "Mozilla/5.0 (compatible; Ezooms/1.0; ezooms.bot@gmail.com)"
66.249.72.169 - - [07/Aug/2012:01:34:34 +0200] "GET /news.php?cs_go=archiv&cs_id=2333&cs_search= HTTP/1.1" 200 14250 "-" "Mozilla/5.0 (compatible; Googlebot/2.1; +http://www.google.com/bot.html)"
66.249.72.169 - - [07/Aug/2012:01:37:41 +0200] "GET /news.php?cs_go=archiv&cs_id=2335&cs_search= HTTP/1.1" 200 14175 "-" "Mozilla/5.0 (compatible; Googlebot/2.1; +http://www.google.com/bot.html)"
66.249.72.169 - - [07/Aug/2012:01:40:46 +0200] "GET /news.php?cs_go=archiv&cs_id=2334&cs_search= HTTP/1.1" 200 9694 "-" "Mozilla/5.0 (compatible; Googlebot/2.1; +http://www.google.com/bot.html)"
208.115.111.75 - - [07/Aug/2012:01:43:16 +0200] "GET /news.php?cs_go=archiv&cs_id=1920&cs_search= HTTP/1.1" 200 9598 "-" "Mozilla/5.0 (compatible; Ezooms/1.0; ezooms.bot@gmail.com)"
208.115.111.75 - - [07/Aug/2012:01:43:31 +0200] "GET /news.php?cs_go=archiv&cs_id=2000&cs_search= HTTP/1.1" 200 14211 "-" "Mozilla/5.0 (compatible; Ezooms/1.0; ezooms.bot@gmail.com)"
208.115.111.75 - - [07/Aug/2012:01:43:49 +0200] "GET /news.php?cs_go=archiv&cs_startpos=1090 HTTP/1.1" 200 23244 "-" "Mozilla/5.0 (compatible; Ezooms/1.0; ezooms.bot@gmail.com)"
65.52.104.87 - - [07/Aug/2012:01:43:52 +0200] "GET /robots.txt HTTP/1.1" 200 177 "-" "Mozilla/5.0 (compatible; bingbot/2.0; +http://www.bing.com/bingbot.htm)"
66.249.72.169 - - [07/Aug/2012:01:43:52 +0200] "GET /news.php?cs_go=archiv&cs_id=2400&cs_search= HTTP/1.1" 200 9386 "-" "Mozilla/5.0 (compatible; Googlebot/2.1; +http://www.google.com/bot.html)"
65.52.104.87 - - [07/Aug/2012:01:44:41 +0200] "GET / HTTP/1.1" 200 15399 "-" "Mozilla/5.0 (compatible; bingbot/2.0; +http://www.bing.com/bingbot.htm)"
66.249.72.169 - - [07/Aug/2012:01:46:57 +0200] "GET /news.php?cs_go=archiv&cs_id=2420&cs_search= HTTP/1.1" 200 14214 "-" "Mozilla/5.0 (compatible; Googlebot/2.1; +http://www.google.com/bot.html)"
66.249.72.169 - - [07/Aug/2012:01:50:03 +0200] "GET /news.php?cs_go=archiv&cs_id=2403&cs_search= HTTP/1.1" 200 9435 "-" "Mozilla/5.0 (compatible; Googlebot/2.1; +http://www.google.com/bot.html)"
66.249.72.169 - - [07/Aug/2012:01:59:20 +0200] "GET /news.php?cs_go=archiv&cs_id=2401&cs_search= HTTP/1.1" 200 14972 "-" "Mozilla/5.0 (compatible; Googlebot/2.1; +http://www.google.com/bot.html)"
66.249.72.169 - - [07/Aug/2012:02:02:25 +0200] "GET /news.php?cs_go=archiv&cs_id=2414&cs_search= HTTP/1.1" 200 9652 "-" "Mozilla/5.0 (compatible; Googlebot/2.1; +http://www.google.com/bot.html)"
130.83.167.153 - - [07/Aug/2012:02:05:17 +0200] "GET /robots.txt HTTP/1.1" 200 177 "-" "findlinks/2.6 (+http://wortschatz.uni-leipzig.de/findlinks/)"
66.249.72.169 - - [07/Aug/2012:02:05:31 +0200] "GET /news.php?cs_go=archiv&cs_id=2417&cs_search= HTTP/1.1" 200 9218 "-" "Mozilla/5.0 (compatible; Googlebot/2.1; +http://www.google.com/bot.html)"
66.249.72.169 - - [07/Aug/2012:02:11:42 +0200] "GET /news.php?cs_go=archiv&cs_id=2404&cs_search= HTTP/1.1" 200 14782 "-" "Mozilla/5.0 (compatible; Googlebot/2.1; +http://www.google.com/bot.html)"
66.249.72.169 - - [07/Aug/2012:02:12:24 +0200] "GET /rueckrufservice.php HTTP/1.1" 200 10770 "-" "Mozilla/5.0 (iPhone; U; CPU iPhone OS 4_1 like Mac OS X; en-us) AppleWebKit/532.9 (KHTML, like Gecko) Version/4.0.5 Mobile/8B117 Safari/6531.22.7 (compatible; Googlebot-Mobile/2.1; +http://www.google.com/bot.html)"
208.115.113.91 - - [07/Aug/2012:03:07:07 +0200] "GET /news.php?cs_go=archiv&cs_id=2979&cs_search= HTTP/1.1" 200 12865 "-" "Mozilla/5.0 (compatible; Ezooms/1.0; ezooms.bot@gmail.com)"
208.115.113.91 - - [07/Aug/2012:03:07:10 +0200] "GET /news.php?cs_go=archiv&cs_startpos=1340 HTTP/1.1" 200 23251 "-" "Mozilla/5.0 (compatible; Ezooms/1.0; ezooms.bot@gmail.com)"
208.115.111.75 - - [07/Aug/2012:03:21:20 +0200] "GET /robots.txt HTTP/1.1" 200 177 "-" "Mozilla/5.0 (compatible; Ezooms/1.0; ezooms.bot@gmail.com)"
65.36.241.79 - - [07/Aug/2012:03:30:22 +0200] "HEAD / HTTP/1.1" 200 - "-" "InternetSeer.com"
123.125.71.23 - - [07/Aug/2012:03:30:34 +0200] "GET / HTTP/1.1" 200 7771 "-" "Mozilla/5.0 (compatible; Baiduspider/2.0; +http://www.baidu.com/search/spider.html)"
220.181.108.103 - - [07/Aug/2012:03:30:59 +0200] "GET / HTTP/1.1" 200 8793 "-" "Mozilla/5.0 (compatible; Baiduspider/2.0; +http://www.baidu.com/search/spider.html)"
65.52.104.87 - - [07/Aug/2012:03:35:09 +0200] "GET /robots.txt HTTP/1.1" 200 177 "-" "Mozilla/5.0 (compatible; bingbot/2.0; +http://www.bing.com/bingbot.htm)"
65.52.104.87 - - [07/Aug/2012:03:36:04 +0200] "GET / HTTP/1.1" 200 15399 "-" "Mozilla/5.0 (compatible; bingbot/2.0; +http://www.bing.com/bingbot.htm)"
66.249.72.169 - - [07/Aug/2012:04:19:20 +0200] "GET / HTTP/1.1" 200 15399 "-" "Mozilla/5.0 (compatible; Googlebot/2.1; +http://www.google.com/bot.html)"
66.249.72.169 - - [07/Aug/2012:04:22:12 +0200] "GET /news.php HTTP/1.1" 200 22527 "-" "Mozilla/5.0 (compatible; Googlebot/2.1; +http://www.google.com/bot.html)"
66.249.72.169 - - [07/Aug/2012:04:42:15 +0200] "GET /news.php?cs_go=archiv&cs_id=2421&cs_search= HTTP/1.1" 200 15079 "-" "Mozilla/5.0 (compatible; Googlebot/2.1; +http://www.google.com/bot.html)"
66.249.72.169 - - [07/Aug/2012:04:59:27 +0200] "GET /news.php?cs_go=archiv&cs_id=2426&cs_search= HTTP/1.1" 200 9296 "-" "Mozilla/5.0 (compatible; Googlebot/2.1; +http://www.google.com/bot.html)"
66.249.72.169 - - [07/Aug/2012:05:02:18 +0200] "GET /news.php?cs_go=archiv&cs_id=2424&cs_search= HTTP/1.1" 200 14352 "-" "Mozilla/5.0 (compatible; Googlebot/2.1; +http://www.google.com/bot.html)"
66.249.72.169 - - [07/Aug/2012:05:10:53 +0200] "GET /news.php?cs_go=archiv&cs_id=2422&cs_search= HTTP/1.1" 200 9727 "-" "Mozilla/5.0 (compatible; Googlebot/2.1; +http://www.google.com/bot.html)"
66.249.72.169 - - [07/Aug/2012:05:16:40 +0200] "GET /news.php?cs_go=archiv&cs_id=2425&cs_search= HTTP/1.1" 200 11627 "-" "Mozilla/5.0 (compatible; Googlebot/2.1; +http://www.google.com/bot.html)"
66.249.72.169 - - [07/Aug/2012:05:22:21 +0200] "GET /news.php?cs_go=archiv&cs_id=2430&cs_search= HTTP/1.1" 200 9730 "-" "Mozilla/5.0 (compatible; Googlebot/2.1; +http://www.google.com/bot.html)"
66.249.72.169 - - [07/Aug/2012:05:28:04 +0200] "GET /news.php?cs_go=archiv&cs_id=2849 HTTP/1.1" 200 13761 "-" "Mozilla/5.0 (compatible; Googlebot/2.1; +http://www.google.com/bot.html)"
66.249.72.169 - - [07/Aug/2012:05:31:20 +0200] "GET /news.php?cs_go=archiv&cs_id=2175&cs_search= HTTP/1.1" 200 9880 "-" "Mozilla/5.0 (compatible; Googlebot/2.1; +http://www.google.com/bot.html)"
66.249.72.169 - - [07/Aug/2012:05:39:31 +0200] "GET /news.php?cs_go=archiv&cs_id=2432&cs_search= HTTP/1.1" 200 14542 "-" "Mozilla/5.0 (compatible; Googlebot/2.1; +http://www.google.com/bot.html)"
66.249.72.169 - - [07/Aug/2012:05:59:33 +0200] "GET /news.php?cs_go=archiv&cs_id=2438&cs_search= HTTP/1.1" 200 9481 "-" "Mozilla/5.0 (compatible; Googlebot/2.1; +http://www.google.com/bot.html)"
208.115.111.75 - - [07/Aug/2012:06:01:20 +0200] "GET /news.php?cs_go=archiv&cs_id=1919&cs_search= HTTP/1.1" 200 13873 "-" "Mozilla/5.0 (compatible; Ezooms/1.0; ezooms.bot@gmail.com)"
208.115.111.75 - - [07/Aug/2012:06:01:53 +0200] "GET /news.php?cs_go=archiv&cs_id=2046&cs_search= HTTP/1.1" 200 10173 "-" "Mozilla/5.0 (compatible; Ezooms/1.0; ezooms.bot@gmail.com)"
208.115.111.75 - - [07/Aug/2012:06:02:27 +0200] "GET /news.php?cs_go=archiv&cs_id=2050&cs_search= HTTP/1.1" 200 15224 "-" "Mozilla/5.0 (compatible; Ezooms/1.0; ezooms.bot@gmail.com)"
123.125.71.18 - - [07/Aug/2012:06:27:04 +0200] "GET / HTTP/1.1" 200 8793 "-" "Mozilla/5.0 (compatible; Baiduspider/2.0; +http://www.baidu.com/search/spider.html)"
220.181.108.78 - - [07/Aug/2012:06:27:28 +0200] "GET / HTTP/1.1" 200 13423 "-" "Mozilla/5.0 (compatible; Baiduspider/2.0; +http://www.baidu.com/search/spider.html)"
66.249.72.169 - - [07/Aug/2012:06:54:00 +0200] "GET /news.php?cs_go=archiv&cs_id=2437&cs_search= HTTP/1.1" 200 14418 "-" "Mozilla/5.0 (compatible; Googlebot/2.1; +http://www.google.com/bot.html)"
89.247.64.178 - - [07/Aug/2012:07:33:14 +0200] "GET /style.css HTTP/1.1" 200 8418 "http://www.mink-gmbh.de/index.php" "Mozilla/5.0 (Windows NT 6.1; rv:14.0) Gecko/20100101 Firefox/14.0.1"
89.247.64.178 - - [07/Aug/2012:07:33:14 +0200] "GET /modul.css HTTP/1.1" 200 35038 "http://www.mink-gmbh.de/index.php" "Mozilla/5.0 (Windows NT 6.1; rv:14.0) Gecko/20100101 Firefox/14.0.1"
89.247.64.178 - - [07/Aug/2012:07:33:15 +0200] "GET /favicon.ico HTTP/1.1" 200 3638 "-" "Mozilla/5.0 (Windows NT 6.1; rv:14.0) Gecko/20100101 Firefox/14.0.1"
89.247.64.178 - - [07/Aug/2012:07:33:14 +0200] "GET /index.php HTTP/1.1" 200 15363 "-" "Mozilla/5.0 (Windows NT 6.1; rv:14.0) Gecko/20100101 Firefox/14.0.1"
89.247.64.178 - - [07/Aug/2012:07:33:15 +0200] "GET /js_contentserver24_greybox/gb_styles.css HTTP/1.1" 200 2302 "http://www.mink-gmbh.de/index.php" "Mozilla/5.0 (Windows NT 6.1; rv:14.0) Gecko/20100101 Firefox/14.0.1"
89.247.64.178 - - [07/Aug/2012:07:33:15 +0200] "GET /js_contentserver24_greybox/AJS_fx.js HTTP/1.1" 200 3192 "http://www.mink-gmbh.de/index.php" "Mozilla/5.0 (Windows NT 6.1; rv:14.0) Gecko/20100101 Firefox/14.0.1"
89.247.64.178 - - [07/Aug/2012:07:33:15 +0200] "GET /js_contentserver24_greybox/AJS.js HTTP/1.1" 200 10396 "http://www.mink-gmbh.de/index.php" "Mozilla/5.0 (Windows NT 6.1; rv:14.0) Gecko/20100101 Firefox/14.0.1"
89.247.64.178 - - [07/Aug/2012:07:33:15 +0200] "GET /js_contentserver24_greybox/gb_scripts.js HTTP/1.1" 200 11913 "http://www.mink-gmbh.de/index.php" "Mozilla/5.0 (Windows NT 6.1; rv:14.0) Gecko/20100101 Firefox/14.0.1"
89.247.64.178 - - [07/Aug/2012:07:33:15 +0200] "GET /images/freecall.jpg HTTP/1.1" 200 39195 "http://www.mink-gmbh.de/index.php" "Mozilla/5.0 (Windows NT 6.1; rv:14.0) Gecko/20100101 Firefox/14.0.1"
89.247.64.178 - - [07/Aug/2012:07:33:15 +0200] "GET /images/mail.jpg HTTP/1.1" 200 11165 "http://www.mink-gmbh.de/index.php" "Mozilla/5.0 (Windows NT 6.1; rv:14.0) Gecko/20100101 Firefox/14.0.1"
89.247.64.178 - - [07/Aug/2012:07:33:15 +0200] "GET /images/kwk.gif HTTP/1.1" 200 6403 "http://www.mink-gmbh.de/index.php" "Mozilla/5.0 (Windows NT 6.1; rv:14.0) Gecko/20100101 Firefox/14.0.1"
89.247.64.178 - - [07/Aug/2012:07:33:16 +0200] "GET /images/wunschpreis.jpg HTTP/1.1" 200 16767 "http://www.mink-gmbh.de/index.php" "Mozilla/5.0 (Windows NT 6.1; rv:14.0) Gecko/20100101 Firefox/14.0.1"
89.247.64.178 - - [07/Aug/2012:07:33:16 +0200] "GET /images/logos.jpg HTTP/1.1" 200 15002 "http://www.mink-gmbh.de/index.php" "Mozilla/5.0 (Windows NT 6.1; rv:14.0) Gecko/20100101 Firefox/14.0.1"
89.247.64.178 - - [07/Aug/2012:07:33:15 +0200] "GET /images/tkw.jpg HTTP/1.1" 200 64031 "http://www.mink-gmbh.de/index.php" "Mozilla/5.0 (Windows NT 6.1; rv:14.0) Gecko/20100101 Firefox/14.0.1"
89.247.64.178 - - [07/Aug/2012:07:33:16 +0200] "GET /images/bg.jpg HTTP/1.1" 200 345 "http://www.mink-gmbh.de/style.css" "Mozilla/5.0 (Windows NT 6.1; rv:14.0) Gecko/20100101 Firefox/14.0.1"
89.247.64.178 - - [07/Aug/2012:07:33:16 +0200] "GET /js_contentserver24_greybox/w_close.gif HTTP/1.1" 200 74 "http://www.mink-gmbh.de/index.php" "Mozilla/5.0 (Windows NT 6.1; rv:14.0) Gecko/20100101 Firefox/14.0.1"
89.247.64.178 - - [07/Aug/2012:07:33:17 +0200] "GET /images/close.png HTTP/1.1" 200 703 "http://www.mink-gmbh.de/index.php" "Mozilla/5.0 (Windows NT 6.1; rv:14.0) Gecko/20100101 Firefox/14.0.1"
89.247.64.178 - - [07/Aug/2012:07:33:17 +0200] "GET /images/newsletter.png HTTP/1.1" 200 14619 "http://www.mink-gmbh.de/style.css" "Mozilla/5.0 (Windows NT 6.1; rv:14.0) Gecko/20100101 Firefox/14.0.1"
89.247.64.178 - - [07/Aug/2012:07:33:17 +0200] "GET /images/newsletter_bg.jpg HTTP/1.1" 200 33610 "http://www.mink-gmbh.de/index.php" "Mozilla/5.0 (Windows NT 6.1; rv:14.0) Gecko/20100101 Firefox/14.0.1"
89.247.64.178 - - [07/Aug/2012:07:33:17 +0200] "GET /images/wrapperbg.jpg HTTP/1.1" 200 27465 "http://www.mink-gmbh.de/style.css" "Mozilla/5.0 (Windows NT 6.1; rv:14.0) Gecko/20100101 Firefox/14.0.1"
89.247.64.178 - - [07/Aug/2012:07:33:17 +0200] "GET /images/navibg.png HTTP/1.1" 200 2803 "http://www.mink-gmbh.de/style.css" "Mozilla/5.0 (Windows NT 6.1; rv:14.0) Gecko/20100101 Firefox/14.0.1"
89.247.64.178 - - [07/Aug/2012:07:33:17 +0200] "GET /images/header.jpg HTTP/1.1" 200 24413 "http://www.mink-gmbh.de/style.css" "Mozilla/5.0 (Windows NT 6.1; rv:14.0) Gecko/20100101 Firefox/14.0.1"
89.247.64.178 - - [07/Aug/2012:07:33:17 +0200] "GET /images/steigend.png HTTP/1.1" 200 688 "http://www.mink-gmbh.de/modul.css" "Mozilla/5.0 (Windows NT 6.1; rv:14.0) Gecko/20100101 Firefox/14.0.1"
89.247.64.178 - - [07/Aug/2012:07:33:17 +0200] "GET /images/gleichbleibend.png HTTP/1.1" 200 534 "http://www.mink-gmbh.de/modul.css" "Mozilla/5.0 (Windows NT 6.1; rv:14.0) Gecko/20100101 Firefox/14.0.1"
89.247.64.178 - - [07/Aug/2012:07:33:17 +0200] "GET /images/footerbg.jpg HTTP/1.1" 200 2184 "http://www.mink-gmbh.de/style.css" "Mozilla/5.0 (Windows NT 6.1; rv:14.0) Gecko/20100101 Firefox/14.0.1"
89.247.64.178 - - [07/Aug/2012:07:33:17 +0200] "GET /images/mobil.jpg HTTP/1.1" 200 25293 "http://www.mink-gmbh.de/style.css" "Mozilla/5.0 (Windows NT 6.1; rv:14.0) Gecko/20100101 Firefox/14.0.1"
89.247.64.178 - - [07/Aug/2012:07:33:17 +0200] "GET /images/newsletter.jpg HTTP/1.1" 200 13130 "http://www.mink-gmbh.de/style.css" "Mozilla/5.0 (Windows NT 6.1; rv:14.0) Gecko/20100101 Firefox/14.0.1"
89.247.64.178 - - [07/Aug/2012:07:33:17 +0200] "GET /js_contentserver24_greybox/header_bg.gif HTTP/1.1" 200 1188 "http://www.mink-gmbh.de/index.php" "Mozilla/5.0 (Windows NT 6.1; rv:14.0) Gecko/20100101 Firefox/14.0.1"
89.247.64.178 - - [07/Aug/2012:07:33:17 +0200] "GET /js_contentserver24_greybox/g_close.gif HTTP/1.1" 200 541 "http://www.mink-gmbh.de/index.php" "Mozilla/5.0 (Windows NT 6.1; rv:14.0) Gecko/20100101 Firefox/14.0.1"
89.247.64.178 - - [07/Aug/2012:07:33:17 +0200] "GET /js_contentserver24_greybox/indicator.gif HTTP/1.1" 200 8238 "http://www.mink-gmbh.de/index.php" "Mozilla/5.0 (Windows NT 6.1; rv:14.0) Gecko/20100101 Firefox/14.0.1"
89.247.64.178 - - [07/Aug/2012:07:33:17 +0200] "GET /js_contentserver24_greybox/loader_frame.html?s=0 HTTP/1.1" 200 2084 "http://www.mink-gmbh.de/index.php" "Mozilla/5.0 (Windows NT 6.1; rv:14.0) Gecko/20100101 Firefox/14.0.1"
208.115.113.91 - - [07/Aug/2012:08:16:07 +0200] "GET /robots.txt HTTP/1.1" 200 177 "-" "Mozilla/5.0 (compatible; Ezooms/1.0; ezooms.bot@gmail.com)"
66.249.72.169 - - [07/Aug/2012:08:39:34 +0200] "GET / HTTP/1.1" 200 15363 "-" "DoCoMo/2.0 N905i(c100;TB;W24H16) (compatible; Googlebot-Mobile/2.1; +http://www.google.com/bot.html)"
74.111.33.106 - - [07/Aug/2012:08:52:27 +0200] "GET /robots.txt HTTP/1.0" 200 177 "-" "Mozilla/5.0 (compatible; MJ12bot/v1.4.3; http://www.majestic12.co.uk/bot.php?+)"
74.111.33.106 - - [07/Aug/2012:08:52:35 +0200] "GET /jobs.php HTTP/1.1" 200 11204 "-" "Mozilla/5.0 (compatible; MJ12bot/v1.4.3; http://www.majestic12.co.uk/bot.php?+)"
74.111.33.106 - - [07/Aug/2012:08:52:37 +0200] "GET /news.php?cs_go=archiv&cs_id=3301 HTTP/1.1" 200 12777 "-" "Mozilla/5.0 (compatible; MJ12bot/v1.4.3; http://www.majestic12.co.uk/bot.php?+)"
74.111.33.106 - - [07/Aug/2012:08:52:40 +0200] "GET /news.php?cs_go=archiv&cs_id=3303 HTTP/1.1" 200 10425 "-" "Mozilla/5.0 (compatible; MJ12bot/v1.4.3; http://www.majestic12.co.uk/bot.php?+)"
74.111.33.106 - - [07/Aug/2012:08:52:41 +0200] "GET /news.php?cs_go=archiv&cs_id=3304 HTTP/1.1" 200 13535 "-" "Mozilla/5.0 (compatible; MJ12bot/v1.4.3; http://www.majestic12.co.uk/bot.php?+)"
74.111.33.106 - - [07/Aug/2012:08:52:44 +0200] "GET /news.php?cs_go=archiv&cs_id=3305 HTTP/1.1" 200 9914 "-" "Mozilla/5.0 (compatible; MJ12bot/v1.4.3; http://www.majestic12.co.uk/bot.php?+)"
74.111.33.106 - - [07/Aug/2012:08:52:46 +0200] "GET /news.php?cs_go=archiv&cs_id=3313 HTTP/1.1" 200 13692 "-" "Mozilla/5.0 (compatible; MJ12bot/v1.4.3; http://www.majestic12.co.uk/bot.php?+)"
74.111.33.106 - - [07/Aug/2012:08:52:48 +0200] "GET /news.php?cs_go=archiv&cs_id=3315 HTTP/1.1" 200 13528 "-" "Mozilla/5.0 (compatible; MJ12bot/v1.4.3; http://www.majestic12.co.uk/bot.php?+)"
74.111.33.106 - - [07/Aug/2012:08:52:50 +0200] "GET /news.php?cs_go=archiv&cs_id=3318 HTTP/1.1" 200 9850 "-" "Mozilla/5.0 (compatible; MJ12bot/v1.4.3; http://www.majestic12.co.uk/bot.php?+)"
74.111.33.106 - - [07/Aug/2012:08:52:53 +0200] "GET /news.php?cs_go=archiv&cs_id=3319 HTTP/1.1" 200 12265 "-" "Mozilla/5.0 (compatible; MJ12bot/v1.4.3; http://www.majestic12.co.uk/bot.php?+)"
65.36.241.79 - - [07/Aug/2012:09:09:56 +0200] "HEAD / HTTP/1.1" 200 - "-" "InternetSeer.com"
208.115.113.91 - - [07/Aug/2012:10:03:55 +0200] "GET /news.php?cs_go=archiv&cs_id=2979&cs_search= HTTP/1.1" 200 12865 "-" "Mozilla/5.0 (compatible; Ezooms/1.0; ezooms.bot@gmail.com)"
208.115.113.91 - - [07/Aug/2012:10:04:01 +0200] "GET /news.php?cs_go=archiv&cs_startpos=1340 HTTP/1.1" 200 23176 "-" "Mozilla/5.0 (compatible; Ezooms/1.0; ezooms.bot@gmail.com)"
66.249.72.169 - - [07/Aug/2012:10:07:43 +0200] "GET /news.php?cs_go=archiv&cs_id=2473&cs_search= HTTP/1.1" 200 11273 "-" "Mozilla/5.0 (compatible; Googlebot/2.1; +http://www.google.com/bot.html)"
208.115.111.75 - - [07/Aug/2012:10:37:03 +0200] "GET /robots.txt HTTP/1.1" 200 177 "-" "Mozilla/5.0 (compatible; Ezooms/1.0; ezooms.bot@gmail.com)"
123.125.71.20 - - [07/Aug/2012:11:31:02 +0200] "GET / HTTP/1.1" 200 10300 "-" "Mozilla/5.0 (compatible; Baiduspider/2.0; +http://www.baidu.com/search/spider.html)"
220.181.108.80 - - [07/Aug/2012:11:31:26 +0200] "GET / HTTP/1.1" 200 6426 "-" "Mozilla/5.0 (compatible; Baiduspider/2.0; +http://www.baidu.com/search/spider.html)"
66.249.72.169 - - [07/Aug/2012:11:42:29 +0200] "GET /news.php?cs_go=archiv HTTP/1.1" 200 22470 "-" "Mozilla/5.0 (compatible; Googlebot/2.1; +http://www.google.com/bot.html)"
208.115.113.91 - - [07/Aug/2012:11:47:04 +0200] "GET /robots.txt HTTP/1.1" 200 177 "-" "Mozilla/5.0 (compatible; Ezooms/1.0; ezooms.bot@gmail.com)"
66.249.72.169 - - [07/Aug/2012:11:49:33 +0200] "GET /news.php?cs_go=archiv&cs_startpos=30 HTTP/1.1" 200 22713 "-" "Mozilla/5.0 (compatible; Googlebot/2.1; +http://www.google.com/bot.html)"
66.249.72.169 - - [07/Aug/2012:12:13:43 +0200] "GET /news.php?cs_go=archiv&cs_id=3331&cs_search= HTTP/1.1" 200 9812 "-" "Mozilla/5.0 (compatible; Googlebot/2.1; +http://www.google.com/bot.html)"
66.249.72.169 - - [07/Aug/2012:12:16:04 +0200] "GET /news.php?cs_go=archiv&cs_id=3332&cs_search= HTTP/1.1" 200 11248 "-" "Mozilla/5.0 (compatible; Googlebot/2.1; +http://www.google.com/bot.html)"
89.247.83.23 - - [07/Aug/2012:12:30:19 +0200] "GET /style.css HTTP/1.1" 200 8418 "http://www.mink-gmbh.de/index.php" "Mozilla/5.0 (Windows NT 6.1; rv:14.0) Gecko/20100101 Firefox/14.0.1"
89.247.83.23 - - [07/Aug/2012:12:30:19 +0200] "GET /modul.css HTTP/1.1" 200 35038 "http://www.mink-gmbh.de/index.php" "Mozilla/5.0 (Windows NT 6.1; rv:14.0) Gecko/20100101 Firefox/14.0.1"
89.247.83.23 - - [07/Aug/2012:12:30:19 +0200] "GET /favicon.ico HTTP/1.1" 200 3638 "-" "Mozilla/5.0 (Windows NT 6.1; rv:14.0) Gecko/20100101 Firefox/14.0.1"
89.247.83.23 - - [07/Aug/2012:12:30:19 +0200] "GET /js_contentserver24_greybox/gb_styles.css HTTP/1.1" 200 2302 "http://www.mink-gmbh.de/index.php" "Mozilla/5.0 (Windows NT 6.1; rv:14.0) Gecko/20100101 Firefox/14.0.1"
89.247.83.23 - - [07/Aug/2012:12:30:19 +0200] "GET /js_contentserver24_greybox/AJS.js HTTP/1.1" 200 10396 "http://www.mink-gmbh.de/index.php" "Mozilla/5.0 (Windows NT 6.1; rv:14.0) Gecko/20100101 Firefox/14.0.1"
89.247.83.23 - - [07/Aug/2012:12:30:19 +0200] "GET /js_contentserver24_greybox/AJS_fx.js HTTP/1.1" 200 3192 "http://www.mink-gmbh.de/index.php" "Mozilla/5.0 (Windows NT 6.1; rv:14.0) Gecko/20100101 Firefox/14.0.1"
89.247.83.23 - - [07/Aug/2012:12:30:19 +0200] "GET /js_contentserver24_greybox/gb_scripts.js HTTP/1.1" 200 11913 "http://www.mink-gmbh.de/index.php" "Mozilla/5.0 (Windows NT 6.1; rv:14.0) Gecko/20100101 Firefox/14.0.1"
89.247.83.23 - - [07/Aug/2012:12:30:19 +0200] "GET /images/bg.jpg HTTP/1.1" 200 345 "http://www.mink-gmbh.de/style.css" "Mozilla/5.0 (Windows NT 6.1; rv:14.0) Gecko/20100101 Firefox/14.0.1"
89.247.83.23 - - [07/Aug/2012:12:30:19 +0200] "GET /js_contentserver24_greybox/w_close.gif HTTP/1.1" 200 74 "http://www.mink-gmbh.de/index.php" "Mozilla/5.0 (Windows NT 6.1; rv:14.0) Gecko/20100101 Firefox/14.0.1"
89.247.83.23 - - [07/Aug/2012:12:30:19 +0200] "GET /images/close.png HTTP/1.1" 200 703 "http://www.mink-gmbh.de/index.php" "Mozilla/5.0 (Windows NT 6.1; rv:14.0) Gecko/20100101 Firefox/14.0.1"
89.247.83.23 - - [07/Aug/2012:12:30:19 +0200] "GET /images/newsletter_bg.jpg HTTP/1.1" 200 33610 "http://www.mink-gmbh.de/index.php" "Mozilla/5.0 (Windows NT 6.1; rv:14.0) Gecko/20100101 Firefox/14.0.1"
89.247.83.23 - - [07/Aug/2012:12:30:19 +0200] "GET /images/newsletter.png HTTP/1.1" 200 14619 "http://www.mink-gmbh.de/style.css" "Mozilla/5.0 (Windows NT 6.1; rv:14.0) Gecko/20100101 Firefox/14.0.1"
89.247.83.23 - - [07/Aug/2012:12:30:19 +0200] "GET /images/wrapperbg.jpg HTTP/1.1" 200 27465 "http://www.mink-gmbh.de/style.css" "Mozilla/5.0 (Windows NT 6.1; rv:14.0) Gecko/20100101 Firefox/14.0.1"
89.247.83.23 - - [07/Aug/2012:12:30:19 +0200] "GET /images/header.jpg HTTP/1.1" 200 24413 "http://www.mink-gmbh.de/style.css" "Mozilla/5.0 (Windows NT 6.1; rv:14.0) Gecko/20100101 Firefox/14.0.1"
89.247.83.23 - - [07/Aug/2012:12:30:19 +0200] "GET /images/tkw.jpg HTTP/1.1" 200 64031 "http://www.mink-gmbh.de/index.php" "Mozilla/5.0 (Windows NT 6.1; rv:14.0) Gecko/20100101 Firefox/14.0.1"
89.247.83.23 - - [07/Aug/2012:12:30:19 +0200] "GET /images/navibg.png HTTP/1.1" 200 2803 "http://www.mink-gmbh.de/style.css" "Mozilla/5.0 (Windows NT 6.1; rv:14.0) Gecko/20100101 Firefox/14.0.1"
89.247.83.23 - - [07/Aug/2012:12:30:19 +0200] "GET /images/steigend.png HTTP/1.1" 200 688 "http://www.mink-gmbh.de/modul.css" "Mozilla/5.0 (Windows NT 6.1; rv:14.0) Gecko/20100101 Firefox/14.0.1"
89.247.83.23 - - [07/Aug/2012:12:30:19 +0200] "GET /images/gleichbleibend.png HTTP/1.1" 200 534 "http://www.mink-gmbh.de/modul.css" "Mozilla/5.0 (Windows NT 6.1; rv:14.0) Gecko/20100101 Firefox/14.0.1"
89.247.83.23 - - [07/Aug/2012:12:30:18 +0200] "GET /index.php HTTP/1.1" 200 15363 "-" "Mozilla/5.0 (Windows NT 6.1; rv:14.0) Gecko/20100101 Firefox/14.0.1"
89.247.83.23 - - [07/Aug/2012:12:30:20 +0200] "GET /images/freecall.jpg HTTP/1.1" 200 39195 "http://www.mink-gmbh.de/index.php" "Mozilla/5.0 (Windows NT 6.1; rv:14.0) Gecko/20100101 Firefox/14.0.1"
89.247.83.23 - - [07/Aug/2012:12:30:20 +0200] "GET /images/mail.jpg HTTP/1.1" 200 11165 "http://www.mink-gmbh.de/index.php" "Mozilla/5.0 (Windows NT 6.1; rv:14.0) Gecko/20100101 Firefox/14.0.1"
89.247.83.23 - - [07/Aug/2012:12:30:20 +0200] "GET /images/kwk.gif HTTP/1.1" 200 6403 "http://www.mink-gmbh.de/index.php" "Mozilla/5.0 (Windows NT 6.1; rv:14.0) Gecko/20100101 Firefox/14.0.1"
89.247.83.23 - - [07/Aug/2012:12:30:20 +0200] "GET /images/wunschpreis.jpg HTTP/1.1" 200 16767 "http://www.mink-gmbh.de/index.php" "Mozilla/5.0 (Windows NT 6.1; rv:14.0) Gecko/20100101 Firefox/14.0.1"
89.247.83.23 - - [07/Aug/2012:12:30:20 +0200] "GET /images/logos.jpg HTTP/1.1" 200 15002 "http://www.mink-gmbh.de/index.php" "Mozilla/5.0 (Windows NT 6.1; rv:14.0) Gecko/20100101 Firefox/14.0.1"
89.247.83.23 - - [07/Aug/2012:12:30:20 +0200] "GET /images/mobil.jpg HTTP/1.1" 200 25293 "http://www.mink-gmbh.de/style.css" "Mozilla/5.0 (Windows NT 6.1; rv:14.0) Gecko/20100101 Firefox/14.0.1"
89.247.83.23 - - [07/Aug/2012:12:30:20 +0200] "GET /images/newsletter.jpg HTTP/1.1" 200 13130 "http://www.mink-gmbh.de/style.css" "Mozilla/5.0 (Windows NT 6.1; rv:14.0) Gecko/20100101 Firefox/14.0.1"
89.247.83.23 - - [07/Aug/2012:12:30:20 +0200] "GET /images/footerbg.jpg HTTP/1.1" 200 2184 "http://www.mink-gmbh.de/style.css" "Mozilla/5.0 (Windows NT 6.1; rv:14.0) Gecko/20100101 Firefox/14.0.1"
89.247.83.23 - - [07/Aug/2012:12:30:21 +0200] "GET /js_contentserver24_greybox/loader_frame.html?s=0 HTTP/1.1" 200 2084 "http://www.mink-gmbh.de/index.php" "Mozilla/5.0 (Windows NT 6.1; rv:14.0) Gecko/20100101 Firefox/14.0.1"
89.247.83.23 - - [07/Aug/2012:12:30:21 +0200] "GET /js_contentserver24_greybox/indicator.gif HTTP/1.1" 200 8238 "http://www.mink-gmbh.de/js_contentserver24_greybox/loader_frame.html?s=0" "Mozilla/5.0 (Windows NT 6.1; rv:14.0) Gecko/20100101 Firefox/14.0.1"
89.247.83.23 - - [07/Aug/2012:12:30:23 +0200] "GET /js_contentserver24_greybox/header_bg.gif HTTP/1.1" 200 1188 "http://www.mink-gmbh.de/index.php" "Mozilla/5.0 (Windows NT 6.1; rv:14.0) Gecko/20100101 Firefox/14.0.1"
89.247.83.23 - - [07/Aug/2012:12:30:24 +0200] "GET /js_contentserver24_greybox/g_close.gif HTTP/1.1" 200 541 "http://www.mink-gmbh.de/index.php" "Mozilla/5.0 (Windows NT 6.1; rv:14.0) Gecko/20100101 Firefox/14.0.1"
87.189.122.244 - - [07/Aug/2012:12:46:25 +0200] "GET /jobs.php HTTP/1.1" 200 11204 "-" "Mozilla/5.0 /Windows; U; Windows NT 6.1; de; rv:1.9.1.5) Gecko/20091102 Firefox/3.5.5"
87.189.122.244 - - [07/Aug/2012:13:01:08 +0200] "GET /jobs.php HTTP/1.1" 200 11204 "-" "Mozilla/5.0 /Windows; U; Windows NT 6.1; de; rv:1.9.1.5) Gecko/20091102 Firefox/3.5.5"
66.249.72.169 - - [07/Aug/2012:13:02:35 +0200] "GET /news.php?cs_go=archiv&cs_id=2439&cs_search= HTTP/1.1" 200 14297 "-" "Mozilla/5.0 (compatible; Googlebot/2.1; +http://www.google.com/bot.html)"
66.249.72.169 - - [07/Aug/2012:13:04:07 +0200] "GET /news.php?cs_go=archiv&cs_startpos=40 HTTP/1.1" 200 22916 "-" "Mozilla/5.0 (compatible; Googlebot/2.1; +http://www.google.com/bot.html)"
208.115.111.75 - - [07/Aug/2012:13:05:32 +0200] "GET /lexikon.php HTTP/1.1" 200 10496 "-" "Mozilla/5.0 (compatible; Ezooms/1.0; ezooms.bot@gmail.com)"
208.115.111.75 - - [07/Aug/2012:13:05:34 +0200] "GET /news.php?cs_go=archiv&cs_id=3083&cs_search= HTTP/1.1" 200 13740 "-" "Mozilla/5.0 (compatible; Ezooms/1.0; ezooms.bot@gmail.com)"
208.115.111.75 - - [07/Aug/2012:13:05:37 +0200] "GET /news.php?cs_go=archiv&cs_id=3251&cs_search= HTTP/1.1" 200 13995 "-" "Mozilla/5.0 (compatible; Ezooms/1.0; ezooms.bot@gmail.com)"
208.115.111.75 - - [07/Aug/2012:13:05:39 +0200] "GET /news.php?cs_go=archiv&cs_startpos=1120 HTTP/1.1" 200 23037 "-" "Mozilla/5.0 (compatible; Ezooms/1.0; ezooms.bot@gmail.com)"
66.249.72.169 - - [07/Aug/2012:13:08:21 +0200] "GET /news.php?cs_go=archiv&cs_id=2440&cs_search= HTTP/1.1" 200 15704 "-" "Mozilla/5.0 (compatible; Googlebot/2.1; +http://www.google.com/bot.html)"
208.115.113.91 - - [07/Aug/2012:13:29:20 +0200] "GET /news.php?cs_go=archiv&cs_id=2963&cs_search= HTTP/1.1" 200 11142 "-" "Mozilla/5.0 (compatible; Ezooms/1.0; ezooms.bot@gmail.com)"
66.249.72.169 - - [07/Aug/2012:13:31:12 +0200] "GET /news.php?cs_go=archiv&cs_startpos=10 HTTP/1.1" 200 22945 "-" "Mozilla/5.0 (compatible; Googlebot/2.1; +http://www.google.com/bot.html)"
188.40.65.130 - - [07/Aug/2012:13:40:41 +0200] "GET /robots.txt HTTP/1.1" 200 177 "-" "Pixray-Seeker/1.1 (Pixray-Seeker; http://www.pixray.com/pixraybot; crawler@pixray.com)"
188.40.65.130 - - [07/Aug/2012:13:40:41 +0200] "GET /news.php?cs_go=archiv&cs_startpos=950 HTTP/1.1" 200 22956 "-" "Pixray-Seeker/1.1 (Pixray-Seeker; http://www.pixray.com/pixraybot; crawler@pixray.com)"
66.249.72.169 - - [07/Aug/2012:13:51:34 +0200] "GET /news.php?cs_go=archiv&cs_id=2441&cs_search= HTTP/1.1" 200 9847 "-" "Mozilla/5.0 (compatible; Googlebot/2.1; +http://www.google.com/bot.html)"
139.18.2.209 - - [07/Aug/2012:14:14:11 +0200] "GET /kwk.php HTTP/1.1" 200 5767 "-" "findlinks/2.6 (+http://wortschatz.uni-leipzig.de/findlinks/)"
139.18.2.209 - - [07/Aug/2012:14:14:11 +0200] "GET /kwk.php HTTP/1.1" 200 10797 "-" "findlinks/2.6 (+http://wortschatz.uni-leipzig.de/findlinks/)"
65.36.241.79 - - [07/Aug/2012:14:15:01 +0200] "HEAD / HTTP/1.1" 200 - "-" "InternetSeer.com"
66.249.72.169 - - [07/Aug/2012:14:40:33 +0200] "GET /news.php?cs_go=archiv&cs_id=2442&cs_search= HTTP/1.1" 200 13186 "-" "Mozilla/5.0 (compatible; Googlebot/2.1; +http://www.google.com/bot.html)"
66.249.72.169 - - [07/Aug/2012:14:48:21 +0200] "GET /news.php?cs_go=archiv&cs_id=2445&cs_search= HTTP/1.1" 200 14454 "-" "Mozilla/5.0 (compatible; Googlebot/2.1; +http://www.google.com/bot.html)"
66.249.72.169 - - [07/Aug/2012:15:05:17 +0200] "GET /news.php?cs_go=archiv&cs_id=2446&cs_search= HTTP/1.1" 200 10794 "-" "Mozilla/5.0 (compatible; Googlebot/2.1; +http://www.google.com/bot.html)"
91.49.159.249 - - [07/Aug/2012:15:06:42 +0200] "GET /optiplus.php HTTP/1.1" 200 11100 "http://www.google.de/url?sa=t&rct=j&q=heiz%C3%B6lpreise%20opti%20plus&source=web&cd=4&ved=0CGQQFjAD&url=http%3A%2F%2Fwww.mink-gmbh.de%2Foptiplus.php&ei=pxIhUIaQE_OM4gSsg4HYCA&usg=AFQjCNEouGCMmLgK9iGVLaDNxyZZMZ_YPQ" "Mozilla/4.0 (compatible; MSIE 8.0; Windows NT 6.0; Trident/4.0; GTB7.3; SLCC1; .NET CLR 2.0.50727; .NET CLR 3.5.30729; .NET CLR 3.0.30618)"
91.49.159.249 - - [07/Aug/2012:15:06:42 +0200] "GET /style.css HTTP/1.1" 200 8418 "http://www.mink-gmbh.de/optiplus.php" "Mozilla/4.0 (compatible; MSIE 8.0; Windows NT 6.0; Trident/4.0; GTB7.3; SLCC1; .NET CLR 2.0.50727; .NET CLR 3.5.30729; .NET CLR 3.0.30618)"
91.49.159.249 - - [07/Aug/2012:15:06:42 +0200] "GET /modul.css HTTP/1.1" 200 35038 "http://www.mink-gmbh.de/optiplus.php" "Mozilla/4.0 (compatible; MSIE 8.0; Windows NT 6.0; Trident/4.0; GTB7.3; SLCC1; .NET CLR 2.0.50727; .NET CLR 3.5.30729; .NET CLR 3.0.30618)"
91.49.159.249 - - [07/Aug/2012:15:06:43 +0200] "GET /images/bg.jpg HTTP/1.1" 200 345 "http://www.mink-gmbh.de/optiplus.php" "Mozilla/4.0 (compatible; MSIE 8.0; Windows NT 6.0; Trident/4.0; GTB7.3; SLCC1; .NET CLR 2.0.50727; .NET CLR 3.5.30729; .NET CLR 3.0.30618)"
91.49.159.249 - - [07/Aug/2012:15:06:43 +0200] "GET /images/wunschpreis.jpg HTTP/1.1" 200 16767 "http://www.mink-gmbh.de/optiplus.php" "Mozilla/4.0 (compatible; MSIE 8.0; Windows NT 6.0; Trident/4.0; GTB7.3; SLCC1; .NET CLR 2.0.50727; .NET CLR 3.5.30729; .NET CLR 3.0.30618)"
91.49.159.249 - - [07/Aug/2012:15:06:43 +0200] "GET /images/kwk.gif HTTP/1.1" 200 6403 "http://www.mink-gmbh.de/optiplus.php" "Mozilla/4.0 (compatible; MSIE 8.0; Windows NT 6.0; Trident/4.0; GTB7.3; SLCC1; .NET CLR 2.0.50727; .NET CLR 3.5.30729; .NET CLR 3.0.30618)"
91.49.159.249 - - [07/Aug/2012:15:06:43 +0200] "GET /images/Optiseite.jpg HTTP/1.1" 200 32107 "http://www.mink-gmbh.de/optiplus.php" "Mozilla/4.0 (compatible; MSIE 8.0; Windows NT 6.0; Trident/4.0; GTB7.3; SLCC1; .NET CLR 2.0.50727; .NET CLR 3.5.30729; .NET CLR 3.0.30618)"
91.49.159.249 - - [07/Aug/2012:15:06:43 +0200] "GET /images/logos.jpg HTTP/1.1" 200 15002 "http://www.mink-gmbh.de/optiplus.php" "Mozilla/4.0 (compatible; MSIE 8.0; Windows NT 6.0; Trident/4.0; GTB7.3; SLCC1; .NET CLR 2.0.50727; .NET CLR 3.5.30729; .NET CLR 3.0.30618)"
91.49.159.249 - - [07/Aug/2012:15:06:43 +0200] "GET /images/navibg.png HTTP/1.1" 200 2803 "http://www.mink-gmbh.de/optiplus.php" "Mozilla/4.0 (compatible; MSIE 8.0; Windows NT 6.0; Trident/4.0; GTB7.3; SLCC1; .NET CLR 2.0.50727; .NET CLR 3.5.30729; .NET CLR 3.0.30618)"
91.49.159.249 - - [07/Aug/2012:15:06:43 +0200] "GET /images/mail.jpg HTTP/1.1" 200 11165 "http://www.mink-gmbh.de/optiplus.php" "Mozilla/4.0 (compatible; MSIE 8.0; Windows NT 6.0; Trident/4.0; GTB7.3; SLCC1; .NET CLR 2.0.50727; .NET CLR 3.5.30729; .NET CLR 3.0.30618)"
91.49.159.249 - - [07/Aug/2012:15:06:43 +0200] "GET /images/close.png HTTP/1.1" 200 703 "http://www.mink-gmbh.de/optiplus.php" "Mozilla/4.0 (compatible; MSIE 8.0; Windows NT 6.0; Trident/4.0; GTB7.3; SLCC1; .NET CLR 2.0.50727; .NET CLR 3.5.30729; .NET CLR 3.0.30618)"
91.49.159.249 - - [07/Aug/2012:15:06:43 +0200] "GET /images/newsletter_bg.jpg HTTP/1.1" 200 33610 "http://www.mink-gmbh.de/optiplus.php" "Mozilla/4.0 (compatible; MSIE 8.0; Windows NT 6.0; Trident/4.0; GTB7.3; SLCC1; .NET CLR 2.0.50727; .NET CLR 3.5.30729; .NET CLR 3.0.30618)"
91.49.159.249 - - [07/Aug/2012:15:06:43 +0200] "GET /images/newsletter.png HTTP/1.1" 200 14619 "http://www.mink-gmbh.de/optiplus.php" "Mozilla/4.0 (compatible; MSIE 8.0; Windows NT 6.0; Trident/4.0; GTB7.3; SLCC1; .NET CLR 2.0.50727; .NET CLR 3.5.30729; .NET CLR 3.0.30618)"
91.49.159.249 - - [07/Aug/2012:15:06:43 +0200] "GET /images/wrapperbg.jpg HTTP/1.1" 200 27465 "http://www.mink-gmbh.de/optiplus.php" "Mozilla/4.0 (compatible; MSIE 8.0; Windows NT 6.0; Trident/4.0; GTB7.3; SLCC1; .NET CLR 2.0.50727; .NET CLR 3.5.30729; .NET CLR 3.0.30618)"
91.49.159.249 - - [07/Aug/2012:15:06:43 +0200] "GET /images/freecall.jpg HTTP/1.1" 200 39195 "http://www.mink-gmbh.de/optiplus.php" "Mozilla/4.0 (compatible; MSIE 8.0; Windows NT 6.0; Trident/4.0; GTB7.3; SLCC1; .NET CLR 2.0.50727; .NET CLR 3.5.30729; .NET CLR 3.0.30618)"
91.49.159.249 - - [07/Aug/2012:15:06:43 +0200] "GET /images/optiplus.jpg HTTP/1.1" 200 37436 "http://www.mink-gmbh.de/optiplus.php" "Mozilla/4.0 (compatible; MSIE 8.0; Windows NT 6.0; Trident/4.0; GTB7.3; SLCC1; .NET CLR 2.0.50727; .NET CLR 3.5.30729; .NET CLR 3.0.30618)"
91.49.159.249 - - [07/Aug/2012:15:06:44 +0200] "GET /images/header.jpg HTTP/1.1" 200 24413 "http://www.mink-gmbh.de/optiplus.php" "Mozilla/4.0 (compatible; MSIE 8.0; Windows NT 6.0; Trident/4.0; GTB7.3; SLCC1; .NET CLR 2.0.50727; .NET CLR 3.5.30729; .NET CLR 3.0.30618)"
