91.37.187.93 - - [11/Aug/2012:17:39:19 +0200] "POST /newsletter.php HTTP/1.1" 200 8918 "http://www.mink-gmbh.de/" "Mozilla/5.0 (Windows NT 6.1; WOW64; rv:14.0) Gecko/20100101 Firefox/14.0.1"
176.9.0.12 - - [11/Aug/2012:17:39:50 +0200] "GET /robots.txt HTTP/1.1" 200 177 "-" "Pixray-Seeker/1.1 (Pixray-Seeker; http://www.pixray.com/pixraybot; crawler@pixray.com)"
176.9.0.12 - - [11/Aug/2012:17:39:50 +0200] "GET /news.php?cs_go=archiv&cs_startpos=1371 HTTP/1.1" 200 23094 "-" "Pixray-Seeker/1.1 (Pixray-Seeker; http://www.pixray.com/pixraybot; crawler@pixray.com)"
91.37.187.93 - - [11/Aug/2012:17:40:03 +0200] "POST /newsletter.php HTTP/1.1" 200 8006 "http://www.mink-gmbh.de/newsletter.php" "Mozilla/5.0 (Windows NT 6.1; WOW64; rv:14.0) Gecko/20100101 Firefox/14.0.1"
91.37.187.93 - - [11/Aug/2012:17:40:29 +0200] "GET /standard.php HTTP/1.1" 200 9131 "http://www.mink-gmbh.de/newsletter.php" "Mozilla/5.0 (Windows NT 6.1; WOW64; rv:14.0) Gecko/20100101 Firefox/14.0.1"
91.37.187.93 - - [11/Aug/2012:17:40:43 +0200] "GET /optiplus.php HTTP/1.1" 200 11013 "http://www.mink-gmbh.de/standard.php" "Mozilla/5.0 (Windows NT 6.1; WOW64; rv:14.0) Gecko/20100101 Firefox/14.0.1"
91.37.187.93 - - [11/Aug/2012:17:40:44 +0200] "GET /images/Optiseite.jpg HTTP/1.1" 200 32107 "http://www.mink-gmbh.de/optiplus.php" "Mozilla/5.0 (Windows NT 6.1; WOW64; rv:14.0) Gecko/20100101 Firefox/14.0.1"
91.37.187.93 - - [11/Aug/2012:17:40:44 +0200] "GET /images/optiplus.jpg HTTP/1.1" 200 37436 "http://www.mink-gmbh.de/optiplus.php" "Mozilla/5.0 (Windows NT 6.1; WOW64; rv:14.0) Gecko/20100101 Firefox/14.0.1"
91.37.187.93 - - [11/Aug/2012:17:41:11 +0200] "GET /preisanfrage.php HTTP/1.1" 200 10623 "http://www.mink-gmbh.de/optiplus.php" "Mozilla/5.0 (Windows NT 6.1; WOW64; rv:14.0) Gecko/20100101 Firefox/14.0.1"
91.37.187.93 - - [11/Aug/2012:17:42:37 +0200] "POST /preisanfrage.php HTTP/1.1" 200 7288 "http://www.mink-gmbh.de/preisanfrage.php" "Mozilla/5.0 (Windows NT 6.1; WOW64; rv:14.0) Gecko/20100101 Firefox/14.0.1"
91.37.187.93 - - [11/Aug/2012:17:42:49 +0200] "GET /impressum.php HTTP/1.1" 200 8495 "http://www.mink-gmbh.de/preisanfrage.php" "Mozilla/5.0 (Windows NT 6.1; WOW64; rv:14.0) Gecko/20100101 Firefox/14.0.1"
208.115.113.91 - - [11/Aug/2012:17:55:51 +0200] "GET /robots.txt HTTP/1.1" 200 177 "-" "Mozilla/5.0 (compatible; Ezooms/1.0; ezooms.bot@gmail.com)"
66.249.72.131 - - [11/Aug/2012:17:57:28 +0200] "GET /standard.php HTTP/1.1" 200 9218 "-" "Mozilla/5.0 (iPhone; U; CPU iPhone OS 4_1 like Mac OS X; en-us) AppleWebKit/532.9 (KHTML, like Gecko) Version/4.0.5 Mobile/8B117 Safari/6531.22.7 (compatible; Googlebot-Mobile/2.1; +http://www.google.com/bot.html)"
208.115.113.91 - - [11/Aug/2012:18:22:54 +0200] "GET /robots.txt HTTP/1.1" 200 177 "-" "Mozilla/5.0 (compatible; Ezooms/1.0; ezooms.bot@gmail.com)"
208.115.111.75 - - [11/Aug/2012:18:23:00 +0200] "GET /robots.txt HTTP/1.1" 200 177 "-" "Mozilla/5.0 (compatible; Ezooms/1.0; ezooms.bot@gmail.com)"
66.249.72.131 - - [11/Aug/2012:19:10:34 +0200] "GET /news.php?cs_go=archiv&cs_id=2192&cs_search= HTTP/1.1" 200 10260 "-" "Mozilla/5.0 (compatible; Googlebot/2.1; +http://www.google.com/bot.html)"
66.249.72.131 - - [11/Aug/2012:19:14:06 +0200] "GET /news.php?cs_go=archiv&cs_startpos=421 HTTP/1.1" 200 23127 "-" "Mozilla/5.0 (compatible; Googlebot/2.1; +http://www.google.com/bot.html)"
37.4.183.29 - - [11/Aug/2012:19:15:04 +0200] "GET /additive.php HTTP/1.1" 200 15854 "-" "findlinks/2.0.2 (+http://wortschatz.uni-leipzig.de/findlinks/)"
37.4.183.29 - - [11/Aug/2012:19:15:05 +0200] "GET /additive.php HTTP/1.1" 200 15767 "-" "findlinks/2.0.2 (+http://wortschatz.uni-leipzig.de/findlinks/)"
123.125.71.44 - - [11/Aug/2012:19:17:30 +0200] "GET /preisanfrage.php HTTP/1.1" 200 10710 "-" "Mozilla/5.0 (compatible; Baiduspider/2.0; +http://www.baidu.com/search/spider.html)"
66.249.72.131 - - [11/Aug/2012:19:22:18 +0200] "GET /news.php?cs_go=archiv&cs_id=2006&cs_search= HTTP/1.1" 200 9890 "-" "Mozilla/5.0 (compatible; Googlebot/2.1; +http://www.google.com/bot.html)"
66.249.72.131 - - [11/Aug/2012:19:24:35 +0200] "GET /news.php?cs_go=archiv&cs_startpos=181 HTTP/1.1" 200 22915 "-" "Mozilla/5.0 (compatible; Googlebot/2.1; +http://www.google.com/bot.html)"
66.249.72.131 - - [11/Aug/2012:19:28:06 +0200] "GET /news.php?cs_go=archiv&cs_id=3113&cs_search= HTTP/1.1" 200 9873 "-" "Mozilla/5.0 (compatible; Googlebot/2.1; +http://www.google.com/bot.html)"
66.249.72.131 - - [11/Aug/2012:19:35:06 +0200] "GET /news.php?cs_go=archiv&cs_startpos=1450 HTTP/1.1" 200 23367 "-" "Mozilla/5.0 (compatible; Googlebot/2.1; +http://www.google.com/bot.html)"
66.249.72.131 - - [11/Aug/2012:19:38:36 +0200] "GET /news.php?cs_go=archiv&cs_id=3109&cs_search= HTTP/1.1" 200 11169 "-" "Mozilla/5.0 (compatible; Googlebot/2.1; +http://www.google.com/bot.html)"
77.10.229.160 - - [11/Aug/2012:19:43:22 +0200] "GET /style.css HTTP/1.1" 200 8418 "http://www.mink-gmbh.de/" "Mozilla/5.0 (Windows NT 6.1; WOW64; rv:14.0) Gecko/20100101 Firefox/14.0.1"
77.10.229.160 - - [11/Aug/2012:19:43:22 +0200] "GET /favicon.ico HTTP/1.1" 200 3638 "-" "Mozilla/5.0 (Windows NT 6.1; WOW64; rv:14.0) Gecko/20100101 Firefox/14.0.1"
77.10.229.160 - - [11/Aug/2012:19:43:22 +0200] "GET /modul.css HTTP/1.1" 200 35038 "http://www.mink-gmbh.de/" "Mozilla/5.0 (Windows NT 6.1; WOW64; rv:14.0) Gecko/20100101 Firefox/14.0.1"
77.10.229.160 - - [11/Aug/2012:19:43:23 +0200] "GET /js_contentserver24_greybox/AJS.js HTTP/1.1" 200 10396 "http://www.mink-gmbh.de/" "Mozilla/5.0 (Windows NT 6.1; WOW64; rv:14.0) Gecko/20100101 Firefox/14.0.1"
77.10.229.160 - - [11/Aug/2012:19:43:23 +0200] "GET /js_contentserver24_greybox/gb_styles.css HTTP/1.1" 200 2302 "http://www.mink-gmbh.de/" "Mozilla/5.0 (Windows NT 6.1; WOW64; rv:14.0) Gecko/20100101 Firefox/14.0.1"
77.10.229.160 - - [11/Aug/2012:19:43:23 +0200] "GET /js_contentserver24_greybox/gb_scripts.js HTTP/1.1" 200 11913 "http://www.mink-gmbh.de/" "Mozilla/5.0 (Windows NT 6.1; WOW64; rv:14.0) Gecko/20100101 Firefox/14.0.1"
77.10.229.160 - - [11/Aug/2012:19:43:22 +0200] "GET /images/tkw.jpg HTTP/1.1" 200 64031 "http://www.mink-gmbh.de/" "Mozilla/5.0 (Windows NT 6.1; WOW64; rv:14.0) Gecko/20100101 Firefox/14.0.1"
77.10.229.160 - - [11/Aug/2012:19:43:23 +0200] "GET /js_contentserver24_greybox/AJS_fx.js HTTP/1.1" 200 3192 "http://www.mink-gmbh.de/" "Mozilla/5.0 (Windows NT 6.1; WOW64; rv:14.0) Gecko/20100101 Firefox/14.0.1"
77.10.229.160 - - [11/Aug/2012:19:43:22 +0200] "GET / HTTP/1.1" 200 15321 "http://www.google.de/url?sa=t&rct=j&q=energie%20%26%20service%20s%C3%BCd%20ost%20berlin%20%26%20mink%20gmbh%20&source=web&cd=1&ved=0CEoQFjAA&url=http%3A%2F%2Fwww.mink-gmbh.de%2F&ei=XZkmUKOABKvb4QTys4H4Cg&usg=AFQjCNFHX4Iglls9oo-KYXTmDUV_5KOVIg" "Mozilla/5.0 (Windows NT 6.1; WOW64; rv:14.0) Gecko/20100101 Firefox/14.0.1"
77.10.229.160 - - [11/Aug/2012:19:43:23 +0200] "GET /images/mail.jpg HTTP/1.1" 200 11165 "http://www.mink-gmbh.de/" "Mozilla/5.0 (Windows NT 6.1; WOW64; rv:14.0) Gecko/20100101 Firefox/14.0.1"
77.10.229.160 - - [11/Aug/2012:19:43:23 +0200] "GET /images/kwk.gif HTTP/1.1" 200 6403 "http://www.mink-gmbh.de/" "Mozilla/5.0 (Windows NT 6.1; WOW64; rv:14.0) Gecko/20100101 Firefox/14.0.1"
77.10.229.160 - - [11/Aug/2012:19:43:23 +0200] "GET /images/wunschpreis.jpg HTTP/1.1" 200 16767 "http://www.mink-gmbh.de/" "Mozilla/5.0 (Windows NT 6.1; WOW64; rv:14.0) Gecko/20100101 Firefox/14.0.1"
77.10.229.160 - - [11/Aug/2012:19:43:23 +0200] "GET /images/logos.jpg HTTP/1.1" 200 15002 "http://www.mink-gmbh.de/" "Mozilla/5.0 (Windows NT 6.1; WOW64; rv:14.0) Gecko/20100101 Firefox/14.0.1"
77.10.229.160 - - [11/Aug/2012:19:43:23 +0200] "GET /images/freecall.jpg HTTP/1.1" 200 39195 "http://www.mink-gmbh.de/" "Mozilla/5.0 (Windows NT 6.1; WOW64; rv:14.0) Gecko/20100101 Firefox/14.0.1"
77.10.229.160 - - [11/Aug/2012:19:43:24 +0200] "GET /images/bg.jpg HTTP/1.1" 200 345 "http://www.mink-gmbh.de/style.css" "Mozilla/5.0 (Windows NT 6.1; WOW64; rv:14.0) Gecko/20100101 Firefox/14.0.1"
77.10.229.160 - - [11/Aug/2012:19:43:24 +0200] "GET /js_contentserver24_greybox/w_close.gif HTTP/1.1" 200 74 "http://www.mink-gmbh.de/" "Mozilla/5.0 (Windows NT 6.1; WOW64; rv:14.0) Gecko/20100101 Firefox/14.0.1"
77.10.229.160 - - [11/Aug/2012:19:43:24 +0200] "GET /images/close.png HTTP/1.1" 200 703 "http://www.mink-gmbh.de/" "Mozilla/5.0 (Windows NT 6.1; WOW64; rv:14.0) Gecko/20100101 Firefox/14.0.1"
77.10.229.160 - - [11/Aug/2012:19:43:24 +0200] "GET /images/newsletter_bg.jpg HTTP/1.1" 200 33610 "http://www.mink-gmbh.de/" "Mozilla/5.0 (Windows NT 6.1; WOW64; rv:14.0) Gecko/20100101 Firefox/14.0.1"
77.10.229.160 - - [11/Aug/2012:19:43:24 +0200] "GET /images/navibg.png HTTP/1.1" 200 2803 "http://www.mink-gmbh.de/style.css" "Mozilla/5.0 (Windows NT 6.1; WOW64; rv:14.0) Gecko/20100101 Firefox/14.0.1"
77.10.229.160 - - [11/Aug/2012:19:43:24 +0200] "GET /images/newsletter.png HTTP/1.1" 200 14619 "http://www.mink-gmbh.de/style.css" "Mozilla/5.0 (Windows NT 6.1; WOW64; rv:14.0) Gecko/20100101 Firefox/14.0.1"
77.10.229.160 - - [11/Aug/2012:19:43:24 +0200] "GET /images/steigend.png HTTP/1.1" 200 688 "http://www.mink-gmbh.de/modul.css" "Mozilla/5.0 (Windows NT 6.1; WOW64; rv:14.0) Gecko/20100101 Firefox/14.0.1"
77.10.229.160 - - [11/Aug/2012:19:43:24 +0200] "GET /images/newsletter.jpg HTTP/1.1" 200 13130 "http://www.mink-gmbh.de/style.css" "Mozilla/5.0 (Windows NT 6.1; WOW64; rv:14.0) Gecko/20100101 Firefox/14.0.1"
77.10.229.160 - - [11/Aug/2012:19:43:24 +0200] "GET /images/footerbg.jpg HTTP/1.1" 200 2184 "http://www.mink-gmbh.de/style.css" "Mozilla/5.0 (Windows NT 6.1; WOW64; rv:14.0) Gecko/20100101 Firefox/14.0.1"
77.10.229.160 - - [11/Aug/2012:19:43:24 +0200] "GET /images/mobil.jpg HTTP/1.1" 200 25293 "http://www.mink-gmbh.de/style.css" "Mozilla/5.0 (Windows NT 6.1; WOW64; rv:14.0) Gecko/20100101 Firefox/14.0.1"
77.10.229.160 - - [11/Aug/2012:19:43:24 +0200] "GET /images/wrapperbg.jpg HTTP/1.1" 200 27465 "http://www.mink-gmbh.de/style.css" "Mozilla/5.0 (Windows NT 6.1; WOW64; rv:14.0) Gecko/20100101 Firefox/14.0.1"
77.10.229.160 - - [11/Aug/2012:19:43:24 +0200] "GET /images/header.jpg HTTP/1.1" 200 24413 "http://www.mink-gmbh.de/style.css" "Mozilla/5.0 (Windows NT 6.1; WOW64; rv:14.0) Gecko/20100101 Firefox/14.0.1"
77.10.229.160 - - [11/Aug/2012:19:43:25 +0200] "GET /js_contentserver24_greybox/header_bg.gif HTTP/1.1" 200 1188 "http://www.mink-gmbh.de/" "Mozilla/5.0 (Windows NT 6.1; WOW64; rv:14.0) Gecko/20100101 Firefox/14.0.1"
77.10.229.160 - - [11/Aug/2012:19:43:25 +0200] "GET /js_contentserver24_greybox/loader_frame.html?s=0 HTTP/1.1" 200 2084 "http://www.mink-gmbh.de/" "Mozilla/5.0 (Windows NT 6.1; WOW64; rv:14.0) Gecko/20100101 Firefox/14.0.1"
77.10.229.160 - - [11/Aug/2012:19:43:25 +0200] "GET /js_contentserver24_greybox/indicator.gif HTTP/1.1" 200 8238 "http://www.mink-gmbh.de/js_contentserver24_greybox/loader_frame.html?s=0" "Mozilla/5.0 (Windows NT 6.1; WOW64; rv:14.0) Gecko/20100101 Firefox/14.0.1"
77.10.229.160 - - [11/Aug/2012:19:43:26 +0200] "GET /js_contentserver24_greybox/g_close.gif HTTP/1.1" 200 541 "http://www.mink-gmbh.de/" "Mozilla/5.0 (Windows NT 6.1; WOW64; rv:14.0) Gecko/20100101 Firefox/14.0.1"
66.249.72.131 - - [11/Aug/2012:19:45:36 +0200] "GET /news.php?cs_go=archiv&cs_startpos=1210 HTTP/1.1" 200 23034 "-" "Mozilla/5.0 (compatible; Googlebot/2.1; +http://www.google.com/bot.html)"
66.249.72.131 - - [11/Aug/2012:19:59:37 +0200] "GET /news.php?cs_go=archiv&cs_id=2811&cs_search= HTTP/1.1" 200 13434 "-" "Mozilla/5.0 (compatible; Googlebot/2.1; +http://www.google.com/bot.html)"
66.249.72.131 - - [11/Aug/2012:20:03:07 +0200] "GET /news.php?cs_go=archiv&cs_id=2809&cs_search= HTTP/1.1" 200 10050 "-" "Mozilla/5.0 (compatible; Googlebot/2.1; +http://www.google.com/bot.html)"
178.154.179.250 - - [11/Aug/2012:20:01:58 +0200] "GET /news.php HTTP/1.1" 200 22535 "-" "Mozilla/5.0 (compatible; YandexBot/3.0; +http://yandex.com/bots)"
150.70.64.195 - - [11/Aug/2012:20:07:01 +0200] "GET /js_contentserver24_greybox/gb_scripts.js HTTP/1.0" 200 11913 "-" "Mozilla/4.0 (compatible; MSIE 6.0; Windows NT 5.1)"
150.70.64.195 - - [11/Aug/2012:20:07:08 +0200] "GET /js_contentserver24_greybox/loader_frame.html?s=0 HTTP/1.0" 200 2084 "-" "Mozilla/4.0 (compatible; MSIE 6.0; Windows NT 5.1)"
150.70.64.195 - - [11/Aug/2012:20:07:46 +0200] "GET / HTTP/1.0" 200 15321 "-" "Mozilla/4.0 (compatible; MSIE 6.0; Windows NT 5.1)"
150.70.64.195 - - [11/Aug/2012:20:07:57 +0200] "GET /js_contentserver24_greybox/AJS.js HTTP/1.0" 200 10396 "-" "Mozilla/4.0 (compatible; MSIE 6.0; Windows NT 5.1)"
150.70.64.195 - - [11/Aug/2012:20:07:57 +0200] "GET /js_contentserver24_greybox/AJS_fx.js HTTP/1.0" 200 3192 "-" "Mozilla/4.0 (compatible; MSIE 6.0; Windows NT 5.1)"
66.249.72.131 - - [11/Aug/2012:20:10:04 +0200] "GET /news.php?cs_go=archiv&cs_id=2012&cs_search= HTTP/1.1" 200 10210 "-" "Mozilla/5.0 (compatible; Googlebot/2.1; +http://www.google.com/bot.html)"
66.249.72.131 - - [11/Aug/2012:20:13:37 +0200] "GET /news.php?cs_go=archiv&cs_startpos=201 HTTP/1.1" 200 23085 "-" "Mozilla/5.0 (compatible; Googlebot/2.1; +http://www.google.com/bot.html)"
178.154.179.250 - - [11/Aug/2012:20:20:56 +0200] "GET / HTTP/1.1" 200 15321 "-" "Mozilla/5.0 (compatible; YandexBot/3.0; +http://yandex.com/bots)"
208.115.113.91 - - [11/Aug/2012:20:25:05 +0200] "GET /news.php?cs_go=archiv&cs_id=1809&cs_search= HTTP/1.1" 200 10165 "-" "Mozilla/5.0 (compatible; Ezooms/1.0; ezooms.bot@gmail.com)"
208.115.113.91 - - [11/Aug/2012:20:25:10 +0200] "GET /news.php?cs_go=archiv&cs_startpos=100 HTTP/1.1" 200 23081 "-" "Mozilla/5.0 (compatible; Ezooms/1.0; ezooms.bot@gmail.com)"
178.154.179.250 - - [11/Aug/2012:20:43:39 +0200] "GET /index.php HTTP/1.1" 200 15321 "-" "Mozilla/5.0 (compatible; YandexBot/3.0; +http://yandex.com/bots)"
66.249.73.85 - - [11/Aug/2012:20:58:11 +0200] "GET /robots.txt HTTP/1.1" 200 177 "-" "Mozilla/5.0 (compatible; Googlebot/2.1; +http://www.google.com/bot.html)"
66.249.73.85 - - [11/Aug/2012:20:58:11 +0200] "GET /news.php?cs_go=archiv&cs_id=1962&cs_search= HTTP/1.1" 200 9549 "-" "Mozilla/5.0 (compatible; Googlebot/2.1; +http://www.google.com/bot.html)"
65.52.111.239 - - [11/Aug/2012:21:19:16 +0200] "GET /standard.php HTTP/1.1" 200 9218 "-" "Mozilla/4.0 (compatible; MSIE 7.0; Windows NT 5.1; SV1; .NET CLR 1.1.4325; .NET CLR 2.0.50727)"
65.52.111.239 - - [11/Aug/2012:21:19:18 +0200] "GET /style.css HTTP/1.1" 200 8418 "http://www.mink-gmbh.de/standard.php" "Mozilla/4.0 (compatible; MSIE 7.0; Windows NT 5.1; SV1; .NET CLR 1.1.4325; .NET CLR 2.0.50727)"
65.52.111.239 - - [11/Aug/2012:21:19:18 +0200] "GET /modul.css HTTP/1.1" 200 35038 "http://www.mink-gmbh.de/standard.php" "Mozilla/4.0 (compatible; MSIE 7.0; Windows NT 5.1; SV1; .NET CLR 1.1.4325; .NET CLR 2.0.50727)"
208.115.113.91 - - [11/Aug/2012:21:29:31 +0200] "GET /robots.txt HTTP/1.1" 200 177 "-" "Mozilla/5.0 (compatible; Ezooms/1.0; ezooms.bot@gmail.com)"
66.249.73.85 - - [11/Aug/2012:21:45:46 +0200] "GET /news.php?cs_go=archiv&cs_id=1965&cs_search= HTTP/1.1" 200 10710 "-" "Mozilla/5.0 (compatible; Googlebot/2.1; +http://www.google.com/bot.html)"
85.25.154.15 - - [11/Aug/2012:21:52:05 +0200] "GET /additive.php HTTP/1.1" 200 15854 "-" "Mozilla/4.0 (compatible; MSIE 6.0; Windows 98; Win 9x4.90)"
65.36.241.79 - - [11/Aug/2012:22:19:50 +0200] "HEAD / HTTP/1.1" 200 - "-" "InternetSeer.com"
66.249.73.85 - - [11/Aug/2012:22:33:42 +0200] "GET /news.php?cs_go=archiv&cs_id=2116&cs_search= HTTP/1.1" 200 10013 "-" "Mozilla/5.0 (compatible; Googlebot/2.1; +http://www.google.com/bot.html)"
208.115.111.75 - - [11/Aug/2012:23:33:45 +0200] "GET /robots.txt HTTP/1.1" 200 177 "-" "Mozilla/5.0 (compatible; Ezooms/1.0; ezooms.bot@gmail.com)"
208.115.113.91 - - [11/Aug/2012:23:48:10 +0200] "GET /lexikon.php?cs_go=3&cs_id=89 HTTP/1.1" 200 8413 "-" "Mozilla/5.0 (compatible; Ezooms/1.0; ezooms.bot@gmail.com)"
208.115.113.91 - - [11/Aug/2012:23:48:15 +0200] "GET /news.php?cs_go=archiv&cs_id=1893&cs_search= HTTP/1.1" 200 13089 "-" "Mozilla/5.0 (compatible; Ezooms/1.0; ezooms.bot@gmail.com)"
208.115.113.91 - - [11/Aug/2012:23:48:18 +0200] "GET /news.php?cs_go=archiv&cs_id=2941&cs_search= HTTP/1.1" 200 14241 "-" "Mozilla/5.0 (compatible; Ezooms/1.0; ezooms.bot@gmail.com)"
123.125.71.34 - - [12/Aug/2012:01:10:09 +0200] "GET / HTTP/1.1" 200 15321 "-" "Mozilla/5.0 (compatible; Baiduspider/2.0; +http://www.baidu.com/search/spider.html)"
207.46.13.97 - - [12/Aug/2012:01:31:59 +0200] "GET /robots.txt HTTP/1.1" 200 177 "-" "Mozilla/5.0 (compatible; bingbot/2.0; +http://www.bing.com/bingbot.htm)"
66.249.73.85 - - [12/Aug/2012:01:32:13 +0200] "GET /news.php?cs_go=archiv HTTP/1.1" 200 22535 "-" "Mozilla/5.0 (compatible; Googlebot/2.1; +http://www.google.com/bot.html)"
207.46.13.97 - - [12/Aug/2012:01:32:49 +0200] "GET / HTTP/1.1" 200 15321 "-" "Mozilla/5.0 (compatible; bingbot/2.0; +http://www.bing.com/bingbot.htm)"
208.115.113.91 - - [12/Aug/2012:01:38:42 +0200] "GET /robots.txt HTTP/1.1" 200 177 "-" "Mozilla/5.0 (compatible; Ezooms/1.0; ezooms.bot@gmail.com)"
207.46.13.215 - - [12/Aug/2012:02:08:26 +0200] "GET /wunschpreis.php HTTP/1.1" 200 12059 "-" "Mozilla/5.0 (compatible; bingbot/2.0; +http://www.bing.com/bingbot.htm)"
208.115.111.75 - - [12/Aug/2012:03:32:20 +0200] "GET /robots.txt HTTP/1.1" 200 177 "-" "Mozilla/5.0 (compatible; Ezooms/1.0; ezooms.bot@gmail.com)"
65.36.241.79 - - [12/Aug/2012:03:36:33 +0200] "HEAD / HTTP/1.1" 200 - "-" "InternetSeer.com"
37.4.183.29 - - [12/Aug/2012:03:48:54 +0200] "GET /wunschpreis.php HTTP/1.1" 200 5711 "-" "findlinks/2.0.2 (+http://wortschatz.uni-leipzig.de/findlinks/)"
37.4.183.29 - - [12/Aug/2012:03:48:54 +0200] "GET /wunschpreis.php HTTP/1.1" 200 11972 "-" "findlinks/2.0.2 (+http://wortschatz.uni-leipzig.de/findlinks/)"
207.46.13.97 - - [12/Aug/2012:03:53:18 +0200] "GET /robots.txt HTTP/1.1" 200 177 "-" "Mozilla/5.0 (compatible; bingbot/2.0; +http://www.bing.com/bingbot.htm)"
208.115.113.91 - - [12/Aug/2012:03:54:05 +0200] "GET /lexikon.php?cs_go=3&cs_id=28 HTTP/1.1" 200 8329 "-" "Mozilla/5.0 (compatible; Ezooms/1.0; ezooms.bot@gmail.com)"
207.46.13.97 - - [12/Aug/2012:03:54:21 +0200] "GET / HTTP/1.1" 200 15321 "-" "Mozilla/5.0 (compatible; bingbot/2.0; +http://www.bing.com/bingbot.htm)"
139.18.2.17 - - [12/Aug/2012:05:15:00 +0200] "GET /newsletter.php HTTP/1.1" 200 6847 "-" "findlinks/2.6 (+http://wortschatz.uni-leipzig.de/findlinks/)"
139.18.2.17 - - [12/Aug/2012:05:15:00 +0200] "GET /newsletter.php HTTP/1.1" 200 8820 "-" "findlinks/2.6 (+http://wortschatz.uni-leipzig.de/findlinks/)"
66.249.73.85 - - [12/Aug/2012:05:37:08 +0200] "GET /news.php?cs_go=archiv&cs_id=2176&cs_search= HTTP/1.1" 200 10078 "-" "Mozilla/5.0 (compatible; Googlebot/2.1; +http://www.google.com/bot.html)"
66.249.73.85 - - [12/Aug/2012:06:21:26 +0200] "GET /news.php?cs_go=archiv&cs_id=2093&cs_search= HTTP/1.1" 200 10328 "-" "Mozilla/5.0 (compatible; Googlebot/2.1; +http://www.google.com/bot.html)"
66.249.73.85 - - [12/Aug/2012:06:28:18 +0200] "GET /news.php HTTP/1.1" 200 22535 "-" "Mozilla/5.0 (compatible; Googlebot/2.1; +http://www.google.com/bot.html)"
66.249.73.85 - - [12/Aug/2012:06:59:14 +0200] "GET /news.php?cs_go=archiv&cs_id=2714 HTTP/1.1" 200 10364 "-" "Mozilla/5.0 (compatible; Googlebot/2.1; +http://www.google.com/bot.html)"
66.249.73.85 - - [12/Aug/2012:07:05:28 +0200] "GET /news.php?cs_go=archiv&cs_id=2071&cs_search= HTTP/1.1" 200 10464 "-" "Mozilla/5.0 (compatible; Googlebot/2.1; +http://www.google.com/bot.html)"
37.4.183.29 - - [12/Aug/2012:07:19:26 +0200] "GET /impressum.php HTTP/1.1" 200 8582 "-" "findlinks/2.0.2 (+http://wortschatz.uni-leipzig.de/findlinks/)"
37.4.183.29 - - [12/Aug/2012:07:19:27 +0200] "GET /impressum.php HTTP/1.1" 200 8495 "-" "findlinks/2.0.2 (+http://wortschatz.uni-leipzig.de/findlinks/)"
46.4.125.109 - - [12/Aug/2012:07:22:13 +0200] "GET /robots.txt HTTP/1.1" 200 177 "-" "Pixray-Seeker/1.1 (Pixray-Seeker; http://www.pixray.com/pixraybot; crawler@pixray.com)"
46.4.125.109 - - [12/Aug/2012:07:22:13 +0200] "GET /www.zukunft-haus.info/effizienzhaus HTTP/1.1" 404 - "-" "Pixray-Seeker/1.1 (Pixray-Seeker; http://www.pixray.com/pixraybot; crawler@pixray.com)"
46.4.125.109 - - [12/Aug/2012:07:23:49 +0200] "GET /news.php?cs_go=archiv&cs_id=1646&cs_search= HTTP/1.1" 200 13942 "-" "Pixray-Seeker/1.1 (Pixray-Seeker; http://www.pixray.com/pixraybot; crawler@pixray.com)"
46.4.125.109 - - [12/Aug/2012:07:25:31 +0200] "GET /news.php?cs_go=archiv&cs_startpos=430 HTTP/1.1" 200 22886 "-" "Pixray-Seeker/1.1 (Pixray-Seeker; http://www.pixray.com/pixraybot; crawler@pixray.com)"
46.4.125.109 - - [12/Aug/2012:07:28:37 +0200] "GET /news.php?cs_go=archiv&cs_id=2758 HTTP/1.1" 200 9953 "-" "Pixray-Seeker/1.1 (Pixray-Seeker; http://www.pixray.com/pixraybot; crawler@pixray.com)"
208.115.113.91 - - [12/Aug/2012:07:31:35 +0200] "GET /robots.txt HTTP/1.1" 200 177 "-" "Mozilla/5.0 (compatible; Ezooms/1.0; ezooms.bot@gmail.com)"
208.115.111.75 - - [12/Aug/2012:07:37:20 +0200] "GET /robots.txt HTTP/1.1" 200 177 "-" "Mozilla/5.0 (compatible; Ezooms/1.0; ezooms.bot@gmail.com)"
88.198.65.99 - - [12/Aug/2012:07:40:50 +0200] "GET /robots.txt HTTP/1.1" 200 177 "-" "Pixray-Seeker/1.1 (Pixray-Seeker; http://www.pixray.com/pixraybot; crawler@pixray.com)"
88.198.65.99 - - [12/Aug/2012:07:40:50 +0200] "GET /news.php?cs_go=archiv&cs_id=2481&cs_search= HTTP/1.1" 200 9743 "-" "Pixray-Seeker/1.1 (Pixray-Seeker; http://www.pixray.com/pixraybot; crawler@pixray.com)"
88.198.65.99 - - [12/Aug/2012:07:43:29 +0200] "GET /news.php?cs_go=archiv&cs_startpos=411 HTTP/1.1" 200 22962 "-" "Pixray-Seeker/1.1 (Pixray-Seeker; http://www.pixray.com/pixraybot; crawler@pixray.com)"
88.198.65.99 - - [12/Aug/2012:07:45:40 +0200] "GET /lexikon.php?cs_go=3&cs_id=167 HTTP/1.1" 200 7919 "-" "Pixray-Seeker/1.1 (Pixray-Seeker; http://www.pixray.com/pixraybot; crawler@pixray.com)"
88.198.65.99 - - [12/Aug/2012:07:47:04 +0200] "GET /www.solartechnikberater.de HTTP/1.1" 404 - "-" "Pixray-Seeker/1.1 (Pixray-Seeker; http://www.pixray.com/pixraybot; crawler@pixray.com)"
66.249.73.85 - - [12/Aug/2012:07:49:29 +0200] "GET /news.php?cs_go=archiv&cs_id=2259&cs_search= HTTP/1.1" 200 10931 "-" "Mozilla/5.0 (compatible; Googlebot/2.1; +http://www.google.com/bot.html)"
176.9.0.13 - - [12/Aug/2012:07:57:46 +0200] "GET /robots.txt HTTP/1.1" 200 177 "-" "Pixray-Seeker/1.1 (Pixray-Seeker; http://www.pixray.com/pixraybot; crawler@pixray.com)"
176.9.0.13 - - [12/Aug/2012:07:57:46 +0200] "GET /news.php?cs_go=archiv&cs_id=2586&cs_search= HTTP/1.1" 200 13055 "-" "Pixray-Seeker/1.1 (Pixray-Seeker; http://www.pixray.com/pixraybot; crawler@pixray.com)"
176.9.0.13 - - [12/Aug/2012:07:58:48 +0200] "GET /ansprechpartner.php HTTP/1.1" 404 - "-" "Pixray-Seeker/1.1 (Pixray-Seeker; http://www.pixray.com/pixraybot; crawler@pixray.com)"
176.9.0.13 - - [12/Aug/2012:08:00:40 +0200] "GET /lexikon.php?cs_go=3&cs_id=170 HTTP/1.1" 200 9441 "-" "Pixray-Seeker/1.1 (Pixray-Seeker; http://www.pixray.com/pixraybot; crawler@pixray.com)"
176.9.0.13 - - [12/Aug/2012:08:04:32 +0200] "GET /news.php?cs_go=archiv&cs_id=2294&cs_search= HTTP/1.1" 200 9394 "-" "Pixray-Seeker/1.1 (Pixray-Seeker; http://www.pixray.com/pixraybot; crawler@pixray.com)"
123.125.71.107 - - [12/Aug/2012:08:04:57 +0200] "GET /robots.txt HTTP/1.1" 200 177 "-" "Mozilla/5.0 (Windows NT 5.1; rv:6.0.2) Gecko/20100101 Firefox/6.0.2"
176.9.0.13 - - [12/Aug/2012:08:07:35 +0200] "GET /lexikon.php?cs_go=3&cs_id=27 HTTP/1.1" 200 8390 "-" "Pixray-Seeker/1.1 (Pixray-Seeker; http://www.pixray.com/pixraybot; crawler@pixray.com)"
207.46.13.97 - - [12/Aug/2012:08:14:43 +0200] "GET /robots.txt HTTP/1.1" 200 177 "-" "Mozilla/5.0 (compatible; bingbot/2.0; +http://www.bing.com/bingbot.htm)"
207.46.13.97 - - [12/Aug/2012:08:15:27 +0200] "GET / HTTP/1.1" 200 15321 "-" "Mozilla/5.0 (compatible; bingbot/2.0; +http://www.bing.com/bingbot.htm)"
176.9.19.103 - - [12/Aug/2012:08:18:09 +0200] "GET /robots.txt HTTP/1.1" 200 177 "-" "Pixray-Seeker/1.1 (Pixray-Seeker; http://www.pixray.com/pixraybot; crawler@pixray.com)"
176.9.19.103 - - [12/Aug/2012:08:18:10 +0200] "GET /news.php?cs_go=archiv&cs_startpos=1020 HTTP/1.1" 200 23240 "-" "Pixray-Seeker/1.1 (Pixray-Seeker; http://www.pixray.com/pixraybot; crawler@pixray.com)"
207.46.13.97 - - [12/Aug/2012:08:19:57 +0200] "GET /standard.php HTTP/1.1" 200 9218 "-" "Mozilla/5.0 (compatible; bingbot/2.0; +http://www.bing.com/bingbot.htm)"
176.9.19.103 - - [12/Aug/2012:08:21:01 +0200] "GET /news.php?cs_go=archiv&cs_id=2489&cs_search= HTTP/1.1" 200 14295 "-" "Pixray-Seeker/1.1 (Pixray-Seeker; http://www.pixray.com/pixraybot; crawler@pixray.com)"
66.249.73.85 - - [12/Aug/2012:08:28:34 +0200] "GET /news.php?cs_go=archiv&cs_startpos=851 HTTP/1.1" 200 23061 "-" "Mozilla/5.0 (compatible; Googlebot/2.1; +http://www.google.com/bot.html)"
65.36.241.79 - - [12/Aug/2012:08:31:54 +0200] "HEAD / HTTP/1.1" 200 - "-" "InternetSeer.com"
66.249.73.85 - - [12/Aug/2012:08:32:00 +0200] "GET /news.php?cs_go=archiv&cs_startpos=1360 HTTP/1.1" 200 23189 "-" "Mozilla/5.0 (compatible; Googlebot/2.1; +http://www.google.com/bot.html)"
176.9.0.13 - - [12/Aug/2012:08:33:18 +0200] "GET /robots.txt HTTP/1.1" 200 177 "-" "Pixray-Seeker/1.1 (Pixray-Seeker; http://www.pixray.com/pixraybot; crawler@pixray.com)"
176.9.0.13 - - [12/Aug/2012:08:33:18 +0200] "GET /news.php?cs_go=archiv HTTP/1.1" 200 22535 "-" "Pixray-Seeker/1.1 (Pixray-Seeker; http://www.pixray.com/pixraybot; crawler@pixray.com)"
66.249.73.85 - - [12/Aug/2012:08:33:29 +0200] "GET /news.php?cs_go=archiv&cs_id=2068&cs_search= HTTP/1.1" 200 10258 "-" "Mozilla/5.0 (compatible; Googlebot/2.1; +http://www.google.com/bot.html)"
176.9.0.13 - - [12/Aug/2012:08:33:57 +0200] "GET /news.php?cs_go=archiv&cs_startpos=351 HTTP/1.1" 200 22882 "-" "Pixray-Seeker/1.1 (Pixray-Seeker; http://www.pixray.com/pixraybot; crawler@pixray.com)"
176.9.0.13 - - [12/Aug/2012:08:34:46 +0200] "GET /news.php?cs_go=archiv&cs_id=2491&cs_search= HTTP/1.1" 200 9330 "-" "Pixray-Seeker/1.1 (Pixray-Seeker; http://www.pixray.com/pixraybot; crawler@pixray.com)"
178.154.179.250 - - [12/Aug/2012:08:40:35 +0200] "GET /preisanfrage.php HTTP/1.1" 200 10710 "-" "Mozilla/5.0 (compatible; YandexBot/3.0; +http://yandex.com/bots)"
176.9.0.13 - - [12/Aug/2012:08:41:40 +0200] "GET /news.php?cs_go=archiv&cs_id=1770&cs_search= HTTP/1.1" 200 9491 "-" "Pixray-Seeker/1.1 (Pixray-Seeker; http://www.pixray.com/pixraybot; crawler@pixray.com)"
66.249.73.85 - - [12/Aug/2012:08:45:44 +0200] "GET /news.php?cs_go=archiv&cs_id=2872 HTTP/1.1" 200 10270 "-" "Mozilla/5.0 (compatible; Googlebot/2.1; +http://www.google.com/bot.html)"
88.198.64.132 - - [12/Aug/2012:08:47:22 +0200] "GET /robots.txt HTTP/1.1" 200 177 "-" "Pixray-Seeker/1.1 (Pixray-Seeker; http://www.pixray.com/pixraybot; crawler@pixray.com)"
88.198.64.132 - - [12/Aug/2012:08:47:22 +0200] "GET /news.php?cs_go=archiv&cs_id=1804&cs_search= HTTP/1.1" 200 13160 "-" "Pixray-Seeker/1.1 (Pixray-Seeker; http://www.pixray.com/pixraybot; crawler@pixray.com)"
66.249.73.85 - - [12/Aug/2012:08:49:11 +0200] "GET /news.php?cs_go=archiv&cs_startpos=240 HTTP/1.1" 200 23093 "-" "Mozilla/5.0 (compatible; Googlebot/2.1; +http://www.google.com/bot.html)"
88.198.64.132 - - [12/Aug/2012:08:52:21 +0200] "GET /news.php?cs_go=archiv&cs_id=2353&cs_search= HTTP/1.1" 200 14223 "-" "Pixray-Seeker/1.1 (Pixray-Seeker; http://www.pixray.com/pixraybot; crawler@pixray.com)"
88.198.64.132 - - [12/Aug/2012:08:54:02 +0200] "GET /lexikon.php?cs_go=3&cs_id=62 HTTP/1.1" 200 8481 "-" "Pixray-Seeker/1.1 (Pixray-Seeker; http://www.pixray.com/pixraybot; crawler@pixray.com)"
88.198.64.132 - - [12/Aug/2012:08:55:02 +0200] "GET /news.php?cs_go=archiv&cs_id=1760&cs_search= HTTP/1.1" 200 13918 "-" "Pixray-Seeker/1.1 (Pixray-Seeker; http://www.pixray.com/pixraybot; crawler@pixray.com)"
88.198.64.132 - - [12/Aug/2012:08:56:22 +0200] "GET /news.php?cs_go=archiv&cs_id=1955&cs_search= HTTP/1.1" 200 9566 "-" "Pixray-Seeker/1.1 (Pixray-Seeker; http://www.pixray.com/pixraybot; crawler@pixray.com)"
46.4.125.109 - - [12/Aug/2012:09:03:02 +0200] "GET /robots.txt HTTP/1.1" 200 177 "-" "Pixray-Seeker/1.1 (Pixray-Seeker; http://www.pixray.com/pixraybot; crawler@pixray.com)"
46.4.125.109 - - [12/Aug/2012:09:03:02 +0200] "GET /news.php?cs_go=archiv&cs_id=2233&cs_search= HTTP/1.1" 200 10029 "-" "Pixray-Seeker/1.1 (Pixray-Seeker; http://www.pixray.com/pixraybot; crawler@pixray.com)"
46.4.125.109 - - [12/Aug/2012:09:04:29 +0200] "GET /news.php?cs_go=archiv&cs_id=2540&cs_search= HTTP/1.1" 200 11905 "-" "Pixray-Seeker/1.1 (Pixray-Seeker; http://www.pixray.com/pixraybot; crawler@pixray.com)"
46.4.125.109 - - [12/Aug/2012:09:04:45 +0200] "GET /news.php?cs_go=archiv&cs_id=1993&cs_search= HTTP/1.1" 200 13904 "-" "Pixray-Seeker/1.1 (Pixray-Seeker; http://www.pixray.com/pixraybot; crawler@pixray.com)"
46.4.125.109 - - [12/Aug/2012:09:06:37 +0200] "GET /lexikon.php?cs_go=3&cs_id=166 HTTP/1.1" 200 9122 "-" "Pixray-Seeker/1.1 (Pixray-Seeker; http://www.pixray.com/pixraybot; crawler@pixray.com)"
46.4.125.109 - - [12/Aug/2012:09:10:32 +0200] "GET /news.php?cs_go=archiv&cs_id=1641&cs_search= HTTP/1.1" 200 13797 "-" "Pixray-Seeker/1.1 (Pixray-Seeker; http://www.pixray.com/pixraybot; crawler@pixray.com)"
46.4.125.109 - - [12/Aug/2012:09:11:28 +0200] "GET /news.php?cs_go=archiv&cs_id=1780&cs_search= HTTP/1.1" 200 14385 "-" "Pixray-Seeker/1.1 (Pixray-Seeker; http://www.pixray.com/pixraybot; crawler@pixray.com)"
46.4.125.109 - - [12/Aug/2012:09:11:45 +0200] "GET /news.php?cs_go=archiv&cs_id=2245&cs_search= HTTP/1.1" 200 11679 "-" "Pixray-Seeker/1.1 (Pixray-Seeker; http://www.pixray.com/pixraybot; crawler@pixray.com)"
66.249.73.85 - - [12/Aug/2012:09:13:13 +0200] "GET /news.php?cs_go=archiv&cs_id=2834&cs_search= HTTP/1.1" 200 15115 "-" "Mozilla/5.0 (compatible; Googlebot/2.1; +http://www.google.com/bot.html)"
88.198.65.99 - - [12/Aug/2012:09:16:45 +0200] "GET /robots.txt HTTP/1.1" 200 177 "-" "Pixray-Seeker/1.1 (Pixray-Seeker; http://www.pixray.com/pixraybot; crawler@pixray.com)"
88.198.65.99 - - [12/Aug/2012:09:16:45 +0200] "GET /robots.txt HTTP/1.1" 200 177 "-" "Pixray-Seeker/1.1 (Pixray-Seeker; http://www.pixray.com/pixraybot; crawler@pixray.com)"
88.198.65.99 - - [12/Aug/2012:09:16:45 +0200] "GET /robots.txt HTTP/1.1" 200 177 "-" "Pixray-Seeker/1.1 (Pixray-Seeker; http://www.pixray.com/pixraybot; crawler@pixray.com)"
88.198.65.99 - - [12/Aug/2012:09:16:45 +0200] "GET /lexikon.php?cs_go=3&cs_id=73 HTTP/1.1" 200 9682 "-" "Pixray-Seeker/1.1 (Pixray-Seeker; http://www.pixray.com/pixraybot; crawler@pixray.com)"
88.198.65.99 - - [12/Aug/2012:09:16:45 +0200] "GET /news.php?cs_go=archiv&cs_startpos=821 HTTP/1.1" 200 23114 "-" "Pixray-Seeker/1.1 (Pixray-Seeker; http://www.pixray.com/pixraybot; crawler@pixray.com)"
88.198.65.99 - - [12/Aug/2012:09:16:46 +0200] "GET /news.php?cs_go=archiv&cs_startpos=1000 HTTP/1.1" 200 22889 "-" "Pixray-Seeker/1.1 (Pixray-Seeker; http://www.pixray.com/pixraybot; crawler@pixray.com)"
88.198.65.99 - - [12/Aug/2012:09:16:59 +0200] "GET /news.php?cs_go=archiv&cs_id=2055&cs_search= HTTP/1.1" 200 9736 "-" "Pixray-Seeker/1.1 (Pixray-Seeker; http://www.pixray.com/pixraybot; crawler@pixray.com)"
66.249.73.85 - - [12/Aug/2012:09:17:28 +0200] "GET /news.php?cs_go=archiv&cs_id=2341&cs_search= HTTP/1.1" 200 9283 "-" "Mozilla/5.0 (compatible; Googlebot/2.1; +http://www.google.com/bot.html)"
66.249.73.85 - - [12/Aug/2012:09:23:33 +0200] "GET /news.php?cs_go=archiv&cs_id=2513&cs_search= HTTP/1.1" 200 15141 "-" "Mozilla/5.0 (compatible; Googlebot/2.1; +http://www.google.com/bot.html)"
66.249.73.85 - - [12/Aug/2012:09:26:58 +0200] "GET /news.php?cs_go=archiv&cs_id=3204&cs_search= HTTP/1.1" 200 13485 "-" "Mozilla/5.0 (compatible; Googlebot/2.1; +http://www.google.com/bot.html)"
88.198.67.134 - - [12/Aug/2012:09:36:10 +0200] "GET /robots.txt HTTP/1.1" 200 177 "-" "Pixray-Seeker/1.1 (Pixray-Seeker; http://www.pixray.com/pixraybot; crawler@pixray.com)"
88.198.67.134 - - [12/Aug/2012:09:36:10 +0200] "GET /robots.txt HTTP/1.1" 200 177 "-" "Pixray-Seeker/1.1 (Pixray-Seeker; http://www.pixray.com/pixraybot; crawler@pixray.com)"
88.198.67.134 - - [12/Aug/2012:09:36:10 +0200] "GET /news.php?cs_go=archiv&cs_id=2556&cs_search= HTTP/1.1" 200 15012 "-" "Pixray-Seeker/1.1 (Pixray-Seeker; http://www.pixray.com/pixraybot; crawler@pixray.com)"
88.198.67.134 - - [12/Aug/2012:09:36:10 +0200] "GET /news.php?cs_go=archiv&cs_id=2497&cs_search= HTTP/1.1" 200 9410 "-" "Pixray-Seeker/1.1 (Pixray-Seeker; http://www.pixray.com/pixraybot; crawler@pixray.com)"
66.249.73.85 - - [12/Aug/2012:09:37:18 +0200] "GET /news.php?cs_go=archiv&cs_id=3233 HTTP/1.1" 200 10013 "-" "Mozilla/5.0 (compatible; Googlebot/2.1; +http://www.google.com/bot.html)"
88.198.67.134 - - [12/Aug/2012:09:37:29 +0200] "GET /lexikon.php?cs_go=3&cs_id=184 HTTP/1.1" 200 7913 "-" "Pixray-Seeker/1.1 (Pixray-Seeker; http://www.pixray.com/pixraybot; crawler@pixray.com)"
88.198.67.134 - - [12/Aug/2012:09:38:18 +0200] "GET /news.php?cs_go=archiv&cs_id=2530&cs_search= HTTP/1.1" 200 13791 "-" "Pixray-Seeker/1.1 (Pixray-Seeker; http://www.pixray.com/pixraybot; crawler@pixray.com)"
88.198.67.134 - - [12/Aug/2012:09:39:19 +0200] "GET /news.php?cs_go=archiv&cs_startpos=551 HTTP/1.1" 200 22772 "-" "Pixray-Seeker/1.1 (Pixray-Seeker; http://www.pixray.com/pixraybot; crawler@pixray.com)"
66.249.73.85 - - [12/Aug/2012:09:40:42 +0200] "GET /news.php?cs_go=archiv&cs_startpos=190 HTTP/1.1" 200 23086 "-" "Mozilla/5.0 (compatible; Googlebot/2.1; +http://www.google.com/bot.html)"
88.198.67.134 - - [12/Aug/2012:09:41:19 +0200] "GET /news.php?cs_go=archiv&cs_id=2165&cs_search= HTTP/1.1" 200 9695 "-" "Pixray-Seeker/1.1 (Pixray-Seeker; http://www.pixray.com/pixraybot; crawler@pixray.com)"
88.198.67.134 - - [12/Aug/2012:09:43:11 +0200] "GET /lexikon.php?cs_go=3&cs_id=1 HTTP/1.1" 200 8460 "-" "Pixray-Seeker/1.1 (Pixray-Seeker; http://www.pixray.com/pixraybot; crawler@pixray.com)"
88.198.67.134 - - [12/Aug/2012:09:43:29 +0200] "GET /news.php?cs_go=archiv&cs_id=2479&cs_search= HTTP/1.1" 200 12064 "-" "Pixray-Seeker/1.1 (Pixray-Seeker; http://www.pixray.com/pixraybot; crawler@pixray.com)"
176.9.0.13 - - [12/Aug/2012:09:57:17 +0200] "GET /robots.txt HTTP/1.1" 200 177 "-" "Pixray-Seeker/1.1 (Pixray-Seeker; http://www.pixray.com/pixraybot; crawler@pixray.com)"
176.9.0.13 - - [12/Aug/2012:09:57:17 +0200] "GET /lexikon.php?cs_go=3&cs_id=211 HTTP/1.1" 200 8563 "-" "Pixray-Seeker/1.1 (Pixray-Seeker; http://www.pixray.com/pixraybot; crawler@pixray.com)"
176.9.0.13 - - [12/Aug/2012:10:02:29 +0200] "GET /lexikon.php?cs_go=3&cs_id=25 HTTP/1.1" 200 8335 "-" "Pixray-Seeker/1.1 (Pixray-Seeker; http://www.pixray.com/pixraybot; crawler@pixray.com)"
176.9.0.13 - - [12/Aug/2012:10:05:00 +0200] "GET / HTTP/1.1" 200 14671 "-" "Pixray-Seeker/1.1 (Pixray-Seeker; http://www.pixray.com/pixraybot; crawler@pixray.com)"
46.4.119.231 - - [12/Aug/2012:10:16:16 +0200] "GET /robots.txt HTTP/1.1" 200 177 "-" "Pixray-Seeker/1.1 (Pixray-Seeker; http://www.pixray.com/pixraybot; crawler@pixray.com)"
46.4.119.231 - - [12/Aug/2012:10:16:16 +0200] "GET /news.php?cs_go=archiv&cs_id=2520&cs_search= HTTP/1.1" 200 15067 "-" "Pixray-Seeker/1.1 (Pixray-Seeker; http://www.pixray.com/pixraybot; crawler@pixray.com)"
93.219.61.217 - - [12/Aug/2012:10:26:50 +0200] "GET /style.css HTTP/1.1" 200 8418 "http://www.mink-gmbh.de/" "Mozilla/5.0 (Windows NT 6.1; WOW64; rv:14.0) Gecko/20100101 Firefox/14.0.1"
93.219.61.217 - - [12/Aug/2012:10:26:50 +0200] "GET /favicon.ico HTTP/1.1" 200 3638 "-" "Mozilla/5.0 (Windows NT 6.1; WOW64; rv:14.0) Gecko/20100101 Firefox/14.0.1"
93.219.61.217 - - [12/Aug/2012:10:26:50 +0200] "GET /js_contentserver24_greybox/gb_styles.css HTTP/1.1" 200 2302 "http://www.mink-gmbh.de/" "Mozilla/5.0 (Windows NT 6.1; WOW64; rv:14.0) Gecko/20100101 Firefox/14.0.1"
93.219.61.217 - - [12/Aug/2012:10:26:50 +0200] "GET /modul.css HTTP/1.1" 200 35038 "http://www.mink-gmbh.de/" "Mozilla/5.0 (Windows NT 6.1; WOW64; rv:14.0) Gecko/20100101 Firefox/14.0.1"
93.219.61.217 - - [12/Aug/2012:10:26:50 +0200] "GET /js_contentserver24_greybox/AJS_fx.js HTTP/1.1" 200 3192 "http://www.mink-gmbh.de/" "Mozilla/5.0 (Windows NT 6.1; WOW64; rv:14.0) Gecko/20100101 Firefox/14.0.1"
93.219.61.217 - - [12/Aug/2012:10:26:50 +0200] "GET /js_contentserver24_greybox/AJS.js HTTP/1.1" 200 10396 "http://www.mink-gmbh.de/" "Mozilla/5.0 (Windows NT 6.1; WOW64; rv:14.0) Gecko/20100101 Firefox/14.0.1"
93.219.61.217 - - [12/Aug/2012:10:26:50 +0200] "GET /js_contentserver24_greybox/gb_scripts.js HTTP/1.1" 200 11913 "http://www.mink-gmbh.de/" "Mozilla/5.0 (Windows NT 6.1; WOW64; rv:14.0) Gecko/20100101 Firefox/14.0.1"
93.219.61.217 - - [12/Aug/2012:10:26:51 +0200] "GET /images/bg.jpg HTTP/1.1" 200 345 "http://www.mink-gmbh.de/style.css" "Mozilla/5.0 (Windows NT 6.1; WOW64; rv:14.0) Gecko/20100101 Firefox/14.0.1"
93.219.61.217 - - [12/Aug/2012:10:26:51 +0200] "GET /js_contentserver24_greybox/w_close.gif HTTP/1.1" 200 74 "http://www.mink-gmbh.de/" "Mozilla/5.0 (Windows NT 6.1; WOW64; rv:14.0) Gecko/20100101 Firefox/14.0.1"
93.219.61.217 - - [12/Aug/2012:10:26:51 +0200] "GET /images/close.png HTTP/1.1" 200 703 "http://www.mink-gmbh.de/" "Mozilla/5.0 (Windows NT 6.1; WOW64; rv:14.0) Gecko/20100101 Firefox/14.0.1"
93.219.61.217 - - [12/Aug/2012:10:26:51 +0200] "GET /images/newsletter.png HTTP/1.1" 200 14619 "http://www.mink-gmbh.de/style.css" "Mozilla/5.0 (Windows NT 6.1; WOW64; rv:14.0) Gecko/20100101 Firefox/14.0.1"
93.219.61.217 - - [12/Aug/2012:10:26:50 +0200] "GET / HTTP/1.1" 200 15321 "http://www.google.com/url?sa=t&rct=j&q=&esrc=s&source=web&cd=1&ved=0CFUQFjAA&url=http%3A%2F%2Fwww.mink-gmbh.de%2F&ei=YWgnUMahOsnTtAam0IGABw&usg=AFQjCNFHX4Iglls9oo-KYXTmDUV_5KOVIg" "Mozilla/5.0 (Windows NT 6.1; WOW64; rv:14.0) Gecko/20100101 Firefox/14.0.1"
93.219.61.217 - - [12/Aug/2012:10:26:51 +0200] "GET /images/tkw.jpg HTTP/1.1" 200 64031 "http://www.mink-gmbh.de/" "Mozilla/5.0 (Windows NT 6.1; WOW64; rv:14.0) Gecko/20100101 Firefox/14.0.1"
93.219.61.217 - - [12/Aug/2012:10:26:51 +0200] "GET /images/navibg.png HTTP/1.1" 200 2803 "http://www.mink-gmbh.de/style.css" "Mozilla/5.0 (Windows NT 6.1; WOW64; rv:14.0) Gecko/20100101 Firefox/14.0.1"
93.219.61.217 - - [12/Aug/2012:10:26:51 +0200] "GET /images/steigend.png HTTP/1.1" 200 688 "http://www.mink-gmbh.de/modul.css" "Mozilla/5.0 (Windows NT 6.1; WOW64; rv:14.0) Gecko/20100101 Firefox/14.0.1"
93.219.61.217 - - [12/Aug/2012:10:26:51 +0200] "GET /images/wrapperbg.jpg HTTP/1.1" 200 27465 "http://www.mink-gmbh.de/style.css" "Mozilla/5.0 (Windows NT 6.1; WOW64; rv:14.0) Gecko/20100101 Firefox/14.0.1"
93.219.61.217 - - [12/Aug/2012:10:26:51 +0200] "GET /images/newsletter.jpg HTTP/1.1" 200 13130 "http://www.mink-gmbh.de/style.css" "Mozilla/5.0 (Windows NT 6.1; WOW64; rv:14.0) Gecko/20100101 Firefox/14.0.1"
93.219.61.217 - - [12/Aug/2012:10:26:51 +0200] "GET /images/newsletter_bg.jpg HTTP/1.1" 200 33610 "http://www.mink-gmbh.de/" "Mozilla/5.0 (Windows NT 6.1; WOW64; rv:14.0) Gecko/20100101 Firefox/14.0.1"
93.219.61.217 - - [12/Aug/2012:10:26:51 +0200] "GET /images/header.jpg HTTP/1.1" 200 24413 "http://www.mink-gmbh.de/style.css" "Mozilla/5.0 (Windows NT 6.1; WOW64; rv:14.0) Gecko/20100101 Firefox/14.0.1"
93.219.61.217 - - [12/Aug/2012:10:26:51 +0200] "GET /images/mobil.jpg HTTP/1.1" 200 25293 "http://www.mink-gmbh.de/style.css" "Mozilla/5.0 (Windows NT 6.1; WOW64; rv:14.0) Gecko/20100101 Firefox/14.0.1"
93.219.61.217 - - [12/Aug/2012:10:26:51 +0200] "GET /images/mail.jpg HTTP/1.1" 200 11165 "http://www.mink-gmbh.de/" "Mozilla/5.0 (Windows NT 6.1; WOW64; rv:14.0) Gecko/20100101 Firefox/14.0.1"
93.219.61.217 - - [12/Aug/2012:10:26:51 +0200] "GET /images/kwk.gif HTTP/1.1" 200 6403 "http://www.mink-gmbh.de/" "Mozilla/5.0 (Windows NT 6.1; WOW64; rv:14.0) Gecko/20100101 Firefox/14.0.1"
93.219.61.217 - - [12/Aug/2012:10:26:51 +0200] "GET /images/freecall.jpg HTTP/1.1" 200 39195 "http://www.mink-gmbh.de/" "Mozilla/5.0 (Windows NT 6.1; WOW64; rv:14.0) Gecko/20100101 Firefox/14.0.1"
93.219.61.217 - - [12/Aug/2012:10:26:51 +0200] "GET /images/wunschpreis.jpg HTTP/1.1" 200 16767 "http://www.mink-gmbh.de/" "Mozilla/5.0 (Windows NT 6.1; WOW64; rv:14.0) Gecko/20100101 Firefox/14.0.1"
93.219.61.217 - - [12/Aug/2012:10:26:52 +0200] "GET /images/logos.jpg HTTP/1.1" 200 15002 "http://www.mink-gmbh.de/" "Mozilla/5.0 (Windows NT 6.1; WOW64; rv:14.0) Gecko/20100101 Firefox/14.0.1"
93.219.61.217 - - [12/Aug/2012:10:26:52 +0200] "GET /images/footerbg.jpg HTTP/1.1" 200 2184 "http://www.mink-gmbh.de/style.css" "Mozilla/5.0 (Windows NT 6.1; WOW64; rv:14.0) Gecko/20100101 Firefox/14.0.1"
93.219.61.217 - - [12/Aug/2012:10:26:52 +0200] "GET /js_contentserver24_greybox/loader_frame.html?s=0 HTTP/1.1" 200 2084 "http://www.mink-gmbh.de/" "Mozilla/5.0 (Windows NT 6.1; WOW64; rv:14.0) Gecko/20100101 Firefox/14.0.1"
93.219.61.217 - - [12/Aug/2012:10:26:52 +0200] "GET /js_contentserver24_greybox/header_bg.gif HTTP/1.1" 200 1188 "http://www.mink-gmbh.de/" "Mozilla/5.0 (Windows NT 6.1; WOW64; rv:14.0) Gecko/20100101 Firefox/14.0.1"
93.219.61.217 - - [12/Aug/2012:10:26:52 +0200] "GET /js_contentserver24_greybox/indicator.gif HTTP/1.1" 200 8238 "http://www.mink-gmbh.de/js_contentserver24_greybox/loader_frame.html?s=0" "Mozilla/5.0 (Windows NT 6.1; WOW64; rv:14.0) Gecko/20100101 Firefox/14.0.1"
93.219.61.217 - - [12/Aug/2012:10:26:53 +0200] "GET /js_contentserver24_greybox/g_close.gif HTTP/1.1" 200 541 "http://www.mink-gmbh.de/" "Mozilla/5.0 (Windows NT 6.1; WOW64; rv:14.0) Gecko/20100101 Firefox/14.0.1"
93.219.61.217 - - [12/Aug/2012:10:26:58 +0200] "GET /standard.php HTTP/1.1" 200 9131 "http://www.mink-gmbh.de/" "Mozilla/5.0 (Windows NT 6.1; WOW64; rv:14.0) Gecko/20100101 Firefox/14.0.1"
93.219.61.217 - - [12/Aug/2012:10:27:07 +0200] "GET /.php HTTP/1.1" 404 - "http://www.mink-gmbh.de/standard.php" "Mozilla/5.0 (Windows NT 6.1; WOW64; rv:14.0) Gecko/20100101 Firefox/14.0.1"
93.219.61.217 - - [12/Aug/2012:10:27:09 +0200] "GET /standard.php HTTP/1.1" 200 9131 "http://www.mink-gmbh.de/" "Mozilla/5.0 (Windows NT 6.1; WOW64; rv:14.0) Gecko/20100101 Firefox/14.0.1"
93.219.61.217 - - [12/Aug/2012:10:27:11 +0200] "GET /wunschpreis.php HTTP/1.1" 200 11972 "http://www.mink-gmbh.de/standard.php" "Mozilla/5.0 (Windows NT 6.1; WOW64; rv:14.0) Gecko/20100101 Firefox/14.0.1"
93.219.61.217 - - [12/Aug/2012:10:27:12 +0200] "GET /preisanfrage.php HTTP/1.1" 200 10623 "http://www.mink-gmbh.de/wunschpreis.php" "Mozilla/5.0 (Windows NT 6.1; WOW64; rv:14.0) Gecko/20100101 Firefox/14.0.1"
88.198.67.134 - - [12/Aug/2012:10:30:27 +0200] "GET /robots.txt HTTP/1.1" 200 177 "-" "Pixray-Seeker/1.1 (Pixray-Seeker; http://www.pixray.com/pixraybot; crawler@pixray.com)"
88.198.67.134 - - [12/Aug/2012:10:30:28 +0200] "GET /news.php?cs_go=archiv&cs_id=2025&cs_search= HTTP/1.1" 200 15359 "-" "Pixray-Seeker/1.1 (Pixray-Seeker; http://www.pixray.com/pixraybot; crawler@pixray.com)"
88.198.67.134 - - [12/Aug/2012:10:31:40 +0200] "GET /lexikon.php?cs_go=3&cs_id=146 HTTP/1.1" 200 8548 "-" "Pixray-Seeker/1.1 (Pixray-Seeker; http://www.pixray.com/pixraybot; crawler@pixray.com)"
88.198.67.134 - - [12/Aug/2012:10:34:56 +0200] "GET /news.php?cs_go=archiv&cs_id=2135&cs_search= HTTP/1.1" 200 9660 "-" "Pixray-Seeker/1.1 (Pixray-Seeker; http://www.pixray.com/pixraybot; crawler@pixray.com)"
88.198.67.134 - - [12/Aug/2012:10:35:37 +0200] "GET /news.php?cs_go=archiv&cs_id=1904&cs_search= HTTP/1.1" 200 13990 "-" "Pixray-Seeker/1.1 (Pixray-Seeker; http://www.pixray.com/pixraybot; crawler@pixray.com)"
88.198.67.134 - - [12/Aug/2012:10:36:37 +0200] "GET /news.php?cs_go=archiv&cs_id=1984&cs_search= HTTP/1.1" 200 9501 "-" "Pixray-Seeker/1.1 (Pixray-Seeker; http://www.pixray.com/pixraybot; crawler@pixray.com)"
88.198.67.134 - - [12/Aug/2012:10:38:28 +0200] "GET /lexikon.php?cs_go=3&cs_id=79 HTTP/1.1" 200 7916 "-" "Pixray-Seeker/1.1 (Pixray-Seeker; http://www.pixray.com/pixraybot; crawler@pixray.com)"
88.198.67.134 - - [12/Aug/2012:10:39:28 +0200] "GET /news.php?cs_go=archiv&cs_id=2364&cs_search= HTTP/1.1" 200 12251 "-" "Pixray-Seeker/1.1 (Pixray-Seeker; http://www.pixray.com/pixraybot; crawler@pixray.com)"
66.249.73.85 - - [12/Aug/2012:10:46:01 +0200] "GET /news.php?cs_go=archiv&cs_id=2698&cs_search= HTTP/1.1" 200 13530 "-" "Mozilla/5.0 (compatible; Googlebot/2.1; +http://www.google.com/bot.html)"
188.40.66.214 - - [12/Aug/2012:10:51:58 +0200] "GET /robots.txt HTTP/1.1" 200 177 "-" "Pixray-Seeker/1.1 (Pixray-Seeker; http://www.pixray.com/pixraybot; crawler@pixray.com)"
188.40.66.214 - - [12/Aug/2012:10:51:58 +0200] "GET /news.php?cs_go=archiv&cs_id=2016&cs_search= HTTP/1.1" 200 15383 "-" "Pixray-Seeker/1.1 (Pixray-Seeker; http://www.pixray.com/pixraybot; crawler@pixray.com)"
188.40.66.214 - - [12/Aug/2012:10:53:28 +0200] "GET /news.php?cs_go=archiv&cs_id=2254&cs_search= HTTP/1.1" 200 9882 "-" "Pixray-Seeker/1.1 (Pixray-Seeker; http://www.pixray.com/pixraybot; crawler@pixray.com)"
188.40.66.214 - - [12/Aug/2012:10:53:31 +0200] "GET /lexikon.php?cs_go=3&cs_id=171 HTTP/1.1" 200 7923 "-" "Pixray-Seeker/1.1 (Pixray-Seeker; http://www.pixray.com/pixraybot; crawler@pixray.com)"
46.4.19.85 - - [12/Aug/2012:11:06:19 +0200] "GET /robots.txt HTTP/1.1" 200 177 "-" "Pixray-Seeker/1.1 (Pixray-Seeker; http://www.pixray.com/pixraybot; crawler@pixray.com)"
46.4.19.85 - - [12/Aug/2012:11:06:19 +0200] "GET /news.php?cs_go=archiv&cs_id=2566&cs_search= HTTP/1.1" 200 12212 "-" "Pixray-Seeker/1.1 (Pixray-Seeker; http://www.pixray.com/pixraybot; crawler@pixray.com)"
46.4.19.85 - - [12/Aug/2012:11:08:31 +0200] "GET /news.php?cs_go=archiv&cs_id=2319&cs_search= HTTP/1.1" 200 9231 "-" "Pixray-Seeker/1.1 (Pixray-Seeker; http://www.pixray.com/pixraybot; crawler@pixray.com)"
46.4.19.85 - - [12/Aug/2012:11:11:54 +0200] "GET /news.php?cs_go=archiv&cs_startpos=160 HTTP/1.1" 200 22989 "-" "Pixray-Seeker/1.1 (Pixray-Seeker; http://www.pixray.com/pixraybot; crawler@pixray.com)"
46.4.19.85 - - [12/Aug/2012:11:12:00 +0200] "GET /news.php?cs_go=archiv&cs_startpos=1091 HTTP/1.1" 200 22947 "-" "Pixray-Seeker/1.1 (Pixray-Seeker; http://www.pixray.com/pixraybot; crawler@pixray.com)"
46.4.19.85 - - [12/Aug/2012:11:16:03 +0200] "GET /news.php?cs_go=archiv&cs_id=2090&cs_search= HTTP/1.1" 200 10092 "-" "Pixray-Seeker/1.1 (Pixray-Seeker; http://www.pixray.com/pixraybot; crawler@pixray.com)"
123.125.71.76 - - [12/Aug/2012:11:20:31 +0200] "GET /images/logos.jpg HTTP/1.1" 200 15002 "http://image.baidu.com/i?ct=503316480&z=0&tn=baiduimagedetail" "Baiduspider-image+(+http://www.baidu.com/search/spider.htm)"
46.4.118.75 - - [12/Aug/2012:11:22:24 +0200] "GET /robots.txt HTTP/1.1" 200 177 "-" "Pixray-Seeker/1.1 (Pixray-Seeker; http://www.pixray.com/pixraybot; crawler@pixray.com)"
46.4.118.75 - - [12/Aug/2012:11:22:24 +0200] "GET /news.php?cs_go=archiv&cs_id=1735&cs_search= HTTP/1.1" 200 15086 "-" "Pixray-Seeker/1.1 (Pixray-Seeker; http://www.pixray.com/pixraybot; crawler@pixray.com)"
46.4.118.75 - - [12/Aug/2012:11:26:33 +0200] "GET /news.php?cs_go=archiv&cs_id=2686&cs_search= HTTP/1.1" 200 10105 "-" "Pixray-Seeker/1.1 (Pixray-Seeker; http://www.pixray.com/pixraybot; crawler@pixray.com)"
46.4.118.75 - - [12/Aug/2012:11:26:41 +0200] "GET /news.php?cs_go=archiv&cs_startpos=830 HTTP/1.1" 200 23118 "-" "Pixray-Seeker/1.1 (Pixray-Seeker; http://www.pixray.com/pixraybot; crawler@pixray.com)"
66.249.73.85 - - [12/Aug/2012:11:29:33 +0200] "GET /news.php?cs_go=archiv&cs_id=2909&cs_search= HTTP/1.1" 200 14317 "-" "Mozilla/5.0 (compatible; Googlebot/2.1; +http://www.google.com/bot.html)"
89.247.62.188 - - [12/Aug/2012:11:35:22 +0200] "GET /style.css HTTP/1.1" 200 8418 "http://www.mink-gmbh.de/index.php" "Mozilla/5.0 (Windows NT 6.1; rv:14.0) Gecko/20100101 Firefox/14.0.1"
89.247.62.188 - - [12/Aug/2012:11:35:22 +0200] "GET /modul.css HTTP/1.1" 200 35038 "http://www.mink-gmbh.de/index.php" "Mozilla/5.0 (Windows NT 6.1; rv:14.0) Gecko/20100101 Firefox/14.0.1"
89.247.62.188 - - [12/Aug/2012:11:35:22 +0200] "GET /favicon.ico HTTP/1.1" 200 3638 "-" "Mozilla/5.0 (Windows NT 6.1; rv:14.0) Gecko/20100101 Firefox/14.0.1"
89.247.62.188 - - [12/Aug/2012:11:35:23 +0200] "GET /js_contentserver24_greybox/gb_styles.css HTTP/1.1" 200 2302 "http://www.mink-gmbh.de/index.php" "Mozilla/5.0 (Windows NT 6.1; rv:14.0) Gecko/20100101 Firefox/14.0.1"
89.247.62.188 - - [12/Aug/2012:11:35:23 +0200] "GET /js_contentserver24_greybox/AJS.js HTTP/1.1" 200 10396 "http://www.mink-gmbh.de/index.php" "Mozilla/5.0 (Windows NT 6.1; rv:14.0) Gecko/20100101 Firefox/14.0.1"
89.247.62.188 - - [12/Aug/2012:11:35:23 +0200] "GET /js_contentserver24_greybox/AJS_fx.js HTTP/1.1" 200 3192 "http://www.mink-gmbh.de/index.php" "Mozilla/5.0 (Windows NT 6.1; rv:14.0) Gecko/20100101 Firefox/14.0.1"
89.247.62.188 - - [12/Aug/2012:11:35:23 +0200] "GET /js_contentserver24_greybox/gb_scripts.js HTTP/1.1" 200 11913 "http://www.mink-gmbh.de/index.php" "Mozilla/5.0 (Windows NT 6.1; rv:14.0) Gecko/20100101 Firefox/14.0.1"
89.247.62.188 - - [12/Aug/2012:11:35:22 +0200] "GET /index.php HTTP/1.1" 200 15321 "-" "Mozilla/5.0 (Windows NT 6.1; rv:14.0) Gecko/20100101 Firefox/14.0.1"
89.247.62.188 - - [12/Aug/2012:11:35:24 +0200] "GET /images/freecall.jpg HTTP/1.1" 200 39195 "http://www.mink-gmbh.de/index.php" "Mozilla/5.0 (Windows NT 6.1; rv:14.0) Gecko/20100101 Firefox/14.0.1"
89.247.62.188 - - [12/Aug/2012:11:35:24 +0200] "GET /images/mail.jpg HTTP/1.1" 200 11165 "http://www.mink-gmbh.de/index.php" "Mozilla/5.0 (Windows NT 6.1; rv:14.0) Gecko/20100101 Firefox/14.0.1"
89.247.62.188 - - [12/Aug/2012:11:35:24 +0200] "GET /images/kwk.gif HTTP/1.1" 200 6403 "http://www.mink-gmbh.de/index.php" "Mozilla/5.0 (Windows NT 6.1; rv:14.0) Gecko/20100101 Firefox/14.0.1"
89.247.62.188 - - [12/Aug/2012:11:35:24 +0200] "GET /images/wunschpreis.jpg HTTP/1.1" 200 16767 "http://www.mink-gmbh.de/index.php" "Mozilla/5.0 (Windows NT 6.1; rv:14.0) Gecko/20100101 Firefox/14.0.1"
89.247.62.188 - - [12/Aug/2012:11:35:24 +0200] "GET /images/logos.jpg HTTP/1.1" 200 15002 "http://www.mink-gmbh.de/index.php" "Mozilla/5.0 (Windows NT 6.1; rv:14.0) Gecko/20100101 Firefox/14.0.1"
