62.214.152.186 - - [20/Aug/2012:15:47:26 +0200] "GET /images/close.png HTTP/1.1" 200 703 "http://www.mink-gmbh.de/" "Mozilla/4.0 (compatible; MSIE 8.0; Windows NT 5.2; Trident/4.0; .NET CLR 1.1.4322; .NET CLR 2.0.50727)"
62.214.152.186 - - [20/Aug/2012:15:47:26 +0200] "GET /images/newsletter.png HTTP/1.1" 200 14619 "http://www.mink-gmbh.de/" "Mozilla/4.0 (compatible; MSIE 8.0; Windows NT 5.2; Trident/4.0; .NET CLR 1.1.4322; .NET CLR 2.0.50727)"
62.214.152.186 - - [20/Aug/2012:15:47:26 +0200] "GET /images/header.jpg HTTP/1.1" 200 24413 "http://www.mink-gmbh.de/" "Mozilla/4.0 (compatible; MSIE 8.0; Windows NT 5.2; Trident/4.0; .NET CLR 1.1.4322; .NET CLR 2.0.50727)"
62.214.152.186 - - [20/Aug/2012:15:47:26 +0200] "GET /images/steigend.png HTTP/1.1" 200 688 "http://www.mink-gmbh.de/" "Mozilla/4.0 (compatible; MSIE 8.0; Windows NT 5.2; Trident/4.0; .NET CLR 1.1.4322; .NET CLR 2.0.50727)"
62.214.152.186 - - [20/Aug/2012:15:47:26 +0200] "GET /images/fallend.png HTTP/1.1" 200 713 "http://www.mink-gmbh.de/" "Mozilla/4.0 (compatible; MSIE 8.0; Windows NT 5.2; Trident/4.0; .NET CLR 1.1.4322; .NET CLR 2.0.50727)"
62.214.152.186 - - [20/Aug/2012:15:47:26 +0200] "GET /images/mobil.jpg HTTP/1.1" 200 25293 "http://www.mink-gmbh.de/" "Mozilla/4.0 (compatible; MSIE 8.0; Windows NT 5.2; Trident/4.0; .NET CLR 1.1.4322; .NET CLR 2.0.50727)"
62.214.152.186 - - [20/Aug/2012:15:47:26 +0200] "GET /images/logos.jpg HTTP/1.1" 200 15002 "http://www.mink-gmbh.de/" "Mozilla/4.0 (compatible; MSIE 8.0; Windows NT 5.2; Trident/4.0; .NET CLR 1.1.4322; .NET CLR 2.0.50727)"
62.214.152.186 - - [20/Aug/2012:15:47:26 +0200] "GET /images/footerbg.jpg HTTP/1.1" 200 2184 "http://www.mink-gmbh.de/" "Mozilla/4.0 (compatible; MSIE 8.0; Windows NT 5.2; Trident/4.0; .NET CLR 1.1.4322; .NET CLR 2.0.50727)"
62.214.152.186 - - [20/Aug/2012:15:47:26 +0200] "GET /images/newsletter_bg.jpg HTTP/1.1" 200 33610 "http://www.mink-gmbh.de/" "Mozilla/4.0 (compatible; MSIE 8.0; Windows NT 5.2; Trident/4.0; .NET CLR 1.1.4322; .NET CLR 2.0.50727)"
62.214.152.186 - - [20/Aug/2012:15:47:26 +0200] "GET /js_contentserver24_greybox/header_bg.gif HTTP/1.1" 200 1188 "http://www.mink-gmbh.de/" "Mozilla/4.0 (compatible; MSIE 8.0; Windows NT 5.2; Trident/4.0; .NET CLR 1.1.4322; .NET CLR 2.0.50727)"
62.214.152.186 - - [20/Aug/2012:15:47:26 +0200] "GET /images/newsletter.jpg HTTP/1.1" 200 13130 "http://www.mink-gmbh.de/" "Mozilla/4.0 (compatible; MSIE 8.0; Windows NT 5.2; Trident/4.0; .NET CLR 1.1.4322; .NET CLR 2.0.50727)"
62.214.152.186 - - [20/Aug/2012:15:47:26 +0200] "GET /js_contentserver24_greybox/loader_frame.html?s=0 HTTP/1.1" 200 2084 "http://www.mink-gmbh.de/" "Mozilla/4.0 (compatible; MSIE 8.0; Windows NT 5.2; Trident/4.0; .NET CLR 1.1.4322; .NET CLR 2.0.50727)"
62.214.152.186 - - [20/Aug/2012:15:47:26 +0200] "GET /js_contentserver24_greybox/indicator.gif HTTP/1.1" 200 8238 "http://www.mink-gmbh.de/js_contentserver24_greybox/loader_frame.html?s=0" "Mozilla/4.0 (compatible; MSIE 8.0; Windows NT 5.2; Trident/4.0; .NET CLR 1.1.4322; .NET CLR 2.0.50727)"
62.214.152.186 - - [20/Aug/2012:15:47:27 +0200] "GET /favicon.ico HTTP/1.1" 200 3638 "-" "Mozilla/4.0 (compatible; MSIE 8.0; Windows NT 5.2; Trident/4.0; .NET CLR 1.1.4322; .NET CLR 2.0.50727)"
62.214.152.186 - - [20/Aug/2012:15:47:27 +0200] "GET /js_contentserver24_greybox/g_close.gif HTTP/1.1" 200 541 "http://www.mink-gmbh.de/" "Mozilla/4.0 (compatible; MSIE 8.0; Windows NT 5.2; Trident/4.0; .NET CLR 1.1.4322; .NET CLR 2.0.50727)"
176.9.7.28 - - [20/Aug/2012:15:47:47 +0200] "GET /robots.txt HTTP/1.1" 200 177 "-" "Pixray-Seeker/1.1 (Pixray-Seeker; http://www.pixray.com/pixraybot; crawler@pixray.com)"
176.9.7.28 - - [20/Aug/2012:15:47:47 +0200] "GET /news.php?cs_go=archiv&cs_id=2275&cs_search= HTTP/1.1" 200 9899 "-" "Pixray-Seeker/1.1 (Pixray-Seeker; http://www.pixray.com/pixraybot; crawler@pixray.com)"
62.214.152.186 - - [20/Aug/2012:15:48:05 +0200] "GET /standard.php HTTP/1.1" 200 9131 "http://www.mink-gmbh.de/" "Mozilla/4.0 (compatible; MSIE 8.0; Windows NT 5.2; Trident/4.0; .NET CLR 1.1.4322; .NET CLR 2.0.50727)"
62.214.152.186 - - [20/Aug/2012:15:48:09 +0200] "GET /wunschpreis.php HTTP/1.1" 200 11972 "http://www.mink-gmbh.de/standard.php" "Mozilla/4.0 (compatible; MSIE 8.0; Windows NT 5.2; Trident/4.0; .NET CLR 1.1.4322; .NET CLR 2.0.50727)"
62.214.152.186 - - [20/Aug/2012:15:48:10 +0200] "GET /preisanfrage.php HTTP/1.1" 200 10623 "http://www.mink-gmbh.de/wunschpreis.php" "Mozilla/4.0 (compatible; MSIE 8.0; Windows NT 5.2; Trident/4.0; .NET CLR 1.1.4322; .NET CLR 2.0.50727)"
62.214.152.186 - - [20/Aug/2012:15:48:20 +0200] "GET /impressum.php HTTP/1.1" 200 8495 "http://www.mink-gmbh.de/preisanfrage.php" "Mozilla/4.0 (compatible; MSIE 8.0; Windows NT 5.2; Trident/4.0; .NET CLR 1.1.4322; .NET CLR 2.0.50727)"
213.23.85.73 - - [20/Aug/2012:15:48:28 +0200] "GET /style.css HTTP/1.1" 304 - "-" "Mozilla/4.0 (compatible; MSIE 7.0; Windows NT 5.2; Trident/4.0; .NET CLR 1.1.4322; .NET CLR 2.0.50727)"
213.23.85.73 - - [20/Aug/2012:15:48:28 +0200] "GET /modul.css HTTP/1.1" 304 - "-" "Mozilla/4.0 (compatible; MSIE 7.0; Windows NT 5.2; Trident/4.0; .NET CLR 1.1.4322; .NET CLR 2.0.50727)"
213.23.85.73 - - [20/Aug/2012:15:48:28 +0200] "GET /style.css HTTP/1.1" 304 - "-" "Mozilla/4.0 (compatible; MSIE 7.0; Windows NT 5.2; Trident/4.0; .NET CLR 1.1.4322; .NET CLR 2.0.50727)"
213.23.85.73 - - [20/Aug/2012:15:48:28 +0200] "GET /modul.css HTTP/1.1" 304 - "-" "Mozilla/4.0 (compatible; MSIE 7.0; Windows NT 5.2; Trident/4.0; .NET CLR 1.1.4322; .NET CLR 2.0.50727)"
213.23.85.73 - - [20/Aug/2012:15:48:45 +0200] "GET /style.css HTTP/1.1" 304 - "-" "Mozilla/4.0 (compatible; MSIE 7.0; Windows NT 5.2; Trident/4.0; .NET CLR 1.1.4322; .NET CLR 2.0.50727)"
213.23.85.73 - - [20/Aug/2012:15:48:45 +0200] "GET /modul.css HTTP/1.1" 304 - "-" "Mozilla/4.0 (compatible; MSIE 7.0; Windows NT 5.2; Trident/4.0; .NET CLR 1.1.4322; .NET CLR 2.0.50727)"
213.23.85.73 - - [20/Aug/2012:15:48:45 +0200] "GET /style.css HTTP/1.1" 304 - "-" "Mozilla/4.0 (compatible; MSIE 7.0; Windows NT 5.2; Trident/4.0; .NET CLR 1.1.4322; .NET CLR 2.0.50727)"
213.23.85.73 - - [20/Aug/2012:15:48:45 +0200] "GET /modul.css HTTP/1.1" 304 - "-" "Mozilla/4.0 (compatible; MSIE 7.0; Windows NT 5.2; Trident/4.0; .NET CLR 1.1.4322; .NET CLR 2.0.50727)"
213.23.85.73 - - [20/Aug/2012:15:49:07 +0200] "GET /style.css HTTP/1.1" 304 - "-" "Mozilla/4.0 (compatible; MSIE 7.0; Windows NT 5.2; Trident/4.0; .NET CLR 1.1.4322; .NET CLR 2.0.50727)"
213.23.85.73 - - [20/Aug/2012:15:49:07 +0200] "GET /modul.css HTTP/1.1" 304 - "-" "Mozilla/4.0 (compatible; MSIE 7.0; Windows NT 5.2; Trident/4.0; .NET CLR 1.1.4322; .NET CLR 2.0.50727)"
213.23.85.73 - - [20/Aug/2012:15:49:07 +0200] "GET /style.css HTTP/1.1" 304 - "-" "Mozilla/4.0 (compatible; MSIE 7.0; Windows NT 5.2; Trident/4.0; .NET CLR 1.1.4322; .NET CLR 2.0.50727)"
213.23.85.73 - - [20/Aug/2012:15:49:07 +0200] "GET /modul.css HTTP/1.1" 304 - "-" "Mozilla/4.0 (compatible; MSIE 7.0; Windows NT 5.2; Trident/4.0; .NET CLR 1.1.4322; .NET CLR 2.0.50727)"
176.9.7.28 - - [20/Aug/2012:15:51:58 +0200] "GET /news.php?cs_go=archiv&cs_id=1850&cs_search= HTTP/1.1" 200 13914 "-" "Pixray-Seeker/1.1 (Pixray-Seeker; http://www.pixray.com/pixraybot; crawler@pixray.com)"
66.249.66.211 - - [20/Aug/2012:16:00:05 +0200] "GET / HTTP/1.1" 200 15356 "-" "Mozilla/5.0 (compatible; Googlebot/2.1; +http://www.google.com/bot.html)"
66.249.66.211 - - [20/Aug/2012:16:16:13 +0200] "GET /news.php?cs_go=archiv&cs_startpos=91 HTTP/1.1" 200 23025 "-" "Mozilla/5.0 (compatible; Googlebot/2.1; +http://www.google.com/bot.html)"
208.115.113.91 - - [20/Aug/2012:16:18:35 +0200] "GET /lexikon.php?cs_go=3&cs_id=116 HTTP/1.1" 200 9371 "-" "Mozilla/5.0 (compatible; Ezooms/1.0; ezooms.bot@gmail.com)"
208.115.113.91 - - [20/Aug/2012:16:18:43 +0200] "GET /news.php?cs_go=archiv&cs_startpos=1400 HTTP/1.1" 200 23227 "-" "Mozilla/5.0 (compatible; Ezooms/1.0; ezooms.bot@gmail.com)"
208.115.113.91 - - [20/Aug/2012:16:18:46 +0200] "GET /news.php?cs_go=archiv&cs_startpos=260 HTTP/1.1" 200 23026 "-" "Mozilla/5.0 (compatible; Ezooms/1.0; ezooms.bot@gmail.com)"
66.249.66.211 - - [20/Aug/2012:16:18:54 +0200] "GET /news.php?cs_go=archiv&cs_startpos=1400 HTTP/1.1" 200 23227 "-" "Mozilla/5.0 (compatible; Googlebot/2.1; +http://www.google.com/bot.html)"
66.249.66.211 - - [20/Aug/2012:16:20:29 +0200] "GET /news.php?cs_go=archiv&cs_id=2133&cs_search= HTTP/1.1" 200 10014 "-" "Mozilla/5.0 (compatible; Googlebot/2.1; +http://www.google.com/bot.html)"
66.249.66.211 - - [20/Aug/2012:16:21:39 +0200] "GET /news.php?cs_go=archiv&cs_id=3377 HTTP/1.1" 200 13334 "-" "Mozilla/5.0 (compatible; Googlebot/2.1; +http://www.google.com/bot.html)"
66.249.66.211 - - [20/Aug/2012:16:35:04 +0200] "GET /news.php?cs_go=archiv&cs_id=3291&cs_search= HTTP/1.1" 200 9907 "-" "Mozilla/5.0 (compatible; Googlebot/2.1; +http://www.google.com/bot.html)"
66.249.66.211 - - [20/Aug/2012:16:37:45 +0200] "GET /news.php?cs_go=archiv&cs_id=2568&cs_search= HTTP/1.1" 200 9412 "-" "Mozilla/5.0 (compatible; Googlebot/2.1; +http://www.google.com/bot.html)"
66.249.71.108 - - [20/Aug/2012:16:40:27 +0200] "GET /news.php?cs_go=archiv&cs_id=2737&cs_search= HTTP/1.1" 200 10083 "-" "Mozilla/5.0 (compatible; Googlebot/2.1; +http://www.google.com/bot.html)"
66.249.66.211 - - [20/Aug/2012:16:43:09 +0200] "GET /news.php?cs_go=archiv&cs_id=3292&cs_search= HTTP/1.1" 200 12062 "-" "Mozilla/5.0 (compatible; Googlebot/2.1; +http://www.google.com/bot.html)"
66.249.66.211 - - [20/Aug/2012:16:45:50 +0200] "GET /news.php?cs_go=archiv&cs_startpos=310 HTTP/1.1" 200 22984 "-" "Mozilla/5.0 (compatible; Googlebot/2.1; +http://www.google.com/bot.html)"
66.249.66.211 - - [20/Aug/2012:16:51:13 +0200] "GET /news.php?cs_go=archiv&cs_startpos=1510 HTTP/1.1" 200 22837 "-" "Mozilla/5.0 (compatible; Googlebot/2.1; +http://www.google.com/bot.html)"
66.249.71.108 - - [20/Aug/2012:16:56:36 +0200] "GET /news.php?cs_go=archiv&cs_id=3295&cs_search= HTTP/1.1" 200 13537 "-" "Mozilla/5.0 (compatible; Googlebot/2.1; +http://www.google.com/bot.html)"
66.249.71.108 - - [20/Aug/2012:16:59:30 +0200] "GET /news.php?cs_go=archiv&cs_id=2236&cs_search= HTTP/1.1" 200 12784 "-" "Mozilla/5.0 (compatible; Googlebot/2.1; +http://www.google.com/bot.html)"
66.249.66.211 - - [20/Aug/2012:17:04:41 +0200] "GET /news.php?cs_go=archiv&cs_startpos=81 HTTP/1.1" 200 22928 "-" "Mozilla/5.0 (compatible; Googlebot/2.1; +http://www.google.com/bot.html)"
66.249.66.211 - - [20/Aug/2012:17:12:52 +0200] "GET /news.php?cs_go=archiv&cs_id=3313&cs_search= HTTP/1.1" 200 13692 "-" "Mozilla/5.0 (compatible; Googlebot/2.1; +http://www.google.com/bot.html)"
66.249.71.108 - - [20/Aug/2012:17:20:37 +0200] "GET /news.php?cs_go=archiv&cs_startpos=71 HTTP/1.1" 200 22987 "-" "Mozilla/5.0 (compatible; Googlebot/2.1; +http://www.google.com/bot.html)"
66.249.66.211 - - [20/Aug/2012:17:32:47 +0200] "GET /news.php?cs_go=archiv&cs_id=2129&cs_search= HTTP/1.1" 200 13946 "-" "Mozilla/5.0 (compatible; Googlebot/2.1; +http://www.google.com/bot.html)"
208.115.113.91 - - [20/Aug/2012:17:38:38 +0200] "GET /robots.txt HTTP/1.1" 200 177 "-" "Mozilla/5.0 (compatible; Ezooms/1.0; ezooms.bot@gmail.com)"
66.249.66.211 - - [20/Aug/2012:17:53:32 +0200] "GET /news.php?cs_go=archiv&cs_id=2428&cs_search= HTTP/1.1" 200 14484 "-" "Mozilla/5.0 (compatible; Googlebot/2.1; +http://www.google.com/bot.html)"
188.40.66.214 - - [20/Aug/2012:17:57:33 +0200] "GET /robots.txt HTTP/1.1" 200 177 "-" "Pixray-Seeker/1.1 (Pixray-Seeker; http://www.pixray.com/pixraybot; crawler@pixray.com)"
188.40.66.214 - - [20/Aug/2012:17:57:33 +0200] "GET /news.php?cs_go=archiv&cs_id=2865&cs_search= HTTP/1.1" 200 13635 "-" "Pixray-Seeker/1.1 (Pixray-Seeker; http://www.pixray.com/pixraybot; crawler@pixray.com)"
46.4.92.140 - - [20/Aug/2012:18:08:50 +0200] "GET /robots.txt HTTP/1.1" 200 177 "-" "Pixray-Seeker/1.1 (Pixray-Seeker; http://www.pixray.com/pixraybot; crawler@pixray.com)"
46.4.92.140 - - [20/Aug/2012:18:08:50 +0200] "GET /news.php?cs_go=archiv&cs_id=2459&cs_search= HTTP/1.1" 200 9343 "-" "Pixray-Seeker/1.1 (Pixray-Seeker; http://www.pixray.com/pixraybot; crawler@pixray.com)"
66.249.66.211 - - [20/Aug/2012:18:12:54 +0200] "GET /news.php?cs_go=archiv&cs_id=2722 HTTP/1.1" 200 10280 "-" "Mozilla/5.0 (compatible; Googlebot/2.1; +http://www.google.com/bot.html)"
66.249.71.108 - - [20/Aug/2012:18:14:01 +0200] "GET /news.php?cs_go=archiv&cs_id=2226&cs_search= HTTP/1.1" 200 10273 "-" "Mozilla/5.0 (compatible; Googlebot/2.1; +http://www.google.com/bot.html)"
87.146.210.244 - - [20/Aug/2012:18:17:25 +0200] "GET / HTTP/1.1" 200 15356 "-" "Mozilla/5.0 (compatible; MSIE 9.0; Windows NT 6.1; Trident/5.0)"
87.146.210.244 - - [20/Aug/2012:18:17:26 +0200] "GET /style.css HTTP/1.1" 200 8418 "http://www.mink-gmbh.de/" "Mozilla/5.0 (compatible; MSIE 9.0; Windows NT 6.1; Trident/5.0)"
87.146.210.244 - - [20/Aug/2012:18:17:26 +0200] "GET /modul.css HTTP/1.1" 200 35038 "http://www.mink-gmbh.de/" "Mozilla/5.0 (compatible; MSIE 9.0; Windows NT 6.1; Trident/5.0)"
87.146.210.244 - - [20/Aug/2012:18:17:26 +0200] "GET /js_contentserver24_greybox/AJS.js HTTP/1.1" 200 10396 "http://www.mink-gmbh.de/" "Mozilla/5.0 (compatible; MSIE 9.0; Windows NT 6.1; Trident/5.0)"
87.146.210.244 - - [20/Aug/2012:18:17:26 +0200] "GET /js_contentserver24_greybox/gb_styles.css HTTP/1.1" 200 2302 "http://www.mink-gmbh.de/" "Mozilla/5.0 (compatible; MSIE 9.0; Windows NT 6.1; Trident/5.0)"
87.146.210.244 - - [20/Aug/2012:18:17:26 +0200] "GET /js_contentserver24_greybox/gb_scripts.js HTTP/1.1" 200 11913 "http://www.mink-gmbh.de/" "Mozilla/5.0 (compatible; MSIE 9.0; Windows NT 6.1; Trident/5.0)"
87.146.210.244 - - [20/Aug/2012:18:17:26 +0200] "GET /js_contentserver24_greybox/AJS_fx.js HTTP/1.1" 200 3192 "http://www.mink-gmbh.de/" "Mozilla/5.0 (compatible; MSIE 9.0; Windows NT 6.1; Trident/5.0)"
87.146.210.244 - - [20/Aug/2012:18:17:26 +0200] "GET /images/mail.jpg HTTP/1.1" 200 11165 "http://www.mink-gmbh.de/" "Mozilla/5.0 (compatible; MSIE 9.0; Windows NT 6.1; Trident/5.0)"
87.146.210.244 - - [20/Aug/2012:18:17:26 +0200] "GET /images/tkw.jpg HTTP/1.1" 200 64031 "http://www.mink-gmbh.de/" "Mozilla/5.0 (compatible; MSIE 9.0; Windows NT 6.1; Trident/5.0)"
87.146.210.244 - - [20/Aug/2012:18:17:26 +0200] "GET /images/kwk.gif HTTP/1.1" 200 6403 "http://www.mink-gmbh.de/" "Mozilla/5.0 (compatible; MSIE 9.0; Windows NT 6.1; Trident/5.0)"
87.146.210.244 - - [20/Aug/2012:18:17:26 +0200] "GET /images/wunschpreis.jpg HTTP/1.1" 200 16767 "http://www.mink-gmbh.de/" "Mozilla/5.0 (compatible; MSIE 9.0; Windows NT 6.1; Trident/5.0)"
87.146.210.244 - - [20/Aug/2012:18:17:26 +0200] "GET /images/logos.jpg HTTP/1.1" 200 15002 "http://www.mink-gmbh.de/" "Mozilla/5.0 (compatible; MSIE 9.0; Windows NT 6.1; Trident/5.0)"
87.146.210.244 - - [20/Aug/2012:18:17:26 +0200] "GET /images/freecall.jpg HTTP/1.1" 200 39195 "http://www.mink-gmbh.de/" "Mozilla/5.0 (compatible; MSIE 9.0; Windows NT 6.1; Trident/5.0)"
87.146.210.244 - - [20/Aug/2012:18:17:27 +0200] "GET /images/bg.jpg HTTP/1.1" 200 345 "http://www.mink-gmbh.de/" "Mozilla/5.0 (compatible; MSIE 9.0; Windows NT 6.1; Trident/5.0)"
87.146.210.244 - - [20/Aug/2012:18:17:27 +0200] "GET /js_contentserver24_greybox/w_close.gif HTTP/1.1" 200 74 "http://www.mink-gmbh.de/" "Mozilla/5.0 (compatible; MSIE 9.0; Windows NT 6.1; Trident/5.0)"
87.146.210.244 - - [20/Aug/2012:18:17:27 +0200] "GET /images/newsletter_bg.jpg HTTP/1.1" 200 33610 "http://www.mink-gmbh.de/" "Mozilla/5.0 (compatible; MSIE 9.0; Windows NT 6.1; Trident/5.0)"
87.146.210.244 - - [20/Aug/2012:18:17:27 +0200] "GET /images/wrapperbg.jpg HTTP/1.1" 200 27465 "http://www.mink-gmbh.de/" "Mozilla/5.0 (compatible; MSIE 9.0; Windows NT 6.1; Trident/5.0)"
87.146.210.244 - - [20/Aug/2012:18:17:27 +0200] "GET /images/navibg.png HTTP/1.1" 200 2803 "http://www.mink-gmbh.de/" "Mozilla/5.0 (compatible; MSIE 9.0; Windows NT 6.1; Trident/5.0)"
87.146.210.244 - - [20/Aug/2012:18:17:27 +0200] "GET /images/close.png HTTP/1.1" 200 703 "http://www.mink-gmbh.de/" "Mozilla/5.0 (compatible; MSIE 9.0; Windows NT 6.1; Trident/5.0)"
87.146.210.244 - - [20/Aug/2012:18:17:27 +0200] "GET /images/header.jpg HTTP/1.1" 200 24413 "http://www.mink-gmbh.de/" "Mozilla/5.0 (compatible; MSIE 9.0; Windows NT 6.1; Trident/5.0)"
87.146.210.244 - - [20/Aug/2012:18:17:27 +0200] "GET /images/newsletter.png HTTP/1.1" 200 14619 "http://www.mink-gmbh.de/" "Mozilla/5.0 (compatible; MSIE 9.0; Windows NT 6.1; Trident/5.0)"
87.146.210.244 - - [20/Aug/2012:18:17:27 +0200] "GET /images/steigend.png HTTP/1.1" 200 688 "http://www.mink-gmbh.de/" "Mozilla/5.0 (compatible; MSIE 9.0; Windows NT 6.1; Trident/5.0)"
87.146.210.244 - - [20/Aug/2012:18:17:27 +0200] "GET /images/fallend.png HTTP/1.1" 200 713 "http://www.mink-gmbh.de/" "Mozilla/5.0 (compatible; MSIE 9.0; Windows NT 6.1; Trident/5.0)"
87.146.210.244 - - [20/Aug/2012:18:17:27 +0200] "GET /images/newsletter.jpg HTTP/1.1" 200 13130 "http://www.mink-gmbh.de/" "Mozilla/5.0 (compatible; MSIE 9.0; Windows NT 6.1; Trident/5.0)"
87.146.210.244 - - [20/Aug/2012:18:17:27 +0200] "GET /images/footerbg.jpg HTTP/1.1" 200 2184 "http://www.mink-gmbh.de/" "Mozilla/5.0 (compatible; MSIE 9.0; Windows NT 6.1; Trident/5.0)"
87.146.210.244 - - [20/Aug/2012:18:17:27 +0200] "GET /js_contentserver24_greybox/header_bg.gif HTTP/1.1" 200 1188 "http://www.mink-gmbh.de/" "Mozilla/5.0 (compatible; MSIE 9.0; Windows NT 6.1; Trident/5.0)"
87.146.210.244 - - [20/Aug/2012:18:17:27 +0200] "GET /images/mobil.jpg HTTP/1.1" 200 25293 "http://www.mink-gmbh.de/" "Mozilla/5.0 (compatible; MSIE 9.0; Windows NT 6.1; Trident/5.0)"
87.146.210.244 - - [20/Aug/2012:18:17:27 +0200] "GET /js_contentserver24_greybox/loader_frame.html?s=0 HTTP/1.1" 200 2084 "http://www.mink-gmbh.de/" "Mozilla/5.0 (compatible; MSIE 9.0; Windows NT 6.1; Trident/5.0)"
87.146.210.244 - - [20/Aug/2012:18:17:27 +0200] "GET /js_contentserver24_greybox/indicator.gif HTTP/1.1" 200 8238 "http://www.mink-gmbh.de/js_contentserver24_greybox/loader_frame.html?s=0" "Mozilla/5.0 (compatible; MSIE 9.0; Windows NT 6.1; Trident/5.0)"
87.146.210.244 - - [20/Aug/2012:18:17:27 +0200] "GET /js_contentserver24_greybox/g_close.gif HTTP/1.1" 200 541 "http://www.mink-gmbh.de/" "Mozilla/5.0 (compatible; MSIE 9.0; Windows NT 6.1; Trident/5.0)"
87.146.210.244 - - [20/Aug/2012:18:17:27 +0200] "GET /favicon.ico HTTP/1.1" 200 3638 "-" "Mozilla/5.0 (compatible; MSIE 9.0; Windows NT 6.1; Trident/5.0)"
87.146.210.244 - - [20/Aug/2012:18:18:25 +0200] "GET /standard.php HTTP/1.1" 200 9131 "http://www.mink-gmbh.de/" "Mozilla/5.0 (compatible; MSIE 9.0; Windows NT 6.1; Trident/5.0)"
87.146.210.244 - - [20/Aug/2012:18:18:39 +0200] "GET /preisanfrage.php HTTP/1.1" 200 10623 "http://www.mink-gmbh.de/standard.php" "Mozilla/5.0 (compatible; MSIE 9.0; Windows NT 6.1; Trident/5.0)"
46.4.118.74 - - [20/Aug/2012:18:21:06 +0200] "GET /robots.txt HTTP/1.1" 200 177 "-" "Pixray-Seeker/1.1 (Pixray-Seeker; http://www.pixray.com/pixraybot; crawler@pixray.com)"
46.4.118.74 - - [20/Aug/2012:18:21:06 +0200] "GET /news.php?cs_go=archiv&cs_id=2458&cs_search= HTTP/1.1" 200 14248 "-" "Pixray-Seeker/1.1 (Pixray-Seeker; http://www.pixray.com/pixraybot; crawler@pixray.com)"
66.249.66.211 - - [20/Aug/2012:18:40:17 +0200] "GET /news.php?cs_go=archiv&cs_id=2441&cs_search= HTTP/1.1" 200 9847 "-" "Mozilla/5.0 (compatible; Googlebot/2.1; +http://www.google.com/bot.html)"
66.249.71.108 - - [20/Aug/2012:19:04:04 +0200] "GET /news.php?cs_go=archiv&cs_id=2474&cs_search= HTTP/1.1" 200 14439 "-" "Mozilla/5.0 (compatible; Googlebot/2.1; +http://www.google.com/bot.html)"
66.249.66.211 - - [20/Aug/2012:19:11:29 +0200] "GET /news.php HTTP/1.1" 200 22419 "-" "Mozilla/5.0 (iPhone; U; CPU iPhone OS 4_1 like Mac OS X; en-us) AppleWebKit/532.9 (KHTML, like Gecko) Version/4.0.5 Mobile/8B117 Safari/6531.22.7 (compatible; Googlebot-Mobile/2.1; +http://www.google.com/bot.html)"
93.219.54.22 - - [20/Aug/2012:19:15:09 +0200] "GET /style.css HTTP/1.1" 200 8418 "http://www.mink-gmbh.de/" "Mozilla/5.0 (Windows NT 6.0; rv:14.0) Gecko/20100101 Firefox/14.0.1"
93.219.54.22 - - [20/Aug/2012:19:15:09 +0200] "GET /modul.css HTTP/1.1" 200 35038 "http://www.mink-gmbh.de/" "Mozilla/5.0 (Windows NT 6.0; rv:14.0) Gecko/20100101 Firefox/14.0.1"
93.219.54.22 - - [20/Aug/2012:19:15:09 +0200] "GET /favicon.ico HTTP/1.1" 200 3638 "-" "Mozilla/5.0 (Windows NT 6.0; rv:14.0) Gecko/20100101 Firefox/14.0.1"
93.219.54.22 - - [20/Aug/2012:19:15:09 +0200] "GET /js_contentserver24_greybox/gb_styles.css HTTP/1.1" 200 2302 "http://www.mink-gmbh.de/" "Mozilla/5.0 (Windows NT 6.0; rv:14.0) Gecko/20100101 Firefox/14.0.1"
93.219.54.22 - - [20/Aug/2012:19:15:09 +0200] "GET /js_contentserver24_greybox/AJS.js HTTP/1.1" 200 10396 "http://www.mink-gmbh.de/" "Mozilla/5.0 (Windows NT 6.0; rv:14.0) Gecko/20100101 Firefox/14.0.1"
93.219.54.22 - - [20/Aug/2012:19:15:09 +0200] "GET /js_contentserver24_greybox/AJS_fx.js HTTP/1.1" 200 3192 "http://www.mink-gmbh.de/" "Mozilla/5.0 (Windows NT 6.0; rv:14.0) Gecko/20100101 Firefox/14.0.1"
93.219.54.22 - - [20/Aug/2012:19:15:09 +0200] "GET /js_contentserver24_greybox/gb_scripts.js HTTP/1.1" 200 11913 "http://www.mink-gmbh.de/" "Mozilla/5.0 (Windows NT 6.0; rv:14.0) Gecko/20100101 Firefox/14.0.1"
93.219.54.22 - - [20/Aug/2012:19:15:09 +0200] "GET /images/bg.jpg HTTP/1.1" 200 345 "http://www.mink-gmbh.de/style.css" "Mozilla/5.0 (Windows NT 6.0; rv:14.0) Gecko/20100101 Firefox/14.0.1"
93.219.54.22 - - [20/Aug/2012:19:15:09 +0200] "GET /js_contentserver24_greybox/w_close.gif HTTP/1.1" 200 74 "http://www.mink-gmbh.de/" "Mozilla/5.0 (Windows NT 6.0; rv:14.0) Gecko/20100101 Firefox/14.0.1"
93.219.54.22 - - [20/Aug/2012:19:15:09 +0200] "GET /images/close.png HTTP/1.1" 200 703 "http://www.mink-gmbh.de/" "Mozilla/5.0 (Windows NT 6.0; rv:14.0) Gecko/20100101 Firefox/14.0.1"
93.219.54.22 - - [20/Aug/2012:19:15:09 +0200] "GET /images/newsletter.png HTTP/1.1" 200 14619 "http://www.mink-gmbh.de/style.css" "Mozilla/5.0 (Windows NT 6.0; rv:14.0) Gecko/20100101 Firefox/14.0.1"
93.219.54.22 - - [20/Aug/2012:19:15:09 +0200] "GET /images/newsletter_bg.jpg HTTP/1.1" 200 33610 "http://www.mink-gmbh.de/" "Mozilla/5.0 (Windows NT 6.0; rv:14.0) Gecko/20100101 Firefox/14.0.1"
93.219.54.22 - - [20/Aug/2012:19:15:09 +0200] "GET /images/wrapperbg.jpg HTTP/1.1" 200 27465 "http://www.mink-gmbh.de/style.css" "Mozilla/5.0 (Windows NT 6.0; rv:14.0) Gecko/20100101 Firefox/14.0.1"
93.219.54.22 - - [20/Aug/2012:19:15:09 +0200] "GET /images/header.jpg HTTP/1.1" 200 24413 "http://www.mink-gmbh.de/style.css" "Mozilla/5.0 (Windows NT 6.0; rv:14.0) Gecko/20100101 Firefox/14.0.1"
93.219.54.22 - - [20/Aug/2012:19:15:09 +0200] "GET /images/navibg.png HTTP/1.1" 200 2803 "http://www.mink-gmbh.de/style.css" "Mozilla/5.0 (Windows NT 6.0; rv:14.0) Gecko/20100101 Firefox/14.0.1"
93.219.54.22 - - [20/Aug/2012:19:15:09 +0200] "GET /images/steigend.png HTTP/1.1" 200 688 "http://www.mink-gmbh.de/modul.css" "Mozilla/5.0 (Windows NT 6.0; rv:14.0) Gecko/20100101 Firefox/14.0.1"
93.219.54.22 - - [20/Aug/2012:19:15:09 +0200] "GET /images/fallend.png HTTP/1.1" 200 713 "http://www.mink-gmbh.de/modul.css" "Mozilla/5.0 (Windows NT 6.0; rv:14.0) Gecko/20100101 Firefox/14.0.1"
93.219.54.22 - - [20/Aug/2012:19:15:09 +0200] "GET /images/tkw.jpg HTTP/1.1" 200 64031 "http://www.mink-gmbh.de/" "Mozilla/5.0 (Windows NT 6.0; rv:14.0) Gecko/20100101 Firefox/14.0.1"
93.219.54.22 - - [20/Aug/2012:19:15:10 +0200] "GET /js_contentserver24_greybox/loader_frame.html?s=0 HTTP/1.1" 200 2084 "http://www.mink-gmbh.de/" "Mozilla/5.0 (Windows NT 6.0; rv:14.0) Gecko/20100101 Firefox/14.0.1"
93.219.54.22 - - [20/Aug/2012:19:15:10 +0200] "GET /images/mobil.jpg HTTP/1.1" 200 25293 "http://www.mink-gmbh.de/style.css" "Mozilla/5.0 (Windows NT 6.0; rv:14.0) Gecko/20100101 Firefox/14.0.1"
93.219.54.22 - - [20/Aug/2012:19:15:10 +0200] "GET /images/newsletter.jpg HTTP/1.1" 200 13130 "http://www.mink-gmbh.de/style.css" "Mozilla/5.0 (Windows NT 6.0; rv:14.0) Gecko/20100101 Firefox/14.0.1"
93.219.54.22 - - [20/Aug/2012:19:15:10 +0200] "GET /js_contentserver24_greybox/header_bg.gif HTTP/1.1" 200 1188 "http://www.mink-gmbh.de/" "Mozilla/5.0 (Windows NT 6.0; rv:14.0) Gecko/20100101 Firefox/14.0.1"
93.219.54.22 - - [20/Aug/2012:19:15:10 +0200] "GET /js_contentserver24_greybox/indicator.gif HTTP/1.1" 200 8238 "http://www.mink-gmbh.de/js_contentserver24_greybox/loader_frame.html?s=0" "Mozilla/5.0 (Windows NT 6.0; rv:14.0) Gecko/20100101 Firefox/14.0.1"
93.219.54.22 - - [20/Aug/2012:19:15:09 +0200] "GET / HTTP/1.1" 200 15356 "http://www.google.de/url?sa=t&rct=j&q=mink%20heiz%C3%B6l&source=web&cd=1&ved=0CD0QFjAA&url=http%3A%2F%2Fwww.mink-gmbh.de%2F&ei=FHAyUI-gGofmtQatiYDAAw&usg=AFQjCNFHX4Iglls9oo-KYXTmDUV_5KOVIg" "Mozilla/5.0 (Windows NT 6.0; rv:14.0) Gecko/20100101 Firefox/14.0.1"
93.219.54.22 - - [20/Aug/2012:19:15:13 +0200] "GET /images/freecall.jpg HTTP/1.1" 200 39195 "http://www.mink-gmbh.de/" "Mozilla/5.0 (Windows NT 6.0; rv:14.0) Gecko/20100101 Firefox/14.0.1"
93.219.54.22 - - [20/Aug/2012:19:15:13 +0200] "GET /images/mail.jpg HTTP/1.1" 200 11165 "http://www.mink-gmbh.de/" "Mozilla/5.0 (Windows NT 6.0; rv:14.0) Gecko/20100101 Firefox/14.0.1"
93.219.54.22 - - [20/Aug/2012:19:15:13 +0200] "GET /images/kwk.gif HTTP/1.1" 200 6403 "http://www.mink-gmbh.de/" "Mozilla/5.0 (Windows NT 6.0; rv:14.0) Gecko/20100101 Firefox/14.0.1"
93.219.54.22 - - [20/Aug/2012:19:15:13 +0200] "GET /images/wunschpreis.jpg HTTP/1.1" 200 16767 "http://www.mink-gmbh.de/" "Mozilla/5.0 (Windows NT 6.0; rv:14.0) Gecko/20100101 Firefox/14.0.1"
93.219.54.22 - - [20/Aug/2012:19:15:13 +0200] "GET /images/logos.jpg HTTP/1.1" 200 15002 "http://www.mink-gmbh.de/" "Mozilla/5.0 (Windows NT 6.0; rv:14.0) Gecko/20100101 Firefox/14.0.1"
93.219.54.22 - - [20/Aug/2012:19:15:13 +0200] "GET /images/footerbg.jpg HTTP/1.1" 200 2184 "http://www.mink-gmbh.de/style.css" "Mozilla/5.0 (Windows NT 6.0; rv:14.0) Gecko/20100101 Firefox/14.0.1"
93.219.54.22 - - [20/Aug/2012:19:15:13 +0200] "GET /js_contentserver24_greybox/g_close.gif HTTP/1.1" 200 541 "http://www.mink-gmbh.de/" "Mozilla/5.0 (Windows NT 6.0; rv:14.0) Gecko/20100101 Firefox/14.0.1"
93.219.54.22 - - [20/Aug/2012:19:17:55 +0200] "GET /wunschpreis.php HTTP/1.1" 200 11972 "http://www.mink-gmbh.de/" "Mozilla/5.0 (Windows NT 6.0; rv:14.0) Gecko/20100101 Firefox/14.0.1"
93.219.54.22 - - [20/Aug/2012:19:18:13 +0200] "GET /preisanfrage.php HTTP/1.1" 200 10623 "http://www.mink-gmbh.de/wunschpreis.php" "Mozilla/5.0 (Windows NT 6.0; rv:14.0) Gecko/20100101 Firefox/14.0.1"
93.219.54.22 - - [20/Aug/2012:19:18:17 +0200] "GET /wunschpreis.php HTTP/1.1" 200 11972 "http://www.mink-gmbh.de/" "Mozilla/5.0 (Windows NT 6.0; rv:14.0) Gecko/20100101 Firefox/14.0.1"
66.249.66.211 - - [20/Aug/2012:19:30:59 +0200] "GET /news.php?cs_go=archiv&cs_id=2387&cs_search= HTTP/1.1" 200 10663 "-" "Mozilla/5.0 (compatible; Googlebot/2.1; +http://www.google.com/bot.html)"
208.115.111.75 - - [20/Aug/2012:19:34:08 +0200] "GET /robots.txt HTTP/1.1" 200 177 "-" "Mozilla/5.0 (compatible; Ezooms/1.0; ezooms.bot@gmail.com)"
46.4.119.231 - - [20/Aug/2012:19:36:01 +0200] "GET /robots.txt HTTP/1.1" 200 177 "-" "Pixray-Seeker/1.1 (Pixray-Seeker; http://www.pixray.com/pixraybot; crawler@pixray.com)"
46.4.119.231 - - [20/Aug/2012:19:36:01 +0200] "GET /news.php?cs_go=archiv&cs_id=2116&cs_search= HTTP/1.1" 200 10013 "-" "Pixray-Seeker/1.1 (Pixray-Seeker; http://www.pixray.com/pixraybot; crawler@pixray.com)"
66.249.71.108 - - [20/Aug/2012:19:51:25 +0200] "GET /news.php?cs_go=archiv&cs_id=2434&cs_search= HTTP/1.1" 200 9216 "-" "Mozilla/5.0 (compatible; Googlebot/2.1; +http://www.google.com/bot.html)"
208.115.113.91 - - [20/Aug/2012:19:56:20 +0200] "GET /lexikon.php?cs_go=3&cs_id=140 HTTP/1.1" 200 8745 "-" "Mozilla/5.0 (compatible; Ezooms/1.0; ezooms.bot@gmail.com)"
208.115.113.91 - - [20/Aug/2012:19:56:33 +0200] "GET /news.php?cs_go=archiv&cs_id=1795&cs_search= HTTP/1.1" 200 14062 "-" "Mozilla/5.0 (compatible; Ezooms/1.0; ezooms.bot@gmail.com)"
208.115.113.91 - - [20/Aug/2012:19:56:35 +0200] "GET /news.php?cs_go=archiv&cs_id=2939&cs_search= HTTP/1.1" 200 13763 "-" "Mozilla/5.0 (compatible; Ezooms/1.0; ezooms.bot@gmail.com)"
208.115.113.91 - - [20/Aug/2012:19:56:39 +0200] "GET /news.php?cs_go=archiv&cs_id=2981&cs_search= HTTP/1.1" 200 11725 "-" "Mozilla/5.0 (compatible; Ezooms/1.0; ezooms.bot@gmail.com)"
208.115.113.91 - - [20/Aug/2012:19:56:41 +0200] "GET /news.php?cs_go=archiv&cs_id=3019&cs_search= HTTP/1.1" 200 11441 "-" "Mozilla/5.0 (compatible; Ezooms/1.0; ezooms.bot@gmail.com)"
208.115.113.91 - - [20/Aug/2012:19:56:45 +0200] "GET /news.php?cs_go=archiv&cs_id=3129&cs_search= HTTP/1.1" 200 12173 "-" "Mozilla/5.0 (compatible; Ezooms/1.0; ezooms.bot@gmail.com)"
208.115.113.91 - - [20/Aug/2012:19:56:49 +0200] "GET /news.php?cs_go=archiv&cs_id=3260&cs_search= HTTP/1.1" 200 13439 "-" "Mozilla/5.0 (compatible; Ezooms/1.0; ezooms.bot@gmail.com)"
65.36.241.79 - - [20/Aug/2012:20:05:10 +0200] "HEAD / HTTP/1.1" 200 - "-" "InternetSeer.com"
88.198.65.99 - - [20/Aug/2012:20:08:35 +0200] "GET /robots.txt HTTP/1.1" 200 177 "-" "Pixray-Seeker/1.1 (Pixray-Seeker; http://www.pixray.com/pixraybot; crawler@pixray.com)"
88.198.65.99 - - [20/Aug/2012:20:08:35 +0200] "GET /news.php?cs_go=archiv&cs_id=2071&cs_search= HTTP/1.1" 200 10464 "-" "Pixray-Seeker/1.1 (Pixray-Seeker; http://www.pixray.com/pixraybot; crawler@pixray.com)"
66.249.67.84 - - [20/Aug/2012:20:13:05 +0200] "GET /robots.txt HTTP/1.1" 200 177 "-" "Mozilla/5.0 (compatible; Googlebot/2.1; +http://www.google.com/bot.html)"
66.249.67.84 - - [20/Aug/2012:20:13:05 +0200] "GET /news.php?cs_go=archiv&cs_id=2130&cs_search= HTTP/1.1" 200 10129 "-" "Mozilla/5.0 (compatible; Googlebot/2.1; +http://www.google.com/bot.html)"
62.75.243.115 - - [20/Aug/2012:20:13:11 +0200] "GET /standard.php HTTP/1.1" 200 7148 "-" "findlinks/2.6 (+http://wortschatz.uni-leipzig.de/findlinks/)"
62.75.243.115 - - [20/Aug/2012:20:13:11 +0200] "GET /standard.php HTTP/1.1" 200 9131 "-" "findlinks/2.6 (+http://wortschatz.uni-leipzig.de/findlinks/)"
46.4.19.85 - - [20/Aug/2012:20:28:44 +0200] "GET /robots.txt HTTP/1.1" 200 177 "-" "Pixray-Seeker/1.1 (Pixray-Seeker; http://www.pixray.com/pixraybot; crawler@pixray.com)"
46.4.19.85 - - [20/Aug/2012:20:28:44 +0200] "GET /news.php?cs_go=archiv&cs_id=2246&cs_search= HTTP/1.1" 200 14469 "-" "Pixray-Seeker/1.1 (Pixray-Seeker; http://www.pixray.com/pixraybot; crawler@pixray.com)"
66.249.67.84 - - [20/Aug/2012:20:42:11 +0200] "GET /news.php?cs_go=archiv&cs_id=2415&cs_search= HTTP/1.1" 200 10253 "-" "Mozilla/5.0 (compatible; Googlebot/2.1; +http://www.google.com/bot.html)"
213.168.94.233 - - [20/Aug/2012:20:43:07 +0200] "GET / HTTP/1.0" 200 10293 "-" "Mozilla/5.0 (Windows; U; Windows NT 5.1; de; rv:1.9.2.13) Gecko/20101203 Firefox/3.6.13 (.NET CLR 3.5.30729)"
66.249.67.84 - - [20/Aug/2012:21:12:25 +0200] "GET /news.php?cs_go=archiv&cs_id=1727&cs_search= HTTP/1.1" 200 11320 "-" "Mozilla/5.0 (compatible; Googlebot/2.1; +http://www.google.com/bot.html)"
66.249.67.84 - - [20/Aug/2012:21:20:03 +0200] "GET /news.php?cs_go=archiv&cs_id=2466&cs_search= HTTP/1.1" 200 13236 "-" "Mozilla/5.0 (compatible; Googlebot/2.1; +http://www.google.com/bot.html)"
46.4.19.85 - - [20/Aug/2012:21:42:54 +0200] "GET /robots.txt HTTP/1.1" 200 177 "-" "Pixray-Seeker/1.1 (Pixray-Seeker; http://www.pixray.com/pixraybot; crawler@pixray.com)"
46.4.19.85 - - [20/Aug/2012:21:42:54 +0200] "GET /news.php?cs_go=archiv&cs_id=2274&cs_search= HTTP/1.1" 200 14788 "-" "Pixray-Seeker/1.1 (Pixray-Seeker; http://www.pixray.com/pixraybot; crawler@pixray.com)"
66.249.67.84 - - [20/Aug/2012:21:57:47 +0200] "GET /news.php?cs_go=archiv&cs_id=2228&cs_search= HTTP/1.1" 200 13936 "-" "Mozilla/5.0 (compatible; Googlebot/2.1; +http://www.google.com/bot.html)"
66.249.67.84 - - [20/Aug/2012:22:09:22 +0200] "GET /news.php?cs_go=archiv&cs_id=2190&cs_search= HTTP/1.1" 200 14090 "-" "Mozilla/5.0 (compatible; Googlebot/2.1; +http://www.google.com/bot.html)"
66.249.67.84 - - [20/Aug/2012:22:18:24 +0200] "GET /news.php?cs_go=archiv&cs_id=2568&cs_search= HTTP/1.1" 200 9412 "-" "Mozilla/5.0 (compatible; Googlebot/2.1; +http://www.google.com/bot.html)"
66.249.67.84 - - [20/Aug/2012:22:19:27 +0200] "GET /news.php?cs_go=archiv&cs_startpos=1 HTTP/1.1" 200 22601 "-" "Mozilla/5.0 (compatible; Googlebot/2.1; +http://www.google.com/bot.html)"
207.46.13.213 - - [20/Aug/2012:22:19:42 +0200] "GET /robots.txt HTTP/1.1" 200 177 "-" "Mozilla/5.0 (compatible; bingbot/2.0; +http://www.bing.com/bingbot.htm)"
207.46.13.213 - - [20/Aug/2012:22:20:25 +0200] "GET /agb.php HTTP/1.1" 200 19709 "-" "Mozilla/5.0 (compatible; bingbot/2.0; +http://www.bing.com/bingbot.htm)"
66.249.67.84 - - [20/Aug/2012:22:34:27 +0200] "GET /news.php?cs_go=archiv&cs_id=2184&cs_search= HTTP/1.1" 200 13978 "-" "Mozilla/5.0 (compatible; Googlebot/2.1; +http://www.google.com/bot.html)"
66.249.67.84 - - [20/Aug/2012:22:44:38 +0200] "GET /news.php?cs_go=archiv&cs_id=2168&cs_search= HTTP/1.1" 200 13928 "-" "Mozilla/5.0 (compatible; Googlebot/2.1; +http://www.google.com/bot.html)"
66.249.67.84 - - [20/Aug/2012:23:04:16 +0200] "GET /news.php?cs_go=archiv&cs_id=2152&cs_search= HTTP/1.1" 200 14328 "-" "Mozilla/5.0 (compatible; Googlebot/2.1; +http://www.google.com/bot.html)"
66.249.67.84 - - [20/Aug/2012:23:26:22 +0200] "GET /news.php?cs_go=archiv&cs_id=2394&cs_search= HTTP/1.1" 200 9677 "-" "Mozilla/5.0 (compatible; Googlebot/2.1; +http://www.google.com/bot.html)"
208.115.113.91 - - [20/Aug/2012:23:36:18 +0200] "GET /robots.txt HTTP/1.1" 200 177 "-" "Mozilla/5.0 (compatible; Ezooms/1.0; ezooms.bot@gmail.com)"
66.249.67.84 - - [20/Aug/2012:23:49:33 +0200] "GET /news.php?cs_go=archiv&cs_id=2235&cs_search= HTTP/1.1" 200 9965 "-" "Mozilla/5.0 (compatible; Googlebot/2.1; +http://www.google.com/bot.html)"
66.249.67.84 - - [21/Aug/2012:00:12:34 +0200] "GET /news.php?cs_go=archiv&cs_id=2462&cs_search= HTTP/1.1" 200 11249 "-" "Mozilla/5.0 (compatible; Googlebot/2.1; +http://www.google.com/bot.html)"
66.249.67.84 - - [21/Aug/2012:00:36:42 +0200] "GET /news.php?cs_go=archiv&cs_id=2400&cs_search= HTTP/1.1" 200 9386 "-" "Mozilla/5.0 (compatible; Googlebot/2.1; +http://www.google.com/bot.html)"
65.36.241.79 - - [21/Aug/2012:00:51:05 +0200] "HEAD / HTTP/1.1" 200 - "-" "InternetSeer.com"
66.249.67.84 - - [21/Aug/2012:00:51:49 +0200] "GET /news.php?cs_go=archiv&cs_id=1809&cs_search= HTTP/1.1" 200 10165 "-" "Mozilla/5.0 (compatible; Googlebot/2.1; +http://www.google.com/bot.html)"
88.198.64.132 - - [21/Aug/2012:00:54:46 +0200] "GET /robots.txt HTTP/1.1" 200 177 "-" "Pixray-Seeker/1.1 (Pixray-Seeker; http://www.pixray.com/pixraybot; crawler@pixray.com)"
88.198.64.132 - - [21/Aug/2012:00:54:46 +0200] "GET /news.php?cs_go=archiv&cs_id=2488&cs_search= HTTP/1.1" 200 10998 "-" "Pixray-Seeker/1.1 (Pixray-Seeker; http://www.pixray.com/pixraybot; crawler@pixray.com)"
208.115.111.75 - - [21/Aug/2012:01:44:54 +0200] "GET /robots.txt HTTP/1.1" 200 177 "-" "Mozilla/5.0 (compatible; Ezooms/1.0; ezooms.bot@gmail.com)"
176.9.0.13 - - [21/Aug/2012:01:45:34 +0200] "GET /robots.txt HTTP/1.1" 200 177 "-" "Pixray-Seeker/1.1 (Pixray-Seeker; http://www.pixray.com/pixraybot; crawler@pixray.com)"
176.9.0.13 - - [21/Aug/2012:01:45:34 +0200] "GET /news.php?cs_go=archiv&cs_startpos=1061 HTTP/1.1" 200 22960 "-" "Pixray-Seeker/1.1 (Pixray-Seeker; http://www.pixray.com/pixraybot; crawler@pixray.com)"
64.125.222.50 - - [21/Aug/2012:01:50:15 +0200] "GET /robots.txt HTTP/1.1" 200 177 "-" "Mozilla/5.0 (compatible; 008/0.83; http://www.80legs.com/webcrawler.html;) Gecko/2008032620"
85.154.173.178 - - [21/Aug/2012:02:00:23 +0200] "GET / HTTP/1.1" 200 15356 "-" "Mozilla/5.0 (compatible; 008/0.83; http://www.80legs.com/webcrawler.html) Gecko/2008032620"
180.93.226.118 - - [21/Aug/2012:02:10:59 +0200] "GET / HTTP/1.1" 200 15356 "-" "Mozilla/5.0 (compatible; 008/0.83; http://www.80legs.com/webcrawler.html) Gecko/2008032620"
207.46.13.96 - - [21/Aug/2012:02:38:50 +0200] "GET /robots.txt HTTP/1.1" 200 177 "-" "Mozilla/5.0 (compatible; bingbot/2.0; +http://www.bing.com/bingbot.htm)"
66.249.67.84 - - [21/Aug/2012:02:39:32 +0200] "GET /news.php?cs_go=archiv&cs_id=2928&cs_search= HTTP/1.1" 200 9777 "-" "Mozilla/5.0 (compatible; Googlebot/2.1; +http://www.google.com/bot.html)"
207.46.13.96 - - [21/Aug/2012:02:44:31 +0200] "GET /index.php HTTP/1.1" 200 15356 "-" "Mozilla/5.0 (compatible; bingbot/2.0; +http://www.bing.com/bingbot.htm)"
139.18.2.17 - - [21/Aug/2012:03:09:33 +0200] "GET /jobs.php HTTP/1.1" 200 5149 "-" "findlinks/2.6 (+http://wortschatz.uni-leipzig.de/findlinks/)"
139.18.2.17 - - [21/Aug/2012:03:09:34 +0200] "GET /jobs.php HTTP/1.1" 200 7113 "-" "findlinks/2.6 (+http://wortschatz.uni-leipzig.de/findlinks/)"
66.249.67.84 - - [21/Aug/2012:03:10:26 +0200] "GET /news.php HTTP/1.1" 200 22419 "-" "Mozilla/5.0 (compatible; Googlebot/2.1; +http://www.google.com/bot.html)"
208.115.113.91 - - [21/Aug/2012:03:50:40 +0200] "GET /lexikon.php?cs_go=3&cs_id=140 HTTP/1.1" 200 8745 "-" "Mozilla/5.0 (compatible; Ezooms/1.0; ezooms.bot@gmail.com)"
208.115.113.91 - - [21/Aug/2012:03:50:43 +0200] "GET /news.php?cs_go=archiv&cs_id=1795&cs_search= HTTP/1.1" 200 14062 "-" "Mozilla/5.0 (compatible; Ezooms/1.0; ezooms.bot@gmail.com)"
208.115.113.91 - - [21/Aug/2012:03:50:45 +0200] "GET /news.php?cs_go=archiv&cs_id=2939&cs_search= HTTP/1.1" 200 13763 "-" "Mozilla/5.0 (compatible; Ezooms/1.0; ezooms.bot@gmail.com)"
208.115.113.91 - - [21/Aug/2012:03:50:47 +0200] "GET /news.php?cs_go=archiv&cs_id=2981&cs_search= HTTP/1.1" 200 11725 "-" "Mozilla/5.0 (compatible; Ezooms/1.0; ezooms.bot@gmail.com)"
208.115.113.91 - - [21/Aug/2012:03:50:49 +0200] "GET /news.php?cs_go=archiv&cs_id=3019&cs_search= HTTP/1.1" 200 11441 "-" "Mozilla/5.0 (compatible; Ezooms/1.0; ezooms.bot@gmail.com)"
208.115.113.91 - - [21/Aug/2012:03:50:51 +0200] "GET /news.php?cs_go=archiv&cs_id=3129&cs_search= HTTP/1.1" 200 12173 "-" "Mozilla/5.0 (compatible; Ezooms/1.0; ezooms.bot@gmail.com)"
208.115.113.91 - - [21/Aug/2012:03:50:54 +0200] "GET /news.php?cs_go=archiv&cs_id=3260&cs_search= HTTP/1.1" 200 13439 "-" "Mozilla/5.0 (compatible; Ezooms/1.0; ezooms.bot@gmail.com)"
125.176.223.177 - - [21/Aug/2012:04:01:45 +0200] "GET / HTTP/1.1" 200 15356 "-" "Mozilla/5.0 (compatible; MSIE 9.0; Windows NT 6.1; WOW64; Trident/5.0)"
123.125.71.24 - - [21/Aug/2012:04:26:22 +0200] "GET / HTTP/1.1" 200 10293 "-" "Mozilla/5.0 (compatible; Baiduspider/2.0; +http://www.baidu.com/search/spider.html)"
220.181.108.112 - - [21/Aug/2012:04:26:43 +0200] "GET / HTTP/1.1" 200 8750 "-" "Mozilla/5.0 (compatible; Baiduspider/2.0; +http://www.baidu.com/search/spider.html)"
64.125.222.50 - - [21/Aug/2012:04:48:22 +0200] "GET /robots.txt HTTP/1.1" 200 177 "-" "Mozilla/5.0 (compatible; 008/0.83; http://www.80legs.com/webcrawler.html;) Gecko/2008032620"
176.213.238.246 - - [21/Aug/2012:04:53:47 +0200] "GET /impressum.php HTTP/1.1" 200 8582 "-" "Mozilla/5.0 (compatible; 008/0.83; http://www.80legs.com/webcrawler.html) Gecko/2008032620"
176.213.238.246 - - [21/Aug/2012:04:57:06 +0200] "GET /kontakt.php HTTP/1.1" 200 9198 "-" "Mozilla/5.0 (compatible; 008/0.83; http://www.80legs.com/webcrawler.html) Gecko/2008032620"
176.213.238.246 - - [21/Aug/2012:04:58:36 +0200] "GET /news.php?cs_go=archiv&cs_id=3372 HTTP/1.1" 200 11797 "-" "Mozilla/5.0 (compatible; 008/0.83; http://www.80legs.com/webcrawler.html) Gecko/2008032620"
89.189.170.55 - - [21/Aug/2012:05:01:03 +0200] "GET /preisanfrage.php HTTP/1.1" 200 10710 "-" "Mozilla/5.0 (compatible; 008/0.83; http://www.80legs.com/webcrawler.html) Gecko/2008032620"
89.189.170.55 - - [21/Aug/2012:05:01:39 +0200] "GET /news.php?cs_go=archiv&cs_id=3377 HTTP/1.1" 200 13334 "-" "Mozilla/5.0 (compatible; 008/0.83; http://www.80legs.com/webcrawler.html) Gecko/2008032620"
83.143.32.12 - - [21/Aug/2012:05:03:19 +0200] "GET /news.php?cs_go=archiv&cs_id=3372 HTTP/1.1" 200 11797 "-" "Mozilla/5.0 (compatible; 008/0.83; http://www.80legs.com/webcrawler.html) Gecko/2008032620"
176.213.238.246 - - [21/Aug/2012:05:04:57 +0200] "GET /../standard.php HTTP/1.1" 404 - "-" "Mozilla/5.0 (compatible; 008/0.83; http://www.80legs.com/webcrawler.html) Gecko/2008032620"
50.12.79.88 - - [21/Aug/2012:05:07:23 +0200] "GET /news.php HTTP/1.1" 200 22419 "-" "Mozilla/5.0 (compatible; 008/0.83; http://www.80legs.com/webcrawler.html) Gecko/2008032620"
50.12.79.88 - - [21/Aug/2012:05:07:27 +0200] "GET /news.php?cs_go=archiv&cs_id=3377 HTTP/1.1" 200 13334 "-" "Mozilla/5.0 (compatible; 008/0.83; http://www.80legs.com/webcrawler.html) Gecko/2008032620"
50.12.79.88 - - [21/Aug/2012:05:07:29 +0200] "GET /wunschpreis.php HTTP/1.1" 200 12059 "-" "Mozilla/5.0 (compatible; 008/0.83; http://www.80legs.com/webcrawler.html) Gecko/2008032620"
178.45.22.24 - - [21/Aug/2012:05:08:25 +0200] "GET /kontakt.php HTTP/1.1" 200 9198 "-" "Mozilla/5.0 (compatible; 008/0.83; http://www.80legs.com/webcrawler.html) Gecko/2008032620"
220.255.2.35 - - [21/Aug/2012:05:08:25 +0200] "GET /../optiplus.php HTTP/1.1" 404 - "-" "Mozilla/5.0 (compatible; 008/0.83; http://www.80legs.com/webcrawler.html) Gecko/2008032620"
220.255.2.82 - - [21/Aug/2012:05:08:48 +0200] "GET /index.php HTTP/1.1" 200 15356 "-" "Mozilla/5.0 (compatible; 008/0.83; http://www.80legs.com/webcrawler.html) Gecko/2008032620"
178.45.22.24 - - [21/Aug/2012:05:09:47 +0200] "GET /../optiplus.php HTTP/1.1" 404 - "-" "Mozilla/5.0 (compatible; 008/0.83; http://www.80legs.com/webcrawler.html) Gecko/2008032620"
178.45.22.24 - - [21/Aug/2012:05:09:50 +0200] "GET /preisanfrage.php HTTP/1.1" 200 10710 "-" "Mozilla/5.0 (compatible; 008/0.83; http://www.80legs.com/webcrawler.html) Gecko/2008032620"
217.69.133.31 - - [21/Aug/2012:05:14:39 +0200] "GET /robots.txt HTTP/1.0" 200 177 "-" "Mozilla/5.0 (compatible; Mail.RU/2.0)"
110.55.68.31 - - [21/Aug/2012:05:14:42 +0200] "GET /impressum.php HTTP/1.1" 200 8582 "-" "Mozilla/5.0 (compatible; 008/0.83; http://www.80legs.com/webcrawler.html) Gecko/2008032620"
110.55.68.31 - - [21/Aug/2012:05:14:47 +0200] "GET /kontakt.php HTTP/1.1" 200 9198 "-" "Mozilla/5.0 (compatible; 008/0.83; http://www.80legs.com/webcrawler.html) Gecko/2008032620"
110.55.68.31 - - [21/Aug/2012:05:14:49 +0200] "GET /newsletter.php HTTP/1.1" 200 8907 "-" "Mozilla/5.0 (compatible; 008/0.83; http://www.80legs.com/webcrawler.html) Gecko/2008032620"
109.105.164.229 - - [21/Aug/2012:05:14:50 +0200] "GET /jobs.php HTTP/1.1" 200 7200 "-" "Mozilla/5.0 (compatible; 008/0.83; http://www.80legs.com/webcrawler.html) Gecko/2008032620"
50.12.79.88 - - [21/Aug/2012:05:17:21 +0200] "GET /rueckrufservice.php HTTP/1.1" 200 10770 "-" "Mozilla/5.0 (compatible; 008/0.83; http://www.80legs.com/webcrawler.html) Gecko/2008032620"
94.25.30.201 - - [21/Aug/2012:05:38:13 +0200] "GET /../standard.php HTTP/1.1" 404 - "-" "Mozilla/5.0 (compatible; 008/0.83; http://www.80legs.com/webcrawler.html) Gecko/2008032620"
94.25.30.201 - - [21/Aug/2012:05:38:15 +0200] "GET /preisanfrage.php HTTP/1.1" 200 10710 "-" "Mozilla/5.0 (compatible; 008/0.83; http://www.80legs.com/webcrawler.html) Gecko/2008032620"
94.25.30.201 - - [21/Aug/2012:05:43:43 +0200] "GET /jobs.php HTTP/1.1" 200 7200 "-" "Mozilla/5.0 (compatible; 008/0.83; http://www.80legs.com/webcrawler.html) Gecko/2008032620"
115.132.198.175 - - [21/Aug/2012:05:47:59 +0200] "GET /../optiplus.php HTTP/1.1" 404 - "-" "Mozilla/5.0 (compatible; 008/0.83; http://www.80legs.com/webcrawler.html) Gecko/2008032620"
115.132.198.175 - - [21/Aug/2012:05:48:03 +0200] "GET /index.php HTTP/1.1" 200 15356 "-" "Mozilla/5.0 (compatible; 008/0.83; http://www.80legs.com/webcrawler.html) Gecko/2008032620"
115.132.198.175 - - [21/Aug/2012:05:48:06 +0200] "GET /jobs.php HTTP/1.1" 200 7200 "-" "Mozilla/5.0 (compatible; 008/0.83; http://www.80legs.com/webcrawler.html) Gecko/2008032620"
173.245.64.114 - - [21/Aug/2012:05:50:24 +0200] "GET /rueckrufservice.php HTTP/1.0" 200 10770 "-" "Mozilla/5.0 (compatible; 008/0.83; http://www.80legs.com/webcrawler.html) Gecko/2008032620"
173.245.64.114 - - [21/Aug/2012:05:50:28 +0200] "GET /rueckrufservice.php HTTP/1.0" 200 10770 "-" "Mozilla/5.0 (compatible; 008/0.83; http://www.80legs.com/webcrawler.html) Gecko/2008032620"
180.191.95.190 - - [21/Aug/2012:05:53:20 +0200] "GET /kwk.php HTTP/1.1" 200 10884 "-" "Mozilla/5.0 (compatible; 008/0.83; http://www.80legs.com/webcrawler.html) Gecko/2008032620"
180.191.95.190 - - [21/Aug/2012:05:53:26 +0200] "GET /newsletter.php HTTP/1.1" 200 8907 "-" "Mozilla/5.0 (compatible; 008/0.83; http://www.80legs.com/webcrawler.html) Gecko/2008032620"
180.191.95.190 - - [21/Aug/2012:05:53:30 +0200] "GET /optiplus.php HTTP/1.1" 200 11100 "-" "Mozilla/5.0 (compatible; 008/0.83; http://www.80legs.com/webcrawler.html) Gecko/2008032620"
94.25.30.201 - - [21/Aug/2012:05:57:49 +0200] "GET /news.php?cs_go=archiv&cs_id=3371 HTTP/1.1" 200 9907 "-" "Mozilla/5.0 (compatible; 008/0.83; http://www.80legs.com/webcrawler.html) Gecko/2008032620"
66.249.67.84 - - [21/Aug/2012:05:58:09 +0200] "GET /news.php?cs_go=archiv&cs_id=2564&cs_search= HTTP/1.1" 200 14602 "-" "Mozilla/5.0 (compatible; Googlebot/2.1; +http://www.google.com/bot.html)"
178.44.238.142 - - [21/Aug/2012:05:59:57 +0200] "GET /news.php?cs_go=archiv&cs_id=3371 HTTP/1.1" 200 9907 "-" "Mozilla/5.0 (compatible; 008/0.83; http://www.80legs.com/webcrawler.html) Gecko/2008032620"
188.162.43.73 - - [21/Aug/2012:06:00:45 +0200] "GET /standard.php HTTP/1.1" 200 9218 "-" "Mozilla/5.0 (compatible; 008/0.83; http://www.80legs.com/webcrawler.html) Gecko/2008032620"
66.249.67.84 - - [21/Aug/2012:06:03:02 +0200] "GET /news.php?cs_go=archiv&cs_id=3298&cs_search= HTTP/1.1" 200 13606 "-" "Mozilla/5.0 (compatible; Googlebot/2.1; +http://www.google.com/bot.html)"
180.246.120.61 - - [21/Aug/2012:06:04:10 +0200] "GET /../optiplus.php HTTP/1.1" 404 - "-" "Mozilla/5.0 (compatible; 008/0.83; http://www.80legs.com/webcrawler.html) Gecko/2008032620"
91.209.51.197 - - [21/Aug/2012:06:04:29 +0200] "GET /news.php?cs_go=archiv HTTP/1.1" 200 22419 "-" "Mozilla/5.0 (compatible; 008/0.83; http://www.80legs.com/webcrawler.html) Gecko/2008032620"
180.246.120.61 - - [21/Aug/2012:06:04:36 +0200] "GET /../standard.php HTTP/1.1" 404 - "-" "Mozilla/5.0 (compatible; 008/0.83; http://www.80legs.com/webcrawler.html) Gecko/2008032620"
180.246.120.61 - - [21/Aug/2012:06:04:39 +0200] "GET /index.php HTTP/1.1" 200 15356 "-" "Mozilla/5.0 (compatible; 008/0.83; http://www.80legs.com/webcrawler.html) Gecko/2008032620"
66.249.67.84 - - [21/Aug/2012:06:05:28 +0200] "GET /news.php?cs_go=archiv&cs_id=3135&cs_search= HTTP/1.1" 200 13329 "-" "Mozilla/5.0 (compatible; Googlebot/2.1; +http://www.google.com/bot.html)"
188.186.238.13 - - [21/Aug/2012:06:05:42 +0200] "GET /impressum.php HTTP/1.1" 200 8582 "-" "Mozilla/5.0 (compatible; 008/0.83; http://www.80legs.com/webcrawler.html) Gecko/2008032620"
188.186.238.13 - - [21/Aug/2012:06:05:45 +0200] "GET /kontakt.php HTTP/1.1" 200 9198 "-" "Mozilla/5.0 (compatible; 008/0.83; http://www.80legs.com/webcrawler.html) Gecko/2008032620"
188.186.238.13 - - [21/Aug/2012:06:05:47 +0200] "GET /preisanfrage.php HTTP/1.1" 200 10710 "-" "Mozilla/5.0 (compatible; 008/0.83; http://www.80legs.com/webcrawler.html) Gecko/2008032620"
190.208.106.142 - - [21/Aug/2012:06:06:17 +0200] "GET /agb.php HTTP/1.1" 200 19709 "-" "Mozilla/5.0 (compatible; 008/0.83; http://www.80legs.com/webcrawler.html) Gecko/2008032620"
66.249.67.84 - - [21/Aug/2012:06:07:54 +0200] "GET /news.php?cs_go=archiv&cs_id=3128&cs_search= HTTP/1.1" 200 13415 "-" "Mozilla/5.0 (compatible; Googlebot/2.1; +http://www.google.com/bot.html)"
88.206.122.2 - - [21/Aug/2012:06:09:27 +0200] "GET /news.php?cs_go=archiv&cs_id=3370 HTTP/1.1" 200 13532 "-" "Mozilla/5.0 (compatible; 008/0.83; http://www.80legs.com/webcrawler.html) Gecko/2008032620"
66.249.67.84 - - [21/Aug/2012:06:15:13 +0200] "GET /news.php?cs_go=archiv&cs_id=3297&cs_search= HTTP/1.1" 200 11876 "-" "Mozilla/5.0 (compatible; Googlebot/2.1; +http://www.google.com/bot.html)"
95.105.89.26 - - [21/Aug/2012:06:18:47 +0200] "GET /rueckrufservice.php HTTP/1.1" 200 10770 "-" "Mozilla/5.0 (compatible; 008/0.83; http://www.80legs.com/webcrawler.html) Gecko/2008032620"
88.206.122.2 - - [21/Aug/2012:06:20:27 +0200] "GET /news.php?cs_go=archiv&cs_id=3370 HTTP/1.1" 200 13532 "-" "Mozilla/5.0 (compatible; 008/0.83; http://www.80legs.com/webcrawler.html) Gecko/2008032620"
178.19.255.3 - - [21/Aug/2012:06:21:49 +0200] "GET /news.php?cs_go=archiv&cs_id=3370 HTTP/1.1" 200 13532 "-" "Mozilla/5.0 (compatible; 008/0.83; http://www.80legs.com/webcrawler.html) Gecko/2008032620"
46.0.109.77 - - [21/Aug/2012:06:21:58 +0200] "GET /news.php?cs_go=archiv&cs_id=3371 HTTP/1.1" 200 9907 "-" "Mozilla/5.0 (compatible; 008/0.83; http://www.80legs.com/webcrawler.html) Gecko/2008032620"
66.249.67.84 - - [21/Aug/2012:06:22:31 +0200] "GET /news.php?cs_go=archiv&cs_id=3127&cs_search= HTTP/1.1" 200 16250 "-" "Mozilla/5.0 (compatible; Googlebot/2.1; +http://www.google.com/bot.html)"
188.186.238.13 - - [21/Aug/2012:06:23:19 +0200] "GET /rueckrufservice.php HTTP/1.1" 200 10770 "-" "Mozilla/5.0 (compatible; 008/0.83; http://www.80legs.com/webcrawler.html) Gecko/2008032620"
66.249.67.84 - - [21/Aug/2012:06:29:51 +0200] "GET /news.php?cs_go=archiv&cs_id=2569 HTTP/1.1" 200 15186 "-" "Mozilla/5.0 (compatible; Googlebot/2.1; +http://www.google.com/bot.html)"
66.249.67.84 - - [21/Aug/2012:06:46:54 +0200] "GET /news.php?cs_go=archiv&cs_startpos=1480 HTTP/1.1" 200 23070 "-" "Mozilla/5.0 (compatible; Googlebot/2.1; +http://www.google.com/bot.html)"
66.249.67.84 - - [21/Aug/2012:06:49:31 +0200] "GET /news.php?cs_go=archiv&cs_startpos=70 HTTP/1.1" 200 22988 "-" "Mozilla/5.0 (compatible; Googlebot/2.1; +http://www.google.com/bot.html)"
65.36.241.79 - - [21/Aug/2012:07:11:39 +0200] "HEAD / HTTP/1.1" 200 - "-" "InternetSeer.com"
66.249.67.84 - - [21/Aug/2012:07:13:43 +0200] "GET /news.php?cs_go=archiv&cs_startpos=80 HTTP/1.1" 200 22974 "-" "Mozilla/5.0 (compatible; Googlebot/2.1; +http://www.google.com/bot.html)"
208.115.113.91 - - [21/Aug/2012:07:34:43 +0200] "GET /robots.txt HTTP/1.1" 200 177 "-" "Mozilla/5.0 (compatible; Ezooms/1.0; ezooms.bot@gmail.com)"
