46.4.116.100 - - [19/Aug/2012:15:45:30 +0200] "GET /robots.txt HTTP/1.1" 200 177 "-" "Pixray-Seeker/1.1 (Pixray-Seeker; http://www.pixray.com/pixraybot; crawler@pixray.com)"
46.4.116.100 - - [19/Aug/2012:15:45:30 +0200] "GET /news.php?cs_go=archiv&cs_startpos=1560 HTTP/1.1" 200 12807 "-" "Pixray-Seeker/1.1 (Pixray-Seeker; http://www.pixray.com/pixraybot; crawler@pixray.com)"
66.249.71.108 - - [19/Aug/2012:16:04:38 +0200] "GET /news.php?cs_go=archiv&cs_startpos=571 HTTP/1.1" 200 22998 "-" "Mozilla/5.0 (compatible; Googlebot/2.1; +http://www.google.com/bot.html)"
208.115.113.91 - - [19/Aug/2012:16:12:51 +0200] "GET /lexikon.php?cs_go=3&cs_id=148 HTTP/1.1" 200 8539 "-" "Mozilla/5.0 (compatible; Ezooms/1.0; ezooms.bot@gmail.com)"
208.115.113.91 - - [19/Aug/2012:16:12:55 +0200] "GET /lexikon.php?cs_go=3&cs_id=206 HTTP/1.1" 200 8350 "-" "Mozilla/5.0 (compatible; Ezooms/1.0; ezooms.bot@gmail.com)"
208.115.113.91 - - [19/Aug/2012:16:12:58 +0200] "GET /lexikon.php?cs_go=3&cs_id=77 HTTP/1.1" 200 8672 "-" "Mozilla/5.0 (compatible; Ezooms/1.0; ezooms.bot@gmail.com)"
208.115.113.91 - - [19/Aug/2012:16:13:08 +0200] "GET /news.php?cs_go=archiv&cs_id=1715&cs_search= HTTP/1.1" 200 13821 "-" "Mozilla/5.0 (compatible; Ezooms/1.0; ezooms.bot@gmail.com)"
66.249.71.108 - - [19/Aug/2012:16:53:34 +0200] "GET /news.php?cs_go=archiv&cs_startpos=611 HTTP/1.1" 200 22986 "-" "Mozilla/5.0 (compatible; Googlebot/2.1; +http://www.google.com/bot.html)"
208.115.111.75 - - [19/Aug/2012:17:07:07 +0200] "GET /robots.txt HTTP/1.1" 200 177 "-" "Mozilla/5.0 (compatible; Ezooms/1.0; ezooms.bot@gmail.com)"
66.249.71.108 - - [19/Aug/2012:17:08:27 +0200] "GET /news.php?cs_go=archiv&cs_id=3289&cs_search= HTTP/1.1" 200 10913 "-" "Mozilla/5.0 (compatible; Googlebot/2.1; +http://www.google.com/bot.html)"
66.249.71.108 - - [19/Aug/2012:17:18:35 +0200] "GET /news.php?cs_go=archiv&cs_id=3290&cs_search= HTTP/1.1" 200 13379 "-" "Mozilla/5.0 (compatible; Googlebot/2.1; +http://www.google.com/bot.html)"
66.249.71.108 - - [19/Aug/2012:18:06:58 +0200] "GET /news.php HTTP/1.1" 200 22415 "-" "Mozilla/5.0 (compatible; Googlebot/2.1; +http://www.google.com/bot.html)"
66.249.71.108 - - [19/Aug/2012:18:15:27 +0200] "GET /news.php?cs_go=archiv&cs_id=2679&cs_search= HTTP/1.1" 200 10735 "-" "Mozilla/5.0 (compatible; Googlebot/2.1; +http://www.google.com/bot.html)"
65.36.241.79 - - [19/Aug/2012:18:39:38 +0200] "HEAD / HTTP/1.1" 200 - "-" "InternetSeer.com"
208.115.111.75 - - [19/Aug/2012:19:09:43 +0200] "GET /robots.txt HTTP/1.1" 200 177 "-" "Mozilla/5.0 (compatible; Ezooms/1.0; ezooms.bot@gmail.com)"
123.125.71.114 - - [19/Aug/2012:19:10:48 +0200] "GET /robots.txt HTTP/1.1" 200 177 "-" "Mozilla/5.0 (Windows NT 5.1; rv:6.0.2) Gecko/20100101 Firefox/6.0.2"
66.249.71.108 - - [19/Aug/2012:19:39:11 +0200] "GET /news.php?cs_go=archiv&cs_id=2884 HTTP/1.1" 200 10321 "-" "Mozilla/5.0 (compatible; Googlebot/2.1; +http://www.google.com/bot.html)"
66.249.71.108 - - [19/Aug/2012:19:46:22 +0200] "GET /news.php?cs_go=archiv&cs_id=1893&cs_search= HTTP/1.1" 200 13089 "-" "Mozilla/5.0 (compatible; Googlebot/2.1; +http://www.google.com/bot.html)"
66.249.71.108 - - [19/Aug/2012:19:53:48 +0200] "GET /news.php?cs_go=archiv&cs_id=1725&cs_search= HTTP/1.1" 200 14581 "-" "Mozilla/5.0 (compatible; Googlebot/2.1; +http://www.google.com/bot.html)"
66.249.71.108 - - [19/Aug/2012:20:04:59 +0200] "GET /news.php?cs_go=archiv&cs_id=1726&cs_search= HTTP/1.1" 200 13261 "-" "Mozilla/5.0 (compatible; Googlebot/2.1; +http://www.google.com/bot.html)"
66.249.71.108 - - [19/Aug/2012:20:08:44 +0200] "GET /news.php?cs_go=archiv&cs_startpos=561 HTTP/1.1" 200 22712 "-" "Mozilla/5.0 (compatible; Googlebot/2.1; +http://www.google.com/bot.html)"
66.249.71.108 - - [19/Aug/2012:20:10:50 +0200] "GET /news.php?cs_go=archiv&cs_id=1917&cs_search= HTTP/1.1" 200 13831 "-" "Mozilla/5.0 (compatible; Googlebot/2.1; +http://www.google.com/bot.html)"
66.249.71.108 - - [19/Aug/2012:20:13:48 +0200] "GET /news.php?cs_go=archiv&cs_startpos=401 HTTP/1.1" 200 23195 "-" "Mozilla/5.0 (compatible; Googlebot/2.1; +http://www.google.com/bot.html)"
66.249.71.108 - - [19/Aug/2012:20:19:42 +0200] "GET /news.php?cs_go=archiv&cs_id=1898&cs_search= HTTP/1.1" 200 12095 "-" "Mozilla/5.0 (compatible; Googlebot/2.1; +http://www.google.com/bot.html)"
66.249.71.108 - - [19/Aug/2012:20:22:38 +0200] "GET /news.php?cs_go=archiv&cs_startpos=1110 HTTP/1.1" 200 23240 "-" "Mozilla/5.0 (compatible; Googlebot/2.1; +http://www.google.com/bot.html)"
66.249.71.108 - - [19/Aug/2012:20:25:35 +0200] "GET /news.php?cs_go=archiv&cs_startpos=270 HTTP/1.1" 200 23115 "-" "Mozilla/5.0 (compatible; Googlebot/2.1; +http://www.google.com/bot.html)"
66.249.71.108 - - [19/Aug/2012:20:37:22 +0200] "GET /news.php?cs_go=archiv&cs_id=1886&cs_search= HTTP/1.1" 200 13974 "-" "Mozilla/5.0 (compatible; Googlebot/2.1; +http://www.google.com/bot.html)"
208.115.113.91 - - [19/Aug/2012:20:40:14 +0200] "GET /robots.txt HTTP/1.1" 200 177 "-" "Mozilla/5.0 (compatible; Ezooms/1.0; ezooms.bot@gmail.com)"
220.181.108.92 - - [19/Aug/2012:21:52:47 +0200] "GET /images/freecall.jpg HTTP/1.1" 200 39195 "http://image.baidu.com/i?ct=503316480&z=0&tn=baiduimagedetail" "Mozilla/5.0 (Windows NT 5.1; rv:6.0.2) Gecko/20100101 Firefox/6.0.2"
66.249.66.211 - - [19/Aug/2012:22:26:12 +0200] "GET /news.php?cs_go=archiv&cs_id=2101&cs_search= HTTP/1.1" 200 10287 "-" "Mozilla/5.0 (compatible; Googlebot/2.1; +http://www.google.com/bot.html)"
65.36.241.79 - - [19/Aug/2012:23:33:03 +0200] "HEAD / HTTP/1.1" 200 - "-" "InternetSeer.com"
139.18.2.17 - - [19/Aug/2012:23:40:31 +0200] "GET /news.php HTTP/1.1" 200 6952 "-" "findlinks/2.6 (+http://wortschatz.uni-leipzig.de/findlinks/)"
139.18.2.17 - - [19/Aug/2012:23:40:31 +0200] "GET /news.php HTTP/1.1" 200 22328 "-" "findlinks/2.6 (+http://wortschatz.uni-leipzig.de/findlinks/)"
178.77.126.55 - - [19/Aug/2012:23:51:13 +0200] "GET /robots.txt HTTP/1.1" 200 177 "-" "Mozilla/5.0 (compatible; CareerBot/1.1; +http://www.career-x.de/bot.html)"
178.77.126.55 - - [19/Aug/2012:23:51:13 +0200] "GET / HTTP/1.1" 200 15312 "-" "Mozilla/5.0 (compatible; CareerBot/1.1; +http://www.career-x.de/bot.html)"
178.77.126.55 - - [19/Aug/2012:23:51:14 +0200] "GET /news.php?cs_go=archiv&cs_id=3367 HTTP/1.1" 200 11374 "-" "Mozilla/5.0 (compatible; CareerBot/1.1; +http://www.career-x.de/bot.html)"
208.115.113.91 - - [19/Aug/2012:23:55:46 +0200] "GET /lexikon.php?cs_go=3&cs_id=144 HTTP/1.1" 200 9869 "-" "Mozilla/5.0 (compatible; Ezooms/1.0; ezooms.bot@gmail.com)"
208.115.113.91 - - [19/Aug/2012:23:55:50 +0200] "GET /lexikon.php?cs_go=3&cs_id=73 HTTP/1.1" 200 9682 "-" "Mozilla/5.0 (compatible; Ezooms/1.0; ezooms.bot@gmail.com)"
208.115.113.91 - - [19/Aug/2012:23:55:53 +0200] "GET /news.php?cs_go=archiv&cs_id=1932&cs_search= HTTP/1.1" 200 9451 "-" "Mozilla/5.0 (compatible; Ezooms/1.0; ezooms.bot@gmail.com)"
208.115.113.91 - - [19/Aug/2012:23:55:55 +0200] "GET /news.php?cs_go=archiv&cs_id=3133&cs_search= HTTP/1.1" 200 11776 "-" "Mozilla/5.0 (compatible; Ezooms/1.0; ezooms.bot@gmail.com)"
139.18.2.209 - - [19/Aug/2012:23:56:12 +0200] "GET /kwk.php HTTP/1.1" 200 10884 "-" "findlinks/2.6 (+http://wortschatz.uni-leipzig.de/findlinks/)"
139.18.2.209 - - [19/Aug/2012:23:56:16 +0200] "GET /kwk.php HTTP/1.1" 200 10797 "-" "findlinks/2.6 (+http://wortschatz.uni-leipzig.de/findlinks/)"
66.112.51.98 - - [20/Aug/2012:00:17:44 +0200] "GET /robots.txt HTTP/1.0" 200 177 "-" "Mozilla/5.0 (compatible; MJ12bot/v1.4.3; http://www.majestic12.co.uk/bot.php?+)"
66.112.51.98 - - [20/Aug/2012:00:17:47 +0200] "GET /jobs.php HTTP/1.1" 200 7200 "-" "Mozilla/5.0 (compatible; MJ12bot/v1.4.3; http://www.majestic12.co.uk/bot.php?+)"
66.112.51.98 - - [20/Aug/2012:00:17:49 +0200] "GET /robots.txt HTTP/1.0" 200 177 "-" "Mozilla/5.0 (compatible; MJ12bot/v1.4.3; http://www.majestic12.co.uk/bot.php?+)"
66.112.51.98 - - [20/Aug/2012:00:17:52 +0200] "GET /news.php?cs_go=archiv&cs_id=3363 HTTP/1.1" 200 10534 "-" "Mozilla/5.0 (compatible; MJ12bot/v1.4.3; http://www.majestic12.co.uk/bot.php?+)"
66.112.51.98 - - [20/Aug/2012:00:17:55 +0200] "GET /news.php?cs_go=archiv&cs_id=3365 HTTP/1.1" 200 13737 "-" "Mozilla/5.0 (compatible; MJ12bot/v1.4.3; http://www.majestic12.co.uk/bot.php?+)"
66.112.51.98 - - [20/Aug/2012:00:17:59 +0200] "GET /news.php?cs_go=archiv&cs_id=3366 HTTP/1.1" 200 9876 "-" "Mozilla/5.0 (compatible; MJ12bot/v1.4.3; http://www.majestic12.co.uk/bot.php?+)"
66.112.51.98 - - [20/Aug/2012:00:18:05 +0200] "GET /news.php?cs_go=archiv&cs_id=3367 HTTP/1.1" 200 11461 "-" "Mozilla/5.0 (compatible; MJ12bot/v1.4.3; http://www.majestic12.co.uk/bot.php?+)"
123.125.71.24 - - [20/Aug/2012:00:28:33 +0200] "GET / HTTP/1.1" 200 8706 "-" "Mozilla/5.0 (compatible; Baiduspider/2.0; +http://www.baidu.com/search/spider.html)"
220.181.108.90 - - [20/Aug/2012:00:28:57 +0200] "GET / HTTP/1.1" 200 6437 "-" "Mozilla/5.0 (compatible; Baiduspider/2.0; +http://www.baidu.com/search/spider.html)"
208.115.111.75 - - [20/Aug/2012:00:31:17 +0200] "GET /robots.txt HTTP/1.1" 200 177 "-" "Mozilla/5.0 (compatible; Ezooms/1.0; ezooms.bot@gmail.com)"
66.249.66.211 - - [20/Aug/2012:01:14:18 +0200] "GET /kwk.php?cs_go=1 HTTP/1.1" 200 10884 "-" "Mozilla/5.0 (compatible; Googlebot/2.1; +http://www.google.com/bot.html)"
66.249.71.108 - - [20/Aug/2012:01:24:44 +0200] "GET /news.php?cs_go=archiv&cs_id=3311&cs_search= HTTP/1.1" 200 13505 "-" "Mozilla/5.0 (compatible; Googlebot/2.1; +http://www.google.com/bot.html)"
66.249.66.211 - - [20/Aug/2012:01:26:03 +0200] "GET /news.php?cs_go=archiv&cs_startpos=60 HTTP/1.1" 200 23096 "-" "Mozilla/5.0 (compatible; Googlebot/2.1; +http://www.google.com/bot.html)"
123.125.71.29 - - [20/Aug/2012:01:28:44 +0200] "GET / HTTP/1.1" 200 6563 "-" "Mozilla/5.0 (compatible; Baiduspider/2.0; +http://www.baidu.com/search/spider.html)"
220.181.108.101 - - [20/Aug/2012:01:29:08 +0200] "GET / HTTP/1.1" 200 6437 "-" "Mozilla/5.0 (compatible; Baiduspider/2.0; +http://www.baidu.com/search/spider.html)"
38.229.70.44 - - [20/Aug/2012:02:03:39 +0200] "GET / HTTP/1.0" 200 15312 "-" "Mozilla/5.0 (Windows; U; Windows NT 6.0; en-US; rv:1.9.0.6) Gecko/2009011913 Firefox/3.0.6 (.NET CLR 3.5.30729)"
74.52.245.146 - - [20/Aug/2012:02:16:36 +0200] "GET / HTTP/1.0" 200 15312 "-" "Mozilla/5.0 (X11; U; Linux i686; en-US; rv:1.7.5) Gecko/20041107 Firefox/1.0"
66.249.66.211 - - [20/Aug/2012:02:20:04 +0200] "GET /news.php?cs_go=archiv&cs_id=2189&cs_search= HTTP/1.1" 200 9974 "-" "Mozilla/5.0 (compatible; Googlebot/2.1; +http://www.google.com/bot.html)"
66.249.66.211 - - [20/Aug/2012:02:40:46 +0200] "GET /news.php?cs_go=archiv&cs_id=2361&cs_search= HTTP/1.1" 200 9173 "-" "Mozilla/5.0 (compatible; Googlebot/2.1; +http://www.google.com/bot.html)"
87.169.233.17 - - [20/Aug/2012:02:45:46 +0200] "GET /jobs.php HTTP/1.1" 200 7200 "-" "Mozilla/5.0 /Windows; U; Windows NT 6.1; de; rv:1.9.1.5) Gecko/20091102 Firefox/3.5.5"
66.249.66.211 - - [20/Aug/2012:03:02:28 +0200] "GET /news.php?cs_go=archiv&cs_id=2396&cs_search= HTTP/1.1" 200 14593 "-" "Mozilla/5.0 (compatible; Googlebot/2.1; +http://www.google.com/bot.html)"
87.169.233.17 - - [20/Aug/2012:03:04:28 +0200] "GET /jobs.php HTTP/1.1" 200 7200 "-" "Mozilla/5.0 /Windows; U; Windows NT 6.1; de; rv:1.9.1.5) Gecko/20091102 Firefox/3.5.5"
66.249.66.211 - - [20/Aug/2012:03:23:20 +0200] "GET /news.php?cs_go=archiv&cs_id=2388&cs_search= HTTP/1.1" 200 14453 "-" "Mozilla/5.0 (compatible; Googlebot/2.1; +http://www.google.com/bot.html)"
208.115.111.75 - - [20/Aug/2012:03:24:39 +0200] "GET /robots.txt HTTP/1.1" 200 177 "-" "Mozilla/5.0 (compatible; Ezooms/1.0; ezooms.bot@gmail.com)"
208.115.113.91 - - [20/Aug/2012:03:40:03 +0200] "GET /robots.txt HTTP/1.1" 200 177 "-" "Mozilla/5.0 (compatible; Ezooms/1.0; ezooms.bot@gmail.com)"
66.249.71.108 - - [20/Aug/2012:03:41:39 +0200] "GET /news.php?cs_go=archiv&cs_id=1729&cs_search= HTTP/1.1" 200 14324 "-" "Mozilla/5.0 (compatible; Googlebot/2.1; +http://www.google.com/bot.html)"
66.249.66.211 - - [20/Aug/2012:03:46:03 +0200] "GET /robots.txt HTTP/1.1" 200 177 "-" "Mozilla/5.0 (compatible; Googlebot/2.1; +http://www.google.com/bot.html)"
66.249.66.211 - - [20/Aug/2012:03:46:03 +0200] "GET /news.php?cs_go=archiv&cs_id=2376&cs_search= HTTP/1.1" 200 14216 "-" "Mozilla/5.0 (compatible; Googlebot/2.1; +http://www.google.com/bot.html)"
65.36.241.79 - - [20/Aug/2012:04:13:23 +0200] "HEAD / HTTP/1.1" 200 - "-" "InternetSeer.com"
66.249.71.108 - - [20/Aug/2012:04:17:44 +0200] "GET /news.php?cs_go=archiv&cs_id=3002 HTTP/1.1" 200 11245 "-" "Mozilla/5.0 (compatible; Googlebot/2.1; +http://www.google.com/bot.html)"
66.249.71.108 - - [20/Aug/2012:04:25:04 +0200] "GET /news.php?cs_go=archiv&cs_id=1731&cs_search= HTTP/1.1" 200 14406 "-" "Mozilla/5.0 (compatible; Googlebot/2.1; +http://www.google.com/bot.html)"
66.249.66.211 - - [20/Aug/2012:04:40:30 +0200] "GET /news.php?cs_go=archiv&cs_id=1733&cs_search= HTTP/1.1" 200 14260 "-" "Mozilla/5.0 (compatible; Googlebot/2.1; +http://www.google.com/bot.html)"
66.249.66.211 - - [20/Aug/2012:04:49:02 +0200] "GET /news.php?cs_go=archiv&cs_id=1732&cs_search= HTTP/1.1" 200 14230 "-" "Mozilla/5.0 (compatible; Googlebot/2.1; +http://www.google.com/bot.html)"
66.249.71.108 - - [20/Aug/2012:04:53:40 +0200] "GET /news.php?cs_go=archiv&cs_id=2446&cs_search= HTTP/1.1" 200 10794 "-" "Mozilla/5.0 (compatible; Googlebot/2.1; +http://www.google.com/bot.html)"
66.249.66.211 - - [20/Aug/2012:05:20:06 +0200] "GET /news.php?cs_go=archiv&cs_id=2461&cs_search= HTTP/1.1" 200 9611 "-" "Mozilla/5.0 (compatible; Googlebot/2.1; +http://www.google.com/bot.html)"
66.249.66.211 - - [20/Aug/2012:05:31:05 +0200] "GET /news.php?cs_go=archiv&cs_id=2624 HTTP/1.1" 200 10282 "-" "Mozilla/5.0 (compatible; Googlebot/2.1; +http://www.google.com/bot.html)"
66.249.66.211 - - [20/Aug/2012:05:39:17 +0200] "GET /news.php?cs_go=archiv&cs_id=2465&cs_search= HTTP/1.1" 200 9520 "-" "Mozilla/5.0 (compatible; Googlebot/2.1; +http://www.google.com/bot.html)"
66.249.71.108 - - [20/Aug/2012:05:42:28 +0200] "GET /news.php?cs_go=archiv&cs_startpos=501 HTTP/1.1" 200 22858 "-" "Mozilla/5.0 (compatible; Googlebot/2.1; +http://www.google.com/bot.html)"
66.249.66.211 - - [20/Aug/2012:05:45:40 +0200] "GET /news.php?cs_go=archiv&cs_startpos=461 HTTP/1.1" 200 22850 "-" "Mozilla/5.0 (compatible; Googlebot/2.1; +http://www.google.com/bot.html)"
66.249.66.211 - - [20/Aug/2012:05:48:52 +0200] "GET /news.php?cs_go=archiv&cs_startpos=280 HTTP/1.1" 200 23117 "-" "Mozilla/5.0 (compatible; Googlebot/2.1; +http://www.google.com/bot.html)"
66.249.71.108 - - [20/Aug/2012:05:52:03 +0200] "GET /news.php?cs_go=archiv&cs_startpos=451 HTTP/1.1" 200 22990 "-" "Mozilla/5.0 (compatible; Googlebot/2.1; +http://www.google.com/bot.html)"
66.249.66.211 - - [20/Aug/2012:05:58:29 +0200] "GET /news.php?cs_go=archiv&cs_startpos=290 HTTP/1.1" 200 22967 "-" "Mozilla/5.0 (compatible; Googlebot/2.1; +http://www.google.com/bot.html)"
66.249.66.211 - - [20/Aug/2012:06:04:50 +0200] "GET /news.php?cs_go=archiv&cs_id=2490&cs_search= HTTP/1.1" 200 13400 "-" "Mozilla/5.0 (compatible; Googlebot/2.1; +http://www.google.com/bot.html)"
66.249.73.149 - - [20/Aug/2012:06:09:02 +0200] "GET /news.php?cs_go=archiv&cs_id=2230&cs_search= HTTP/1.1" 200 9905 "-" "Mozilla/5.0 (compatible; Googlebot/2.1; +http://www.google.com/bot.html)"
66.249.71.108 - - [20/Aug/2012:06:19:38 +0200] "GET /news.php?cs_go=archiv&cs_id=2358&cs_search= HTTP/1.1" 200 11385 "-" "Mozilla/5.0 (compatible; Googlebot/2.1; +http://www.google.com/bot.html)"
66.249.66.211 - - [20/Aug/2012:06:36:47 +0200] "GET /news.php?cs_go=archiv&cs_startpos=491 HTTP/1.1" 200 23060 "-" "Mozilla/5.0 (compatible; Googlebot/2.1; +http://www.google.com/bot.html)"
66.249.66.211 - - [20/Aug/2012:06:44:57 +0200] "GET /news.php?cs_go=archiv&cs_id=2355&cs_search= HTTP/1.1" 200 11363 "-" "Mozilla/5.0 (compatible; Googlebot/2.1; +http://www.google.com/bot.html)"
66.249.66.211 - - [20/Aug/2012:06:46:22 +0200] "GET /news.php?cs_go=archiv&cs_startpos=431 HTTP/1.1" 200 23003 "-" "Mozilla/5.0 (compatible; Googlebot/2.1; +http://www.google.com/bot.html)"
66.249.66.211 - - [20/Aug/2012:06:56:09 +0200] "GET /news.php?cs_go=archiv&cs_id=2163&cs_search= HTTP/1.1" 200 10280 "-" "Mozilla/5.0 (compatible; Googlebot/2.1; +http://www.google.com/bot.html)"
207.46.13.213 - - [20/Aug/2012:06:57:16 +0200] "GET /robots.txt HTTP/1.1" 200 177 "-" "Mozilla/5.0 (compatible; bingbot/2.0; +http://www.bing.com/bingbot.htm)"
207.46.13.213 - - [20/Aug/2012:07:10:12 +0200] "GET /faq.php HTTP/1.1" 200 185821 "-" "Mozilla/5.0 (compatible; bingbot/2.0; +http://www.bing.com/bingbot.htm)"
66.249.66.211 - - [20/Aug/2012:07:22:51 +0200] "GET /news.php?cs_go=archiv&cs_id=3325&cs_search= HTTP/1.1" 200 13596 "-" "Mozilla/5.0 (compatible; Googlebot/2.1; +http://www.google.com/bot.html)"
123.125.71.51 - - [20/Aug/2012:07:28:04 +0200] "GET / HTTP/1.1" 200 10271 "-" "Mozilla/5.0 (compatible; Baiduspider/2.0; +http://www.baidu.com/search/spider.html)"
220.181.108.108 - - [20/Aug/2012:07:28:23 +0200] "GET / HTTP/1.1" 200 8728 "-" "Mozilla/5.0 (compatible; Baiduspider/2.0; +http://www.baidu.com/search/spider.html)"
208.115.111.75 - - [20/Aug/2012:07:37:35 +0200] "GET /robots.txt HTTP/1.1" 200 177 "-" "Mozilla/5.0 (compatible; Ezooms/1.0; ezooms.bot@gmail.com)"
66.249.71.108 - - [20/Aug/2012:07:45:33 +0200] "GET /news.php?cs_go=archiv&cs_id=2368&cs_search= HTTP/1.1" 200 11945 "-" "Mozilla/5.0 (compatible; Googlebot/2.1; +http://www.google.com/bot.html)"
208.115.113.91 - - [20/Aug/2012:07:56:42 +0200] "GET /diesel.php HTTP/1.1" 200 10639 "-" "Mozilla/5.0 (compatible; Ezooms/1.0; ezooms.bot@gmail.com)"
208.115.113.91 - - [20/Aug/2012:07:56:45 +0200] "GET /lexikon.php?cs_go=3&cs_id=142 HTTP/1.1" 200 8592 "-" "Mozilla/5.0 (compatible; Ezooms/1.0; ezooms.bot@gmail.com)"
208.115.113.91 - - [20/Aug/2012:07:56:49 +0200] "GET /lexikon.php?cs_go=3&cs_id=2 HTTP/1.1" 200 8424 "-" "Mozilla/5.0 (compatible; Ezooms/1.0; ezooms.bot@gmail.com)"
66.249.66.211 - - [20/Aug/2012:07:58:32 +0200] "GET /news.php?cs_go=archiv&cs_id=2145&cs_search= HTTP/1.1" 200 10040 "-" "Mozilla/5.0 (compatible; Googlebot/2.1; +http://www.google.com/bot.html)"
66.249.66.211 - - [20/Aug/2012:08:23:20 +0200] "GET /news.php?cs_go=archiv&cs_id=2159&cs_search= HTTP/1.1" 200 10034 "-" "Mozilla/5.0 (compatible; Googlebot/2.1; +http://www.google.com/bot.html)"
66.249.71.108 - - [20/Aug/2012:08:34:53 +0200] "GET /news.php?cs_go=archiv&cs_id=2151&cs_search= HTTP/1.1" 200 9945 "-" "Mozilla/5.0 (compatible; Googlebot/2.1; +http://www.google.com/bot.html)"
66.249.71.108 - - [20/Aug/2012:08:49:33 +0200] "GET /news.php?cs_go=archiv&cs_id=2276&cs_search= HTTP/1.1" 200 12810 "-" "Mozilla/5.0 (compatible; Googlebot/2.1; +http://www.google.com/bot.html)"
66.249.66.211 - - [20/Aug/2012:09:00:26 +0200] "GET /news.php?cs_go=archiv&cs_id=2381&cs_search= HTTP/1.1" 200 9882 "-" "Mozilla/5.0 (compatible; Googlebot/2.1; +http://www.google.com/bot.html)"
65.36.241.79 - - [20/Aug/2012:09:06:56 +0200] "HEAD / HTTP/1.1" 200 - "-" "InternetSeer.com"
66.249.66.211 - - [20/Aug/2012:09:12:23 +0200] "GET /news.php?cs_go=archiv&cs_id=2148&cs_search= HTTP/1.1" 200 14381 "-" "Mozilla/5.0 (compatible; Googlebot/2.1; +http://www.google.com/bot.html)"
109.90.26.130 - - [20/Aug/2012:09:42:45 +0200] "GET /style.css HTTP/1.1" 200 8418 "http://www.mink-gmbh.de/news.php?cs_go=archiv&cs_id=1680&cs_search=" "Mozilla/5.0 (Windows NT 5.1; rv:14.0) Gecko/20100101 Firefox/14.0.1"
109.90.26.130 - - [20/Aug/2012:09:42:45 +0200] "GET /news.php?cs_go=archiv&cs_id=1680&cs_search= HTTP/1.1" 200 11537 "http://www.google.de/imgres?q=rheinbraun&um=1&hl=de&sa=X&biw=1280&bih=610&tbs=isz:lt,islt:4mp&tbm=isch&tbnid=yPAz9HO9qcQgfM:&imgrefurl=http://www.mink-gmbh.de/news.php%3Fcs_go%3Darchiv%26cs_id%3D1680%26cs_search%3D&docid=6V1EhmreooNkhM&itg=1&imgurl=http://my.contentserver24.de/content/news/images/Sonstige_Bilder/Heizprofi_BB_4.03.2010.JPG&w=3425&h=2568&ei=AOoxUNCcI67S4QTmtIHoCg&zoom=1&iact=hc&vpx=937&vpy=303&dur=1490&hovh=194&hovw=259&tx=146&ty=129&sig=113208273993268786978&page=1&tbnh=163&tbnw=218&start=0&ndsp=10&ved=1t:429,r:9,s:0,i:128" "Mozilla/5.0 (Windows NT 5.1; rv:14.0) Gecko/20100101 Firefox/14.0.1"
109.90.26.130 - - [20/Aug/2012:09:42:45 +0200] "GET /modul.css HTTP/1.1" 200 35038 "http://www.mink-gmbh.de/news.php?cs_go=archiv&cs_id=1680&cs_search=" "Mozilla/5.0 (Windows NT 5.1; rv:14.0) Gecko/20100101 Firefox/14.0.1"
109.90.26.130 - - [20/Aug/2012:09:42:46 +0200] "GET /images/mail.jpg HTTP/1.1" 200 11165 "http://www.mink-gmbh.de/news.php?cs_go=archiv&cs_id=1680&cs_search=" "Mozilla/5.0 (Windows NT 5.1; rv:14.0) Gecko/20100101 Firefox/14.0.1"
109.90.26.130 - - [20/Aug/2012:09:42:46 +0200] "GET /images/wunschpreis.jpg HTTP/1.1" 200 16767 "http://www.mink-gmbh.de/news.php?cs_go=archiv&cs_id=1680&cs_search=" "Mozilla/5.0 (Windows NT 5.1; rv:14.0) Gecko/20100101 Firefox/14.0.1"
109.90.26.130 - - [20/Aug/2012:09:42:46 +0200] "GET /images/kwk.gif HTTP/1.1" 200 6403 "http://www.mink-gmbh.de/news.php?cs_go=archiv&cs_id=1680&cs_search=" "Mozilla/5.0 (Windows NT 5.1; rv:14.0) Gecko/20100101 Firefox/14.0.1"
109.90.26.130 - - [20/Aug/2012:09:42:46 +0200] "GET /images/logos.jpg HTTP/1.1" 200 15002 "http://www.mink-gmbh.de/news.php?cs_go=archiv&cs_id=1680&cs_search=" "Mozilla/5.0 (Windows NT 5.1; rv:14.0) Gecko/20100101 Firefox/14.0.1"
109.90.26.130 - - [20/Aug/2012:09:42:46 +0200] "GET /images/freecall.jpg HTTP/1.1" 200 39195 "http://www.mink-gmbh.de/news.php?cs_go=archiv&cs_id=1680&cs_search=" "Mozilla/5.0 (Windows NT 5.1; rv:14.0) Gecko/20100101 Firefox/14.0.1"
109.90.26.130 - - [20/Aug/2012:09:42:46 +0200] "GET /images/bg.jpg HTTP/1.1" 200 345 "http://www.mink-gmbh.de/style.css" "Mozilla/5.0 (Windows NT 5.1; rv:14.0) Gecko/20100101 Firefox/14.0.1"
109.90.26.130 - - [20/Aug/2012:09:42:46 +0200] "GET /images/close.png HTTP/1.1" 200 703 "http://www.mink-gmbh.de/news.php?cs_go=archiv&cs_id=1680&cs_search=" "Mozilla/5.0 (Windows NT 5.1; rv:14.0) Gecko/20100101 Firefox/14.0.1"
109.90.26.130 - - [20/Aug/2012:09:42:46 +0200] "GET /images/newsletter.png HTTP/1.1" 200 14619 "http://www.mink-gmbh.de/style.css" "Mozilla/5.0 (Windows NT 5.1; rv:14.0) Gecko/20100101 Firefox/14.0.1"
109.90.26.130 - - [20/Aug/2012:09:42:46 +0200] "GET /images/navibg.png HTTP/1.1" 200 2803 "http://www.mink-gmbh.de/style.css" "Mozilla/5.0 (Windows NT 5.1; rv:14.0) Gecko/20100101 Firefox/14.0.1"
109.90.26.130 - - [20/Aug/2012:09:42:46 +0200] "GET /images/footerbg.jpg HTTP/1.1" 200 2184 "http://www.mink-gmbh.de/style.css" "Mozilla/5.0 (Windows NT 5.1; rv:14.0) Gecko/20100101 Firefox/14.0.1"
109.90.26.130 - - [20/Aug/2012:09:42:46 +0200] "GET /images/newsletter_bg.jpg HTTP/1.1" 200 33610 "http://www.mink-gmbh.de/news.php?cs_go=archiv&cs_id=1680&cs_search=" "Mozilla/5.0 (Windows NT 5.1; rv:14.0) Gecko/20100101 Firefox/14.0.1"
109.90.26.130 - - [20/Aug/2012:09:42:46 +0200] "GET /images/wrapperbg.jpg HTTP/1.1" 200 27465 "http://www.mink-gmbh.de/style.css" "Mozilla/5.0 (Windows NT 5.1; rv:14.0) Gecko/20100101 Firefox/14.0.1"
109.90.26.130 - - [20/Aug/2012:09:42:46 +0200] "GET /images/header.jpg HTTP/1.1" 200 24413 "http://www.mink-gmbh.de/style.css" "Mozilla/5.0 (Windows NT 5.1; rv:14.0) Gecko/20100101 Firefox/14.0.1"
139.18.2.17 - - [20/Aug/2012:10:07:35 +0200] "GET /index.php HTTP/1.1" 200 1519 "-" "findlinks/2.6 (+http://wortschatz.uni-leipzig.de/findlinks/)"
139.18.2.17 - - [20/Aug/2012:10:07:36 +0200] "GET /index.php HTTP/1.1" 200 15296 "-" "findlinks/2.6 (+http://wortschatz.uni-leipzig.de/findlinks/)"
85.25.108.64 - - [20/Aug/2012:10:10:33 +0200] "GET /lexikon.php HTTP/1.1" 200 10496 "-" "Mozilla/4.0 (compatible; MSIE 6.0; Windows 98; Win 9x4.90)"
86.8.169.192 - - [20/Aug/2012:10:44:48 +0200] "GET /robots.txt HTTP/1.0" 200 177 "-" "Mozilla/5.0 (compatible; MJ12bot/v1.4.3; http://www.majestic12.co.uk/bot.php?+)"
86.8.169.192 - - [20/Aug/2012:10:44:49 +0200] "GET / HTTP/1.0" 200 15296 "-" "Mozilla/5.0 (compatible; MJ12bot/v1.4.3; http://www.majestic12.co.uk/bot.php?+)"
66.249.66.211 - - [20/Aug/2012:11:10:26 +0200] "GET /robots.txt HTTP/1.1" 200 177 "-" "Mozilla/5.0 (compatible; Googlebot/2.1; +http://www.google.com/bot.html)"
66.249.71.108 - - [20/Aug/2012:11:10:26 +0200] "GET /news.php?cs_go=archiv&cs_id=2815&cs_search= HTTP/1.1" 200 10103 "-" "Mozilla/5.0 (compatible; Googlebot/2.1; +http://www.google.com/bot.html)"
74.125.17.217 - - [20/Aug/2012:11:12:58 +0200] "GET /news.php?cs_go=archiv&cs_id=2839 HTTP/1.1" 200 11591 "http://www.google.com/search" "Mozilla/5.0 (X11; Linux x86_64) AppleWebKit/536.8 (KHTML, like Gecko; Google Web Preview) Chrome/19.0.1084.36 Safari/536.8"
74.125.17.217 - - [20/Aug/2012:11:12:58 +0200] "GET /style.css HTTP/1.1" 200 8418 "http://www.mink-gmbh.de/news.php?cs_go=archiv&cs_id=2839" "Mozilla/5.0 (X11; Linux x86_64) AppleWebKit/536.8 (KHTML, like Gecko; Google Web Preview) Chrome/19.0.1084.36 Safari/536.8"
74.125.17.224 - - [20/Aug/2012:11:12:58 +0200] "GET /modul.css HTTP/1.1" 200 35038 "http://www.mink-gmbh.de/news.php?cs_go=archiv&cs_id=2839" "Mozilla/5.0 (X11; Linux x86_64) AppleWebKit/536.8 (KHTML, like Gecko; Google Web Preview) Chrome/19.0.1084.36 Safari/536.8"
74.125.17.217 - - [20/Aug/2012:11:12:59 +0200] "GET /images/newsletter_bg.jpg HTTP/1.1" 200 33610 "http://www.mink-gmbh.de/news.php?cs_go=archiv&cs_id=2839" "Mozilla/5.0 (X11; Linux x86_64) AppleWebKit/536.8 (KHTML, like Gecko; Google Web Preview) Chrome/19.0.1084.36 Safari/536.8"
74.125.17.224 - - [20/Aug/2012:11:12:59 +0200] "GET /images/bg.jpg HTTP/1.1" 200 345 "http://www.mink-gmbh.de/news.php?cs_go=archiv&cs_id=2839" "Mozilla/5.0 (X11; Linux x86_64) AppleWebKit/536.8 (KHTML, like Gecko; Google Web Preview) Chrome/19.0.1084.36 Safari/536.8"
74.125.17.218 - - [20/Aug/2012:11:12:59 +0200] "GET /images/logos.jpg HTTP/1.1" 200 15002 "http://www.mink-gmbh.de/news.php?cs_go=archiv&cs_id=2839" "Mozilla/5.0 (X11; Linux x86_64) AppleWebKit/536.8 (KHTML, like Gecko; Google Web Preview) Chrome/19.0.1084.36 Safari/536.8"
74.125.17.218 - - [20/Aug/2012:11:12:59 +0200] "GET /images/newsletter.png HTTP/1.1" 200 14619 "http://www.mink-gmbh.de/news.php?cs_go=archiv&cs_id=2839" "Mozilla/5.0 (X11; Linux x86_64) AppleWebKit/536.8 (KHTML, like Gecko; Google Web Preview) Chrome/19.0.1084.36 Safari/536.8"
74.125.17.218 - - [20/Aug/2012:11:12:59 +0200] "GET /images/close.png HTTP/1.1" 200 703 "http://www.mink-gmbh.de/news.php?cs_go=archiv&cs_id=2839" "Mozilla/5.0 (X11; Linux x86_64) AppleWebKit/536.8 (KHTML, like Gecko; Google Web Preview) Chrome/19.0.1084.36 Safari/536.8"
74.125.17.218 - - [20/Aug/2012:11:12:59 +0200] "GET /images/kwk.gif HTTP/1.1" 200 6403 "http://www.mink-gmbh.de/news.php?cs_go=archiv&cs_id=2839" "Mozilla/5.0 (X11; Linux x86_64) AppleWebKit/536.8 (KHTML, like Gecko; Google Web Preview) Chrome/19.0.1084.36 Safari/536.8"
74.125.17.218 - - [20/Aug/2012:11:12:59 +0200] "GET /images/mail.jpg HTTP/1.1" 200 11165 "http://www.mink-gmbh.de/news.php?cs_go=archiv&cs_id=2839" "Mozilla/5.0 (X11; Linux x86_64) AppleWebKit/536.8 (KHTML, like Gecko; Google Web Preview) Chrome/19.0.1084.36 Safari/536.8"
74.125.17.218 - - [20/Aug/2012:11:12:59 +0200] "GET /images/freecall.jpg HTTP/1.1" 200 39195 "http://www.mink-gmbh.de/news.php?cs_go=archiv&cs_id=2839" "Mozilla/5.0 (X11; Linux x86_64) AppleWebKit/536.8 (KHTML, like Gecko; Google Web Preview) Chrome/19.0.1084.36 Safari/536.8"
74.125.17.218 - - [20/Aug/2012:11:12:59 +0200] "GET /images/header.jpg HTTP/1.1" 200 24413 "http://www.mink-gmbh.de/news.php?cs_go=archiv&cs_id=2839" "Mozilla/5.0 (X11; Linux x86_64) AppleWebKit/536.8 (KHTML, like Gecko; Google Web Preview) Chrome/19.0.1084.36 Safari/536.8"
74.125.17.218 - - [20/Aug/2012:11:12:59 +0200] "GET /images/wunschpreis.jpg HTTP/1.1" 200 16767 "http://www.mink-gmbh.de/news.php?cs_go=archiv&cs_id=2839" "Mozilla/5.0 (X11; Linux x86_64) AppleWebKit/536.8 (KHTML, like Gecko; Google Web Preview) Chrome/19.0.1084.36 Safari/536.8"
74.125.17.218 - - [20/Aug/2012:11:13:00 +0200] "GET /images/footerbg.jpg HTTP/1.1" 200 2184 "http://www.mink-gmbh.de/news.php?cs_go=archiv&cs_id=2839" "Mozilla/5.0 (X11; Linux x86_64) AppleWebKit/536.8 (KHTML, like Gecko; Google Web Preview) Chrome/19.0.1084.36 Safari/536.8"
74.125.17.218 - - [20/Aug/2012:11:13:01 +0200] "GET /images/navibg.png HTTP/1.1" 200 2803 "http://www.mink-gmbh.de/news.php?cs_go=archiv&cs_id=2839" "Mozilla/5.0 (X11; Linux x86_64) AppleWebKit/536.8 (KHTML, like Gecko; Google Web Preview) Chrome/19.0.1084.36 Safari/536.8"
74.125.17.218 - - [20/Aug/2012:11:13:01 +0200] "GET /images/wrapperbg.jpg HTTP/1.1" 200 27465 "http://www.mink-gmbh.de/news.php?cs_go=archiv&cs_id=2839" "Mozilla/5.0 (X11; Linux x86_64) AppleWebKit/536.8 (KHTML, like Gecko; Google Web Preview) Chrome/19.0.1084.36 Safari/536.8"
208.115.113.91 - - [20/Aug/2012:11:42:48 +0200] "GET /robots.txt HTTP/1.1" 200 177 "-" "Mozilla/5.0 (compatible; Ezooms/1.0; ezooms.bot@gmail.com)"
80.120.97.58 - - [20/Aug/2012:13:02:25 +0200] "GET /style.css HTTP/1.1" 200 8418 "http://www.mink-gmbh.de/" "Mozilla/4.0 (compatible; MSIE 8.0; Windows NT 6.0; Trident/4.0; GTB7.3; SLCC1; .NET CLR 2.0.50727; .NET CLR 1.1.4322; .NET CLR 3.5.30729; .NET CLR 3.0.30729)"
80.120.97.58 - - [20/Aug/2012:13:02:26 +0200] "GET /modul.css HTTP/1.1" 200 35038 "http://www.mink-gmbh.de/" "Mozilla/4.0 (compatible; MSIE 8.0; Windows NT 6.0; Trident/4.0; GTB7.3; SLCC1; .NET CLR 2.0.50727; .NET CLR 1.1.4322; .NET CLR 3.5.30729; .NET CLR 3.0.30729)"
80.120.97.58 - - [20/Aug/2012:13:02:26 +0200] "GET /js_contentserver24_greybox/AJS_fx.js HTTP/1.1" 200 3192 "http://www.mink-gmbh.de/" "Mozilla/4.0 (compatible; MSIE 8.0; Windows NT 6.0; Trident/4.0; GTB7.3; SLCC1; .NET CLR 2.0.50727; .NET CLR 1.1.4322; .NET CLR 3.5.30729; .NET CLR 3.0.30729)"
80.120.97.58 - - [20/Aug/2012:13:02:26 +0200] "GET /js_contentserver24_greybox/gb_styles.css HTTP/1.1" 200 2302 "http://www.mink-gmbh.de/" "Mozilla/4.0 (compatible; MSIE 8.0; Windows NT 6.0; Trident/4.0; GTB7.3; SLCC1; .NET CLR 2.0.50727; .NET CLR 1.1.4322; .NET CLR 3.5.30729; .NET CLR 3.0.30729)"
80.120.97.58 - - [20/Aug/2012:13:02:26 +0200] "GET /js_contentserver24_greybox/gb_scripts.js HTTP/1.1" 200 11913 "http://www.mink-gmbh.de/" "Mozilla/4.0 (compatible; MSIE 8.0; Windows NT 6.0; Trident/4.0; GTB7.3; SLCC1; .NET CLR 2.0.50727; .NET CLR 1.1.4322; .NET CLR 3.5.30729; .NET CLR 3.0.30729)"
80.120.97.58 - - [20/Aug/2012:13:02:26 +0200] "GET /js_contentserver24_greybox/AJS.js HTTP/1.1" 200 10396 "http://www.mink-gmbh.de/" "Mozilla/4.0 (compatible; MSIE 8.0; Windows NT 6.0; Trident/4.0; GTB7.3; SLCC1; .NET CLR 2.0.50727; .NET CLR 1.1.4322; .NET CLR 3.5.30729; .NET CLR 3.0.30729)"
80.120.97.58 - - [20/Aug/2012:13:02:25 +0200] "GET / HTTP/1.1" 200 15296 "-" "Mozilla/4.0 (compatible; MSIE 8.0; Windows NT 6.0; Trident/4.0; GTB7.3; SLCC1; .NET CLR 2.0.50727; .NET CLR 1.1.4322; .NET CLR 3.5.30729; .NET CLR 3.0.30729)"
80.120.97.58 - - [20/Aug/2012:13:02:27 +0200] "GET /images/bg.jpg HTTP/1.1" 200 345 "http://www.mink-gmbh.de/" "Mozilla/4.0 (compatible; MSIE 8.0; Windows NT 6.0; Trident/4.0; GTB7.3; SLCC1; .NET CLR 2.0.50727; .NET CLR 1.1.4322; .NET CLR 3.5.30729; .NET CLR 3.0.30729)"
80.120.97.58 - - [20/Aug/2012:13:02:27 +0200] "GET /js_contentserver24_greybox/w_close.gif HTTP/1.1" 200 74 "http://www.mink-gmbh.de/" "Mozilla/4.0 (compatible; MSIE 8.0; Windows NT 6.0; Trident/4.0; GTB7.3; SLCC1; .NET CLR 2.0.50727; .NET CLR 1.1.4322; .NET CLR 3.5.30729; .NET CLR 3.0.30729)"
80.120.97.58 - - [20/Aug/2012:13:02:27 +0200] "GET /images/freecall.jpg HTTP/1.1" 200 39195 "http://www.mink-gmbh.de/" "Mozilla/4.0 (compatible; MSIE 8.0; Windows NT 6.0; Trident/4.0; GTB7.3; SLCC1; .NET CLR 2.0.50727; .NET CLR 1.1.4322; .NET CLR 3.5.30729; .NET CLR 3.0.30729)"
80.120.97.58 - - [20/Aug/2012:13:02:27 +0200] "GET /images/navibg.png HTTP/1.1" 200 2803 "http://www.mink-gmbh.de/" "Mozilla/4.0 (compatible; MSIE 8.0; Windows NT 6.0; Trident/4.0; GTB7.3; SLCC1; .NET CLR 2.0.50727; .NET CLR 1.1.4322; .NET CLR 3.5.30729; .NET CLR 3.0.30729)"
80.120.97.58 - - [20/Aug/2012:13:02:27 +0200] "GET /images/newsletter_bg.jpg HTTP/1.1" 200 33610 "http://www.mink-gmbh.de/" "Mozilla/4.0 (compatible; MSIE 8.0; Windows NT 6.0; Trident/4.0; GTB7.3; SLCC1; .NET CLR 2.0.50727; .NET CLR 1.1.4322; .NET CLR 3.5.30729; .NET CLR 3.0.30729)"
80.120.97.58 - - [20/Aug/2012:13:02:27 +0200] "GET /images/wrapperbg.jpg HTTP/1.1" 200 27465 "http://www.mink-gmbh.de/" "Mozilla/4.0 (compatible; MSIE 8.0; Windows NT 6.0; Trident/4.0; GTB7.3; SLCC1; .NET CLR 2.0.50727; .NET CLR 1.1.4322; .NET CLR 3.5.30729; .NET CLR 3.0.30729)"
80.120.97.58 - - [20/Aug/2012:13:02:27 +0200] "GET /images/mail.jpg HTTP/1.1" 200 11165 "http://www.mink-gmbh.de/" "Mozilla/4.0 (compatible; MSIE 8.0; Windows NT 6.0; Trident/4.0; GTB7.3; SLCC1; .NET CLR 2.0.50727; .NET CLR 1.1.4322; .NET CLR 3.5.30729; .NET CLR 3.0.30729)"
80.120.97.58 - - [20/Aug/2012:13:02:27 +0200] "GET /images/kwk.gif HTTP/1.1" 200 6403 "http://www.mink-gmbh.de/" "Mozilla/4.0 (compatible; MSIE 8.0; Windows NT 6.0; Trident/4.0; GTB7.3; SLCC1; .NET CLR 2.0.50727; .NET CLR 1.1.4322; .NET CLR 3.5.30729; .NET CLR 3.0.30729)"
80.120.97.58 - - [20/Aug/2012:13:02:27 +0200] "GET /images/wunschpreis.jpg HTTP/1.1" 200 16767 "http://www.mink-gmbh.de/" "Mozilla/4.0 (compatible; MSIE 8.0; Windows NT 6.0; Trident/4.0; GTB7.3; SLCC1; .NET CLR 2.0.50727; .NET CLR 1.1.4322; .NET CLR 3.5.30729; .NET CLR 3.0.30729)"
80.120.97.58 - - [20/Aug/2012:13:02:27 +0200] "GET /images/tkw.jpg HTTP/1.1" 200 64031 "http://www.mink-gmbh.de/" "Mozilla/4.0 (compatible; MSIE 8.0; Windows NT 6.0; Trident/4.0; GTB7.3; SLCC1; .NET CLR 2.0.50727; .NET CLR 1.1.4322; .NET CLR 3.5.30729; .NET CLR 3.0.30729)"
80.120.97.58 - - [20/Aug/2012:13:02:27 +0200] "GET /images/logos.jpg HTTP/1.1" 200 15002 "http://www.mink-gmbh.de/" "Mozilla/4.0 (compatible; MSIE 8.0; Windows NT 6.0; Trident/4.0; GTB7.3; SLCC1; .NET CLR 2.0.50727; .NET CLR 1.1.4322; .NET CLR 3.5.30729; .NET CLR 3.0.30729)"
80.120.97.58 - - [20/Aug/2012:13:02:27 +0200] "GET /images/close.png HTTP/1.1" 200 703 "http://www.mink-gmbh.de/" "Mozilla/4.0 (compatible; MSIE 8.0; Windows NT 6.0; Trident/4.0; GTB7.3; SLCC1; .NET CLR 2.0.50727; .NET CLR 1.1.4322; .NET CLR 3.5.30729; .NET CLR 3.0.30729)"
80.120.97.58 - - [20/Aug/2012:13:02:27 +0200] "GET /images/newsletter.png HTTP/1.1" 200 14619 "http://www.mink-gmbh.de/" "Mozilla/4.0 (compatible; MSIE 8.0; Windows NT 6.0; Trident/4.0; GTB7.3; SLCC1; .NET CLR 2.0.50727; .NET CLR 1.1.4322; .NET CLR 3.5.30729; .NET CLR 3.0.30729)"
80.120.97.58 - - [20/Aug/2012:13:02:27 +0200] "GET /images/header.jpg HTTP/1.1" 200 24413 "http://www.mink-gmbh.de/" "Mozilla/4.0 (compatible; MSIE 8.0; Windows NT 6.0; Trident/4.0; GTB7.3; SLCC1; .NET CLR 2.0.50727; .NET CLR 1.1.4322; .NET CLR 3.5.30729; .NET CLR 3.0.30729)"
80.120.97.58 - - [20/Aug/2012:13:02:27 +0200] "GET /images/steigend.png HTTP/1.1" 200 688 "http://www.mink-gmbh.de/" "Mozilla/4.0 (compatible; MSIE 8.0; Windows NT 6.0; Trident/4.0; GTB7.3; SLCC1; .NET CLR 2.0.50727; .NET CLR 1.1.4322; .NET CLR 3.5.30729; .NET CLR 3.0.30729)"
80.120.97.58 - - [20/Aug/2012:13:02:27 +0200] "GET /images/fallend.png HTTP/1.1" 200 713 "http://www.mink-gmbh.de/" "Mozilla/4.0 (compatible; MSIE 8.0; Windows NT 6.0; Trident/4.0; GTB7.3; SLCC1; .NET CLR 2.0.50727; .NET CLR 1.1.4322; .NET CLR 3.5.30729; .NET CLR 3.0.30729)"
80.120.97.58 - - [20/Aug/2012:13:02:27 +0200] "GET /images/mobil.jpg HTTP/1.1" 200 25293 "http://www.mink-gmbh.de/" "Mozilla/4.0 (compatible; MSIE 8.0; Windows NT 6.0; Trident/4.0; GTB7.3; SLCC1; .NET CLR 2.0.50727; .NET CLR 1.1.4322; .NET CLR 3.5.30729; .NET CLR 3.0.30729)"
80.120.97.58 - - [20/Aug/2012:13:02:27 +0200] "GET /images/newsletter.jpg HTTP/1.1" 200 13130 "http://www.mink-gmbh.de/" "Mozilla/4.0 (compatible; MSIE 8.0; Windows NT 6.0; Trident/4.0; GTB7.3; SLCC1; .NET CLR 2.0.50727; .NET CLR 1.1.4322; .NET CLR 3.5.30729; .NET CLR 3.0.30729)"
80.120.97.58 - - [20/Aug/2012:13:02:27 +0200] "GET /images/footerbg.jpg HTTP/1.1" 200 2184 "http://www.mink-gmbh.de/" "Mozilla/4.0 (compatible; MSIE 8.0; Windows NT 6.0; Trident/4.0; GTB7.3; SLCC1; .NET CLR 2.0.50727; .NET CLR 1.1.4322; .NET CLR 3.5.30729; .NET CLR 3.0.30729)"
80.120.97.58 - - [20/Aug/2012:13:02:27 +0200] "GET /js_contentserver24_greybox/header_bg.gif HTTP/1.1" 200 1188 "http://www.mink-gmbh.de/" "Mozilla/4.0 (compatible; MSIE 8.0; Windows NT 6.0; Trident/4.0; GTB7.3; SLCC1; .NET CLR 2.0.50727; .NET CLR 1.1.4322; .NET CLR 3.5.30729; .NET CLR 3.0.30729)"
80.120.97.58 - - [20/Aug/2012:13:02:28 +0200] "GET /js_contentserver24_greybox/loader_frame.html?s=0 HTTP/1.1" 200 2084 "http://www.mink-gmbh.de/" "Mozilla/4.0 (compatible; MSIE 8.0; Windows NT 6.0; Trident/4.0; GTB7.3; SLCC1; .NET CLR 2.0.50727; .NET CLR 1.1.4322; .NET CLR 3.5.30729; .NET CLR 3.0.30729)"
80.120.97.58 - - [20/Aug/2012:13:02:28 +0200] "GET /js_contentserver24_greybox/indicator.gif HTTP/1.1" 200 8238 "http://www.mink-gmbh.de/js_contentserver24_greybox/loader_frame.html?s=0" "Mozilla/4.0 (compatible; MSIE 8.0; Windows NT 6.0; Trident/4.0; GTB7.3; SLCC1; .NET CLR 2.0.50727; .NET CLR 1.1.4322; .NET CLR 3.5.30729; .NET CLR 3.0.30729)"
80.120.97.58 - - [20/Aug/2012:13:02:29 +0200] "GET /js_contentserver24_greybox/g_close.gif HTTP/1.1" 200 541 "http://www.mink-gmbh.de/" "Mozilla/4.0 (compatible; MSIE 8.0; Windows NT 6.0; Trident/4.0; GTB7.3; SLCC1; .NET CLR 2.0.50727; .NET CLR 1.1.4322; .NET CLR 3.5.30729; .NET CLR 3.0.30729)"
80.120.97.58 - - [20/Aug/2012:13:02:29 +0200] "GET /favicon.ico HTTP/1.1" 200 3638 "-" "Mozilla/4.0 (compatible; MSIE 8.0; Windows NT 6.0; Trident/4.0; GTB7.3; SLCC1; .NET CLR 2.0.50727; .NET CLR 1.1.4322; .NET CLR 3.5.30729; .NET CLR 3.0.30729)"
150.70.75.29 - - [20/Aug/2012:13:04:24 +0200] "GET /js_contentserver24_greybox/gb_scripts.js HTTP/1.0" 200 11913 "-" "Mozilla/4.0 (compatible; MSIE 6.0; Windows NT 5.1)"
150.70.75.29 - - [20/Aug/2012:13:04:24 +0200] "GET /js_contentserver24_greybox/AJS.js HTTP/1.0" 200 10396 "-" "Mozilla/4.0 (compatible; MSIE 6.0; Windows NT 5.1)"
150.70.172.103 - - [20/Aug/2012:13:24:52 +0200] "GET /js_contentserver24_greybox/AJS_fx.js HTTP/1.0" 200 3192 "-" "Mozilla/4.0 (compatible; MSIE 6.0; Windows NT 5.1)"
80.187.103.188 - - [20/Aug/2012:13:26:32 +0200] "GET /style.css HTTP/1.1" 200 8418 "http://www.mink-gmbh.de/" "Mozilla/5.0 (iPhone; CPU iPhone OS 5_1 like Mac OS X) AppleWebKit/534.46 (KHTML, like Gecko) Version/5.1 Mobile/9B176 Safari/7534.48.3"
80.187.103.188 - - [20/Aug/2012:13:26:32 +0200] "GET /modul.css HTTP/1.1" 200 35038 "http://www.mink-gmbh.de/" "Mozilla/5.0 (iPhone; CPU iPhone OS 5_1 like Mac OS X) AppleWebKit/534.46 (KHTML, like Gecko) Version/5.1 Mobile/9B176 Safari/7534.48.3"
80.187.103.188 - - [20/Aug/2012:13:26:31 +0200] "GET / HTTP/1.1" 200 15296 "http://www.google.de/search?hl=de&site=&source=hp&q=heiz%C3%B6l-mink+berlin&oq=heiz%C3%B6l+mink&gs_l=mobile-gws-hp.1.2.0l2j0i30j0i8i30.5548.13607.0.16181.12.11.0.1.1.0.407.2018.2-1j4j1.6.0...0.0...1ac.-0qZ7Gz7AJI" "Mozilla/5.0 (iPhone; CPU iPhone OS 5_1 like Mac OS X) AppleWebKit/534.46 (KHTML, like Gecko) Version/5.1 Mobile/9B176 Safari/7534.48.3"
80.187.103.188 - - [20/Aug/2012:13:26:33 +0200] "GET /js_contentserver24_greybox/gb_styles.css HTTP/1.1" 200 2302 "http://www.mink-gmbh.de/" "Mozilla/5.0 (iPhone; CPU iPhone OS 5_1 like Mac OS X) AppleWebKit/534.46 (KHTML, like Gecko) Version/5.1 Mobile/9B176 Safari/7534.48.3"
80.187.103.188 - - [20/Aug/2012:13:26:34 +0200] "GET /js_contentserver24_greybox/AJS.js HTTP/1.1" 200 10396 "http://www.mink-gmbh.de/" "Mozilla/5.0 (iPhone; CPU iPhone OS 5_1 like Mac OS X) AppleWebKit/534.46 (KHTML, like Gecko) Version/5.1 Mobile/9B176 Safari/7534.48.3"
80.187.103.188 - - [20/Aug/2012:13:26:34 +0200] "GET /js_contentserver24_greybox/gb_scripts.js HTTP/1.1" 200 11913 "http://www.mink-gmbh.de/" "Mozilla/5.0 (iPhone; CPU iPhone OS 5_1 like Mac OS X) AppleWebKit/534.46 (KHTML, like Gecko) Version/5.1 Mobile/9B176 Safari/7534.48.3"
80.187.103.188 - - [20/Aug/2012:13:26:35 +0200] "GET /js_contentserver24_greybox/AJS_fx.js HTTP/1.1" 200 3192 "http://www.mink-gmbh.de/" "Mozilla/5.0 (iPhone; CPU iPhone OS 5_1 like Mac OS X) AppleWebKit/534.46 (KHTML, like Gecko) Version/5.1 Mobile/9B176 Safari/7534.48.3"
80.187.103.188 - - [20/Aug/2012:13:26:36 +0200] "GET /images/tkw.jpg HTTP/1.1" 200 64031 "http://www.mink-gmbh.de/" "Mozilla/5.0 (iPhone; CPU iPhone OS 5_1 like Mac OS X) AppleWebKit/534.46 (KHTML, like Gecko) Version/5.1 Mobile/9B176 Safari/7534.48.3"
80.187.103.188 - - [20/Aug/2012:13:26:37 +0200] "GET /images/freecall.jpg HTTP/1.1" 200 39195 "http://www.mink-gmbh.de/" "Mozilla/5.0 (iPhone; CPU iPhone OS 5_1 like Mac OS X) AppleWebKit/534.46 (KHTML, like Gecko) Version/5.1 Mobile/9B176 Safari/7534.48.3"
80.187.103.188 - - [20/Aug/2012:13:26:37 +0200] "GET /images/mail.jpg HTTP/1.1" 200 11165 "http://www.mink-gmbh.de/" "Mozilla/5.0 (iPhone; CPU iPhone OS 5_1 like Mac OS X) AppleWebKit/534.46 (KHTML, like Gecko) Version/5.1 Mobile/9B176 Safari/7534.48.3"
80.187.103.188 - - [20/Aug/2012:13:26:37 +0200] "GET /images/kwk.gif HTTP/1.1" 200 6403 "http://www.mink-gmbh.de/" "Mozilla/5.0 (iPhone; CPU iPhone OS 5_1 like Mac OS X) AppleWebKit/534.46 (KHTML, like Gecko) Version/5.1 Mobile/9B176 Safari/7534.48.3"
80.187.103.188 - - [20/Aug/2012:13:26:38 +0200] "GET /images/wunschpreis.jpg HTTP/1.1" 200 16767 "http://www.mink-gmbh.de/" "Mozilla/5.0 (iPhone; CPU iPhone OS 5_1 like Mac OS X) AppleWebKit/534.46 (KHTML, like Gecko) Version/5.1 Mobile/9B176 Safari/7534.48.3"
80.187.103.188 - - [20/Aug/2012:13:26:38 +0200] "GET /images/logos.jpg HTTP/1.1" 200 15002 "http://www.mink-gmbh.de/" "Mozilla/5.0 (iPhone; CPU iPhone OS 5_1 like Mac OS X) AppleWebKit/534.46 (KHTML, like Gecko) Version/5.1 Mobile/9B176 Safari/7534.48.3"
80.187.103.188 - - [20/Aug/2012:13:26:40 +0200] "GET /js_contentserver24_greybox/w_close.gif HTTP/1.1" 200 74 "http://www.mink-gmbh.de/" "Mozilla/5.0 (iPhone; CPU iPhone OS 5_1 like Mac OS X) AppleWebKit/534.46 (KHTML, like Gecko) Version/5.1 Mobile/9B176 Safari/7534.48.3"
80.187.103.188 - - [20/Aug/2012:13:26:40 +0200] "GET /images/close.png HTTP/1.1" 200 703 "http://www.mink-gmbh.de/" "Mozilla/5.0 (iPhone; CPU iPhone OS 5_1 like Mac OS X) AppleWebKit/534.46 (KHTML, like Gecko) Version/5.1 Mobile/9B176 Safari/7534.48.3"
80.187.103.188 - - [20/Aug/2012:13:26:41 +0200] "GET /images/bg.jpg HTTP/1.1" 200 345 "http://www.mink-gmbh.de/" "Mozilla/5.0 (iPhone; CPU iPhone OS 5_1 like Mac OS X) AppleWebKit/534.46 (KHTML, like Gecko) Version/5.1 Mobile/9B176 Safari/7534.48.3"
80.187.103.188 - - [20/Aug/2012:13:26:41 +0200] "GET /images/newsletter_bg.jpg HTTP/1.1" 200 33610 "http://www.mink-gmbh.de/" "Mozilla/5.0 (iPhone; CPU iPhone OS 5_1 like Mac OS X) AppleWebKit/534.46 (KHTML, like Gecko) Version/5.1 Mobile/9B176 Safari/7534.48.3"
80.187.103.188 - - [20/Aug/2012:13:26:42 +0200] "GET /images/header.jpg HTTP/1.1" 200 24413 "http://www.mink-gmbh.de/" "Mozilla/5.0 (iPhone; CPU iPhone OS 5_1 like Mac OS X) AppleWebKit/534.46 (KHTML, like Gecko) Version/5.1 Mobile/9B176 Safari/7534.48.3"
80.187.103.188 - - [20/Aug/2012:13:26:42 +0200] "GET /images/steigend.png HTTP/1.1" 200 688 "http://www.mink-gmbh.de/" "Mozilla/5.0 (iPhone; CPU iPhone OS 5_1 like Mac OS X) AppleWebKit/534.46 (KHTML, like Gecko) Version/5.1 Mobile/9B176 Safari/7534.48.3"
80.187.103.188 - - [20/Aug/2012:13:26:42 +0200] "GET /images/mobil.jpg HTTP/1.1" 200 25293 "http://www.mink-gmbh.de/" "Mozilla/5.0 (iPhone; CPU iPhone OS 5_1 like Mac OS X) AppleWebKit/534.46 (KHTML, like Gecko) Version/5.1 Mobile/9B176 Safari/7534.48.3"
80.187.103.188 - - [20/Aug/2012:13:26:42 +0200] "GET /images/newsletter.png HTTP/1.1" 200 14619 "http://www.mink-gmbh.de/" "Mozilla/5.0 (iPhone; CPU iPhone OS 5_1 like Mac OS X) AppleWebKit/534.46 (KHTML, like Gecko) Version/5.1 Mobile/9B176 Safari/7534.48.3"
123.125.71.52 - - [20/Aug/2012:13:29:36 +0200] "GET / HTTP/1.1" 200 7793 "-" "Mozilla/5.0 (compatible; Baiduspider/2.0; +http://www.baidu.com/search/spider.html)"
220.181.108.82 - - [20/Aug/2012:13:30:04 +0200] "GET / HTTP/1.1" 200 7782 "-" "Mozilla/5.0 (compatible; Baiduspider/2.0; +http://www.baidu.com/search/spider.html)"
66.249.66.211 - - [20/Aug/2012:13:44:54 +0200] "GET /news.php?cs_go=archiv&cs_startpos=0 HTTP/1.1" 200 22402 "-" "Mozilla/5.0 (compatible; Googlebot/2.1; +http://www.google.com/bot.html)"
66.249.71.108 - - [20/Aug/2012:13:48:06 +0200] "GET /news.php?cs_go=archiv&cs_startpos=1031 HTTP/1.1" 200 23170 "-" "Mozilla/5.0 (compatible; Googlebot/2.1; +http://www.google.com/bot.html)"
66.249.66.211 - - [20/Aug/2012:13:59:46 +0200] "GET /news.php?cs_go=archiv&cs_id=3372&cs_search= HTTP/1.1" 200 11797 "-" "Mozilla/5.0 (compatible; Googlebot/2.1; +http://www.google.com/bot.html)"
66.249.66.211 - - [20/Aug/2012:13:59:47 +0200] "GET /news.php?cs_go=archiv&cs_id=3371&cs_search= HTTP/1.1" 200 9907 "-" "Mozilla/5.0 (compatible; Googlebot/2.1; +http://www.google.com/bot.html)"
157.55.16.231 - - [20/Aug/2012:14:25:30 +0200] "GET /robots.txt HTTP/1.1" 200 177 "-" "Mozilla/5.0 (compatible; bingbot/2.0; +http://www.bing.com/bingbot.htm)"
157.55.16.231 - - [20/Aug/2012:14:32:15 +0200] "GET /preisanfrage.php HTTP/1.1" 200 10710 "-" "Mozilla/5.0 (compatible; bingbot/2.0; +http://www.bing.com/bingbot.htm)"
88.198.67.197 - - [20/Aug/2012:14:46:40 +0200] "GET /robots.txt HTTP/1.1" 200 177 "-" "Pixray-Seeker/1.1 (Pixray-Seeker; http://www.pixray.com/pixraybot; crawler@pixray.com)"
88.198.67.197 - - [20/Aug/2012:14:46:40 +0200] "GET /news.php?cs_go=archiv&cs_startpos=1551 HTTP/1.1" 200 22650 "-" "Pixray-Seeker/1.1 (Pixray-Seeker; http://www.pixray.com/pixraybot; crawler@pixray.com)"
188.40.85.200 - - [20/Aug/2012:14:52:37 +0200] "GET /robots.txt HTTP/1.1" 200 177 "-" "Pixray-Seeker/1.1 (Pixray-Seeker; http://www.pixray.com/pixraybot; crawler@pixray.com)"
188.40.85.200 - - [20/Aug/2012:14:52:38 +0200] "GET /news.php?cs_go=archiv&cs_id=2853&cs_search= HTTP/1.1" 200 9994 "-" "Pixray-Seeker/1.1 (Pixray-Seeker; http://www.pixray.com/pixraybot; crawler@pixray.com)"
207.46.13.97 - - [20/Aug/2012:14:57:22 +0200] "GET / HTTP/1.1" 200 15356 "-" "Mozilla/5.0 (compatible; bingbot/2.0; +http://www.bing.com/bingbot.htm)"
123.125.71.89 - - [20/Aug/2012:15:01:39 +0200] "GET /robots.txt HTTP/1.1" 200 177 "-" "Mozilla/5.0 (Windows NT 5.1; rv:6.0.2) Gecko/20100101 Firefox/6.0.2"
65.36.241.79 - - [20/Aug/2012:15:25:46 +0200] "HEAD / HTTP/1.1" 200 - "-" "InternetSeer.com"
62.214.152.186 - - [20/Aug/2012:15:47:24 +0200] "GET / HTTP/1.1" 200 15356 "http://adresse.gelbeseiten.de/1056508471/energie--und--service-sued-ost-berlin--und--mink-gmbh/berlin/mariendorf" "Mozilla/4.0 (compatible; MSIE 8.0; Windows NT 5.2; Trident/4.0; .NET CLR 1.1.4322; .NET CLR 2.0.50727)"
62.214.152.186 - - [20/Aug/2012:15:47:25 +0200] "GET /style.css HTTP/1.1" 200 8418 "http://www.mink-gmbh.de/" "Mozilla/4.0 (compatible; MSIE 8.0; Windows NT 5.2; Trident/4.0; .NET CLR 1.1.4322; .NET CLR 2.0.50727)"
62.214.152.186 - - [20/Aug/2012:15:47:25 +0200] "GET /js_contentserver24_greybox/AJS_fx.js HTTP/1.1" 200 3192 "http://www.mink-gmbh.de/" "Mozilla/4.0 (compatible; MSIE 8.0; Windows NT 5.2; Trident/4.0; .NET CLR 1.1.4322; .NET CLR 2.0.50727)"
62.214.152.186 - - [20/Aug/2012:15:47:25 +0200] "GET /modul.css HTTP/1.1" 200 35038 "http://www.mink-gmbh.de/" "Mozilla/4.0 (compatible; MSIE 8.0; Windows NT 5.2; Trident/4.0; .NET CLR 1.1.4322; .NET CLR 2.0.50727)"
62.214.152.186 - - [20/Aug/2012:15:47:25 +0200] "GET /js_contentserver24_greybox/gb_styles.css HTTP/1.1" 200 2302 "http://www.mink-gmbh.de/" "Mozilla/4.0 (compatible; MSIE 8.0; Windows NT 5.2; Trident/4.0; .NET CLR 1.1.4322; .NET CLR 2.0.50727)"
62.214.152.186 - - [20/Aug/2012:15:47:25 +0200] "GET /js_contentserver24_greybox/gb_scripts.js HTTP/1.1" 200 11913 "http://www.mink-gmbh.de/" "Mozilla/4.0 (compatible; MSIE 8.0; Windows NT 5.2; Trident/4.0; .NET CLR 1.1.4322; .NET CLR 2.0.50727)"
62.214.152.186 - - [20/Aug/2012:15:47:25 +0200] "GET /js_contentserver24_greybox/AJS.js HTTP/1.1" 200 10396 "http://www.mink-gmbh.de/" "Mozilla/4.0 (compatible; MSIE 8.0; Windows NT 5.2; Trident/4.0; .NET CLR 1.1.4322; .NET CLR 2.0.50727)"
62.214.152.186 - - [20/Aug/2012:15:47:25 +0200] "GET /images/bg.jpg HTTP/1.1" 200 345 "http://www.mink-gmbh.de/" "Mozilla/4.0 (compatible; MSIE 8.0; Windows NT 5.2; Trident/4.0; .NET CLR 1.1.4322; .NET CLR 2.0.50727)"
62.214.152.186 - - [20/Aug/2012:15:47:26 +0200] "GET /js_contentserver24_greybox/w_close.gif HTTP/1.1" 200 74 "http://www.mink-gmbh.de/" "Mozilla/4.0 (compatible; MSIE 8.0; Windows NT 5.2; Trident/4.0; .NET CLR 1.1.4322; .NET CLR 2.0.50727)"
62.214.152.186 - - [20/Aug/2012:15:47:26 +0200] "GET /images/wrapperbg.jpg HTTP/1.1" 200 27465 "http://www.mink-gmbh.de/" "Mozilla/4.0 (compatible; MSIE 8.0; Windows NT 5.2; Trident/4.0; .NET CLR 1.1.4322; .NET CLR 2.0.50727)"
62.214.152.186 - - [20/Aug/2012:15:47:26 +0200] "GET /images/tkw.jpg HTTP/1.1" 200 64031 "http://www.mink-gmbh.de/" "Mozilla/4.0 (compatible; MSIE 8.0; Windows NT 5.2; Trident/4.0; .NET CLR 1.1.4322; .NET CLR 2.0.50727)"
62.214.152.186 - - [20/Aug/2012:15:47:26 +0200] "GET /images/navibg.png HTTP/1.1" 200 2803 "http://www.mink-gmbh.de/" "Mozilla/4.0 (compatible; MSIE 8.0; Windows NT 5.2; Trident/4.0; .NET CLR 1.1.4322; .NET CLR 2.0.50727)"
62.214.152.186 - - [20/Aug/2012:15:47:26 +0200] "GET /images/freecall.jpg HTTP/1.1" 200 39195 "http://www.mink-gmbh.de/" "Mozilla/4.0 (compatible; MSIE 8.0; Windows NT 5.2; Trident/4.0; .NET CLR 1.1.4322; .NET CLR 2.0.50727)"
62.214.152.186 - - [20/Aug/2012:15:47:26 +0200] "GET /images/wunschpreis.jpg HTTP/1.1" 200 16767 "http://www.mink-gmbh.de/" "Mozilla/4.0 (compatible; MSIE 8.0; Windows NT 5.2; Trident/4.0; .NET CLR 1.1.4322; .NET CLR 2.0.50727)"
62.214.152.186 - - [20/Aug/2012:15:47:26 +0200] "GET /images/mail.jpg HTTP/1.1" 200 11165 "http://www.mink-gmbh.de/" "Mozilla/4.0 (compatible; MSIE 8.0; Windows NT 5.2; Trident/4.0; .NET CLR 1.1.4322; .NET CLR 2.0.50727)"
62.214.152.186 - - [20/Aug/2012:15:47:26 +0200] "GET /images/kwk.gif HTTP/1.1" 200 6403 "http://www.mink-gmbh.de/" "Mozilla/4.0 (compatible; MSIE 8.0; Windows NT 5.2; Trident/4.0; .NET CLR 1.1.4322; .NET CLR 2.0.50727)"
