46.4.125.109 - - [16/Aug/2012:16:25:42 +0200] "GET /news.php?cs_go=archiv&cs_id=2708&cs_search= HTTP/1.1" 200 10099 "-" "Pixray-Seeker/1.1 (Pixray-Seeker; http://www.pixray.com/pixraybot; crawler@pixray.com)"
46.4.125.109 - - [16/Aug/2012:16:28:25 +0200] "GET /news.php?cs_go=archiv&cs_id=2366&cs_search= HTTP/1.1" 200 14100 "-" "Pixray-Seeker/1.1 (Pixray-Seeker; http://www.pixray.com/pixraybot; crawler@pixray.com)"
65.36.241.79 - - [16/Aug/2012:16:29:04 +0200] "HEAD / HTTP/1.1" 200 - "-" "InternetSeer.com"
46.4.125.109 - - [16/Aug/2012:16:30:27 +0200] "GET /news.php?cs_go=archiv&cs_id=2759&cs_search= HTTP/1.1" 200 12148 "-" "Pixray-Seeker/1.1 (Pixray-Seeker; http://www.pixray.com/pixraybot; crawler@pixray.com)"
213.186.127.7 - - [16/Aug/2012:16:54:05 +0200] "GET /news.php?cs_go=archiv&cs_id=3309&cs_search= HTTP/1.1" 200 9932 "-" "Mozilla/5.0 (compatible; AhrefsBot/3.1; +http://ahrefs.com/robot/)"
207.46.13.97 - - [16/Aug/2012:16:54:45 +0200] "GET /robots.txt HTTP/1.1" 200 177 "-" "Mozilla/5.0 (compatible; bingbot/2.0; +http://www.bing.com/bingbot.htm)"
207.46.13.97 - - [16/Aug/2012:16:55:33 +0200] "GET / HTTP/1.1" 200 15323 "-" "Mozilla/5.0 (compatible; bingbot/2.0; +http://www.bing.com/bingbot.htm)"
66.249.72.131 - - [16/Aug/2012:16:57:27 +0200] "GET /news.php?cs_go=archiv&cs_id=3115&cs_search= HTTP/1.1" 200 13598 "-" "Mozilla/5.0 (compatible; Googlebot/2.1; +http://www.google.com/bot.html)"
66.249.72.131 - - [16/Aug/2012:17:03:18 +0200] "GET /news.php?cs_go=archiv&cs_id=1774&cs_search= HTTP/1.1" 200 9304 "-" "Mozilla/5.0 (compatible; Googlebot/2.1; +http://www.google.com/bot.html)"
46.4.125.109 - - [16/Aug/2012:17:04:02 +0200] "GET /robots.txt HTTP/1.1" 200 177 "-" "Pixray-Seeker/1.1 (Pixray-Seeker; http://www.pixray.com/pixraybot; crawler@pixray.com)"
46.4.125.109 - - [16/Aug/2012:17:04:02 +0200] "GET /news.php?cs_go=archiv&cs_id=2667&cs_search= HTTP/1.1" 200 12868 "-" "Pixray-Seeker/1.1 (Pixray-Seeker; http://www.pixray.com/pixraybot; crawler@pixray.com)"
176.9.0.13 - - [16/Aug/2012:17:11:35 +0200] "GET /robots.txt HTTP/1.1" 200 177 "-" "Pixray-Seeker/1.1 (Pixray-Seeker; http://www.pixray.com/pixraybot; crawler@pixray.com)"
176.9.0.13 - - [16/Aug/2012:17:11:35 +0200] "GET /lexikon.php?cs_go=2&cs_char=f HTTP/1.1" 200 9595 "-" "Pixray-Seeker/1.1 (Pixray-Seeker; http://www.pixray.com/pixraybot; crawler@pixray.com)"
66.249.72.131 - - [16/Aug/2012:17:11:48 +0200] "GET /news.php?cs_go=archiv&cs_id=3117&cs_search= HTTP/1.1" 200 12725 "-" "Mozilla/5.0 (compatible; Googlebot/2.1; +http://www.google.com/bot.html)"
93.219.52.197 - - [16/Aug/2012:17:14:45 +0200] "GET /js_contentserver24_greybox/loader_frame.html?s=0 HTTP/1.1" 304 - "http://www.mink-gmbh.de/" "Mozilla/5.0 (Windows NT 6.1; rv:14.0) Gecko/20100101 Firefox/14.0.1"
93.219.52.197 - - [16/Aug/2012:17:14:44 +0200] "GET / HTTP/1.1" 200 15323 "-" "Mozilla/5.0 (Windows NT 6.1; rv:14.0) Gecko/20100101 Firefox/14.0.1"
93.219.52.197 - - [16/Aug/2012:17:15:05 +0200] "GET /news.php?cs_go=archiv&cs_id=3363 HTTP/1.1" 200 10447 "http://www.mink-gmbh.de/" "Mozilla/5.0 (Windows NT 6.1; rv:14.0) Gecko/20100101 Firefox/14.0.1"
93.219.52.197 - - [16/Aug/2012:17:15:41 +0200] "GET / HTTP/1.1" 200 14582 "-" "Mozilla/5.0 (Windows NT 6.1; rv:14.0) Gecko/20100101 Firefox/14.0.1"
93.219.52.197 - - [16/Aug/2012:17:15:43 +0200] "GET /news.php?cs_go=archiv&cs_id=3365 HTTP/1.1" 200 13650 "http://www.mink-gmbh.de/" "Mozilla/5.0 (Windows NT 6.1; rv:14.0) Gecko/20100101 Firefox/14.0.1"
176.9.0.13 - - [16/Aug/2012:17:15:46 +0200] "GET /news.php?cs_go=archiv&cs_id=2394&cs_search= HTTP/1.1" 200 9590 "-" "Pixray-Seeker/1.1 (Pixray-Seeker; http://www.pixray.com/pixraybot; crawler@pixray.com)"
176.9.0.13 - - [16/Aug/2012:17:18:36 +0200] "GET /news.php?cs_go=archiv&cs_id=2190&cs_search= HTTP/1.1" 200 14003 "-" "Pixray-Seeker/1.1 (Pixray-Seeker; http://www.pixray.com/pixraybot; crawler@pixray.com)"
176.9.0.13 - - [16/Aug/2012:17:19:32 +0200] "GET /news.php?cs_go=archiv&cs_id=1768&cs_search= HTTP/1.1" 200 12064 "-" "Pixray-Seeker/1.1 (Pixray-Seeker; http://www.pixray.com/pixraybot; crawler@pixray.com)"
176.9.0.13 - - [16/Aug/2012:17:19:43 +0200] "GET /news.php?cs_go=archiv&cs_id=1847&cs_search= HTTP/1.1" 200 9682 "-" "Pixray-Seeker/1.1 (Pixray-Seeker; http://www.pixray.com/pixraybot; crawler@pixray.com)"
66.249.72.131 - - [16/Aug/2012:17:26:31 +0200] "GET /news.php?cs_go=archiv&cs_id=1971&cs_search= HTTP/1.1" 200 14222 "-" "Mozilla/5.0 (compatible; Googlebot/2.1; +http://www.google.com/bot.html)"
176.9.0.13 - - [16/Aug/2012:17:33:30 +0200] "GET /robots.txt HTTP/1.1" 200 177 "-" "Pixray-Seeker/1.1 (Pixray-Seeker; http://www.pixray.com/pixraybot; crawler@pixray.com)"
176.9.0.13 - - [16/Aug/2012:17:33:30 +0200] "GET /news.php?cs_go=archiv&cs_id=1925&cs_search= HTTP/1.1" 200 13806 "-" "Pixray-Seeker/1.1 (Pixray-Seeker; http://www.pixray.com/pixraybot; crawler@pixray.com)"
176.9.0.13 - - [16/Aug/2012:17:35:40 +0200] "GET /news.php?cs_go=archiv&cs_id=3166&cs_search= HTTP/1.1" 200 13584 "-" "Pixray-Seeker/1.1 (Pixray-Seeker; http://www.pixray.com/pixraybot; crawler@pixray.com)"
176.9.0.13 - - [16/Aug/2012:17:37:17 +0200] "GET /news.php?cs_go=archiv&cs_id=1870&cs_search= HTTP/1.1" 200 14205 "-" "Pixray-Seeker/1.1 (Pixray-Seeker; http://www.pixray.com/pixraybot; crawler@pixray.com)"
176.9.0.13 - - [16/Aug/2012:17:39:07 +0200] "GET /news.php?cs_go=archiv&cs_id=2632&cs_search= HTTP/1.1" 200 9872 "-" "Pixray-Seeker/1.1 (Pixray-Seeker; http://www.pixray.com/pixraybot; crawler@pixray.com)"
176.9.0.13 - - [16/Aug/2012:17:40:17 +0200] "GET /lexikon.php?cs_go=3&cs_id=97 HTTP/1.1" 200 11570 "-" "Pixray-Seeker/1.1 (Pixray-Seeker; http://www.pixray.com/pixraybot; crawler@pixray.com)"
176.9.0.13 - - [16/Aug/2012:17:40:42 +0200] "GET /lexikon.php?cs_go=2&cs_char=k HTTP/1.1" 200 9792 "-" "Pixray-Seeker/1.1 (Pixray-Seeker; http://www.pixray.com/pixraybot; crawler@pixray.com)"
176.9.0.13 - - [16/Aug/2012:17:43:15 +0200] "GET /news.php?cs_go=archiv&cs_id=1957&cs_search= HTTP/1.1" 200 11676 "-" "Pixray-Seeker/1.1 (Pixray-Seeker; http://www.pixray.com/pixraybot; crawler@pixray.com)"
88.74.12.172 - - [16/Aug/2012:17:47:11 +0200] "GET /style.css HTTP/1.1" 200 8418 "http://www.mink-gmbh.de/" "Mozilla/5.0 (Windows NT 6.1; rv:14.0) Gecko/20100101 Firefox/14.0.1"
88.74.12.172 - - [16/Aug/2012:17:47:11 +0200] "GET /favicon.ico HTTP/1.1" 200 3638 "-" "Mozilla/5.0 (Windows NT 6.1; rv:14.0) Gecko/20100101 Firefox/14.0.1"
88.74.12.172 - - [16/Aug/2012:17:47:11 +0200] "GET /modul.css HTTP/1.1" 200 35038 "http://www.mink-gmbh.de/" "Mozilla/5.0 (Windows NT 6.1; rv:14.0) Gecko/20100101 Firefox/14.0.1"
88.74.12.172 - - [16/Aug/2012:17:47:11 +0200] "GET /js_contentserver24_greybox/gb_styles.css HTTP/1.1" 200 2302 "http://www.mink-gmbh.de/" "Mozilla/5.0 (Windows NT 6.1; rv:14.0) Gecko/20100101 Firefox/14.0.1"
88.74.12.172 - - [16/Aug/2012:17:47:11 +0200] "GET /js_contentserver24_greybox/AJS.js HTTP/1.1" 200 10396 "http://www.mink-gmbh.de/" "Mozilla/5.0 (Windows NT 6.1; rv:14.0) Gecko/20100101 Firefox/14.0.1"
88.74.12.172 - - [16/Aug/2012:17:47:12 +0200] "GET /js_contentserver24_greybox/AJS_fx.js HTTP/1.1" 200 3192 "http://www.mink-gmbh.de/" "Mozilla/5.0 (Windows NT 6.1; rv:14.0) Gecko/20100101 Firefox/14.0.1"
88.74.12.172 - - [16/Aug/2012:17:47:12 +0200] "GET /js_contentserver24_greybox/gb_scripts.js HTTP/1.1" 200 11913 "http://www.mink-gmbh.de/" "Mozilla/5.0 (Windows NT 6.1; rv:14.0) Gecko/20100101 Firefox/14.0.1"
88.74.12.172 - - [16/Aug/2012:17:47:12 +0200] "GET /images/bg.jpg HTTP/1.1" 200 345 "http://www.mink-gmbh.de/style.css" "Mozilla/5.0 (Windows NT 6.1; rv:14.0) Gecko/20100101 Firefox/14.0.1"
88.74.12.172 - - [16/Aug/2012:17:47:12 +0200] "GET /js_contentserver24_greybox/w_close.gif HTTP/1.1" 200 74 "http://www.mink-gmbh.de/" "Mozilla/5.0 (Windows NT 6.1; rv:14.0) Gecko/20100101 Firefox/14.0.1"
88.74.12.172 - - [16/Aug/2012:17:47:12 +0200] "GET /images/close.png HTTP/1.1" 200 703 "http://www.mink-gmbh.de/" "Mozilla/5.0 (Windows NT 6.1; rv:14.0) Gecko/20100101 Firefox/14.0.1"
88.74.12.172 - - [16/Aug/2012:17:47:12 +0200] "GET /images/newsletter.png HTTP/1.1" 200 14619 "http://www.mink-gmbh.de/style.css" "Mozilla/5.0 (Windows NT 6.1; rv:14.0) Gecko/20100101 Firefox/14.0.1"
88.74.12.172 - - [16/Aug/2012:17:47:12 +0200] "GET /images/header.jpg HTTP/1.1" 200 24413 "http://www.mink-gmbh.de/style.css" "Mozilla/5.0 (Windows NT 6.1; rv:14.0) Gecko/20100101 Firefox/14.0.1"
88.74.12.172 - - [16/Aug/2012:17:47:12 +0200] "GET /images/navibg.png HTTP/1.1" 200 2803 "http://www.mink-gmbh.de/style.css" "Mozilla/5.0 (Windows NT 6.1; rv:14.0) Gecko/20100101 Firefox/14.0.1"
88.74.12.172 - - [16/Aug/2012:17:47:12 +0200] "GET /images/newsletter_bg.jpg HTTP/1.1" 200 33610 "http://www.mink-gmbh.de/" "Mozilla/5.0 (Windows NT 6.1; rv:14.0) Gecko/20100101 Firefox/14.0.1"
88.74.12.172 - - [16/Aug/2012:17:47:12 +0200] "GET /images/steigend.png HTTP/1.1" 200 688 "http://www.mink-gmbh.de/modul.css" "Mozilla/5.0 (Windows NT 6.1; rv:14.0) Gecko/20100101 Firefox/14.0.1"
88.74.12.172 - - [16/Aug/2012:17:47:12 +0200] "GET /images/fallend.png HTTP/1.1" 200 713 "http://www.mink-gmbh.de/modul.css" "Mozilla/5.0 (Windows NT 6.1; rv:14.0) Gecko/20100101 Firefox/14.0.1"
88.74.12.172 - - [16/Aug/2012:17:47:12 +0200] "GET /images/wrapperbg.jpg HTTP/1.1" 200 27465 "http://www.mink-gmbh.de/style.css" "Mozilla/5.0 (Windows NT 6.1; rv:14.0) Gecko/20100101 Firefox/14.0.1"
88.74.12.172 - - [16/Aug/2012:17:47:12 +0200] "GET /js_contentserver24_greybox/loader_frame.html?s=0 HTTP/1.1" 200 2084 "http://www.mink-gmbh.de/" "Mozilla/5.0 (Windows NT 6.1; rv:14.0) Gecko/20100101 Firefox/14.0.1"
88.74.12.172 - - [16/Aug/2012:17:47:12 +0200] "GET /js_contentserver24_greybox/header_bg.gif HTTP/1.1" 200 1188 "http://www.mink-gmbh.de/" "Mozilla/5.0 (Windows NT 6.1; rv:14.0) Gecko/20100101 Firefox/14.0.1"
88.74.12.172 - - [16/Aug/2012:17:47:12 +0200] "GET /js_contentserver24_greybox/indicator.gif HTTP/1.1" 200 8238 "http://www.mink-gmbh.de/js_contentserver24_greybox/loader_frame.html?s=0" "Mozilla/5.0 (Windows NT 6.1; rv:14.0) Gecko/20100101 Firefox/14.0.1"
88.74.12.172 - - [16/Aug/2012:17:47:12 +0200] "GET /images/tkw.jpg HTTP/1.1" 200 64031 "http://www.mink-gmbh.de/" "Mozilla/5.0 (Windows NT 6.1; rv:14.0) Gecko/20100101 Firefox/14.0.1"
88.74.12.172 - - [16/Aug/2012:17:47:12 +0200] "GET /images/mobil.jpg HTTP/1.1" 200 25293 "http://www.mink-gmbh.de/style.css" "Mozilla/5.0 (Windows NT 6.1; rv:14.0) Gecko/20100101 Firefox/14.0.1"
88.74.12.172 - - [16/Aug/2012:17:47:12 +0200] "GET /images/newsletter.jpg HTTP/1.1" 200 13130 "http://www.mink-gmbh.de/style.css" "Mozilla/5.0 (Windows NT 6.1; rv:14.0) Gecko/20100101 Firefox/14.0.1"
88.74.12.172 - - [16/Aug/2012:17:47:11 +0200] "GET / HTTP/1.1" 200 15323 "http://handball.bfc-preussen.de/index.php/service/trainer-a-trainingszeiten" "Mozilla/5.0 (Windows NT 6.1; rv:14.0) Gecko/20100101 Firefox/14.0.1"
88.74.12.172 - - [16/Aug/2012:17:47:13 +0200] "GET /images/freecall.jpg HTTP/1.1" 200 39195 "http://www.mink-gmbh.de/" "Mozilla/5.0 (Windows NT 6.1; rv:14.0) Gecko/20100101 Firefox/14.0.1"
88.74.12.172 - - [16/Aug/2012:17:47:13 +0200] "GET /images/mail.jpg HTTP/1.1" 200 11165 "http://www.mink-gmbh.de/" "Mozilla/5.0 (Windows NT 6.1; rv:14.0) Gecko/20100101 Firefox/14.0.1"
88.74.12.172 - - [16/Aug/2012:17:47:13 +0200] "GET /images/kwk.gif HTTP/1.1" 200 6403 "http://www.mink-gmbh.de/" "Mozilla/5.0 (Windows NT 6.1; rv:14.0) Gecko/20100101 Firefox/14.0.1"
88.74.12.172 - - [16/Aug/2012:17:47:13 +0200] "GET /images/logos.jpg HTTP/1.1" 200 15002 "http://www.mink-gmbh.de/" "Mozilla/5.0 (Windows NT 6.1; rv:14.0) Gecko/20100101 Firefox/14.0.1"
88.74.12.172 - - [16/Aug/2012:17:47:13 +0200] "GET /images/wunschpreis.jpg HTTP/1.1" 200 16767 "http://www.mink-gmbh.de/" "Mozilla/5.0 (Windows NT 6.1; rv:14.0) Gecko/20100101 Firefox/14.0.1"
88.74.12.172 - - [16/Aug/2012:17:47:13 +0200] "GET /images/footerbg.jpg HTTP/1.1" 200 2184 "http://www.mink-gmbh.de/style.css" "Mozilla/5.0 (Windows NT 6.1; rv:14.0) Gecko/20100101 Firefox/14.0.1"
88.74.12.172 - - [16/Aug/2012:17:47:13 +0200] "GET /js_contentserver24_greybox/g_close.gif HTTP/1.1" 200 541 "http://www.mink-gmbh.de/" "Mozilla/5.0 (Windows NT 6.1; rv:14.0) Gecko/20100101 Firefox/14.0.1"
88.74.12.172 - - [16/Aug/2012:17:47:48 +0200] "GET /modernisierung.php HTTP/1.1" 200 11491 "http://my.contentserver24.de/content.php?key=8cbfc89c6095570b423d&cs_mid=22&cs_go=popupcontent" "Mozilla/5.0 (Windows NT 6.1; rv:14.0) Gecko/20100101 Firefox/14.0.1"
46.4.19.85 - - [16/Aug/2012:17:53:02 +0200] "GET /robots.txt HTTP/1.1" 200 177 "-" "Pixray-Seeker/1.1 (Pixray-Seeker; http://www.pixray.com/pixraybot; crawler@pixray.com)"
46.4.19.85 - - [16/Aug/2012:17:53:03 +0200] "GET /lexikon.php?cs_go=2&cs_char=r HTTP/1.1" 200 9732 "-" "Pixray-Seeker/1.1 (Pixray-Seeker; http://www.pixray.com/pixraybot; crawler@pixray.com)"
66.249.72.131 - - [16/Aug/2012:17:53:12 +0200] "GET /news.php?cs_go=archiv&cs_id=3118&cs_search= HTTP/1.1" 200 13660 "-" "Mozilla/5.0 (compatible; Googlebot/2.1; +http://www.google.com/bot.html)"
80.137.234.132 - - [16/Aug/2012:17:56:27 +0200] "GET / HTTP/1.1" 200 15323 "-" "Mozilla/5.0 (Windows NT 5.1; rv:12.0) Gecko/20100101 Firefox/12.0"
80.137.234.132 - - [16/Aug/2012:17:56:28 +0200] "GET /style.css HTTP/1.1" 200 8418 "http://www.mink-gmbh.de/" "Mozilla/5.0 (Windows NT 5.1; rv:12.0) Gecko/20100101 Firefox/12.0"
80.137.234.132 - - [16/Aug/2012:17:56:28 +0200] "GET /js_contentserver24_greybox/AJS_fx.js HTTP/1.1" 200 3192 "http://www.mink-gmbh.de/" "Mozilla/5.0 (Windows NT 5.1; rv:12.0) Gecko/20100101 Firefox/12.0"
80.137.234.132 - - [16/Aug/2012:17:56:29 +0200] "GET /js_contentserver24_greybox/gb_scripts.js HTTP/1.1" 200 11913 "http://www.mink-gmbh.de/" "Mozilla/5.0 (Windows NT 5.1; rv:12.0) Gecko/20100101 Firefox/12.0"
80.137.234.132 - - [16/Aug/2012:17:56:28 +0200] "GET /modul.css HTTP/1.1" 200 35038 "http://www.mink-gmbh.de/" "Mozilla/5.0 (Windows NT 5.1; rv:12.0) Gecko/20100101 Firefox/12.0"
80.137.234.132 - - [16/Aug/2012:17:56:29 +0200] "GET /images/freecall.jpg HTTP/1.1" 200 39195 "http://www.mink-gmbh.de/" "Mozilla/5.0 (Windows NT 5.1; rv:12.0) Gecko/20100101 Firefox/12.0"
80.137.234.132 - - [16/Aug/2012:17:56:29 +0200] "GET /js_contentserver24_greybox/gb_styles.css HTTP/1.1" 200 2302 "http://www.mink-gmbh.de/" "Mozilla/5.0 (Windows NT 5.1; rv:12.0) Gecko/20100101 Firefox/12.0"
80.137.234.132 - - [16/Aug/2012:17:56:29 +0200] "GET /images/tkw.jpg HTTP/1.1" 200 64031 "http://www.mink-gmbh.de/" "Mozilla/5.0 (Windows NT 5.1; rv:12.0) Gecko/20100101 Firefox/12.0"
80.137.234.132 - - [16/Aug/2012:17:56:30 +0200] "GET /js_contentserver24_greybox/AJS.js HTTP/1.1" 200 10396 "http://www.mink-gmbh.de/" "Mozilla/5.0 (Windows NT 5.1; rv:12.0) Gecko/20100101 Firefox/12.0"
80.137.234.132 - - [16/Aug/2012:17:56:30 +0200] "GET /images/mail.jpg HTTP/1.1" 200 11165 "http://www.mink-gmbh.de/" "Mozilla/5.0 (Windows NT 5.1; rv:12.0) Gecko/20100101 Firefox/12.0"
80.137.234.132 - - [16/Aug/2012:17:56:30 +0200] "GET /images/kwk.gif HTTP/1.1" 200 6403 "http://www.mink-gmbh.de/" "Mozilla/5.0 (Windows NT 5.1; rv:12.0) Gecko/20100101 Firefox/12.0"
80.137.234.132 - - [16/Aug/2012:17:56:30 +0200] "GET /images/wunschpreis.jpg HTTP/1.1" 200 16767 "http://www.mink-gmbh.de/" "Mozilla/5.0 (Windows NT 5.1; rv:12.0) Gecko/20100101 Firefox/12.0"
80.137.234.132 - - [16/Aug/2012:17:56:30 +0200] "GET /images/logos.jpg HTTP/1.1" 200 15002 "http://www.mink-gmbh.de/" "Mozilla/5.0 (Windows NT 5.1; rv:12.0) Gecko/20100101 Firefox/12.0"
80.137.234.132 - - [16/Aug/2012:17:56:30 +0200] "GET /images/bg.jpg HTTP/1.1" 200 345 "http://www.mink-gmbh.de/style.css" "Mozilla/5.0 (Windows NT 5.1; rv:12.0) Gecko/20100101 Firefox/12.0"
80.137.234.132 - - [16/Aug/2012:17:56:30 +0200] "GET /favicon.ico HTTP/1.1" 200 3638 "-" "Mozilla/5.0 (Windows NT 5.1; rv:12.0) Gecko/20100101 Firefox/12.0"
80.137.234.132 - - [16/Aug/2012:17:56:31 +0200] "GET /js_contentserver24_greybox/w_close.gif HTTP/1.1" 200 74 "http://www.mink-gmbh.de/" "Mozilla/5.0 (Windows NT 5.1; rv:12.0) Gecko/20100101 Firefox/12.0"
80.137.234.132 - - [16/Aug/2012:17:56:31 +0200] "GET /images/close.png HTTP/1.1" 200 703 "http://www.mink-gmbh.de/" "Mozilla/5.0 (Windows NT 5.1; rv:12.0) Gecko/20100101 Firefox/12.0"
80.137.234.132 - - [16/Aug/2012:17:56:31 +0200] "GET /images/newsletter_bg.jpg HTTP/1.1" 200 33610 "http://www.mink-gmbh.de/" "Mozilla/5.0 (Windows NT 5.1; rv:12.0) Gecko/20100101 Firefox/12.0"
80.137.234.132 - - [16/Aug/2012:17:56:31 +0200] "GET /images/newsletter.png HTTP/1.1" 200 14619 "http://www.mink-gmbh.de/style.css" "Mozilla/5.0 (Windows NT 5.1; rv:12.0) Gecko/20100101 Firefox/12.0"
80.137.234.132 - - [16/Aug/2012:17:56:31 +0200] "GET /images/wrapperbg.jpg HTTP/1.1" 200 27465 "http://www.mink-gmbh.de/style.css" "Mozilla/5.0 (Windows NT 5.1; rv:12.0) Gecko/20100101 Firefox/12.0"
80.137.234.132 - - [16/Aug/2012:17:56:31 +0200] "GET /images/header.jpg HTTP/1.1" 200 24413 "http://www.mink-gmbh.de/style.css" "Mozilla/5.0 (Windows NT 5.1; rv:12.0) Gecko/20100101 Firefox/12.0"
80.137.234.132 - - [16/Aug/2012:17:56:31 +0200] "GET /images/navibg.png HTTP/1.1" 200 2803 "http://www.mink-gmbh.de/style.css" "Mozilla/5.0 (Windows NT 5.1; rv:12.0) Gecko/20100101 Firefox/12.0"
80.137.234.132 - - [16/Aug/2012:17:56:31 +0200] "GET /images/steigend.png HTTP/1.1" 200 688 "http://www.mink-gmbh.de/modul.css" "Mozilla/5.0 (Windows NT 5.1; rv:12.0) Gecko/20100101 Firefox/12.0"
80.137.234.132 - - [16/Aug/2012:17:56:31 +0200] "GET /images/fallend.png HTTP/1.1" 200 713 "http://www.mink-gmbh.de/modul.css" "Mozilla/5.0 (Windows NT 5.1; rv:12.0) Gecko/20100101 Firefox/12.0"
80.137.234.132 - - [16/Aug/2012:17:56:31 +0200] "GET /images/footerbg.jpg HTTP/1.1" 200 2184 "http://www.mink-gmbh.de/style.css" "Mozilla/5.0 (Windows NT 5.1; rv:12.0) Gecko/20100101 Firefox/12.0"
80.137.234.132 - - [16/Aug/2012:17:56:31 +0200] "GET /images/mobil.jpg HTTP/1.1" 200 25293 "http://www.mink-gmbh.de/style.css" "Mozilla/5.0 (Windows NT 5.1; rv:12.0) Gecko/20100101 Firefox/12.0"
80.137.234.132 - - [16/Aug/2012:17:56:31 +0200] "GET /images/newsletter.jpg HTTP/1.1" 200 13130 "http://www.mink-gmbh.de/style.css" "Mozilla/5.0 (Windows NT 5.1; rv:12.0) Gecko/20100101 Firefox/12.0"
80.137.234.132 - - [16/Aug/2012:17:56:31 +0200] "GET /js_contentserver24_greybox/loader_frame.html?s=0 HTTP/1.1" 200 2084 "http://www.mink-gmbh.de/" "Mozilla/5.0 (Windows NT 5.1; rv:12.0) Gecko/20100101 Firefox/12.0"
80.137.234.132 - - [16/Aug/2012:17:56:31 +0200] "GET /js_contentserver24_greybox/header_bg.gif HTTP/1.1" 200 1188 "http://www.mink-gmbh.de/" "Mozilla/5.0 (Windows NT 5.1; rv:12.0) Gecko/20100101 Firefox/12.0"
80.137.234.132 - - [16/Aug/2012:17:56:31 +0200] "GET /js_contentserver24_greybox/indicator.gif HTTP/1.1" 200 8238 "http://www.mink-gmbh.de/js_contentserver24_greybox/loader_frame.html?s=0" "Mozilla/5.0 (Windows NT 5.1; rv:12.0) Gecko/20100101 Firefox/12.0"
80.137.234.132 - - [16/Aug/2012:17:56:32 +0200] "GET /js_contentserver24_greybox/g_close.gif HTTP/1.1" 200 541 "http://www.mink-gmbh.de/" "Mozilla/5.0 (Windows NT 5.1; rv:12.0) Gecko/20100101 Firefox/12.0"
80.137.234.132 - - [16/Aug/2012:17:57:23 +0200] "GET / HTTP/1.1" 200 14582 "-" "Mozilla/5.0 (Windows NT 5.1; rv:12.0) Gecko/20100101 Firefox/12.0"
80.137.234.132 - - [16/Aug/2012:17:58:49 +0200] "GET /preisanfrage.php HTTP/1.1" 200 10623 "http://www.mink-gmbh.de/" "Mozilla/5.0 (Windows NT 5.1; rv:12.0) Gecko/20100101 Firefox/12.0"
80.137.234.132 - - [16/Aug/2012:17:59:15 +0200] "GET /wunschpreis.php HTTP/1.1" 200 11972 "http://www.mink-gmbh.de/preisanfrage.php" "Mozilla/5.0 (Windows NT 5.1; rv:12.0) Gecko/20100101 Firefox/12.0"
46.4.19.85 - - [16/Aug/2012:18:00:34 +0200] "GET /news.php?cs_go=archiv&cs_id=1778&cs_search= HTTP/1.1" 200 12881 "-" "Pixray-Seeker/1.1 (Pixray-Seeker; http://www.pixray.com/pixraybot; crawler@pixray.com)"
213.186.127.2 - - [16/Aug/2012:18:01:35 +0200] "GET /news.php?cs_go=archiv&cs_id=3258&cs_search= HTTP/1.1" 200 11925 "-" "Mozilla/5.0 (compatible; AhrefsBot/3.1; +http://ahrefs.com/robot/)"
80.137.234.132 - - [16/Aug/2012:18:02:43 +0200] "GET /preisanfrage.php HTTP/1.1" 200 10623 "http://www.mink-gmbh.de/" "Mozilla/5.0 (Windows NT 5.1; rv:12.0) Gecko/20100101 Firefox/12.0"
80.137.234.132 - - [16/Aug/2012:18:02:55 +0200] "GET / HTTP/1.1" 200 14582 "-" "Mozilla/5.0 (Windows NT 5.1; rv:12.0) Gecko/20100101 Firefox/12.0"
80.137.234.132 - - [16/Aug/2012:18:03:30 +0200] "GET / HTTP/1.1" 200 14582 "-" "Mozilla/5.0 (Windows NT 5.1; rv:12.0) Gecko/20100101 Firefox/12.0"
66.249.72.131 - - [16/Aug/2012:18:18:06 +0200] "GET /news.php?cs_go=archiv&cs_id=2268&cs_search= HTTP/1.1" 200 10218 "-" "Mozilla/5.0 (compatible; Googlebot/2.1; +http://www.google.com/bot.html)"
188.40.65.130 - - [16/Aug/2012:18:27:07 +0200] "GET /robots.txt HTTP/1.1" 200 177 "-" "Pixray-Seeker/1.1 (Pixray-Seeker; http://www.pixray.com/pixraybot; crawler@pixray.com)"
188.40.65.130 - - [16/Aug/2012:18:27:07 +0200] "GET /lexikon.php?cs_go=2&cs_char=p HTTP/1.1" 200 9166 "-" "Pixray-Seeker/1.1 (Pixray-Seeker; http://www.pixray.com/pixraybot; crawler@pixray.com)"
66.249.72.131 - - [16/Aug/2012:18:38:06 +0200] "GET /news.php?cs_go=archiv&cs_id=2270&cs_search= HTTP/1.1" 200 10342 "-" "Mozilla/5.0 (compatible; Googlebot/2.1; +http://www.google.com/bot.html)"
66.249.72.131 - - [16/Aug/2012:18:47:56 +0200] "GET /news.php?cs_go=archiv&cs_startpos=811 HTTP/1.1" 200 23328 "-" "Mozilla/5.0 (compatible; Googlebot/2.1; +http://www.google.com/bot.html)"
66.249.72.131 - - [16/Aug/2012:18:48:36 +0200] "GET /news.php?cs_go=archiv&cs_id=2269&cs_search= HTTP/1.1" 200 14512 "-" "Mozilla/5.0 (compatible; Googlebot/2.1; +http://www.google.com/bot.html)"
89.247.70.56 - - [16/Aug/2012:18:49:01 +0200] "GET /style.css HTTP/1.1" 200 8418 "http://www.mink-gmbh.de/index.php" "Mozilla/5.0 (Windows NT 6.1; rv:14.0) Gecko/20100101 Firefox/14.0.1"
89.247.70.56 - - [16/Aug/2012:18:49:01 +0200] "GET /modul.css HTTP/1.1" 200 35038 "http://www.mink-gmbh.de/index.php" "Mozilla/5.0 (Windows NT 6.1; rv:14.0) Gecko/20100101 Firefox/14.0.1"
89.247.70.56 - - [16/Aug/2012:18:49:01 +0200] "GET /favicon.ico HTTP/1.1" 200 3638 "-" "Mozilla/5.0 (Windows NT 6.1; rv:14.0) Gecko/20100101 Firefox/14.0.1"
89.247.70.56 - - [16/Aug/2012:18:49:01 +0200] "GET /js_contentserver24_greybox/gb_styles.css HTTP/1.1" 200 2302 "http://www.mink-gmbh.de/index.php" "Mozilla/5.0 (Windows NT 6.1; rv:14.0) Gecko/20100101 Firefox/14.0.1"
89.247.70.56 - - [16/Aug/2012:18:49:01 +0200] "GET /js_contentserver24_greybox/AJS.js HTTP/1.1" 200 10396 "http://www.mink-gmbh.de/index.php" "Mozilla/5.0 (Windows NT 6.1; rv:14.0) Gecko/20100101 Firefox/14.0.1"
89.247.70.56 - - [16/Aug/2012:18:49:01 +0200] "GET /js_contentserver24_greybox/AJS_fx.js HTTP/1.1" 200 3192 "http://www.mink-gmbh.de/index.php" "Mozilla/5.0 (Windows NT 6.1; rv:14.0) Gecko/20100101 Firefox/14.0.1"
89.247.70.56 - - [16/Aug/2012:18:49:02 +0200] "GET /js_contentserver24_greybox/gb_scripts.js HTTP/1.1" 200 11913 "http://www.mink-gmbh.de/index.php" "Mozilla/5.0 (Windows NT 6.1; rv:14.0) Gecko/20100101 Firefox/14.0.1"
89.247.70.56 - - [16/Aug/2012:18:49:00 +0200] "GET /index.php HTTP/1.1" 200 15323 "-" "Mozilla/5.0 (Windows NT 6.1; rv:14.0) Gecko/20100101 Firefox/14.0.1"
89.247.70.56 - - [16/Aug/2012:18:49:02 +0200] "GET /images/tkw.jpg HTTP/1.1" 200 64031 "http://www.mink-gmbh.de/index.php" "Mozilla/5.0 (Windows NT 6.1; rv:14.0) Gecko/20100101 Firefox/14.0.1"
89.247.70.56 - - [16/Aug/2012:18:49:02 +0200] "GET /images/freecall.jpg HTTP/1.1" 200 39195 "http://www.mink-gmbh.de/index.php" "Mozilla/5.0 (Windows NT 6.1; rv:14.0) Gecko/20100101 Firefox/14.0.1"
89.247.70.56 - - [16/Aug/2012:18:49:02 +0200] "GET /images/mail.jpg HTTP/1.1" 200 11165 "http://www.mink-gmbh.de/index.php" "Mozilla/5.0 (Windows NT 6.1; rv:14.0) Gecko/20100101 Firefox/14.0.1"
89.247.70.56 - - [16/Aug/2012:18:49:02 +0200] "GET /images/kwk.gif HTTP/1.1" 200 6403 "http://www.mink-gmbh.de/index.php" "Mozilla/5.0 (Windows NT 6.1; rv:14.0) Gecko/20100101 Firefox/14.0.1"
89.247.70.56 - - [16/Aug/2012:18:49:02 +0200] "GET /images/wunschpreis.jpg HTTP/1.1" 200 16767 "http://www.mink-gmbh.de/index.php" "Mozilla/5.0 (Windows NT 6.1; rv:14.0) Gecko/20100101 Firefox/14.0.1"
89.247.70.56 - - [16/Aug/2012:18:49:02 +0200] "GET /images/logos.jpg HTTP/1.1" 200 15002 "http://www.mink-gmbh.de/index.php" "Mozilla/5.0 (Windows NT 6.1; rv:14.0) Gecko/20100101 Firefox/14.0.1"
89.247.70.56 - - [16/Aug/2012:18:49:02 +0200] "GET /images/bg.jpg HTTP/1.1" 200 345 "http://www.mink-gmbh.de/style.css" "Mozilla/5.0 (Windows NT 6.1; rv:14.0) Gecko/20100101 Firefox/14.0.1"
89.247.70.56 - - [16/Aug/2012:18:49:02 +0200] "GET /js_contentserver24_greybox/w_close.gif HTTP/1.1" 200 74 "http://www.mink-gmbh.de/index.php" "Mozilla/5.0 (Windows NT 6.1; rv:14.0) Gecko/20100101 Firefox/14.0.1"
89.247.70.56 - - [16/Aug/2012:18:49:02 +0200] "GET /images/close.png HTTP/1.1" 200 703 "http://www.mink-gmbh.de/index.php" "Mozilla/5.0 (Windows NT 6.1; rv:14.0) Gecko/20100101 Firefox/14.0.1"
89.247.70.56 - - [16/Aug/2012:18:49:02 +0200] "GET /images/newsletter_bg.jpg HTTP/1.1" 200 33610 "http://www.mink-gmbh.de/index.php" "Mozilla/5.0 (Windows NT 6.1; rv:14.0) Gecko/20100101 Firefox/14.0.1"
89.247.70.56 - - [16/Aug/2012:18:49:02 +0200] "GET /images/newsletter.png HTTP/1.1" 200 14619 "http://www.mink-gmbh.de/style.css" "Mozilla/5.0 (Windows NT 6.1; rv:14.0) Gecko/20100101 Firefox/14.0.1"
89.247.70.56 - - [16/Aug/2012:18:49:02 +0200] "GET /images/wrapperbg.jpg HTTP/1.1" 200 27465 "http://www.mink-gmbh.de/style.css" "Mozilla/5.0 (Windows NT 6.1; rv:14.0) Gecko/20100101 Firefox/14.0.1"
89.247.70.56 - - [16/Aug/2012:18:49:02 +0200] "GET /images/header.jpg HTTP/1.1" 200 24413 "http://www.mink-gmbh.de/style.css" "Mozilla/5.0 (Windows NT 6.1; rv:14.0) Gecko/20100101 Firefox/14.0.1"
89.247.70.56 - - [16/Aug/2012:18:49:02 +0200] "GET /images/navibg.png HTTP/1.1" 200 2803 "http://www.mink-gmbh.de/style.css" "Mozilla/5.0 (Windows NT 6.1; rv:14.0) Gecko/20100101 Firefox/14.0.1"
89.247.70.56 - - [16/Aug/2012:18:49:02 +0200] "GET /images/steigend.png HTTP/1.1" 200 688 "http://www.mink-gmbh.de/modul.css" "Mozilla/5.0 (Windows NT 6.1; rv:14.0) Gecko/20100101 Firefox/14.0.1"
89.247.70.56 - - [16/Aug/2012:18:49:02 +0200] "GET /images/fallend.png HTTP/1.1" 200 713 "http://www.mink-gmbh.de/modul.css" "Mozilla/5.0 (Windows NT 6.1; rv:14.0) Gecko/20100101 Firefox/14.0.1"
89.247.70.56 - - [16/Aug/2012:18:49:02 +0200] "GET /images/mobil.jpg HTTP/1.1" 200 25293 "http://www.mink-gmbh.de/style.css" "Mozilla/5.0 (Windows NT 6.1; rv:14.0) Gecko/20100101 Firefox/14.0.1"
89.247.70.56 - - [16/Aug/2012:18:49:03 +0200] "GET /images/newsletter.jpg HTTP/1.1" 200 13130 "http://www.mink-gmbh.de/style.css" "Mozilla/5.0 (Windows NT 6.1; rv:14.0) Gecko/20100101 Firefox/14.0.1"
89.247.70.56 - - [16/Aug/2012:18:49:03 +0200] "GET /images/footerbg.jpg HTTP/1.1" 200 2184 "http://www.mink-gmbh.de/style.css" "Mozilla/5.0 (Windows NT 6.1; rv:14.0) Gecko/20100101 Firefox/14.0.1"
89.247.70.56 - - [16/Aug/2012:18:49:03 +0200] "GET /js_contentserver24_greybox/loader_frame.html?s=0 HTTP/1.1" 200 2084 "http://www.mink-gmbh.de/index.php" "Mozilla/5.0 (Windows NT 6.1; rv:14.0) Gecko/20100101 Firefox/14.0.1"
89.247.70.56 - - [16/Aug/2012:18:49:03 +0200] "GET /js_contentserver24_greybox/indicator.gif HTTP/1.1" 200 8238 "http://www.mink-gmbh.de/js_contentserver24_greybox/loader_frame.html?s=0" "Mozilla/5.0 (Windows NT 6.1; rv:14.0) Gecko/20100101 Firefox/14.0.1"
89.247.70.56 - - [16/Aug/2012:18:49:04 +0200] "GET /js_contentserver24_greybox/header_bg.gif HTTP/1.1" 200 1188 "http://www.mink-gmbh.de/index.php" "Mozilla/5.0 (Windows NT 6.1; rv:14.0) Gecko/20100101 Firefox/14.0.1"
89.247.70.56 - - [16/Aug/2012:18:49:04 +0200] "GET /js_contentserver24_greybox/g_close.gif HTTP/1.1" 200 541 "http://www.mink-gmbh.de/index.php" "Mozilla/5.0 (Windows NT 6.1; rv:14.0) Gecko/20100101 Firefox/14.0.1"
89.247.70.56 - - [16/Aug/2012:18:49:03 +0200] "GET /index.php HTTP/1.1" 200 15323 "-" "Mozilla/5.0 (Windows NT 6.1; rv:14.0) Gecko/20100101 Firefox/14.0.1"
66.249.72.131 - - [16/Aug/2012:18:58:04 +0200] "GET /news.php?cs_go=archiv&cs_startpos=1551 HTTP/1.1" 200 20982 "-" "Mozilla/5.0 (compatible; Googlebot/2.1; +http://www.google.com/bot.html)"
46.4.92.140 - - [16/Aug/2012:19:05:01 +0200] "GET /robots.txt HTTP/1.1" 200 177 "-" "Pixray-Seeker/1.1 (Pixray-Seeker; http://www.pixray.com/pixraybot; crawler@pixray.com)"
46.4.92.140 - - [16/Aug/2012:19:05:01 +0200] "GET /lexikon.php?cs_go=3&cs_id=199 HTTP/1.1" 200 7995 "-" "Pixray-Seeker/1.1 (Pixray-Seeker; http://www.pixray.com/pixraybot; crawler@pixray.com)"
213.186.122.2 - - [16/Aug/2012:19:09:07 +0200] "GET /news.php?cs_go=archiv&cs_id=3310&cs_search= HTTP/1.1" 200 12972 "-" "Mozilla/5.0 (compatible; AhrefsBot/3.1; +http://ahrefs.com/robot/)"
89.247.70.56 - - [16/Aug/2012:19:11:39 +0200] "GET /js_contentserver24_greybox/loader_frame.html?s=0 HTTP/1.1" 304 - "http://www.mink-gmbh.de/index.php" "Mozilla/5.0 (Windows NT 6.1; rv:14.0) Gecko/20100101 Firefox/14.0.1"
89.247.70.56 - - [16/Aug/2012:19:11:38 +0200] "GET /index.php HTTP/1.1" 200 15323 "-" "Mozilla/5.0 (Windows NT 6.1; rv:14.0) Gecko/20100101 Firefox/14.0.1"
46.4.118.75 - - [16/Aug/2012:19:25:00 +0200] "GET /robots.txt HTTP/1.1" 200 177 "-" "Pixray-Seeker/1.1 (Pixray-Seeker; http://www.pixray.com/pixraybot; crawler@pixray.com)"
46.4.118.75 - - [16/Aug/2012:19:25:00 +0200] "GET /news.php?cs_go=archiv&cs_id=2707&cs_search= HTTP/1.1" 200 13392 "-" "Pixray-Seeker/1.1 (Pixray-Seeker; http://www.pixray.com/pixraybot; crawler@pixray.com)"
46.4.118.75 - - [16/Aug/2012:19:26:27 +0200] "GET /lexikon.php?cs_go=3&cs_id=20 HTTP/1.1" 200 8891 "-" "Pixray-Seeker/1.1 (Pixray-Seeker; http://www.pixray.com/pixraybot; crawler@pixray.com)"
46.4.118.75 - - [16/Aug/2012:19:27:30 +0200] "GET /news.php?cs_go=archiv&cs_id=2177&cs_search= HTTP/1.1" 200 13817 "-" "Pixray-Seeker/1.1 (Pixray-Seeker; http://www.pixray.com/pixraybot; crawler@pixray.com)"
89.247.100.226 - - [16/Aug/2012:19:34:45 +0200] "GET /js_contentserver24_greybox/loader_frame.html?s=0 HTTP/1.1" 304 - "http://www.mink-gmbh.de/index.php" "Mozilla/5.0 (Windows NT 6.1; rv:14.0) Gecko/20100101 Firefox/14.0.1"
89.247.100.226 - - [16/Aug/2012:19:34:44 +0200] "GET /index.php HTTP/1.1" 200 15323 "-" "Mozilla/5.0 (Windows NT 6.1; rv:14.0) Gecko/20100101 Firefox/14.0.1"
66.249.72.131 - - [16/Aug/2012:19:35:48 +0200] "GET /news.php?cs_go=archiv&cs_id=3119&cs_search= HTTP/1.1" 200 10003 "-" "Mozilla/5.0 (compatible; Googlebot/2.1; +http://www.google.com/bot.html)"
46.4.118.75 - - [16/Aug/2012:19:39:12 +0200] "GET /robots.txt HTTP/1.1" 200 177 "-" "Pixray-Seeker/1.1 (Pixray-Seeker; http://www.pixray.com/pixraybot; crawler@pixray.com)"
46.4.118.75 - - [16/Aug/2012:19:39:12 +0200] "GET /news.php?cs_go=archiv&cs_id=3343&cs_search= HTTP/1.1" 200 16246 "-" "Pixray-Seeker/1.1 (Pixray-Seeker; http://www.pixray.com/pixraybot; crawler@pixray.com)"
46.4.118.75 - - [16/Aug/2012:19:42:36 +0200] "GET /news.php?cs_go=archiv&cs_id=2018&cs_search= HTTP/1.1" 200 15040 "-" "Pixray-Seeker/1.1 (Pixray-Seeker; http://www.pixray.com/pixraybot; crawler@pixray.com)"
208.115.113.91 - - [16/Aug/2012:19:43:00 +0200] "GET /robots.txt HTTP/1.1" 200 177 "-" "Mozilla/5.0 (compatible; Ezooms/1.0; ezooms.bot@gmail.com)"
46.4.118.75 - - [16/Aug/2012:19:44:27 +0200] "GET /news.php?cs_go=archiv&cs_startpos=601 HTTP/1.1" 200 22932 "-" "Pixray-Seeker/1.1 (Pixray-Seeker; http://www.pixray.com/pixraybot; crawler@pixray.com)"
46.4.118.75 - - [16/Aug/2012:19:47:11 +0200] "GET /news.php?cs_go=archiv&cs_id=2062&cs_search= HTTP/1.1" 200 10631 "-" "Pixray-Seeker/1.1 (Pixray-Seeker; http://www.pixray.com/pixraybot; crawler@pixray.com)"
46.4.118.75 - - [16/Aug/2012:19:49:13 +0200] "GET /lexikon.php?cs_go=3&cs_id=142 HTTP/1.1" 200 8505 "-" "Pixray-Seeker/1.1 (Pixray-Seeker; http://www.pixray.com/pixraybot; crawler@pixray.com)"
46.4.118.75 - - [16/Aug/2012:19:49:23 +0200] "GET /news.php?cs_go=archiv&cs_id=1858&cs_search= HTTP/1.1" 200 15358 "-" "Pixray-Seeker/1.1 (Pixray-Seeker; http://www.pixray.com/pixraybot; crawler@pixray.com)"
46.4.118.75 - - [16/Aug/2012:19:49:31 +0200] "GET /news.php?cs_go=archiv&cs_id=2646 HTTP/1.1" 200 13227 "-" "Pixray-Seeker/1.1 (Pixray-Seeker; http://www.pixray.com/pixraybot; crawler@pixray.com)"
46.4.92.140 - - [16/Aug/2012:20:02:08 +0200] "GET /robots.txt HTTP/1.1" 200 177 "-" "Pixray-Seeker/1.1 (Pixray-Seeker; http://www.pixray.com/pixraybot; crawler@pixray.com)"
46.4.92.140 - - [16/Aug/2012:20:02:08 +0200] "GET /news.php?cs_go=archiv&cs_id=3334&cs_search= HTTP/1.1" 200 10009 "-" "Pixray-Seeker/1.1 (Pixray-Seeker; http://www.pixray.com/pixraybot; crawler@pixray.com)"
46.4.92.140 - - [16/Aug/2012:20:02:44 +0200] "GET /news.php?cs_go=archiv&cs_id=1840&cs_search= HTTP/1.1" 200 6865 "-" "Pixray-Seeker/1.1 (Pixray-Seeker; http://www.pixray.com/pixraybot; crawler@pixray.com)"
46.4.92.140 - - [16/Aug/2012:20:06:49 +0200] "GET /news.php?cs_go=archiv&cs_id=2151&cs_search= HTTP/1.1" 200 9858 "-" "Pixray-Seeker/1.1 (Pixray-Seeker; http://www.pixray.com/pixraybot; crawler@pixray.com)"
46.4.92.140 - - [16/Aug/2012:20:08:01 +0200] "GET /news.php?cs_go=archiv&cs_id=2290&cs_search= HTTP/1.1" 200 12777 "-" "Pixray-Seeker/1.1 (Pixray-Seeker; http://www.pixray.com/pixraybot; crawler@pixray.com)"
46.4.92.140 - - [16/Aug/2012:20:08:21 +0200] "GET /lexikon.php?cs_go=3&cs_id=30 HTTP/1.1" 200 7912 "-" "Pixray-Seeker/1.1 (Pixray-Seeker; http://www.pixray.com/pixraybot; crawler@pixray.com)"
46.4.92.140 - - [16/Aug/2012:20:08:37 +0200] "GET /news.php?cs_go=archiv&cs_id=2346&cs_search= HTTP/1.1" 200 9318 "-" "Pixray-Seeker/1.1 (Pixray-Seeker; http://www.pixray.com/pixraybot; crawler@pixray.com)"
213.186.127.11 - - [16/Aug/2012:20:16:37 +0200] "GET /kwk.php?cs_go=3 HTTP/1.1" 200 10285 "-" "Mozilla/5.0 (compatible; AhrefsBot/3.1; +http://ahrefs.com/robot/)"
88.198.67.134 - - [16/Aug/2012:20:17:04 +0200] "GET /robots.txt HTTP/1.1" 200 177 "-" "Pixray-Seeker/1.1 (Pixray-Seeker; http://www.pixray.com/pixraybot; crawler@pixray.com)"
88.198.67.134 - - [16/Aug/2012:20:17:04 +0200] "GET /lexikon.php?cs_go=3&cs_id=192 HTTP/1.1" 200 8413 "-" "Pixray-Seeker/1.1 (Pixray-Seeker; http://www.pixray.com/pixraybot; crawler@pixray.com)"
88.198.67.134 - - [16/Aug/2012:20:17:51 +0200] "GET /news.php?cs_go=archiv&cs_id=3304&cs_search= HTTP/1.1" 200 13448 "-" "Pixray-Seeker/1.1 (Pixray-Seeker; http://www.pixray.com/pixraybot; crawler@pixray.com)"
88.198.67.134 - - [16/Aug/2012:20:18:24 +0200] "GET /news.php?cs_go=archiv&cs_id=1672&cs_search= HTTP/1.1" 200 14197 "-" "Pixray-Seeker/1.1 (Pixray-Seeker; http://www.pixray.com/pixraybot; crawler@pixray.com)"
88.198.67.134 - - [16/Aug/2012:20:22:01 +0200] "GET /news.php?cs_go=archiv&cs_id=2141&cs_search= HTTP/1.1" 200 9868 "-" "Pixray-Seeker/1.1 (Pixray-Seeker; http://www.pixray.com/pixraybot; crawler@pixray.com)"
88.198.67.134 - - [16/Aug/2012:20:22:40 +0200] "GET /news.php?cs_go=archiv&cs_id=2207&cs_search= HTTP/1.1" 200 9814 "-" "Pixray-Seeker/1.1 (Pixray-Seeker; http://www.pixray.com/pixraybot; crawler@pixray.com)"
88.198.67.134 - - [16/Aug/2012:20:23:08 +0200] "GET /news.php?cs_go=archiv&cs_startpos=180 HTTP/1.1" 200 22829 "-" "Pixray-Seeker/1.1 (Pixray-Seeker; http://www.pixray.com/pixraybot; crawler@pixray.com)"
88.198.67.134 - - [16/Aug/2012:20:26:00 +0200] "GET /news.php?cs_go=archiv&cs_id=2132&cs_search= HTTP/1.1" 200 13976 "-" "Pixray-Seeker/1.1 (Pixray-Seeker; http://www.pixray.com/pixraybot; crawler@pixray.com)"
88.198.67.134 - - [16/Aug/2012:20:26:20 +0200] "GET /news.php?cs_go=archiv&cs_id=1802&cs_search= HTTP/1.1" 200 9611 "-" "Pixray-Seeker/1.1 (Pixray-Seeker; http://www.pixray.com/pixraybot; crawler@pixray.com)"
88.198.67.134 - - [16/Aug/2012:20:27:18 +0200] "GET /news.php?cs_go=archiv&cs_id=2258&cs_search= HTTP/1.1" 200 9783 "-" "Pixray-Seeker/1.1 (Pixray-Seeker; http://www.pixray.com/pixraybot; crawler@pixray.com)"
208.115.111.75 - - [16/Aug/2012:20:27:22 +0200] "GET /robots.txt HTTP/1.1" 200 177 "-" "Mozilla/5.0 (compatible; Ezooms/1.0; ezooms.bot@gmail.com)"
176.9.19.103 - - [16/Aug/2012:20:35:27 +0200] "GET /robots.txt HTTP/1.1" 200 177 "-" "Pixray-Seeker/1.1 (Pixray-Seeker; http://www.pixray.com/pixraybot; crawler@pixray.com)"
176.9.19.103 - - [16/Aug/2012:20:35:27 +0200] "GET /news.php?cs_go=archiv&cs_id=2354&cs_search= HTTP/1.1" 200 9486 "-" "Pixray-Seeker/1.1 (Pixray-Seeker; http://www.pixray.com/pixraybot; crawler@pixray.com)"
176.9.19.103 - - [16/Aug/2012:20:37:13 +0200] "GET /news.php?cs_go=archiv&cs_id=2589&cs_search= HTTP/1.1" 200 13332 "-" "Pixray-Seeker/1.1 (Pixray-Seeker; http://www.pixray.com/pixraybot; crawler@pixray.com)"
176.9.19.103 - - [16/Aug/2012:20:38:14 +0200] "GET /news.php?cs_go=archiv&cs_id=2058&cs_search= HTTP/1.1" 200 10088 "-" "Pixray-Seeker/1.1 (Pixray-Seeker; http://www.pixray.com/pixraybot; crawler@pixray.com)"
176.9.19.103 - - [16/Aug/2012:20:39:49 +0200] "GET /news.php?cs_go=archiv&cs_id=2513&cs_search= HTTP/1.1" 200 15054 "-" "Pixray-Seeker/1.1 (Pixray-Seeker; http://www.pixray.com/pixraybot; crawler@pixray.com)"
176.9.19.103 - - [16/Aug/2012:20:39:49 +0200] "GET /lexikon.php?cs_go=3&cs_id=201 HTTP/1.1" 200 8736 "-" "Pixray-Seeker/1.1 (Pixray-Seeker; http://www.pixray.com/pixraybot; crawler@pixray.com)"
176.9.19.103 - - [16/Aug/2012:20:40:21 +0200] "GET /news.php?cs_go=archiv&cs_id=2612&cs_search= HTTP/1.1" 200 10032 "-" "Pixray-Seeker/1.1 (Pixray-Seeker; http://www.pixray.com/pixraybot; crawler@pixray.com)"
176.9.19.103 - - [16/Aug/2012:20:40:46 +0200] "GET /news.php?cs_go=archiv&cs_startpos=1011 HTTP/1.1" 200 22855 "-" "Pixray-Seeker/1.1 (Pixray-Seeker; http://www.pixray.com/pixraybot; crawler@pixray.com)"
176.9.19.103 - - [16/Aug/2012:20:43:50 +0200] "GET /news.php?cs_go=archiv&cs_id=2257&cs_search= HTTP/1.1" 200 13896 "-" "Pixray-Seeker/1.1 (Pixray-Seeker; http://www.pixray.com/pixraybot; crawler@pixray.com)"
46.4.19.85 - - [16/Aug/2012:20:54:20 +0200] "GET /robots.txt HTTP/1.1" 200 177 "-" "Pixray-Seeker/1.1 (Pixray-Seeker; http://www.pixray.com/pixraybot; crawler@pixray.com)"
46.4.19.85 - - [16/Aug/2012:20:54:20 +0200] "GET /news.php?cs_go=archiv&cs_id=1945&cs_search= HTTP/1.1" 200 14067 "-" "Pixray-Seeker/1.1 (Pixray-Seeker; http://www.pixray.com/pixraybot; crawler@pixray.com)"
46.4.19.85 - - [16/Aug/2012:21:00:46 +0200] "GET /news.php?cs_go=archiv&cs_id=2659&cs_search= HTTP/1.1" 200 10459 "-" "Pixray-Seeker/1.1 (Pixray-Seeker; http://www.pixray.com/pixraybot; crawler@pixray.com)"
46.4.19.85 - - [16/Aug/2012:21:02:35 +0200] "GET /news.php?cs_go=archiv&cs_id=1920&cs_search= HTTP/1.1" 200 9511 "-" "Pixray-Seeker/1.1 (Pixray-Seeker; http://www.pixray.com/pixraybot; crawler@pixray.com)"
46.4.19.85 - - [16/Aug/2012:21:03:09 +0200] "GET /news.php?cs_go=archiv&cs_id=2198&cs_search= HTTP/1.1" 200 10393 "-" "Pixray-Seeker/1.1 (Pixray-Seeker; http://www.pixray.com/pixraybot; crawler@pixray.com)"
46.4.19.85 - - [16/Aug/2012:21:04:17 +0200] "GET /kwk.php?cs_go=2 HTTP/1.1" 200 11768 "-" "Pixray-Seeker/1.1 (Pixray-Seeker; http://www.pixray.com/pixraybot; crawler@pixray.com)"
46.4.118.75 - - [16/Aug/2012:21:10:33 +0200] "GET /robots.txt HTTP/1.1" 200 177 "-" "Pixray-Seeker/1.1 (Pixray-Seeker; http://www.pixray.com/pixraybot; crawler@pixray.com)"
46.4.118.75 - - [16/Aug/2012:21:10:33 +0200] "GET /lexikon.php?cs_go=3&cs_id=190 HTTP/1.1" 200 8477 "-" "Pixray-Seeker/1.1 (Pixray-Seeker; http://www.pixray.com/pixraybot; crawler@pixray.com)"
65.36.241.79 - - [16/Aug/2012:21:13:46 +0200] "HEAD / HTTP/1.1" 200 - "-" "InternetSeer.com"
46.4.118.75 - - [16/Aug/2012:21:14:17 +0200] "GET /news.php?cs_go=archiv&cs_id=3057&cs_search= HTTP/1.1" 200 13970 "-" "Pixray-Seeker/1.1 (Pixray-Seeker; http://www.pixray.com/pixraybot; crawler@pixray.com)"
46.4.118.75 - - [16/Aug/2012:21:16:30 +0200] "GET /news.php?cs_go=archiv&cs_startpos=941 HTTP/1.1" 200 23358 "-" "Pixray-Seeker/1.1 (Pixray-Seeker; http://www.pixray.com/pixraybot; crawler@pixray.com)"
46.4.118.75 - - [16/Aug/2012:21:16:41 +0200] "GET /news.php?cs_go=archiv&cs_id=1758&cs_search= HTTP/1.1" 200 14028 "-" "Pixray-Seeker/1.1 (Pixray-Seeker; http://www.pixray.com/pixraybot; crawler@pixray.com)"
46.4.118.75 - - [16/Aug/2012:21:20:09 +0200] "GET /news.php?cs_go=archiv&cs_id=2009&cs_search= HTTP/1.1" 200 10115 "-" "Pixray-Seeker/1.1 (Pixray-Seeker; http://www.pixray.com/pixraybot; crawler@pixray.com)"
213.186.119.132 - - [16/Aug/2012:21:24:08 +0200] "GET /news.php?cs_go=archiv&cs_id=3311&cs_search= HTTP/1.1" 200 13505 "-" "Mozilla/5.0 (compatible; AhrefsBot/3.1; +http://ahrefs.com/robot/)"
213.186.127.12 - - [16/Aug/2012:22:32:38 +0200] "GET /news.php?cs_go=archiv&cs_id=3260&cs_search= HTTP/1.1" 200 13439 "-" "Mozilla/5.0 (compatible; AhrefsBot/3.1; +http://ahrefs.com/robot/)"
139.18.2.17 - - [16/Aug/2012:22:43:03 +0200] "GET /news.php HTTP/1.1" 200 6963 "-" "findlinks/2.6 (+http://wortschatz.uni-leipzig.de/findlinks/)"
139.18.2.17 - - [16/Aug/2012:22:43:03 +0200] "GET /news.php HTTP/1.1" 200 22366 "-" "findlinks/2.6 (+http://wortschatz.uni-leipzig.de/findlinks/)"
212.113.35.162 - - [16/Aug/2012:23:39:10 +0200] "GET /news.php?cs_go=archiv&cs_id=3312&cs_search= HTTP/1.1" 200 9841 "-" "Mozilla/5.0 (compatible; AhrefsBot/3.1; +http://ahrefs.com/robot/)"
66.249.72.131 - - [16/Aug/2012:23:49:01 +0200] "GET /js_contentserver24_greybox/loader_frame.html?s=0 HTTP/1.1" 200 2084 "-" "Mozilla/5.0 (compatible; Googlebot/2.1; +http://www.google.com/bot.html)"
66.249.72.131 - - [16/Aug/2012:23:49:02 +0200] "GET /js_contentserver24_greybox/gb_scripts.js HTTP/1.1" 200 11913 "-" "Mozilla/5.0 (compatible; Googlebot/2.1; +http://www.google.com/bot.html)"
66.249.72.131 - - [16/Aug/2012:23:49:02 +0200] "GET /js_contentserver24_greybox/gb_styles.css HTTP/1.1" 200 2302 "-" "Mozilla/5.0 (compatible; Googlebot/2.1; +http://www.google.com/bot.html)"
66.249.72.131 - - [16/Aug/2012:23:49:03 +0200] "GET /images/newsletter.jpg HTTP/1.1" 200 13130 "-" "Mozilla/5.0 (compatible; Googlebot/2.1; +http://www.google.com/bot.html)"
66.249.72.131 - - [16/Aug/2012:23:49:03 +0200] "GET /images/mobil.jpg HTTP/1.1" 200 25293 "-" "Mozilla/5.0 (compatible; Googlebot/2.1; +http://www.google.com/bot.html)"
66.249.72.131 - - [16/Aug/2012:23:49:04 +0200] "GET /images/newsletter.png HTTP/1.1" 200 14619 "-" "Mozilla/5.0 (compatible; Googlebot/2.1; +http://www.google.com/bot.html)"
66.249.72.131 - - [16/Aug/2012:23:49:04 +0200] "GET /images/freecall.jpg HTTP/1.1" 200 39195 "-" "Mozilla/5.0 (compatible; Googlebot/2.1; +http://www.google.com/bot.html)"
66.249.72.131 - - [16/Aug/2012:23:49:08 +0200] "GET /js_contentserver24_greybox/AJS_fx.js HTTP/1.1" 200 3192 "http://www.mink-gmbh.de/" "Mozilla/5.0 (compatible; Googlebot/2.1; +http://www.google.com/bot.html)"
66.249.72.131 - - [16/Aug/2012:23:49:08 +0200] "GET /js_contentserver24_greybox/AJS.js HTTP/1.1" 200 10396 "http://www.mink-gmbh.de/" "Mozilla/5.0 (compatible; Googlebot/2.1; +http://www.google.com/bot.html)"
208.115.111.75 - - [16/Aug/2012:23:51:19 +0200] "GET /robots.txt HTTP/1.1" 200 177 "-" "Mozilla/5.0 (compatible; Ezooms/1.0; ezooms.bot@gmail.com)"
208.115.113.91 - - [16/Aug/2012:23:51:30 +0200] "GET /lexikon.php?cs_go=3&cs_id=208 HTTP/1.1" 200 8357 "-" "Mozilla/5.0 (compatible; Ezooms/1.0; ezooms.bot@gmail.com)"
208.115.113.91 - - [16/Aug/2012:23:51:33 +0200] "GET /news.php?cs_go=archiv&cs_id=1705&cs_search= HTTP/1.1" 200 14210 "-" "Mozilla/5.0 (compatible; Ezooms/1.0; ezooms.bot@gmail.com)"
208.115.113.91 - - [16/Aug/2012:23:51:47 +0200] "GET /news.php?cs_go=archiv&cs_id=1730&cs_search= HTTP/1.1" 200 14041 "-" "Mozilla/5.0 (compatible; Ezooms/1.0; ezooms.bot@gmail.com)"
208.115.113.91 - - [16/Aug/2012:23:51:50 +0200] "GET /news.php?cs_go=archiv&cs_id=1788&cs_search= HTTP/1.1" 200 14282 "-" "Mozilla/5.0 (compatible; Ezooms/1.0; ezooms.bot@gmail.com)"
90.207.179.74 - - [17/Aug/2012:00:26:36 +0200] "GET /robots.txt HTTP/1.1" 200 177 "-" "Mozilla/5.0 (compatible; 008/0.83; http://www.80legs.com/webcrawler.html;) Gecko/2008032620"
90.207.179.74 - - [17/Aug/2012:00:26:36 +0200] "GET /js_contentserver24_greybox/gb_styles.css HTTP/1.1" 200 2302 "-" "Mozilla/5.0 (compatible; 008/0.83; http://www.80legs.com/webcrawler.html) Gecko/2008032620"
170.51.247.120 - - [17/Aug/2012:00:26:38 +0200] "GET /robots.txt HTTP/1.1" 200 177 "-" "Mozilla/5.0 (compatible; 008/0.83; http://www.80legs.com/webcrawler.html;) Gecko/2008032620"
170.51.247.120 - - [17/Aug/2012:00:26:40 +0200] "GET /js_contentserver24_greybox/gb_styles.css HTTP/1.1" 200 2302 "-" "Mozilla/5.0 (compatible; 008/0.83; http://www.80legs.com/webcrawler.html) Gecko/2008032620"
178.210.13.9 - - [17/Aug/2012:00:28:25 +0200] "GET /robots.txt HTTP/1.1" 200 177 "-" "Mozilla/5.0 (compatible; 008/0.83; http://www.80legs.com/webcrawler.html;) Gecko/2008032620"
178.210.13.9 - - [17/Aug/2012:00:28:25 +0200] "GET /news.php?cs_go=archiv&cs_id=3356 HTTP/1.1" 200 13502 "-" "Mozilla/5.0 (compatible; 008/0.83; http://www.80legs.com/webcrawler.html) Gecko/2008032620"
90.207.179.74 - - [17/Aug/2012:00:40:36 +0200] "GET /newsletter.php HTTP/1.1" 200 8907 "-" "Mozilla/5.0 (compatible; 008/0.83; http://www.80legs.com/webcrawler.html) Gecko/2008032620"
118.100.167.193 - - [17/Aug/2012:00:41:42 +0200] "GET /robots.txt HTTP/1.1" 200 177 "-" "Mozilla/5.0 (compatible; 008/0.83; http://www.80legs.com/webcrawler.html;) Gecko/2008032620"
118.100.167.193 - - [17/Aug/2012:00:41:43 +0200] "GET /news.php?cs_go=archiv&cs_id=3358 HTTP/1.1" 200 12934 "-" "Mozilla/5.0 (compatible; 008/0.83; http://www.80legs.com/webcrawler.html) Gecko/2008032620"
66.249.72.131 - - [17/Aug/2012:00:48:35 +0200] "GET /news.php?cs_go=archiv&cs_id=1969&cs_search= HTTP/1.1" 200 14152 "-" "Mozilla/5.0 (compatible; Googlebot/2.1; +http://www.google.com/bot.html)"
95.67.232.168 - - [17/Aug/2012:00:48:43 +0200] "GET /robots.txt HTTP/1.1" 200 177 "-" "Mozilla/5.0 (compatible; 008/0.83; http://www.80legs.com/webcrawler.html;) Gecko/2008032620"
95.67.232.168 - - [17/Aug/2012:00:48:43 +0200] "GET /jobs.php HTTP/1.1" 200 11204 "-" "Mozilla/5.0 (compatible; 008/0.83; http://www.80legs.com/webcrawler.html) Gecko/2008032620"
66.249.72.131 - - [17/Aug/2012:00:55:25 +0200] "GET /news.php?cs_go=archiv&cs_id=1920&cs_search= HTTP/1.1" 200 9598 "-" "Mozilla/5.0 (compatible; Googlebot/2.1; +http://www.google.com/bot.html)"
66.249.72.131 - - [17/Aug/2012:00:58:51 +0200] "GET /news.php HTTP/1.1" 200 22453 "-" "Mozilla/5.0 (compatible; Googlebot/2.1; +http://www.google.com/bot.html)"
77.95.45.20 - - [17/Aug/2012:01:00:40 +0200] "GET /robots.txt HTTP/1.1" 200 177 "-" "Mozilla/5.0 (compatible; 008/0.83; http://www.80legs.com/webcrawler.html;) Gecko/2008032620"
77.95.45.20 - - [17/Aug/2012:01:00:41 +0200] "GET /news.php?cs_go=archiv&cs_id=3356 HTTP/1.1" 200 13502 "-" "Mozilla/5.0 (compatible; 008/0.83; http://www.80legs.com/webcrawler.html) Gecko/2008032620"
109.205.252.17 - - [17/Aug/2012:01:00:49 +0200] "GET /robots.txt HTTP/1.1" 200 177 "-" "Mozilla/5.0 (compatible; 008/0.83; http://www.80legs.com/webcrawler.html;) Gecko/2008032620"
109.205.252.17 - - [17/Aug/2012:01:00:49 +0200] "GET /rueckrufservice.php HTTP/1.1" 200 10770 "-" "Mozilla/5.0 (compatible; 008/0.83; http://www.80legs.com/webcrawler.html) Gecko/2008032620"
66.249.72.131 - - [17/Aug/2012:01:02:16 +0200] "GET /news.php?cs_go=archiv&cs_id=1998&cs_search= HTTP/1.1" 200 14250 "-" "Mozilla/5.0 (compatible; Googlebot/2.1; +http://www.google.com/bot.html)"
66.249.72.131 - - [17/Aug/2012:01:05:42 +0200] "GET /news.php?cs_go=archiv&cs_id=1996&cs_search= HTTP/1.1" 200 14009 "-" "Mozilla/5.0 (compatible; Googlebot/2.1; +http://www.google.com/bot.html)"
66.249.72.131 - - [17/Aug/2012:01:12:35 +0200] "GET /news.php?cs_go=archiv&cs_id=2040&cs_search= HTTP/1.1" 200 15554 "-" "Mozilla/5.0 (compatible; Googlebot/2.1; +http://www.google.com/bot.html)"
66.249.72.131 - - [17/Aug/2012:01:16:03 +0200] "GET /news.php?cs_go=archiv&cs_id=2000&cs_search= HTTP/1.1" 200 14211 "-" "Mozilla/5.0 (compatible; Googlebot/2.1; +http://www.google.com/bot.html)"
66.249.72.131 - - [17/Aug/2012:01:19:31 +0200] "GET /news.php?cs_go=archiv&cs_id=3121&cs_search= HTTP/1.1" 200 13567 "-" "Mozilla/5.0 (compatible; Googlebot/2.1; +http://www.google.com/bot.html)"
66.249.72.131 - - [17/Aug/2012:01:22:58 +0200] "GET /news.php?cs_go=archiv&cs_id=2067&cs_search= HTTP/1.1" 200 15641 "-" "Mozilla/5.0 (compatible; Googlebot/2.1; +http://www.google.com/bot.html)"
178.154.179.250 - - [17/Aug/2012:01:25:59 +0200] "GET /robots.txt HTTP/1.1" 200 177 "-" "Mozilla/5.0 (compatible; YandexBot/3.0; +http://yandex.com/bots)"
66.249.72.131 - - [17/Aug/2012:01:26:25 +0200] "GET /news.php?cs_go=archiv&cs_id=2059&cs_search= HTTP/1.1" 200 12318 "-" "Mozilla/5.0 (compatible; Googlebot/2.1; +http://www.google.com/bot.html)"
208.115.113.91 - - [17/Aug/2012:01:32:30 +0200] "GET /robots.txt HTTP/1.1" 200 177 "-" "Mozilla/5.0 (compatible; Ezooms/1.0; ezooms.bot@gmail.com)"
66.249.72.131 - - [17/Aug/2012:01:34:16 +0200] "GET /news.php?cs_go=archiv&cs_id=2043&cs_search= HTTP/1.1" 200 15571 "-" "Mozilla/5.0 (compatible; Googlebot/2.1; +http://www.google.com/bot.html)"
64.125.222.50 - - [17/Aug/2012:01:42:01 +0200] "GET /robots.txt HTTP/1.1" 200 177 "-" "Mozilla/5.0 (compatible; 008/0.83; http://www.80legs.com/webcrawler.html;) Gecko/2008032620"
188.187.120.35 - - [17/Aug/2012:01:44:27 +0200] "GET /favicon.ico HTTP/1.1" 200 3638 "-" "Mozilla/5.0 (compatible; 008/0.83; http://www.80legs.com/webcrawler.html) Gecko/2008032620"
217.172.29.96 - - [17/Aug/2012:01:44:28 +0200] "GET /favicon.ico HTTP/1.1" 200 3638 "-" "Mozilla/5.0 (compatible; 008/0.83; http://www.80legs.com/webcrawler.html) Gecko/2008032620"
188.187.120.35 - - [17/Aug/2012:01:44:29 +0200] "GET /rueckrufservice.php HTTP/1.1" 200 10770 "-" "Mozilla/5.0 (compatible; 008/0.83; http://www.80legs.com/webcrawler.html) Gecko/2008032620"
217.172.29.96 - - [17/Aug/2012:01:44:30 +0200] "GET /modul.css HTTP/1.1" 200 35038 "-" "Mozilla/5.0 (compatible; 008/0.83; http://www.80legs.com/webcrawler.html) Gecko/2008032620"
