89.247.62.188 - - [12/Aug/2012:11:35:24 +0200] "GET /images/bg.jpg HTTP/1.1" 200 345 "http://www.mink-gmbh.de/style.css" "Mozilla/5.0 (Windows NT 6.1; rv:14.0) Gecko/20100101 Firefox/14.0.1"
89.247.62.188 - - [12/Aug/2012:11:35:24 +0200] "GET /images/tkw.jpg HTTP/1.1" 200 64031 "http://www.mink-gmbh.de/index.php" "Mozilla/5.0 (Windows NT 6.1; rv:14.0) Gecko/20100101 Firefox/14.0.1"
89.247.62.188 - - [12/Aug/2012:11:35:24 +0200] "GET /js_contentserver24_greybox/w_close.gif HTTP/1.1" 200 74 "http://www.mink-gmbh.de/index.php" "Mozilla/5.0 (Windows NT 6.1; rv:14.0) Gecko/20100101 Firefox/14.0.1"
89.247.62.188 - - [12/Aug/2012:11:35:24 +0200] "GET /images/close.png HTTP/1.1" 200 703 "http://www.mink-gmbh.de/index.php" "Mozilla/5.0 (Windows NT 6.1; rv:14.0) Gecko/20100101 Firefox/14.0.1"
89.247.62.188 - - [12/Aug/2012:11:35:24 +0200] "GET /images/newsletter_bg.jpg HTTP/1.1" 200 33610 "http://www.mink-gmbh.de/index.php" "Mozilla/5.0 (Windows NT 6.1; rv:14.0) Gecko/20100101 Firefox/14.0.1"
89.247.62.188 - - [12/Aug/2012:11:35:24 +0200] "GET /images/newsletter.png HTTP/1.1" 200 14619 "http://www.mink-gmbh.de/style.css" "Mozilla/5.0 (Windows NT 6.1; rv:14.0) Gecko/20100101 Firefox/14.0.1"
89.247.62.188 - - [12/Aug/2012:11:35:24 +0200] "GET /images/wrapperbg.jpg HTTP/1.1" 200 27465 "http://www.mink-gmbh.de/style.css" "Mozilla/5.0 (Windows NT 6.1; rv:14.0) Gecko/20100101 Firefox/14.0.1"
89.247.62.188 - - [12/Aug/2012:11:35:24 +0200] "GET /images/header.jpg HTTP/1.1" 200 24413 "http://www.mink-gmbh.de/style.css" "Mozilla/5.0 (Windows NT 6.1; rv:14.0) Gecko/20100101 Firefox/14.0.1"
89.247.62.188 - - [12/Aug/2012:11:35:24 +0200] "GET /images/navibg.png HTTP/1.1" 200 2803 "http://www.mink-gmbh.de/style.css" "Mozilla/5.0 (Windows NT 6.1; rv:14.0) Gecko/20100101 Firefox/14.0.1"
89.247.62.188 - - [12/Aug/2012:11:35:24 +0200] "GET /images/steigend.png HTTP/1.1" 200 688 "http://www.mink-gmbh.de/modul.css" "Mozilla/5.0 (Windows NT 6.1; rv:14.0) Gecko/20100101 Firefox/14.0.1"
89.247.62.188 - - [12/Aug/2012:11:35:24 +0200] "GET /images/mobil.jpg HTTP/1.1" 200 25293 "http://www.mink-gmbh.de/style.css" "Mozilla/5.0 (Windows NT 6.1; rv:14.0) Gecko/20100101 Firefox/14.0.1"
89.247.62.188 - - [12/Aug/2012:11:35:24 +0200] "GET /images/newsletter.jpg HTTP/1.1" 200 13130 "http://www.mink-gmbh.de/style.css" "Mozilla/5.0 (Windows NT 6.1; rv:14.0) Gecko/20100101 Firefox/14.0.1"
89.247.62.188 - - [12/Aug/2012:11:35:24 +0200] "GET /images/footerbg.jpg HTTP/1.1" 200 2184 "http://www.mink-gmbh.de/style.css" "Mozilla/5.0 (Windows NT 6.1; rv:14.0) Gecko/20100101 Firefox/14.0.1"
89.247.62.188 - - [12/Aug/2012:11:35:24 +0200] "GET /js_contentserver24_greybox/header_bg.gif HTTP/1.1" 200 1188 "http://www.mink-gmbh.de/index.php" "Mozilla/5.0 (Windows NT 6.1; rv:14.0) Gecko/20100101 Firefox/14.0.1"
89.247.62.188 - - [12/Aug/2012:11:35:24 +0200] "GET /js_contentserver24_greybox/g_close.gif HTTP/1.1" 200 541 "http://www.mink-gmbh.de/index.php" "Mozilla/5.0 (Windows NT 6.1; rv:14.0) Gecko/20100101 Firefox/14.0.1"
89.247.62.188 - - [12/Aug/2012:11:35:25 +0200] "GET /js_contentserver24_greybox/indicator.gif HTTP/1.1" 200 8238 "http://www.mink-gmbh.de/index.php" "Mozilla/5.0 (Windows NT 6.1; rv:14.0) Gecko/20100101 Firefox/14.0.1"
89.247.62.188 - - [12/Aug/2012:11:35:25 +0200] "GET /js_contentserver24_greybox/loader_frame.html?s=0 HTTP/1.1" 200 2084 "http://www.mink-gmbh.de/index.php" "Mozilla/5.0 (Windows NT 6.1; rv:14.0) Gecko/20100101 Firefox/14.0.1"
46.4.116.100 - - [12/Aug/2012:11:46:59 +0200] "GET /robots.txt HTTP/1.1" 200 177 "-" "Pixray-Seeker/1.1 (Pixray-Seeker; http://www.pixray.com/pixraybot; crawler@pixray.com)"
46.4.116.100 - - [12/Aug/2012:11:46:59 +0200] "GET /news.php?cs_go=archiv&cs_id=1924&cs_search= HTTP/1.1" 200 9620 "-" "Pixray-Seeker/1.1 (Pixray-Seeker; http://www.pixray.com/pixraybot; crawler@pixray.com)"
46.4.116.100 - - [12/Aug/2012:11:48:28 +0200] "GET /news.php?cs_go=archiv&cs_id=2538&cs_search= HTTP/1.1" 200 12172 "-" "Pixray-Seeker/1.1 (Pixray-Seeker; http://www.pixray.com/pixraybot; crawler@pixray.com)"
208.115.113.91 - - [12/Aug/2012:11:52:09 +0200] "GET /lexikon.php?cs_go=3&cs_id=130 HTTP/1.1" 200 8251 "-" "Mozilla/5.0 (compatible; Ezooms/1.0; ezooms.bot@gmail.com)"
208.115.113.91 - - [12/Aug/2012:11:52:12 +0200] "GET /news.php?cs_go=archiv&cs_id=1955&cs_search= HTTP/1.1" 200 9653 "-" "Mozilla/5.0 (compatible; Ezooms/1.0; ezooms.bot@gmail.com)"
208.115.113.91 - - [12/Aug/2012:11:52:14 +0200] "GET /news.php?cs_go=archiv&cs_id=2094&cs_search= HTTP/1.1" 200 15017 "-" "Mozilla/5.0 (compatible; Ezooms/1.0; ezooms.bot@gmail.com)"
208.115.113.91 - - [12/Aug/2012:11:52:16 +0200] "GET /news.php?cs_go=archiv&cs_startpos=30 HTTP/1.1" 200 22836 "-" "Mozilla/5.0 (compatible; Ezooms/1.0; ezooms.bot@gmail.com)"
208.115.113.91 - - [12/Aug/2012:11:52:18 +0200] "GET /news.php?cs_go=archiv&cs_startpos=970 HTTP/1.1" 200 23335 "-" "Mozilla/5.0 (compatible; Ezooms/1.0; ezooms.bot@gmail.com)"
46.4.92.141 - - [12/Aug/2012:12:01:08 +0200] "GET /robots.txt HTTP/1.1" 200 177 "-" "Pixray-Seeker/1.1 (Pixray-Seeker; http://www.pixray.com/pixraybot; crawler@pixray.com)"
46.4.92.141 - - [12/Aug/2012:12:01:08 +0200] "GET /news.php?cs_go=archiv&cs_id=2362&cs_search= HTTP/1.1" 200 14288 "-" "Pixray-Seeker/1.1 (Pixray-Seeker; http://www.pixray.com/pixraybot; crawler@pixray.com)"
46.4.92.141 - - [12/Aug/2012:12:02:09 +0200] "GET /news.php?cs_go=archiv&cs_id=2369&cs_search= HTTP/1.1" 200 10610 "-" "Pixray-Seeker/1.1 (Pixray-Seeker; http://www.pixray.com/pixraybot; crawler@pixray.com)"
46.4.92.141 - - [12/Aug/2012:12:07:51 +0200] "GET /news.php?cs_go=archiv&cs_id=2499&cs_search= HTTP/1.1" 200 14382 "-" "Pixray-Seeker/1.1 (Pixray-Seeker; http://www.pixray.com/pixraybot; crawler@pixray.com)"
46.4.92.141 - - [12/Aug/2012:12:08:08 +0200] "GET /news.php?cs_go=archiv&cs_startpos=1041 HTTP/1.1" 200 22894 "-" "Pixray-Seeker/1.1 (Pixray-Seeker; http://www.pixray.com/pixraybot; crawler@pixray.com)"
46.4.92.141 - - [12/Aug/2012:12:08:41 +0200] "GET /news.php?cs_go=archiv&cs_startpos=911 HTTP/1.1" 200 23066 "-" "Pixray-Seeker/1.1 (Pixray-Seeker; http://www.pixray.com/pixraybot; crawler@pixray.com)"
66.249.73.85 - - [12/Aug/2012:12:14:10 +0200] "GET /news.php?cs_go=archiv&cs_id=2619&cs_search= HTTP/1.1" 200 13524 "-" "Mozilla/5.0 (compatible; Googlebot/2.1; +http://www.google.com/bot.html)"
208.115.111.75 - - [12/Aug/2012:12:17:16 +0200] "GET /robots.txt HTTP/1.1" 200 177 "-" "Mozilla/5.0 (compatible; Ezooms/1.0; ezooms.bot@gmail.com)"
88.198.67.134 - - [12/Aug/2012:12:22:08 +0200] "GET /robots.txt HTTP/1.1" 200 177 "-" "Pixray-Seeker/1.1 (Pixray-Seeker; http://www.pixray.com/pixraybot; crawler@pixray.com)"
88.198.67.134 - - [12/Aug/2012:12:22:08 +0200] "GET /news.php?cs_go=archiv&cs_id=2587&cs_search= HTTP/1.1" 200 9153 "-" "Pixray-Seeker/1.1 (Pixray-Seeker; http://www.pixray.com/pixraybot; crawler@pixray.com)"
88.198.67.134 - - [12/Aug/2012:12:23:42 +0200] "GET /news.php?cs_go=archiv&cs_startpos=851 HTTP/1.1" 200 22974 "-" "Pixray-Seeker/1.1 (Pixray-Seeker; http://www.pixray.com/pixraybot; crawler@pixray.com)"
88.198.67.134 - - [12/Aug/2012:12:24:10 +0200] "GET /news.php?cs_go=archiv&cs_id=1845&cs_search= HTTP/1.1" 200 9633 "-" "Pixray-Seeker/1.1 (Pixray-Seeker; http://www.pixray.com/pixraybot; crawler@pixray.com)"
88.198.67.134 - - [12/Aug/2012:12:25:40 +0200] "GET /news.php?cs_go=archiv&cs_id=2469&cs_search= HTTP/1.1" 200 11757 "-" "Pixray-Seeker/1.1 (Pixray-Seeker; http://www.pixray.com/pixraybot; crawler@pixray.com)"
88.198.67.134 - - [12/Aug/2012:12:37:27 +0200] "GET /robots.txt HTTP/1.1" 200 177 "-" "Pixray-Seeker/1.1 (Pixray-Seeker; http://www.pixray.com/pixraybot; crawler@pixray.com)"
88.198.67.134 - - [12/Aug/2012:12:37:27 +0200] "GET /news.php?cs_go=archiv&cs_id=2635&cs_search= HTTP/1.1" 200 11121 "-" "Pixray-Seeker/1.1 (Pixray-Seeker; http://www.pixray.com/pixraybot; crawler@pixray.com)"
88.198.67.134 - - [12/Aug/2012:12:39:24 +0200] "GET /news.php?cs_go=archiv&cs_id=2293&cs_search= HTTP/1.1" 200 14161 "-" "Pixray-Seeker/1.1 (Pixray-Seeker; http://www.pixray.com/pixraybot; crawler@pixray.com)"
88.198.67.134 - - [12/Aug/2012:12:42:36 +0200] "GET /lexikon.php?cs_go=3&cs_id=60 HTTP/1.1" 200 8423 "-" "Pixray-Seeker/1.1 (Pixray-Seeker; http://www.pixray.com/pixraybot; crawler@pixray.com)"
88.198.67.134 - - [12/Aug/2012:12:43:10 +0200] "GET /news.php?cs_go=archiv&cs_id=2175&cs_search= HTTP/1.1" 200 9793 "-" "Pixray-Seeker/1.1 (Pixray-Seeker; http://www.pixray.com/pixraybot; crawler@pixray.com)"
88.198.67.134 - - [12/Aug/2012:12:47:03 +0200] "GET /news.php?cs_go=archiv&cs_id=1747&cs_search= HTTP/1.1" 200 10044 "-" "Pixray-Seeker/1.1 (Pixray-Seeker; http://www.pixray.com/pixraybot; crawler@pixray.com)"
46.4.116.100 - - [12/Aug/2012:12:55:56 +0200] "GET /robots.txt HTTP/1.1" 200 177 "-" "Pixray-Seeker/1.1 (Pixray-Seeker; http://www.pixray.com/pixraybot; crawler@pixray.com)"
46.4.116.100 - - [12/Aug/2012:12:55:56 +0200] "GET /news.php?cs_go=archiv&cs_id=1814&cs_search= HTTP/1.1" 200 10433 "-" "Pixray-Seeker/1.1 (Pixray-Seeker; http://www.pixray.com/pixraybot; crawler@pixray.com)"
46.4.116.100 - - [12/Aug/2012:12:59:54 +0200] "GET /news.php?cs_go=archiv&cs_id=2056&cs_search= HTTP/1.1" 200 10180 "-" "Pixray-Seeker/1.1 (Pixray-Seeker; http://www.pixray.com/pixraybot; crawler@pixray.com)"
46.4.116.100 - - [12/Aug/2012:13:00:58 +0200] "GET /news.php?cs_go=archiv&cs_startpos=511 HTTP/1.1" 200 23147 "-" "Pixray-Seeker/1.1 (Pixray-Seeker; http://www.pixray.com/pixraybot; crawler@pixray.com)"
46.4.116.100 - - [12/Aug/2012:13:01:06 +0200] "GET /news.php?cs_go=archiv&cs_id=1786&cs_search= HTTP/1.1" 200 9681 "-" "Pixray-Seeker/1.1 (Pixray-Seeker; http://www.pixray.com/pixraybot; crawler@pixray.com)"
46.4.116.100 - - [12/Aug/2012:13:03:17 +0200] "GET /news.php?cs_go=archiv&cs_id=2040&cs_search= HTTP/1.1" 200 15467 "-" "Pixray-Seeker/1.1 (Pixray-Seeker; http://www.pixray.com/pixraybot; crawler@pixray.com)"
46.4.116.100 - - [12/Aug/2012:13:03:51 +0200] "GET /news.php?cs_go=archiv&cs_id=1651&cs_search= HTTP/1.1" 200 12976 "-" "Pixray-Seeker/1.1 (Pixray-Seeker; http://www.pixray.com/pixraybot; crawler@pixray.com)"
176.9.0.12 - - [12/Aug/2012:13:13:01 +0200] "GET /robots.txt HTTP/1.1" 200 177 "-" "Pixray-Seeker/1.1 (Pixray-Seeker; http://www.pixray.com/pixraybot; crawler@pixray.com)"
176.9.0.12 - - [12/Aug/2012:13:13:01 +0200] "GET /news.php?cs_go=archiv&cs_id=2243&cs_search= HTTP/1.1" 200 13882 "-" "Pixray-Seeker/1.1 (Pixray-Seeker; http://www.pixray.com/pixraybot; crawler@pixray.com)"
176.9.0.12 - - [12/Aug/2012:13:13:57 +0200] "GET /news.php?cs_go=archiv&cs_id=2372&cs_search= HTTP/1.1" 200 9163 "-" "Pixray-Seeker/1.1 (Pixray-Seeker; http://www.pixray.com/pixraybot; crawler@pixray.com)"
176.9.0.12 - - [12/Aug/2012:13:18:04 +0200] "GET /lexikon.php?cs_go=3&cs_id=54 HTTP/1.1" 200 7919 "-" "Pixray-Seeker/1.1 (Pixray-Seeker; http://www.pixray.com/pixraybot; crawler@pixray.com)"
88.198.67.197 - - [12/Aug/2012:13:30:26 +0200] "GET /robots.txt HTTP/1.1" 200 177 "-" "Pixray-Seeker/1.1 (Pixray-Seeker; http://www.pixray.com/pixraybot; crawler@pixray.com)"
88.198.67.197 - - [12/Aug/2012:13:30:26 +0200] "GET /news.php?cs_go=archiv&cs_startpos=130 HTTP/1.1" 200 22996 "-" "Pixray-Seeker/1.1 (Pixray-Seeker; http://www.pixray.com/pixraybot; crawler@pixray.com)"
88.198.67.197 - - [12/Aug/2012:13:31:50 +0200] "GET /news.php?cs_go=archiv&cs_id=1775&cs_search= HTTP/1.1" 200 13976 "-" "Pixray-Seeker/1.1 (Pixray-Seeker; http://www.pixray.com/pixraybot; crawler@pixray.com)"
88.198.67.197 - - [12/Aug/2012:13:32:25 +0200] "GET /news.php?cs_go=archiv&cs_id=2329&cs_search= HTTP/1.1" 200 14829 "-" "Pixray-Seeker/1.1 (Pixray-Seeker; http://www.pixray.com/pixraybot; crawler@pixray.com)"
88.198.67.197 - - [12/Aug/2012:13:33:33 +0200] "GET /news.php?cs_go=archiv&cs_id=2616&cs_search= HTTP/1.1" 200 13187 "-" "Pixray-Seeker/1.1 (Pixray-Seeker; http://www.pixray.com/pixraybot; crawler@pixray.com)"
66.249.73.85 - - [12/Aug/2012:13:36:15 +0200] "GET /news.php?cs_go=archiv&cs_startpos=481 HTTP/1.1" 200 23113 "-" "Mozilla/5.0 (compatible; Googlebot/2.1; +http://www.google.com/bot.html)"
88.198.67.197 - - [12/Aug/2012:13:37:14 +0200] "GET /lexikon.php?cs_go=3&cs_id=129 HTTP/1.1" 200 8597 "-" "Pixray-Seeker/1.1 (Pixray-Seeker; http://www.pixray.com/pixraybot; crawler@pixray.com)"
88.198.67.197 - - [12/Aug/2012:13:40:44 +0200] "GET /news.php?cs_go=archiv&cs_id=2611&cs_search= HTTP/1.1" 200 13270 "-" "Pixray-Seeker/1.1 (Pixray-Seeker; http://www.pixray.com/pixraybot; crawler@pixray.com)"
207.46.204.232 - - [12/Aug/2012:13:47:02 +0200] "GET /robots.txt HTTP/1.1" 200 177 "-" "Mozilla/5.0 (compatible; bingbot/2.0; +http://www.bing.com/bingbot.htm)"
207.46.204.232 - - [12/Aug/2012:13:48:01 +0200] "GET /edl.php HTTP/1.1" 200 10801 "-" "Mozilla/5.0 (compatible; bingbot/2.0; +http://www.bing.com/bingbot.htm)"
83.133.125.202 - - [12/Aug/2012:13:49:35 +0200] "GET / HTTP/1.1" 200 5518 "http://www.sumaja.de/?such_wert=\xf6l" "T-Online Browser"
188.40.66.214 - - [12/Aug/2012:13:50:24 +0200] "GET /robots.txt HTTP/1.1" 200 177 "-" "Pixray-Seeker/1.1 (Pixray-Seeker; http://www.pixray.com/pixraybot; crawler@pixray.com)"
188.40.66.214 - - [12/Aug/2012:13:50:25 +0200] "GET /news.php?cs_go=archiv&cs_id=2203&cs_search= HTTP/1.1" 200 10000 "-" "Pixray-Seeker/1.1 (Pixray-Seeker; http://www.pixray.com/pixraybot; crawler@pixray.com)"
188.40.66.214 - - [12/Aug/2012:13:51:07 +0200] "GET /news.php?cs_go=archiv&cs_id=2322&cs_search= HTTP/1.1" 200 13710 "-" "Pixray-Seeker/1.1 (Pixray-Seeker; http://www.pixray.com/pixraybot; crawler@pixray.com)"
65.36.241.79 - - [12/Aug/2012:13:52:40 +0200] "HEAD / HTTP/1.1" 200 - "-" "InternetSeer.com"
188.40.66.214 - - [12/Aug/2012:13:53:48 +0200] "GET /images/kwk.gif HTTP/1.1" 304 - "-" "Pixray-Seeker/1.1 (Pixray-Seeker; http://www.pixray.com/pixraybot; crawler@pixray.com)"
188.40.66.214 - - [12/Aug/2012:13:53:53 +0200] "GET /news.php?cs_go=archiv&cs_id=2656&cs_search= HTTP/1.1" 200 9979 "-" "Pixray-Seeker/1.1 (Pixray-Seeker; http://www.pixray.com/pixraybot; crawler@pixray.com)"
188.40.66.214 - - [12/Aug/2012:13:56:27 +0200] "GET /news.php?cs_go=archiv&cs_id=1954&cs_search= HTTP/1.1" 200 11873 "-" "Pixray-Seeker/1.1 (Pixray-Seeker; http://www.pixray.com/pixraybot; crawler@pixray.com)"
188.40.66.214 - - [12/Aug/2012:13:56:37 +0200] "GET /lexikon.php?cs_go=3&cs_id=227 HTTP/1.1" 200 8600 "-" "Pixray-Seeker/1.1 (Pixray-Seeker; http://www.pixray.com/pixraybot; crawler@pixray.com)"
188.40.66.214 - - [12/Aug/2012:13:57:00 +0200] "GET /news.php?cs_go=archiv&cs_id=2508&cs_search= HTTP/1.1" 200 10209 "-" "Pixray-Seeker/1.1 (Pixray-Seeker; http://www.pixray.com/pixraybot; crawler@pixray.com)"
37.4.183.29 - - [12/Aug/2012:13:58:00 +0200] "GET /optiplus.php HTTP/1.1" 200 11100 "-" "findlinks/2.0.2 (+http://wortschatz.uni-leipzig.de/findlinks/)"
37.4.183.29 - - [12/Aug/2012:13:58:00 +0200] "GET /optiplus.php HTTP/1.1" 200 11013 "-" "findlinks/2.0.2 (+http://wortschatz.uni-leipzig.de/findlinks/)"
66.249.73.85 - - [12/Aug/2012:13:58:25 +0200] "GET /additive.php HTTP/1.1" 200 15854 "-" "Mozilla/5.0 (compatible; Googlebot/2.1; +http://www.google.com/bot.html)"
188.40.66.214 - - [12/Aug/2012:13:59:37 +0200] "GET /news.php?cs_go=archiv&cs_id=2186&cs_search= HTTP/1.1" 200 14285 "-" "Pixray-Seeker/1.1 (Pixray-Seeker; http://www.pixray.com/pixraybot; crawler@pixray.com)"
88.198.67.197 - - [12/Aug/2012:14:04:32 +0200] "GET /robots.txt HTTP/1.1" 200 177 "-" "Pixray-Seeker/1.1 (Pixray-Seeker; http://www.pixray.com/pixraybot; crawler@pixray.com)"
88.198.67.197 - - [12/Aug/2012:14:04:32 +0200] "GET /news.php?cs_go=archiv&cs_id=2104&cs_search= HTTP/1.1" 200 10291 "-" "Pixray-Seeker/1.1 (Pixray-Seeker; http://www.pixray.com/pixraybot; crawler@pixray.com)"
88.198.67.197 - - [12/Aug/2012:14:05:30 +0200] "GET /news.php?cs_go=archiv&cs_id=1745&cs_search= HTTP/1.1" 200 11250 "-" "Pixray-Seeker/1.1 (Pixray-Seeker; http://www.pixray.com/pixraybot; crawler@pixray.com)"
88.198.67.197 - - [12/Aug/2012:14:06:05 +0200] "GET /news.php?cs_go=archiv&cs_startpos=870 HTTP/1.1" 200 22966 "-" "Pixray-Seeker/1.1 (Pixray-Seeker; http://www.pixray.com/pixraybot; crawler@pixray.com)"
88.198.67.197 - - [12/Aug/2012:14:09:33 +0200] "GET /news.php?cs_go=archiv&cs_id=1805&cs_search= HTTP/1.1" 200 9196 "-" "Pixray-Seeker/1.1 (Pixray-Seeker; http://www.pixray.com/pixraybot; crawler@pixray.com)"
88.198.67.197 - - [12/Aug/2012:14:10:23 +0200] "GET /news.php?cs_go=archiv&cs_id=1944&cs_search= HTTP/1.1" 200 9752 "-" "Pixray-Seeker/1.1 (Pixray-Seeker; http://www.pixray.com/pixraybot; crawler@pixray.com)"
88.198.67.197 - - [12/Aug/2012:14:13:40 +0200] "GET /news.php?cs_go=archiv&cs_id=1905&cs_search= HTTP/1.1" 200 9748 "-" "Pixray-Seeker/1.1 (Pixray-Seeker; http://www.pixray.com/pixraybot; crawler@pixray.com)"
88.198.67.197 - - [12/Aug/2012:14:13:45 +0200] "GET /news.php?cs_go=archiv&cs_id=1777&cs_search= HTTP/1.1" 200 14089 "-" "Pixray-Seeker/1.1 (Pixray-Seeker; http://www.pixray.com/pixraybot; crawler@pixray.com)"
88.198.67.197 - - [12/Aug/2012:14:14:36 +0200] "GET /news.php?cs_go=archiv&cs_id=2473&cs_search= HTTP/1.1" 200 11186 "-" "Pixray-Seeker/1.1 (Pixray-Seeker; http://www.pixray.com/pixraybot; crawler@pixray.com)"
176.9.0.13 - - [12/Aug/2012:14:23:49 +0200] "GET /robots.txt HTTP/1.1" 200 177 "-" "Pixray-Seeker/1.1 (Pixray-Seeker; http://www.pixray.com/pixraybot; crawler@pixray.com)"
176.9.0.13 - - [12/Aug/2012:14:23:49 +0200] "GET /news.php?cs_go=archiv&cs_id=2005&cs_search= HTTP/1.1" 200 13984 "-" "Pixray-Seeker/1.1 (Pixray-Seeker; http://www.pixray.com/pixraybot; crawler@pixray.com)"
176.9.0.13 - - [12/Aug/2012:14:24:51 +0200] "GET /news.php?cs_go=archiv&cs_id=2312&cs_search= HTTP/1.1" 200 9730 "-" "Pixray-Seeker/1.1 (Pixray-Seeker; http://www.pixray.com/pixraybot; crawler@pixray.com)"
176.9.0.13 - - [12/Aug/2012:14:25:06 +0200] "GET /lexikon.php?cs_go=3&cs_id=165 HTTP/1.1" 200 8204 "-" "Pixray-Seeker/1.1 (Pixray-Seeker; http://www.pixray.com/pixraybot; crawler@pixray.com)"
123.125.71.59 - - [12/Aug/2012:14:26:02 +0200] "GET / HTTP/1.1" 200 10259 "-" "Mozilla/5.0 (compatible; Baiduspider/2.0; +http://www.baidu.com/search/spider.html)"
220.181.108.117 - - [12/Aug/2012:14:26:23 +0200] "GET / HTTP/1.1" 200 10258 "-" "Mozilla/5.0 (compatible; Baiduspider/2.0; +http://www.baidu.com/search/spider.html)"
176.9.0.13 - - [12/Aug/2012:14:28:52 +0200] "GET /lexikon.php?cs_go=3&cs_id=212 HTTP/1.1" 200 8475 "-" "Pixray-Seeker/1.1 (Pixray-Seeker; http://www.pixray.com/pixraybot; crawler@pixray.com)"
176.9.0.13 - - [12/Aug/2012:14:33:24 +0200] "GET /optiplus.php HTTP/1.1" 200 11013 "-" "Pixray-Seeker/1.1 (Pixray-Seeker; http://www.pixray.com/pixraybot; crawler@pixray.com)"
208.115.113.91 - - [12/Aug/2012:14:39:11 +0200] "GET /robots.txt HTTP/1.1" 200 177 "-" "Mozilla/5.0 (compatible; Ezooms/1.0; ezooms.bot@gmail.com)"
46.4.121.154 - - [12/Aug/2012:14:43:09 +0200] "GET /robots.txt HTTP/1.1" 200 177 "-" "Pixray-Seeker/1.1 (Pixray-Seeker; http://www.pixray.com/pixraybot; crawler@pixray.com)"
46.4.121.154 - - [12/Aug/2012:14:43:09 +0200] "GET /lexikon.php?cs_go=2&cs_char=y HTTP/1.1" 200 8582 "-" "Pixray-Seeker/1.1 (Pixray-Seeker; http://www.pixray.com/pixraybot; crawler@pixray.com)"
46.4.121.154 - - [12/Aug/2012:14:44:26 +0200] "GET /lexikon.php?cs_go=3&cs_id=108 HTTP/1.1" 200 9548 "-" "Pixray-Seeker/1.1 (Pixray-Seeker; http://www.pixray.com/pixraybot; crawler@pixray.com)"
46.4.121.154 - - [12/Aug/2012:14:46:04 +0200] "GET /news.php?cs_go=archiv&cs_startpos=451 HTTP/1.1" 200 22681 "-" "Pixray-Seeker/1.1 (Pixray-Seeker; http://www.pixray.com/pixraybot; crawler@pixray.com)"
37.4.183.29 - - [12/Aug/2012:14:46:46 +0200] "GET /index.php HTTP/1.1" 200 6426 "-" "findlinks/2.0.2 (+http://wortschatz.uni-leipzig.de/findlinks/)"
37.4.183.29 - - [12/Aug/2012:14:46:46 +0200] "GET /index.php HTTP/1.1" 200 14587 "-" "findlinks/2.0.2 (+http://wortschatz.uni-leipzig.de/findlinks/)"
46.4.121.154 - - [12/Aug/2012:14:46:49 +0200] "GET /lexikon.php?cs_go=3&cs_id=23 HTTP/1.1" 200 9250 "-" "Pixray-Seeker/1.1 (Pixray-Seeker; http://www.pixray.com/pixraybot; crawler@pixray.com)"
46.4.121.154 - - [12/Aug/2012:14:47:22 +0200] "GET /lexikon.php?cs_go=3&cs_id=207 HTTP/1.1" 200 7920 "-" "Pixray-Seeker/1.1 (Pixray-Seeker; http://www.pixray.com/pixraybot; crawler@pixray.com)"
46.4.118.74 - - [12/Aug/2012:15:03:02 +0200] "GET /robots.txt HTTP/1.1" 200 177 "-" "Pixray-Seeker/1.1 (Pixray-Seeker; http://www.pixray.com/pixraybot; crawler@pixray.com)"
46.4.118.74 - - [12/Aug/2012:15:03:02 +0200] "GET /news.php?cs_go=archiv&cs_id=1686&cs_search= HTTP/1.1" 200 17002 "-" "Pixray-Seeker/1.1 (Pixray-Seeker; http://www.pixray.com/pixraybot; crawler@pixray.com)"
46.4.118.74 - - [12/Aug/2012:15:03:51 +0200] "GET /news.php?cs_go=archiv&cs_id=1874&cs_search= HTTP/1.1" 200 12791 "-" "Pixray-Seeker/1.1 (Pixray-Seeker; http://www.pixray.com/pixraybot; crawler@pixray.com)"
46.4.118.74 - - [12/Aug/2012:15:08:16 +0200] "GET /news.php?cs_go=archiv&cs_id=1796&cs_search= HTTP/1.1" 200 9311 "-" "Pixray-Seeker/1.1 (Pixray-Seeker; http://www.pixray.com/pixraybot; crawler@pixray.com)"
178.77.126.55 - - [12/Aug/2012:15:15:55 +0200] "GET /robots.txt HTTP/1.1" 200 177 "-" "Mozilla/5.0 (compatible; CareerBot/1.1; +http://www.career-x.de/bot.html)"
178.77.126.55 - - [12/Aug/2012:15:15:55 +0200] "GET / HTTP/1.1" 200 15322 "-" "Mozilla/5.0 (compatible; CareerBot/1.1; +http://www.career-x.de/bot.html)"
46.4.92.140 - - [12/Aug/2012:15:23:36 +0200] "GET /robots.txt HTTP/1.1" 200 177 "-" "Pixray-Seeker/1.1 (Pixray-Seeker; http://www.pixray.com/pixraybot; crawler@pixray.com)"
46.4.92.140 - - [12/Aug/2012:15:23:37 +0200] "GET /news.php?cs_go=archiv&cs_id=1825&cs_search= HTTP/1.1" 200 15022 "-" "Pixray-Seeker/1.1 (Pixray-Seeker; http://www.pixray.com/pixraybot; crawler@pixray.com)"
46.4.92.140 - - [12/Aug/2012:15:24:27 +0200] "GET /news.php?cs_go=archiv&cs_id=1885&cs_search= HTTP/1.1" 200 9632 "-" "Pixray-Seeker/1.1 (Pixray-Seeker; http://www.pixray.com/pixraybot; crawler@pixray.com)"
46.4.92.140 - - [12/Aug/2012:15:25:32 +0200] "GET /news.php?cs_go=archiv&cs_id=2759 HTTP/1.1" 200 12148 "-" "Pixray-Seeker/1.1 (Pixray-Seeker; http://www.pixray.com/pixraybot; crawler@pixray.com)"
208.115.111.75 - - [12/Aug/2012:15:25:58 +0200] "GET /robots.txt HTTP/1.1" 200 177 "-" "Mozilla/5.0 (compatible; Ezooms/1.0; ezooms.bot@gmail.com)"
46.4.92.140 - - [12/Aug/2012:15:26:28 +0200] "GET /lexikon.php?cs_go=3&cs_id=85 HTTP/1.1" 200 8564 "-" "Pixray-Seeker/1.1 (Pixray-Seeker; http://www.pixray.com/pixraybot; crawler@pixray.com)"
220.181.108.84 - - [12/Aug/2012:15:26:43 +0200] "GET / HTTP/1.1" 200 7771 "-" "Mozilla/5.0 (compatible; Baiduspider/2.0; +http://www.baidu.com/search/spider.html)"
123.125.71.43 - - [12/Aug/2012:15:28:05 +0200] "GET / HTTP/1.1" 200 8716 "-" "Mozilla/5.0 (compatible; Baiduspider/2.0; +http://www.baidu.com/search/spider.html)"
46.4.118.75 - - [12/Aug/2012:15:36:10 +0200] "GET /robots.txt HTTP/1.1" 200 177 "-" "Pixray-Seeker/1.1 (Pixray-Seeker; http://www.pixray.com/pixraybot; crawler@pixray.com)"
46.4.118.75 - - [12/Aug/2012:15:36:10 +0200] "GET /news.php?cs_go=archiv&cs_id=2015&cs_search= HTTP/1.1" 200 10007 "-" "Pixray-Seeker/1.1 (Pixray-Seeker; http://www.pixray.com/pixraybot; crawler@pixray.com)"
46.4.118.75 - - [12/Aug/2012:15:36:12 +0200] "GET /news.php?cs_go=archiv&cs_id=2035&cs_search= HTTP/1.1" 200 15165 "-" "Pixray-Seeker/1.1 (Pixray-Seeker; http://www.pixray.com/pixraybot; crawler@pixray.com)"
65.52.108.148 - - [12/Aug/2012:15:38:41 +0200] "GET /robots.txt HTTP/1.1" 200 177 "-" "Mozilla/5.0 (compatible; bingbot/2.0; +http://www.bing.com/bingbot.htm)"
46.4.118.75 - - [12/Aug/2012:15:39:10 +0200] "GET /news.php?cs_go=archiv&cs_id=1983&cs_search= HTTP/1.1" 200 13869 "-" "Pixray-Seeker/1.1 (Pixray-Seeker; http://www.pixray.com/pixraybot; crawler@pixray.com)"
65.52.108.148 - - [12/Aug/2012:15:39:35 +0200] "GET /www.solartechnikberater.de HTTP/1.1" 404 - "-" "Mozilla/5.0 (compatible; bingbot/2.0; +http://www.bing.com/bingbot.htm)"
46.4.118.75 - - [12/Aug/2012:15:45:22 +0200] "GET /news.php?cs_go=archiv&cs_id=2670&cs_search= HTTP/1.1" 200 10083 "-" "Pixray-Seeker/1.1 (Pixray-Seeker; http://www.pixray.com/pixraybot; crawler@pixray.com)"
188.40.66.214 - - [12/Aug/2012:15:58:13 +0200] "GET /robots.txt HTTP/1.1" 200 177 "-" "Pixray-Seeker/1.1 (Pixray-Seeker; http://www.pixray.com/pixraybot; crawler@pixray.com)"
188.40.66.214 - - [12/Aug/2012:15:58:14 +0200] "GET /news.php?cs_go=archiv&cs_id=2349&cs_search= HTTP/1.1" 200 11870 "-" "Pixray-Seeker/1.1 (Pixray-Seeker; http://www.pixray.com/pixraybot; crawler@pixray.com)"
188.40.66.214 - - [12/Aug/2012:15:59:59 +0200] "GET /news.php?cs_go=archiv&cs_id=2804&cs_search= HTTP/1.1" 200 13993 "-" "Pixray-Seeker/1.1 (Pixray-Seeker; http://www.pixray.com/pixraybot; crawler@pixray.com)"
88.198.67.134 - - [12/Aug/2012:16:14:19 +0200] "GET /robots.txt HTTP/1.1" 200 177 "-" "Pixray-Seeker/1.1 (Pixray-Seeker; http://www.pixray.com/pixraybot; crawler@pixray.com)"
88.198.67.134 - - [12/Aug/2012:16:14:19 +0200] "GET /news.php?cs_go=archiv&cs_id=2557&cs_search= HTTP/1.1" 200 9312 "-" "Pixray-Seeker/1.1 (Pixray-Seeker; http://www.pixray.com/pixraybot; crawler@pixray.com)"
88.198.67.134 - - [12/Aug/2012:16:15:14 +0200] "GET /lexikon.php?cs_go=3&cs_id=109 HTTP/1.1" 200 9507 "-" "Pixray-Seeker/1.1 (Pixray-Seeker; http://www.pixray.com/pixraybot; crawler@pixray.com)"
88.198.67.134 - - [12/Aug/2012:16:19:29 +0200] "GET /news.php?cs_go=archiv&cs_id=1720&cs_search= HTTP/1.1" 200 13962 "-" "Pixray-Seeker/1.1 (Pixray-Seeker; http://www.pixray.com/pixraybot; crawler@pixray.com)"
88.198.67.134 - - [12/Aug/2012:16:20:13 +0200] "GET /news.php?cs_go=archiv&cs_id=1717&cs_search= HTTP/1.1" 200 9752 "-" "Pixray-Seeker/1.1 (Pixray-Seeker; http://www.pixray.com/pixraybot; crawler@pixray.com)"
88.198.67.134 - - [12/Aug/2012:16:20:19 +0200] "GET /news.php?cs_go=archiv&cs_startpos=681 HTTP/1.1" 200 23010 "-" "Pixray-Seeker/1.1 (Pixray-Seeker; http://www.pixray.com/pixraybot; crawler@pixray.com)"
188.40.65.130 - - [12/Aug/2012:16:27:45 +0200] "GET /robots.txt HTTP/1.1" 200 177 "-" "Pixray-Seeker/1.1 (Pixray-Seeker; http://www.pixray.com/pixraybot; crawler@pixray.com)"
188.40.65.130 - - [12/Aug/2012:16:27:45 +0200] "GET /lexikon.php?cs_go=3&cs_id=21 HTTP/1.1" 200 9049 "-" "Pixray-Seeker/1.1 (Pixray-Seeker; http://www.pixray.com/pixraybot; crawler@pixray.com)"
188.40.65.130 - - [12/Aug/2012:16:32:45 +0200] "GET /news.php?cs_go=archiv&cs_id=1650&cs_search= HTTP/1.1" 200 14174 "-" "Pixray-Seeker/1.1 (Pixray-Seeker; http://www.pixray.com/pixraybot; crawler@pixray.com)"
188.40.65.130 - - [12/Aug/2012:16:34:36 +0200] "GET /lexikon.php?cs_go=3&cs_id=77 HTTP/1.1" 200 8585 "-" "Pixray-Seeker/1.1 (Pixray-Seeker; http://www.pixray.com/pixraybot; crawler@pixray.com)"
46.4.19.85 - - [12/Aug/2012:16:47:11 +0200] "GET /robots.txt HTTP/1.1" 200 177 "-" "Pixray-Seeker/1.1 (Pixray-Seeker; http://www.pixray.com/pixraybot; crawler@pixray.com)"
46.4.19.85 - - [12/Aug/2012:16:47:11 +0200] "GET /lexikon.php?cs_go=3&cs_id=206 HTTP/1.1" 200 8350 "-" "Pixray-Seeker/1.1 (Pixray-Seeker; http://www.pixray.com/pixraybot; crawler@pixray.com)"
46.4.19.85 - - [12/Aug/2012:16:48:44 +0200] "GET /www.dena.de/presse%AD HTTP/1.1" 404 - "-" "Pixray-Seeker/1.1 (Pixray-Seeker; http://www.pixray.com/pixraybot; crawler@pixray.com)"
188.40.65.130 - - [12/Aug/2012:17:07:18 +0200] "GET /robots.txt HTTP/1.1" 200 177 "-" "Pixray-Seeker/1.1 (Pixray-Seeker; http://www.pixray.com/pixraybot; crawler@pixray.com)"
188.40.65.130 - - [12/Aug/2012:17:07:18 +0200] "GET /news.php?cs_go=archiv&cs_id=1933&cs_search= HTTP/1.1" 200 13851 "-" "Pixray-Seeker/1.1 (Pixray-Seeker; http://www.pixray.com/pixraybot; crawler@pixray.com)"
188.40.65.130 - - [12/Aug/2012:17:07:55 +0200] "GET /news.php?cs_go=archiv&cs_startpos=970 HTTP/1.1" 200 23248 "-" "Pixray-Seeker/1.1 (Pixray-Seeker; http://www.pixray.com/pixraybot; crawler@pixray.com)"
188.40.65.130 - - [12/Aug/2012:17:15:13 +0200] "GET /news.php?cs_go=archiv&cs_startpos=341 HTTP/1.1" 200 22973 "-" "Pixray-Seeker/1.1 (Pixray-Seeker; http://www.pixray.com/pixraybot; crawler@pixray.com)"
176.9.0.12 - - [12/Aug/2012:17:25:54 +0200] "GET /robots.txt HTTP/1.1" 200 177 "-" "Pixray-Seeker/1.1 (Pixray-Seeker; http://www.pixray.com/pixraybot; crawler@pixray.com)"
176.9.0.12 - - [12/Aug/2012:17:25:54 +0200] "GET /news.php?cs_go=archiv&cs_id=2174&cs_search= HTTP/1.1" 200 14289 "-" "Pixray-Seeker/1.1 (Pixray-Seeker; http://www.pixray.com/pixraybot; crawler@pixray.com)"
176.9.0.12 - - [12/Aug/2012:17:26:42 +0200] "GET /news.php?cs_go=archiv&cs_id=1795&cs_search= HTTP/1.1" 200 13975 "-" "Pixray-Seeker/1.1 (Pixray-Seeker; http://www.pixray.com/pixraybot; crawler@pixray.com)"
176.9.0.12 - - [12/Aug/2012:17:27:47 +0200] "GET /news.php?cs_go=archiv&cs_id=2550&cs_search= HTTP/1.1" 200 10760 "-" "Pixray-Seeker/1.1 (Pixray-Seeker; http://www.pixray.com/pixraybot; crawler@pixray.com)"
176.9.0.12 - - [12/Aug/2012:17:28:52 +0200] "GET /lexikon.php?cs_go=3&cs_id=98 HTTP/1.1" 200 8348 "-" "Pixray-Seeker/1.1 (Pixray-Seeker; http://www.pixray.com/pixraybot; crawler@pixray.com)"
176.9.0.12 - - [12/Aug/2012:17:31:08 +0200] "GET /news.php?cs_go=archiv&cs_id=2244&cs_search= HTTP/1.1" 200 9679 "-" "Pixray-Seeker/1.1 (Pixray-Seeker; http://www.pixray.com/pixraybot; crawler@pixray.com)"
176.9.0.12 - - [12/Aug/2012:17:33:45 +0200] "GET /news.php?cs_go=archiv&cs_id=2680&cs_search= HTTP/1.1" 200 13594 "-" "Pixray-Seeker/1.1 (Pixray-Seeker; http://www.pixray.com/pixraybot; crawler@pixray.com)"
188.40.65.130 - - [12/Aug/2012:17:45:49 +0200] "GET /robots.txt HTTP/1.1" 200 177 "-" "Pixray-Seeker/1.1 (Pixray-Seeker; http://www.pixray.com/pixraybot; crawler@pixray.com)"
188.40.65.130 - - [12/Aug/2012:17:45:49 +0200] "GET /news.php?cs_go=archiv&cs_id=1884&cs_search= HTTP/1.1" 200 15968 "-" "Pixray-Seeker/1.1 (Pixray-Seeker; http://www.pixray.com/pixraybot; crawler@pixray.com)"
188.40.65.130 - - [12/Aug/2012:17:50:18 +0200] "GET /news.php?cs_go=archiv&cs_id=2363&cs_search= HTTP/1.1" 200 9480 "-" "Pixray-Seeker/1.1 (Pixray-Seeker; http://www.pixray.com/pixraybot; crawler@pixray.com)"
176.9.0.12 - - [12/Aug/2012:17:58:50 +0200] "GET /robots.txt HTTP/1.1" 200 177 "-" "Pixray-Seeker/1.1 (Pixray-Seeker; http://www.pixray.com/pixraybot; crawler@pixray.com)"
176.9.0.12 - - [12/Aug/2012:17:58:50 +0200] "GET /news.php?cs_go=archiv&cs_id=2576&cs_search= HTTP/1.1" 200 14636 "-" "Pixray-Seeker/1.1 (Pixray-Seeker; http://www.pixray.com/pixraybot; crawler@pixray.com)"
176.9.0.12 - - [12/Aug/2012:18:02:34 +0200] "GET /lexikon.php?cs_go=3&cs_id=75 HTTP/1.1" 200 8530 "-" "Pixray-Seeker/1.1 (Pixray-Seeker; http://www.pixray.com/pixraybot; crawler@pixray.com)"
46.4.19.85 - - [12/Aug/2012:18:19:13 +0200] "GET /robots.txt HTTP/1.1" 200 177 "-" "Pixray-Seeker/1.1 (Pixray-Seeker; http://www.pixray.com/pixraybot; crawler@pixray.com)"
46.4.19.85 - - [12/Aug/2012:18:19:13 +0200] "GET /news.php?cs_go=archiv&cs_id=1696&cs_search= HTTP/1.1" 200 13857 "-" "Pixray-Seeker/1.1 (Pixray-Seeker; http://www.pixray.com/pixraybot; crawler@pixray.com)"
46.4.19.85 - - [12/Aug/2012:18:19:16 +0200] "GET /news.php?cs_go=archiv&cs_id=2263&cs_search= HTTP/1.1" 200 11204 "-" "Pixray-Seeker/1.1 (Pixray-Seeker; http://www.pixray.com/pixraybot; crawler@pixray.com)"
46.4.19.85 - - [12/Aug/2012:18:21:58 +0200] "GET /news.php?cs_go=archiv&cs_id=2498&cs_search= HTTP/1.1" 200 11172 "-" "Pixray-Seeker/1.1 (Pixray-Seeker; http://www.pixray.com/pixraybot; crawler@pixray.com)"
123.125.71.15 - - [12/Aug/2012:18:34:30 +0200] "GET / HTTP/1.1" 200 15322 "-" "Mozilla/5.0 (compatible; Baiduspider/2.0; +http://www.baidu.com/search/spider.html)"
220.181.108.108 - - [12/Aug/2012:18:35:05 +0200] "GET / HTTP/1.1" 200 8716 "-" "Mozilla/5.0 (compatible; Baiduspider/2.0; +http://www.baidu.com/search/spider.html)"
46.4.121.154 - - [12/Aug/2012:18:42:24 +0200] "GET /robots.txt HTTP/1.1" 200 177 "-" "Pixray-Seeker/1.1 (Pixray-Seeker; http://www.pixray.com/pixraybot; crawler@pixray.com)"
46.4.121.154 - - [12/Aug/2012:18:42:24 +0200] "GET /news.php?cs_go=archiv&cs_id=1680&cs_search= HTTP/1.1" 200 11537 "-" "Pixray-Seeker/1.1 (Pixray-Seeker; http://www.pixray.com/pixraybot; crawler@pixray.com)"
46.4.118.74 - - [12/Aug/2012:18:52:26 +0200] "GET /robots.txt HTTP/1.1" 200 177 "-" "Pixray-Seeker/1.1 (Pixray-Seeker; http://www.pixray.com/pixraybot; crawler@pixray.com)"
46.4.118.74 - - [12/Aug/2012:18:52:26 +0200] "GET /lexikon.php?cs_go=3&cs_id=96 HTTP/1.1" 200 8307 "-" "Pixray-Seeker/1.1 (Pixray-Seeker; http://www.pixray.com/pixraybot; crawler@pixray.com)"
46.4.118.74 - - [12/Aug/2012:18:52:33 +0200] "GET /news.php?cs_go=archiv&cs_startpos=921 HTTP/1.1" 200 23080 "-" "Pixray-Seeker/1.1 (Pixray-Seeker; http://www.pixray.com/pixraybot; crawler@pixray.com)"
46.4.118.74 - - [12/Aug/2012:19:01:49 +0200] "GET /news.php?cs_go=archiv&cs_id=2126&cs_search= HTTP/1.1" 200 14524 "-" "Pixray-Seeker/1.1 (Pixray-Seeker; http://www.pixray.com/pixraybot; crawler@pixray.com)"
178.154.179.250 - - [12/Aug/2012:19:10:32 +0200] "GET /robots.txt HTTP/1.1" 200 177 "-" "Mozilla/5.0 (compatible; YandexBot/3.0; +http://yandex.com/bots)"
46.4.121.154 - - [12/Aug/2012:19:11:21 +0200] "GET /robots.txt HTTP/1.1" 200 177 "-" "Pixray-Seeker/1.1 (Pixray-Seeker; http://www.pixray.com/pixraybot; crawler@pixray.com)"
46.4.121.154 - - [12/Aug/2012:19:11:21 +0200] "GET /news.php?cs_go=archiv&cs_id=1636&cs_search= HTTP/1.1" 200 12800 "-" "Pixray-Seeker/1.1 (Pixray-Seeker; http://www.pixray.com/pixraybot; crawler@pixray.com)"
46.4.121.154 - - [12/Aug/2012:19:19:05 +0200] "GET /news.php?cs_go=archiv&cs_id=2561&cs_search= HTTP/1.1" 200 14437 "-" "Pixray-Seeker/1.1 (Pixray-Seeker; http://www.pixray.com/pixraybot; crawler@pixray.com)"
65.36.241.79 - - [12/Aug/2012:19:24:52 +0200] "HEAD / HTTP/1.1" 200 - "-" "InternetSeer.com"
46.4.19.85 - - [12/Aug/2012:19:25:49 +0200] "GET /robots.txt HTTP/1.1" 200 177 "-" "Pixray-Seeker/1.1 (Pixray-Seeker; http://www.pixray.com/pixraybot; crawler@pixray.com)"
46.4.19.85 - - [12/Aug/2012:19:25:49 +0200] "GET /lexikon.php?cs_go=2&cs_char=o HTTP/1.1" 200 9261 "-" "Pixray-Seeker/1.1 (Pixray-Seeker; http://www.pixray.com/pixraybot; crawler@pixray.com)"
46.4.19.85 - - [12/Aug/2012:19:27:13 +0200] "GET /news.php?cs_go=archiv&cs_id=2302&cs_search= HTTP/1.1" 200 10219 "-" "Pixray-Seeker/1.1 (Pixray-Seeker; http://www.pixray.com/pixraybot; crawler@pixray.com)"
46.4.19.85 - - [12/Aug/2012:19:28:47 +0200] "GET /news.php?cs_go=archiv&cs_id=2461&cs_search= HTTP/1.1" 200 9524 "-" "Pixray-Seeker/1.1 (Pixray-Seeker; http://www.pixray.com/pixraybot; crawler@pixray.com)"
123.125.71.40 - - [12/Aug/2012:19:32:07 +0200] "GET / HTTP/1.1" 200 10259 "-" "Mozilla/5.0 (compatible; Baiduspider/2.0; +http://www.baidu.com/search/spider.html)"
220.181.108.77 - - [12/Aug/2012:19:32:31 +0200] "GET / HTTP/1.1" 200 8716 "-" "Mozilla/5.0 (compatible; Baiduspider/2.0; +http://www.baidu.com/search/spider.html)"
46.4.19.85 - - [12/Aug/2012:19:33:31 +0200] "GET /news.php?cs_go=archiv&cs_id=2343&cs_search= HTTP/1.1" 200 14041 "-" "Pixray-Seeker/1.1 (Pixray-Seeker; http://www.pixray.com/pixraybot; crawler@pixray.com)"
208.115.111.75 - - [12/Aug/2012:19:34:27 +0200] "GET /robots.txt HTTP/1.1" 200 177 "-" "Mozilla/5.0 (compatible; Ezooms/1.0; ezooms.bot@gmail.com)"
139.18.2.17 - - [12/Aug/2012:19:46:56 +0200] "GET /agb.php HTTP/1.1" 200 14517 "-" "findlinks/2.6 (+http://wortschatz.uni-leipzig.de/findlinks/)"
139.18.2.17 - - [12/Aug/2012:19:46:56 +0200] "GET /agb.php HTTP/1.1" 200 19622 "-" "findlinks/2.6 (+http://wortschatz.uni-leipzig.de/findlinks/)"
176.9.19.103 - - [12/Aug/2012:19:48:08 +0200] "GET /robots.txt HTTP/1.1" 200 177 "-" "Pixray-Seeker/1.1 (Pixray-Seeker; http://www.pixray.com/pixraybot; crawler@pixray.com)"
176.9.19.103 - - [12/Aug/2012:19:48:08 +0200] "GET /news.php?cs_go=archiv&cs_id=2636&cs_search= HTTP/1.1" 200 10189 "-" "Pixray-Seeker/1.1 (Pixray-Seeker; http://www.pixray.com/pixraybot; crawler@pixray.com)"
176.9.19.103 - - [12/Aug/2012:19:49:02 +0200] "GET /news.php?cs_go=archiv&cs_id=1640&cs_search= HTTP/1.1" 200 9591 "-" "Pixray-Seeker/1.1 (Pixray-Seeker; http://www.pixray.com/pixraybot; crawler@pixray.com)"
65.52.108.148 - - [12/Aug/2012:19:53:42 +0200] "GET /robots.txt HTTP/1.1" 200 177 "-" "Mozilla/5.0 (compatible; bingbot/2.0; +http://www.bing.com/bingbot.htm)"
65.52.108.148 - - [12/Aug/2012:19:54:37 +0200] "GET /preisanfrage.php HTTP/1.1" 200 10710 "-" "Mozilla/5.0 (compatible; bingbot/2.0; +http://www.bing.com/bingbot.htm)"
176.9.19.103 - - [12/Aug/2012:19:58:42 +0200] "GET /robots.txt HTTP/1.1" 200 177 "-" "Pixray-Seeker/1.1 (Pixray-Seeker; http://www.pixray.com/pixraybot; crawler@pixray.com)"
176.9.19.103 - - [12/Aug/2012:19:58:42 +0200] "GET /news.php?cs_go=archiv&cs_id=2223&cs_search= HTTP/1.1" 200 9846 "-" "Pixray-Seeker/1.1 (Pixray-Seeker; http://www.pixray.com/pixraybot; crawler@pixray.com)"
176.9.19.103 - - [12/Aug/2012:19:58:52 +0200] "GET /news.php?cs_go=archiv&cs_id=2164&cs_search= HTTP/1.1" 200 14097 "-" "Pixray-Seeker/1.1 (Pixray-Seeker; http://www.pixray.com/pixraybot; crawler@pixray.com)"
208.115.113.91 - - [12/Aug/2012:20:02:49 +0200] "GET /robots.txt HTTP/1.1" 200 177 "-" "Mozilla/5.0 (compatible; Ezooms/1.0; ezooms.bot@gmail.com)"
176.9.19.103 - - [12/Aug/2012:20:04:17 +0200] "GET /news.php?cs_go=archiv&cs_id=2303&cs_search= HTTP/1.1" 200 14149 "-" "Pixray-Seeker/1.1 (Pixray-Seeker; http://www.pixray.com/pixraybot; crawler@pixray.com)"
176.9.19.103 - - [12/Aug/2012:20:06:10 +0200] "GET /news.php?cs_go=archiv&cs_id=1994&cs_search= HTTP/1.1" 200 9396 "-" "Pixray-Seeker/1.1 (Pixray-Seeker; http://www.pixray.com/pixraybot; crawler@pixray.com)"
207.46.204.232 - - [12/Aug/2012:20:10:36 +0200] "GET /.php HTTP/1.1" 404 - "-" "Mozilla/5.0 (compatible; bingbot/2.0; +http://www.bing.com/bingbot.htm)"
46.4.19.85 - - [12/Aug/2012:20:16:22 +0200] "GET /robots.txt HTTP/1.1" 200 177 "-" "Pixray-Seeker/1.1 (Pixray-Seeker; http://www.pixray.com/pixraybot; crawler@pixray.com)"
46.4.19.85 - - [12/Aug/2012:20:16:22 +0200] "GET /news.php?cs_go=archiv&cs_id=1999&cs_search= HTTP/1.1" 200 9634 "-" "Pixray-Seeker/1.1 (Pixray-Seeker; http://www.pixray.com/pixraybot; crawler@pixray.com)"
46.4.19.85 - - [12/Aug/2012:20:18:11 +0200] "GET /news.php?cs_go=archiv&cs_id=1943&cs_search= HTTP/1.1" 200 13813 "-" "Pixray-Seeker/1.1 (Pixray-Seeker; http://www.pixray.com/pixraybot; crawler@pixray.com)"
46.4.19.85 - - [12/Aug/2012:20:21:17 +0200] "GET /news.php?cs_go=archiv&cs_id=1637&cs_search= HTTP/1.1" 200 12620 "-" "Pixray-Seeker/1.1 (Pixray-Seeker; http://www.pixray.com/pixraybot; crawler@pixray.com)"
46.4.19.85 - - [12/Aug/2012:20:21:48 +0200] "GET /news.php?cs_go=archiv&cs_id=1746&cs_search= HTTP/1.1" 200 12584 "-" "Pixray-Seeker/1.1 (Pixray-Seeker; http://www.pixray.com/pixraybot; crawler@pixray.com)"
46.4.19.85 - - [12/Aug/2012:20:25:32 +0200] "GET /news.php?cs_go=archiv&cs_id=1681&cs_search= HTTP/1.1" 200 13882 "-" "Pixray-Seeker/1.1 (Pixray-Seeker; http://www.pixray.com/pixraybot; crawler@pixray.com)"
46.4.118.74 - - [12/Aug/2012:20:31:49 +0200] "GET /robots.txt HTTP/1.1" 200 177 "-" "Pixray-Seeker/1.1 (Pixray-Seeker; http://www.pixray.com/pixraybot; crawler@pixray.com)"
46.4.118.74 - - [12/Aug/2012:20:31:49 +0200] "GET /news.php?cs_go=archiv&cs_id=2655&cs_search= HTTP/1.1" 200 10364 "-" "Pixray-Seeker/1.1 (Pixray-Seeker; http://www.pixray.com/pixraybot; crawler@pixray.com)"
46.4.118.74 - - [12/Aug/2012:20:35:53 +0200] "GET /news.php?cs_go=archiv&cs_startpos=891 HTTP/1.1" 200 23293 "-" "Pixray-Seeker/1.1 (Pixray-Seeker; http://www.pixray.com/pixraybot; crawler@pixray.com)"
46.4.118.74 - - [12/Aug/2012:20:37:45 +0200] "GET /lexikon.php?cs_go=3&cs_id=69 HTTP/1.1" 200 10015 "-" "Pixray-Seeker/1.1 (Pixray-Seeker; http://www.pixray.com/pixraybot; crawler@pixray.com)"
66.249.72.131 - - [12/Aug/2012:20:39:46 +0200] "GET /robots.txt HTTP/1.1" 200 177 "-" "Mozilla/5.0 (compatible; Googlebot/2.1; +http://www.google.com/bot.html)"
66.249.72.131 - - [12/Aug/2012:20:39:46 +0200] "GET /news.php?cs_go=archiv&cs_id=3044 HTTP/1.1" 200 13830 "-" "Mozilla/5.0 (compatible; Googlebot/2.1; +http://www.google.com/bot.html)"
46.4.118.74 - - [12/Aug/2012:20:40:26 +0200] "GET /news.php?cs_go=archiv&cs_startpos=1371 HTTP/1.1" 200 23007 "-" "Pixray-Seeker/1.1 (Pixray-Seeker; http://www.pixray.com/pixraybot; crawler@pixray.com)"
176.9.0.12 - - [12/Aug/2012:20:50:11 +0200] "GET /robots.txt HTTP/1.1" 200 177 "-" "Pixray-Seeker/1.1 (Pixray-Seeker; http://www.pixray.com/pixraybot; crawler@pixray.com)"
176.9.0.12 - - [12/Aug/2012:20:50:11 +0200] "GET /lexikon.php?cs_go=2&cs_char=e HTTP/1.1" 200 9079 "-" "Pixray-Seeker/1.1 (Pixray-Seeker; http://www.pixray.com/pixraybot; crawler@pixray.com)"
176.9.0.12 - - [12/Aug/2012:20:55:09 +0200] "GET /news.php?cs_go=archiv&cs_startpos=751 HTTP/1.1" 200 22973 "-" "Pixray-Seeker/1.1 (Pixray-Seeker; http://www.pixray.com/pixraybot; crawler@pixray.com)"
66.249.72.131 - - [12/Aug/2012:20:55:30 +0200] "GET /news.php?cs_go=archiv&cs_id=1785&cs_search= HTTP/1.1" 200 14340 "-" "Mozilla/5.0 (compatible; Googlebot/2.1; +http://www.google.com/bot.html)"
176.9.0.12 - - [12/Aug/2012:20:55:32 +0200] "GET /news.php?cs_go=archiv&cs_startpos=930 HTTP/1.1" 200 23393 "-" "Pixray-Seeker/1.1 (Pixray-Seeker; http://www.pixray.com/pixraybot; crawler@pixray.com)"
176.9.0.12 - - [12/Aug/2012:20:56:07 +0200] "GET /news.php?cs_go=archiv&cs_id=1756&cs_search= HTTP/1.1" 200 11879 "-" "Pixray-Seeker/1.1 (Pixray-Seeker; http://www.pixray.com/pixraybot; crawler@pixray.com)"
176.9.0.12 - - [12/Aug/2012:20:56:53 +0200] "GET /news.php?cs_go=archiv&cs_id=1875&cs_search= HTTP/1.1" 200 9678 "-" "Pixray-Seeker/1.1 (Pixray-Seeker; http://www.pixray.com/pixraybot; crawler@pixray.com)"
176.9.0.12 - - [12/Aug/2012:20:58:39 +0200] "GET /news.php?cs_go=archiv&cs_startpos=481 HTTP/1.1" 200 23026 "-" "Pixray-Seeker/1.1 (Pixray-Seeker; http://www.pixray.com/pixraybot; crawler@pixray.com)"
66.249.72.131 - - [12/Aug/2012:21:00:46 +0200] "GET /news.php?cs_go=archiv&cs_startpos=361 HTTP/1.1" 200 22961 "-" "Mozilla/5.0 (compatible; Googlebot/2.1; +http://www.google.com/bot.html)"
66.249.72.131 - - [12/Aug/2012:21:06:05 +0200] "GET /news.php?cs_go=archiv&cs_id=3107&cs_search= HTTP/1.1" 200 12888 "-" "Mozilla/5.0 (compatible; Googlebot/2.1; +http://www.google.com/bot.html)"
46.4.118.74 - - [12/Aug/2012:21:10:11 +0200] "GET /robots.txt HTTP/1.1" 200 177 "-" "Pixray-Seeker/1.1 (Pixray-Seeker; http://www.pixray.com/pixraybot; crawler@pixray.com)"
46.4.118.74 - - [12/Aug/2012:21:10:11 +0200] "GET /news.php?cs_go=archiv&cs_startpos=691 HTTP/1.1" 200 23001 "-" "Pixray-Seeker/1.1 (Pixray-Seeker; http://www.pixray.com/pixraybot; crawler@pixray.com)"
46.4.118.74 - - [12/Aug/2012:21:10:53 +0200] "GET /news.php?cs_go=archiv&cs_startpos=791 HTTP/1.1" 200 22989 "-" "Pixray-Seeker/1.1 (Pixray-Seeker; http://www.pixray.com/pixraybot; crawler@pixray.com)"
46.4.118.74 - - [12/Aug/2012:21:11:13 +0200] "GET /news.php?cs_go=archiv&cs_id=2471&cs_search= HTTP/1.1" 200 12558 "-" "Pixray-Seeker/1.1 (Pixray-Seeker; http://www.pixray.com/pixraybot; crawler@pixray.com)"
46.4.118.74 - - [12/Aug/2012:21:14:19 +0200] "GET /lexikon.php?cs_go=3&cs_id=31 HTTP/1.1" 200 7917 "-" "Pixray-Seeker/1.1 (Pixray-Seeker; http://www.pixray.com/pixraybot; crawler@pixray.com)"
178.154.179.250 - - [12/Aug/2012:21:14:51 +0200] "GET / HTTP/1.1" 200 15322 "-" "Mozilla/5.0 (compatible; YandexBot/3.0; +http://yandex.com/bots)"
46.4.118.74 - - [12/Aug/2012:21:15:18 +0200] "GET /news.php?cs_go=archiv&cs_startpos=1090 HTTP/1.1" 200 22979 "-" "Pixray-Seeker/1.1 (Pixray-Seeker; http://www.pixray.com/pixraybot; crawler@pixray.com)"
66.249.72.131 - - [12/Aug/2012:21:16:31 +0200] "GET /news.php?cs_go=archiv&cs_id=3274&cs_search= HTTP/1.1" 200 9981 "-" "Mozilla/5.0 (compatible; Googlebot/2.1; +http://www.google.com/bot.html)"
66.249.72.131 - - [12/Aug/2012:21:21:31 +0200] "GET /lexikon.php?cs_go=3&cs_id=133 HTTP/1.1" 200 8732 "-" "Mozilla/5.0 (compatible; Googlebot/2.1; +http://www.google.com/bot.html)"
66.249.72.131 - - [12/Aug/2012:21:21:46 +0200] "GET /news.php?cs_go=archiv&cs_id=3275&cs_search= HTTP/1.1" 200 11354 "-" "Mozilla/5.0 (compatible; Googlebot/2.1; +http://www.google.com/bot.html)"
66.249.72.131 - - [12/Aug/2012:21:22:00 +0200] "GET /news.php?cs_go=archiv&cs_startpos=330 HTTP/1.1" 200 23095 "-" "Mozilla/5.0 (compatible; Googlebot/2.1; +http://www.google.com/bot.html)"
37.157.193.84 - - [12/Aug/2012:21:24:25 +0200] "GET /robots.txt HTTP/1.0" 200 177 "-" "Mozilla/5.0 (compatible; MJ12bot/v1.4.3; http://www.majestic12.co.uk/bot.php?+)"
37.157.193.84 - - [12/Aug/2012:21:24:41 +0200] "GET /agb.php HTTP/1.0" 200 19709 "-" "Mozilla/5.0 (compatible; MJ12bot/v1.4.3; http://www.majestic12.co.uk/bot.php?+)"
37.157.193.84 - - [12/Aug/2012:21:24:47 +0200] "GET /news.php?cs_go=archiv&cs_id=2678 HTTP/1.0" 200 10039 "-" "Mozilla/5.0 (compatible; MJ12bot/v1.4.3; http://www.majestic12.co.uk/bot.php?+)"
37.157.193.84 - - [12/Aug/2012:21:24:57 +0200] "GET /news.php?cs_go=archiv&cs_id=2679 HTTP/1.0" 200 10735 "-" "Mozilla/5.0 (compatible; MJ12bot/v1.4.3; http://www.majestic12.co.uk/bot.php?+)"
37.157.193.84 - - [12/Aug/2012:21:25:00 +0200] "GET /news.php?cs_go=archiv&cs_id=2680 HTTP/1.0" 200 13681 "-" "Mozilla/5.0 (compatible; MJ12bot/v1.4.3; http://www.majestic12.co.uk/bot.php?+)"
37.157.193.84 - - [12/Aug/2012:21:25:11 +0200] "GET /news.php?cs_go=archiv&cs_id=2681 HTTP/1.0" 200 10222 "-" "Mozilla/5.0 (compatible; MJ12bot/v1.4.3; http://www.majestic12.co.uk/bot.php?+)"
46.4.125.109 - - [12/Aug/2012:21:25:16 +0200] "GET /robots.txt HTTP/1.1" 200 177 "-" "Pixray-Seeker/1.1 (Pixray-Seeker; http://www.pixray.com/pixraybot; crawler@pixray.com)"
46.4.125.109 - - [12/Aug/2012:21:25:16 +0200] "GET /news.php?cs_go=archiv&cs_id=2332&cs_search= HTTP/1.1" 200 9421 "-" "Pixray-Seeker/1.1 (Pixray-Seeker; http://www.pixray.com/pixraybot; crawler@pixray.com)"
37.157.193.84 - - [12/Aug/2012:21:25:16 +0200] "GET /news.php?cs_go=archiv&cs_id=2682 HTTP/1.0" 200 10652 "-" "Mozilla/5.0 (compatible; MJ12bot/v1.4.3; http://www.majestic12.co.uk/bot.php?+)"
37.157.193.84 - - [12/Aug/2012:21:25:20 +0200] "GET /news.php?cs_go=archiv&cs_id=2683 HTTP/1.0" 200 13623 "-" "Mozilla/5.0 (compatible; MJ12bot/v1.4.3; http://www.majestic12.co.uk/bot.php?+)"
37.157.193.84 - - [12/Aug/2012:21:25:28 +0200] "GET /news.php?cs_go=archiv&cs_id=2684 HTTP/1.0" 200 10069 "-" "Mozilla/5.0 (compatible; MJ12bot/v1.4.3; http://www.majestic12.co.uk/bot.php?+)"
37.157.193.84 - - [12/Aug/2012:21:25:41 +0200] "GET /news.php?cs_go=archiv&cs_id=2685 HTTP/1.0" 200 9714 "-" "Mozilla/5.0 (compatible; MJ12bot/v1.4.3; http://www.majestic12.co.uk/bot.php?+)"
37.157.193.84 - - [12/Aug/2012:21:25:43 +0200] "GET /news.php?cs_go=archiv&cs_id=2686 HTTP/1.0" 200 10192 "-" "Mozilla/5.0 (compatible; MJ12bot/v1.4.3; http://www.majestic12.co.uk/bot.php?+)"
37.157.193.84 - - [12/Aug/2012:21:25:48 +0200] "GET /news.php?cs_go=archiv&cs_id=2687 HTTP/1.0" 200 10312 "-" "Mozilla/5.0 (compatible; MJ12bot/v1.4.3; http://www.majestic12.co.uk/bot.php?+)"
37.157.193.84 - - [12/Aug/2012:21:25:56 +0200] "GET /news.php?cs_go=archiv&cs_id=2688 HTTP/1.0" 200 13920 "-" "Mozilla/5.0 (compatible; MJ12bot/v1.4.3; http://www.majestic12.co.uk/bot.php?+)"
37.157.193.84 - - [12/Aug/2012:21:26:03 +0200] "GET /news.php?cs_go=archiv&cs_id=2689 HTTP/1.0" 200 10371 "-" "Mozilla/5.0 (compatible; MJ12bot/v1.4.3; http://www.majestic12.co.uk/bot.php?+)"
37.157.193.84 - - [12/Aug/2012:21:26:14 +0200] "GET /news.php?cs_go=archiv&cs_id=2690 HTTP/1.0" 200 10473 "-" "Mozilla/5.0 (compatible; MJ12bot/v1.4.3; http://www.majestic12.co.uk/bot.php?+)"
37.157.193.84 - - [12/Aug/2012:21:26:19 +0200] "GET /news.php?cs_go=archiv&cs_id=2691 HTTP/1.0" 200 13935 "-" "Mozilla/5.0 (compatible; MJ12bot/v1.4.3; http://www.majestic12.co.uk/bot.php?+)"
46.4.125.109 - - [12/Aug/2012:21:26:29 +0200] "GET /news.php?cs_go=archiv&cs_id=2560&cs_search= HTTP/1.1" 200 10030 "-" "Pixray-Seeker/1.1 (Pixray-Seeker; http://www.pixray.com/pixraybot; crawler@pixray.com)"
66.249.72.131 - - [12/Aug/2012:21:27:02 +0200] "GET /news.php?cs_go=archiv&cs_id=3277&cs_search= HTTP/1.1" 200 13723 "-" "Mozilla/5.0 (compatible; Googlebot/2.1; +http://www.google.com/bot.html)"
46.4.125.109 - - [12/Aug/2012:21:28:57 +0200] "GET /news.php?cs_go=archiv&cs_id=1716&cs_search= HTTP/1.1" 200 13235 "-" "Pixray-Seeker/1.1 (Pixray-Seeker; http://www.pixray.com/pixraybot; crawler@pixray.com)"
46.4.125.109 - - [12/Aug/2012:21:31:41 +0200] "GET /lexikon.php?cs_go=3&cs_id=10 HTTP/1.1" 200 8491 "-" "Pixray-Seeker/1.1 (Pixray-Seeker; http://www.pixray.com/pixraybot; crawler@pixray.com)"
46.4.125.109 - - [12/Aug/2012:21:32:27 +0200] "GET /lexikon.php?cs_go=3&cs_id=56 HTTP/1.1" 200 7921 "-" "Pixray-Seeker/1.1 (Pixray-Seeker; http://www.pixray.com/pixraybot; crawler@pixray.com)"
46.4.125.109 - - [12/Aug/2012:21:33:13 +0200] "GET /news.php?cs_go=archiv&cs_id=2304&cs_search= HTTP/1.1" 200 9237 "-" "Pixray-Seeker/1.1 (Pixray-Seeker; http://www.pixray.com/pixraybot; crawler@pixray.com)"
66.249.72.131 - - [12/Aug/2012:21:42:46 +0200] "GET /news.php?cs_go=archiv&cs_startpos=511 HTTP/1.1" 200 23234 "-" "Mozilla/5.0 (compatible; Googlebot/2.1; +http://www.google.com/bot.html)"
88.198.64.132 - - [12/Aug/2012:21:42:53 +0200] "GET /robots.txt HTTP/1.1" 200 177 "-" "Pixray-Seeker/1.1 (Pixray-Seeker; http://www.pixray.com/pixraybot; crawler@pixray.com)"
88.198.64.132 - - [12/Aug/2012:21:42:53 +0200] "GET /news.php?cs_go=archiv&cs_id=1953&cs_search= HTTP/1.1" 200 13905 "-" "Pixray-Seeker/1.1 (Pixray-Seeker; http://www.pixray.com/pixraybot; crawler@pixray.com)"
88.198.64.132 - - [12/Aug/2012:21:43:51 +0200] "GET /news.php?cs_go=archiv&cs_id=2399&cs_search= HTTP/1.1" 200 14545 "-" "Pixray-Seeker/1.1 (Pixray-Seeker; http://www.pixray.com/pixraybot; crawler@pixray.com)"
66.249.72.131 - - [12/Aug/2012:21:44:24 +0200] "GET /news.php HTTP/1.1" 200 22535 "-" "Mozilla/5.0 (iPhone; U; CPU iPhone OS 4_1 like Mac OS X; en-us) AppleWebKit/532.9 (KHTML, like Gecko) Version/4.0.5 Mobile/8B117 Safari/6531.22.7 (compatible; Googlebot-Mobile/2.1; +http://www.google.com/bot.html)"
