89.247.68.99 - - [04/Aug/2012:10:43:49 +0200] "GET /images/newsletter_bg.jpg HTTP/1.1" 200 33610 "http://www.mink-gmbh.de/index.php" "Mozilla/5.0 (Windows NT 6.1; rv:14.0) Gecko/20100101 Firefox/14.0.1"
89.247.68.99 - - [04/Aug/2012:10:43:49 +0200] "GET /images/newsletter.png HTTP/1.1" 200 14619 "http://www.mink-gmbh.de/style.css" "Mozilla/5.0 (Windows NT 6.1; rv:14.0) Gecko/20100101 Firefox/14.0.1"
89.247.68.99 - - [04/Aug/2012:10:43:49 +0200] "GET /images/wrapperbg.jpg HTTP/1.1" 200 27465 "http://www.mink-gmbh.de/style.css" "Mozilla/5.0 (Windows NT 6.1; rv:14.0) Gecko/20100101 Firefox/14.0.1"
89.247.68.99 - - [04/Aug/2012:10:43:49 +0200] "GET /images/header.jpg HTTP/1.1" 200 24413 "http://www.mink-gmbh.de/style.css" "Mozilla/5.0 (Windows NT 6.1; rv:14.0) Gecko/20100101 Firefox/14.0.1"
89.247.68.99 - - [04/Aug/2012:10:43:50 +0200] "GET /images/navibg.png HTTP/1.1" 200 2803 "http://www.mink-gmbh.de/style.css" "Mozilla/5.0 (Windows NT 6.1; rv:14.0) Gecko/20100101 Firefox/14.0.1"
89.247.68.99 - - [04/Aug/2012:10:43:50 +0200] "GET /images/steigend.png HTTP/1.1" 200 688 "http://www.mink-gmbh.de/modul.css" "Mozilla/5.0 (Windows NT 6.1; rv:14.0) Gecko/20100101 Firefox/14.0.1"
89.247.68.99 - - [04/Aug/2012:10:43:50 +0200] "GET /images/fallend.png HTTP/1.1" 200 713 "http://www.mink-gmbh.de/modul.css" "Mozilla/5.0 (Windows NT 6.1; rv:14.0) Gecko/20100101 Firefox/14.0.1"
89.247.68.99 - - [04/Aug/2012:10:43:50 +0200] "GET /images/mobil.jpg HTTP/1.1" 200 25293 "http://www.mink-gmbh.de/style.css" "Mozilla/5.0 (Windows NT 6.1; rv:14.0) Gecko/20100101 Firefox/14.0.1"
89.247.68.99 - - [04/Aug/2012:10:43:50 +0200] "GET /images/newsletter.jpg HTTP/1.1" 200 13130 "http://www.mink-gmbh.de/style.css" "Mozilla/5.0 (Windows NT 6.1; rv:14.0) Gecko/20100101 Firefox/14.0.1"
89.247.68.99 - - [04/Aug/2012:10:43:50 +0200] "GET /images/footerbg.jpg HTTP/1.1" 200 2184 "http://www.mink-gmbh.de/style.css" "Mozilla/5.0 (Windows NT 6.1; rv:14.0) Gecko/20100101 Firefox/14.0.1"
213.186.122.2 - - [04/Aug/2012:10:49:16 +0200] "GET /lexikon.php?cs_go=2&cs_char=x HTTP/1.1" 200 8582 "-" "Mozilla/5.0 (compatible; AhrefsBot/3.1; +http://ahrefs.com/robot/)"
66.249.72.169 - - [04/Aug/2012:10:49:41 +0200] "GET /news.php?cs_go=archiv&cs_id=2957&cs_search= HTTP/1.1" 200 9778 "-" "Mozilla/5.0 (compatible; Googlebot/2.1; +http://www.google.com/bot.html)"
217.231.198.34 - - [04/Aug/2012:10:55:43 +0200] "GET /jobs.php HTTP/1.1" 200 11204 "-" "Mozilla/5.0 (Windows NT 6.1; WOW64; rv:14.0) Gecko/20100101 Firefox/14.0.1"
217.231.198.34 - - [04/Aug/2012:10:55:48 +0200] "GET /impressum.php HTTP/1.1" 200 8495 "http://www.mink-gmbh.de/jobs.php" "Mozilla/5.0 (Windows NT 6.1; WOW64; rv:14.0) Gecko/20100101 Firefox/14.0.1"
213.186.127.3 - - [04/Aug/2012:11:00:33 +0200] "GET /news.php?cs_go=archiv&cs_id=3289&cs_search= HTTP/1.1" 200 10908 "-" "Mozilla/5.0 (compatible; AhrefsBot/3.1; +http://ahrefs.com/robot/)"
213.186.127.4 - - [04/Aug/2012:11:11:47 +0200] "GET /index.php HTTP/1.1" 200 14825 "-" "Mozilla/5.0 (compatible; AhrefsBot/3.1; +http://ahrefs.com/robot/)"
207.46.13.98 - - [04/Aug/2012:11:12:33 +0200] "GET /robots.txt HTTP/1.1" 200 177 "-" "Mozilla/5.0 (compatible; bingbot/2.0; +http://www.bing.com/bingbot.htm)"
207.46.13.98 - - [04/Aug/2012:11:13:27 +0200] "GET /rueckrufservice.php HTTP/1.1" 200 10770 "-" "Mozilla/5.0 (compatible; bingbot/2.0; +http://www.bing.com/bingbot.htm)"
213.186.120.196 - - [04/Aug/2012:11:23:25 +0200] "GET /news.php?cs_go=archiv&cs_id=3290&cs_search= HTTP/1.1" 200 13379 "-" "Mozilla/5.0 (compatible; AhrefsBot/3.1; +http://ahrefs.com/robot/)"
208.115.111.75 - - [04/Aug/2012:11:24:21 +0200] "GET /robots.txt HTTP/1.1" 200 177 "-" "Mozilla/5.0 (compatible; Ezooms/1.0; ezooms.bot@gmail.com)"
66.249.72.169 - - [04/Aug/2012:11:27:24 +0200] "GET /news.php?cs_go=archiv&cs_id=2945&cs_search= HTTP/1.1" 200 12158 "-" "Mozilla/5.0 (compatible; Googlebot/2.1; +http://www.google.com/bot.html)"
213.186.127.10 - - [04/Aug/2012:11:34:17 +0200] "GET /lexikon.php?cs_go=2&cs_char=y HTTP/1.1" 200 8582 "-" "Mozilla/5.0 (compatible; AhrefsBot/3.1; +http://ahrefs.com/robot/)"
66.249.72.169 - - [04/Aug/2012:11:34:20 +0200] "GET /news.php?cs_go=archiv&cs_id=2921 HTTP/1.1" 200 13604 "-" "Mozilla/5.0 (compatible; Googlebot/2.1; +http://www.google.com/bot.html)"
213.186.119.142 - - [04/Aug/2012:11:45:32 +0200] "GET /news.php?cs_go=archiv&cs_id=3291&cs_search= HTTP/1.1" 200 9907 "-" "Mozilla/5.0 (compatible; AhrefsBot/3.1; +http://ahrefs.com/robot/)"
66.249.72.169 - - [04/Aug/2012:11:55:23 +0200] "GET /news.php?cs_go=archiv&cs_id=2736&cs_search= HTTP/1.1" 200 13912 "-" "Mozilla/5.0 (compatible; Googlebot/2.1; +http://www.google.com/bot.html)"
213.186.127.9 - - [04/Aug/2012:11:56:47 +0200] "GET /lexikon.php?cs_go=2&cs_char=c HTTP/1.1" 200 8836 "-" "Mozilla/5.0 (compatible; AhrefsBot/3.1; +http://ahrefs.com/robot/)"
66.249.72.169 - - [04/Aug/2012:12:09:35 +0200] "GET /news.php?cs_go=archiv&cs_id=2073&cs_search= HTTP/1.1" 200 13578 "-" "Mozilla/5.0 (compatible; Googlebot/2.1; +http://www.google.com/bot.html)"
66.249.72.169 - - [04/Aug/2012:12:14:21 +0200] "GET /news.php?cs_go=archiv&cs_id=2959&cs_search= HTTP/1.1" 200 13524 "-" "Mozilla/5.0 (compatible; Googlebot/2.1; +http://www.google.com/bot.html)"
37.4.183.29 - - [04/Aug/2012:12:15:58 +0200] "GET /index.php HTTP/1.1" 200 9737 "-" "findlinks/2.0.2 (+http://wortschatz.uni-leipzig.de/findlinks/)"
37.4.183.29 - - [04/Aug/2012:12:15:59 +0200] "GET /index.php HTTP/1.1" 200 14738 "-" "findlinks/2.0.2 (+http://wortschatz.uni-leipzig.de/findlinks/)"
66.249.72.169 - - [04/Aug/2012:12:16:54 +0200] "GET /news.php?cs_go=archiv&cs_startpos=250 HTTP/1.1" 200 23117 "-" "Mozilla/5.0 (compatible; Googlebot/2.1; +http://www.google.com/bot.html)"
213.186.127.4 - - [04/Aug/2012:12:19:17 +0200] "GET /lexikon.php?cs_go=2&cs_char=z HTTP/1.1" 200 8261 "-" "Mozilla/5.0 (compatible; AhrefsBot/3.1; +http://ahrefs.com/robot/)"
66.249.72.169 - - [04/Aug/2012:12:21:30 +0200] "GET /news.php?cs_go=archiv&cs_id=2546&cs_search= HTTP/1.1" 200 9289 "-" "Mozilla/5.0 (compatible; Googlebot/2.1; +http://www.google.com/bot.html)"
66.249.72.169 - - [04/Aug/2012:12:23:59 +0200] "GET /news.php?cs_go=archiv&cs_id=1901&cs_search= HTTP/1.1" 200 14003 "-" "Mozilla/5.0 (compatible; Googlebot/2.1; +http://www.google.com/bot.html)"
213.186.127.5 - - [04/Aug/2012:12:30:59 +0200] "GET /news.php?cs_go=archiv&cs_id=3295&cs_search= HTTP/1.1" 200 13537 "-" "Mozilla/5.0 (compatible; AhrefsBot/3.1; +http://ahrefs.com/robot/)"
66.249.72.169 - - [04/Aug/2012:12:35:56 +0200] "GET /news.php?cs_go=archiv&cs_id=3028 HTTP/1.1" 200 12793 "-" "Mozilla/5.0 (compatible; Googlebot/2.1; +http://www.google.com/bot.html)"
208.115.113.91 - - [04/Aug/2012:12:36:09 +0200] "GET /robots.txt HTTP/1.1" 200 177 "-" "Mozilla/5.0 (compatible; Ezooms/1.0; ezooms.bot@gmail.com)"
65.36.241.79 - - [04/Aug/2012:12:38:35 +0200] "HEAD / HTTP/1.1" 200 - "-" "InternetSeer.com"
213.186.127.13 - - [04/Aug/2012:12:41:48 +0200] "GET /edl.php HTTP/1.1" 200 10801 "-" "Mozilla/5.0 (compatible; AhrefsBot/3.1; +http://ahrefs.com/robot/)"
213.186.120.196 - - [04/Aug/2012:12:53:02 +0200] "GET /news.php?cs_go=archiv&cs_startpos=0 HTTP/1.1" 200 22521 "-" "Mozilla/5.0 (compatible; AhrefsBot/3.1; +http://ahrefs.com/robot/)"
213.186.119.142 - - [04/Aug/2012:13:04:18 +0200] "GET /modernisierung.php HTTP/1.1" 200 11578 "-" "Mozilla/5.0 (compatible; AhrefsBot/3.1; +http://ahrefs.com/robot/)"
123.125.71.53 - - [04/Aug/2012:13:14:04 +0200] "GET /robots.txt HTTP/1.1" 200 177 "-" "Mozilla/5.0 (Windows NT 5.1; rv:6.0.2) Gecko/20100101 Firefox/6.0.2"
213.186.119.133 - - [04/Aug/2012:13:15:33 +0200] "GET /news.php?cs_go=archiv&cs_startpos=10 HTTP/1.1" 200 22862 "-" "Mozilla/5.0 (compatible; AhrefsBot/3.1; +http://ahrefs.com/robot/)"
213.186.127.13 - - [04/Aug/2012:13:26:48 +0200] "GET /lexikon.php?cs_go=2&cs_char=d HTTP/1.1" 200 9421 "-" "Mozilla/5.0 (compatible; AhrefsBot/3.1; +http://ahrefs.com/robot/)"
194.6.239.30 - - [04/Aug/2012:13:37:09 +0200] "GET /jobs.php HTTP/1.1" 200 11204 "-" "Mozilla/5.0 (Windows NT 6.1; WOW64; rv:12.0) Gecko/20100101 Firefox/12.0"
213.186.127.10 - - [04/Aug/2012:13:39:39 +0200] "GET /news.php?cs_go=archiv&cs_startpos=1450 HTTP/1.1" 200 22910 "-" "Mozilla/5.0 (compatible; AhrefsBot/3.1; +http://ahrefs.com/robot/)"
139.18.2.17 - - [04/Aug/2012:13:43:06 +0200] "GET /agb.php HTTP/1.1" 200 19709 "-" "findlinks/2.6 (+http://wortschatz.uni-leipzig.de/findlinks/)"
139.18.2.17 - - [04/Aug/2012:13:43:07 +0200] "GET /agb.php HTTP/1.1" 200 19622 "-" "findlinks/2.6 (+http://wortschatz.uni-leipzig.de/findlinks/)"
213.186.127.12 - - [04/Aug/2012:13:49:19 +0200] "GET /modernisierung.php?cs_gp_go=coupon HTTP/1.1" 200 10192 "-" "Mozilla/5.0 (compatible; AhrefsBot/3.1; +http://ahrefs.com/robot/)"
208.115.111.75 - - [04/Aug/2012:13:59:50 +0200] "GET /news.php?cs_go=archiv&cs_id=3081&cs_search= HTTP/1.1" 200 13929 "-" "Mozilla/5.0 (compatible; Ezooms/1.0; ezooms.bot@gmail.com)"
208.115.111.75 - - [04/Aug/2012:13:59:52 +0200] "GET /news.php?cs_go=archiv&cs_id=3105&cs_search= HTTP/1.1" 200 11672 "-" "Mozilla/5.0 (compatible; Ezooms/1.0; ezooms.bot@gmail.com)"
208.115.111.75 - - [04/Aug/2012:13:59:55 +0200] "GET /news.php?cs_go=archiv&cs_startpos=960 HTTP/1.1" 200 23447 "-" "Mozilla/5.0 (compatible; Ezooms/1.0; ezooms.bot@gmail.com)"
213.186.119.140 - - [04/Aug/2012:14:00:34 +0200] "GET /news.php?cs_go=archiv&cs_startpos=1510 HTTP/1.1" 200 22668 "-" "Mozilla/5.0 (compatible; AhrefsBot/3.1; +http://ahrefs.com/robot/)"
213.186.127.2 - - [04/Aug/2012:14:11:48 +0200] "GET /jobs.php HTTP/1.1" 200 11204 "-" "Mozilla/5.0 (compatible; AhrefsBot/3.1; +http://ahrefs.com/robot/)"
208.115.113.91 - - [04/Aug/2012:14:22:15 +0200] "GET /news.php?cs_go=archiv&cs_id=2891&cs_search= HTTP/1.1" 200 14157 "-" "Mozilla/5.0 (compatible; Ezooms/1.0; ezooms.bot@gmail.com)"
213.186.119.131 - - [04/Aug/2012:14:23:06 +0200] "GET /news.php?cs_go=archiv&cs_startpos=20 HTTP/1.1" 200 22575 "-" "Mozilla/5.0 (compatible; AhrefsBot/3.1; +http://ahrefs.com/robot/)"
194.6.239.30 - - [04/Aug/2012:14:27:27 +0200] "GET /jobs.php HTTP/1.1" 200 11117 "-" "Mozilla/5.0 (Windows NT 6.1; WOW64; rv:12.0) Gecko/20100101 Firefox/12.0"
213.186.119.132 - - [04/Aug/2012:14:34:19 +0200] "GET /modernisierung.php?cs_gp_go=description HTTP/1.1" 200 10771 "-" "Mozilla/5.0 (compatible; AhrefsBot/3.1; +http://ahrefs.com/robot/)"
213.186.120.196 - - [04/Aug/2012:14:45:34 +0200] "GET /news.php?cs_go=archiv&cs_startpos=40 HTTP/1.1" 200 22779 "-" "Mozilla/5.0 (compatible; AhrefsBot/3.1; +http://ahrefs.com/robot/)"
213.186.120.196 - - [04/Aug/2012:14:56:49 +0200] "GET /lexikon.php?cs_go=2&cs_char=e HTTP/1.1" 200 9079 "-" "Mozilla/5.0 (compatible; AhrefsBot/3.1; +http://ahrefs.com/robot/)"
213.186.119.131 - - [04/Aug/2012:15:09:43 +0200] "GET /news.php?cs_go=archiv&cs_startpos=50 HTTP/1.1" 200 22935 "-" "Mozilla/5.0 (compatible; AhrefsBot/3.1; +http://ahrefs.com/robot/)"
208.115.111.75 - - [04/Aug/2012:15:19:10 +0200] "GET /robots.txt HTTP/1.1" 200 177 "-" "Mozilla/5.0 (compatible; Ezooms/1.0; ezooms.bot@gmail.com)"
213.186.122.2 - - [04/Aug/2012:15:19:19 +0200] "GET /modernisierung.php?cs_gp_go=plus HTTP/1.1" 200 11578 "-" "Mozilla/5.0 (compatible; AhrefsBot/3.1; +http://ahrefs.com/robot/)"
66.249.72.169 - - [04/Aug/2012:15:27:13 +0200] "GET / HTTP/1.1" 200 14822 "-" "Mozilla/5.0 (iPhone; U; CPU iPhone OS 4_1 like Mac OS X; en-us) AppleWebKit/532.9 (KHTML, like Gecko) Version/4.0.5 Mobile/8B117 Safari/6531.22.7 (compatible; Googlebot-Mobile/2.1; +http://www.google.com/bot.html)"
123.125.71.55 - - [04/Aug/2012:15:28:52 +0200] "GET / HTTP/1.1" 200 9734 "-" "Mozilla/5.0 (compatible; Baiduspider/2.0; +http://www.baidu.com/search/spider.html)"
220.181.108.108 - - [04/Aug/2012:15:29:16 +0200] "GET / HTTP/1.1" 200 9735 "-" "Mozilla/5.0 (compatible; Baiduspider/2.0; +http://www.baidu.com/search/spider.html)"
213.186.119.138 - - [04/Aug/2012:15:30:35 +0200] "GET /news.php?cs_go=archiv&cs_startpos=60 HTTP/1.1" 200 23065 "-" "Mozilla/5.0 (compatible; AhrefsBot/3.1; +http://ahrefs.com/robot/)"
212.113.35.162 - - [04/Aug/2012:15:42:01 +0200] "GET / HTTP/1.1" 200 14822 "-" "Mozilla/5.0 (compatible; AhrefsBot/3.1; +http://ahrefs.com/robot/)"
213.186.127.5 - - [04/Aug/2012:15:55:00 +0200] "GET /optiplus.php HTTP/1.1" 200 11100 "-" "Mozilla/5.0 (compatible; AhrefsBot/3.1; +http://ahrefs.com/robot/)"
213.186.127.2 - - [04/Aug/2012:16:04:20 +0200] "GET /news.php HTTP/1.1" 200 22521 "-" "Mozilla/5.0 (compatible; AhrefsBot/3.1; +http://ahrefs.com/robot/)"
208.115.113.91 - - [04/Aug/2012:16:09:52 +0200] "GET /robots.txt HTTP/1.1" 200 177 "-" "Mozilla/5.0 (compatible; Ezooms/1.0; ezooms.bot@gmail.com)"
66.249.72.169 - - [04/Aug/2012:16:11:35 +0200] "GET /news.php?cs_go=archiv&cs_id=1768&cs_search= HTTP/1.1" 200 12151 "-" "Mozilla/5.0 (compatible; Googlebot/2.1; +http://www.google.com/bot.html)"
212.113.37.106 - - [04/Aug/2012:16:15:36 +0200] "GET /rueckrufservice.php HTTP/1.1" 200 10770 "-" "Mozilla/5.0 (compatible; AhrefsBot/3.1; +http://ahrefs.com/robot/)"
213.186.127.14 - - [04/Aug/2012:16:26:50 +0200] "GET /lexikon.php?cs_go=2&cs_char=f HTTP/1.1" 200 9595 "-" "Mozilla/5.0 (compatible; AhrefsBot/3.1; +http://ahrefs.com/robot/)"
213.186.119.137 - - [04/Aug/2012:16:39:46 +0200] "GET /www.solartechnikberater.de HTTP/1.1" 404 - "-" "Mozilla/5.0 (compatible; AhrefsBot/3.1; +http://ahrefs.com/robot/)"
213.186.119.135 - - [04/Aug/2012:16:49:21 +0200] "GET /news.php?cs_go=archiv&cs_id=3151&cs_search= HTTP/1.1" 200 13409 "-" "Mozilla/5.0 (compatible; AhrefsBot/3.1; +http://ahrefs.com/robot/)"
213.186.127.14 - - [04/Aug/2012:17:11:51 +0200] "GET /kontakt.php HTTP/1.1" 200 9198 "-" "Mozilla/5.0 (compatible; AhrefsBot/3.1; +http://ahrefs.com/robot/)"
66.249.72.169 - - [04/Aug/2012:17:22:49 +0200] "GET /news.php?cs_go=archiv&cs_id=1737&cs_search= HTTP/1.1" 200 14622 "-" "Mozilla/5.0 (compatible; Googlebot/2.1; +http://www.google.com/bot.html)"
194.6.239.30 - - [04/Aug/2012:17:27:18 +0200] "GET /jobs.php HTTP/1.1" 200 11204 "-" "Mozilla/5.0 (Windows NT 6.1; WOW64; rv:12.0) Gecko/20100101 Firefox/12.0"
194.6.239.30 - - [04/Aug/2012:17:27:19 +0200] "GET /style.css HTTP/1.1" 200 8418 "http://www.mink-gmbh.de/jobs.php" "Mozilla/5.0 (Windows NT 6.1; WOW64; rv:12.0) Gecko/20100101 Firefox/12.0"
194.6.239.30 - - [04/Aug/2012:17:27:19 +0200] "GET /modul.css HTTP/1.1" 200 35038 "http://www.mink-gmbh.de/jobs.php" "Mozilla/5.0 (Windows NT 6.1; WOW64; rv:12.0) Gecko/20100101 Firefox/12.0"
194.6.239.30 - - [04/Aug/2012:17:27:19 +0200] "GET /images/kwk.gif HTTP/1.1" 200 6403 "http://www.mink-gmbh.de/jobs.php" "Mozilla/5.0 (Windows NT 6.1; WOW64; rv:12.0) Gecko/20100101 Firefox/12.0"
194.6.239.30 - - [04/Aug/2012:17:27:19 +0200] "GET /images/mail.jpg HTTP/1.1" 200 11165 "http://www.mink-gmbh.de/jobs.php" "Mozilla/5.0 (Windows NT 6.1; WOW64; rv:12.0) Gecko/20100101 Firefox/12.0"
194.6.239.30 - - [04/Aug/2012:17:27:19 +0200] "GET /images/wunschpreis.jpg HTTP/1.1" 200 16767 "http://www.mink-gmbh.de/jobs.php" "Mozilla/5.0 (Windows NT 6.1; WOW64; rv:12.0) Gecko/20100101 Firefox/12.0"
194.6.239.30 - - [04/Aug/2012:17:27:19 +0200] "GET /images/logos.jpg HTTP/1.1" 200 15002 "http://www.mink-gmbh.de/jobs.php" "Mozilla/5.0 (Windows NT 6.1; WOW64; rv:12.0) Gecko/20100101 Firefox/12.0"
194.6.239.30 - - [04/Aug/2012:17:27:19 +0200] "GET /favicon.ico HTTP/1.1" 200 3638 "-" "Mozilla/5.0 (Windows NT 6.1; WOW64; rv:12.0) Gecko/20100101 Firefox/12.0"
194.6.239.30 - - [04/Aug/2012:17:27:19 +0200] "GET /images/freecall.jpg HTTP/1.1" 200 39195 "http://www.mink-gmbh.de/jobs.php" "Mozilla/5.0 (Windows NT 6.1; WOW64; rv:12.0) Gecko/20100101 Firefox/12.0"
194.6.239.30 - - [04/Aug/2012:17:27:20 +0200] "GET /images/bg.jpg HTTP/1.1" 200 345 "http://www.mink-gmbh.de/style.css" "Mozilla/5.0 (Windows NT 6.1; WOW64; rv:12.0) Gecko/20100101 Firefox/12.0"
194.6.239.30 - - [04/Aug/2012:17:27:20 +0200] "GET /images/close.png HTTP/1.1" 200 703 "http://www.mink-gmbh.de/jobs.php" "Mozilla/5.0 (Windows NT 6.1; WOW64; rv:12.0) Gecko/20100101 Firefox/12.0"
194.6.239.30 - - [04/Aug/2012:17:27:20 +0200] "GET /images/wrapperbg.jpg HTTP/1.1" 200 27465 "http://www.mink-gmbh.de/style.css" "Mozilla/5.0 (Windows NT 6.1; WOW64; rv:12.0) Gecko/20100101 Firefox/12.0"
194.6.239.30 - - [04/Aug/2012:17:27:20 +0200] "GET /images/navibg.png HTTP/1.1" 200 2803 "http://www.mink-gmbh.de/style.css" "Mozilla/5.0 (Windows NT 6.1; WOW64; rv:12.0) Gecko/20100101 Firefox/12.0"
194.6.239.30 - - [04/Aug/2012:17:27:20 +0200] "GET /images/header.jpg HTTP/1.1" 200 24413 "http://www.mink-gmbh.de/style.css" "Mozilla/5.0 (Windows NT 6.1; WOW64; rv:12.0) Gecko/20100101 Firefox/12.0"
194.6.239.30 - - [04/Aug/2012:17:27:20 +0200] "GET /images/newsletter.png HTTP/1.1" 200 14619 "http://www.mink-gmbh.de/style.css" "Mozilla/5.0 (Windows NT 6.1; WOW64; rv:12.0) Gecko/20100101 Firefox/12.0"
194.6.239.30 - - [04/Aug/2012:17:27:20 +0200] "GET /images/newsletter_bg.jpg HTTP/1.1" 200 33610 "http://www.mink-gmbh.de/jobs.php" "Mozilla/5.0 (Windows NT 6.1; WOW64; rv:12.0) Gecko/20100101 Firefox/12.0"
194.6.239.30 - - [04/Aug/2012:17:27:20 +0200] "GET /images/footerbg.jpg HTTP/1.1" 200 2184 "http://www.mink-gmbh.de/style.css" "Mozilla/5.0 (Windows NT 6.1; WOW64; rv:12.0) Gecko/20100101 Firefox/12.0"
213.186.127.11 - - [04/Aug/2012:17:34:19 +0200] "GET /news.php?cs_go=archiv&cs_id=3196&cs_search= HTTP/1.1" 200 13587 "-" "Mozilla/5.0 (compatible; AhrefsBot/3.1; +http://ahrefs.com/robot/)"
65.52.104.87 - - [04/Aug/2012:17:35:01 +0200] "GET /robots.txt HTTP/1.1" 200 177 "-" "Mozilla/5.0 (compatible; bingbot/2.0; +http://www.bing.com/bingbot.htm)"
65.52.104.87 - - [04/Aug/2012:17:35:38 +0200] "GET /kontakt.php HTTP/1.1" 200 9198 "-" "Mozilla/5.0 (compatible; bingbot/2.0; +http://www.bing.com/bingbot.htm)"
208.115.111.75 - - [04/Aug/2012:17:51:22 +0200] "GET /news.php?cs_go=archiv&cs_startpos=1450 HTTP/1.1" 200 22910 "-" "Mozilla/5.0 (compatible; Ezooms/1.0; ezooms.bot@gmail.com)"
65.36.241.79 - - [04/Aug/2012:17:52:53 +0200] "HEAD / HTTP/1.1" 200 - "-" "InternetSeer.com"
208.115.113.91 - - [04/Aug/2012:17:53:49 +0200] "GET /news.php?cs_go=archiv&cs_id=2871&cs_search= HTTP/1.1" 200 13662 "-" "Mozilla/5.0 (compatible; Ezooms/1.0; ezooms.bot@gmail.com)"
213.186.122.3 - - [04/Aug/2012:17:56:51 +0200] "GET /lexikon.php?cs_go=2&cs_char=g HTTP/1.1" 200 9126 "-" "Mozilla/5.0 (compatible; AhrefsBot/3.1; +http://ahrefs.com/robot/)"
213.186.119.141 - - [04/Aug/2012:18:19:22 +0200] "GET /news.php?cs_go=archiv&cs_id=3197&cs_search= HTTP/1.1" 200 9923 "-" "Mozilla/5.0 (compatible; AhrefsBot/3.1; +http://ahrefs.com/robot/)"
213.186.127.10 - - [04/Aug/2012:18:41:51 +0200] "GET /energiesparcheck.php HTTP/1.1" 200 13559 "-" "Mozilla/5.0 (compatible; AhrefsBot/3.1; +http://ahrefs.com/robot/)"
66.249.72.169 - - [04/Aug/2012:19:00:54 +0200] "GET /preisanfrage.php HTTP/1.1" 200 10710 "-" "Mozilla/5.0 (compatible; Googlebot/2.1; +http://www.google.com/bot.html)"
213.186.127.8 - - [04/Aug/2012:19:04:23 +0200] "GET /news.php?cs_go=archiv&cs_id=3198&cs_search= HTTP/1.1" 200 11439 "-" "Mozilla/5.0 (compatible; AhrefsBot/3.1; +http://ahrefs.com/robot/)"
157.55.18.23 - - [04/Aug/2012:19:14:44 +0200] "GET /robots.txt HTTP/1.1" 200 177 "-" "Mozilla/5.0 (compatible; bingbot/2.0; +http://www.bing.com/bingbot.htm)"
157.55.18.23 - - [04/Aug/2012:19:20:13 +0200] "GET /modernisierung.php HTTP/1.1" 200 11578 "-" "Mozilla/5.0 (compatible; bingbot/2.0; +http://www.bing.com/bingbot.htm)"
213.186.120.196 - - [04/Aug/2012:19:26:53 +0200] "GET /lexikon.php?cs_go=2&cs_char=h HTTP/1.1" 200 8687 "-" "Mozilla/5.0 (compatible; AhrefsBot/3.1; +http://ahrefs.com/robot/)"
213.186.127.2 - - [04/Aug/2012:19:49:23 +0200] "GET /news.php?cs_go=archiv&cs_id=3200&cs_search= HTTP/1.1" 200 13405 "-" "Mozilla/5.0 (compatible; AhrefsBot/3.1; +http://ahrefs.com/robot/)"
213.186.127.8 - - [04/Aug/2012:20:11:53 +0200] "GET /kwk.php HTTP/1.1" 200 10884 "-" "Mozilla/5.0 (compatible; AhrefsBot/3.1; +http://ahrefs.com/robot/)"
66.249.72.169 - - [04/Aug/2012:20:23:17 +0200] "GET /robots.txt HTTP/1.1" 200 177 "-" "Mozilla/5.0 (compatible; Googlebot/2.1; +http://www.google.com/bot.html)"
213.186.127.7 - - [04/Aug/2012:20:34:24 +0200] "GET /news.php?cs_go=archiv&cs_id=3201&cs_search= HTTP/1.1" 200 9885 "-" "Mozilla/5.0 (compatible; AhrefsBot/3.1; +http://ahrefs.com/robot/)"
208.115.113.91 - - [04/Aug/2012:20:45:52 +0200] "GET /robots.txt HTTP/1.1" 200 177 "-" "Mozilla/5.0 (compatible; Ezooms/1.0; ezooms.bot@gmail.com)"
66.249.72.169 - - [04/Aug/2012:20:52:08 +0200] "GET /news.php?cs_go=archiv&cs_id=1629&cs_search= HTTP/1.1" 200 10934 "-" "Mozilla/5.0 (compatible; Googlebot/2.1; +http://www.google.com/bot.html)"
213.186.119.132 - - [04/Aug/2012:20:56:54 +0200] "GET /lexikon.php?cs_go=2&cs_char=i HTTP/1.1" 200 8402 "-" "Mozilla/5.0 (compatible; AhrefsBot/3.1; +http://ahrefs.com/robot/)"
207.46.13.145 - - [04/Aug/2012:21:18:42 +0200] "GET /robots.txt HTTP/1.1" 200 177 "-" "Mozilla/5.0 (compatible; bingbot/2.0; +http://www.bing.com/bingbot.htm)"
66.249.72.169 - - [04/Aug/2012:21:19:00 +0200] "GET /news.php?cs_go=archiv&cs_id=1786&cs_search= HTTP/1.1" 200 9768 "-" "Mozilla/5.0 (compatible; Googlebot/2.1; +http://www.google.com/bot.html)"
212.113.35.162 - - [04/Aug/2012:21:19:24 +0200] "GET /news.php?cs_go=archiv&cs_id=3202 HTTP/1.1" 200 11633 "-" "Mozilla/5.0 (compatible; AhrefsBot/3.1; +http://ahrefs.com/robot/)"
207.46.13.145 - - [04/Aug/2012:21:19:48 +0200] "GET /seiten/optiplus_detail.php?det=lager HTTP/1.1" 404 - "-" "Mozilla/5.0 (compatible; bingbot/2.0; +http://www.bing.com/bingbot.htm)"
213.186.119.133 - - [04/Aug/2012:21:41:54 +0200] "GET /agb.php HTTP/1.1" 200 19709 "-" "Mozilla/5.0 (compatible; AhrefsBot/3.1; +http://ahrefs.com/robot/)"
66.249.72.169 - - [04/Aug/2012:21:57:04 +0200] "GET /news.php?cs_go=archiv&cs_id=1643&cs_search= HTTP/1.1" 200 10274 "-" "Mozilla/5.0 (compatible; Googlebot/2.1; +http://www.google.com/bot.html)"
212.113.37.106 - - [04/Aug/2012:22:04:24 +0200] "GET /news.php?cs_go=archiv&cs_id=3202&cs_search= HTTP/1.1" 200 11633 "-" "Mozilla/5.0 (compatible; AhrefsBot/3.1; +http://ahrefs.com/robot/)"
66.249.72.169 - - [04/Aug/2012:22:08:23 +0200] "GET /news.php?cs_go=archiv&cs_id=2938 HTTP/1.1" 200 10956 "-" "Mozilla/5.0 (compatible; Googlebot/2.1; +http://www.google.com/bot.html)"
66.249.72.169 - - [04/Aug/2012:22:11:14 +0200] "GET /news.php?cs_go=archiv&cs_id=1680&cs_search= HTTP/1.1" 200 11537 "-" "Mozilla/5.0 (compatible; Googlebot/2.1; +http://www.google.com/bot.html)"
66.249.72.169 - - [04/Aug/2012:22:16:56 +0200] "GET /news.php?cs_go=archiv&cs_id=1659&cs_search= HTTP/1.1" 200 11519 "-" "Mozilla/5.0 (compatible; Googlebot/2.1; +http://www.google.com/bot.html)"
66.249.72.169 - - [04/Aug/2012:22:19:47 +0200] "GET /news.php?cs_go=archiv&cs_id=3077 HTTP/1.1" 200 9944 "-" "Mozilla/5.0 (compatible; Googlebot/2.1; +http://www.google.com/bot.html)"
178.77.126.55 - - [04/Aug/2012:22:24:28 +0200] "GET /robots.txt HTTP/1.1" 200 177 "-" "Mozilla/5.0 (compatible; CareerBot/1.1; +http://www.career-x.de/bot.html)"
178.77.126.55 - - [04/Aug/2012:22:24:28 +0200] "GET / HTTP/1.1" 200 14822 "-" "Mozilla/5.0 (compatible; CareerBot/1.1; +http://www.career-x.de/bot.html)"
66.249.72.169 - - [04/Aug/2012:22:25:28 +0200] "GET /news.php?cs_go=archiv&cs_id=1811&cs_search= HTTP/1.1" 200 10808 "-" "Mozilla/5.0 (compatible; Googlebot/2.1; +http://www.google.com/bot.html)"
212.113.37.105 - - [04/Aug/2012:22:27:06 +0200] "GET /lexikon.php?cs_go=2&cs_char=j HTTP/1.1" 200 8582 "-" "Mozilla/5.0 (compatible; AhrefsBot/3.1; +http://ahrefs.com/robot/)"
66.249.72.169 - - [04/Aug/2012:22:34:00 +0200] "GET /news.php?cs_go=archiv&cs_id=1653&cs_search= HTTP/1.1" 200 11407 "-" "Mozilla/5.0 (compatible; Googlebot/2.1; +http://www.google.com/bot.html)"
66.249.72.169 - - [04/Aug/2012:22:45:22 +0200] "GET /news.php?cs_go=archiv&cs_id=1676&cs_search= HTTP/1.1" 200 10724 "-" "Mozilla/5.0 (compatible; Googlebot/2.1; +http://www.google.com/bot.html)"
66.249.72.169 - - [04/Aug/2012:22:48:12 +0200] "GET /news.php?cs_go=archiv&cs_id=1648&cs_search= HTTP/1.1" 200 10226 "-" "Mozilla/5.0 (compatible; Googlebot/2.1; +http://www.google.com/bot.html)"
213.186.127.5 - - [04/Aug/2012:22:49:20 +0200] "GET /news.php?cs_go=archiv&cs_id=3204 HTTP/1.1" 200 13485 "-" "Mozilla/5.0 (compatible; AhrefsBot/3.1; +http://ahrefs.com/robot/)"
213.186.122.3 - - [04/Aug/2012:23:11:55 +0200] "GET /kwk.php?cs_go=1 HTTP/1.1" 200 10884 "-" "Mozilla/5.0 (compatible; AhrefsBot/3.1; +http://ahrefs.com/robot/)"
123.125.71.22 - - [04/Aug/2012:23:29:12 +0200] "GET / HTTP/1.1" 200 8170 "-" "Mozilla/5.0 (compatible; Baiduspider/2.0; +http://www.baidu.com/search/spider.html)"
220.181.108.90 - - [04/Aug/2012:23:29:39 +0200] "GET / HTTP/1.1" 200 8170 "-" "Mozilla/5.0 (compatible; Baiduspider/2.0; +http://www.baidu.com/search/spider.html)"
208.115.113.91 - - [04/Aug/2012:23:30:02 +0200] "GET /robots.txt HTTP/1.1" 200 177 "-" "Mozilla/5.0 (compatible; Ezooms/1.0; ezooms.bot@gmail.com)"
212.113.37.106 - - [04/Aug/2012:23:34:26 +0200] "GET /news.php?cs_go=archiv&cs_id=3204&cs_search= HTTP/1.1" 200 13485 "-" "Mozilla/5.0 (compatible; AhrefsBot/3.1; +http://ahrefs.com/robot/)"
65.36.241.79 - - [04/Aug/2012:23:34:36 +0200] "HEAD / HTTP/1.1" 200 - "-" "InternetSeer.com"
213.186.127.11 - - [04/Aug/2012:23:57:06 +0200] "GET /lexikon.php?cs_go=2&cs_char=k HTTP/1.1" 200 9879 "-" "Mozilla/5.0 (compatible; AhrefsBot/3.1; +http://ahrefs.com/robot/)"
66.249.72.169 - - [05/Aug/2012:00:02:13 +0200] "GET /news.php?cs_go=archiv&cs_id=3003 HTTP/1.1" 200 12198 "-" "Mozilla/5.0 (compatible; Googlebot/2.1; +http://www.google.com/bot.html)"
212.113.35.162 - - [05/Aug/2012:00:19:26 +0200] "GET /news.php?cs_go=archiv&cs_id=3205 HTTP/1.1" 200 9866 "-" "Mozilla/5.0 (compatible; AhrefsBot/3.1; +http://ahrefs.com/robot/)"
213.186.119.134 - - [05/Aug/2012:00:41:57 +0200] "GET /faq.php HTTP/1.1" 200 185821 "-" "Mozilla/5.0 (compatible; AhrefsBot/3.1; +http://ahrefs.com/robot/)"
130.83.167.153 - - [05/Aug/2012:00:51:31 +0200] "GET /kontakt.php HTTP/1.1" 200 7141 "-" "findlinks/2.6 (+http://wortschatz.uni-leipzig.de/findlinks/)"
130.83.167.153 - - [05/Aug/2012:00:51:32 +0200] "GET /kontakt.php HTTP/1.1" 200 9111 "-" "findlinks/2.6 (+http://wortschatz.uni-leipzig.de/findlinks/)"
213.186.119.137 - - [05/Aug/2012:01:04:27 +0200] "GET /news.php?cs_go=archiv&cs_id=3205&cs_search= HTTP/1.1" 200 9866 "-" "Mozilla/5.0 (compatible; AhrefsBot/3.1; +http://ahrefs.com/robot/)"
66.249.72.169 - - [05/Aug/2012:01:16:45 +0200] "GET /news.php?cs_go=archiv&cs_id=2728 HTTP/1.1" 200 11534 "-" "Mozilla/5.0 (compatible; Googlebot/2.1; +http://www.google.com/bot.html)"
208.115.113.91 - - [05/Aug/2012:01:17:04 +0200] "GET /news.php?cs_go=archiv&cs_startpos=120 HTTP/1.1" 200 22992 "-" "Mozilla/5.0 (compatible; Ezooms/1.0; ezooms.bot@gmail.com)"
65.52.104.87 - - [05/Aug/2012:01:20:09 +0200] "GET /robots.txt HTTP/1.1" 200 177 "-" "Mozilla/5.0 (compatible; bingbot/2.0; +http://www.bing.com/bingbot.htm)"
65.52.104.87 - - [05/Aug/2012:01:20:43 +0200] "GET / HTTP/1.1" 200 14822 "-" "Mozilla/5.0 (compatible; bingbot/2.0; +http://www.bing.com/bingbot.htm)"
213.186.127.7 - - [05/Aug/2012:01:26:57 +0200] "GET /lexikon.php?cs_go=2&cs_char=l HTTP/1.1" 200 8773 "-" "Mozilla/5.0 (compatible; AhrefsBot/3.1; +http://ahrefs.com/robot/)"
65.52.104.87 - - [05/Aug/2012:02:50:04 +0200] "GET /robots.txt HTTP/1.1" 200 177 "-" "Mozilla/5.0 (compatible; bingbot/2.0; +http://www.bing.com/bingbot.htm)"
65.52.104.87 - - [05/Aug/2012:02:50:44 +0200] "GET /kwk.php HTTP/1.1" 200 10884 "-" "Mozilla/5.0 (compatible; bingbot/2.0; +http://www.bing.com/bingbot.htm)"
208.115.111.75 - - [05/Aug/2012:02:57:53 +0200] "GET /robots.txt HTTP/1.1" 200 177 "-" "Mozilla/5.0 (compatible; Ezooms/1.0; ezooms.bot@gmail.com)"
66.249.72.169 - - [05/Aug/2012:02:58:31 +0200] "GET /news.php?cs_go=archiv&cs_startpos=0 HTTP/1.1" 200 22521 "-" "Mozilla/5.0 (compatible; Googlebot/2.1; +http://www.google.com/bot.html)"
78.46.78.51 - - [05/Aug/2012:04:07:29 +0200] "GET /robots.txt HTTP/1.0" 200 177 "-" "Eurobot/1.1 (http://eurobot.ayell.eu)"
78.46.78.51 - - [05/Aug/2012:04:07:29 +0200] "GET / HTTP/1.0" 200 14822 "-" "Eurobot/1.1 (http://eurobot.ayell.eu)"
208.115.113.91 - - [05/Aug/2012:04:16:25 +0200] "GET /robots.txt HTTP/1.1" 200 177 "-" "Mozilla/5.0 (compatible; Ezooms/1.0; ezooms.bot@gmail.com)"
65.36.241.79 - - [05/Aug/2012:04:18:11 +0200] "HEAD / HTTP/1.1" 200 - "-" "InternetSeer.com"
66.249.72.169 - - [05/Aug/2012:04:21:12 +0200] "GET /wunschpreis.php HTTP/1.1" 200 12059 "-" "Mozilla/5.0 (compatible; Googlebot/2.1; +http://www.google.com/bot.html)"
66.249.72.169 - - [05/Aug/2012:05:36:24 +0200] "GET /rueckrufservice.php HTTP/1.1" 200 10770 "-" "Mozilla/5.0 (compatible; Googlebot/2.1; +http://www.google.com/bot.html)"
208.115.113.91 - - [05/Aug/2012:05:45:36 +0200] "GET /news.php?cs_go=archiv&cs_startpos=120 HTTP/1.1" 200 22992 "-" "Mozilla/5.0 (compatible; Ezooms/1.0; ezooms.bot@gmail.com)"
66.249.72.169 - - [05/Aug/2012:06:15:38 +0200] "GET /news.php?cs_go=archiv&cs_id=3321 HTTP/1.1" 200 9841 "-" "Mozilla/5.0 (compatible; Googlebot/2.1; +http://www.google.com/bot.html)"
66.249.72.169 - - [05/Aug/2012:06:24:46 +0200] "GET /news.php?cs_go=archiv&cs_id=3322 HTTP/1.1" 200 11581 "-" "Mozilla/5.0 (compatible; Googlebot/2.1; +http://www.google.com/bot.html)"
208.115.111.75 - - [05/Aug/2012:06:34:38 +0200] "GET /robots.txt HTTP/1.1" 200 177 "-" "Mozilla/5.0 (compatible; Ezooms/1.0; ezooms.bot@gmail.com)"
66.249.72.169 - - [05/Aug/2012:07:02:07 +0200] "GET /news.php?cs_go=archiv&cs_id=1707&cs_search= HTTP/1.1" 200 11256 "-" "Mozilla/5.0 (compatible; Googlebot/2.1; +http://www.google.com/bot.html)"
66.249.72.169 - - [05/Aug/2012:07:14:43 +0200] "GET /news.php?cs_go=archiv&cs_startpos=200 HTTP/1.1" 200 23182 "-" "Mozilla/5.0 (compatible; Googlebot/2.1; +http://www.google.com/bot.html)"
123.125.71.31 - - [05/Aug/2012:07:57:03 +0200] "GET /robots.txt HTTP/1.1" 200 177 "-" "Mozilla/5.0 (Windows NT 5.1; rv:6.0.2) Gecko/20100101 Firefox/6.0.2"
74.118.192.202 - - [05/Aug/2012:08:02:16 +0200] "GET /robots.txt HTTP/1.0" 200 177 "-" "Mozilla/5.0 (compatible; MJ12bot/v1.4.3; http://www.majestic12.co.uk/bot.php?+)"
74.118.192.202 - - [05/Aug/2012:08:02:17 +0200] "GET / HTTP/1.0" 200 8170 "-" "Mozilla/5.0 (compatible; MJ12bot/v1.4.3; http://www.majestic12.co.uk/bot.php?+)"
66.249.72.169 - - [05/Aug/2012:08:30:54 +0200] "GET /news.php HTTP/1.1" 200 22521 "-" "Mozilla/5.0 (compatible; Googlebot/2.1; +http://www.google.com/bot.html)"
66.249.72.169 - - [05/Aug/2012:08:31:02 +0200] "GET /news.php HTTP/1.1" 200 22521 "-" "Mozilla/5.0 (iPhone; U; CPU iPhone OS 4_1 like Mac OS X; en-us) AppleWebKit/532.9 (KHTML, like Gecko) Version/4.0.5 Mobile/8B117 Safari/6531.22.7 (compatible; Googlebot-Mobile/2.1; +http://www.google.com/bot.html)"
208.115.111.75 - - [05/Aug/2012:08:46:08 +0200] "GET /news.php?cs_go=archiv&cs_id=2942&cs_search= HTTP/1.1" 200 12342 "-" "Mozilla/5.0 (compatible; Ezooms/1.0; ezooms.bot@gmail.com)"
89.247.68.48 - - [05/Aug/2012:09:04:00 +0200] "GET /style.css HTTP/1.1" 200 8418 "http://www.mink-gmbh.de/index.php" "Mozilla/5.0 (Windows NT 6.1; rv:14.0) Gecko/20100101 Firefox/14.0.1"
89.247.68.48 - - [05/Aug/2012:09:04:00 +0200] "GET /modul.css HTTP/1.1" 200 35038 "http://www.mink-gmbh.de/index.php" "Mozilla/5.0 (Windows NT 6.1; rv:14.0) Gecko/20100101 Firefox/14.0.1"
89.247.68.48 - - [05/Aug/2012:09:04:00 +0200] "GET /favicon.ico HTTP/1.1" 200 3638 "-" "Mozilla/5.0 (Windows NT 6.1; rv:14.0) Gecko/20100101 Firefox/14.0.1"
89.247.68.48 - - [05/Aug/2012:09:04:00 +0200] "GET /index.php HTTP/1.1" 200 14822 "-" "Mozilla/5.0 (Windows NT 6.1; rv:14.0) Gecko/20100101 Firefox/14.0.1"
89.247.68.48 - - [05/Aug/2012:09:04:01 +0200] "GET /images/tkw.jpg HTTP/1.1" 200 64031 "http://www.mink-gmbh.de/index.php" "Mozilla/5.0 (Windows NT 6.1; rv:14.0) Gecko/20100101 Firefox/14.0.1"
89.247.68.48 - - [05/Aug/2012:09:04:01 +0200] "GET /images/bg.jpg HTTP/1.1" 200 345 "http://www.mink-gmbh.de/style.css" "Mozilla/5.0 (Windows NT 6.1; rv:14.0) Gecko/20100101 Firefox/14.0.1"
89.247.68.48 - - [05/Aug/2012:09:04:01 +0200] "GET /images/mail.jpg HTTP/1.1" 200 11165 "http://www.mink-gmbh.de/index.php" "Mozilla/5.0 (Windows NT 6.1; rv:14.0) Gecko/20100101 Firefox/14.0.1"
89.247.68.48 - - [05/Aug/2012:09:04:01 +0200] "GET /images/kwk.gif HTTP/1.1" 200 6403 "http://www.mink-gmbh.de/index.php" "Mozilla/5.0 (Windows NT 6.1; rv:14.0) Gecko/20100101 Firefox/14.0.1"
89.247.68.48 - - [05/Aug/2012:09:04:01 +0200] "GET /images/logos.jpg HTTP/1.1" 200 15002 "http://www.mink-gmbh.de/index.php" "Mozilla/5.0 (Windows NT 6.1; rv:14.0) Gecko/20100101 Firefox/14.0.1"
89.247.68.48 - - [05/Aug/2012:09:04:01 +0200] "GET /images/wunschpreis.jpg HTTP/1.1" 200 16767 "http://www.mink-gmbh.de/index.php" "Mozilla/5.0 (Windows NT 6.1; rv:14.0) Gecko/20100101 Firefox/14.0.1"
89.247.68.48 - - [05/Aug/2012:09:04:01 +0200] "GET /images/close.png HTTP/1.1" 200 703 "http://www.mink-gmbh.de/index.php" "Mozilla/5.0 (Windows NT 6.1; rv:14.0) Gecko/20100101 Firefox/14.0.1"
89.247.68.48 - - [05/Aug/2012:09:04:01 +0200] "GET /images/newsletter_bg.jpg HTTP/1.1" 200 33610 "http://www.mink-gmbh.de/index.php" "Mozilla/5.0 (Windows NT 6.1; rv:14.0) Gecko/20100101 Firefox/14.0.1"
89.247.68.48 - - [05/Aug/2012:09:04:01 +0200] "GET /images/newsletter.png HTTP/1.1" 200 14619 "http://www.mink-gmbh.de/style.css" "Mozilla/5.0 (Windows NT 6.1; rv:14.0) Gecko/20100101 Firefox/14.0.1"
89.247.68.48 - - [05/Aug/2012:09:04:01 +0200] "GET /images/wrapperbg.jpg HTTP/1.1" 200 27465 "http://www.mink-gmbh.de/style.css" "Mozilla/5.0 (Windows NT 6.1; rv:14.0) Gecko/20100101 Firefox/14.0.1"
89.247.68.48 - - [05/Aug/2012:09:04:01 +0200] "GET /images/navibg.png HTTP/1.1" 200 2803 "http://www.mink-gmbh.de/style.css" "Mozilla/5.0 (Windows NT 6.1; rv:14.0) Gecko/20100101 Firefox/14.0.1"
89.247.68.48 - - [05/Aug/2012:09:04:01 +0200] "GET /images/header.jpg HTTP/1.1" 200 24413 "http://www.mink-gmbh.de/style.css" "Mozilla/5.0 (Windows NT 6.1; rv:14.0) Gecko/20100101 Firefox/14.0.1"
89.247.68.48 - - [05/Aug/2012:09:04:01 +0200] "GET /images/freecall.jpg HTTP/1.1" 200 39195 "http://www.mink-gmbh.de/index.php" "Mozilla/5.0 (Windows NT 6.1; rv:14.0) Gecko/20100101 Firefox/14.0.1"
89.247.68.48 - - [05/Aug/2012:09:04:01 +0200] "GET /images/steigend.png HTTP/1.1" 200 688 "http://www.mink-gmbh.de/modul.css" "Mozilla/5.0 (Windows NT 6.1; rv:14.0) Gecko/20100101 Firefox/14.0.1"
89.247.68.48 - - [05/Aug/2012:09:04:01 +0200] "GET /images/mobil.jpg HTTP/1.1" 200 25293 "http://www.mink-gmbh.de/style.css" "Mozilla/5.0 (Windows NT 6.1; rv:14.0) Gecko/20100101 Firefox/14.0.1"
89.247.68.48 - - [05/Aug/2012:09:04:02 +0200] "GET /images/newsletter.jpg HTTP/1.1" 200 13130 "http://www.mink-gmbh.de/style.css" "Mozilla/5.0 (Windows NT 6.1; rv:14.0) Gecko/20100101 Firefox/14.0.1"
89.247.68.48 - - [05/Aug/2012:09:04:02 +0200] "GET /images/footerbg.jpg HTTP/1.1" 200 2184 "http://www.mink-gmbh.de/style.css" "Mozilla/5.0 (Windows NT 6.1; rv:14.0) Gecko/20100101 Firefox/14.0.1"
65.36.241.79 - - [05/Aug/2012:09:09:48 +0200] "HEAD / HTTP/1.1" 200 - "-" "InternetSeer.com"
208.115.113.91 - - [05/Aug/2012:09:25:02 +0200] "GET /robots.txt HTTP/1.1" 200 177 "-" "Mozilla/5.0 (compatible; Ezooms/1.0; ezooms.bot@gmail.com)"
130.83.167.153 - - [05/Aug/2012:10:04:44 +0200] "GET /optiplus.php HTTP/1.1" 200 11100 "-" "findlinks/2.6 (+http://wortschatz.uni-leipzig.de/findlinks/)"
130.83.167.153 - - [05/Aug/2012:10:04:44 +0200] "GET /optiplus.php HTTP/1.1" 200 11013 "-" "findlinks/2.6 (+http://wortschatz.uni-leipzig.de/findlinks/)"
208.115.111.75 - - [05/Aug/2012:10:22:40 +0200] "GET /robots.txt HTTP/1.1" 200 177 "-" "Mozilla/5.0 (compatible; Ezooms/1.0; ezooms.bot@gmail.com)"
66.249.72.169 - - [05/Aug/2012:10:30:13 +0200] "GET /news.php?cs_go=archiv&cs_id=2840 HTTP/1.1" 200 10871 "-" "Mozilla/5.0 (compatible; Googlebot/2.1; +http://www.google.com/bot.html)"
66.249.72.169 - - [05/Aug/2012:10:39:09 +0200] "GET /news.php?cs_go=archiv&cs_id=3238&cs_search= HTTP/1.1" 200 9861 "-" "Mozilla/5.0 (compatible; Googlebot/2.1; +http://www.google.com/bot.html)"
66.249.72.169 - - [05/Aug/2012:10:48:07 +0200] "GET /news.php?cs_go=archiv&cs_id=1745&cs_search= HTTP/1.1" 200 11337 "-" "Mozilla/5.0 (compatible; Googlebot/2.1; +http://www.google.com/bot.html)"
66.249.72.169 - - [05/Aug/2012:10:51:06 +0200] "GET /news.php?cs_go=archiv&cs_startpos=660 HTTP/1.1" 200 23003 "-" "Mozilla/5.0 (compatible; Googlebot/2.1; +http://www.google.com/bot.html)"
66.249.72.169 - - [05/Aug/2012:10:54:04 +0200] "GET /news.php?cs_go=archiv&cs_startpos=680 HTTP/1.1" 200 22990 "-" "Mozilla/5.0 (compatible; Googlebot/2.1; +http://www.google.com/bot.html)"
208.115.113.91 - - [05/Aug/2012:10:55:05 +0200] "GET /news.php?cs_go=archiv&cs_startpos=120 HTTP/1.1" 200 22992 "-" "Mozilla/5.0 (compatible; Ezooms/1.0; ezooms.bot@gmail.com)"
66.249.72.169 - - [05/Aug/2012:11:11:59 +0200] "GET /news.php?cs_go=archiv&cs_id=1701&cs_search= HTTP/1.1" 200 11314 "-" "Mozilla/5.0 (compatible; Googlebot/2.1; +http://www.google.com/bot.html)"
66.249.72.169 - - [05/Aug/2012:11:14:58 +0200] "GET /news.php?cs_go=archiv&cs_id=3242&cs_search= HTTP/1.1" 200 13374 "-" "Mozilla/5.0 (compatible; Googlebot/2.1; +http://www.google.com/bot.html)"
66.249.72.169 - - [05/Aug/2012:11:26:58 +0200] "GET /news.php?cs_go=archiv&cs_startpos=370 HTTP/1.1" 200 23251 "-" "Mozilla/5.0 (compatible; Googlebot/2.1; +http://www.google.com/bot.html)"
66.249.72.169 - - [05/Aug/2012:11:29:58 +0200] "GET /news.php?cs_go=archiv&cs_startpos=1470 HTTP/1.1" 200 22793 "-" "Mozilla/5.0 (compatible; Googlebot/2.1; +http://www.google.com/bot.html)"
89.247.21.11 - - [05/Aug/2012:11:30:46 +0200] "GET /index.php HTTP/1.1" 200 14822 "-" "Mozilla/5.0 (Windows NT 6.1; rv:14.0) Gecko/20100101 Firefox/14.0.1"
66.249.72.169 - - [05/Aug/2012:11:32:57 +0200] "GET /news.php?cs_go=archiv&cs_id=3239&cs_search= HTTP/1.1" 200 13566 "-" "Mozilla/5.0 (compatible; Googlebot/2.1; +http://www.google.com/bot.html)"
139.18.2.209 - - [05/Aug/2012:11:48:25 +0200] "GET /newsletter.php HTTP/1.1" 200 6847 "-" "findlinks/2.6 (+http://wortschatz.uni-leipzig.de/findlinks/)"
139.18.2.209 - - [05/Aug/2012:11:48:25 +0200] "GET /newsletter.php HTTP/1.1" 200 8820 "-" "findlinks/2.6 (+http://wortschatz.uni-leipzig.de/findlinks/)"
208.115.111.75 - - [05/Aug/2012:12:35:33 +0200] "GET /news.php?cs_go=archiv&cs_startpos=1370 HTTP/1.1" 200 23172 "-" "Mozilla/5.0 (compatible; Ezooms/1.0; ezooms.bot@gmail.com)"
208.115.111.75 - - [05/Aug/2012:12:36:31 +0200] "GET /news.php?cs_go=archiv&cs_id=2897&cs_search= HTTP/1.1" 200 10657 "-" "Mozilla/5.0 (compatible; Ezooms/1.0; ezooms.bot@gmail.com)"
208.115.111.75 - - [05/Aug/2012:12:37:04 +0200] "GET /news.php?cs_go=archiv&cs_id=3172&cs_search= HTTP/1.1" 200 13427 "-" "Mozilla/5.0 (compatible; Ezooms/1.0; ezooms.bot@gmail.com)"
87.123.126.33 - - [05/Aug/2012:14:31:59 +0200] "GET /style.css HTTP/1.1" 200 8418 "http://www.mink-gmbh.de/" "Mozilla/5.0 (compatible; MSIE 9.0; Windows NT 6.1; Trident/5.0)"
87.123.126.33 - - [05/Aug/2012:14:31:59 +0200] "GET /modul.css HTTP/1.1" 200 35038 "http://www.mink-gmbh.de/" "Mozilla/5.0 (compatible; MSIE 9.0; Windows NT 6.1; Trident/5.0)"
87.123.126.33 - - [05/Aug/2012:14:31:59 +0200] "GET /images/tkw.jpg HTTP/1.1" 200 64031 "http://www.mink-gmbh.de/" "Mozilla/5.0 (compatible; MSIE 9.0; Windows NT 6.1; Trident/5.0)"
87.123.126.33 - - [05/Aug/2012:14:31:59 +0200] "GET / HTTP/1.1" 200 14823 "http://www.google.de/url?sa=t&rct=j&q=mink&source=web&cd=14&ved=0CHwQFjAN&url=http%3A%2F%2Fwww.mink-gmbh.de%2F&ei=SmceUNGZPInCtAawtoFA&usg=AFQjCNFHX4Iglls9oo-KYXTmDUV_5KOVIg" "Mozilla/5.0 (compatible; MSIE 9.0; Windows NT 6.1; Trident/5.0)"
87.123.126.33 - - [05/Aug/2012:14:32:00 +0200] "GET /images/mail.jpg HTTP/1.1" 200 11165 "http://www.mink-gmbh.de/" "Mozilla/5.0 (compatible; MSIE 9.0; Windows NT 6.1; Trident/5.0)"
87.123.126.33 - - [05/Aug/2012:14:32:00 +0200] "GET /images/kwk.gif HTTP/1.1" 200 6403 "http://www.mink-gmbh.de/" "Mozilla/5.0 (compatible; MSIE 9.0; Windows NT 6.1; Trident/5.0)"
87.123.126.33 - - [05/Aug/2012:14:32:00 +0200] "GET /images/wunschpreis.jpg HTTP/1.1" 200 16767 "http://www.mink-gmbh.de/" "Mozilla/5.0 (compatible; MSIE 9.0; Windows NT 6.1; Trident/5.0)"
87.123.126.33 - - [05/Aug/2012:14:32:00 +0200] "GET /images/freecall.jpg HTTP/1.1" 200 39195 "http://www.mink-gmbh.de/" "Mozilla/5.0 (compatible; MSIE 9.0; Windows NT 6.1; Trident/5.0)"
87.123.126.33 - - [05/Aug/2012:14:32:00 +0200] "GET /images/logos.jpg HTTP/1.1" 200 15002 "http://www.mink-gmbh.de/" "Mozilla/5.0 (compatible; MSIE 9.0; Windows NT 6.1; Trident/5.0)"
87.123.126.33 - - [05/Aug/2012:14:32:00 +0200] "GET /images/newsletter_bg.jpg HTTP/1.1" 200 33610 "http://www.mink-gmbh.de/" "Mozilla/5.0 (compatible; MSIE 9.0; Windows NT 6.1; Trident/5.0)"
87.123.126.33 - - [05/Aug/2012:14:32:00 +0200] "GET /images/bg.jpg HTTP/1.1" 200 345 "http://www.mink-gmbh.de/" "Mozilla/5.0 (compatible; MSIE 9.0; Windows NT 6.1; Trident/5.0)"
87.123.126.33 - - [05/Aug/2012:14:32:00 +0200] "GET /images/wrapperbg.jpg HTTP/1.1" 200 27465 "http://www.mink-gmbh.de/" "Mozilla/5.0 (compatible; MSIE 9.0; Windows NT 6.1; Trident/5.0)"
87.123.126.33 - - [05/Aug/2012:14:32:00 +0200] "GET /images/navibg.png HTTP/1.1" 200 2803 "http://www.mink-gmbh.de/" "Mozilla/5.0 (compatible; MSIE 9.0; Windows NT 6.1; Trident/5.0)"
87.123.126.33 - - [05/Aug/2012:14:32:00 +0200] "GET /images/close.png HTTP/1.1" 200 703 "http://www.mink-gmbh.de/" "Mozilla/5.0 (compatible; MSIE 9.0; Windows NT 6.1; Trident/5.0)"
87.123.126.33 - - [05/Aug/2012:14:32:00 +0200] "GET /images/newsletter.png HTTP/1.1" 200 14619 "http://www.mink-gmbh.de/" "Mozilla/5.0 (compatible; MSIE 9.0; Windows NT 6.1; Trident/5.0)"
87.123.126.33 - - [05/Aug/2012:14:32:00 +0200] "GET /images/header.jpg HTTP/1.1" 200 24413 "http://www.mink-gmbh.de/" "Mozilla/5.0 (compatible; MSIE 9.0; Windows NT 6.1; Trident/5.0)"
87.123.126.33 - - [05/Aug/2012:14:32:00 +0200] "GET /images/gleichbleibend.png HTTP/1.1" 200 534 "http://www.mink-gmbh.de/" "Mozilla/5.0 (compatible; MSIE 9.0; Windows NT 6.1; Trident/5.0)"
87.123.126.33 - - [05/Aug/2012:14:32:00 +0200] "GET /images/steigend.png HTTP/1.1" 200 688 "http://www.mink-gmbh.de/" "Mozilla/5.0 (compatible; MSIE 9.0; Windows NT 6.1; Trident/5.0)"
87.123.126.33 - - [05/Aug/2012:14:32:00 +0200] "GET /images/mobil.jpg HTTP/1.1" 200 25293 "http://www.mink-gmbh.de/" "Mozilla/5.0 (compatible; MSIE 9.0; Windows NT 6.1; Trident/5.0)"
87.123.126.33 - - [05/Aug/2012:14:32:00 +0200] "GET /images/newsletter.jpg HTTP/1.1" 200 13130 "http://www.mink-gmbh.de/" "Mozilla/5.0 (compatible; MSIE 9.0; Windows NT 6.1; Trident/5.0)"
87.123.126.33 - - [05/Aug/2012:14:32:00 +0200] "GET /images/footerbg.jpg HTTP/1.1" 200 2184 "http://www.mink-gmbh.de/" "Mozilla/5.0 (compatible; MSIE 9.0; Windows NT 6.1; Trident/5.0)"
87.123.126.33 - - [05/Aug/2012:14:32:01 +0200] "GET /favicon.ico HTTP/1.1" 200 3638 "-" "Mozilla/5.0 (compatible; MSIE 9.0; Windows NT 6.1; Trident/5.0)"
87.123.126.33 - - [05/Aug/2012:14:32:03 +0200] "GET /crossdomain.xml HTTP/1.1" 404 - "-" "Mozilla/5.0 (compatible; MSIE 9.0; Windows NT 6.1; Trident/5.0)"
87.123.126.33 - - [05/Aug/2012:14:32:10 +0200] "GET /preisanfrage.php HTTP/1.1" 200 10623 "http://www.mink-gmbh.de/" "Mozilla/5.0 (compatible; MSIE 9.0; Windows NT 6.1; Trident/5.0)"
87.123.126.33 - - [05/Aug/2012:14:32:25 +0200] "GET /preisanfrage.php HTTP/1.1" 200 10623 "http://www.mink-gmbh.de/preisanfrage.php" "Mozilla/5.0 (compatible; MSIE 9.0; Windows NT 6.1; Trident/5.0)"
87.123.126.33 - - [05/Aug/2012:14:32:27 +0200] "GET /kontakt.php HTTP/1.1" 200 9111 "http://www.mink-gmbh.de/preisanfrage.php" "Mozilla/5.0 (compatible; MSIE 9.0; Windows NT 6.1; Trident/5.0)"
87.123.126.33 - - [05/Aug/2012:14:32:36 +0200] "GET /kontakt.php HTTP/1.1" 200 9111 "http://www.mink-gmbh.de/kontakt.php" "Mozilla/5.0 (compatible; MSIE 9.0; Windows NT 6.1; Trident/5.0)"
66.249.72.169 - - [05/Aug/2012:14:42:05 +0200] "GET /news.php?cs_go=archiv&cs_startpos=1 HTTP/1.1" 200 22766 "-" "Mozilla/5.0 (compatible; Googlebot/2.1; +http://www.google.com/bot.html)"
208.115.113.91 - - [05/Aug/2012:14:42:13 +0200] "GET /robots.txt HTTP/1.1" 200 177 "-" "Mozilla/5.0 (compatible; Ezooms/1.0; ezooms.bot@gmail.com)"
66.249.72.169 - - [05/Aug/2012:15:21:07 +0200] "GET /news.php?cs_go=archiv&cs_id=2945 HTTP/1.1" 200 12158 "-" "Mozilla/5.0 (compatible; Googlebot/2.1; +http://www.google.com/bot.html)"
65.36.241.79 - - [05/Aug/2012:15:21:31 +0200] "HEAD / HTTP/1.1" 200 - "-" "InternetSeer.com"
123.125.71.21 - - [05/Aug/2012:15:26:30 +0200] "GET / HTTP/1.1" 200 14823 "-" "Mozilla/5.0 (compatible; Baiduspider/2.0; +http://www.baidu.com/search/spider.html)"
220.181.108.94 - - [05/Aug/2012:15:26:49 +0200] "GET / HTTP/1.1" 200 9735 "-" "Mozilla/5.0 (compatible; Baiduspider/2.0; +http://www.baidu.com/search/spider.html)"
66.249.72.169 - - [05/Aug/2012:16:00:08 +0200] "GET /kontakt.php HTTP/1.1" 200 9198 "-" "Mozilla/5.0 (compatible; Googlebot/2.1; +http://www.google.com/bot.html)"
89.247.38.110 - - [05/Aug/2012:16:20:03 +0200] "GET /style.css HTTP/1.1" 200 8418 "http://www.mink-gmbh.de/index.php" "Mozilla/5.0 (Windows NT 6.1; rv:14.0) Gecko/20100101 Firefox/14.0.1"
89.247.38.110 - - [05/Aug/2012:16:20:03 +0200] "GET /modul.css HTTP/1.1" 200 35038 "http://www.mink-gmbh.de/index.php" "Mozilla/5.0 (Windows NT 6.1; rv:14.0) Gecko/20100101 Firefox/14.0.1"
89.247.38.110 - - [05/Aug/2012:16:20:03 +0200] "GET /favicon.ico HTTP/1.1" 200 3638 "-" "Mozilla/5.0 (Windows NT 6.1; rv:14.0) Gecko/20100101 Firefox/14.0.1"
89.247.38.110 - - [05/Aug/2012:16:20:04 +0200] "GET /images/tkw.jpg HTTP/1.1" 200 64031 "http://www.mink-gmbh.de/index.php" "Mozilla/5.0 (Windows NT 6.1; rv:14.0) Gecko/20100101 Firefox/14.0.1"
89.247.38.110 - - [05/Aug/2012:16:20:04 +0200] "GET /images/bg.jpg HTTP/1.1" 200 345 "http://www.mink-gmbh.de/style.css" "Mozilla/5.0 (Windows NT 6.1; rv:14.0) Gecko/20100101 Firefox/14.0.1"
89.247.38.110 - - [05/Aug/2012:16:20:03 +0200] "GET /index.php HTTP/1.1" 200 14823 "-" "Mozilla/5.0 (Windows NT 6.1; rv:14.0) Gecko/20100101 Firefox/14.0.1"
89.247.38.110 - - [05/Aug/2012:16:20:04 +0200] "GET /images/freecall.jpg HTTP/1.1" 200 39195 "http://www.mink-gmbh.de/index.php" "Mozilla/5.0 (Windows NT 6.1; rv:14.0) Gecko/20100101 Firefox/14.0.1"
89.247.38.110 - - [05/Aug/2012:16:20:04 +0200] "GET /images/mail.jpg HTTP/1.1" 200 11165 "http://www.mink-gmbh.de/index.php" "Mozilla/5.0 (Windows NT 6.1; rv:14.0) Gecko/20100101 Firefox/14.0.1"
89.247.38.110 - - [05/Aug/2012:16:20:04 +0200] "GET /images/kwk.gif HTTP/1.1" 200 6403 "http://www.mink-gmbh.de/index.php" "Mozilla/5.0 (Windows NT 6.1; rv:14.0) Gecko/20100101 Firefox/14.0.1"
89.247.38.110 - - [05/Aug/2012:16:20:04 +0200] "GET /images/wunschpreis.jpg HTTP/1.1" 200 16767 "http://www.mink-gmbh.de/index.php" "Mozilla/5.0 (Windows NT 6.1; rv:14.0) Gecko/20100101 Firefox/14.0.1"
89.247.38.110 - - [05/Aug/2012:16:20:04 +0200] "GET /images/logos.jpg HTTP/1.1" 200 15002 "http://www.mink-gmbh.de/index.php" "Mozilla/5.0 (Windows NT 6.1; rv:14.0) Gecko/20100101 Firefox/14.0.1"
89.247.38.110 - - [05/Aug/2012:16:20:04 +0200] "GET /images/close.png HTTP/1.1" 200 703 "http://www.mink-gmbh.de/index.php" "Mozilla/5.0 (Windows NT 6.1; rv:14.0) Gecko/20100101 Firefox/14.0.1"
89.247.38.110 - - [05/Aug/2012:16:20:04 +0200] "GET /images/newsletter_bg.jpg HTTP/1.1" 200 33610 "http://www.mink-gmbh.de/index.php" "Mozilla/5.0 (Windows NT 6.1; rv:14.0) Gecko/20100101 Firefox/14.0.1"
89.247.38.110 - - [05/Aug/2012:16:20:04 +0200] "GET /images/newsletter.png HTTP/1.1" 200 14619 "http://www.mink-gmbh.de/style.css" "Mozilla/5.0 (Windows NT 6.1; rv:14.0) Gecko/20100101 Firefox/14.0.1"
89.247.38.110 - - [05/Aug/2012:16:20:04 +0200] "GET /images/wrapperbg.jpg HTTP/1.1" 200 27465 "http://www.mink-gmbh.de/style.css" "Mozilla/5.0 (Windows NT 6.1; rv:14.0) Gecko/20100101 Firefox/14.0.1"
89.247.38.110 - - [05/Aug/2012:16:20:04 +0200] "GET /images/header.jpg HTTP/1.1" 200 24413 "http://www.mink-gmbh.de/style.css" "Mozilla/5.0 (Windows NT 6.1; rv:14.0) Gecko/20100101 Firefox/14.0.1"
89.247.38.110 - - [05/Aug/2012:16:20:04 +0200] "GET /images/navibg.png HTTP/1.1" 200 2803 "http://www.mink-gmbh.de/style.css" "Mozilla/5.0 (Windows NT 6.1; rv:14.0) Gecko/20100101 Firefox/14.0.1"
89.247.38.110 - - [05/Aug/2012:16:20:04 +0200] "GET /images/gleichbleibend.png HTTP/1.1" 200 534 "http://www.mink-gmbh.de/modul.css" "Mozilla/5.0 (Windows NT 6.1; rv:14.0) Gecko/20100101 Firefox/14.0.1"
89.247.38.110 - - [05/Aug/2012:16:20:04 +0200] "GET /images/steigend.png HTTP/1.1" 200 688 "http://www.mink-gmbh.de/modul.css" "Mozilla/5.0 (Windows NT 6.1; rv:14.0) Gecko/20100101 Firefox/14.0.1"
89.247.38.110 - - [05/Aug/2012:16:20:04 +0200] "GET /images/mobil.jpg HTTP/1.1" 200 25293 "http://www.mink-gmbh.de/style.css" "Mozilla/5.0 (Windows NT 6.1; rv:14.0) Gecko/20100101 Firefox/14.0.1"
89.247.38.110 - - [05/Aug/2012:16:20:04 +0200] "GET /images/newsletter.jpg HTTP/1.1" 200 13130 "http://www.mink-gmbh.de/style.css" "Mozilla/5.0 (Windows NT 6.1; rv:14.0) Gecko/20100101 Firefox/14.0.1"
89.247.38.110 - - [05/Aug/2012:16:20:04 +0200] "GET /images/footerbg.jpg HTTP/1.1" 200 2184 "http://www.mink-gmbh.de/style.css" "Mozilla/5.0 (Windows NT 6.1; rv:14.0) Gecko/20100101 Firefox/14.0.1"
208.115.113.91 - - [05/Aug/2012:16:26:52 +0200] "GET /news.php?cs_go=archiv&cs_startpos=120 HTTP/1.1" 200 22992 "-" "Mozilla/5.0 (compatible; Ezooms/1.0; ezooms.bot@gmail.com)"
208.115.113.91 - - [05/Aug/2012:17:22:03 +0200] "GET /robots.txt HTTP/1.1" 200 177 "-" "Mozilla/5.0 (compatible; Ezooms/1.0; ezooms.bot@gmail.com)"
66.249.72.169 - - [05/Aug/2012:17:24:08 +0200] "GET /news.php?cs_go=archiv&cs_startpos=690 HTTP/1.1" 200 22737 "-" "Mozilla/5.0 (compatible; Googlebot/2.1; +http://www.google.com/bot.html)"
