88.198.65.99 - - [16/Aug/2012:08:56:48 +0200] "GET /news.php?cs_go=archiv&cs_id=2730&cs_search= HTTP/1.1" 200 12333 "-" "Pixray-Seeker/1.1 (Pixray-Seeker; http://www.pixray.com/pixraybot; crawler@pixray.com)"
5.9.25.67 - - [16/Aug/2012:08:59:29 +0200] "GET /news.php?cs_go=archiv&cs_startpos=860 HTTP/1.1" 200 23113 "-" "Pixray-Seeker/2.0 (Pixray-Seeker; http://www.pixray.com/pixraybot; crawler@pixray.com)"
213.186.127.12 - - [16/Aug/2012:09:01:29 +0200] "GET /news.php?cs_go=archiv&cs_id=3256&cs_search= HTTP/1.1" 200 13335 "-" "Mozilla/5.0 (compatible; AhrefsBot/3.1; +http://ahrefs.com/robot/)"
88.198.65.99 - - [16/Aug/2012:09:01:56 +0200] "GET /news.php?cs_go=archiv&cs_id=1880&cs_search= HTTP/1.1" 200 9515 "-" "Pixray-Seeker/1.1 (Pixray-Seeker; http://www.pixray.com/pixraybot; crawler@pixray.com)"
66.249.72.131 - - [16/Aug/2012:09:18:05 +0200] "GET /news.php?cs_go=archiv&cs_id=2762&cs_search= HTTP/1.1" 200 10526 "-" "Mozilla/5.0 (compatible; Googlebot/2.1; +http://www.google.com/bot.html)"
123.125.71.50 - - [16/Aug/2012:09:34:22 +0200] "GET /robots.txt HTTP/1.1" 200 177 "-" "Mozilla/5.0 (Windows NT 5.1; rv:6.0.2) Gecko/20100101 Firefox/6.0.2"
5.9.25.77 - - [16/Aug/2012:09:35:04 +0200] "GET /robots.txt HTTP/1.1" 200 177 "-" "Pixray-Seeker/2.0 (Pixray-Seeker; http://www.pixray.com/pixraybot; crawler@pixray.com)"
5.9.25.77 - - [16/Aug/2012:09:35:04 +0200] "GET /lexikon.php?cs_go=3&cs_id=108 HTTP/1.1" 200 9635 "-" "Pixray-Seeker/2.0 (Pixray-Seeker; http://www.pixray.com/pixraybot; crawler@pixray.com)"
77.12.170.87 - - [16/Aug/2012:09:37:53 +0200] "GET /style.css HTTP/1.1" 200 8418 "http://www.mink-gmbh.de/" "Mozilla/5.0 (Windows NT 6.1; rv:14.0) Gecko/20100101 Firefox/14.0.1"
77.12.170.87 - - [16/Aug/2012:09:37:53 +0200] "GET /modul.css HTTP/1.1" 200 35038 "http://www.mink-gmbh.de/" "Mozilla/5.0 (Windows NT 6.1; rv:14.0) Gecko/20100101 Firefox/14.0.1"
77.12.170.87 - - [16/Aug/2012:09:37:53 +0200] "GET /favicon.ico HTTP/1.1" 200 3638 "-" "Mozilla/5.0 (Windows NT 6.1; rv:14.0) Gecko/20100101 Firefox/14.0.1"
77.12.170.87 - - [16/Aug/2012:09:37:54 +0200] "GET /js_contentserver24_greybox/gb_styles.css HTTP/1.1" 200 2302 "http://www.mink-gmbh.de/" "Mozilla/5.0 (Windows NT 6.1; rv:14.0) Gecko/20100101 Firefox/14.0.1"
77.12.170.87 - - [16/Aug/2012:09:37:54 +0200] "GET /js_contentserver24_greybox/AJS.js HTTP/1.1" 200 10396 "http://www.mink-gmbh.de/" "Mozilla/5.0 (Windows NT 6.1; rv:14.0) Gecko/20100101 Firefox/14.0.1"
77.12.170.87 - - [16/Aug/2012:09:37:54 +0200] "GET /js_contentserver24_greybox/AJS_fx.js HTTP/1.1" 200 3192 "http://www.mink-gmbh.de/" "Mozilla/5.0 (Windows NT 6.1; rv:14.0) Gecko/20100101 Firefox/14.0.1"
77.12.170.87 - - [16/Aug/2012:09:37:54 +0200] "GET /js_contentserver24_greybox/gb_scripts.js HTTP/1.1" 200 11913 "http://www.mink-gmbh.de/" "Mozilla/5.0 (Windows NT 6.1; rv:14.0) Gecko/20100101 Firefox/14.0.1"
77.12.170.87 - - [16/Aug/2012:09:37:54 +0200] "GET /images/bg.jpg HTTP/1.1" 200 345 "http://www.mink-gmbh.de/style.css" "Mozilla/5.0 (Windows NT 6.1; rv:14.0) Gecko/20100101 Firefox/14.0.1"
77.12.170.87 - - [16/Aug/2012:09:37:54 +0200] "GET /js_contentserver24_greybox/w_close.gif HTTP/1.1" 200 74 "http://www.mink-gmbh.de/" "Mozilla/5.0 (Windows NT 6.1; rv:14.0) Gecko/20100101 Firefox/14.0.1"
77.12.170.87 - - [16/Aug/2012:09:37:54 +0200] "GET /images/close.png HTTP/1.1" 200 703 "http://www.mink-gmbh.de/" "Mozilla/5.0 (Windows NT 6.1; rv:14.0) Gecko/20100101 Firefox/14.0.1"
77.12.170.87 - - [16/Aug/2012:09:37:54 +0200] "GET /images/newsletter_bg.jpg HTTP/1.1" 200 33610 "http://www.mink-gmbh.de/" "Mozilla/5.0 (Windows NT 6.1; rv:14.0) Gecko/20100101 Firefox/14.0.1"
77.12.170.87 - - [16/Aug/2012:09:37:54 +0200] "GET /images/newsletter.png HTTP/1.1" 200 14619 "http://www.mink-gmbh.de/style.css" "Mozilla/5.0 (Windows NT 6.1; rv:14.0) Gecko/20100101 Firefox/14.0.1"
77.12.170.87 - - [16/Aug/2012:09:37:54 +0200] "GET /images/wrapperbg.jpg HTTP/1.1" 200 27465 "http://www.mink-gmbh.de/style.css" "Mozilla/5.0 (Windows NT 6.1; rv:14.0) Gecko/20100101 Firefox/14.0.1"
77.12.170.87 - - [16/Aug/2012:09:37:54 +0200] "GET /images/header.jpg HTTP/1.1" 200 24413 "http://www.mink-gmbh.de/style.css" "Mozilla/5.0 (Windows NT 6.1; rv:14.0) Gecko/20100101 Firefox/14.0.1"
77.12.170.87 - - [16/Aug/2012:09:37:54 +0200] "GET /images/navibg.png HTTP/1.1" 200 2803 "http://www.mink-gmbh.de/style.css" "Mozilla/5.0 (Windows NT 6.1; rv:14.0) Gecko/20100101 Firefox/14.0.1"
77.12.170.87 - - [16/Aug/2012:09:37:54 +0200] "GET /images/fallend.png HTTP/1.1" 200 713 "http://www.mink-gmbh.de/modul.css" "Mozilla/5.0 (Windows NT 6.1; rv:14.0) Gecko/20100101 Firefox/14.0.1"
77.12.170.87 - - [16/Aug/2012:09:37:54 +0200] "GET /images/steigend.png HTTP/1.1" 200 688 "http://www.mink-gmbh.de/modul.css" "Mozilla/5.0 (Windows NT 6.1; rv:14.0) Gecko/20100101 Firefox/14.0.1"
77.12.170.87 - - [16/Aug/2012:09:37:54 +0200] "GET /images/tkw.jpg HTTP/1.1" 200 64031 "http://www.mink-gmbh.de/" "Mozilla/5.0 (Windows NT 6.1; rv:14.0) Gecko/20100101 Firefox/14.0.1"
77.12.170.87 - - [16/Aug/2012:09:37:54 +0200] "GET /images/mobil.jpg HTTP/1.1" 200 25293 "http://www.mink-gmbh.de/style.css" "Mozilla/5.0 (Windows NT 6.1; rv:14.0) Gecko/20100101 Firefox/14.0.1"
77.12.170.87 - - [16/Aug/2012:09:37:54 +0200] "GET /images/newsletter.jpg HTTP/1.1" 200 13130 "http://www.mink-gmbh.de/style.css" "Mozilla/5.0 (Windows NT 6.1; rv:14.0) Gecko/20100101 Firefox/14.0.1"
77.12.170.87 - - [16/Aug/2012:09:37:54 +0200] "GET /js_contentserver24_greybox/loader_frame.html?s=0 HTTP/1.1" 200 2084 "http://www.mink-gmbh.de/" "Mozilla/5.0 (Windows NT 6.1; rv:14.0) Gecko/20100101 Firefox/14.0.1"
77.12.170.87 - - [16/Aug/2012:09:37:54 +0200] "GET /js_contentserver24_greybox/header_bg.gif HTTP/1.1" 200 1188 "http://www.mink-gmbh.de/" "Mozilla/5.0 (Windows NT 6.1; rv:14.0) Gecko/20100101 Firefox/14.0.1"
77.12.170.87 - - [16/Aug/2012:09:37:54 +0200] "GET /js_contentserver24_greybox/indicator.gif HTTP/1.1" 200 8238 "http://www.mink-gmbh.de/js_contentserver24_greybox/loader_frame.html?s=0" "Mozilla/5.0 (Windows NT 6.1; rv:14.0) Gecko/20100101 Firefox/14.0.1"
77.12.170.87 - - [16/Aug/2012:09:37:53 +0200] "GET / HTTP/1.1" 200 15332 "http://www.google.de/url?sa=t&rct=j&q=&esrc=s&source=web&cd=1&ved=0CEsQFjAA&url=http%3A%2F%2Fwww.mink-gmbh.de%2F&ei=MaIsUKvRPOmL4gSutoHADg&usg=AFQjCNFHX4Iglls9oo-KYXTmDUV_5KOVIg" "Mozilla/5.0 (Windows NT 6.1; rv:14.0) Gecko/20100101 Firefox/14.0.1"
77.12.170.87 - - [16/Aug/2012:09:37:54 +0200] "GET /images/freecall.jpg HTTP/1.1" 200 39195 "http://www.mink-gmbh.de/" "Mozilla/5.0 (Windows NT 6.1; rv:14.0) Gecko/20100101 Firefox/14.0.1"
77.12.170.87 - - [16/Aug/2012:09:37:54 +0200] "GET /images/mail.jpg HTTP/1.1" 200 11165 "http://www.mink-gmbh.de/" "Mozilla/5.0 (Windows NT 6.1; rv:14.0) Gecko/20100101 Firefox/14.0.1"
77.12.170.87 - - [16/Aug/2012:09:37:54 +0200] "GET /images/kwk.gif HTTP/1.1" 200 6403 "http://www.mink-gmbh.de/" "Mozilla/5.0 (Windows NT 6.1; rv:14.0) Gecko/20100101 Firefox/14.0.1"
77.12.170.87 - - [16/Aug/2012:09:37:55 +0200] "GET /images/wunschpreis.jpg HTTP/1.1" 200 16767 "http://www.mink-gmbh.de/" "Mozilla/5.0 (Windows NT 6.1; rv:14.0) Gecko/20100101 Firefox/14.0.1"
77.12.170.87 - - [16/Aug/2012:09:37:55 +0200] "GET /images/logos.jpg HTTP/1.1" 200 15002 "http://www.mink-gmbh.de/" "Mozilla/5.0 (Windows NT 6.1; rv:14.0) Gecko/20100101 Firefox/14.0.1"
77.12.170.87 - - [16/Aug/2012:09:37:55 +0200] "GET /images/footerbg.jpg HTTP/1.1" 200 2184 "http://www.mink-gmbh.de/style.css" "Mozilla/5.0 (Windows NT 6.1; rv:14.0) Gecko/20100101 Firefox/14.0.1"
77.12.170.87 - - [16/Aug/2012:09:37:55 +0200] "GET /js_contentserver24_greybox/g_close.gif HTTP/1.1" 200 541 "http://www.mink-gmbh.de/" "Mozilla/5.0 (Windows NT 6.1; rv:14.0) Gecko/20100101 Firefox/14.0.1"
208.115.111.75 - - [16/Aug/2012:09:37:58 +0200] "GET /robots.txt HTTP/1.1" 200 177 "-" "Mozilla/5.0 (compatible; Ezooms/1.0; ezooms.bot@gmail.com)"
77.12.170.87 - - [16/Aug/2012:09:38:14 +0200] "GET /jobs.php HTTP/1.1" 200 11117 "http://www.mink-gmbh.de/" "Mozilla/5.0 (Windows NT 6.1; rv:14.0) Gecko/20100101 Firefox/14.0.1"
66.249.72.131 - - [16/Aug/2012:09:57:09 +0200] "GET /news.php?cs_go=archiv&cs_id=3286&cs_search= HTTP/1.1" 200 10841 "-" "Mozilla/5.0 (compatible; Googlebot/2.1; +http://www.google.com/bot.html)"
66.249.72.131 - - [16/Aug/2012:10:06:05 +0200] "GET /robots.txt HTTP/1.1" 200 177 "-" "Mozilla/5.0 (compatible; Googlebot/2.1; +http://www.google.com/bot.html)"
66.249.72.131 - - [16/Aug/2012:10:06:05 +0200] "GET /news.php?cs_go=archiv&cs_startpos=920 HTTP/1.1" 200 23241 "-" "Mozilla/5.0 (compatible; Googlebot/2.1; +http://www.google.com/bot.html)"
66.249.72.131 - - [16/Aug/2012:10:06:09 +0200] "GET /news.php?cs_go=archiv&cs_id=1807&cs_search= HTTP/1.1" 200 9479 "-" "Mozilla/5.0 (compatible; Googlebot/2.1; +http://www.google.com/bot.html)"
5.9.25.69 - - [16/Aug/2012:10:06:57 +0200] "GET /robots.txt HTTP/1.1" 200 177 "-" "Pixray-Seeker/2.0 (Pixray-Seeker; http://www.pixray.com/pixraybot; crawler@pixray.com)"
5.9.25.69 - - [16/Aug/2012:10:06:57 +0200] "GET /lexikon.php?cs_go=3&cs_id=109 HTTP/1.1" 200 9594 "-" "Pixray-Seeker/2.0 (Pixray-Seeker; http://www.pixray.com/pixraybot; crawler@pixray.com)"
213.186.127.3 - - [16/Aug/2012:10:09:00 +0200] "GET /news.php?cs_go=archiv&cs_id=3305&cs_search= HTTP/1.1" 200 9914 "-" "Mozilla/5.0 (compatible; AhrefsBot/3.1; +http://ahrefs.com/robot/)"
66.249.72.131 - - [16/Aug/2012:10:09:09 +0200] "GET /news.php?cs_go=archiv&cs_id=1787&cs_search= HTTP/1.1" 200 9881 "-" "Mozilla/5.0 (compatible; Googlebot/2.1; +http://www.google.com/bot.html)"
88.198.67.197 - - [16/Aug/2012:10:10:52 +0200] "GET /robots.txt HTTP/1.1" 200 177 "-" "Pixray-Seeker/1.1 (Pixray-Seeker; http://www.pixray.com/pixraybot; crawler@pixray.com)"
88.198.67.197 - - [16/Aug/2012:10:10:52 +0200] "GET /news.php?cs_go=archiv&cs_startpos=960 HTTP/1.1" 200 22853 "-" "Pixray-Seeker/1.1 (Pixray-Seeker; http://www.pixray.com/pixraybot; crawler@pixray.com)"
66.249.72.131 - - [16/Aug/2012:10:12:10 +0200] "GET /news.php?cs_go=archiv&cs_id=2721&cs_search= HTTP/1.1" 200 11003 "-" "Mozilla/5.0 (compatible; Googlebot/2.1; +http://www.google.com/bot.html)"
88.198.67.197 - - [16/Aug/2012:10:15:33 +0200] "GET /news.php?cs_go=archiv&cs_startpos=741 HTTP/1.1" 200 23297 "-" "Pixray-Seeker/1.1 (Pixray-Seeker; http://www.pixray.com/pixraybot; crawler@pixray.com)"
88.198.67.197 - - [16/Aug/2012:10:15:44 +0200] "GET /news.php?cs_go=archiv&cs_id=2678&cs_search= HTTP/1.1" 200 9952 "-" "Pixray-Seeker/1.1 (Pixray-Seeker; http://www.pixray.com/pixraybot; crawler@pixray.com)"
88.198.67.197 - - [16/Aug/2012:10:17:49 +0200] "GET /news.php?cs_go=archiv&cs_id=1649&cs_search= HTTP/1.1" 200 13917 "-" "Pixray-Seeker/1.1 (Pixray-Seeker; http://www.pixray.com/pixraybot; crawler@pixray.com)"
66.249.72.131 - - [16/Aug/2012:10:18:11 +0200] "GET /news.php?cs_go=archiv&cs_id=1963&cs_search= HTTP/1.1" 200 14117 "-" "Mozilla/5.0 (compatible; Googlebot/2.1; +http://www.google.com/bot.html)"
66.249.72.131 - - [16/Aug/2012:10:30:12 +0200] "GET /news.php?cs_go=archiv&cs_id=1932&cs_search= HTTP/1.1" 200 9451 "-" "Mozilla/5.0 (compatible; Googlebot/2.1; +http://www.google.com/bot.html)"
5.9.25.73 - - [16/Aug/2012:10:30:34 +0200] "GET /robots.txt HTTP/1.1" 200 177 "-" "Pixray-Seeker/2.0 (Pixray-Seeker; http://www.pixray.com/pixraybot; crawler@pixray.com)"
5.9.25.73 - - [16/Aug/2012:10:30:34 +0200] "GET /lexikon.php?cs_go=3&cs_id=12 HTTP/1.1" 200 8573 "-" "Pixray-Seeker/2.0 (Pixray-Seeker; http://www.pixray.com/pixraybot; crawler@pixray.com)"
188.40.65.130 - - [16/Aug/2012:10:32:35 +0200] "GET /robots.txt HTTP/1.1" 200 177 "-" "Pixray-Seeker/1.1 (Pixray-Seeker; http://www.pixray.com/pixraybot; crawler@pixray.com)"
188.40.65.130 - - [16/Aug/2012:10:32:35 +0200] "GET /www.erneuerbare-energien.de/inhalt/2720/%AD HTTP/1.1" 404 - "-" "Pixray-Seeker/1.1 (Pixray-Seeker; http://www.pixray.com/pixraybot; crawler@pixray.com)"
188.40.65.130 - - [16/Aug/2012:10:34:56 +0200] "GET /news.php?cs_go=archiv&cs_id=2021&cs_search= HTTP/1.1" 200 15322 "-" "Pixray-Seeker/1.1 (Pixray-Seeker; http://www.pixray.com/pixraybot; crawler@pixray.com)"
66.249.72.131 - - [16/Aug/2012:10:36:12 +0200] "GET /news.php?cs_go=archiv&cs_id=1792&cs_search= HTTP/1.1" 200 9563 "-" "Mozilla/5.0 (compatible; Googlebot/2.1; +http://www.google.com/bot.html)"
66.249.72.131 - - [16/Aug/2012:10:45:13 +0200] "GET /news.php?cs_go=archiv&cs_id=1947&cs_search= HTTP/1.1" 200 14031 "-" "Mozilla/5.0 (compatible; Googlebot/2.1; +http://www.google.com/bot.html)"
88.198.67.134 - - [16/Aug/2012:10:46:35 +0200] "GET /robots.txt HTTP/1.1" 200 177 "-" "Pixray-Seeker/1.1 (Pixray-Seeker; http://www.pixray.com/pixraybot; crawler@pixray.com)"
88.198.67.134 - - [16/Aug/2012:10:46:35 +0200] "GET /lexikon.php?cs_go=3&cs_id=186 HTTP/1.1" 200 8239 "-" "Pixray-Seeker/1.1 (Pixray-Seeker; http://www.pixray.com/pixraybot; crawler@pixray.com)"
89.247.103.192 - - [16/Aug/2012:10:48:10 +0200] "GET /index.php HTTP/1.1" 200 15332 "-" "Mozilla/5.0 (Windows NT 6.1; rv:14.0) Gecko/20100101 Firefox/14.0.1"
89.247.103.192 - - [16/Aug/2012:10:48:12 +0200] "GET /js_contentserver24_greybox/loader_frame.html?s=0 HTTP/1.1" 304 - "http://www.mink-gmbh.de/index.php" "Mozilla/5.0 (Windows NT 6.1; rv:14.0) Gecko/20100101 Firefox/14.0.1"
88.198.67.134 - - [16/Aug/2012:10:53:50 +0200] "GET /lexikon.php?cs_go=3&cs_id=58 HTTP/1.1" 200 10754 "-" "Pixray-Seeker/1.1 (Pixray-Seeker; http://www.pixray.com/pixraybot; crawler@pixray.com)"
5.9.25.69 - - [16/Aug/2012:11:08:46 +0200] "GET /robots.txt HTTP/1.1" 200 177 "-" "Pixray-Seeker/2.0 (Pixray-Seeker; http://www.pixray.com/pixraybot; crawler@pixray.com)"
5.9.25.69 - - [16/Aug/2012:11:08:46 +0200] "GET /news.php?cs_go=archiv&cs_startpos=901 HTTP/1.1" 200 23376 "-" "Pixray-Seeker/2.0 (Pixray-Seeker; http://www.pixray.com/pixraybot; crawler@pixray.com)"
46.4.92.141 - - [16/Aug/2012:11:14:19 +0200] "GET /robots.txt HTTP/1.1" 200 177 "-" "Pixray-Seeker/1.1 (Pixray-Seeker; http://www.pixray.com/pixraybot; crawler@pixray.com)"
46.4.92.141 - - [16/Aug/2012:11:14:19 +0200] "GET /lexikon.php?cs_go=3&cs_id=102 HTTP/1.1" 200 7992 "-" "Pixray-Seeker/1.1 (Pixray-Seeker; http://www.pixray.com/pixraybot; crawler@pixray.com)"
130.83.167.153 - - [16/Aug/2012:11:16:36 +0200] "GET /additive.php HTTP/1.1" 200 6808 "-" "findlinks/2.6 (+http://wortschatz.uni-leipzig.de/findlinks/)"
130.83.167.153 - - [16/Aug/2012:11:16:36 +0200] "GET /additive.php HTTP/1.1" 200 15767 "-" "findlinks/2.6 (+http://wortschatz.uni-leipzig.de/findlinks/)"
213.186.119.134 - - [16/Aug/2012:11:17:39 +0200] "GET /.php HTTP/1.1" 404 - "-" "Mozilla/5.0 (compatible; AhrefsBot/3.1; +http://ahrefs.com/robot/)"
178.77.126.55 - - [16/Aug/2012:11:19:25 +0200] "GET /robots.txt HTTP/1.1" 200 177 "-" "Mozilla/5.0 (compatible; CareerBot/1.1; +http://www.career-x.de/bot.html)"
178.77.126.55 - - [16/Aug/2012:11:19:25 +0200] "GET / HTTP/1.1" 200 15332 "-" "Mozilla/5.0 (compatible; CareerBot/1.1; +http://www.career-x.de/bot.html)"
178.77.126.55 - - [16/Aug/2012:11:19:26 +0200] "GET /news.php?cs_go=archiv&cs_id=3358 HTTP/1.1" 200 12847 "-" "Mozilla/5.0 (compatible; CareerBot/1.1; +http://www.career-x.de/bot.html)"
66.249.72.131 - - [16/Aug/2012:11:24:15 +0200] "GET /news.php?cs_go=archiv&cs_id=1859&cs_search= HTTP/1.1" 200 9608 "-" "Mozilla/5.0 (compatible; Googlebot/2.1; +http://www.google.com/bot.html)"
88.198.67.197 - - [16/Aug/2012:11:28:24 +0200] "GET /robots.txt HTTP/1.1" 200 177 "-" "Pixray-Seeker/1.1 (Pixray-Seeker; http://www.pixray.com/pixraybot; crawler@pixray.com)"
88.198.67.197 - - [16/Aug/2012:11:28:24 +0200] "GET /news.php?cs_go=archiv&cs_startpos=590 HTTP/1.1" 200 22773 "-" "Pixray-Seeker/1.1 (Pixray-Seeker; http://www.pixray.com/pixraybot; crawler@pixray.com)"
66.249.72.131 - - [16/Aug/2012:11:29:30 +0200] "GET /news.php?cs_go=archiv&cs_startpos=1550 HTTP/1.1" 200 20982 "-" "Mozilla/5.0 (compatible; Googlebot/2.1; +http://www.google.com/bot.html)"
88.198.67.197 - - [16/Aug/2012:11:29:48 +0200] "GET /news.php?cs_go=archiv&cs_id=2266&cs_search= HTTP/1.1" 200 12008 "-" "Pixray-Seeker/1.1 (Pixray-Seeker; http://www.pixray.com/pixraybot; crawler@pixray.com)"
88.198.67.197 - - [16/Aug/2012:11:30:26 +0200] "GET /news.php?cs_go=archiv&cs_id=1877&cs_search= HTTP/1.1" 200 9803 "-" "Pixray-Seeker/1.1 (Pixray-Seeker; http://www.pixray.com/pixraybot; crawler@pixray.com)"
88.198.67.197 - - [16/Aug/2012:11:35:05 +0200] "GET /news.php?cs_go=archiv&cs_id=1970&cs_search= HTTP/1.1" 200 9401 "-" "Pixray-Seeker/1.1 (Pixray-Seeker; http://www.pixray.com/pixraybot; crawler@pixray.com)"
88.198.67.197 - - [16/Aug/2012:11:35:35 +0200] "GET /news.php?cs_go=archiv&cs_id=2376&cs_search= HTTP/1.1" 200 14129 "-" "Pixray-Seeker/1.1 (Pixray-Seeker; http://www.pixray.com/pixraybot; crawler@pixray.com)"
88.198.67.197 - - [16/Aug/2012:11:35:35 +0200] "GET /news.php?cs_go=archiv&cs_startpos=531 HTTP/1.1" 200 22942 "-" "Pixray-Seeker/1.1 (Pixray-Seeker; http://www.pixray.com/pixraybot; crawler@pixray.com)"
5.9.25.82 - - [16/Aug/2012:11:37:04 +0200] "GET /robots.txt HTTP/1.1" 200 177 "-" "Pixray-Seeker/2.0 (Pixray-Seeker; http://www.pixray.com/pixraybot; crawler@pixray.com)"
5.9.25.82 - - [16/Aug/2012:11:37:05 +0200] "GET /lexikon.php?cs_go=3&cs_id=174 HTTP/1.1" 200 8731 "-" "Pixray-Seeker/2.0 (Pixray-Seeker; http://www.pixray.com/pixraybot; crawler@pixray.com)"
5.9.25.82 - - [16/Aug/2012:11:38:29 +0200] "GET /lexikon.php?cs_go=2&cs_char=u HTTP/1.1" 200 8657 "-" "Pixray-Seeker/2.0 (Pixray-Seeker; http://www.pixray.com/pixraybot; crawler@pixray.com)"
77.20.155.218 - - [16/Aug/2012:11:41:15 +0200] "GET /energiesparcheck.php HTTP/1.1" 200 13559 "-" "findlinks/2.0.2 (+http://wortschatz.uni-leipzig.de/findlinks/)"
77.20.155.218 - - [16/Aug/2012:11:41:15 +0200] "GET /energiesparcheck.php HTTP/1.1" 200 13472 "-" "findlinks/2.0.2 (+http://wortschatz.uni-leipzig.de/findlinks/)"
88.198.67.134 - - [16/Aug/2012:11:42:14 +0200] "GET /robots.txt HTTP/1.1" 200 177 "-" "Pixray-Seeker/1.1 (Pixray-Seeker; http://www.pixray.com/pixraybot; crawler@pixray.com)"
88.198.67.134 - - [16/Aug/2012:11:42:14 +0200] "GET /news.php?cs_go=archiv&cs_id=2105&cs_search= HTTP/1.1" 200 10362 "-" "Pixray-Seeker/1.1 (Pixray-Seeker; http://www.pixray.com/pixraybot; crawler@pixray.com)"
88.198.67.134 - - [16/Aug/2012:11:43:03 +0200] "GET /news.php?cs_go=archiv&cs_startpos=1510 HTTP/1.1" 200 22647 "-" "Pixray-Seeker/1.1 (Pixray-Seeker; http://www.pixray.com/pixraybot; crawler@pixray.com)"
65.36.241.79 - - [16/Aug/2012:11:44:48 +0200] "HEAD / HTTP/1.1" 200 - "-" "InternetSeer.com"
66.249.72.131 - - [16/Aug/2012:11:45:16 +0200] "GET /news.php?cs_go=archiv&cs_id=3287&cs_search= HTTP/1.1" 200 13381 "-" "Mozilla/5.0 (compatible; Googlebot/2.1; +http://www.google.com/bot.html)"
88.198.67.134 - - [16/Aug/2012:11:45:55 +0200] "GET /news.php?cs_go=archiv&cs_id=2651&cs_search= HTTP/1.1" 200 12751 "-" "Pixray-Seeker/1.1 (Pixray-Seeker; http://www.pixray.com/pixraybot; crawler@pixray.com)"
88.198.67.134 - - [16/Aug/2012:11:51:27 +0200] "GET /news.php?cs_go=archiv&cs_startpos=671 HTTP/1.1" 200 23008 "-" "Pixray-Seeker/1.1 (Pixray-Seeker; http://www.pixray.com/pixraybot; crawler@pixray.com)"
88.198.67.134 - - [16/Aug/2012:11:52:49 +0200] "GET /lexikon.php?cs_go=3&cs_id=161 HTTP/1.1" 200 7936 "-" "Pixray-Seeker/1.1 (Pixray-Seeker; http://www.pixray.com/pixraybot; crawler@pixray.com)"
88.198.67.134 - - [16/Aug/2012:11:53:33 +0200] "GET /news.php?cs_go=archiv&cs_id=2544&cs_search= HTTP/1.1" 200 10255 "-" "Pixray-Seeker/1.1 (Pixray-Seeker; http://www.pixray.com/pixraybot; crawler@pixray.com)"
88.198.67.134 - - [16/Aug/2012:11:54:30 +0200] "GET /news.php?cs_go=archiv&cs_id=2752&cs_search= HTTP/1.1" 200 12169 "-" "Pixray-Seeker/1.1 (Pixray-Seeker; http://www.pixray.com/pixraybot; crawler@pixray.com)"
77.20.155.218 - - [16/Aug/2012:11:59:58 +0200] "GET /edl.php HTTP/1.1" 200 10801 "-" "findlinks/2.0.2 (+http://wortschatz.uni-leipzig.de/findlinks/)"
77.20.155.218 - - [16/Aug/2012:11:59:59 +0200] "GET /edl.php HTTP/1.1" 200 10714 "-" "findlinks/2.0.2 (+http://wortschatz.uni-leipzig.de/findlinks/)"
46.4.125.109 - - [16/Aug/2012:12:06:57 +0200] "GET /robots.txt HTTP/1.1" 200 177 "-" "Pixray-Seeker/1.1 (Pixray-Seeker; http://www.pixray.com/pixraybot; crawler@pixray.com)"
46.4.125.109 - - [16/Aug/2012:12:06:57 +0200] "GET /news.php?cs_go=archiv&cs_id=2100&cs_search= HTTP/1.1" 200 10412 "-" "Pixray-Seeker/1.1 (Pixray-Seeker; http://www.pixray.com/pixraybot; crawler@pixray.com)"
46.4.125.109 - - [16/Aug/2012:12:07:04 +0200] "GET /lexikon.php?cs_go=3&cs_id=2 HTTP/1.1" 200 8337 "-" "Pixray-Seeker/1.1 (Pixray-Seeker; http://www.pixray.com/pixraybot; crawler@pixray.com)"
46.4.125.109 - - [16/Aug/2012:12:08:05 +0200] "GET /news.php?cs_go=archiv&cs_startpos=841 HTTP/1.1" 200 23118 "-" "Pixray-Seeker/1.1 (Pixray-Seeker; http://www.pixray.com/pixraybot; crawler@pixray.com)"
46.4.125.109 - - [16/Aug/2012:12:08:42 +0200] "GET /news.php?cs_go=archiv&cs_id=2305&cs_search= HTTP/1.1" 200 15593 "-" "Pixray-Seeker/1.1 (Pixray-Seeker; http://www.pixray.com/pixraybot; crawler@pixray.com)"
46.4.125.109 - - [16/Aug/2012:12:09:58 +0200] "GET /news.php?cs_go=archiv&cs_startpos=701 HTTP/1.1" 200 22873 "-" "Pixray-Seeker/1.1 (Pixray-Seeker; http://www.pixray.com/pixraybot; crawler@pixray.com)"
46.4.125.109 - - [16/Aug/2012:12:13:43 +0200] "GET /news.php?cs_go=archiv&cs_startpos=280 HTTP/1.1" 200 22961 "-" "Pixray-Seeker/1.1 (Pixray-Seeker; http://www.pixray.com/pixraybot; crawler@pixray.com)"
46.4.125.109 - - [16/Aug/2012:12:15:17 +0200] "GET /lexikon.php?cs_go=3&cs_id=176 HTTP/1.1" 200 8207 "-" "Pixray-Seeker/1.1 (Pixray-Seeker; http://www.pixray.com/pixraybot; crawler@pixray.com)"
213.186.127.14 - - [16/Aug/2012:12:24:03 +0200] "GET /news.php?cs_go=archiv&cs_id=3306&cs_search= HTTP/1.1" 200 10057 "-" "Mozilla/5.0 (compatible; AhrefsBot/3.1; +http://ahrefs.com/robot/)"
188.40.66.214 - - [16/Aug/2012:12:34:03 +0200] "GET /robots.txt HTTP/1.1" 200 177 "-" "Pixray-Seeker/1.1 (Pixray-Seeker; http://www.pixray.com/pixraybot; crawler@pixray.com)"
188.40.66.214 - - [16/Aug/2012:12:34:03 +0200] "GET /lexikon.php?cs_go=2&cs_char=h HTTP/1.1" 200 8687 "-" "Pixray-Seeker/1.1 (Pixray-Seeker; http://www.pixray.com/pixraybot; crawler@pixray.com)"
188.40.66.214 - - [16/Aug/2012:12:34:18 +0200] "GET /lexikon.php?cs_go=3&cs_id=191 HTTP/1.1" 200 9317 "-" "Pixray-Seeker/1.1 (Pixray-Seeker; http://www.pixray.com/pixraybot; crawler@pixray.com)"
188.40.66.214 - - [16/Aug/2012:12:35:30 +0200] "GET /news.php?cs_go=archiv&cs_id=1876&cs_search= HTTP/1.1" 200 14029 "-" "Pixray-Seeker/1.1 (Pixray-Seeker; http://www.pixray.com/pixraybot; crawler@pixray.com)"
188.40.66.214 - - [16/Aug/2012:12:38:40 +0200] "GET /news.php?cs_go=archiv&cs_id=1860&cs_search= HTTP/1.1" 200 14026 "-" "Pixray-Seeker/1.1 (Pixray-Seeker; http://www.pixray.com/pixraybot; crawler@pixray.com)"
188.40.66.214 - - [16/Aug/2012:12:41:05 +0200] "GET /news.php?cs_go=archiv&cs_startpos=210 HTTP/1.1" 200 23077 "-" "Pixray-Seeker/1.1 (Pixray-Seeker; http://www.pixray.com/pixraybot; crawler@pixray.com)"
188.40.66.214 - - [16/Aug/2012:12:43:54 +0200] "GET /news.php?cs_go=archiv&cs_id=1881&cs_search= HTTP/1.1" 200 11798 "-" "Pixray-Seeker/1.1 (Pixray-Seeker; http://www.pixray.com/pixraybot; crawler@pixray.com)"
208.115.113.91 - - [16/Aug/2012:12:56:46 +0200] "GET /robots.txt HTTP/1.1" 200 177 "-" "Mozilla/5.0 (compatible; Ezooms/1.0; ezooms.bot@gmail.com)"
46.4.92.141 - - [16/Aug/2012:12:58:34 +0200] "GET /robots.txt HTTP/1.1" 200 177 "-" "Pixray-Seeker/1.1 (Pixray-Seeker; http://www.pixray.com/pixraybot; crawler@pixray.com)"
46.4.92.141 - - [16/Aug/2012:12:58:34 +0200] "GET /lexikon.php?cs_go=3&cs_id=148 HTTP/1.1" 200 8539 "-" "Pixray-Seeker/1.1 (Pixray-Seeker; http://www.pixray.com/pixraybot; crawler@pixray.com)"
46.4.92.141 - - [16/Aug/2012:12:59:56 +0200] "GET /news.php?cs_go=archiv&cs_id=1757&cs_search= HTTP/1.1" 200 13888 "-" "Pixray-Seeker/1.1 (Pixray-Seeker; http://www.pixray.com/pixraybot; crawler@pixray.com)"
46.4.92.141 - - [16/Aug/2012:13:03:33 +0200] "GET /lexikon.php?cs_go=3&cs_id=188 HTTP/1.1" 200 7919 "-" "Pixray-Seeker/1.1 (Pixray-Seeker; http://www.pixray.com/pixraybot; crawler@pixray.com)"
46.4.92.141 - - [16/Aug/2012:13:05:51 +0200] "GET /news.php?cs_go=archiv&cs_startpos=371 HTTP/1.1" 200 22876 "-" "Pixray-Seeker/1.1 (Pixray-Seeker; http://www.pixray.com/pixraybot; crawler@pixray.com)"
46.4.92.141 - - [16/Aug/2012:13:07:30 +0200] "GET /news.php?cs_go=archiv&cs_startpos=901 HTTP/1.1" 200 23289 "-" "Pixray-Seeker/1.1 (Pixray-Seeker; http://www.pixray.com/pixraybot; crawler@pixray.com)"
46.4.92.141 - - [16/Aug/2012:13:08:39 +0200] "GET /news.php?cs_go=archiv&cs_id=2118&cs_search= HTTP/1.1" 200 10002 "-" "Pixray-Seeker/1.1 (Pixray-Seeker; http://www.pixray.com/pixraybot; crawler@pixray.com)"
66.249.72.131 - - [16/Aug/2012:13:24:22 +0200] "GET /news.php?cs_go=archiv&cs_startpos=1 HTTP/1.1" 200 22695 "-" "Mozilla/5.0 (compatible; Googlebot/2.1; +http://www.google.com/bot.html)"
213.186.127.13 - - [16/Aug/2012:13:32:36 +0200] "GET /news.php?cs_go=archiv&cs_id=3257&cs_search= HTTP/1.1" 200 9799 "-" "Mozilla/5.0 (compatible; AhrefsBot/3.1; +http://ahrefs.com/robot/)"
188.40.85.200 - - [16/Aug/2012:13:34:51 +0200] "GET /robots.txt HTTP/1.1" 200 177 "-" "Pixray-Seeker/1.1 (Pixray-Seeker; http://www.pixray.com/pixraybot; crawler@pixray.com)"
188.40.85.200 - - [16/Aug/2012:13:34:51 +0200] "GET /lexikon.php?cs_go=3&cs_id=185 HTTP/1.1" 200 8346 "-" "Pixray-Seeker/1.1 (Pixray-Seeker; http://www.pixray.com/pixraybot; crawler@pixray.com)"
66.249.72.131 - - [16/Aug/2012:13:37:28 +0200] "GET /news.php?cs_go=archiv&cs_id=3362&cs_search= HTTP/1.1" 200 9892 "-" "Mozilla/5.0 (compatible; Googlebot/2.1; +http://www.google.com/bot.html)"
46.4.125.109 - - [16/Aug/2012:13:51:12 +0200] "GET /robots.txt HTTP/1.1" 200 177 "-" "Pixray-Seeker/1.1 (Pixray-Seeker; http://www.pixray.com/pixraybot; crawler@pixray.com)"
46.4.125.109 - - [16/Aug/2012:13:51:12 +0200] "GET /news.php?cs_go=archiv&cs_startpos=1140 HTTP/1.1" 200 23011 "-" "Pixray-Seeker/1.1 (Pixray-Seeker; http://www.pixray.com/pixraybot; crawler@pixray.com)"
46.4.125.109 - - [16/Aug/2012:14:02:03 +0200] "GET /news.php?cs_go=archiv&cs_id=1698&cs_search= HTTP/1.1" 200 14013 "-" "Pixray-Seeker/1.1 (Pixray-Seeker; http://www.pixray.com/pixraybot; crawler@pixray.com)"
46.4.19.85 - - [16/Aug/2012:14:11:54 +0200] "GET /robots.txt HTTP/1.1" 200 177 "-" "Pixray-Seeker/1.1 (Pixray-Seeker; http://www.pixray.com/pixraybot; crawler@pixray.com)"
46.4.19.85 - - [16/Aug/2012:14:11:54 +0200] "GET /news.php?cs_go=archiv&cs_startpos=441 HTTP/1.1" 200 22973 "-" "Pixray-Seeker/1.1 (Pixray-Seeker; http://www.pixray.com/pixraybot; crawler@pixray.com)"
46.4.19.85 - - [16/Aug/2012:14:14:41 +0200] "GET /lexikon.php?cs_go=3&cs_id=95 HTTP/1.1" 200 8669 "-" "Pixray-Seeker/1.1 (Pixray-Seeker; http://www.pixray.com/pixraybot; crawler@pixray.com)"
46.4.19.85 - - [16/Aug/2012:14:15:39 +0200] "GET /lexikon.php?cs_go=3&cs_id=117 HTTP/1.1" 200 8282 "-" "Pixray-Seeker/1.1 (Pixray-Seeker; http://www.pixray.com/pixraybot; crawler@pixray.com)"
46.4.19.85 - - [16/Aug/2012:14:19:41 +0200] "GET /news.php?cs_go=archiv&cs_id=2158&cs_search= HTTP/1.1" 200 14019 "-" "Pixray-Seeker/1.1 (Pixray-Seeker; http://www.pixray.com/pixraybot; crawler@pixray.com)"
46.4.19.85 - - [16/Aug/2012:14:21:26 +0200] "GET /lexikon.php?cs_go=3&cs_id=99 HTTP/1.1" 200 9469 "-" "Pixray-Seeker/1.1 (Pixray-Seeker; http://www.pixray.com/pixraybot; crawler@pixray.com)"
46.4.92.140 - - [16/Aug/2012:14:30:02 +0200] "GET /robots.txt HTTP/1.1" 200 177 "-" "Pixray-Seeker/1.1 (Pixray-Seeker; http://www.pixray.com/pixraybot; crawler@pixray.com)"
46.4.92.140 - - [16/Aug/2012:14:30:02 +0200] "GET /news.php?cs_go=archiv&cs_startpos=1110 HTTP/1.1" 200 23179 "-" "Pixray-Seeker/1.1 (Pixray-Seeker; http://www.pixray.com/pixraybot; crawler@pixray.com)"
178.154.179.250 - - [16/Aug/2012:14:30:29 +0200] "GET / HTTP/1.1" 200 15323 "-" "Mozilla/5.0 (compatible; YandexBot/3.0; +http://yandex.com/bots)"
46.4.92.140 - - [16/Aug/2012:14:30:45 +0200] "GET /news.php?cs_go=archiv&cs_startpos=781 HTTP/1.1" 200 23121 "-" "Pixray-Seeker/1.1 (Pixray-Seeker; http://www.pixray.com/pixraybot; crawler@pixray.com)"
46.4.92.140 - - [16/Aug/2012:14:34:17 +0200] "GET /news.php?cs_go=archiv&cs_id=1741&cs_search= HTTP/1.1" 200 14197 "-" "Pixray-Seeker/1.1 (Pixray-Seeker; http://www.pixray.com/pixraybot; crawler@pixray.com)"
46.4.92.140 - - [16/Aug/2012:14:35:05 +0200] "GET /news.php?cs_go=archiv&cs_startpos=1130 HTTP/1.1" 200 23057 "-" "Pixray-Seeker/1.1 (Pixray-Seeker; http://www.pixray.com/pixraybot; crawler@pixray.com)"
46.4.92.140 - - [16/Aug/2012:14:37:31 +0200] "GET /news.php?cs_go=archiv&cs_startpos=990 HTTP/1.1" 200 23310 "-" "Pixray-Seeker/1.1 (Pixray-Seeker; http://www.pixray.com/pixraybot; crawler@pixray.com)"
213.186.120.196 - - [16/Aug/2012:14:39:03 +0200] "GET /news.php?cs_go=archiv&cs_id=3308&cs_search= HTTP/1.1" 200 13474 "-" "Mozilla/5.0 (compatible; AhrefsBot/3.1; +http://ahrefs.com/robot/)"
46.4.92.140 - - [16/Aug/2012:14:39:50 +0200] "GET /news.php?cs_go=archiv&cs_id=1821&cs_search= HTTP/1.1" 200 9693 "-" "Pixray-Seeker/1.1 (Pixray-Seeker; http://www.pixray.com/pixraybot; crawler@pixray.com)"
46.4.92.140 - - [16/Aug/2012:14:40:20 +0200] "GET /news.php?cs_go=archiv&cs_id=2227&cs_search= HTTP/1.1" 200 9674 "-" "Pixray-Seeker/1.1 (Pixray-Seeker; http://www.pixray.com/pixraybot; crawler@pixray.com)"
188.40.65.130 - - [16/Aug/2012:14:46:21 +0200] "GET /robots.txt HTTP/1.1" 200 177 "-" "Pixray-Seeker/1.1 (Pixray-Seeker; http://www.pixray.com/pixraybot; crawler@pixray.com)"
188.40.65.130 - - [16/Aug/2012:14:46:21 +0200] "GET /lexikon.php?cs_go=2&cs_char=q HTTP/1.1" 200 8162 "-" "Pixray-Seeker/1.1 (Pixray-Seeker; http://www.pixray.com/pixraybot; crawler@pixray.com)"
188.40.65.130 - - [16/Aug/2012:14:48:34 +0200] "GET /news.php?cs_go=archiv&cs_id=1806&cs_search= HTTP/1.1" 200 14290 "-" "Pixray-Seeker/1.1 (Pixray-Seeker; http://www.pixray.com/pixraybot; crawler@pixray.com)"
188.40.65.130 - - [16/Aug/2012:14:50:33 +0200] "GET /lexikon.php?cs_go=3&cs_id=173 HTTP/1.1" 200 8628 "-" "Pixray-Seeker/1.1 (Pixray-Seeker; http://www.pixray.com/pixraybot; crawler@pixray.com)"
188.40.65.130 - - [16/Aug/2012:14:52:01 +0200] "GET /news.php?cs_go=archiv&cs_id=2140&cs_search= HTTP/1.1" 200 14093 "-" "Pixray-Seeker/1.1 (Pixray-Seeker; http://www.pixray.com/pixraybot; crawler@pixray.com)"
188.40.65.130 - - [16/Aug/2012:14:54:10 +0200] "GET /news.php?cs_go=archiv&cs_id=2414&cs_search= HTTP/1.1" 200 9565 "-" "Pixray-Seeker/1.1 (Pixray-Seeker; http://www.pixray.com/pixraybot; crawler@pixray.com)"
188.40.65.130 - - [16/Aug/2012:14:57:20 +0200] "GET /lexikon.php?cs_go=3&cs_id=216 HTTP/1.1" 200 8038 "-" "Pixray-Seeker/1.1 (Pixray-Seeker; http://www.pixray.com/pixraybot; crawler@pixray.com)"
188.40.65.130 - - [16/Aug/2012:14:58:13 +0200] "GET /news.php?cs_go=archiv&cs_startpos=1081 HTTP/1.1" 200 22841 "-" "Pixray-Seeker/1.1 (Pixray-Seeker; http://www.pixray.com/pixraybot; crawler@pixray.com)"
77.12.202.199 - - [16/Aug/2012:15:00:40 +0200] "GET / HTTP/1.1" 200 15323 "http://www.google.de/url?sa=t&rct=j&q=mink%20heiz%C3%B6l&source=web&cd=1&ved=0CEAQFjAA&url=http%3A%2F%2Fwww.mink-gmbh.de%2F&ei=c-4sUIfUL8vjtQaAbA&usg=AFQjCNFHX4Iglls9oo-KYXTmDUV_5KOVIg" "Mozilla/4.0 (compatible; MSIE 7.0; Windows NT 6.1; Trident/5.0; SLCC2; .NET CLR 2.0.50727; .NET CLR 3.5.30729; .NET CLR 3.0.30729; Media Center PC 6.0; .NET4.0C; Media Center PC 5.0; OfficeLiveConnector.1.3; OfficeLivePatch.0.0; SLCC1; Tablet PC 2.0; BRI/2)"
77.12.202.199 - - [16/Aug/2012:15:00:42 +0200] "GET /style.css HTTP/1.1" 200 8418 "http://www.mink-gmbh.de/" "Mozilla/4.0 (compatible; MSIE 7.0; Windows NT 6.1; Trident/5.0; SLCC2; .NET CLR 2.0.50727; .NET CLR 3.5.30729; .NET CLR 3.0.30729; Media Center PC 6.0; .NET4.0C; Media Center PC 5.0; OfficeLiveConnector.1.3; OfficeLivePatch.0.0; SLCC1; Tablet PC 2.0; BRI/2)"
77.12.202.199 - - [16/Aug/2012:15:00:42 +0200] "GET /modul.css HTTP/1.1" 200 35038 "http://www.mink-gmbh.de/" "Mozilla/4.0 (compatible; MSIE 7.0; Windows NT 6.1; Trident/5.0; SLCC2; .NET CLR 2.0.50727; .NET CLR 3.5.30729; .NET CLR 3.0.30729; Media Center PC 6.0; .NET4.0C; Media Center PC 5.0; OfficeLiveConnector.1.3; OfficeLivePatch.0.0; SLCC1; Tablet PC 2.0; BRI/2)"
77.12.202.199 - - [16/Aug/2012:15:00:42 +0200] "GET /js_contentserver24_greybox/AJS_fx.js HTTP/1.1" 200 3192 "http://www.mink-gmbh.de/" "Mozilla/4.0 (compatible; MSIE 7.0; Windows NT 6.1; Trident/5.0; SLCC2; .NET CLR 2.0.50727; .NET CLR 3.5.30729; .NET CLR 3.0.30729; Media Center PC 6.0; .NET4.0C; Media Center PC 5.0; OfficeLiveConnector.1.3; OfficeLivePatch.0.0; SLCC1; Tablet PC 2.0; BRI/2)"
77.12.202.199 - - [16/Aug/2012:15:00:42 +0200] "GET /js_contentserver24_greybox/gb_styles.css HTTP/1.1" 200 2302 "http://www.mink-gmbh.de/" "Mozilla/4.0 (compatible; MSIE 7.0; Windows NT 6.1; Trident/5.0; SLCC2; .NET CLR 2.0.50727; .NET CLR 3.5.30729; .NET CLR 3.0.30729; Media Center PC 6.0; .NET4.0C; Media Center PC 5.0; OfficeLiveConnector.1.3; OfficeLivePatch.0.0; SLCC1; Tablet PC 2.0; BRI/2)"
77.12.202.199 - - [16/Aug/2012:15:00:42 +0200] "GET /js_contentserver24_greybox/AJS.js HTTP/1.1" 200 10396 "http://www.mink-gmbh.de/" "Mozilla/4.0 (compatible; MSIE 7.0; Windows NT 6.1; Trident/5.0; SLCC2; .NET CLR 2.0.50727; .NET CLR 3.5.30729; .NET CLR 3.0.30729; Media Center PC 6.0; .NET4.0C; Media Center PC 5.0; OfficeLiveConnector.1.3; OfficeLivePatch.0.0; SLCC1; Tablet PC 2.0; BRI/2)"
77.12.202.199 - - [16/Aug/2012:15:00:42 +0200] "GET /js_contentserver24_greybox/gb_scripts.js HTTP/1.1" 200 11913 "http://www.mink-gmbh.de/" "Mozilla/4.0 (compatible; MSIE 7.0; Windows NT 6.1; Trident/5.0; SLCC2; .NET CLR 2.0.50727; .NET CLR 3.5.30729; .NET CLR 3.0.30729; Media Center PC 6.0; .NET4.0C; Media Center PC 5.0; OfficeLiveConnector.1.3; OfficeLivePatch.0.0; SLCC1; Tablet PC 2.0; BRI/2)"
77.12.202.199 - - [16/Aug/2012:15:00:42 +0200] "GET /images/mail.jpg HTTP/1.1" 200 11165 "http://www.mink-gmbh.de/" "Mozilla/4.0 (compatible; MSIE 7.0; Windows NT 6.1; Trident/5.0; SLCC2; .NET CLR 2.0.50727; .NET CLR 3.5.30729; .NET CLR 3.0.30729; Media Center PC 6.0; .NET4.0C; Media Center PC 5.0; OfficeLiveConnector.1.3; OfficeLivePatch.0.0; SLCC1; Tablet PC 2.0; BRI/2)"
77.12.202.199 - - [16/Aug/2012:15:00:42 +0200] "GET /images/kwk.gif HTTP/1.1" 200 6403 "http://www.mink-gmbh.de/" "Mozilla/4.0 (compatible; MSIE 7.0; Windows NT 6.1; Trident/5.0; SLCC2; .NET CLR 2.0.50727; .NET CLR 3.5.30729; .NET CLR 3.0.30729; Media Center PC 6.0; .NET4.0C; Media Center PC 5.0; OfficeLiveConnector.1.3; OfficeLivePatch.0.0; SLCC1; Tablet PC 2.0; BRI/2)"
77.12.202.199 - - [16/Aug/2012:15:00:42 +0200] "GET /images/wunschpreis.jpg HTTP/1.1" 200 16767 "http://www.mink-gmbh.de/" "Mozilla/4.0 (compatible; MSIE 7.0; Windows NT 6.1; Trident/5.0; SLCC2; .NET CLR 2.0.50727; .NET CLR 3.5.30729; .NET CLR 3.0.30729; Media Center PC 6.0; .NET4.0C; Media Center PC 5.0; OfficeLiveConnector.1.3; OfficeLivePatch.0.0; SLCC1; Tablet PC 2.0; BRI/2)"
77.12.202.199 - - [16/Aug/2012:15:00:42 +0200] "GET /images/tkw.jpg HTTP/1.1" 200 64031 "http://www.mink-gmbh.de/" "Mozilla/4.0 (compatible; MSIE 7.0; Windows NT 6.1; Trident/5.0; SLCC2; .NET CLR 2.0.50727; .NET CLR 3.5.30729; .NET CLR 3.0.30729; Media Center PC 6.0; .NET4.0C; Media Center PC 5.0; OfficeLiveConnector.1.3; OfficeLivePatch.0.0; SLCC1; Tablet PC 2.0; BRI/2)"
77.12.202.199 - - [16/Aug/2012:15:00:42 +0200] "GET /images/logos.jpg HTTP/1.1" 200 15002 "http://www.mink-gmbh.de/" "Mozilla/4.0 (compatible; MSIE 7.0; Windows NT 6.1; Trident/5.0; SLCC2; .NET CLR 2.0.50727; .NET CLR 3.5.30729; .NET CLR 3.0.30729; Media Center PC 6.0; .NET4.0C; Media Center PC 5.0; OfficeLiveConnector.1.3; OfficeLivePatch.0.0; SLCC1; Tablet PC 2.0; BRI/2)"
77.12.202.199 - - [16/Aug/2012:15:00:42 +0200] "GET /images/freecall.jpg HTTP/1.1" 200 39195 "http://www.mink-gmbh.de/" "Mozilla/4.0 (compatible; MSIE 7.0; Windows NT 6.1; Trident/5.0; SLCC2; .NET CLR 2.0.50727; .NET CLR 3.5.30729; .NET CLR 3.0.30729; Media Center PC 6.0; .NET4.0C; Media Center PC 5.0; OfficeLiveConnector.1.3; OfficeLivePatch.0.0; SLCC1; Tablet PC 2.0; BRI/2)"
77.12.202.199 - - [16/Aug/2012:15:00:43 +0200] "GET /images/bg.jpg HTTP/1.1" 200 345 "http://www.mink-gmbh.de/" "Mozilla/4.0 (compatible; MSIE 7.0; Windows NT 6.1; Trident/5.0; SLCC2; .NET CLR 2.0.50727; .NET CLR 3.5.30729; .NET CLR 3.0.30729; Media Center PC 6.0; .NET4.0C; Media Center PC 5.0; OfficeLiveConnector.1.3; OfficeLivePatch.0.0; SLCC1; Tablet PC 2.0; BRI/2)"
77.12.202.199 - - [16/Aug/2012:15:00:43 +0200] "GET /js_contentserver24_greybox/w_close.gif HTTP/1.1" 200 74 "http://www.mink-gmbh.de/" "Mozilla/4.0 (compatible; MSIE 7.0; Windows NT 6.1; Trident/5.0; SLCC2; .NET CLR 2.0.50727; .NET CLR 3.5.30729; .NET CLR 3.0.30729; Media Center PC 6.0; .NET4.0C; Media Center PC 5.0; OfficeLiveConnector.1.3; OfficeLivePatch.0.0; SLCC1; Tablet PC 2.0; BRI/2)"
77.12.202.199 - - [16/Aug/2012:15:00:43 +0200] "GET /js_contentserver24_greybox/header_bg.gif HTTP/1.1" 200 1188 "http://www.mink-gmbh.de/" "Mozilla/4.0 (compatible; MSIE 7.0; Windows NT 6.1; Trident/5.0; SLCC2; .NET CLR 2.0.50727; .NET CLR 3.5.30729; .NET CLR 3.0.30729; Media Center PC 6.0; .NET4.0C; Media Center PC 5.0; OfficeLiveConnector.1.3; OfficeLivePatch.0.0; SLCC1; Tablet PC 2.0; BRI/2)"
77.12.202.199 - - [16/Aug/2012:15:00:43 +0200] "GET /images/newsletter_bg.jpg HTTP/1.1" 200 33610 "http://www.mink-gmbh.de/" "Mozilla/4.0 (compatible; MSIE 7.0; Windows NT 6.1; Trident/5.0; SLCC2; .NET CLR 2.0.50727; .NET CLR 3.5.30729; .NET CLR 3.0.30729; Media Center PC 6.0; .NET4.0C; Media Center PC 5.0; OfficeLiveConnector.1.3; OfficeLivePatch.0.0; SLCC1; Tablet PC 2.0; BRI/2)"
77.12.202.199 - - [16/Aug/2012:15:00:43 +0200] "GET /images/wrapperbg.jpg HTTP/1.1" 200 27465 "http://www.mink-gmbh.de/" "Mozilla/4.0 (compatible; MSIE 7.0; Windows NT 6.1; Trident/5.0; SLCC2; .NET CLR 2.0.50727; .NET CLR 3.5.30729; .NET CLR 3.0.30729; Media Center PC 6.0; .NET4.0C; Media Center PC 5.0; OfficeLiveConnector.1.3; OfficeLivePatch.0.0; SLCC1; Tablet PC 2.0; BRI/2)"
77.12.202.199 - - [16/Aug/2012:15:00:43 +0200] "GET /images/navibg.png HTTP/1.1" 200 2803 "http://www.mink-gmbh.de/" "Mozilla/4.0 (compatible; MSIE 7.0; Windows NT 6.1; Trident/5.0; SLCC2; .NET CLR 2.0.50727; .NET CLR 3.5.30729; .NET CLR 3.0.30729; Media Center PC 6.0; .NET4.0C; Media Center PC 5.0; OfficeLiveConnector.1.3; OfficeLivePatch.0.0; SLCC1; Tablet PC 2.0; BRI/2)"
77.12.202.199 - - [16/Aug/2012:15:00:43 +0200] "GET /images/header.jpg HTTP/1.1" 200 24413 "http://www.mink-gmbh.de/" "Mozilla/4.0 (compatible; MSIE 7.0; Windows NT 6.1; Trident/5.0; SLCC2; .NET CLR 2.0.50727; .NET CLR 3.5.30729; .NET CLR 3.0.30729; Media Center PC 6.0; .NET4.0C; Media Center PC 5.0; OfficeLiveConnector.1.3; OfficeLivePatch.0.0; SLCC1; Tablet PC 2.0; BRI/2)"
77.12.202.199 - - [16/Aug/2012:15:00:43 +0200] "GET /images/steigend.png HTTP/1.1" 200 688 "http://www.mink-gmbh.de/" "Mozilla/4.0 (compatible; MSIE 7.0; Windows NT 6.1; Trident/5.0; SLCC2; .NET CLR 2.0.50727; .NET CLR 3.5.30729; .NET CLR 3.0.30729; Media Center PC 6.0; .NET4.0C; Media Center PC 5.0; OfficeLiveConnector.1.3; OfficeLivePatch.0.0; SLCC1; Tablet PC 2.0; BRI/2)"
77.12.202.199 - - [16/Aug/2012:15:00:43 +0200] "GET /images/fallend.png HTTP/1.1" 200 713 "http://www.mink-gmbh.de/" "Mozilla/4.0 (compatible; MSIE 7.0; Windows NT 6.1; Trident/5.0; SLCC2; .NET CLR 2.0.50727; .NET CLR 3.5.30729; .NET CLR 3.0.30729; Media Center PC 6.0; .NET4.0C; Media Center PC 5.0; OfficeLiveConnector.1.3; OfficeLivePatch.0.0; SLCC1; Tablet PC 2.0; BRI/2)"
77.12.202.199 - - [16/Aug/2012:15:00:43 +0200] "GET /images/mobil.jpg HTTP/1.1" 200 25293 "http://www.mink-gmbh.de/" "Mozilla/4.0 (compatible; MSIE 7.0; Windows NT 6.1; Trident/5.0; SLCC2; .NET CLR 2.0.50727; .NET CLR 3.5.30729; .NET CLR 3.0.30729; Media Center PC 6.0; .NET4.0C; Media Center PC 5.0; OfficeLiveConnector.1.3; OfficeLivePatch.0.0; SLCC1; Tablet PC 2.0; BRI/2)"
77.12.202.199 - - [16/Aug/2012:15:00:43 +0200] "GET /images/newsletter.jpg HTTP/1.1" 200 13130 "http://www.mink-gmbh.de/" "Mozilla/4.0 (compatible; MSIE 7.0; Windows NT 6.1; Trident/5.0; SLCC2; .NET CLR 2.0.50727; .NET CLR 3.5.30729; .NET CLR 3.0.30729; Media Center PC 6.0; .NET4.0C; Media Center PC 5.0; OfficeLiveConnector.1.3; OfficeLivePatch.0.0; SLCC1; Tablet PC 2.0; BRI/2)"
77.12.202.199 - - [16/Aug/2012:15:00:43 +0200] "GET /images/close.png HTTP/1.1" 200 703 "http://www.mink-gmbh.de/" "Mozilla/4.0 (compatible; MSIE 7.0; Windows NT 6.1; Trident/5.0; SLCC2; .NET CLR 2.0.50727; .NET CLR 3.5.30729; .NET CLR 3.0.30729; Media Center PC 6.0; .NET4.0C; Media Center PC 5.0; OfficeLiveConnector.1.3; OfficeLivePatch.0.0; SLCC1; Tablet PC 2.0; BRI/2)"
77.12.202.199 - - [16/Aug/2012:15:00:43 +0200] "GET /images/newsletter.png HTTP/1.1" 200 14619 "http://www.mink-gmbh.de/" "Mozilla/4.0 (compatible; MSIE 7.0; Windows NT 6.1; Trident/5.0; SLCC2; .NET CLR 2.0.50727; .NET CLR 3.5.30729; .NET CLR 3.0.30729; Media Center PC 6.0; .NET4.0C; Media Center PC 5.0; OfficeLiveConnector.1.3; OfficeLivePatch.0.0; SLCC1; Tablet PC 2.0; BRI/2)"
77.12.202.199 - - [16/Aug/2012:15:00:43 +0200] "GET /images/footerbg.jpg HTTP/1.1" 200 2184 "http://www.mink-gmbh.de/" "Mozilla/4.0 (compatible; MSIE 7.0; Windows NT 6.1; Trident/5.0; SLCC2; .NET CLR 2.0.50727; .NET CLR 3.5.30729; .NET CLR 3.0.30729; Media Center PC 6.0; .NET4.0C; Media Center PC 5.0; OfficeLiveConnector.1.3; OfficeLivePatch.0.0; SLCC1; Tablet PC 2.0; BRI/2)"
77.12.202.199 - - [16/Aug/2012:15:00:43 +0200] "GET /js_contentserver24_greybox/loader_frame.html?s=0 HTTP/1.1" 200 2084 "http://www.mink-gmbh.de/" "Mozilla/4.0 (compatible; MSIE 7.0; Windows NT 6.1; Trident/5.0; SLCC2; .NET CLR 2.0.50727; .NET CLR 3.5.30729; .NET CLR 3.0.30729; Media Center PC 6.0; .NET4.0C; Media Center PC 5.0; OfficeLiveConnector.1.3; OfficeLivePatch.0.0; SLCC1; Tablet PC 2.0; BRI/2)"
77.12.202.199 - - [16/Aug/2012:15:00:43 +0200] "GET /js_contentserver24_greybox/indicator.gif HTTP/1.1" 200 8238 "http://www.mink-gmbh.de/js_contentserver24_greybox/loader_frame.html?s=0" "Mozilla/4.0 (compatible; MSIE 7.0; Windows NT 6.1; Trident/5.0; SLCC2; .NET CLR 2.0.50727; .NET CLR 3.5.30729; .NET CLR 3.0.30729; Media Center PC 6.0; .NET4.0C; Media Center PC 5.0; OfficeLiveConnector.1.3; OfficeLivePatch.0.0; SLCC1; Tablet PC 2.0; BRI/2)"
77.12.202.199 - - [16/Aug/2012:15:00:43 +0200] "GET /js_contentserver24_greybox/AJS.js HTTP/1.1" 304 - "http://www.mink-gmbh.de/js_contentserver24_greybox/loader_frame.html?s=0" "Mozilla/4.0 (compatible; MSIE 7.0; Windows NT 6.1; Trident/5.0; SLCC2; .NET CLR 2.0.50727; .NET CLR 3.5.30729; .NET CLR 3.0.30729; Media Center PC 6.0; .NET4.0C; Media Center PC 5.0; OfficeLiveConnector.1.3; OfficeLivePatch.0.0; SLCC1; Tablet PC 2.0; BRI/2)"
77.12.202.199 - - [16/Aug/2012:15:00:43 +0200] "GET /js_contentserver24_greybox/AJS_fx.js HTTP/1.1" 304 - "http://www.mink-gmbh.de/js_contentserver24_greybox/loader_frame.html?s=0" "Mozilla/4.0 (compatible; MSIE 7.0; Windows NT 6.1; Trident/5.0; SLCC2; .NET CLR 2.0.50727; .NET CLR 3.5.30729; .NET CLR 3.0.30729; Media Center PC 6.0; .NET4.0C; Media Center PC 5.0; OfficeLiveConnector.1.3; OfficeLivePatch.0.0; SLCC1; Tablet PC 2.0; BRI/2)"
77.12.202.199 - - [16/Aug/2012:15:00:43 +0200] "GET /favicon.ico HTTP/1.1" 200 3638 "-" "Mozilla/4.0 (compatible; MSIE 7.0; Windows NT 6.1; Trident/5.0; SLCC2; .NET CLR 2.0.50727; .NET CLR 3.5.30729; .NET CLR 3.0.30729; Media Center PC 6.0; .NET4.0C; Media Center PC 5.0; OfficeLiveConnector.1.3; OfficeLivePatch.0.0; SLCC1; Tablet PC 2.0; BRI/2)"
77.12.202.199 - - [16/Aug/2012:15:00:44 +0200] "GET /js_contentserver24_greybox/g_close.gif HTTP/1.1" 200 541 "http://www.mink-gmbh.de/" "Mozilla/4.0 (compatible; MSIE 7.0; Windows NT 6.1; Trident/5.0; SLCC2; .NET CLR 2.0.50727; .NET CLR 3.5.30729; .NET CLR 3.0.30729; Media Center PC 6.0; .NET4.0C; Media Center PC 5.0; OfficeLiveConnector.1.3; OfficeLivePatch.0.0; SLCC1; Tablet PC 2.0; BRI/2)"
77.12.202.199 - - [16/Aug/2012:15:01:55 +0200] "GET /standard.php HTTP/1.1" 200 9131 "http://www.mink-gmbh.de/" "Mozilla/4.0 (compatible; MSIE 7.0; Windows NT 6.1; Trident/5.0; SLCC2; .NET CLR 2.0.50727; .NET CLR 3.5.30729; .NET CLR 3.0.30729; Media Center PC 6.0; .NET4.0C; Media Center PC 5.0; OfficeLiveConnector.1.3; OfficeLivePatch.0.0; SLCC1; Tablet PC 2.0; BRI/2)"
77.12.202.199 - - [16/Aug/2012:15:01:55 +0200] "GET /modul.css HTTP/1.1" 304 - "http://www.mink-gmbh.de/standard.php" "Mozilla/4.0 (compatible; MSIE 7.0; Windows NT 6.1; Trident/5.0; SLCC2; .NET CLR 2.0.50727; .NET CLR 3.5.30729; .NET CLR 3.0.30729; Media Center PC 6.0; .NET4.0C; Media Center PC 5.0; OfficeLiveConnector.1.3; OfficeLivePatch.0.0; SLCC1; Tablet PC 2.0; BRI/2)"
77.12.202.199 - - [16/Aug/2012:15:01:55 +0200] "GET /style.css HTTP/1.1" 304 - "http://www.mink-gmbh.de/standard.php" "Mozilla/4.0 (compatible; MSIE 7.0; Windows NT 6.1; Trident/5.0; SLCC2; .NET CLR 2.0.50727; .NET CLR 3.5.30729; .NET CLR 3.0.30729; Media Center PC 6.0; .NET4.0C; Media Center PC 5.0; OfficeLiveConnector.1.3; OfficeLivePatch.0.0; SLCC1; Tablet PC 2.0; BRI/2)"
77.12.202.199 - - [16/Aug/2012:15:01:55 +0200] "GET /images/kwk.gif HTTP/1.1" 304 - "http://www.mink-gmbh.de/standard.php" "Mozilla/4.0 (compatible; MSIE 7.0; Windows NT 6.1; Trident/5.0; SLCC2; .NET CLR 2.0.50727; .NET CLR 3.5.30729; .NET CLR 3.0.30729; Media Center PC 6.0; .NET4.0C; Media Center PC 5.0; OfficeLiveConnector.1.3; OfficeLivePatch.0.0; SLCC1; Tablet PC 2.0; BRI/2)"
77.12.202.199 - - [16/Aug/2012:15:01:55 +0200] "GET /images/wunschpreis.jpg HTTP/1.1" 304 - "http://www.mink-gmbh.de/standard.php" "Mozilla/4.0 (compatible; MSIE 7.0; Windows NT 6.1; Trident/5.0; SLCC2; .NET CLR 2.0.50727; .NET CLR 3.5.30729; .NET CLR 3.0.30729; Media Center PC 6.0; .NET4.0C; Media Center PC 5.0; OfficeLiveConnector.1.3; OfficeLivePatch.0.0; SLCC1; Tablet PC 2.0; BRI/2)"
77.12.202.199 - - [16/Aug/2012:15:01:55 +0200] "GET /images/freecall.jpg HTTP/1.1" 304 - "http://www.mink-gmbh.de/standard.php" "Mozilla/4.0 (compatible; MSIE 7.0; Windows NT 6.1; Trident/5.0; SLCC2; .NET CLR 2.0.50727; .NET CLR 3.5.30729; .NET CLR 3.0.30729; Media Center PC 6.0; .NET4.0C; Media Center PC 5.0; OfficeLiveConnector.1.3; OfficeLivePatch.0.0; SLCC1; Tablet PC 2.0; BRI/2)"
77.12.202.199 - - [16/Aug/2012:15:01:55 +0200] "GET /images/logos.jpg HTTP/1.1" 304 - "http://www.mink-gmbh.de/standard.php" "Mozilla/4.0 (compatible; MSIE 7.0; Windows NT 6.1; Trident/5.0; SLCC2; .NET CLR 2.0.50727; .NET CLR 3.5.30729; .NET CLR 3.0.30729; Media Center PC 6.0; .NET4.0C; Media Center PC 5.0; OfficeLiveConnector.1.3; OfficeLivePatch.0.0; SLCC1; Tablet PC 2.0; BRI/2)"
77.12.202.199 - - [16/Aug/2012:15:01:55 +0200] "GET /images/mail.jpg HTTP/1.1" 304 - "http://www.mink-gmbh.de/standard.php" "Mozilla/4.0 (compatible; MSIE 7.0; Windows NT 6.1; Trident/5.0; SLCC2; .NET CLR 2.0.50727; .NET CLR 3.5.30729; .NET CLR 3.0.30729; Media Center PC 6.0; .NET4.0C; Media Center PC 5.0; OfficeLiveConnector.1.3; OfficeLivePatch.0.0; SLCC1; Tablet PC 2.0; BRI/2)"
77.12.202.199 - - [16/Aug/2012:15:01:55 +0200] "GET /images/newsletter.png HTTP/1.1" 304 - "http://www.mink-gmbh.de/standard.php" "Mozilla/4.0 (compatible; MSIE 7.0; Windows NT 6.1; Trident/5.0; SLCC2; .NET CLR 2.0.50727; .NET CLR 3.5.30729; .NET CLR 3.0.30729; Media Center PC 6.0; .NET4.0C; Media Center PC 5.0; OfficeLiveConnector.1.3; OfficeLivePatch.0.0; SLCC1; Tablet PC 2.0; BRI/2)"
77.12.202.199 - - [16/Aug/2012:15:01:55 +0200] "GET /images/footerbg.jpg HTTP/1.1" 304 - "http://www.mink-gmbh.de/standard.php" "Mozilla/4.0 (compatible; MSIE 7.0; Windows NT 6.1; Trident/5.0; SLCC2; .NET CLR 2.0.50727; .NET CLR 3.5.30729; .NET CLR 3.0.30729; Media Center PC 6.0; .NET4.0C; Media Center PC 5.0; OfficeLiveConnector.1.3; OfficeLivePatch.0.0; SLCC1; Tablet PC 2.0; BRI/2)"
77.12.202.199 - - [16/Aug/2012:15:01:55 +0200] "GET /images/close.png HTTP/1.1" 304 - "http://www.mink-gmbh.de/standard.php" "Mozilla/4.0 (compatible; MSIE 7.0; Windows NT 6.1; Trident/5.0; SLCC2; .NET CLR 2.0.50727; .NET CLR 3.5.30729; .NET CLR 3.0.30729; Media Center PC 6.0; .NET4.0C; Media Center PC 5.0; OfficeLiveConnector.1.3; OfficeLivePatch.0.0; SLCC1; Tablet PC 2.0; BRI/2)"
77.12.202.199 - - [16/Aug/2012:15:01:55 +0200] "GET /images/header.jpg HTTP/1.1" 304 - "http://www.mink-gmbh.de/standard.php" "Mozilla/4.0 (compatible; MSIE 7.0; Windows NT 6.1; Trident/5.0; SLCC2; .NET CLR 2.0.50727; .NET CLR 3.5.30729; .NET CLR 3.0.30729; Media Center PC 6.0; .NET4.0C; Media Center PC 5.0; OfficeLiveConnector.1.3; OfficeLivePatch.0.0; SLCC1; Tablet PC 2.0; BRI/2)"
77.12.202.199 - - [16/Aug/2012:15:01:55 +0200] "GET /images/navibg.png HTTP/1.1" 304 - "http://www.mink-gmbh.de/standard.php" "Mozilla/4.0 (compatible; MSIE 7.0; Windows NT 6.1; Trident/5.0; SLCC2; .NET CLR 2.0.50727; .NET CLR 3.5.30729; .NET CLR 3.0.30729; Media Center PC 6.0; .NET4.0C; Media Center PC 5.0; OfficeLiveConnector.1.3; OfficeLivePatch.0.0; SLCC1; Tablet PC 2.0; BRI/2)"
77.12.202.199 - - [16/Aug/2012:15:01:55 +0200] "GET /images/wrapperbg.jpg HTTP/1.1" 304 - "http://www.mink-gmbh.de/standard.php" "Mozilla/4.0 (compatible; MSIE 7.0; Windows NT 6.1; Trident/5.0; SLCC2; .NET CLR 2.0.50727; .NET CLR 3.5.30729; .NET CLR 3.0.30729; Media Center PC 6.0; .NET4.0C; Media Center PC 5.0; OfficeLiveConnector.1.3; OfficeLivePatch.0.0; SLCC1; Tablet PC 2.0; BRI/2)"
77.12.202.199 - - [16/Aug/2012:15:01:55 +0200] "GET /images/newsletter_bg.jpg HTTP/1.1" 304 - "http://www.mink-gmbh.de/standard.php" "Mozilla/4.0 (compatible; MSIE 7.0; Windows NT 6.1; Trident/5.0; SLCC2; .NET CLR 2.0.50727; .NET CLR 3.5.30729; .NET CLR 3.0.30729; Media Center PC 6.0; .NET4.0C; Media Center PC 5.0; OfficeLiveConnector.1.3; OfficeLivePatch.0.0; SLCC1; Tablet PC 2.0; BRI/2)"
