66.249.72.131 - - [15/Aug/2012:19:12:04 +0200] "GET /news.php?cs_go=archiv&cs_id=3361&cs_search= HTTP/1.1" 200 13445 "-" "Mozilla/5.0 (compatible; Googlebot/2.1; +http://www.google.com/bot.html)"
66.249.72.131 - - [15/Aug/2012:19:20:16 +0200] "GET /news.php?cs_go=archiv&cs_startpos=211 HTTP/1.1" 200 22925 "-" "Mozilla/5.0 (compatible; Googlebot/2.1; +http://www.google.com/bot.html)"
66.249.72.131 - - [15/Aug/2012:19:30:41 +0200] "GET /news.php?cs_go=archiv&cs_startpos=271 HTTP/1.1" 200 23165 "-" "Mozilla/5.0 (compatible; Googlebot/2.1; +http://www.google.com/bot.html)"
213.186.127.8 - - [15/Aug/2012:19:31:19 +0200] "GET /news.php?cs_go=archiv&cs_id=1709&cs_search= HTTP/1.1" 200 14037 "-" "Mozilla/5.0 (compatible; AhrefsBot/3.1; +http://ahrefs.com/robot/)"
208.115.111.75 - - [15/Aug/2012:19:32:07 +0200] "GET /robots.txt HTTP/1.1" 200 177 "-" "Mozilla/5.0 (compatible; Ezooms/1.0; ezooms.bot@gmail.com)"
66.249.72.131 - - [15/Aug/2012:19:46:19 +0200] "GET /news.php?cs_go=archiv&cs_startpos=220 HTTP/1.1" 200 23047 "-" "Mozilla/5.0 (compatible; Googlebot/2.1; +http://www.google.com/bot.html)"
178.154.179.250 - - [15/Aug/2012:19:47:25 +0200] "GET /robots.txt HTTP/1.1" 200 177 "-" "Mozilla/5.0 (compatible; YandexBot/3.0; +http://yandex.com/bots)"
65.36.241.79 - - [15/Aug/2012:19:49:57 +0200] "HEAD / HTTP/1.1" 200 - "-" "InternetSeer.com"
66.249.72.131 - - [15/Aug/2012:19:51:32 +0200] "GET /news.php?cs_go=archiv&cs_id=2547&cs_search= HTTP/1.1" 200 14409 "-" "Mozilla/5.0 (compatible; Googlebot/2.1; +http://www.google.com/bot.html)"
208.115.113.91 - - [15/Aug/2012:19:51:56 +0200] "GET /news.php?cs_go=archiv&cs_id=1713&cs_search= HTTP/1.1" 200 9733 "-" "Mozilla/5.0 (compatible; Ezooms/1.0; ezooms.bot@gmail.com)"
208.115.113.91 - - [15/Aug/2012:19:51:59 +0200] "GET /news.php?cs_go=archiv&cs_id=2956&cs_search= HTTP/1.1" 200 13372 "-" "Mozilla/5.0 (compatible; Ezooms/1.0; ezooms.bot@gmail.com)"
208.115.113.91 - - [15/Aug/2012:19:52:02 +0200] "GET /news.php?cs_go=archiv&cs_startpos=1470 HTTP/1.1" 200 23072 "-" "Mozilla/5.0 (compatible; Ezooms/1.0; ezooms.bot@gmail.com)"
66.249.72.131 - - [15/Aug/2012:20:07:12 +0200] "GET /news.php?cs_go=archiv&cs_id=3283&cs_search= HTTP/1.1" 200 12990 "-" "Mozilla/5.0 (compatible; Googlebot/2.1; +http://www.google.com/bot.html)"
66.249.72.131 - - [15/Aug/2012:20:12:23 +0200] "GET /news.php?cs_go=archiv&cs_startpos=221 HTTP/1.1" 200 23070 "-" "Mozilla/5.0 (compatible; Googlebot/2.1; +http://www.google.com/bot.html)"
66.249.72.131 - - [15/Aug/2012:20:17:36 +0200] "GET /news.php?cs_go=archiv&cs_id=3045 HTTP/1.1" 200 10066 "-" "Mozilla/5.0 (compatible; Googlebot/2.1; +http://www.google.com/bot.html)"
66.249.72.131 - - [15/Aug/2012:20:33:13 +0200] "GET /news.php?cs_go=archiv&cs_id=3183&cs_search= HTTP/1.1" 200 11432 "-" "Mozilla/5.0 (compatible; Googlebot/2.1; +http://www.google.com/bot.html)"
213.186.119.133 - - [15/Aug/2012:20:38:50 +0200] "GET /news.php?cs_go=archiv&cs_id=3297&cs_search= HTTP/1.1" 200 11876 "-" "Mozilla/5.0 (compatible; AhrefsBot/3.1; +http://ahrefs.com/robot/)"
66.249.72.131 - - [15/Aug/2012:20:47:44 +0200] "GET /news.php?cs_go=archiv&cs_startpos=390 HTTP/1.1" 200 23147 "-" "Mozilla/5.0 (compatible; Googlebot/2.1; +http://www.google.com/bot.html)"
208.115.113.91 - - [15/Aug/2012:21:33:28 +0200] "GET /robots.txt HTTP/1.1" 200 177 "-" "Mozilla/5.0 (compatible; Ezooms/1.0; ezooms.bot@gmail.com)"
213.186.120.196 - - [15/Aug/2012:21:46:20 +0200] "GET /lexikon.php?cs_go=2&cs_char=v HTTP/1.1" 200 9117 "-" "Mozilla/5.0 (compatible; AhrefsBot/3.1; +http://ahrefs.com/robot/)"
178.154.179.250 - - [15/Aug/2012:22:19:23 +0200] "GET / HTTP/1.1" 200 15348 "-" "Mozilla/5.0 (compatible; YandexBot/3.0; +http://yandex.com/bots)"
62.141.37.234 - - [15/Aug/2012:22:38:34 +0200] "GET /robots.txt HTTP/1.0" 200 177 "-" "Mozilla/5.0 (compatible; MJ12bot/v1.4.3; http://www.majestic12.co.uk/bot.php?+)"
62.141.37.234 - - [15/Aug/2012:22:38:36 +0200] "GET /agb.php HTTP/1.0" 200 19709 "-" "Mozilla/5.0 (compatible; MJ12bot/v1.4.3; http://www.majestic12.co.uk/bot.php?+)"
62.141.37.234 - - [15/Aug/2012:22:38:37 +0200] "GET /news.php?cs_go=archiv&cs_id=2678 HTTP/1.0" 200 10039 "-" "Mozilla/5.0 (compatible; MJ12bot/v1.4.3; http://www.majestic12.co.uk/bot.php?+)"
62.141.37.234 - - [15/Aug/2012:22:38:39 +0200] "GET /news.php?cs_go=archiv&cs_id=2679 HTTP/1.0" 200 10735 "-" "Mozilla/5.0 (compatible; MJ12bot/v1.4.3; http://www.majestic12.co.uk/bot.php?+)"
62.141.37.234 - - [15/Aug/2012:22:38:41 +0200] "GET /news.php?cs_go=archiv&cs_id=2680 HTTP/1.0" 200 13681 "-" "Mozilla/5.0 (compatible; MJ12bot/v1.4.3; http://www.majestic12.co.uk/bot.php?+)"
62.141.37.234 - - [15/Aug/2012:22:38:42 +0200] "GET /news.php?cs_go=archiv&cs_id=2681 HTTP/1.0" 200 10222 "-" "Mozilla/5.0 (compatible; MJ12bot/v1.4.3; http://www.majestic12.co.uk/bot.php?+)"
62.141.37.234 - - [15/Aug/2012:22:38:44 +0200] "GET /news.php?cs_go=archiv&cs_id=2682 HTTP/1.0" 200 10652 "-" "Mozilla/5.0 (compatible; MJ12bot/v1.4.3; http://www.majestic12.co.uk/bot.php?+)"
62.141.37.234 - - [15/Aug/2012:22:38:45 +0200] "GET /news.php?cs_go=archiv&cs_id=2683 HTTP/1.0" 200 13623 "-" "Mozilla/5.0 (compatible; MJ12bot/v1.4.3; http://www.majestic12.co.uk/bot.php?+)"
62.141.37.234 - - [15/Aug/2012:22:38:47 +0200] "GET /news.php?cs_go=archiv&cs_id=2684 HTTP/1.0" 200 10069 "-" "Mozilla/5.0 (compatible; MJ12bot/v1.4.3; http://www.majestic12.co.uk/bot.php?+)"
62.141.37.234 - - [15/Aug/2012:22:38:48 +0200] "GET /news.php?cs_go=archiv&cs_id=2685 HTTP/1.0" 200 9714 "-" "Mozilla/5.0 (compatible; MJ12bot/v1.4.3; http://www.majestic12.co.uk/bot.php?+)"
62.141.37.234 - - [15/Aug/2012:22:38:50 +0200] "GET /news.php?cs_go=archiv&cs_id=2686 HTTP/1.0" 200 10192 "-" "Mozilla/5.0 (compatible; MJ12bot/v1.4.3; http://www.majestic12.co.uk/bot.php?+)"
62.141.37.234 - - [15/Aug/2012:22:38:52 +0200] "GET /news.php?cs_go=archiv&cs_id=2687 HTTP/1.0" 200 10312 "-" "Mozilla/5.0 (compatible; MJ12bot/v1.4.3; http://www.majestic12.co.uk/bot.php?+)"
62.141.37.234 - - [15/Aug/2012:22:38:53 +0200] "GET /news.php?cs_go=archiv&cs_id=2688 HTTP/1.0" 200 13920 "-" "Mozilla/5.0 (compatible; MJ12bot/v1.4.3; http://www.majestic12.co.uk/bot.php?+)"
62.141.37.234 - - [15/Aug/2012:22:38:55 +0200] "GET /news.php?cs_go=archiv&cs_id=2689 HTTP/1.0" 200 10371 "-" "Mozilla/5.0 (compatible; MJ12bot/v1.4.3; http://www.majestic12.co.uk/bot.php?+)"
62.141.37.234 - - [15/Aug/2012:22:38:56 +0200] "GET /news.php?cs_go=archiv&cs_id=2690 HTTP/1.0" 200 10473 "-" "Mozilla/5.0 (compatible; MJ12bot/v1.4.3; http://www.majestic12.co.uk/bot.php?+)"
62.141.37.234 - - [15/Aug/2012:22:38:58 +0200] "GET /news.php?cs_go=archiv&cs_id=2691 HTTP/1.0" 200 13935 "-" "Mozilla/5.0 (compatible; MJ12bot/v1.4.3; http://www.majestic12.co.uk/bot.php?+)"
213.186.119.144 - - [15/Aug/2012:22:53:52 +0200] "GET /news.php?cs_go=archiv&cs_id=3298&cs_search= HTTP/1.1" 200 13606 "-" "Mozilla/5.0 (compatible; AhrefsBot/3.1; +http://ahrefs.com/robot/)"
208.115.111.75 - - [15/Aug/2012:23:34:21 +0200] "GET /robots.txt HTTP/1.1" 200 177 "-" "Mozilla/5.0 (compatible; Ezooms/1.0; ezooms.bot@gmail.com)"
208.115.113.91 - - [15/Aug/2012:23:50:41 +0200] "GET /lexikon.php?cs_go=3&cs_id=41 HTTP/1.1" 200 8367 "-" "Mozilla/5.0 (compatible; Ezooms/1.0; ezooms.bot@gmail.com)"
208.115.113.91 - - [15/Aug/2012:23:50:55 +0200] "GET /news.php?cs_go=archiv&cs_id=3126 HTTP/1.1" 200 14076 "-" "Mozilla/5.0 (compatible; Ezooms/1.0; ezooms.bot@gmail.com)"
213.186.127.13 - - [16/Aug/2012:00:01:22 +0200] "GET /news.php?cs_go=archiv&cs_id=1710&cs_search= HTTP/1.1" 200 14309 "-" "Mozilla/5.0 (compatible; AhrefsBot/3.1; +http://ahrefs.com/robot/)"
65.36.241.79 - - [16/Aug/2012:00:28:04 +0200] "HEAD / HTTP/1.1" 200 - "-" "InternetSeer.com"
5.9.25.71 - - [16/Aug/2012:00:59:50 +0200] "GET /robots.txt HTTP/1.1" 200 177 "-" "Pixray-Seeker/2.0 (Pixray-Seeker; http://www.pixray.com/pixraybot; crawler@pixray.com)"
5.9.25.71 - - [16/Aug/2012:00:59:50 +0200] "GET /lexikon.php?cs_go=3&cs_id=54 HTTP/1.1" 200 8006 "-" "Pixray-Seeker/2.0 (Pixray-Seeker; http://www.pixray.com/pixraybot; crawler@pixray.com)"
66.249.72.131 - - [16/Aug/2012:01:01:56 +0200] "GET /news.php?cs_go=archiv&cs_startpos=640 HTTP/1.1" 200 23111 "-" "Mozilla/5.0 (compatible; Googlebot/2.1; +http://www.google.com/bot.html)"
5.9.25.71 - - [16/Aug/2012:01:02:18 +0200] "GET /optiplus.php HTTP/1.1" 200 11013 "-" "Pixray-Seeker/2.0 (Pixray-Seeker; http://www.pixray.com/pixraybot; crawler@pixray.com)"
213.186.119.141 - - [16/Aug/2012:01:08:53 +0200] "GET /news.php?cs_go=archiv&cs_id=3300&cs_search= HTTP/1.1" 200 9887 "-" "Mozilla/5.0 (compatible; AhrefsBot/3.1; +http://ahrefs.com/robot/)"
87.106.179.230 - - [16/Aug/2012:01:21:39 +0200] "GET /rueckrufservice.php HTTP/1.1" 200 10770 "-" "Mozilla/4.0 (compatible; MSIE 6.0; Windows 98; Win 9x4.90)"
5.9.25.72 - - [16/Aug/2012:01:28:45 +0200] "GET /robots.txt HTTP/1.1" 200 177 "-" "Pixray-Seeker/2.0 (Pixray-Seeker; http://www.pixray.com/pixraybot; crawler@pixray.com)"
5.9.25.72 - - [16/Aug/2012:01:28:46 +0200] "GET /lexikon.php?cs_go=2&cs_char=j HTTP/1.1" 200 8582 "-" "Pixray-Seeker/2.0 (Pixray-Seeker; http://www.pixray.com/pixraybot; crawler@pixray.com)"
5.9.25.76 - - [16/Aug/2012:01:47:18 +0200] "GET /robots.txt HTTP/1.1" 200 177 "-" "Pixray-Seeker/2.0 (Pixray-Seeker; http://www.pixray.com/pixraybot; crawler@pixray.com)"
5.9.25.76 - - [16/Aug/2012:01:47:18 +0200] "GET /lexikon.php?cs_go=2&cs_char=o HTTP/1.1" 200 9261 "-" "Pixray-Seeker/2.0 (Pixray-Seeker; http://www.pixray.com/pixraybot; crawler@pixray.com)"
5.9.25.76 - - [16/Aug/2012:01:48:28 +0200] "GET /lexikon.php?cs_go=3&cs_id=170 HTTP/1.1" 200 9441 "-" "Pixray-Seeker/2.0 (Pixray-Seeker; http://www.pixray.com/pixraybot; crawler@pixray.com)"
5.9.25.76 - - [16/Aug/2012:01:50:53 +0200] "GET /news.php?cs_go=archiv&cs_startpos=460 HTTP/1.1" 200 22681 "-" "Pixray-Seeker/2.0 (Pixray-Seeker; http://www.pixray.com/pixraybot; crawler@pixray.com)"
123.125.71.94 - - [16/Aug/2012:01:52:47 +0200] "GET /images/wunschpreis.jpg HTTP/1.1" 200 16767 "http://image.baidu.com/i?ct=503316480&z=0&tn=baiduimagedetail" "Baiduspider-image+(+http://www.baidu.com/search/spider.htm)"
66.249.72.131 - - [16/Aug/2012:01:57:44 +0200] "GET /news.php?cs_go=archiv&cs_startpos=0 HTTP/1.1" 200 22535 "-" "Mozilla/5.0 (compatible; Googlebot/2.1; +http://www.google.com/bot.html)"
5.9.25.68 - - [16/Aug/2012:02:13:31 +0200] "GET /robots.txt HTTP/1.1" 200 177 "-" "Pixray-Seeker/2.0 (Pixray-Seeker; http://www.pixray.com/pixraybot; crawler@pixray.com)"
5.9.25.68 - - [16/Aug/2012:02:13:31 +0200] "GET /robots.txt HTTP/1.1" 200 177 "-" "Pixray-Seeker/2.0 (Pixray-Seeker; http://www.pixray.com/pixraybot; crawler@pixray.com)"
5.9.25.68 - - [16/Aug/2012:02:13:31 +0200] "GET /lexikon.php?cs_go=2&cs_char=y HTTP/1.1" 200 8582 "-" "Pixray-Seeker/2.0 (Pixray-Seeker; http://www.pixray.com/pixraybot; crawler@pixray.com)"
5.9.25.68 - - [16/Aug/2012:02:13:31 +0200] "GET /news.php?cs_go=archiv&cs_startpos=130 HTTP/1.1" 200 22989 "-" "Pixray-Seeker/2.0 (Pixray-Seeker; http://www.pixray.com/pixraybot; crawler@pixray.com)"
212.113.37.105 - - [16/Aug/2012:02:16:24 +0200] "GET /kwk.php?cs_go=2 HTTP/1.1" 200 11855 "-" "Mozilla/5.0 (compatible; AhrefsBot/3.1; +http://ahrefs.com/robot/)"
5.9.25.68 - - [16/Aug/2012:02:16:47 +0200] "GET /lexikon.php?cs_go=3&cs_id=171 HTTP/1.1" 200 7923 "-" "Pixray-Seeker/2.0 (Pixray-Seeker; http://www.pixray.com/pixraybot; crawler@pixray.com)"
66.249.72.131 - - [16/Aug/2012:02:19:25 +0200] "GET /news.php?cs_go=archiv&cs_startpos=801 HTTP/1.1" 200 23099 "-" "Mozilla/5.0 (compatible; Googlebot/2.1; +http://www.google.com/bot.html)"
5.9.25.74 - - [16/Aug/2012:02:48:55 +0200] "GET /robots.txt HTTP/1.1" 200 177 "-" "Pixray-Seeker/2.0 (Pixray-Seeker; http://www.pixray.com/pixraybot; crawler@pixray.com)"
5.9.25.74 - - [16/Aug/2012:02:48:55 +0200] "GET /lexikon.php?cs_go=2&cs_char=i HTTP/1.1" 200 8402 "-" "Pixray-Seeker/2.0 (Pixray-Seeker; http://www.pixray.com/pixraybot; crawler@pixray.com)"
5.9.25.74 - - [16/Aug/2012:02:49:17 +0200] "GET /lexikon.php?cs_go=3&cs_id=173 HTTP/1.1" 200 8628 "-" "Pixray-Seeker/2.0 (Pixray-Seeker; http://www.pixray.com/pixraybot; crawler@pixray.com)"
66.249.72.131 - - [16/Aug/2012:03:07:40 +0200] "GET /images/RAL_Guetezeichen_Energiehandel.pdf HTTP/1.1" 304 - "-" "Mozilla/5.0 (iPhone; U; CPU iPhone OS 4_1 like Mac OS X; en-us) AppleWebKit/532.9 (KHTML, like Gecko) Version/4.0.5 Mobile/8B117 Safari/6531.22.7 (compatible; Googlebot-Mobile/2.1; +http://www.google.com/bot.html)"
5.9.25.73 - - [16/Aug/2012:03:08:10 +0200] "GET /robots.txt HTTP/1.1" 200 177 "-" "Pixray-Seeker/2.0 (Pixray-Seeker; http://www.pixray.com/pixraybot; crawler@pixray.com)"
5.9.25.73 - - [16/Aug/2012:03:08:10 +0200] "GET /news.php?cs_go=archiv&cs_startpos=791 HTTP/1.1" 200 23128 "-" "Pixray-Seeker/2.0 (Pixray-Seeker; http://www.pixray.com/pixraybot; crawler@pixray.com)"
213.186.119.134 - - [16/Aug/2012:03:23:54 +0200] "GET /news.php?cs_go=archiv&cs_id=3301&cs_search= HTTP/1.1" 200 12777 "-" "Mozilla/5.0 (compatible; AhrefsBot/3.1; +http://ahrefs.com/robot/)"
208.115.111.75 - - [16/Aug/2012:03:29:34 +0200] "GET /robots.txt HTTP/1.1" 200 177 "-" "Mozilla/5.0 (compatible; Ezooms/1.0; ezooms.bot@gmail.com)"
5.9.25.74 - - [16/Aug/2012:03:42:03 +0200] "GET /robots.txt HTTP/1.1" 200 177 "-" "Pixray-Seeker/2.0 (Pixray-Seeker; http://www.pixray.com/pixraybot; crawler@pixray.com)"
5.9.25.74 - - [16/Aug/2012:03:42:03 +0200] "GET /news.php?cs_go=archiv&cs_startpos=881 HTTP/1.1" 200 22947 "-" "Pixray-Seeker/2.0 (Pixray-Seeker; http://www.pixray.com/pixraybot; crawler@pixray.com)"
5.9.25.70 - - [16/Aug/2012:04:05:19 +0200] "GET /robots.txt HTTP/1.1" 200 177 "-" "Pixray-Seeker/2.0 (Pixray-Seeker; http://www.pixray.com/pixraybot; crawler@pixray.com)"
5.9.25.70 - - [16/Aug/2012:04:05:19 +0200] "GET /news.php?cs_go=archiv&cs_startpos=220 HTTP/1.1" 200 7985 "-" "Pixray-Seeker/2.0 (Pixray-Seeker; http://www.pixray.com/pixraybot; crawler@pixray.com)"
66.249.72.131 - - [16/Aug/2012:04:04:45 +0200] "GET /news.php?cs_go=archiv&cs_startpos=281 HTTP/1.1" 200 23030 "-" "Mozilla/5.0 (compatible; Googlebot/2.1; +http://www.google.com/bot.html)"
66.249.72.131 - - [16/Aug/2012:04:14:49 +0200] "GET /news.php?cs_go=archiv&cs_startpos=291 HTTP/1.1" 200 23027 "-" "Mozilla/5.0 (compatible; Googlebot/2.1; +http://www.google.com/bot.html)"
213.186.122.3 - - [16/Aug/2012:04:31:26 +0200] "GET /news.php?cs_go=archiv&cs_id=3243&cs_search= HTTP/1.1" 200 9831 "-" "Mozilla/5.0 (compatible; AhrefsBot/3.1; +http://ahrefs.com/robot/)"
5.9.25.74 - - [16/Aug/2012:04:38:48 +0200] "GET /robots.txt HTTP/1.1" 200 177 "-" "Pixray-Seeker/2.0 (Pixray-Seeker; http://www.pixray.com/pixraybot; crawler@pixray.com)"
5.9.25.74 - - [16/Aug/2012:04:38:48 +0200] "GET /news.php?cs_go=archiv&cs_startpos=160 HTTP/1.1" 200 22928 "-" "Pixray-Seeker/2.0 (Pixray-Seeker; http://www.pixray.com/pixraybot; crawler@pixray.com)"
66.249.72.131 - - [16/Aug/2012:04:41:22 +0200] "GET /news.php?cs_go=archiv&cs_startpos=331 HTTP/1.1" 200 23289 "-" "Mozilla/5.0 (compatible; Googlebot/2.1; +http://www.google.com/bot.html)"
5.9.25.74 - - [16/Aug/2012:04:41:51 +0200] "GET /news.php?cs_go=archiv&cs_id=2644 HTTP/1.1" 200 9916 "-" "Pixray-Seeker/2.0 (Pixray-Seeker; http://www.pixray.com/pixraybot; crawler@pixray.com)"
5.9.25.74 - - [16/Aug/2012:04:44:57 +0200] "GET /news.php?cs_go=archiv&cs_startpos=210 HTTP/1.1" 200 22998 "-" "Pixray-Seeker/2.0 (Pixray-Seeker; http://www.pixray.com/pixraybot; crawler@pixray.com)"
5.9.25.76 - - [16/Aug/2012:04:53:34 +0200] "GET /robots.txt HTTP/1.1" 200 177 "-" "Pixray-Seeker/2.0 (Pixray-Seeker; http://www.pixray.com/pixraybot; crawler@pixray.com)"
5.9.25.76 - - [16/Aug/2012:04:53:34 +0200] "GET /news.php?cs_go=archiv&cs_startpos=970 HTTP/1.1" 200 22979 "-" "Pixray-Seeker/2.0 (Pixray-Seeker; http://www.pixray.com/pixraybot; crawler@pixray.com)"
5.9.25.76 - - [16/Aug/2012:05:00:08 +0200] "GET /verkehr/downloads/doc/46617.php HTTP/1.1" 404 - "-" "Pixray-Seeker/2.0 (Pixray-Seeker; http://www.pixray.com/pixraybot; crawler@pixray.com)"
207.46.204.232 - - [16/Aug/2012:05:15:44 +0200] "GET /robots.txt HTTP/1.1" 200 177 "-" "Mozilla/5.0 (compatible; bingbot/2.0; +http://www.bing.com/bingbot.htm)"
207.46.204.232 - - [16/Aug/2012:05:16:22 +0200] "GET /.php HTTP/1.1" 404 - "-" "Mozilla/5.0 (compatible; bingbot/2.0; +http://www.bing.com/bingbot.htm)"
65.52.108.148 - - [16/Aug/2012:05:22:23 +0200] "GET /Heizoel-Berlin.htm HTTP/1.1" 404 - "-" "Mozilla/5.0 (compatible; bingbot/2.0; +http://www.bing.com/bingbot.htm)"
5.9.25.73 - - [16/Aug/2012:05:23:38 +0200] "GET /robots.txt HTTP/1.1" 200 177 "-" "Pixray-Seeker/2.0 (Pixray-Seeker; http://www.pixray.com/pixraybot; crawler@pixray.com)"
5.9.25.73 - - [16/Aug/2012:05:23:38 +0200] "GET /news.php?cs_go=archiv&cs_startpos=481 HTTP/1.1" 200 22886 "-" "Pixray-Seeker/2.0 (Pixray-Seeker; http://www.pixray.com/pixraybot; crawler@pixray.com)"
5.9.25.73 - - [16/Aug/2012:05:24:36 +0200] "GET /images/mail.jpg HTTP/1.1" 200 11165 "-" "Pixray-Seeker/2.0 (Pixray-Seeker; http://www.pixray.com/pixraybot; crawler@pixray.com)"
188.40.65.130 - - [16/Aug/2012:05:33:02 +0200] "GET /robots.txt HTTP/1.1" 200 177 "-" "Pixray-Seeker/1.1 (Pixray-Seeker; http://www.pixray.com/pixraybot; crawler@pixray.com)"
188.40.65.130 - - [16/Aug/2012:05:33:02 +0200] "GET /news.php?cs_go=archiv&cs_startpos=501 HTTP/1.1" 200 22803 "-" "Pixray-Seeker/1.1 (Pixray-Seeker; http://www.pixray.com/pixraybot; crawler@pixray.com)"
139.18.2.17 - - [16/Aug/2012:05:35:36 +0200] "GET /lexikon.php HTTP/1.1" 200 6968 "-" "findlinks/2.6 (+http://wortschatz.uni-leipzig.de/findlinks/)"
139.18.2.17 - - [16/Aug/2012:05:35:36 +0200] "GET /lexikon.php HTTP/1.1" 200 10409 "-" "findlinks/2.6 (+http://wortschatz.uni-leipzig.de/findlinks/)"
65.36.241.79 - - [16/Aug/2012:05:38:41 +0200] "HEAD / HTTP/1.1" 200 - "-" "InternetSeer.com"
213.186.127.3 - - [16/Aug/2012:05:38:56 +0200] "GET /news.php?cs_go=archiv&cs_id=3303&cs_search= HTTP/1.1" 200 10425 "-" "Mozilla/5.0 (compatible; AhrefsBot/3.1; +http://ahrefs.com/robot/)"
66.249.72.131 - - [16/Aug/2012:05:39:13 +0200] "GET /news.php?cs_go=archiv&cs_startpos=241 HTTP/1.1" 200 23256 "-" "Mozilla/5.0 (compatible; Googlebot/2.1; +http://www.google.com/bot.html)"
5.9.25.72 - - [16/Aug/2012:05:49:17 +0200] "GET /robots.txt HTTP/1.1" 200 177 "-" "Pixray-Seeker/2.0 (Pixray-Seeker; http://www.pixray.com/pixraybot; crawler@pixray.com)"
5.9.25.72 - - [16/Aug/2012:05:49:17 +0200] "GET /lexikon.php?cs_go=3&cs_id=60 HTTP/1.1" 200 8510 "-" "Pixray-Seeker/2.0 (Pixray-Seeker; http://www.pixray.com/pixraybot; crawler@pixray.com)"
208.115.113.91 - - [16/Aug/2012:06:04:43 +0200] "GET /robots.txt HTTP/1.1" 200 177 "-" "Mozilla/5.0 (compatible; Ezooms/1.0; ezooms.bot@gmail.com)"
46.4.118.75 - - [16/Aug/2012:06:06:13 +0200] "GET /robots.txt HTTP/1.1" 200 177 "-" "Pixray-Seeker/1.1 (Pixray-Seeker; http://www.pixray.com/pixraybot; crawler@pixray.com)"
46.4.118.75 - - [16/Aug/2012:06:06:13 +0200] "GET /news.php?cs_go=archiv&cs_id=2314&cs_search= HTTP/1.1" 200 12342 "-" "Pixray-Seeker/1.1 (Pixray-Seeker; http://www.pixray.com/pixraybot; crawler@pixray.com)"
5.9.25.69 - - [16/Aug/2012:06:11:55 +0200] "GET /robots.txt HTTP/1.1" 200 177 "-" "Pixray-Seeker/2.0 (Pixray-Seeker; http://www.pixray.com/pixraybot; crawler@pixray.com)"
5.9.25.69 - - [16/Aug/2012:06:11:55 +0200] "GET /news.php HTTP/1.1" 200 22535 "-" "Pixray-Seeker/2.0 (Pixray-Seeker; http://www.pixray.com/pixraybot; crawler@pixray.com)"
5.9.25.69 - - [16/Aug/2012:06:12:57 +0200] "GET /lexikon.php?cs_go=3&cs_id=69 HTTP/1.1" 200 10015 "-" "Pixray-Seeker/2.0 (Pixray-Seeker; http://www.pixray.com/pixraybot; crawler@pixray.com)"
5.9.25.69 - - [16/Aug/2012:06:18:59 +0200] "GET /lexikon.php?cs_go=3&cs_id=2 HTTP/1.1" 200 8337 "-" "Pixray-Seeker/2.0 (Pixray-Seeker; http://www.pixray.com/pixraybot; crawler@pixray.com)"
188.40.66.214 - - [16/Aug/2012:06:20:24 +0200] "GET /robots.txt HTTP/1.1" 200 177 "-" "Pixray-Seeker/1.1 (Pixray-Seeker; http://www.pixray.com/pixraybot; crawler@pixray.com)"
188.40.66.214 - - [16/Aug/2012:06:20:24 +0200] "GET /news.php?cs_go=archiv&cs_id=2483&cs_search= HTTP/1.1" 200 18894 "-" "Pixray-Seeker/1.1 (Pixray-Seeker; http://www.pixray.com/pixraybot; crawler@pixray.com)"
188.40.66.214 - - [16/Aug/2012:06:21:09 +0200] "GET /news.php?cs_go=archiv&cs_id=2011&cs_search= HTTP/1.1" 200 10832 "-" "Pixray-Seeker/1.1 (Pixray-Seeker; http://www.pixray.com/pixraybot; crawler@pixray.com)"
188.40.66.214 - - [16/Aug/2012:06:22:48 +0200] "GET /news.php?cs_go=archiv&cs_id=1761&cs_search= HTTP/1.1" 200 14121 "-" "Pixray-Seeker/1.1 (Pixray-Seeker; http://www.pixray.com/pixraybot; crawler@pixray.com)"
60.50.234.50 - - [16/Aug/2012:06:25:25 +0200] "GET /robots.txt HTTP/1.1" 200 177 "-" "Mozilla/5.0 (compatible; 008/0.83; http://www.80legs.com/webcrawler.html;) Gecko/2008032620"
60.50.234.50 - - [16/Aug/2012:06:25:25 +0200] "GET / HTTP/1.1" 200 15348 "-" "Mozilla/5.0 (compatible; 008/0.83; http://www.80legs.com/webcrawler.html) Gecko/2008032620"
46.4.118.75 - - [16/Aug/2012:06:46:38 +0200] "GET /robots.txt HTTP/1.1" 200 177 "-" "Pixray-Seeker/1.1 (Pixray-Seeker; http://www.pixray.com/pixraybot; crawler@pixray.com)"
46.4.118.75 - - [16/Aug/2012:06:46:38 +0200] "GET /news.php?cs_go=archiv&cs_id=2826&cs_search= HTTP/1.1" 200 9961 "-" "Pixray-Seeker/1.1 (Pixray-Seeker; http://www.pixray.com/pixraybot; crawler@pixray.com)"
213.186.127.2 - - [16/Aug/2012:06:46:53 +0200] "GET /lexikon.php?cs_go=2&cs_char=w HTTP/1.1" 200 8587 "-" "Mozilla/5.0 (compatible; AhrefsBot/3.1; +http://ahrefs.com/robot/)"
207.46.13.97 - - [16/Aug/2012:06:51:48 +0200] "GET /robots.txt HTTP/1.1" 200 177 "-" "Mozilla/5.0 (compatible; bingbot/2.0; +http://www.bing.com/bingbot.htm)"
207.46.13.97 - - [16/Aug/2012:06:52:31 +0200] "GET / HTTP/1.1" 200 15348 "-" "Mozilla/5.0 (compatible; bingbot/2.0; +http://www.bing.com/bingbot.htm)"
46.4.19.85 - - [16/Aug/2012:06:59:32 +0200] "GET /robots.txt HTTP/1.1" 200 177 "-" "Pixray-Seeker/1.1 (Pixray-Seeker; http://www.pixray.com/pixraybot; crawler@pixray.com)"
46.4.19.85 - - [16/Aug/2012:06:59:32 +0200] "GET /news.php?cs_go=archiv&cs_id=2324&cs_search= HTTP/1.1" 200 11859 "-" "Pixray-Seeker/1.1 (Pixray-Seeker; http://www.pixray.com/pixraybot; crawler@pixray.com)"
5.9.25.70 - - [16/Aug/2012:07:06:32 +0200] "GET /robots.txt HTTP/1.1" 200 177 "-" "Pixray-Seeker/2.0 (Pixray-Seeker; http://www.pixray.com/pixraybot; crawler@pixray.com)"
5.9.25.70 - - [16/Aug/2012:07:06:32 +0200] "GET /standard.php HTTP/1.1" 200 9218 "-" "Pixray-Seeker/2.0 (Pixray-Seeker; http://www.pixray.com/pixraybot; crawler@pixray.com)"
66.249.72.131 - - [16/Aug/2012:07:06:33 +0200] "GET /news.php?cs_go=archiv&cs_id=1960&cs_search= HTTP/1.1" 200 14309 "-" "Mozilla/5.0 (compatible; Googlebot/2.1; +http://www.google.com/bot.html)"
77.20.155.218 - - [16/Aug/2012:07:17:56 +0200] "GET /standard.php HTTP/1.1" 200 9218 "-" "findlinks/2.0.2 (+http://wortschatz.uni-leipzig.de/findlinks/)"
77.20.155.218 - - [16/Aug/2012:07:17:57 +0200] "GET /standard.php HTTP/1.1" 200 9131 "-" "findlinks/2.0.2 (+http://wortschatz.uni-leipzig.de/findlinks/)"
88.198.67.134 - - [16/Aug/2012:07:23:35 +0200] "GET /robots.txt HTTP/1.1" 200 177 "-" "Pixray-Seeker/1.1 (Pixray-Seeker; http://www.pixray.com/pixraybot; crawler@pixray.com)"
88.198.67.134 - - [16/Aug/2012:07:23:35 +0200] "GET /news.php?cs_go=archiv&cs_id=2041&cs_search= HTTP/1.1" 200 10432 "-" "Pixray-Seeker/1.1 (Pixray-Seeker; http://www.pixray.com/pixraybot; crawler@pixray.com)"
88.198.67.134 - - [16/Aug/2012:07:26:45 +0200] "GET /news.php?cs_go=archiv&cs_id=2088&cs_search= HTTP/1.1" 200 10227 "-" "Pixray-Seeker/1.1 (Pixray-Seeker; http://www.pixray.com/pixraybot; crawler@pixray.com)"
88.198.67.134 - - [16/Aug/2012:07:27:06 +0200] "GET /news.php?cs_go=archiv&cs_id=2098&cs_search= HTTP/1.1" 200 10304 "-" "Pixray-Seeker/1.1 (Pixray-Seeker; http://www.pixray.com/pixraybot; crawler@pixray.com)"
176.9.0.13 - - [16/Aug/2012:07:35:22 +0200] "GET /robots.txt HTTP/1.1" 200 177 "-" "Pixray-Seeker/1.1 (Pixray-Seeker; http://www.pixray.com/pixraybot; crawler@pixray.com)"
176.9.0.13 - - [16/Aug/2012:07:35:22 +0200] "GET /news.php?cs_go=archiv&cs_id=2156&cs_search= HTTP/1.1" 200 15348 "-" "Pixray-Seeker/1.1 (Pixray-Seeker; http://www.pixray.com/pixraybot; crawler@pixray.com)"
5.9.25.76 - - [16/Aug/2012:07:35:36 +0200] "GET /robots.txt HTTP/1.1" 200 177 "-" "Pixray-Seeker/2.0 (Pixray-Seeker; http://www.pixray.com/pixraybot; crawler@pixray.com)"
5.9.25.76 - - [16/Aug/2012:07:35:36 +0200] "GET /www.erneuerbare-energien.de/inhalt/2720/%AD HTTP/1.1" 404 - "-" "Pixray-Seeker/2.0 (Pixray-Seeker; http://www.pixray.com/pixraybot; crawler@pixray.com)"
89.247.13.15 - - [16/Aug/2012:07:37:20 +0200] "GET /style.css HTTP/1.1" 200 8418 "http://www.mink-gmbh.de/index.php" "Mozilla/5.0 (Windows NT 6.1; rv:14.0) Gecko/20100101 Firefox/14.0.1"
89.247.13.15 - - [16/Aug/2012:07:37:20 +0200] "GET /modul.css HTTP/1.1" 200 35038 "http://www.mink-gmbh.de/index.php" "Mozilla/5.0 (Windows NT 6.1; rv:14.0) Gecko/20100101 Firefox/14.0.1"
89.247.13.15 - - [16/Aug/2012:07:37:20 +0200] "GET /favicon.ico HTTP/1.1" 200 3638 "-" "Mozilla/5.0 (Windows NT 6.1; rv:14.0) Gecko/20100101 Firefox/14.0.1"
89.247.13.15 - - [16/Aug/2012:07:37:20 +0200] "GET /js_contentserver24_greybox/gb_styles.css HTTP/1.1" 200 2302 "http://www.mink-gmbh.de/index.php" "Mozilla/5.0 (Windows NT 6.1; rv:14.0) Gecko/20100101 Firefox/14.0.1"
89.247.13.15 - - [16/Aug/2012:07:37:20 +0200] "GET /js_contentserver24_greybox/AJS.js HTTP/1.1" 200 10396 "http://www.mink-gmbh.de/index.php" "Mozilla/5.0 (Windows NT 6.1; rv:14.0) Gecko/20100101 Firefox/14.0.1"
89.247.13.15 - - [16/Aug/2012:07:37:20 +0200] "GET /js_contentserver24_greybox/AJS_fx.js HTTP/1.1" 200 3192 "http://www.mink-gmbh.de/index.php" "Mozilla/5.0 (Windows NT 6.1; rv:14.0) Gecko/20100101 Firefox/14.0.1"
89.247.13.15 - - [16/Aug/2012:07:37:20 +0200] "GET /js_contentserver24_greybox/gb_scripts.js HTTP/1.1" 200 11913 "http://www.mink-gmbh.de/index.php" "Mozilla/5.0 (Windows NT 6.1; rv:14.0) Gecko/20100101 Firefox/14.0.1"
89.247.13.15 - - [16/Aug/2012:07:37:21 +0200] "GET /images/bg.jpg HTTP/1.1" 200 345 "http://www.mink-gmbh.de/style.css" "Mozilla/5.0 (Windows NT 6.1; rv:14.0) Gecko/20100101 Firefox/14.0.1"
89.247.13.15 - - [16/Aug/2012:07:37:21 +0200] "GET /js_contentserver24_greybox/w_close.gif HTTP/1.1" 200 74 "http://www.mink-gmbh.de/index.php" "Mozilla/5.0 (Windows NT 6.1; rv:14.0) Gecko/20100101 Firefox/14.0.1"
89.247.13.15 - - [16/Aug/2012:07:37:21 +0200] "GET /images/close.png HTTP/1.1" 200 703 "http://www.mink-gmbh.de/index.php" "Mozilla/5.0 (Windows NT 6.1; rv:14.0) Gecko/20100101 Firefox/14.0.1"
89.247.13.15 - - [16/Aug/2012:07:37:21 +0200] "GET /images/newsletter_bg.jpg HTTP/1.1" 200 33610 "http://www.mink-gmbh.de/index.php" "Mozilla/5.0 (Windows NT 6.1; rv:14.0) Gecko/20100101 Firefox/14.0.1"
89.247.13.15 - - [16/Aug/2012:07:37:21 +0200] "GET /images/newsletter.png HTTP/1.1" 200 14619 "http://www.mink-gmbh.de/style.css" "Mozilla/5.0 (Windows NT 6.1; rv:14.0) Gecko/20100101 Firefox/14.0.1"
89.247.13.15 - - [16/Aug/2012:07:37:21 +0200] "GET /images/wrapperbg.jpg HTTP/1.1" 200 27465 "http://www.mink-gmbh.de/style.css" "Mozilla/5.0 (Windows NT 6.1; rv:14.0) Gecko/20100101 Firefox/14.0.1"
89.247.13.15 - - [16/Aug/2012:07:37:21 +0200] "GET /images/header.jpg HTTP/1.1" 200 24413 "http://www.mink-gmbh.de/style.css" "Mozilla/5.0 (Windows NT 6.1; rv:14.0) Gecko/20100101 Firefox/14.0.1"
89.247.13.15 - - [16/Aug/2012:07:37:21 +0200] "GET /images/navibg.png HTTP/1.1" 200 2803 "http://www.mink-gmbh.de/style.css" "Mozilla/5.0 (Windows NT 6.1; rv:14.0) Gecko/20100101 Firefox/14.0.1"
89.247.13.15 - - [16/Aug/2012:07:37:20 +0200] "GET /index.php HTTP/1.1" 200 15332 "-" "Mozilla/5.0 (Windows NT 6.1; rv:14.0) Gecko/20100101 Firefox/14.0.1"
89.247.13.15 - - [16/Aug/2012:07:37:21 +0200] "GET /images/fallend.png HTTP/1.1" 200 713 "http://www.mink-gmbh.de/modul.css" "Mozilla/5.0 (Windows NT 6.1; rv:14.0) Gecko/20100101 Firefox/14.0.1"
89.247.13.15 - - [16/Aug/2012:07:37:21 +0200] "GET /images/steigend.png HTTP/1.1" 200 688 "http://www.mink-gmbh.de/modul.css" "Mozilla/5.0 (Windows NT 6.1; rv:14.0) Gecko/20100101 Firefox/14.0.1"
89.247.13.15 - - [16/Aug/2012:07:37:21 +0200] "GET /images/freecall.jpg HTTP/1.1" 200 39195 "http://www.mink-gmbh.de/index.php" "Mozilla/5.0 (Windows NT 6.1; rv:14.0) Gecko/20100101 Firefox/14.0.1"
89.247.13.15 - - [16/Aug/2012:07:37:21 +0200] "GET /images/mail.jpg HTTP/1.1" 200 11165 "http://www.mink-gmbh.de/index.php" "Mozilla/5.0 (Windows NT 6.1; rv:14.0) Gecko/20100101 Firefox/14.0.1"
89.247.13.15 - - [16/Aug/2012:07:37:21 +0200] "GET /images/kwk.gif HTTP/1.1" 200 6403 "http://www.mink-gmbh.de/index.php" "Mozilla/5.0 (Windows NT 6.1; rv:14.0) Gecko/20100101 Firefox/14.0.1"
89.247.13.15 - - [16/Aug/2012:07:37:21 +0200] "GET /images/wunschpreis.jpg HTTP/1.1" 200 16767 "http://www.mink-gmbh.de/index.php" "Mozilla/5.0 (Windows NT 6.1; rv:14.0) Gecko/20100101 Firefox/14.0.1"
89.247.13.15 - - [16/Aug/2012:07:37:21 +0200] "GET /images/logos.jpg HTTP/1.1" 200 15002 "http://www.mink-gmbh.de/index.php" "Mozilla/5.0 (Windows NT 6.1; rv:14.0) Gecko/20100101 Firefox/14.0.1"
89.247.13.15 - - [16/Aug/2012:07:37:21 +0200] "GET /images/tkw.jpg HTTP/1.1" 200 64031 "http://www.mink-gmbh.de/index.php" "Mozilla/5.0 (Windows NT 6.1; rv:14.0) Gecko/20100101 Firefox/14.0.1"
89.247.13.15 - - [16/Aug/2012:07:37:21 +0200] "GET /images/mobil.jpg HTTP/1.1" 200 25293 "http://www.mink-gmbh.de/style.css" "Mozilla/5.0 (Windows NT 6.1; rv:14.0) Gecko/20100101 Firefox/14.0.1"
89.247.13.15 - - [16/Aug/2012:07:37:21 +0200] "GET /images/newsletter.jpg HTTP/1.1" 200 13130 "http://www.mink-gmbh.de/style.css" "Mozilla/5.0 (Windows NT 6.1; rv:14.0) Gecko/20100101 Firefox/14.0.1"
89.247.13.15 - - [16/Aug/2012:07:37:21 +0200] "GET /images/footerbg.jpg HTTP/1.1" 200 2184 "http://www.mink-gmbh.de/style.css" "Mozilla/5.0 (Windows NT 6.1; rv:14.0) Gecko/20100101 Firefox/14.0.1"
89.247.13.15 - - [16/Aug/2012:07:37:21 +0200] "GET /js_contentserver24_greybox/header_bg.gif HTTP/1.1" 200 1188 "http://www.mink-gmbh.de/index.php" "Mozilla/5.0 (Windows NT 6.1; rv:14.0) Gecko/20100101 Firefox/14.0.1"
89.247.13.15 - - [16/Aug/2012:07:37:21 +0200] "GET /js_contentserver24_greybox/g_close.gif HTTP/1.1" 200 541 "http://www.mink-gmbh.de/index.php" "Mozilla/5.0 (Windows NT 6.1; rv:14.0) Gecko/20100101 Firefox/14.0.1"
89.247.13.15 - - [16/Aug/2012:07:37:21 +0200] "GET /js_contentserver24_greybox/indicator.gif HTTP/1.1" 200 8238 "http://www.mink-gmbh.de/index.php" "Mozilla/5.0 (Windows NT 6.1; rv:14.0) Gecko/20100101 Firefox/14.0.1"
89.247.13.15 - - [16/Aug/2012:07:37:22 +0200] "GET /js_contentserver24_greybox/loader_frame.html?s=0 HTTP/1.1" 200 2084 "http://www.mink-gmbh.de/index.php" "Mozilla/5.0 (Windows NT 6.1; rv:14.0) Gecko/20100101 Firefox/14.0.1"
176.9.0.13 - - [16/Aug/2012:07:38:27 +0200] "GET /verkehr/downloads/doc/46617.php HTTP/1.1" 404 - "-" "Pixray-Seeker/1.1 (Pixray-Seeker; http://www.pixray.com/pixraybot; crawler@pixray.com)"
176.9.0.13 - - [16/Aug/2012:07:40:38 +0200] "GET /news.php?cs_go=archiv&cs_id=2286&cs_search= HTTP/1.1" 200 13768 "-" "Pixray-Seeker/1.1 (Pixray-Seeker; http://www.pixray.com/pixraybot; crawler@pixray.com)"
176.9.0.13 - - [16/Aug/2012:07:44:01 +0200] "GET /news.php?cs_go=archiv&cs_id=2108&cs_search= HTTP/1.1" 200 11759 "-" "Pixray-Seeker/1.1 (Pixray-Seeker; http://www.pixray.com/pixraybot; crawler@pixray.com)"
176.9.0.13 - - [16/Aug/2012:07:44:44 +0200] "GET /news.php?cs_go=archiv&cs_id=1719&cs_search= HTTP/1.1" 200 11801 "-" "Pixray-Seeker/1.1 (Pixray-Seeker; http://www.pixray.com/pixraybot; crawler@pixray.com)"
89.247.13.15 - - [16/Aug/2012:07:44:54 +0200] "GET /index.php HTTP/1.1" 200 14597 "-" "Mozilla/5.0 (Windows NT 6.1; rv:14.0) Gecko/20100101 Firefox/14.0.1"
176.9.0.13 - - [16/Aug/2012:07:45:00 +0200] "GET /news.php?cs_go=archiv&cs_startpos=1361 HTTP/1.1" 200 23089 "-" "Pixray-Seeker/1.1 (Pixray-Seeker; http://www.pixray.com/pixraybot; crawler@pixray.com)"
88.198.64.132 - - [16/Aug/2012:07:51:33 +0200] "GET /robots.txt HTTP/1.1" 200 177 "-" "Pixray-Seeker/1.1 (Pixray-Seeker; http://www.pixray.com/pixraybot; crawler@pixray.com)"
88.198.64.132 - - [16/Aug/2012:07:51:34 +0200] "GET /lexikon.php?cs_go=3&cs_id=198 HTTP/1.1" 200 9029 "-" "Pixray-Seeker/1.1 (Pixray-Seeker; http://www.pixray.com/pixraybot; crawler@pixray.com)"
213.186.127.3 - - [16/Aug/2012:07:53:58 +0200] "GET /news.php?cs_go=archiv&cs_id=3304&cs_search= HTTP/1.1" 200 13535 "-" "Mozilla/5.0 (compatible; AhrefsBot/3.1; +http://ahrefs.com/robot/)"
5.9.25.74 - - [16/Aug/2012:07:56:16 +0200] "GET /robots.txt HTTP/1.1" 200 177 "-" "Pixray-Seeker/2.0 (Pixray-Seeker; http://www.pixray.com/pixraybot; crawler@pixray.com)"
5.9.25.74 - - [16/Aug/2012:07:56:16 +0200] "GET /news.php?cs_go=archiv&cs_startpos=1090 HTTP/1.1" 200 23176 "-" "Pixray-Seeker/2.0 (Pixray-Seeker; http://www.pixray.com/pixraybot; crawler@pixray.com)"
88.198.64.132 - - [16/Aug/2012:07:57:13 +0200] "GET /news.php?cs_go=archiv&cs_id=1915&cs_search= HTTP/1.1" 200 9481 "-" "Pixray-Seeker/1.1 (Pixray-Seeker; http://www.pixray.com/pixraybot; crawler@pixray.com)"
5.9.25.74 - - [16/Aug/2012:07:57:43 +0200] "GET /lexikon.php?cs_go=3&cs_id=56 HTTP/1.1" 200 7921 "-" "Pixray-Seeker/2.0 (Pixray-Seeker; http://www.pixray.com/pixraybot; crawler@pixray.com)"
5.9.25.74 - - [16/Aug/2012:08:00:44 +0200] "GET /images/freecall.jpg HTTP/1.1" 200 39195 "-" "Pixray-Seeker/2.0 (Pixray-Seeker; http://www.pixray.com/pixraybot; crawler@pixray.com)"
208.115.113.91 - - [16/Aug/2012:08:03:04 +0200] "GET /lexikon.php?cs_go=3&cs_id=129 HTTP/1.1" 200 8684 "-" "Mozilla/5.0 (compatible; Ezooms/1.0; ezooms.bot@gmail.com)"
88.198.64.132 - - [16/Aug/2012:08:03:08 +0200] "GET /news.php?cs_go=archiv&cs_id=2180&cs_search= HTTP/1.1" 200 13790 "-" "Pixray-Seeker/1.1 (Pixray-Seeker; http://www.pixray.com/pixraybot; crawler@pixray.com)"
208.115.113.91 - - [16/Aug/2012:08:03:20 +0200] "GET /news.php?cs_go=archiv&cs_id=2108&cs_search= HTTP/1.1" 200 11846 "-" "Mozilla/5.0 (compatible; Ezooms/1.0; ezooms.bot@gmail.com)"
208.115.113.91 - - [16/Aug/2012:08:03:25 +0200] "GET /news.php?cs_go=archiv&cs_id=2846&cs_search= HTTP/1.1" 200 10837 "-" "Mozilla/5.0 (compatible; Ezooms/1.0; ezooms.bot@gmail.com)"
208.115.113.91 - - [16/Aug/2012:08:03:29 +0200] "GET /news.php?cs_go=archiv&cs_id=3135&cs_search= HTTP/1.1" 200 13329 "-" "Mozilla/5.0 (compatible; Ezooms/1.0; ezooms.bot@gmail.com)"
89.247.13.15 - - [16/Aug/2012:08:07:42 +0200] "GET /style.css HTTP/1.1" 200 8418 "http://www.mink-gmbh.de/index.php" "Mozilla/5.0 (Windows NT 6.1; rv:14.0) Gecko/20100101 Firefox/14.0.1"
89.247.13.15 - - [16/Aug/2012:08:07:42 +0200] "GET /modul.css HTTP/1.1" 200 35038 "http://www.mink-gmbh.de/index.php" "Mozilla/5.0 (Windows NT 6.1; rv:14.0) Gecko/20100101 Firefox/14.0.1"
89.247.13.15 - - [16/Aug/2012:08:07:42 +0200] "GET /favicon.ico HTTP/1.1" 200 3638 "-" "Mozilla/5.0 (Windows NT 6.1; rv:14.0) Gecko/20100101 Firefox/14.0.1"
89.247.13.15 - - [16/Aug/2012:08:07:43 +0200] "GET /js_contentserver24_greybox/gb_styles.css HTTP/1.1" 200 2302 "http://www.mink-gmbh.de/index.php" "Mozilla/5.0 (Windows NT 6.1; rv:14.0) Gecko/20100101 Firefox/14.0.1"
89.247.13.15 - - [16/Aug/2012:08:07:43 +0200] "GET /js_contentserver24_greybox/AJS.js HTTP/1.1" 200 10396 "http://www.mink-gmbh.de/index.php" "Mozilla/5.0 (Windows NT 6.1; rv:14.0) Gecko/20100101 Firefox/14.0.1"
89.247.13.15 - - [16/Aug/2012:08:07:43 +0200] "GET /js_contentserver24_greybox/AJS_fx.js HTTP/1.1" 200 3192 "http://www.mink-gmbh.de/index.php" "Mozilla/5.0 (Windows NT 6.1; rv:14.0) Gecko/20100101 Firefox/14.0.1"
89.247.13.15 - - [16/Aug/2012:08:07:43 +0200] "GET /js_contentserver24_greybox/gb_scripts.js HTTP/1.1" 200 11913 "http://www.mink-gmbh.de/index.php" "Mozilla/5.0 (Windows NT 6.1; rv:14.0) Gecko/20100101 Firefox/14.0.1"
89.247.13.15 - - [16/Aug/2012:08:07:43 +0200] "GET /images/bg.jpg HTTP/1.1" 200 345 "http://www.mink-gmbh.de/style.css" "Mozilla/5.0 (Windows NT 6.1; rv:14.0) Gecko/20100101 Firefox/14.0.1"
89.247.13.15 - - [16/Aug/2012:08:07:43 +0200] "GET /js_contentserver24_greybox/w_close.gif HTTP/1.1" 200 74 "http://www.mink-gmbh.de/index.php" "Mozilla/5.0 (Windows NT 6.1; rv:14.0) Gecko/20100101 Firefox/14.0.1"
89.247.13.15 - - [16/Aug/2012:08:07:43 +0200] "GET /images/close.png HTTP/1.1" 200 703 "http://www.mink-gmbh.de/index.php" "Mozilla/5.0 (Windows NT 6.1; rv:14.0) Gecko/20100101 Firefox/14.0.1"
89.247.13.15 - - [16/Aug/2012:08:07:43 +0200] "GET /images/newsletter_bg.jpg HTTP/1.1" 200 33610 "http://www.mink-gmbh.de/index.php" "Mozilla/5.0 (Windows NT 6.1; rv:14.0) Gecko/20100101 Firefox/14.0.1"
89.247.13.15 - - [16/Aug/2012:08:07:43 +0200] "GET /images/newsletter.png HTTP/1.1" 200 14619 "http://www.mink-gmbh.de/style.css" "Mozilla/5.0 (Windows NT 6.1; rv:14.0) Gecko/20100101 Firefox/14.0.1"
89.247.13.15 - - [16/Aug/2012:08:07:43 +0200] "GET /images/wrapperbg.jpg HTTP/1.1" 200 27465 "http://www.mink-gmbh.de/style.css" "Mozilla/5.0 (Windows NT 6.1; rv:14.0) Gecko/20100101 Firefox/14.0.1"
89.247.13.15 - - [16/Aug/2012:08:07:43 +0200] "GET /images/header.jpg HTTP/1.1" 200 24413 "http://www.mink-gmbh.de/style.css" "Mozilla/5.0 (Windows NT 6.1; rv:14.0) Gecko/20100101 Firefox/14.0.1"
89.247.13.15 - - [16/Aug/2012:08:07:43 +0200] "GET /images/navibg.png HTTP/1.1" 200 2803 "http://www.mink-gmbh.de/style.css" "Mozilla/5.0 (Windows NT 6.1; rv:14.0) Gecko/20100101 Firefox/14.0.1"
89.247.13.15 - - [16/Aug/2012:08:07:43 +0200] "GET /images/fallend.png HTTP/1.1" 200 713 "http://www.mink-gmbh.de/modul.css" "Mozilla/5.0 (Windows NT 6.1; rv:14.0) Gecko/20100101 Firefox/14.0.1"
89.247.13.15 - - [16/Aug/2012:08:07:42 +0200] "GET /index.php HTTP/1.1" 200 15332 "-" "Mozilla/5.0 (Windows NT 6.1; rv:14.0) Gecko/20100101 Firefox/14.0.1"
89.247.13.15 - - [16/Aug/2012:08:07:43 +0200] "GET /images/steigend.png HTTP/1.1" 200 688 "http://www.mink-gmbh.de/modul.css" "Mozilla/5.0 (Windows NT 6.1; rv:14.0) Gecko/20100101 Firefox/14.0.1"
89.247.13.15 - - [16/Aug/2012:08:07:44 +0200] "GET /images/freecall.jpg HTTP/1.1" 200 39195 "http://www.mink-gmbh.de/index.php" "Mozilla/5.0 (Windows NT 6.1; rv:14.0) Gecko/20100101 Firefox/14.0.1"
89.247.13.15 - - [16/Aug/2012:08:07:44 +0200] "GET /images/mail.jpg HTTP/1.1" 200 11165 "http://www.mink-gmbh.de/index.php" "Mozilla/5.0 (Windows NT 6.1; rv:14.0) Gecko/20100101 Firefox/14.0.1"
89.247.13.15 - - [16/Aug/2012:08:07:44 +0200] "GET /images/kwk.gif HTTP/1.1" 200 6403 "http://www.mink-gmbh.de/index.php" "Mozilla/5.0 (Windows NT 6.1; rv:14.0) Gecko/20100101 Firefox/14.0.1"
89.247.13.15 - - [16/Aug/2012:08:07:44 +0200] "GET /images/wunschpreis.jpg HTTP/1.1" 200 16767 "http://www.mink-gmbh.de/index.php" "Mozilla/5.0 (Windows NT 6.1; rv:14.0) Gecko/20100101 Firefox/14.0.1"
89.247.13.15 - - [16/Aug/2012:08:07:44 +0200] "GET /images/logos.jpg HTTP/1.1" 200 15002 "http://www.mink-gmbh.de/index.php" "Mozilla/5.0 (Windows NT 6.1; rv:14.0) Gecko/20100101 Firefox/14.0.1"
89.247.13.15 - - [16/Aug/2012:08:07:44 +0200] "GET /images/mobil.jpg HTTP/1.1" 200 25293 "http://www.mink-gmbh.de/style.css" "Mozilla/5.0 (Windows NT 6.1; rv:14.0) Gecko/20100101 Firefox/14.0.1"
89.247.13.15 - - [16/Aug/2012:08:07:44 +0200] "GET /images/newsletter.jpg HTTP/1.1" 200 13130 "http://www.mink-gmbh.de/style.css" "Mozilla/5.0 (Windows NT 6.1; rv:14.0) Gecko/20100101 Firefox/14.0.1"
89.247.13.15 - - [16/Aug/2012:08:07:44 +0200] "GET /images/footerbg.jpg HTTP/1.1" 200 2184 "http://www.mink-gmbh.de/style.css" "Mozilla/5.0 (Windows NT 6.1; rv:14.0) Gecko/20100101 Firefox/14.0.1"
89.247.13.15 - - [16/Aug/2012:08:07:43 +0200] "GET /images/tkw.jpg HTTP/1.1" 200 64031 "http://www.mink-gmbh.de/index.php" "Mozilla/5.0 (Windows NT 6.1; rv:14.0) Gecko/20100101 Firefox/14.0.1"
89.247.13.15 - - [16/Aug/2012:08:07:44 +0200] "GET /js_contentserver24_greybox/header_bg.gif HTTP/1.1" 200 1188 "http://www.mink-gmbh.de/index.php" "Mozilla/5.0 (Windows NT 6.1; rv:14.0) Gecko/20100101 Firefox/14.0.1"
89.247.13.15 - - [16/Aug/2012:08:07:44 +0200] "GET /js_contentserver24_greybox/g_close.gif HTTP/1.1" 200 541 "http://www.mink-gmbh.de/index.php" "Mozilla/5.0 (Windows NT 6.1; rv:14.0) Gecko/20100101 Firefox/14.0.1"
89.247.13.15 - - [16/Aug/2012:08:07:44 +0200] "GET /js_contentserver24_greybox/indicator.gif HTTP/1.1" 200 8238 "http://www.mink-gmbh.de/index.php" "Mozilla/5.0 (Windows NT 6.1; rv:14.0) Gecko/20100101 Firefox/14.0.1"
89.247.13.15 - - [16/Aug/2012:08:07:44 +0200] "GET /js_contentserver24_greybox/loader_frame.html?s=0 HTTP/1.1" 200 2084 "http://www.mink-gmbh.de/index.php" "Mozilla/5.0 (Windows NT 6.1; rv:14.0) Gecko/20100101 Firefox/14.0.1"
87.123.93.33 - - [16/Aug/2012:08:18:44 +0200] "GET /style.css HTTP/1.1" 200 8418 "http://www.mink-gmbh.de/" "Mozilla/5.0 (Windows NT 6.0; rv:14.0) Gecko/20100101 Firefox/14.0.1"
87.123.93.33 - - [16/Aug/2012:08:18:44 +0200] "GET /modul.css HTTP/1.1" 200 35038 "http://www.mink-gmbh.de/" "Mozilla/5.0 (Windows NT 6.0; rv:14.0) Gecko/20100101 Firefox/14.0.1"
87.123.93.33 - - [16/Aug/2012:08:18:44 +0200] "GET /favicon.ico HTTP/1.1" 200 3638 "-" "Mozilla/5.0 (Windows NT 6.0; rv:14.0) Gecko/20100101 Firefox/14.0.1"
87.123.93.33 - - [16/Aug/2012:08:18:44 +0200] "GET /js_contentserver24_greybox/gb_styles.css HTTP/1.1" 200 2302 "http://www.mink-gmbh.de/" "Mozilla/5.0 (Windows NT 6.0; rv:14.0) Gecko/20100101 Firefox/14.0.1"
87.123.93.33 - - [16/Aug/2012:08:18:44 +0200] "GET /js_contentserver24_greybox/AJS.js HTTP/1.1" 200 10396 "http://www.mink-gmbh.de/" "Mozilla/5.0 (Windows NT 6.0; rv:14.0) Gecko/20100101 Firefox/14.0.1"
87.123.93.33 - - [16/Aug/2012:08:18:44 +0200] "GET /js_contentserver24_greybox/AJS_fx.js HTTP/1.1" 200 3192 "http://www.mink-gmbh.de/" "Mozilla/5.0 (Windows NT 6.0; rv:14.0) Gecko/20100101 Firefox/14.0.1"
87.123.93.33 - - [16/Aug/2012:08:18:44 +0200] "GET /js_contentserver24_greybox/gb_scripts.js HTTP/1.1" 200 11913 "http://www.mink-gmbh.de/" "Mozilla/5.0 (Windows NT 6.0; rv:14.0) Gecko/20100101 Firefox/14.0.1"
87.123.93.33 - - [16/Aug/2012:08:18:44 +0200] "GET /images/bg.jpg HTTP/1.1" 200 345 "http://www.mink-gmbh.de/style.css" "Mozilla/5.0 (Windows NT 6.0; rv:14.0) Gecko/20100101 Firefox/14.0.1"
87.123.93.33 - - [16/Aug/2012:08:18:44 +0200] "GET /js_contentserver24_greybox/w_close.gif HTTP/1.1" 200 74 "http://www.mink-gmbh.de/" "Mozilla/5.0 (Windows NT 6.0; rv:14.0) Gecko/20100101 Firefox/14.0.1"
87.123.93.33 - - [16/Aug/2012:08:18:45 +0200] "GET /images/close.png HTTP/1.1" 200 703 "http://www.mink-gmbh.de/" "Mozilla/5.0 (Windows NT 6.0; rv:14.0) Gecko/20100101 Firefox/14.0.1"
87.123.93.33 - - [16/Aug/2012:08:18:45 +0200] "GET /images/newsletter_bg.jpg HTTP/1.1" 200 33610 "http://www.mink-gmbh.de/" "Mozilla/5.0 (Windows NT 6.0; rv:14.0) Gecko/20100101 Firefox/14.0.1"
87.123.93.33 - - [16/Aug/2012:08:18:45 +0200] "GET /images/newsletter.png HTTP/1.1" 200 14619 "http://www.mink-gmbh.de/style.css" "Mozilla/5.0 (Windows NT 6.0; rv:14.0) Gecko/20100101 Firefox/14.0.1"
87.123.93.33 - - [16/Aug/2012:08:18:45 +0200] "GET /images/header.jpg HTTP/1.1" 200 24413 "http://www.mink-gmbh.de/style.css" "Mozilla/5.0 (Windows NT 6.0; rv:14.0) Gecko/20100101 Firefox/14.0.1"
87.123.93.33 - - [16/Aug/2012:08:18:45 +0200] "GET /images/navibg.png HTTP/1.1" 200 2803 "http://www.mink-gmbh.de/style.css" "Mozilla/5.0 (Windows NT 6.0; rv:14.0) Gecko/20100101 Firefox/14.0.1"
87.123.93.33 - - [16/Aug/2012:08:18:45 +0200] "GET /images/wrapperbg.jpg HTTP/1.1" 200 27465 "http://www.mink-gmbh.de/style.css" "Mozilla/5.0 (Windows NT 6.0; rv:14.0) Gecko/20100101 Firefox/14.0.1"
87.123.93.33 - - [16/Aug/2012:08:18:45 +0200] "GET /images/steigend.png HTTP/1.1" 200 688 "http://www.mink-gmbh.de/modul.css" "Mozilla/5.0 (Windows NT 6.0; rv:14.0) Gecko/20100101 Firefox/14.0.1"
87.123.93.33 - - [16/Aug/2012:08:18:45 +0200] "GET /images/fallend.png HTTP/1.1" 200 713 "http://www.mink-gmbh.de/modul.css" "Mozilla/5.0 (Windows NT 6.0; rv:14.0) Gecko/20100101 Firefox/14.0.1"
87.123.93.33 - - [16/Aug/2012:08:18:45 +0200] "GET /js_contentserver24_greybox/loader_frame.html?s=0 HTTP/1.1" 200 2084 "http://www.mink-gmbh.de/" "Mozilla/5.0 (Windows NT 6.0; rv:14.0) Gecko/20100101 Firefox/14.0.1"
87.123.93.33 - - [16/Aug/2012:08:18:45 +0200] "GET /js_contentserver24_greybox/header_bg.gif HTTP/1.1" 200 1188 "http://www.mink-gmbh.de/" "Mozilla/5.0 (Windows NT 6.0; rv:14.0) Gecko/20100101 Firefox/14.0.1"
87.123.93.33 - - [16/Aug/2012:08:18:45 +0200] "GET /js_contentserver24_greybox/indicator.gif HTTP/1.1" 200 8238 "http://www.mink-gmbh.de/js_contentserver24_greybox/loader_frame.html?s=0" "Mozilla/5.0 (Windows NT 6.0; rv:14.0) Gecko/20100101 Firefox/14.0.1"
87.123.93.33 - - [16/Aug/2012:08:18:45 +0200] "GET /images/tkw.jpg HTTP/1.1" 200 64031 "http://www.mink-gmbh.de/" "Mozilla/5.0 (Windows NT 6.0; rv:14.0) Gecko/20100101 Firefox/14.0.1"
87.123.93.33 - - [16/Aug/2012:08:18:45 +0200] "GET /images/mobil.jpg HTTP/1.1" 200 25293 "http://www.mink-gmbh.de/style.css" "Mozilla/5.0 (Windows NT 6.0; rv:14.0) Gecko/20100101 Firefox/14.0.1"
87.123.93.33 - - [16/Aug/2012:08:18:45 +0200] "GET /images/newsletter.jpg HTTP/1.1" 200 13130 "http://www.mink-gmbh.de/style.css" "Mozilla/5.0 (Windows NT 6.0; rv:14.0) Gecko/20100101 Firefox/14.0.1"
87.123.93.33 - - [16/Aug/2012:08:18:44 +0200] "GET / HTTP/1.1" 200 15332 "http://www.google.de/url?sa=t&rct=j&q=mink%20heiz%C3%B6l&source=web&cd=1&ved=0CD4QFjAA&url=http%3A%2F%2Fwww.mink-gmbh.de%2F&ei=m5AsUI2RFYzEsgbiuYHICw&usg=AFQjCNFHX4Iglls9oo-KYXTmDUV_5KOVIg" "Mozilla/5.0 (Windows NT 6.0; rv:14.0) Gecko/20100101 Firefox/14.0.1"
87.123.93.33 - - [16/Aug/2012:08:18:45 +0200] "GET /images/freecall.jpg HTTP/1.1" 200 39195 "http://www.mink-gmbh.de/" "Mozilla/5.0 (Windows NT 6.0; rv:14.0) Gecko/20100101 Firefox/14.0.1"
87.123.93.33 - - [16/Aug/2012:08:18:45 +0200] "GET /images/wunschpreis.jpg HTTP/1.1" 200 16767 "http://www.mink-gmbh.de/" "Mozilla/5.0 (Windows NT 6.0; rv:14.0) Gecko/20100101 Firefox/14.0.1"
87.123.93.33 - - [16/Aug/2012:08:18:45 +0200] "GET /images/logos.jpg HTTP/1.1" 200 15002 "http://www.mink-gmbh.de/" "Mozilla/5.0 (Windows NT 6.0; rv:14.0) Gecko/20100101 Firefox/14.0.1"
87.123.93.33 - - [16/Aug/2012:08:18:46 +0200] "GET /images/mail.jpg HTTP/1.1" 200 11165 "http://www.mink-gmbh.de/" "Mozilla/5.0 (Windows NT 6.0; rv:14.0) Gecko/20100101 Firefox/14.0.1"
87.123.93.33 - - [16/Aug/2012:08:18:46 +0200] "GET /images/kwk.gif HTTP/1.1" 200 6403 "http://www.mink-gmbh.de/" "Mozilla/5.0 (Windows NT 6.0; rv:14.0) Gecko/20100101 Firefox/14.0.1"
87.123.93.33 - - [16/Aug/2012:08:18:46 +0200] "GET /images/footerbg.jpg HTTP/1.1" 200 2184 "http://www.mink-gmbh.de/style.css" "Mozilla/5.0 (Windows NT 6.0; rv:14.0) Gecko/20100101 Firefox/14.0.1"
87.123.93.33 - - [16/Aug/2012:08:18:48 +0200] "GET /js_contentserver24_greybox/g_close.gif HTTP/1.1" 200 541 "http://www.mink-gmbh.de/" "Mozilla/5.0 (Windows NT 6.0; rv:14.0) Gecko/20100101 Firefox/14.0.1"
87.123.93.33 - - [16/Aug/2012:08:19:01 +0200] "GET /preisanfrage.php HTTP/1.1" 200 10623 "http://www.mink-gmbh.de/" "Mozilla/5.0 (Windows NT 6.0; rv:14.0) Gecko/20100101 Firefox/14.0.1"
87.123.93.33 - - [16/Aug/2012:08:19:12 +0200] "GET /index.php HTTP/1.1" 200 14597 "http://www.mink-gmbh.de/preisanfrage.php" "Mozilla/5.0 (Windows NT 6.0; rv:14.0) Gecko/20100101 Firefox/14.0.1"
87.123.93.33 - - [16/Aug/2012:08:20:38 +0200] "GET /preisanfrage.php HTTP/1.1" 200 10623 "http://www.mink-gmbh.de/index.php" "Mozilla/5.0 (Windows NT 6.0; rv:14.0) Gecko/20100101 Firefox/14.0.1"
87.123.93.33 - - [16/Aug/2012:08:21:30 +0200] "POST /preisanfrage.php HTTP/1.1" 200 7288 "http://www.mink-gmbh.de/preisanfrage.php" "Mozilla/5.0 (Windows NT 6.0; rv:14.0) Gecko/20100101 Firefox/14.0.1"
176.9.0.12 - - [16/Aug/2012:08:22:39 +0200] "GET /robots.txt HTTP/1.1" 200 177 "-" "Pixray-Seeker/1.1 (Pixray-Seeker; http://www.pixray.com/pixraybot; crawler@pixray.com)"
176.9.0.12 - - [16/Aug/2012:08:22:39 +0200] "GET /news.php?cs_go=archiv&cs_id=1632&cs_search= HTTP/1.1" 200 13014 "-" "Pixray-Seeker/1.1 (Pixray-Seeker; http://www.pixray.com/pixraybot; crawler@pixray.com)"
176.9.0.12 - - [16/Aug/2012:08:24:50 +0200] "GET /news.php?cs_go=archiv&cs_id=2216&cs_search= HTTP/1.1" 200 11688 "-" "Pixray-Seeker/1.1 (Pixray-Seeker; http://www.pixray.com/pixraybot; crawler@pixray.com)"
176.9.0.13 - - [16/Aug/2012:08:39:15 +0200] "GET /robots.txt HTTP/1.1" 200 177 "-" "Pixray-Seeker/1.1 (Pixray-Seeker; http://www.pixray.com/pixraybot; crawler@pixray.com)"
176.9.0.13 - - [16/Aug/2012:08:39:15 +0200] "GET /news.php?cs_go=archiv&cs_id=2750&cs_search= HTTP/1.1" 200 13716 "-" "Pixray-Seeker/1.1 (Pixray-Seeker; http://www.pixray.com/pixraybot; crawler@pixray.com)"
176.9.0.13 - - [16/Aug/2012:08:40:10 +0200] "GET /news.php?cs_go=archiv&cs_id=2120&cs_search= HTTP/1.1" 200 13780 "-" "Pixray-Seeker/1.1 (Pixray-Seeker; http://www.pixray.com/pixraybot; crawler@pixray.com)"
176.9.0.13 - - [16/Aug/2012:08:41:29 +0200] "GET /news.php?cs_go=archiv&cs_id=1810&cs_search= HTTP/1.1" 200 10138 "-" "Pixray-Seeker/1.1 (Pixray-Seeker; http://www.pixray.com/pixraybot; crawler@pixray.com)"
176.9.0.13 - - [16/Aug/2012:08:43:44 +0200] "GET /news.php?cs_go=archiv&cs_id=1906&cs_search= HTTP/1.1" 200 13740 "-" "Pixray-Seeker/1.1 (Pixray-Seeker; http://www.pixray.com/pixraybot; crawler@pixray.com)"
88.198.65.99 - - [16/Aug/2012:08:52:25 +0200] "GET /robots.txt HTTP/1.1" 200 177 "-" "Pixray-Seeker/1.1 (Pixray-Seeker; http://www.pixray.com/pixraybot; crawler@pixray.com)"
88.198.65.99 - - [16/Aug/2012:08:52:25 +0200] "GET /lexikon.php?cs_go=3&cs_id=33 HTTP/1.1" 200 8762 "-" "Pixray-Seeker/1.1 (Pixray-Seeker; http://www.pixray.com/pixraybot; crawler@pixray.com)"
5.9.25.67 - - [16/Aug/2012:08:53:24 +0200] "GET /robots.txt HTTP/1.1" 200 177 "-" "Pixray-Seeker/2.0 (Pixray-Seeker; http://www.pixray.com/pixraybot; crawler@pixray.com)"
5.9.25.67 - - [16/Aug/2012:08:53:24 +0200] "GET /news.php?cs_go=archiv&cs_startpos=1140 HTTP/1.1" 200 23011 "-" "Pixray-Seeker/2.0 (Pixray-Seeker; http://www.pixray.com/pixraybot; crawler@pixray.com)"
