87.169.233.172 - - [15/Aug/2012:00:22:15 +0200] "GET /jobs.php HTTP/1.1" 200 11204 "-" "Mozilla/5.0 /Windows; U; Windows NT 6.1; de; rv:1.9.1.5) Gecko/20091102 Firefox/3.5.5"
84.38.66.101 - - [15/Aug/2012:00:27:11 +0200] "GET /preisanfrage.php HTTP/1.1" 200 5668 "-" "findlinks/2.6 (+http://wortschatz.uni-leipzig.de/findlinks/)"
84.38.66.101 - - [15/Aug/2012:00:27:11 +0200] "GET /preisanfrage.php HTTP/1.1" 200 10623 "-" "findlinks/2.6 (+http://wortschatz.uni-leipzig.de/findlinks/)"
87.169.233.172 - - [15/Aug/2012:00:37:52 +0200] "GET /jobs.php HTTP/1.1" 200 11204 "-" "Mozilla/5.0 /Windows; U; Windows NT 6.1; de; rv:1.9.1.5) Gecko/20091102 Firefox/3.5.5"
46.4.118.74 - - [15/Aug/2012:00:46:05 +0200] "GET /robots.txt HTTP/1.1" 200 177 "-" "Pixray-Seeker/1.1 (Pixray-Seeker; http://www.pixray.com/pixraybot; crawler@pixray.com)"
46.4.118.74 - - [15/Aug/2012:00:46:05 +0200] "GET /news.php?cs_go=archiv&cs_startpos=960 HTTP/1.1" 200 22978 "-" "Pixray-Seeker/1.1 (Pixray-Seeker; http://www.pixray.com/pixraybot; crawler@pixray.com)"
46.4.118.74 - - [15/Aug/2012:00:47:44 +0200] "GET /news.php?cs_go=archiv&cs_startpos=541 HTTP/1.1" 200 22829 "-" "Pixray-Seeker/1.1 (Pixray-Seeker; http://www.pixray.com/pixraybot; crawler@pixray.com)"
207.46.13.97 - - [15/Aug/2012:00:56:07 +0200] "GET /robots.txt HTTP/1.1" 200 177 "-" "Mozilla/5.0 (compatible; bingbot/2.0; +http://www.bing.com/bingbot.htm)"
207.46.13.97 - - [15/Aug/2012:00:57:00 +0200] "GET /kontakt.php HTTP/1.1" 200 9198 "-" "Mozilla/5.0 (compatible; bingbot/2.0; +http://www.bing.com/bingbot.htm)"
46.4.92.140 - - [15/Aug/2012:01:08:27 +0200] "GET /robots.txt HTTP/1.1" 200 177 "-" "Pixray-Seeker/1.1 (Pixray-Seeker; http://www.pixray.com/pixraybot; crawler@pixray.com)"
46.4.92.140 - - [15/Aug/2012:01:08:27 +0200] "GET /news.php?cs_go=archiv&cs_id=1915&cs_search= HTTP/1.1" 200 9568 "-" "Pixray-Seeker/1.1 (Pixray-Seeker; http://www.pixray.com/pixraybot; crawler@pixray.com)"
37.140.141.34 - - [15/Aug/2012:01:15:44 +0200] "GET /images/freecall.jpg HTTP/1.1" 200 39195 "-" "Mozilla/5.0 (compatible; YandexImages/3.0; +http://yandex.com/bots)"
88.198.64.132 - - [15/Aug/2012:01:29:15 +0200] "GET /robots.txt HTTP/1.1" 200 177 "-" "Pixray-Seeker/1.1 (Pixray-Seeker; http://www.pixray.com/pixraybot; crawler@pixray.com)"
88.198.64.132 - - [15/Aug/2012:01:29:15 +0200] "GET /lexikon.php?cs_go=3&cs_id=198 HTTP/1.1" 200 9029 "-" "Pixray-Seeker/1.1 (Pixray-Seeker; http://www.pixray.com/pixraybot; crawler@pixray.com)"
213.186.122.3 - - [15/Aug/2012:01:31:21 +0200] "GET /news.php?cs_go=archiv&cs_id=1704&cs_search= HTTP/1.1" 200 14466 "-" "Mozilla/5.0 (compatible; AhrefsBot/3.1; +http://ahrefs.com/robot/)"
213.186.127.13 - - [15/Aug/2012:02:05:17 +0200] "GET /news.php?cs_go=archiv&cs_startpos=1460 HTTP/1.1" 200 23141 "-" "Mozilla/5.0 (compatible; AhrefsBot/3.1; +http://ahrefs.com/robot/)"
176.9.7.28 - - [15/Aug/2012:02:11:51 +0200] "GET /robots.txt HTTP/1.1" 200 177 "-" "Pixray-Seeker/1.1 (Pixray-Seeker; http://www.pixray.com/pixraybot; crawler@pixray.com)"
176.9.7.28 - - [15/Aug/2012:02:11:51 +0200] "GET /news.php?cs_go=archiv&cs_id=2651&cs_search= HTTP/1.1" 200 12838 "-" "Pixray-Seeker/1.1 (Pixray-Seeker; http://www.pixray.com/pixraybot; crawler@pixray.com)"
213.186.127.4 - - [15/Aug/2012:02:38:36 +0200] "GET /news.php?cs_go=archiv&cs_id=3269&cs_search= HTTP/1.1" 200 9800 "-" "Mozilla/5.0 (compatible; AhrefsBot/3.1; +http://ahrefs.com/robot/)"
123.125.71.111 - - [15/Aug/2012:02:42:54 +0200] "GET / HTTP/1.1" 200 15340 "-" "Mozilla/5.0 (compatible; Baiduspider/2.0; +http://www.baidu.com/search/spider.html)"
176.9.19.103 - - [15/Aug/2012:02:50:27 +0200] "GET /robots.txt HTTP/1.1" 200 177 "-" "Pixray-Seeker/1.1 (Pixray-Seeker; http://www.pixray.com/pixraybot; crawler@pixray.com)"
176.9.19.103 - - [15/Aug/2012:02:50:27 +0200] "GET /lexikon.php?cs_go=3&cs_id=185 HTTP/1.1" 200 8346 "-" "Pixray-Seeker/1.1 (Pixray-Seeker; http://www.pixray.com/pixraybot; crawler@pixray.com)"
66.249.72.131 - - [15/Aug/2012:02:50:46 +0200] "GET /robots.txt HTTP/1.1" 200 177 "-" "Mozilla/5.0 (compatible; Googlebot/2.1; +http://www.google.com/bot.html)"
66.249.72.131 - - [15/Aug/2012:02:50:46 +0200] "GET /news.php?cs_go=archiv&cs_id=2757&cs_search= HTTP/1.1" 200 14162 "-" "Mozilla/5.0 (compatible; Googlebot/2.1; +http://www.google.com/bot.html)"
46.4.118.74 - - [15/Aug/2012:03:10:26 +0200] "GET /robots.txt HTTP/1.1" 200 177 "-" "Pixray-Seeker/1.1 (Pixray-Seeker; http://www.pixray.com/pixraybot; crawler@pixray.com)"
46.4.118.74 - - [15/Aug/2012:03:10:26 +0200] "GET /news.php?cs_go=archiv&cs_startpos=860 HTTP/1.1" 200 22987 "-" "Pixray-Seeker/1.1 (Pixray-Seeker; http://www.pixray.com/pixraybot; crawler@pixray.com)"
46.4.118.74 - - [15/Aug/2012:03:14:06 +0200] "GET /news.php?cs_go=archiv&cs_id=2750&cs_search= HTTP/1.1" 200 13629 "-" "Pixray-Seeker/1.1 (Pixray-Seeker; http://www.pixray.com/pixraybot; crawler@pixray.com)"
46.4.118.74 - - [15/Aug/2012:03:14:18 +0200] "GET /news.php?cs_go=archiv&cs_id=2707&cs_search= HTTP/1.1" 200 13305 "-" "Pixray-Seeker/1.1 (Pixray-Seeker; http://www.pixray.com/pixraybot; crawler@pixray.com)"
213.186.120.196 - - [15/Aug/2012:03:16:30 +0200] "GET /news.php?cs_go=archiv&cs_startpos=1470 HTTP/1.1" 200 22956 "-" "Mozilla/5.0 (compatible; AhrefsBot/3.1; +http://ahrefs.com/robot/)"
46.4.19.85 - - [15/Aug/2012:03:29:49 +0200] "GET /robots.txt HTTP/1.1" 200 177 "-" "Pixray-Seeker/1.1 (Pixray-Seeker; http://www.pixray.com/pixraybot; crawler@pixray.com)"
46.4.19.85 - - [15/Aug/2012:03:29:49 +0200] "GET /news.php?cs_go=archiv&cs_id=1876&cs_search= HTTP/1.1" 200 14116 "-" "Pixray-Seeker/1.1 (Pixray-Seeker; http://www.pixray.com/pixraybot; crawler@pixray.com)"
208.115.113.91 - - [15/Aug/2012:03:31:25 +0200] "GET /robots.txt HTTP/1.1" 200 177 "-" "Mozilla/5.0 (compatible; Ezooms/1.0; ezooms.bot@gmail.com)"
208.115.111.75 - - [15/Aug/2012:03:38:08 +0200] "GET /robots.txt HTTP/1.1" 200 177 "-" "Mozilla/5.0 (compatible; Ezooms/1.0; ezooms.bot@gmail.com)"
212.113.35.162 - - [15/Aug/2012:03:46:17 +0200] "GET /lexikon.php?cs_go=2&cs_char=t HTTP/1.1" 200 8765 "-" "Mozilla/5.0 (compatible; AhrefsBot/3.1; +http://ahrefs.com/robot/)"
66.249.72.131 - - [15/Aug/2012:03:47:39 +0200] "GET /news.php HTTP/1.1" 200 22483 "-" "Mozilla/5.0 (iPhone; U; CPU iPhone OS 4_1 like Mac OS X; en-us) AppleWebKit/532.9 (KHTML, like Gecko) Version/4.0.5 Mobile/8B117 Safari/6531.22.7 (compatible; Googlebot-Mobile/2.1; +http://www.google.com/bot.html)"
46.4.116.100 - - [15/Aug/2012:03:55:19 +0200] "GET /robots.txt HTTP/1.1" 200 177 "-" "Pixray-Seeker/1.1 (Pixray-Seeker; http://www.pixray.com/pixraybot; crawler@pixray.com)"
46.4.116.100 - - [15/Aug/2012:03:55:19 +0200] "GET /lexikon.php?cs_go=3&cs_id=190 HTTP/1.1" 200 8477 "-" "Pixray-Seeker/1.1 (Pixray-Seeker; http://www.pixray.com/pixraybot; crawler@pixray.com)"
65.36.241.79 - - [15/Aug/2012:03:56:54 +0200] "HEAD / HTTP/1.1" 200 - "-" "InternetSeer.com"
66.249.72.131 - - [15/Aug/2012:04:08:49 +0200] "GET /lexikon.php?cs_go=3&cs_id=15 HTTP/1.1" 200 8038 "-" "Mozilla/5.0 (compatible; Googlebot/2.1; +http://www.google.com/bot.html)"
66.249.72.131 - - [15/Aug/2012:04:12:28 +0200] "GET /news.php?cs_go=archiv&cs_id=2923&cs_search= HTTP/1.1" 200 10547 "-" "Mozilla/5.0 (compatible; Googlebot/2.1; +http://www.google.com/bot.html)"
213.186.119.138 - - [15/Aug/2012:04:20:10 +0200] "GET /news.php?cs_go=archiv&cs_startpos=1480 HTTP/1.1" 200 22979 "-" "Mozilla/5.0 (compatible; AhrefsBot/3.1; +http://ahrefs.com/robot/)"
213.186.119.140 - - [15/Aug/2012:04:53:39 +0200] "GET /news.php?cs_go=archiv&cs_id=3270&cs_search= HTTP/1.1" 200 13413 "-" "Mozilla/5.0 (compatible; AhrefsBot/3.1; +http://ahrefs.com/robot/)"
88.198.67.197 - - [15/Aug/2012:04:59:29 +0200] "GET /robots.txt HTTP/1.1" 200 177 "-" "Pixray-Seeker/1.1 (Pixray-Seeker; http://www.pixray.com/pixraybot; crawler@pixray.com)"
88.198.67.197 - - [15/Aug/2012:04:59:29 +0200] "GET /news.php?cs_go=archiv&cs_id=1806&cs_search= HTTP/1.1" 200 14377 "-" "Pixray-Seeker/1.1 (Pixray-Seeker; http://www.pixray.com/pixraybot; crawler@pixray.com)"
176.9.7.28 - - [15/Aug/2012:05:11:23 +0200] "GET /robots.txt HTTP/1.1" 200 177 "-" "Pixray-Seeker/1.1 (Pixray-Seeker; http://www.pixray.com/pixraybot; crawler@pixray.com)"
176.9.7.28 - - [15/Aug/2012:05:11:23 +0200] "GET /news.php?cs_go=archiv&cs_id=2105&cs_search= HTTP/1.1" 200 10362 "-" "Pixray-Seeker/1.1 (Pixray-Seeker; http://www.pixray.com/pixraybot; crawler@pixray.com)"
176.9.7.28 - - [15/Aug/2012:05:16:00 +0200] "GET /news.php?cs_go=archiv&cs_id=3343&cs_search= HTTP/1.1" 200 16159 "-" "Pixray-Seeker/1.1 (Pixray-Seeker; http://www.pixray.com/pixraybot; crawler@pixray.com)"
176.9.7.28 - - [15/Aug/2012:05:18:24 +0200] "GET /news.php?cs_go=archiv&cs_startpos=781 HTTP/1.1" 200 23081 "-" "Pixray-Seeker/1.1 (Pixray-Seeker; http://www.pixray.com/pixraybot; crawler@pixray.com)"
213.186.119.143 - - [15/Aug/2012:05:29:40 +0200] "GET /news.php?cs_go=archiv&cs_startpos=1490 HTTP/1.1" 200 22738 "-" "Mozilla/5.0 (compatible; AhrefsBot/3.1; +http://ahrefs.com/robot/)"
66.249.72.131 - - [15/Aug/2012:05:37:57 +0200] "GET /news.php?cs_go=archiv&cs_startpos=820 HTTP/1.1" 200 22900 "-" "Mozilla/5.0 (compatible; Googlebot/2.1; +http://www.google.com/bot.html)"
88.198.65.99 - - [15/Aug/2012:05:39:40 +0200] "GET /robots.txt HTTP/1.1" 200 177 "-" "Pixray-Seeker/1.1 (Pixray-Seeker; http://www.pixray.com/pixraybot; crawler@pixray.com)"
88.198.65.99 - - [15/Aug/2012:05:39:40 +0200] "GET /lexikon.php?cs_go=2&cs_char=z HTTP/1.1" 200 8261 "-" "Pixray-Seeker/1.1 (Pixray-Seeker; http://www.pixray.com/pixraybot; crawler@pixray.com)"
88.198.65.99 - - [15/Aug/2012:05:41:43 +0200] "GET /lexikon.php?cs_go=2&cs_char=q HTTP/1.1" 200 8075 "-" "Pixray-Seeker/1.1 (Pixray-Seeker; http://www.pixray.com/pixraybot; crawler@pixray.com)"
66.249.72.131 - - [15/Aug/2012:05:55:04 +0200] "GET /news.php?cs_go=archiv&cs_startpos=930 HTTP/1.1" 200 23102 "-" "Mozilla/5.0 (compatible; Googlebot/2.1; +http://www.google.com/bot.html)"
88.198.65.99 - - [15/Aug/2012:05:58:49 +0200] "GET /robots.txt HTTP/1.1" 200 177 "-" "Pixray-Seeker/1.1 (Pixray-Seeker; http://www.pixray.com/pixraybot; crawler@pixray.com)"
88.198.65.99 - - [15/Aug/2012:05:58:49 +0200] "GET /news.php?cs_go=archiv&cs_id=3165&cs_search= HTTP/1.1" 200 9967 "-" "Pixray-Seeker/1.1 (Pixray-Seeker; http://www.pixray.com/pixraybot; crawler@pixray.com)"
213.186.120.196 - - [15/Aug/2012:06:02:05 +0200] "GET /news.php?cs_go=archiv&cs_id=1705&cs_search= HTTP/1.1" 200 14210 "-" "Mozilla/5.0 (compatible; AhrefsBot/3.1; +http://ahrefs.com/robot/)"
88.198.65.99 - - [15/Aug/2012:06:02:13 +0200] "GET /www.erneuerbare-energien.de/inhalt/2720/%AD HTTP/1.1" 404 - "-" "Pixray-Seeker/1.1 (Pixray-Seeker; http://www.pixray.com/pixraybot; crawler@pixray.com)"
66.249.72.131 - - [15/Aug/2012:06:05:19 +0200] "GET /news.php?cs_go=archiv&cs_id=2762&cs_search= HTTP/1.1" 200 10526 "-" "Mozilla/5.0 (compatible; Googlebot/2.1; +http://www.google.com/bot.html)"
66.249.72.131 - - [15/Aug/2012:06:08:45 +0200] "GET /news.php?cs_go=archiv&cs_id=2759&cs_search= HTTP/1.1" 200 12235 "-" "Mozilla/5.0 (compatible; Googlebot/2.1; +http://www.google.com/bot.html)"
66.249.72.131 - - [15/Aug/2012:06:12:10 +0200] "GET /news.php?cs_go=archiv&cs_startpos=920 HTTP/1.1" 200 23290 "-" "Mozilla/5.0 (compatible; Googlebot/2.1; +http://www.google.com/bot.html)"
46.4.118.75 - - [15/Aug/2012:06:19:25 +0200] "GET /robots.txt HTTP/1.1" 200 177 "-" "Pixray-Seeker/1.1 (Pixray-Seeker; http://www.pixray.com/pixraybot; crawler@pixray.com)"
46.4.118.75 - - [15/Aug/2012:06:19:25 +0200] "GET /news.php?cs_go=archiv&cs_id=2156&cs_search= HTTP/1.1" 200 15348 "-" "Pixray-Seeker/1.1 (Pixray-Seeker; http://www.pixray.com/pixraybot; crawler@pixray.com)"
66.249.72.131 - - [15/Aug/2012:06:22:23 +0200] "GET /news.php?cs_go=archiv&cs_startpos=940 HTTP/1.1" 200 23460 "-" "Mozilla/5.0 (compatible; Googlebot/2.1; +http://www.google.com/bot.html)"
5.9.25.85 - - [15/Aug/2012:06:30:54 +0200] "GET /robots.txt HTTP/1.1" 200 177 "-" "Pixray-Seeker/2.0 (Pixray-Seeker; http://www.pixray.com/pixraybot; crawler@pixray.com)"
5.9.25.85 - - [15/Aug/2012:06:30:54 +0200] "GET /news.php?cs_go=archiv&cs_startpos=120 HTTP/1.1" 200 23251 "-" "Pixray-Seeker/2.0 (Pixray-Seeker; http://www.pixray.com/pixraybot; crawler@pixray.com)"
5.9.25.85 - - [15/Aug/2012:06:32:45 +0200] "GET /news.php?cs_go=archiv&cs_id=2644 HTTP/1.1" 200 9916 "-" "Pixray-Seeker/2.0 (Pixray-Seeker; http://www.pixray.com/pixraybot; crawler@pixray.com)"
213.186.127.5 - - [15/Aug/2012:06:34:55 +0200] "GET /news.php?cs_go=archiv&cs_startpos=1500 HTTP/1.1" 200 22770 "-" "Mozilla/5.0 (compatible; AhrefsBot/3.1; +http://ahrefs.com/robot/)"
66.249.72.131 - - [15/Aug/2012:06:36:05 +0200] "GET /news.php?cs_go=archiv&cs_id=2758&cs_search= HTTP/1.1" 200 10040 "-" "Mozilla/5.0 (compatible; Googlebot/2.1; +http://www.google.com/bot.html)"
208.115.111.75 - - [15/Aug/2012:06:45:22 +0200] "GET /robots.txt HTTP/1.1" 200 177 "-" "Mozilla/5.0 (compatible; Ezooms/1.0; ezooms.bot@gmail.com)"
66.249.72.131 - - [15/Aug/2012:06:46:20 +0200] "GET /news.php?cs_go=archiv&cs_id=2760&cs_search= HTTP/1.1" 200 11135 "-" "Mozilla/5.0 (compatible; Googlebot/2.1; +http://www.google.com/bot.html)"
5.9.25.69 - - [15/Aug/2012:06:47:35 +0200] "GET /robots.txt HTTP/1.1" 200 177 "-" "Pixray-Seeker/2.0 (Pixray-Seeker; http://www.pixray.com/pixraybot; crawler@pixray.com)"
5.9.25.69 - - [15/Aug/2012:06:47:35 +0200] "GET /news.php?cs_go=archiv&cs_startpos=220 HTTP/1.1" 200 23226 "-" "Pixray-Seeker/2.0 (Pixray-Seeker; http://www.pixray.com/pixraybot; crawler@pixray.com)"
139.18.2.209 - - [15/Aug/2012:06:54:41 +0200] "GET /newsletter.php HTTP/1.1" 200 6846 "-" "findlinks/2.6 (+http://wortschatz.uni-leipzig.de/findlinks/)"
139.18.2.209 - - [15/Aug/2012:06:54:41 +0200] "GET /newsletter.php HTTP/1.1" 200 8820 "-" "findlinks/2.6 (+http://wortschatz.uni-leipzig.de/findlinks/)"
213.186.119.144 - - [15/Aug/2012:07:08:40 +0200] "GET /news.php?cs_go=archiv&cs_id=3283&cs_search= HTTP/1.1" 200 12990 "-" "Mozilla/5.0 (compatible; AhrefsBot/3.1; +http://ahrefs.com/robot/)"
66.249.72.131 - - [15/Aug/2012:07:10:16 +0200] "GET /news.php?cs_go=archiv&cs_id=2782 HTTP/1.1" 200 12132 "-" "Mozilla/5.0 (compatible; Googlebot/2.1; +http://www.google.com/bot.html)"
139.18.2.209 - - [15/Aug/2012:07:11:46 +0200] "GET /.php HTTP/1.1" 404 - "-" "findlinks/2.6 (+http://wortschatz.uni-leipzig.de/findlinks/)"
5.9.25.82 - - [15/Aug/2012:07:18:59 +0200] "GET /robots.txt HTTP/1.1" 200 177 "-" "Pixray-Seeker/2.0 (Pixray-Seeker; http://www.pixray.com/pixraybot; crawler@pixray.com)"
5.9.25.82 - - [15/Aug/2012:07:18:59 +0200] "GET /lexikon.php?cs_go=3&cs_id=54 HTTP/1.1" 200 8006 "-" "Pixray-Seeker/2.0 (Pixray-Seeker; http://www.pixray.com/pixraybot; crawler@pixray.com)"
5.9.25.82 - - [15/Aug/2012:07:29:58 +0200] "GET /robots.txt HTTP/1.1" 200 177 "-" "Pixray-Seeker/2.0 (Pixray-Seeker; http://www.pixray.com/pixraybot; crawler@pixray.com)"
5.9.25.82 - - [15/Aug/2012:07:29:58 +0200] "GET /news.php?cs_go=archiv&cs_startpos=130 HTTP/1.1" 200 22956 "-" "Pixray-Seeker/2.0 (Pixray-Seeker; http://www.pixray.com/pixraybot; crawler@pixray.com)"
5.9.25.82 - - [15/Aug/2012:07:33:30 +0200] "GET /news.php?cs_go=archiv&cs_startpos=160 HTTP/1.1" 200 22827 "-" "Pixray-Seeker/2.0 (Pixray-Seeker; http://www.pixray.com/pixraybot; crawler@pixray.com)"
5.9.25.82 - - [15/Aug/2012:07:38:17 +0200] "GET /lexikon.php?cs_go=2&cs_char=i HTTP/1.1" 200 8315 "-" "Pixray-Seeker/2.0 (Pixray-Seeker; http://www.pixray.com/pixraybot; crawler@pixray.com)"
80.86.88.173 - - [15/Aug/2012:07:41:29 +0200] "GET /news.php?cs_go=archiv&cs_id=3021 HTTP/1.1" 200 10881 "-" "Mozilla/4.0 (compatible; MSIE 6.0; Windows 98; Win 9x4.90)"
212.113.37.105 - - [15/Aug/2012:07:47:04 +0200] "GET /news.php?cs_go=archiv&cs_startpos=1530 HTTP/1.1" 200 22783 "-" "Mozilla/5.0 (compatible; AhrefsBot/3.1; +http://ahrefs.com/robot/)"
208.115.113.91 - - [15/Aug/2012:07:50:30 +0200] "GET /lexikon.php?cs_go=3&cs_id=151 HTTP/1.1" 200 8683 "-" "Mozilla/5.0 (compatible; Ezooms/1.0; ezooms.bot@gmail.com)"
208.115.113.91 - - [15/Aug/2012:07:50:43 +0200] "GET /news.php?cs_go=archiv&cs_id=1877&cs_search= HTTP/1.1" 200 9890 "-" "Mozilla/5.0 (compatible; Ezooms/1.0; ezooms.bot@gmail.com)"
5.9.25.73 - - [15/Aug/2012:08:01:50 +0200] "GET /robots.txt HTTP/1.1" 200 177 "-" "Pixray-Seeker/2.0 (Pixray-Seeker; http://www.pixray.com/pixraybot; crawler@pixray.com)"
5.9.25.73 - - [15/Aug/2012:08:01:50 +0200] "GET /lexikon.php?cs_go=2&cs_char=o HTTP/1.1" 200 9261 "-" "Pixray-Seeker/2.0 (Pixray-Seeker; http://www.pixray.com/pixraybot; crawler@pixray.com)"
5.9.25.73 - - [15/Aug/2012:08:03:05 +0200] "GET /news.php?cs_go=archiv&cs_startpos=970 HTTP/1.1" 200 22884 "-" "Pixray-Seeker/2.0 (Pixray-Seeker; http://www.pixray.com/pixraybot; crawler@pixray.com)"
89.247.109.250 - - [15/Aug/2012:08:12:46 +0200] "GET /style.css HTTP/1.1" 200 8418 "http://www.mink-gmbh.de/index.php" "Mozilla/5.0 (Windows NT 6.1; rv:14.0) Gecko/20100101 Firefox/14.0.1"
89.247.109.250 - - [15/Aug/2012:08:12:46 +0200] "GET /modul.css HTTP/1.1" 200 35038 "http://www.mink-gmbh.de/index.php" "Mozilla/5.0 (Windows NT 6.1; rv:14.0) Gecko/20100101 Firefox/14.0.1"
89.247.109.250 - - [15/Aug/2012:08:12:46 +0200] "GET /js_contentserver24_greybox/gb_styles.css HTTP/1.1" 200 2302 "http://www.mink-gmbh.de/index.php" "Mozilla/5.0 (Windows NT 6.1; rv:14.0) Gecko/20100101 Firefox/14.0.1"
89.247.109.250 - - [15/Aug/2012:08:12:46 +0200] "GET /js_contentserver24_greybox/AJS.js HTTP/1.1" 200 10396 "http://www.mink-gmbh.de/index.php" "Mozilla/5.0 (Windows NT 6.1; rv:14.0) Gecko/20100101 Firefox/14.0.1"
89.247.109.250 - - [15/Aug/2012:08:12:46 +0200] "GET /js_contentserver24_greybox/AJS_fx.js HTTP/1.1" 200 3192 "http://www.mink-gmbh.de/index.php" "Mozilla/5.0 (Windows NT 6.1; rv:14.0) Gecko/20100101 Firefox/14.0.1"
89.247.109.250 - - [15/Aug/2012:08:12:46 +0200] "GET /js_contentserver24_greybox/gb_scripts.js HTTP/1.1" 200 11913 "http://www.mink-gmbh.de/index.php" "Mozilla/5.0 (Windows NT 6.1; rv:14.0) Gecko/20100101 Firefox/14.0.1"
89.247.109.250 - - [15/Aug/2012:08:12:46 +0200] "GET /favicon.ico HTTP/1.1" 200 3638 "-" "Mozilla/5.0 (Windows NT 6.1; rv:14.0) Gecko/20100101 Firefox/14.0.1"
89.247.109.250 - - [15/Aug/2012:08:12:45 +0200] "GET /index.php HTTP/1.1" 200 15344 "-" "Mozilla/5.0 (Windows NT 6.1; rv:14.0) Gecko/20100101 Firefox/14.0.1"
89.247.109.250 - - [15/Aug/2012:08:12:47 +0200] "GET /images/tkw.jpg HTTP/1.1" 200 64031 "http://www.mink-gmbh.de/index.php" "Mozilla/5.0 (Windows NT 6.1; rv:14.0) Gecko/20100101 Firefox/14.0.1"
89.247.109.250 - - [15/Aug/2012:08:12:49 +0200] "GET /images/freecall.jpg HTTP/1.1" 200 39195 "http://www.mink-gmbh.de/index.php" "Mozilla/5.0 (Windows NT 6.1; rv:14.0) Gecko/20100101 Firefox/14.0.1"
89.247.109.250 - - [15/Aug/2012:08:12:49 +0200] "GET /images/mail.jpg HTTP/1.1" 200 11165 "http://www.mink-gmbh.de/index.php" "Mozilla/5.0 (Windows NT 6.1; rv:14.0) Gecko/20100101 Firefox/14.0.1"
89.247.109.250 - - [15/Aug/2012:08:12:49 +0200] "GET /images/kwk.gif HTTP/1.1" 200 6403 "http://www.mink-gmbh.de/index.php" "Mozilla/5.0 (Windows NT 6.1; rv:14.0) Gecko/20100101 Firefox/14.0.1"
89.247.109.250 - - [15/Aug/2012:08:12:49 +0200] "GET /images/wunschpreis.jpg HTTP/1.1" 200 16767 "http://www.mink-gmbh.de/index.php" "Mozilla/5.0 (Windows NT 6.1; rv:14.0) Gecko/20100101 Firefox/14.0.1"
89.247.109.250 - - [15/Aug/2012:08:12:49 +0200] "GET /images/logos.jpg HTTP/1.1" 200 15002 "http://www.mink-gmbh.de/index.php" "Mozilla/5.0 (Windows NT 6.1; rv:14.0) Gecko/20100101 Firefox/14.0.1"
89.247.109.250 - - [15/Aug/2012:08:12:51 +0200] "GET /images/bg.jpg HTTP/1.1" 200 345 "http://www.mink-gmbh.de/style.css" "Mozilla/5.0 (Windows NT 6.1; rv:14.0) Gecko/20100101 Firefox/14.0.1"
89.247.109.250 - - [15/Aug/2012:08:12:51 +0200] "GET /js_contentserver24_greybox/w_close.gif HTTP/1.1" 200 74 "http://www.mink-gmbh.de/index.php" "Mozilla/5.0 (Windows NT 6.1; rv:14.0) Gecko/20100101 Firefox/14.0.1"
89.247.109.250 - - [15/Aug/2012:08:12:53 +0200] "GET /images/close.png HTTP/1.1" 200 703 "http://www.mink-gmbh.de/index.php" "Mozilla/5.0 (Windows NT 6.1; rv:14.0) Gecko/20100101 Firefox/14.0.1"
89.247.109.250 - - [15/Aug/2012:08:12:53 +0200] "GET /images/newsletter_bg.jpg HTTP/1.1" 200 33610 "http://www.mink-gmbh.de/index.php" "Mozilla/5.0 (Windows NT 6.1; rv:14.0) Gecko/20100101 Firefox/14.0.1"
89.247.109.250 - - [15/Aug/2012:08:12:53 +0200] "GET /images/newsletter.png HTTP/1.1" 200 14619 "http://www.mink-gmbh.de/style.css" "Mozilla/5.0 (Windows NT 6.1; rv:14.0) Gecko/20100101 Firefox/14.0.1"
89.247.109.250 - - [15/Aug/2012:08:12:53 +0200] "GET /images/wrapperbg.jpg HTTP/1.1" 200 27465 "http://www.mink-gmbh.de/style.css" "Mozilla/5.0 (Windows NT 6.1; rv:14.0) Gecko/20100101 Firefox/14.0.1"
89.247.109.250 - - [15/Aug/2012:08:12:53 +0200] "GET /images/header.jpg HTTP/1.1" 200 24413 "http://www.mink-gmbh.de/style.css" "Mozilla/5.0 (Windows NT 6.1; rv:14.0) Gecko/20100101 Firefox/14.0.1"
89.247.109.250 - - [15/Aug/2012:08:12:53 +0200] "GET /images/navibg.png HTTP/1.1" 200 2803 "http://www.mink-gmbh.de/style.css" "Mozilla/5.0 (Windows NT 6.1; rv:14.0) Gecko/20100101 Firefox/14.0.1"
89.247.109.250 - - [15/Aug/2012:08:12:53 +0200] "GET /images/fallend.png HTTP/1.1" 200 713 "http://www.mink-gmbh.de/modul.css" "Mozilla/5.0 (Windows NT 6.1; rv:14.0) Gecko/20100101 Firefox/14.0.1"
89.247.109.250 - - [15/Aug/2012:08:12:53 +0200] "GET /images/steigend.png HTTP/1.1" 200 688 "http://www.mink-gmbh.de/modul.css" "Mozilla/5.0 (Windows NT 6.1; rv:14.0) Gecko/20100101 Firefox/14.0.1"
89.247.109.250 - - [15/Aug/2012:08:12:53 +0200] "GET /images/gleichbleibend.png HTTP/1.1" 200 534 "http://www.mink-gmbh.de/modul.css" "Mozilla/5.0 (Windows NT 6.1; rv:14.0) Gecko/20100101 Firefox/14.0.1"
89.247.109.250 - - [15/Aug/2012:08:12:53 +0200] "GET /images/mobil.jpg HTTP/1.1" 200 25293 "http://www.mink-gmbh.de/style.css" "Mozilla/5.0 (Windows NT 6.1; rv:14.0) Gecko/20100101 Firefox/14.0.1"
89.247.109.250 - - [15/Aug/2012:08:12:53 +0200] "GET /images/newsletter.jpg HTTP/1.1" 200 13130 "http://www.mink-gmbh.de/style.css" "Mozilla/5.0 (Windows NT 6.1; rv:14.0) Gecko/20100101 Firefox/14.0.1"
89.247.109.250 - - [15/Aug/2012:08:12:53 +0200] "GET /images/footerbg.jpg HTTP/1.1" 200 2184 "http://www.mink-gmbh.de/style.css" "Mozilla/5.0 (Windows NT 6.1; rv:14.0) Gecko/20100101 Firefox/14.0.1"
89.247.109.250 - - [15/Aug/2012:08:12:53 +0200] "GET /js_contentserver24_greybox/loader_frame.html?s=0 HTTP/1.1" 200 2084 "http://www.mink-gmbh.de/index.php" "Mozilla/5.0 (Windows NT 6.1; rv:14.0) Gecko/20100101 Firefox/14.0.1"
89.247.109.250 - - [15/Aug/2012:08:12:54 +0200] "GET /js_contentserver24_greybox/indicator.gif HTTP/1.1" 200 8238 "http://www.mink-gmbh.de/js_contentserver24_greybox/loader_frame.html?s=0" "Mozilla/5.0 (Windows NT 6.1; rv:14.0) Gecko/20100101 Firefox/14.0.1"
89.247.109.250 - - [15/Aug/2012:08:12:54 +0200] "GET /js_contentserver24_greybox/header_bg.gif HTTP/1.1" 200 1188 "http://www.mink-gmbh.de/index.php" "Mozilla/5.0 (Windows NT 6.1; rv:14.0) Gecko/20100101 Firefox/14.0.1"
89.247.109.250 - - [15/Aug/2012:08:12:54 +0200] "GET /js_contentserver24_greybox/g_close.gif HTTP/1.1" 200 541 "http://www.mink-gmbh.de/index.php" "Mozilla/5.0 (Windows NT 6.1; rv:14.0) Gecko/20100101 Firefox/14.0.1"
213.186.119.135 - - [15/Aug/2012:08:17:49 +0200] "GET /impressum.php HTTP/1.1" 200 8582 "-" "Mozilla/5.0 (compatible; AhrefsBot/3.1; +http://ahrefs.com/robot/)"
79.193.141.127 - - [15/Aug/2012:08:21:42 +0200] "GET /modul.css HTTP/1.1" 200 35038 "http://www.mink-gmbh.de/" "Mozilla/4.0 (compatible; MSIE 8.0; Windows NT 5.1; Trident/4.0; .NET CLR 2.0.50727; InfoPath.1; .NET CLR 3.0.4506.2152; .NET CLR 3.5.30729; BRI/2)"
79.193.141.127 - - [15/Aug/2012:08:21:42 +0200] "GET /style.css HTTP/1.1" 200 8418 "http://www.mink-gmbh.de/" "Mozilla/4.0 (compatible; MSIE 8.0; Windows NT 5.1; Trident/4.0; .NET CLR 2.0.50727; InfoPath.1; .NET CLR 3.0.4506.2152; .NET CLR 3.5.30729; BRI/2)"
79.193.141.127 - - [15/Aug/2012:08:21:43 +0200] "GET /images/bg.jpg HTTP/1.1" 200 345 "http://www.mink-gmbh.de/" "Mozilla/4.0 (compatible; MSIE 8.0; Windows NT 5.1; Trident/4.0; .NET CLR 2.0.50727; InfoPath.1; .NET CLR 3.0.4506.2152; .NET CLR 3.5.30729; BRI/2)"
79.193.141.127 - - [15/Aug/2012:08:21:43 +0200] "GET /js_contentserver24_greybox/gb_styles.css HTTP/1.1" 200 2302 "http://www.mink-gmbh.de/" "Mozilla/4.0 (compatible; MSIE 8.0; Windows NT 5.1; Trident/4.0; .NET CLR 2.0.50727; InfoPath.1; .NET CLR 3.0.4506.2152; .NET CLR 3.5.30729; BRI/2)"
79.193.141.127 - - [15/Aug/2012:08:21:43 +0200] "GET /js_contentserver24_greybox/AJS.js HTTP/1.1" 200 10396 "http://www.mink-gmbh.de/" "Mozilla/4.0 (compatible; MSIE 8.0; Windows NT 5.1; Trident/4.0; .NET CLR 2.0.50727; InfoPath.1; .NET CLR 3.0.4506.2152; .NET CLR 3.5.30729; BRI/2)"
79.193.141.127 - - [15/Aug/2012:08:21:43 +0200] "GET /js_contentserver24_greybox/AJS_fx.js HTTP/1.1" 200 3192 "http://www.mink-gmbh.de/" "Mozilla/4.0 (compatible; MSIE 8.0; Windows NT 5.1; Trident/4.0; .NET CLR 2.0.50727; InfoPath.1; .NET CLR 3.0.4506.2152; .NET CLR 3.5.30729; BRI/2)"
79.193.141.127 - - [15/Aug/2012:08:21:43 +0200] "GET /js_contentserver24_greybox/gb_scripts.js HTTP/1.1" 200 11913 "http://www.mink-gmbh.de/" "Mozilla/4.0 (compatible; MSIE 8.0; Windows NT 5.1; Trident/4.0; .NET CLR 2.0.50727; InfoPath.1; .NET CLR 3.0.4506.2152; .NET CLR 3.5.30729; BRI/2)"
79.193.141.127 - - [15/Aug/2012:08:21:43 +0200] "GET /js_contentserver24_greybox/w_close.gif HTTP/1.1" 200 74 "http://www.mink-gmbh.de/" "Mozilla/4.0 (compatible; MSIE 8.0; Windows NT 5.1; Trident/4.0; .NET CLR 2.0.50727; InfoPath.1; .NET CLR 3.0.4506.2152; .NET CLR 3.5.30729; BRI/2)"
79.193.141.127 - - [15/Aug/2012:08:21:43 +0200] "GET /images/newsletter_bg.jpg HTTP/1.1" 200 33610 "http://www.mink-gmbh.de/" "Mozilla/4.0 (compatible; MSIE 8.0; Windows NT 5.1; Trident/4.0; .NET CLR 2.0.50727; InfoPath.1; .NET CLR 3.0.4506.2152; .NET CLR 3.5.30729; BRI/2)"
79.193.141.127 - - [15/Aug/2012:08:21:43 +0200] "GET /images/wrapperbg.jpg HTTP/1.1" 200 27465 "http://www.mink-gmbh.de/" "Mozilla/4.0 (compatible; MSIE 8.0; Windows NT 5.1; Trident/4.0; .NET CLR 2.0.50727; InfoPath.1; .NET CLR 3.0.4506.2152; .NET CLR 3.5.30729; BRI/2)"
79.193.141.127 - - [15/Aug/2012:08:21:43 +0200] "GET /images/navibg.png HTTP/1.1" 200 2803 "http://www.mink-gmbh.de/" "Mozilla/4.0 (compatible; MSIE 8.0; Windows NT 5.1; Trident/4.0; .NET CLR 2.0.50727; InfoPath.1; .NET CLR 3.0.4506.2152; .NET CLR 3.5.30729; BRI/2)"
79.193.141.127 - - [15/Aug/2012:08:21:43 +0200] "GET /images/close.png HTTP/1.1" 200 703 "http://www.mink-gmbh.de/" "Mozilla/4.0 (compatible; MSIE 8.0; Windows NT 5.1; Trident/4.0; .NET CLR 2.0.50727; InfoPath.1; .NET CLR 3.0.4506.2152; .NET CLR 3.5.30729; BRI/2)"
79.193.141.127 - - [15/Aug/2012:08:21:43 +0200] "GET /images/newsletter.png HTTP/1.1" 200 14619 "http://www.mink-gmbh.de/" "Mozilla/4.0 (compatible; MSIE 8.0; Windows NT 5.1; Trident/4.0; .NET CLR 2.0.50727; InfoPath.1; .NET CLR 3.0.4506.2152; .NET CLR 3.5.30729; BRI/2)"
79.193.141.127 - - [15/Aug/2012:08:21:43 +0200] "GET /images/header.jpg HTTP/1.1" 200 24413 "http://www.mink-gmbh.de/" "Mozilla/4.0 (compatible; MSIE 8.0; Windows NT 5.1; Trident/4.0; .NET CLR 2.0.50727; InfoPath.1; .NET CLR 3.0.4506.2152; .NET CLR 3.5.30729; BRI/2)"
79.193.141.127 - - [15/Aug/2012:08:21:43 +0200] "GET /images/fallend.png HTTP/1.1" 200 713 "http://www.mink-gmbh.de/" "Mozilla/4.0 (compatible; MSIE 8.0; Windows NT 5.1; Trident/4.0; .NET CLR 2.0.50727; InfoPath.1; .NET CLR 3.0.4506.2152; .NET CLR 3.5.30729; BRI/2)"
79.193.141.127 - - [15/Aug/2012:08:21:43 +0200] "GET /images/steigend.png HTTP/1.1" 200 688 "http://www.mink-gmbh.de/" "Mozilla/4.0 (compatible; MSIE 8.0; Windows NT 5.1; Trident/4.0; .NET CLR 2.0.50727; InfoPath.1; .NET CLR 3.0.4506.2152; .NET CLR 3.5.30729; BRI/2)"
79.193.141.127 - - [15/Aug/2012:08:21:43 +0200] "GET /js_contentserver24_greybox/header_bg.gif HTTP/1.1" 200 1188 "http://www.mink-gmbh.de/" "Mozilla/4.0 (compatible; MSIE 8.0; Windows NT 5.1; Trident/4.0; .NET CLR 2.0.50727; InfoPath.1; .NET CLR 3.0.4506.2152; .NET CLR 3.5.30729; BRI/2)"
79.193.141.127 - - [15/Aug/2012:08:21:43 +0200] "GET /images/gleichbleibend.png HTTP/1.1" 200 534 "http://www.mink-gmbh.de/" "Mozilla/4.0 (compatible; MSIE 8.0; Windows NT 5.1; Trident/4.0; .NET CLR 2.0.50727; InfoPath.1; .NET CLR 3.0.4506.2152; .NET CLR 3.5.30729; BRI/2)"
79.193.141.127 - - [15/Aug/2012:08:21:43 +0200] "GET /images/tkw.jpg HTTP/1.1" 200 64031 "http://www.mink-gmbh.de/" "Mozilla/4.0 (compatible; MSIE 8.0; Windows NT 5.1; Trident/4.0; .NET CLR 2.0.50727; InfoPath.1; .NET CLR 3.0.4506.2152; .NET CLR 3.5.30729; BRI/2)"
79.193.141.127 - - [15/Aug/2012:08:21:43 +0200] "GET /images/mobil.jpg HTTP/1.1" 200 25293 "http://www.mink-gmbh.de/" "Mozilla/4.0 (compatible; MSIE 8.0; Windows NT 5.1; Trident/4.0; .NET CLR 2.0.50727; InfoPath.1; .NET CLR 3.0.4506.2152; .NET CLR 3.5.30729; BRI/2)"
79.193.141.127 - - [15/Aug/2012:08:21:43 +0200] "GET /images/newsletter.jpg HTTP/1.1" 200 13130 "http://www.mink-gmbh.de/" "Mozilla/4.0 (compatible; MSIE 8.0; Windows NT 5.1; Trident/4.0; .NET CLR 2.0.50727; InfoPath.1; .NET CLR 3.0.4506.2152; .NET CLR 3.5.30729; BRI/2)"
79.193.141.127 - - [15/Aug/2012:08:21:42 +0200] "GET / HTTP/1.1" 200 15344 "http://www.google.de/url?sa=t&rct=j&q=energie%20%26%20service%20s%C3%BCd%20ost%20berlin%20%26%20mink%20gmbh&source=web&cd=1&sqi=2&ved=0CFoQFjAA&url=http%3A%2F%2Fwww.mink-gmbh.de%2F&ei=xz8rUJDDBIiSswaXj4DICQ&usg=AFQjCNFHX4Iglls9oo-KYXTmDUV_5KOVIg" "Mozilla/4.0 (compatible; MSIE 8.0; Windows NT 5.1; Trident/4.0; .NET CLR 2.0.50727; InfoPath.1; .NET CLR 3.0.4506.2152; .NET CLR 3.5.30729; BRI/2)"
79.193.141.127 - - [15/Aug/2012:08:21:43 +0200] "GET /images/kwk.gif HTTP/1.1" 200 6403 "http://www.mink-gmbh.de/" "Mozilla/4.0 (compatible; MSIE 8.0; Windows NT 5.1; Trident/4.0; .NET CLR 2.0.50727; InfoPath.1; .NET CLR 3.0.4506.2152; .NET CLR 3.5.30729; BRI/2)"
79.193.141.127 - - [15/Aug/2012:08:21:43 +0200] "GET /images/wunschpreis.jpg HTTP/1.1" 200 16767 "http://www.mink-gmbh.de/" "Mozilla/4.0 (compatible; MSIE 8.0; Windows NT 5.1; Trident/4.0; .NET CLR 2.0.50727; InfoPath.1; .NET CLR 3.0.4506.2152; .NET CLR 3.5.30729; BRI/2)"
79.193.141.127 - - [15/Aug/2012:08:21:43 +0200] "GET /images/mail.jpg HTTP/1.1" 200 11165 "http://www.mink-gmbh.de/" "Mozilla/4.0 (compatible; MSIE 8.0; Windows NT 5.1; Trident/4.0; .NET CLR 2.0.50727; InfoPath.1; .NET CLR 3.0.4506.2152; .NET CLR 3.5.30729; BRI/2)"
79.193.141.127 - - [15/Aug/2012:08:21:43 +0200] "GET /images/logos.jpg HTTP/1.1" 200 15002 "http://www.mink-gmbh.de/" "Mozilla/4.0 (compatible; MSIE 8.0; Windows NT 5.1; Trident/4.0; .NET CLR 2.0.50727; InfoPath.1; .NET CLR 3.0.4506.2152; .NET CLR 3.5.30729; BRI/2)"
79.193.141.127 - - [15/Aug/2012:08:21:43 +0200] "GET /images/footerbg.jpg HTTP/1.1" 200 2184 "http://www.mink-gmbh.de/" "Mozilla/4.0 (compatible; MSIE 8.0; Windows NT 5.1; Trident/4.0; .NET CLR 2.0.50727; InfoPath.1; .NET CLR 3.0.4506.2152; .NET CLR 3.5.30729; BRI/2)"
79.193.141.127 - - [15/Aug/2012:08:21:43 +0200] "GET /images/freecall.jpg HTTP/1.1" 200 39195 "http://www.mink-gmbh.de/" "Mozilla/4.0 (compatible; MSIE 8.0; Windows NT 5.1; Trident/4.0; .NET CLR 2.0.50727; InfoPath.1; .NET CLR 3.0.4506.2152; .NET CLR 3.5.30729; BRI/2)"
79.193.141.127 - - [15/Aug/2012:08:21:44 +0200] "GET /js_contentserver24_greybox/loader_frame.html?s=0 HTTP/1.1" 200 2084 "http://www.mink-gmbh.de/" "Mozilla/4.0 (compatible; MSIE 8.0; Windows NT 5.1; Trident/4.0; .NET CLR 2.0.50727; InfoPath.1; .NET CLR 3.0.4506.2152; .NET CLR 3.5.30729; BRI/2)"
79.193.141.127 - - [15/Aug/2012:08:21:44 +0200] "GET /js_contentserver24_greybox/indicator.gif HTTP/1.1" 200 8238 "http://www.mink-gmbh.de/js_contentserver24_greybox/loader_frame.html?s=0" "Mozilla/4.0 (compatible; MSIE 8.0; Windows NT 5.1; Trident/4.0; .NET CLR 2.0.50727; InfoPath.1; .NET CLR 3.0.4506.2152; .NET CLR 3.5.30729; BRI/2)"
79.193.141.127 - - [15/Aug/2012:08:21:44 +0200] "GET /favicon.ico HTTP/1.1" 200 3638 "-" "Mozilla/4.0 (compatible; MSIE 8.0; Windows NT 5.1; Trident/4.0; .NET CLR 2.0.50727; InfoPath.1; .NET CLR 3.0.4506.2152; .NET CLR 3.5.30729; BRI/2)"
79.193.141.127 - - [15/Aug/2012:08:21:45 +0200] "GET /js_contentserver24_greybox/g_close.gif HTTP/1.1" 200 541 "http://www.mink-gmbh.de/" "Mozilla/4.0 (compatible; MSIE 8.0; Windows NT 5.1; Trident/4.0; .NET CLR 2.0.50727; InfoPath.1; .NET CLR 3.0.4506.2152; .NET CLR 3.5.30729; BRI/2)"
79.193.141.127 - - [15/Aug/2012:08:22:03 +0200] "GET /kontakt.php HTTP/1.1" 200 9111 "http://www.mink-gmbh.de/" "Mozilla/4.0 (compatible; MSIE 8.0; Windows NT 5.1; Trident/4.0; .NET CLR 2.0.50727; InfoPath.1; .NET CLR 3.0.4506.2152; .NET CLR 3.5.30729; BRI/2)"
79.193.141.127 - - [15/Aug/2012:08:22:06 +0200] "GET /jobs.php HTTP/1.1" 200 11117 "http://www.mink-gmbh.de/kontakt.php" "Mozilla/4.0 (compatible; MSIE 8.0; Windows NT 5.1; Trident/4.0; .NET CLR 2.0.50727; InfoPath.1; .NET CLR 3.0.4506.2152; .NET CLR 3.5.30729; BRI/2)"
79.193.141.127 - - [15/Aug/2012:08:22:24 +0200] "GET /impressum.php HTTP/1.1" 200 8495 "http://www.mink-gmbh.de/jobs.php" "Mozilla/4.0 (compatible; MSIE 8.0; Windows NT 5.1; Trident/4.0; .NET CLR 2.0.50727; InfoPath.1; .NET CLR 3.0.4506.2152; .NET CLR 3.5.30729; BRI/2)"
46.4.119.231 - - [15/Aug/2012:08:23:49 +0200] "GET /robots.txt HTTP/1.1" 200 177 "-" "Pixray-Seeker/1.1 (Pixray-Seeker; http://www.pixray.com/pixraybot; crawler@pixray.com)"
46.4.119.231 - - [15/Aug/2012:08:23:49 +0200] "GET /lexikon.php?cs_go=3&cs_id=148 HTTP/1.1" 200 8539 "-" "Pixray-Seeker/1.1 (Pixray-Seeker; http://www.pixray.com/pixraybot; crawler@pixray.com)"
5.9.25.72 - - [15/Aug/2012:08:25:22 +0200] "GET /robots.txt HTTP/1.1" 200 177 "-" "Pixray-Seeker/2.0 (Pixray-Seeker; http://www.pixray.com/pixraybot; crawler@pixray.com)"
5.9.25.72 - - [15/Aug/2012:08:25:22 +0200] "GET /lexikon.php?cs_go=3&cs_id=69 HTTP/1.1" 200 10102 "-" "Pixray-Seeker/2.0 (Pixray-Seeker; http://www.pixray.com/pixraybot; crawler@pixray.com)"
5.9.25.83 - - [15/Aug/2012:08:31:36 +0200] "GET /robots.txt HTTP/1.1" 200 177 "-" "Pixray-Seeker/2.0 (Pixray-Seeker; http://www.pixray.com/pixraybot; crawler@pixray.com)"
5.9.25.83 - - [15/Aug/2012:08:31:36 +0200] "GET /lexikon.php?cs_go=2&cs_char=y HTTP/1.1" 200 8582 "-" "Pixray-Seeker/2.0 (Pixray-Seeker; http://www.pixray.com/pixraybot; crawler@pixray.com)"
65.36.241.79 - - [15/Aug/2012:08:45:16 +0200] "HEAD / HTTP/1.1" 200 - "-" "InternetSeer.com"
5.9.25.85 - - [15/Aug/2012:08:48:46 +0200] "GET /robots.txt HTTP/1.1" 200 177 "-" "Pixray-Seeker/2.0 (Pixray-Seeker; http://www.pixray.com/pixraybot; crawler@pixray.com)"
5.9.25.85 - - [15/Aug/2012:08:48:46 +0200] "GET /news.php?cs_go=archiv&cs_startpos=791 HTTP/1.1" 200 23048 "-" "Pixray-Seeker/2.0 (Pixray-Seeker; http://www.pixray.com/pixraybot; crawler@pixray.com)"
178.154.179.250 - - [15/Aug/2012:08:49:02 +0200] "GET /kontakt.php HTTP/1.1" 200 9198 "-" "Mozilla/5.0 (compatible; YandexBot/3.0; +http://yandex.com/bots)"
213.186.119.143 - - [15/Aug/2012:08:49:57 +0200] "GET /standard.php HTTP/1.1" 200 9218 "-" "Mozilla/5.0 (compatible; AhrefsBot/3.1; +http://ahrefs.com/robot/)"
5.9.25.85 - - [15/Aug/2012:09:01:20 +0200] "GET /robots.txt HTTP/1.1" 200 177 "-" "Pixray-Seeker/2.0 (Pixray-Seeker; http://www.pixray.com/pixraybot; crawler@pixray.com)"
5.9.25.85 - - [15/Aug/2012:09:01:20 +0200] "GET /news.php HTTP/1.1" 200 22453 "-" "Pixray-Seeker/2.0 (Pixray-Seeker; http://www.pixray.com/pixraybot; crawler@pixray.com)"
188.40.66.214 - - [15/Aug/2012:09:12:54 +0200] "GET /robots.txt HTTP/1.1" 200 177 "-" "Pixray-Seeker/1.1 (Pixray-Seeker; http://www.pixray.com/pixraybot; crawler@pixray.com)"
188.40.66.214 - - [15/Aug/2012:09:12:54 +0200] "GET /news.php?cs_go=archiv&cs_id=2667&cs_search= HTTP/1.1" 200 12868 "-" "Pixray-Seeker/1.1 (Pixray-Seeker; http://www.pixray.com/pixraybot; crawler@pixray.com)"
207.46.13.97 - - [15/Aug/2012:09:15:28 +0200] "GET /robots.txt HTTP/1.1" 200 177 "-" "Mozilla/5.0 (compatible; bingbot/2.0; +http://www.bing.com/bingbot.htm)"
207.46.13.97 - - [15/Aug/2012:09:16:18 +0200] "GET / HTTP/1.1" 200 15344 "-" "Mozilla/5.0 (compatible; bingbot/2.0; +http://www.bing.com/bingbot.htm)"
89.247.109.250 - - [15/Aug/2012:09:16:29 +0200] "GET /style.css HTTP/1.1" 200 8418 "http://www.mink-gmbh.de/index.php" "Mozilla/5.0 (Windows NT 6.1; rv:14.0) Gecko/20100101 Firefox/14.0.1"
89.247.109.250 - - [15/Aug/2012:09:16:29 +0200] "GET /modul.css HTTP/1.1" 200 35038 "http://www.mink-gmbh.de/index.php" "Mozilla/5.0 (Windows NT 6.1; rv:14.0) Gecko/20100101 Firefox/14.0.1"
89.247.109.250 - - [15/Aug/2012:09:16:29 +0200] "GET /favicon.ico HTTP/1.1" 200 3638 "-" "Mozilla/5.0 (Windows NT 6.1; rv:14.0) Gecko/20100101 Firefox/14.0.1"
89.247.109.250 - - [15/Aug/2012:09:16:29 +0200] "GET /js_contentserver24_greybox/gb_styles.css HTTP/1.1" 200 2302 "http://www.mink-gmbh.de/index.php" "Mozilla/5.0 (Windows NT 6.1; rv:14.0) Gecko/20100101 Firefox/14.0.1"
89.247.109.250 - - [15/Aug/2012:09:16:29 +0200] "GET /js_contentserver24_greybox/AJS.js HTTP/1.1" 200 10396 "http://www.mink-gmbh.de/index.php" "Mozilla/5.0 (Windows NT 6.1; rv:14.0) Gecko/20100101 Firefox/14.0.1"
89.247.109.250 - - [15/Aug/2012:09:16:29 +0200] "GET /js_contentserver24_greybox/AJS_fx.js HTTP/1.1" 200 3192 "http://www.mink-gmbh.de/index.php" "Mozilla/5.0 (Windows NT 6.1; rv:14.0) Gecko/20100101 Firefox/14.0.1"
89.247.109.250 - - [15/Aug/2012:09:16:29 +0200] "GET /js_contentserver24_greybox/gb_scripts.js HTTP/1.1" 200 11913 "http://www.mink-gmbh.de/index.php" "Mozilla/5.0 (Windows NT 6.1; rv:14.0) Gecko/20100101 Firefox/14.0.1"
89.247.109.250 - - [15/Aug/2012:09:16:30 +0200] "GET /images/bg.jpg HTTP/1.1" 200 345 "http://www.mink-gmbh.de/style.css" "Mozilla/5.0 (Windows NT 6.1; rv:14.0) Gecko/20100101 Firefox/14.0.1"
89.247.109.250 - - [15/Aug/2012:09:16:30 +0200] "GET /js_contentserver24_greybox/w_close.gif HTTP/1.1" 200 74 "http://www.mink-gmbh.de/index.php" "Mozilla/5.0 (Windows NT 6.1; rv:14.0) Gecko/20100101 Firefox/14.0.1"
89.247.109.250 - - [15/Aug/2012:09:16:30 +0200] "GET /images/close.png HTTP/1.1" 200 703 "http://www.mink-gmbh.de/index.php" "Mozilla/5.0 (Windows NT 6.1; rv:14.0) Gecko/20100101 Firefox/14.0.1"
89.247.109.250 - - [15/Aug/2012:09:16:30 +0200] "GET /images/newsletter_bg.jpg HTTP/1.1" 200 33610 "http://www.mink-gmbh.de/index.php" "Mozilla/5.0 (Windows NT 6.1; rv:14.0) Gecko/20100101 Firefox/14.0.1"
89.247.109.250 - - [15/Aug/2012:09:16:31 +0200] "GET /images/newsletter.png HTTP/1.1" 200 14619 "http://www.mink-gmbh.de/style.css" "Mozilla/5.0 (Windows NT 6.1; rv:14.0) Gecko/20100101 Firefox/14.0.1"
89.247.109.250 - - [15/Aug/2012:09:16:31 +0200] "GET /images/wrapperbg.jpg HTTP/1.1" 200 27465 "http://www.mink-gmbh.de/style.css" "Mozilla/5.0 (Windows NT 6.1; rv:14.0) Gecko/20100101 Firefox/14.0.1"
89.247.109.250 - - [15/Aug/2012:09:16:31 +0200] "GET /images/header.jpg HTTP/1.1" 200 24413 "http://www.mink-gmbh.de/style.css" "Mozilla/5.0 (Windows NT 6.1; rv:14.0) Gecko/20100101 Firefox/14.0.1"
89.247.109.250 - - [15/Aug/2012:09:16:31 +0200] "GET /images/navibg.png HTTP/1.1" 200 2803 "http://www.mink-gmbh.de/style.css" "Mozilla/5.0 (Windows NT 6.1; rv:14.0) Gecko/20100101 Firefox/14.0.1"
89.247.109.250 - - [15/Aug/2012:09:16:31 +0200] "GET /images/fallend.png HTTP/1.1" 200 713 "http://www.mink-gmbh.de/modul.css" "Mozilla/5.0 (Windows NT 6.1; rv:14.0) Gecko/20100101 Firefox/14.0.1"
89.247.109.250 - - [15/Aug/2012:09:16:31 +0200] "GET /images/steigend.png HTTP/1.1" 200 688 "http://www.mink-gmbh.de/modul.css" "Mozilla/5.0 (Windows NT 6.1; rv:14.0) Gecko/20100101 Firefox/14.0.1"
89.247.109.250 - - [15/Aug/2012:09:16:31 +0200] "GET /images/gleichbleibend.png HTTP/1.1" 200 534 "http://www.mink-gmbh.de/modul.css" "Mozilla/5.0 (Windows NT 6.1; rv:14.0) Gecko/20100101 Firefox/14.0.1"
89.247.109.250 - - [15/Aug/2012:09:16:31 +0200] "GET /images/tkw.jpg HTTP/1.1" 200 64031 "http://www.mink-gmbh.de/index.php" "Mozilla/5.0 (Windows NT 6.1; rv:14.0) Gecko/20100101 Firefox/14.0.1"
89.247.109.250 - - [15/Aug/2012:09:16:32 +0200] "GET /images/mobil.jpg HTTP/1.1" 200 25293 "http://www.mink-gmbh.de/style.css" "Mozilla/5.0 (Windows NT 6.1; rv:14.0) Gecko/20100101 Firefox/14.0.1"
89.247.109.250 - - [15/Aug/2012:09:16:32 +0200] "GET /images/newsletter.jpg HTTP/1.1" 200 13130 "http://www.mink-gmbh.de/style.css" "Mozilla/5.0 (Windows NT 6.1; rv:14.0) Gecko/20100101 Firefox/14.0.1"
89.247.109.250 - - [15/Aug/2012:09:16:32 +0200] "GET /js_contentserver24_greybox/loader_frame.html?s=0 HTTP/1.1" 200 2084 "http://www.mink-gmbh.de/index.php" "Mozilla/5.0 (Windows NT 6.1; rv:14.0) Gecko/20100101 Firefox/14.0.1"
89.247.109.250 - - [15/Aug/2012:09:16:32 +0200] "GET /js_contentserver24_greybox/indicator.gif HTTP/1.1" 200 8238 "http://www.mink-gmbh.de/js_contentserver24_greybox/loader_frame.html?s=0" "Mozilla/5.0 (Windows NT 6.1; rv:14.0) Gecko/20100101 Firefox/14.0.1"
89.247.109.250 - - [15/Aug/2012:09:16:29 +0200] "GET /index.php HTTP/1.1" 200 15344 "-" "Mozilla/5.0 (Windows NT 6.1; rv:14.0) Gecko/20100101 Firefox/14.0.1"
89.247.109.250 - - [15/Aug/2012:09:16:33 +0200] "GET /images/freecall.jpg HTTP/1.1" 200 39195 "http://www.mink-gmbh.de/index.php" "Mozilla/5.0 (Windows NT 6.1; rv:14.0) Gecko/20100101 Firefox/14.0.1"
89.247.109.250 - - [15/Aug/2012:09:16:33 +0200] "GET /images/mail.jpg HTTP/1.1" 200 11165 "http://www.mink-gmbh.de/index.php" "Mozilla/5.0 (Windows NT 6.1; rv:14.0) Gecko/20100101 Firefox/14.0.1"
89.247.109.250 - - [15/Aug/2012:09:16:33 +0200] "GET /images/kwk.gif HTTP/1.1" 200 6403 "http://www.mink-gmbh.de/index.php" "Mozilla/5.0 (Windows NT 6.1; rv:14.0) Gecko/20100101 Firefox/14.0.1"
89.247.109.250 - - [15/Aug/2012:09:16:33 +0200] "GET /images/wunschpreis.jpg HTTP/1.1" 200 16767 "http://www.mink-gmbh.de/index.php" "Mozilla/5.0 (Windows NT 6.1; rv:14.0) Gecko/20100101 Firefox/14.0.1"
89.247.109.250 - - [15/Aug/2012:09:16:33 +0200] "GET /images/logos.jpg HTTP/1.1" 200 15002 "http://www.mink-gmbh.de/index.php" "Mozilla/5.0 (Windows NT 6.1; rv:14.0) Gecko/20100101 Firefox/14.0.1"
89.247.109.250 - - [15/Aug/2012:09:16:33 +0200] "GET /images/footerbg.jpg HTTP/1.1" 200 2184 "http://www.mink-gmbh.de/style.css" "Mozilla/5.0 (Windows NT 6.1; rv:14.0) Gecko/20100101 Firefox/14.0.1"
89.247.109.250 - - [15/Aug/2012:09:16:33 +0200] "GET /js_contentserver24_greybox/header_bg.gif HTTP/1.1" 200 1188 "http://www.mink-gmbh.de/index.php" "Mozilla/5.0 (Windows NT 6.1; rv:14.0) Gecko/20100101 Firefox/14.0.1"
89.247.109.250 - - [15/Aug/2012:09:16:33 +0200] "GET /js_contentserver24_greybox/g_close.gif HTTP/1.1" 200 541 "http://www.mink-gmbh.de/index.php" "Mozilla/5.0 (Windows NT 6.1; rv:14.0) Gecko/20100101 Firefox/14.0.1"
213.186.127.28 - - [15/Aug/2012:09:23:46 +0200] "GET /news.php?cs_go=archiv&cs_id=3285&cs_search= HTTP/1.1" 200 9859 "-" "Mozilla/5.0 (compatible; AhrefsBot/3.1; +http://ahrefs.com/robot/)"
88.198.67.197 - - [15/Aug/2012:09:41:30 +0200] "GET /robots.txt HTTP/1.1" 200 177 "-" "Pixray-Seeker/1.1 (Pixray-Seeker; http://www.pixray.com/pixraybot; crawler@pixray.com)"
88.198.67.197 - - [15/Aug/2012:09:41:30 +0200] "GET /lexikon.php?cs_go=3&cs_id=186 HTTP/1.1" 200 8239 "-" "Pixray-Seeker/1.1 (Pixray-Seeker; http://www.pixray.com/pixraybot; crawler@pixray.com)"
88.198.67.197 - - [15/Aug/2012:09:44:39 +0200] "GET /news.php?cs_go=archiv&cs_startpos=1110 HTTP/1.1" 200 23157 "-" "Pixray-Seeker/1.1 (Pixray-Seeker; http://www.pixray.com/pixraybot; crawler@pixray.com)"
5.9.25.81 - - [15/Aug/2012:09:57:27 +0200] "GET /robots.txt HTTP/1.1" 200 177 "-" "Pixray-Seeker/2.0 (Pixray-Seeker; http://www.pixray.com/pixraybot; crawler@pixray.com)"
5.9.25.81 - - [15/Aug/2012:09:57:27 +0200] "GET /lexikon.php?cs_go=3&cs_id=129 HTTP/1.1" 200 8684 "-" "Pixray-Seeker/2.0 (Pixray-Seeker; http://www.pixray.com/pixraybot; crawler@pixray.com)"
66.249.72.131 - - [15/Aug/2012:09:57:46 +0200] "GET /robots.txt HTTP/1.1" 200 177 "-" "Mozilla/5.0 (compatible; Googlebot/2.1; +http://www.google.com/bot.html)"
66.249.72.131 - - [15/Aug/2012:09:57:46 +0200] "GET /news.php?cs_go=archiv HTTP/1.1" 200 22453 "-" "Mozilla/5.0 (compatible; Googlebot/2.1; +http://www.google.com/bot.html)"
5.9.25.68 - - [15/Aug/2012:10:14:03 +0200] "GET /robots.txt HTTP/1.1" 200 177 "-" "Pixray-Seeker/2.0 (Pixray-Seeker; http://www.pixray.com/pixraybot; crawler@pixray.com)"
5.9.25.68 - - [15/Aug/2012:10:14:03 +0200] "GET /images/mail.jpg HTTP/1.1" 200 11165 "-" "Pixray-Seeker/2.0 (Pixray-Seeker; http://www.pixray.com/pixraybot; crawler@pixray.com)"
5.9.25.68 - - [15/Aug/2012:10:15:00 +0200] "GET /news.php?cs_go=archiv&cs_startpos=881 HTTP/1.1" 200 22887 "-" "Pixray-Seeker/2.0 (Pixray-Seeker; http://www.pixray.com/pixraybot; crawler@pixray.com)"
5.9.25.68 - - [15/Aug/2012:10:15:48 +0200] "GET /lexikon.php?cs_go=3&cs_id=58 HTTP/1.1" 200 10754 "-" "Pixray-Seeker/2.0 (Pixray-Seeker; http://www.pixray.com/pixraybot; crawler@pixray.com)"
176.9.7.28 - - [15/Aug/2012:10:20:20 +0200] "GET /robots.txt HTTP/1.1" 200 177 "-" "Pixray-Seeker/1.1 (Pixray-Seeker; http://www.pixray.com/pixraybot; crawler@pixray.com)"
176.9.7.28 - - [15/Aug/2012:10:20:20 +0200] "GET /lexikon.php?cs_go=2&cs_char=f HTTP/1.1" 200 9595 "-" "Pixray-Seeker/1.1 (Pixray-Seeker; http://www.pixray.com/pixraybot; crawler@pixray.com)"
176.9.7.28 - - [15/Aug/2012:10:21:34 +0200] "GET /lexikon.php?cs_go=3&cs_id=199 HTTP/1.1" 200 7908 "-" "Pixray-Seeker/1.1 (Pixray-Seeker; http://www.pixray.com/pixraybot; crawler@pixray.com)"
66.249.72.131 - - [15/Aug/2012:10:22:50 +0200] "GET /news.php?cs_go=archiv&cs_id=3357&cs_search= HTTP/1.1" 200 9828 "-" "Mozilla/5.0 (compatible; Googlebot/2.1; +http://www.google.com/bot.html)"
66.249.72.131 - - [15/Aug/2012:10:26:41 +0200] "GET /news.php?cs_go=archiv&cs_id=3358&cs_search= HTTP/1.1" 200 12934 "-" "Mozilla/5.0 (compatible; Googlebot/2.1; +http://www.google.com/bot.html)"
66.249.72.131 - - [15/Aug/2012:10:30:18 +0200] "GET /news.php?cs_go=archiv&cs_id=2912 HTTP/1.1" 200 9769 "-" "Mozilla/5.0 (compatible; Googlebot/2.1; +http://www.google.com/bot.html)"
213.186.127.11 - - [15/Aug/2012:10:32:37 +0200] "GET /news.php?cs_go=archiv&cs_id=1707&cs_search= HTTP/1.1" 200 11256 "-" "Mozilla/5.0 (compatible; AhrefsBot/3.1; +http://ahrefs.com/robot/)"
5.9.25.75 - - [15/Aug/2012:10:46:58 +0200] "GET /robots.txt HTTP/1.1" 200 177 "-" "Pixray-Seeker/2.0 (Pixray-Seeker; http://www.pixray.com/pixraybot; crawler@pixray.com)"
5.9.25.75 - - [15/Aug/2012:10:46:58 +0200] "GET /lexikon.php?cs_go=3&cs_id=56 HTTP/1.1" 200 8008 "-" "Pixray-Seeker/2.0 (Pixray-Seeker; http://www.pixray.com/pixraybot; crawler@pixray.com)"
5.9.25.69 - - [15/Aug/2012:10:59:31 +0200] "GET /robots.txt HTTP/1.1" 200 177 "-" "Pixray-Seeker/2.0 (Pixray-Seeker; http://www.pixray.com/pixraybot; crawler@pixray.com)"
5.9.25.69 - - [15/Aug/2012:10:59:31 +0200] "GET /lexikon.php?cs_go=3&cs_id=227 HTTP/1.1" 200 8687 "-" "Pixray-Seeker/2.0 (Pixray-Seeker; http://www.pixray.com/pixraybot; crawler@pixray.com)"
5.9.25.69 - - [15/Aug/2012:11:03:43 +0200] "GET /lexikon.php?cs_go=3&cs_id=14 HTTP/1.1" 200 8467 "-" "Pixray-Seeker/2.0 (Pixray-Seeker; http://www.pixray.com/pixraybot; crawler@pixray.com)"
5.9.25.69 - - [15/Aug/2012:11:04:04 +0200] "GET /news.php?cs_go=archiv&cs_startpos=1410 HTTP/1.1" 200 23070 "-" "Pixray-Seeker/2.0 (Pixray-Seeker; http://www.pixray.com/pixraybot; crawler@pixray.com)"
5.9.25.83 - - [15/Aug/2012:11:14:14 +0200] "GET /robots.txt HTTP/1.1" 200 177 "-" "Pixray-Seeker/2.0 (Pixray-Seeker; http://www.pixray.com/pixraybot; crawler@pixray.com)"
5.9.25.83 - - [15/Aug/2012:11:14:14 +0200] "GET /lexikon.php?cs_go=3&cs_id=109 HTTP/1.1" 200 9594 "-" "Pixray-Seeker/2.0 (Pixray-Seeker; http://www.pixray.com/pixraybot; crawler@pixray.com)"
5.9.25.83 - - [15/Aug/2012:11:17:10 +0200] "GET /optiplus.php HTTP/1.1" 200 11013 "-" "Pixray-Seeker/2.0 (Pixray-Seeker; http://www.pixray.com/pixraybot; crawler@pixray.com)"
5.9.25.83 - - [15/Aug/2012:11:17:33 +0200] "GET /lexikon.php?cs_go=3&cs_id=120 HTTP/1.1" 200 8430 "-" "Pixray-Seeker/2.0 (Pixray-Seeker; http://www.pixray.com/pixraybot; crawler@pixray.com)"
5.9.25.77 - - [15/Aug/2012:11:28:16 +0200] "GET /robots.txt HTTP/1.1" 200 177 "-" "Pixray-Seeker/2.0 (Pixray-Seeker; http://www.pixray.com/pixraybot; crawler@pixray.com)"
5.9.25.77 - - [15/Aug/2012:11:28:16 +0200] "GET /lexikon.php?cs_go=3&cs_id=108 HTTP/1.1" 200 9635 "-" "Pixray-Seeker/2.0 (Pixray-Seeker; http://www.pixray.com/pixraybot; crawler@pixray.com)"
208.115.111.75 - - [15/Aug/2012:11:31:48 +0200] "GET /robots.txt HTTP/1.1" 200 177 "-" "Mozilla/5.0 (compatible; Ezooms/1.0; ezooms.bot@gmail.com)"
5.9.25.77 - - [15/Aug/2012:11:33:30 +0200] "GET /news.php?cs_go=archiv&cs_startpos=481 HTTP/1.1" 200 22847 "-" "Pixray-Seeker/2.0 (Pixray-Seeker; http://www.pixray.com/pixraybot; crawler@pixray.com)"
213.186.127.9 - - [15/Aug/2012:11:38:44 +0200] "GET /news.php?cs_go=archiv&cs_id=3286&cs_search= HTTP/1.1" 200 10841 "-" "Mozilla/5.0 (compatible; AhrefsBot/3.1; +http://ahrefs.com/robot/)"
208.115.113.91 - - [15/Aug/2012:11:40:14 +0200] "GET /robots.txt HTTP/1.1" 200 177 "-" "Mozilla/5.0 (compatible; Ezooms/1.0; ezooms.bot@gmail.com)"
66.249.72.131 - - [15/Aug/2012:11:43:48 +0200] "GET /news.php?cs_go=archiv&cs_startpos=1000 HTTP/1.1" 200 23094 "-" "Mozilla/5.0 (compatible; Googlebot/2.1; +http://www.google.com/bot.html)"
5.9.25.76 - - [15/Aug/2012:11:45:21 +0200] "GET /robots.txt HTTP/1.1" 200 177 "-" "Pixray-Seeker/2.0 (Pixray-Seeker; http://www.pixray.com/pixraybot; crawler@pixray.com)"
5.9.25.76 - - [15/Aug/2012:11:45:21 +0200] "GET /lexikon.php?cs_go=3&cs_id=170 HTTP/1.1" 200 9528 "-" "Pixray-Seeker/2.0 (Pixray-Seeker; http://www.pixray.com/pixraybot; crawler@pixray.com)"
178.255.215.64 - - [15/Aug/2012:11:46:36 +0200] "GET /robots.txt HTTP/1.1" 200 177 "-" "Mozilla/5.0 (compatible; Exabot/3.0; +http://www.exabot.com/go/robot)"
178.255.215.64 - - [15/Aug/2012:11:46:36 +0200] "GET / HTTP/1.1" 200 15344 "-" "Mozilla/5.0 (compatible; Exabot/3.0; +http://www.exabot.com/go/robot)"
