91.65.237.138 - - [13/Aug/2012:16:44:08 +0200] "GET /js_contentserver24_greybox/header_bg.gif HTTP/1.1" 200 1188 "http://www.mink-gmbh.de/" "Mozilla/5.0 (Windows NT 6.1; WOW64; rv:14.0) Gecko/20100101 Firefox/14.0.1"
91.65.237.138 - - [13/Aug/2012:16:44:07 +0200] "GET / HTTP/1.1" 200 15342 "http://handball.bfc-preussen.de/" "Mozilla/5.0 (Windows NT 6.1; WOW64; rv:14.0) Gecko/20100101 Firefox/14.0.1"
91.65.237.138 - - [13/Aug/2012:16:44:08 +0200] "GET /js_contentserver24_greybox/indicator.gif HTTP/1.1" 200 8238 "http://www.mink-gmbh.de/js_contentserver24_greybox/loader_frame.html?s=0" "Mozilla/5.0 (Windows NT 6.1; WOW64; rv:14.0) Gecko/20100101 Firefox/14.0.1"
91.65.237.138 - - [13/Aug/2012:16:44:08 +0200] "GET /images/freecall.jpg HTTP/1.1" 200 39195 "http://www.mink-gmbh.de/" "Mozilla/5.0 (Windows NT 6.1; WOW64; rv:14.0) Gecko/20100101 Firefox/14.0.1"
91.65.237.138 - - [13/Aug/2012:16:44:08 +0200] "GET /images/kwk.gif HTTP/1.1" 200 6403 "http://www.mink-gmbh.de/" "Mozilla/5.0 (Windows NT 6.1; WOW64; rv:14.0) Gecko/20100101 Firefox/14.0.1"
91.65.237.138 - - [13/Aug/2012:16:44:08 +0200] "GET /images/mail.jpg HTTP/1.1" 200 11165 "http://www.mink-gmbh.de/" "Mozilla/5.0 (Windows NT 6.1; WOW64; rv:14.0) Gecko/20100101 Firefox/14.0.1"
91.65.237.138 - - [13/Aug/2012:16:44:08 +0200] "GET /images/wunschpreis.jpg HTTP/1.1" 200 16767 "http://www.mink-gmbh.de/" "Mozilla/5.0 (Windows NT 6.1; WOW64; rv:14.0) Gecko/20100101 Firefox/14.0.1"
91.65.237.138 - - [13/Aug/2012:16:44:08 +0200] "GET /images/logos.jpg HTTP/1.1" 200 15002 "http://www.mink-gmbh.de/" "Mozilla/5.0 (Windows NT 6.1; WOW64; rv:14.0) Gecko/20100101 Firefox/14.0.1"
91.65.237.138 - - [13/Aug/2012:16:44:08 +0200] "GET /images/footerbg.jpg HTTP/1.1" 200 2184 "http://www.mink-gmbh.de/style.css" "Mozilla/5.0 (Windows NT 6.1; WOW64; rv:14.0) Gecko/20100101 Firefox/14.0.1"
91.65.237.138 - - [13/Aug/2012:16:44:08 +0200] "GET /js_contentserver24_greybox/g_close.gif HTTP/1.1" 200 541 "http://www.mink-gmbh.de/" "Mozilla/5.0 (Windows NT 6.1; WOW64; rv:14.0) Gecko/20100101 Firefox/14.0.1"
91.65.237.138 - - [13/Aug/2012:16:47:04 +0200] "GET / HTTP/1.1" 200 14607 "http://handball.bfc-preussen.de/index.php/service" "Mozilla/5.0 (Windows NT 6.1; WOW64; rv:14.0) Gecko/20100101 Firefox/14.0.1"
46.4.116.100 - - [13/Aug/2012:16:51:19 +0200] "GET /robots.txt HTTP/1.1" 200 177 "-" "Pixray-Seeker/1.1 (Pixray-Seeker; http://www.pixray.com/pixraybot; crawler@pixray.com)"
46.4.116.100 - - [13/Aug/2012:16:51:19 +0200] "GET /news.php?cs_go=archiv&cs_id=2666&cs_search= HTTP/1.1" 200 10209 "-" "Pixray-Seeker/1.1 (Pixray-Seeker; http://www.pixray.com/pixraybot; crawler@pixray.com)"
46.4.121.154 - - [13/Aug/2012:17:11:09 +0200] "GET /robots.txt HTTP/1.1" 200 177 "-" "Pixray-Seeker/1.1 (Pixray-Seeker; http://www.pixray.com/pixraybot; crawler@pixray.com)"
46.4.121.154 - - [13/Aug/2012:17:11:09 +0200] "GET /news.php?cs_go=archiv&cs_id=2106&cs_search= HTTP/1.1" 200 14116 "-" "Pixray-Seeker/1.1 (Pixray-Seeker; http://www.pixray.com/pixraybot; crawler@pixray.com)"
46.4.121.154 - - [13/Aug/2012:17:12:53 +0200] "GET /news.php?cs_go=archiv&cs_id=1836&cs_search= HTTP/1.1" 200 14326 "-" "Pixray-Seeker/1.1 (Pixray-Seeker; http://www.pixray.com/pixraybot; crawler@pixray.com)"
46.4.121.154 - - [13/Aug/2012:17:13:25 +0200] "GET /news.php?cs_go=archiv&cs_id=2285&cs_search= HTTP/1.1" 200 9807 "-" "Pixray-Seeker/1.1 (Pixray-Seeker; http://www.pixray.com/pixraybot; crawler@pixray.com)"
88.198.65.99 - - [13/Aug/2012:17:18:44 +0200] "GET /robots.txt HTTP/1.1" 200 177 "-" "Pixray-Seeker/1.1 (Pixray-Seeker; http://www.pixray.com/pixraybot; crawler@pixray.com)"
88.198.65.99 - - [13/Aug/2012:17:18:44 +0200] "GET /news.php?cs_go=archiv&cs_id=2704&cs_search= HTTP/1.1" 200 13532 "-" "Pixray-Seeker/1.1 (Pixray-Seeker; http://www.pixray.com/pixraybot; crawler@pixray.com)"
66.249.72.131 - - [13/Aug/2012:17:36:19 +0200] "GET /modernisierung.php?cs_gp_go=coupon HTTP/1.1" 200 10192 "-" "Mozilla/5.0 (compatible; Googlebot/2.1; +http://www.google.com/bot.html)"
176.9.0.13 - - [13/Aug/2012:18:00:52 +0200] "GET /robots.txt HTTP/1.1" 200 177 "-" "Pixray-Seeker/1.1 (Pixray-Seeker; http://www.pixray.com/pixraybot; crawler@pixray.com)"
176.9.0.13 - - [13/Aug/2012:18:00:52 +0200] "GET /news.php?cs_go=archiv&cs_id=2154&cs_search= HTTP/1.1" 200 15090 "-" "Pixray-Seeker/1.1 (Pixray-Seeker; http://www.pixray.com/pixraybot; crawler@pixray.com)"
176.9.0.13 - - [13/Aug/2012:18:10:05 +0200] "GET /news.php?cs_go=archiv&cs_id=2087&cs_search= HTTP/1.1" 200 15184 "-" "Pixray-Seeker/1.1 (Pixray-Seeker; http://www.pixray.com/pixraybot; crawler@pixray.com)"
176.9.0.13 - - [13/Aug/2012:18:10:14 +0200] "GET /news.php?cs_go=archiv&cs_id=1737&cs_search= HTTP/1.1" 200 14535 "-" "Pixray-Seeker/1.1 (Pixray-Seeker; http://www.pixray.com/pixraybot; crawler@pixray.com)"
46.4.92.140 - - [13/Aug/2012:18:22:20 +0200] "GET /robots.txt HTTP/1.1" 200 177 "-" "Pixray-Seeker/1.1 (Pixray-Seeker; http://www.pixray.com/pixraybot; crawler@pixray.com)"
46.4.92.140 - - [13/Aug/2012:18:22:20 +0200] "GET /news.php?cs_go=archiv&cs_id=2665&cs_search= HTTP/1.1" 200 13556 "-" "Pixray-Seeker/1.1 (Pixray-Seeker; http://www.pixray.com/pixraybot; crawler@pixray.com)"
82.135.122.82 - - [13/Aug/2012:18:24:58 +0200] "GET /style.css HTTP/1.1" 200 8418 "http://www.mink-gmbh.de/jobs.php" "Mozilla/4.0 (compatible; MSIE 8.0; Windows NT 6.1; WOW64; Trident/4.0; SLCC2; .NET CLR 2.0.50727; .NET CLR 3.5.30729; .NET CLR 3.0.30729; Media Center PC 6.0; .NET4.0C; .NET4.0E)"
82.135.122.82 - - [13/Aug/2012:18:24:58 +0200] "GET /modul.css HTTP/1.1" 200 35038 "http://www.mink-gmbh.de/jobs.php" "Mozilla/4.0 (compatible; MSIE 8.0; Windows NT 6.1; WOW64; Trident/4.0; SLCC2; .NET CLR 2.0.50727; .NET CLR 3.5.30729; .NET CLR 3.0.30729; Media Center PC 6.0; .NET4.0C; .NET4.0E)"
82.135.122.82 - - [13/Aug/2012:18:24:58 +0200] "GET /jobs.php HTTP/1.1" 200 11204 "http://www.google.de/url?sa=t&rct=j&q=mitarbeiter%20service%20mink&source=web&cd=6&ved=0CFIQFjAF&url=http%3A%2F%2Fwww.mink-gmbh.de%2Fjobs.php&ei=zikpUJybB-364QTCsoCIBQ&usg=AFQjCNGOfSKMpKJnSNF-oUZ-6TVXNuzSDQ&cad=rja" "Mozilla/4.0 (compatible; MSIE 8.0; Windows NT 6.1; WOW64; Trident/4.0; SLCC2; .NET CLR 2.0.50727; .NET CLR 3.5.30729; .NET CLR 3.0.30729; Media Center PC 6.0; .NET4.0C; .NET4.0E)"
82.135.122.82 - - [13/Aug/2012:18:24:59 +0200] "GET /images/mail.jpg HTTP/1.1" 200 11165 "http://www.mink-gmbh.de/jobs.php" "Mozilla/4.0 (compatible; MSIE 8.0; Windows NT 6.1; WOW64; Trident/4.0; SLCC2; .NET CLR 2.0.50727; .NET CLR 3.5.30729; .NET CLR 3.0.30729; Media Center PC 6.0; .NET4.0C; .NET4.0E)"
82.135.122.82 - - [13/Aug/2012:18:24:59 +0200] "GET /images/freecall.jpg HTTP/1.1" 200 39195 "http://www.mink-gmbh.de/jobs.php" "Mozilla/4.0 (compatible; MSIE 8.0; Windows NT 6.1; WOW64; Trident/4.0; SLCC2; .NET CLR 2.0.50727; .NET CLR 3.5.30729; .NET CLR 3.0.30729; Media Center PC 6.0; .NET4.0C; .NET4.0E)"
82.135.122.82 - - [13/Aug/2012:18:24:59 +0200] "GET /images/kwk.gif HTTP/1.1" 200 6403 "http://www.mink-gmbh.de/jobs.php" "Mozilla/4.0 (compatible; MSIE 8.0; Windows NT 6.1; WOW64; Trident/4.0; SLCC2; .NET CLR 2.0.50727; .NET CLR 3.5.30729; .NET CLR 3.0.30729; Media Center PC 6.0; .NET4.0C; .NET4.0E)"
82.135.122.82 - - [13/Aug/2012:18:24:59 +0200] "GET /images/newsletter_bg.jpg HTTP/1.1" 200 33610 "http://www.mink-gmbh.de/jobs.php" "Mozilla/4.0 (compatible; MSIE 8.0; Windows NT 6.1; WOW64; Trident/4.0; SLCC2; .NET CLR 2.0.50727; .NET CLR 3.5.30729; .NET CLR 3.0.30729; Media Center PC 6.0; .NET4.0C; .NET4.0E)"
82.135.122.82 - - [13/Aug/2012:18:24:59 +0200] "GET /images/wunschpreis.jpg HTTP/1.1" 200 16767 "http://www.mink-gmbh.de/jobs.php" "Mozilla/4.0 (compatible; MSIE 8.0; Windows NT 6.1; WOW64; Trident/4.0; SLCC2; .NET CLR 2.0.50727; .NET CLR 3.5.30729; .NET CLR 3.0.30729; Media Center PC 6.0; .NET4.0C; .NET4.0E)"
82.135.122.82 - - [13/Aug/2012:18:24:59 +0200] "GET /images/bg.jpg HTTP/1.1" 200 345 "http://www.mink-gmbh.de/jobs.php" "Mozilla/4.0 (compatible; MSIE 8.0; Windows NT 6.1; WOW64; Trident/4.0; SLCC2; .NET CLR 2.0.50727; .NET CLR 3.5.30729; .NET CLR 3.0.30729; Media Center PC 6.0; .NET4.0C; .NET4.0E)"
82.135.122.82 - - [13/Aug/2012:18:24:59 +0200] "GET /images/logos.jpg HTTP/1.1" 200 15002 "http://www.mink-gmbh.de/jobs.php" "Mozilla/4.0 (compatible; MSIE 8.0; Windows NT 6.1; WOW64; Trident/4.0; SLCC2; .NET CLR 2.0.50727; .NET CLR 3.5.30729; .NET CLR 3.0.30729; Media Center PC 6.0; .NET4.0C; .NET4.0E)"
82.135.122.82 - - [13/Aug/2012:18:24:59 +0200] "GET /images/wrapperbg.jpg HTTP/1.1" 200 27465 "http://www.mink-gmbh.de/jobs.php" "Mozilla/4.0 (compatible; MSIE 8.0; Windows NT 6.1; WOW64; Trident/4.0; SLCC2; .NET CLR 2.0.50727; .NET CLR 3.5.30729; .NET CLR 3.0.30729; Media Center PC 6.0; .NET4.0C; .NET4.0E)"
82.135.122.82 - - [13/Aug/2012:18:24:59 +0200] "GET /images/navibg.png HTTP/1.1" 200 2803 "http://www.mink-gmbh.de/jobs.php" "Mozilla/4.0 (compatible; MSIE 8.0; Windows NT 6.1; WOW64; Trident/4.0; SLCC2; .NET CLR 2.0.50727; .NET CLR 3.5.30729; .NET CLR 3.0.30729; Media Center PC 6.0; .NET4.0C; .NET4.0E)"
82.135.122.82 - - [13/Aug/2012:18:24:59 +0200] "GET /images/close.png HTTP/1.1" 200 703 "http://www.mink-gmbh.de/jobs.php" "Mozilla/4.0 (compatible; MSIE 8.0; Windows NT 6.1; WOW64; Trident/4.0; SLCC2; .NET CLR 2.0.50727; .NET CLR 3.5.30729; .NET CLR 3.0.30729; Media Center PC 6.0; .NET4.0C; .NET4.0E)"
82.135.122.82 - - [13/Aug/2012:18:24:59 +0200] "GET /images/newsletter.png HTTP/1.1" 200 14619 "http://www.mink-gmbh.de/jobs.php" "Mozilla/4.0 (compatible; MSIE 8.0; Windows NT 6.1; WOW64; Trident/4.0; SLCC2; .NET CLR 2.0.50727; .NET CLR 3.5.30729; .NET CLR 3.0.30729; Media Center PC 6.0; .NET4.0C; .NET4.0E)"
82.135.122.82 - - [13/Aug/2012:18:24:59 +0200] "GET /images/header.jpg HTTP/1.1" 200 24413 "http://www.mink-gmbh.de/jobs.php" "Mozilla/4.0 (compatible; MSIE 8.0; Windows NT 6.1; WOW64; Trident/4.0; SLCC2; .NET CLR 2.0.50727; .NET CLR 3.5.30729; .NET CLR 3.0.30729; Media Center PC 6.0; .NET4.0C; .NET4.0E)"
82.135.122.82 - - [13/Aug/2012:18:24:59 +0200] "GET /images/footerbg.jpg HTTP/1.1" 200 2184 "http://www.mink-gmbh.de/jobs.php" "Mozilla/4.0 (compatible; MSIE 8.0; Windows NT 6.1; WOW64; Trident/4.0; SLCC2; .NET CLR 2.0.50727; .NET CLR 3.5.30729; .NET CLR 3.0.30729; Media Center PC 6.0; .NET4.0C; .NET4.0E)"
82.135.122.82 - - [13/Aug/2012:18:24:59 +0200] "GET /favicon.ico HTTP/1.1" 200 3638 "-" "Mozilla/4.0 (compatible; MSIE 8.0; Windows NT 6.1; WOW64; Trident/4.0; SLCC2; .NET CLR 2.0.50727; .NET CLR 3.5.30729; .NET CLR 3.0.30729; Media Center PC 6.0; .NET4.0C; .NET4.0E)"
82.135.122.82 - - [13/Aug/2012:18:25:04 +0200] "GET /kontakt.php HTTP/1.1" 200 9111 "http://www.mink-gmbh.de/jobs.php" "Mozilla/4.0 (compatible; MSIE 8.0; Windows NT 6.1; WOW64; Trident/4.0; SLCC2; .NET CLR 2.0.50727; .NET CLR 3.5.30729; .NET CLR 3.0.30729; Media Center PC 6.0; .NET4.0C; .NET4.0E)"
82.135.122.82 - - [13/Aug/2012:18:25:07 +0200] "GET /impressum.php HTTP/1.1" 200 8495 "http://www.mink-gmbh.de/kontakt.php" "Mozilla/4.0 (compatible; MSIE 8.0; Windows NT 6.1; WOW64; Trident/4.0; SLCC2; .NET CLR 2.0.50727; .NET CLR 3.5.30729; .NET CLR 3.0.30729; Media Center PC 6.0; .NET4.0C; .NET4.0E)"
46.4.92.140 - - [13/Aug/2012:18:27:15 +0200] "GET /news.php?cs_go=archiv&cs_id=2077&cs_search= HTTP/1.1" 200 10666 "-" "Pixray-Seeker/1.1 (Pixray-Seeker; http://www.pixray.com/pixraybot; crawler@pixray.com)"
46.4.92.140 - - [13/Aug/2012:18:27:42 +0200] "GET /news.php?cs_go=archiv&cs_id=2176&cs_search= HTTP/1.1" 200 9991 "-" "Pixray-Seeker/1.1 (Pixray-Seeker; http://www.pixray.com/pixraybot; crawler@pixray.com)"
46.4.92.140 - - [13/Aug/2012:18:31:44 +0200] "GET /news.php?cs_go=archiv&cs_id=2160&cs_search= HTTP/1.1" 200 13800 "-" "Pixray-Seeker/1.1 (Pixray-Seeker; http://www.pixray.com/pixraybot; crawler@pixray.com)"
139.18.2.209 - - [13/Aug/2012:18:42:46 +0200] "GET /robots.txt HTTP/1.1" 200 177 "-" "findlinks/2.6 (+http://wortschatz.uni-leipzig.de/findlinks/)"
176.9.0.13 - - [13/Aug/2012:18:45:33 +0200] "GET /robots.txt HTTP/1.1" 200 177 "-" "Pixray-Seeker/1.1 (Pixray-Seeker; http://www.pixray.com/pixraybot; crawler@pixray.com)"
176.9.0.13 - - [13/Aug/2012:18:45:33 +0200] "GET /news.php?cs_go=archiv&cs_startpos=1070 HTTP/1.1" 200 23010 "-" "Pixray-Seeker/1.1 (Pixray-Seeker; http://www.pixray.com/pixraybot; crawler@pixray.com)"
176.9.0.13 - - [13/Aug/2012:18:49:19 +0200] "GET /lexikon.php?cs_go=3&cs_id=83 HTTP/1.1" 200 8357 "-" "Pixray-Seeker/1.1 (Pixray-Seeker; http://www.pixray.com/pixraybot; crawler@pixray.com)"
66.249.72.131 - - [13/Aug/2012:19:02:43 +0200] "GET /news.php?cs_go=archiv&cs_id=1915&cs_search= HTTP/1.1" 200 9568 "-" "Mozilla/5.0 (compatible; Googlebot/2.1; +http://www.google.com/bot.html)"
66.249.72.131 - - [13/Aug/2012:19:06:29 +0200] "GET /news.php?cs_go=archiv&cs_id=1887&cs_search= HTTP/1.1" 200 9683 "-" "Mozilla/5.0 (compatible; Googlebot/2.1; +http://www.google.com/bot.html)"
46.4.92.141 - - [13/Aug/2012:19:11:20 +0200] "GET /robots.txt HTTP/1.1" 200 177 "-" "Pixray-Seeker/1.1 (Pixray-Seeker; http://www.pixray.com/pixraybot; crawler@pixray.com)"
46.4.92.141 - - [13/Aug/2012:19:11:20 +0200] "GET /news.php?cs_go=archiv&cs_startpos=220 HTTP/1.1" 200 23126 "-" "Pixray-Seeker/1.1 (Pixray-Seeker; http://www.pixray.com/pixraybot; crawler@pixray.com)"
66.249.72.131 - - [13/Aug/2012:19:13:56 +0200] "GET /news.php?cs_go=archiv&cs_id=1802&cs_search= HTTP/1.1" 200 9698 "-" "Mozilla/5.0 (compatible; Googlebot/2.1; +http://www.google.com/bot.html)"
66.249.72.131 - - [13/Aug/2012:19:17:41 +0200] "GET /news.php?cs_go=archiv&cs_id=1892&cs_search= HTTP/1.1" 200 9615 "-" "Mozilla/5.0 (compatible; Googlebot/2.1; +http://www.google.com/bot.html)"
46.4.101.183 - - [13/Aug/2012:19:18:00 +0200] "GET /robots.txt HTTP/1.1" 200 177 "-" "Domnutch-Bot/Nutch-1.0 (Domnutch; http://www.Nutch.de/)"
46.4.101.183 - - [13/Aug/2012:19:18:00 +0200] "GET / HTTP/1.1" 200 15342 "-" "Domnutch-Bot/Nutch-1.0 (Domnutch; http://www.Nutch.de/)"
66.249.72.131 - - [13/Aug/2012:19:21:25 +0200] "GET /news.php?cs_go=archiv&cs_id=1940&cs_search= HTTP/1.1" 200 9440 "-" "Mozilla/5.0 (compatible; Googlebot/2.1; +http://www.google.com/bot.html)"
208.115.111.75 - - [13/Aug/2012:19:24:22 +0200] "GET /robots.txt HTTP/1.1" 200 177 "-" "Mozilla/5.0 (compatible; Ezooms/1.0; ezooms.bot@gmail.com)"
66.249.72.131 - - [13/Aug/2012:19:25:10 +0200] "GET /news.php?cs_go=archiv&cs_id=1801&cs_search= HTTP/1.1" 200 9527 "-" "Mozilla/5.0 (compatible; Googlebot/2.1; +http://www.google.com/bot.html)"
66.249.72.131 - - [13/Aug/2012:19:28:54 +0200] "GET /news.php?cs_go=archiv&cs_id=1841&cs_search= HTTP/1.1" 200 9553 "-" "Mozilla/5.0 (compatible; Googlebot/2.1; +http://www.google.com/bot.html)"
46.4.92.141 - - [13/Aug/2012:19:31:26 +0200] "GET /robots.txt HTTP/1.1" 200 177 "-" "Pixray-Seeker/1.1 (Pixray-Seeker; http://www.pixray.com/pixraybot; crawler@pixray.com)"
46.4.92.141 - - [13/Aug/2012:19:31:26 +0200] "GET /news.php?cs_go=archiv&cs_startpos=760 HTTP/1.1" 200 23301 "-" "Pixray-Seeker/1.1 (Pixray-Seeker; http://www.pixray.com/pixraybot; crawler@pixray.com)"
66.249.72.131 - - [13/Aug/2012:19:40:08 +0200] "GET /news.php?cs_go=archiv&cs_id=1907&cs_search= HTTP/1.1" 200 9572 "-" "Mozilla/5.0 (compatible; Googlebot/2.1; +http://www.google.com/bot.html)"
66.249.72.131 - - [13/Aug/2012:19:43:51 +0200] "GET /news.php?cs_go=archiv&cs_id=1869&cs_search= HTTP/1.1" 200 9547 "-" "Mozilla/5.0 (compatible; Googlebot/2.1; +http://www.google.com/bot.html)"
208.115.113.91 - - [13/Aug/2012:19:50:10 +0200] "GET /foerdermittel.php HTTP/1.1" 200 12922 "-" "Mozilla/5.0 (compatible; Ezooms/1.0; ezooms.bot@gmail.com)"
208.115.113.91 - - [13/Aug/2012:19:50:15 +0200] "GET /lexikon.php?cs_go=3&cs_id=136 HTTP/1.1" 200 7992 "-" "Mozilla/5.0 (compatible; Ezooms/1.0; ezooms.bot@gmail.com)"
208.115.113.91 - - [13/Aug/2012:19:50:21 +0200] "GET /lexikon.php?cs_go=3&cs_id=20 HTTP/1.1" 200 8978 "-" "Mozilla/5.0 (compatible; Ezooms/1.0; ezooms.bot@gmail.com)"
208.115.113.91 - - [13/Aug/2012:19:50:25 +0200] "GET /news.php?cs_go=archiv&cs_id=2993&cs_search= HTTP/1.1" 200 13690 "-" "Mozilla/5.0 (compatible; Ezooms/1.0; ezooms.bot@gmail.com)"
66.249.72.131 - - [13/Aug/2012:20:02:32 +0200] "GET /news.php?cs_go=archiv&cs_id=1903&cs_search= HTTP/1.1" 200 9591 "-" "Mozilla/5.0 (compatible; Googlebot/2.1; +http://www.google.com/bot.html)"
88.198.67.197 - - [13/Aug/2012:20:13:00 +0200] "GET /robots.txt HTTP/1.1" 200 177 "-" "Pixray-Seeker/1.1 (Pixray-Seeker; http://www.pixray.com/pixraybot; crawler@pixray.com)"
88.198.67.197 - - [13/Aug/2012:20:13:00 +0200] "GET /news.php?cs_go=archiv&cs_id=2085&cs_search= HTTP/1.1" 200 15443 "-" "Pixray-Seeker/1.1 (Pixray-Seeker; http://www.pixray.com/pixraybot; crawler@pixray.com)"
88.198.67.197 - - [13/Aug/2012:20:16:19 +0200] "GET /news.php?cs_go=archiv&cs_id=1697&cs_search= HTTP/1.1" 200 12480 "-" "Pixray-Seeker/1.1 (Pixray-Seeker; http://www.pixray.com/pixraybot; crawler@pixray.com)"
65.36.241.79 - - [13/Aug/2012:20:17:38 +0200] "HEAD / HTTP/1.1" 200 - "-" "InternetSeer.com"
66.249.72.131 - - [13/Aug/2012:20:23:36 +0200] "GET /wunschpreis.php HTTP/1.1" 200 12059 "-" "Mozilla/5.0 (iPhone; U; CPU iPhone OS 4_1 like Mac OS X; en-us) AppleWebKit/532.9 (KHTML, like Gecko) Version/4.0.5 Mobile/8B117 Safari/6531.22.7 (compatible; Googlebot-Mobile/2.1; +http://www.google.com/bot.html)"
66.249.72.131 - - [13/Aug/2012:20:28:41 +0200] "GET /news.php?cs_go=archiv&cs_id=1794&cs_search= HTTP/1.1" 200 9519 "-" "Mozilla/5.0 (compatible; Googlebot/2.1; +http://www.google.com/bot.html)"
46.4.116.100 - - [13/Aug/2012:20:34:57 +0200] "GET /robots.txt HTTP/1.1" 200 177 "-" "Pixray-Seeker/1.1 (Pixray-Seeker; http://www.pixray.com/pixraybot; crawler@pixray.com)"
46.4.116.100 - - [13/Aug/2012:20:34:57 +0200] "GET /news.php?cs_go=archiv&cs_startpos=491 HTTP/1.1" 200 22774 "-" "Pixray-Seeker/1.1 (Pixray-Seeker; http://www.pixray.com/pixraybot; crawler@pixray.com)"
46.4.116.100 - - [13/Aug/2012:20:34:57 +0200] "GET /news.php?cs_go=archiv&cs_id=3341&cs_search= HTTP/1.1" 200 13268 "-" "Pixray-Seeker/1.1 (Pixray-Seeker; http://www.pixray.com/pixraybot; crawler@pixray.com)"
46.4.116.100 - - [13/Aug/2012:20:35:00 +0200] "GET /news.php?cs_go=archiv&cs_id=3338&cs_search= HTTP/1.1" 200 9724 "-" "Pixray-Seeker/1.1 (Pixray-Seeker; http://www.pixray.com/pixraybot; crawler@pixray.com)"
85.25.110.109 - - [13/Aug/2012:21:22:41 +0200] "GET /news.php?cs_go=archiv&cs_id=3076 HTTP/1.1" 200 13880 "-" "Mozilla/4.0 (compatible; MSIE 6.0; Windows 98; Win 9x4.90)"
46.4.92.141 - - [13/Aug/2012:21:31:48 +0200] "GET /robots.txt HTTP/1.1" 200 177 "-" "Pixray-Seeker/1.1 (Pixray-Seeker; http://www.pixray.com/pixraybot; crawler@pixray.com)"
46.4.92.141 - - [13/Aug/2012:21:31:49 +0200] "GET /news.php?cs_go=archiv&cs_id=3339&cs_search= HTTP/1.1" 200 13535 "-" "Pixray-Seeker/1.1 (Pixray-Seeker; http://www.pixray.com/pixraybot; crawler@pixray.com)"
94.222.207.234 - - [13/Aug/2012:21:33:03 +0200] "GET /style.css HTTP/1.1" 200 8418 "http://www.mink-gmbh.de/index.php" "Mozilla/5.0 (Windows NT 6.1; WOW64; rv:14.0) Gecko/20100101 Firefox/14.0.1"
94.222.207.234 - - [13/Aug/2012:21:33:03 +0200] "GET /modul.css HTTP/1.1" 200 35038 "http://www.mink-gmbh.de/index.php" "Mozilla/5.0 (Windows NT 6.1; WOW64; rv:14.0) Gecko/20100101 Firefox/14.0.1"
94.222.207.234 - - [13/Aug/2012:21:33:03 +0200] "GET /favicon.ico HTTP/1.1" 200 3638 "-" "Mozilla/5.0 (Windows NT 6.1; WOW64; rv:14.0) Gecko/20100101 Firefox/14.0.1"
94.222.207.234 - - [13/Aug/2012:21:33:03 +0200] "GET /js_contentserver24_greybox/gb_styles.css HTTP/1.1" 200 2302 "http://www.mink-gmbh.de/index.php" "Mozilla/5.0 (Windows NT 6.1; WOW64; rv:14.0) Gecko/20100101 Firefox/14.0.1"
94.222.207.234 - - [13/Aug/2012:21:33:03 +0200] "GET /js_contentserver24_greybox/AJS.js HTTP/1.1" 200 10396 "http://www.mink-gmbh.de/index.php" "Mozilla/5.0 (Windows NT 6.1; WOW64; rv:14.0) Gecko/20100101 Firefox/14.0.1"
94.222.207.234 - - [13/Aug/2012:21:33:03 +0200] "GET /js_contentserver24_greybox/AJS_fx.js HTTP/1.1" 200 3192 "http://www.mink-gmbh.de/index.php" "Mozilla/5.0 (Windows NT 6.1; WOW64; rv:14.0) Gecko/20100101 Firefox/14.0.1"
94.222.207.234 - - [13/Aug/2012:21:33:03 +0200] "GET /js_contentserver24_greybox/gb_scripts.js HTTP/1.1" 200 11913 "http://www.mink-gmbh.de/index.php" "Mozilla/5.0 (Windows NT 6.1; WOW64; rv:14.0) Gecko/20100101 Firefox/14.0.1"
94.222.207.234 - - [13/Aug/2012:21:33:04 +0200] "GET /images/bg.jpg HTTP/1.1" 200 345 "http://www.mink-gmbh.de/style.css" "Mozilla/5.0 (Windows NT 6.1; WOW64; rv:14.0) Gecko/20100101 Firefox/14.0.1"
94.222.207.234 - - [13/Aug/2012:21:33:04 +0200] "GET /js_contentserver24_greybox/w_close.gif HTTP/1.1" 200 74 "http://www.mink-gmbh.de/index.php" "Mozilla/5.0 (Windows NT 6.1; WOW64; rv:14.0) Gecko/20100101 Firefox/14.0.1"
94.222.207.234 - - [13/Aug/2012:21:33:04 +0200] "GET /images/close.png HTTP/1.1" 200 703 "http://www.mink-gmbh.de/index.php" "Mozilla/5.0 (Windows NT 6.1; WOW64; rv:14.0) Gecko/20100101 Firefox/14.0.1"
94.222.207.234 - - [13/Aug/2012:21:33:04 +0200] "GET /images/newsletter_bg.jpg HTTP/1.1" 200 33610 "http://www.mink-gmbh.de/index.php" "Mozilla/5.0 (Windows NT 6.1; WOW64; rv:14.0) Gecko/20100101 Firefox/14.0.1"
94.222.207.234 - - [13/Aug/2012:21:33:04 +0200] "GET /images/newsletter.png HTTP/1.1" 200 14619 "http://www.mink-gmbh.de/style.css" "Mozilla/5.0 (Windows NT 6.1; WOW64; rv:14.0) Gecko/20100101 Firefox/14.0.1"
94.222.207.234 - - [13/Aug/2012:21:33:04 +0200] "GET /images/wrapperbg.jpg HTTP/1.1" 200 27465 "http://www.mink-gmbh.de/style.css" "Mozilla/5.0 (Windows NT 6.1; WOW64; rv:14.0) Gecko/20100101 Firefox/14.0.1"
94.222.207.234 - - [13/Aug/2012:21:33:04 +0200] "GET /images/header.jpg HTTP/1.1" 200 24413 "http://www.mink-gmbh.de/style.css" "Mozilla/5.0 (Windows NT 6.1; WOW64; rv:14.0) Gecko/20100101 Firefox/14.0.1"
94.222.207.234 - - [13/Aug/2012:21:33:04 +0200] "GET /images/navibg.png HTTP/1.1" 200 2803 "http://www.mink-gmbh.de/style.css" "Mozilla/5.0 (Windows NT 6.1; WOW64; rv:14.0) Gecko/20100101 Firefox/14.0.1"
94.222.207.234 - - [13/Aug/2012:21:33:04 +0200] "GET /images/steigend.png HTTP/1.1" 200 688 "http://www.mink-gmbh.de/modul.css" "Mozilla/5.0 (Windows NT 6.1; WOW64; rv:14.0) Gecko/20100101 Firefox/14.0.1"
94.222.207.234 - - [13/Aug/2012:21:33:04 +0200] "GET /images/gleichbleibend.png HTTP/1.1" 200 534 "http://www.mink-gmbh.de/modul.css" "Mozilla/5.0 (Windows NT 6.1; WOW64; rv:14.0) Gecko/20100101 Firefox/14.0.1"
94.222.207.234 - - [13/Aug/2012:21:33:04 +0200] "GET /images/tkw.jpg HTTP/1.1" 200 64031 "http://www.mink-gmbh.de/index.php" "Mozilla/5.0 (Windows NT 6.1; WOW64; rv:14.0) Gecko/20100101 Firefox/14.0.1"
94.222.207.234 - - [13/Aug/2012:21:33:04 +0200] "GET /js_contentserver24_greybox/loader_frame.html?s=0 HTTP/1.1" 200 2084 "http://www.mink-gmbh.de/index.php" "Mozilla/5.0 (Windows NT 6.1; WOW64; rv:14.0) Gecko/20100101 Firefox/14.0.1"
94.222.207.234 - - [13/Aug/2012:21:33:04 +0200] "GET /js_contentserver24_greybox/header_bg.gif HTTP/1.1" 200 1188 "http://www.mink-gmbh.de/index.php" "Mozilla/5.0 (Windows NT 6.1; WOW64; rv:14.0) Gecko/20100101 Firefox/14.0.1"
94.222.207.234 - - [13/Aug/2012:21:33:04 +0200] "GET /images/mobil.jpg HTTP/1.1" 200 25293 "http://www.mink-gmbh.de/style.css" "Mozilla/5.0 (Windows NT 6.1; WOW64; rv:14.0) Gecko/20100101 Firefox/14.0.1"
94.222.207.234 - - [13/Aug/2012:21:33:04 +0200] "GET /images/newsletter.jpg HTTP/1.1" 200 13130 "http://www.mink-gmbh.de/style.css" "Mozilla/5.0 (Windows NT 6.1; WOW64; rv:14.0) Gecko/20100101 Firefox/14.0.1"
94.222.207.234 - - [13/Aug/2012:21:33:04 +0200] "GET /js_contentserver24_greybox/indicator.gif HTTP/1.1" 200 8238 "http://www.mink-gmbh.de/js_contentserver24_greybox/loader_frame.html?s=0" "Mozilla/5.0 (Windows NT 6.1; WOW64; rv:14.0) Gecko/20100101 Firefox/14.0.1"
94.222.207.234 - - [13/Aug/2012:21:33:03 +0200] "GET /index.php HTTP/1.1" 200 15342 "-" "Mozilla/5.0 (Windows NT 6.1; WOW64; rv:14.0) Gecko/20100101 Firefox/14.0.1"
94.222.207.234 - - [13/Aug/2012:21:33:04 +0200] "GET /images/freecall.jpg HTTP/1.1" 200 39195 "http://www.mink-gmbh.de/index.php" "Mozilla/5.0 (Windows NT 6.1; WOW64; rv:14.0) Gecko/20100101 Firefox/14.0.1"
94.222.207.234 - - [13/Aug/2012:21:33:04 +0200] "GET /images/mail.jpg HTTP/1.1" 200 11165 "http://www.mink-gmbh.de/index.php" "Mozilla/5.0 (Windows NT 6.1; WOW64; rv:14.0) Gecko/20100101 Firefox/14.0.1"
94.222.207.234 - - [13/Aug/2012:21:33:04 +0200] "GET /images/kwk.gif HTTP/1.1" 200 6403 "http://www.mink-gmbh.de/index.php" "Mozilla/5.0 (Windows NT 6.1; WOW64; rv:14.0) Gecko/20100101 Firefox/14.0.1"
94.222.207.234 - - [13/Aug/2012:21:33:04 +0200] "GET /images/wunschpreis.jpg HTTP/1.1" 200 16767 "http://www.mink-gmbh.de/index.php" "Mozilla/5.0 (Windows NT 6.1; WOW64; rv:14.0) Gecko/20100101 Firefox/14.0.1"
94.222.207.234 - - [13/Aug/2012:21:33:04 +0200] "GET /images/logos.jpg HTTP/1.1" 200 15002 "http://www.mink-gmbh.de/index.php" "Mozilla/5.0 (Windows NT 6.1; WOW64; rv:14.0) Gecko/20100101 Firefox/14.0.1"
94.222.207.234 - - [13/Aug/2012:21:33:04 +0200] "GET /images/footerbg.jpg HTTP/1.1" 200 2184 "http://www.mink-gmbh.de/style.css" "Mozilla/5.0 (Windows NT 6.1; WOW64; rv:14.0) Gecko/20100101 Firefox/14.0.1"
94.222.207.234 - - [13/Aug/2012:21:33:05 +0200] "GET /js_contentserver24_greybox/g_close.gif HTTP/1.1" 200 541 "http://www.mink-gmbh.de/index.php" "Mozilla/5.0 (Windows NT 6.1; WOW64; rv:14.0) Gecko/20100101 Firefox/14.0.1"
94.222.207.234 - - [13/Aug/2012:21:33:26 +0200] "GET /preisanfrage.php HTTP/1.1" 200 10623 "http://www.mink-gmbh.de/index.php" "Mozilla/5.0 (Windows NT 6.1; WOW64; rv:14.0) Gecko/20100101 Firefox/14.0.1"
94.222.207.234 - - [13/Aug/2012:21:33:30 +0200] "GET /standard.php HTTP/1.1" 200 9131 "http://www.mink-gmbh.de/preisanfrage.php" "Mozilla/5.0 (Windows NT 6.1; WOW64; rv:14.0) Gecko/20100101 Firefox/14.0.1"
94.222.207.234 - - [13/Aug/2012:21:33:32 +0200] "GET /index.php HTTP/1.1" 200 14607 "http://www.mink-gmbh.de/standard.php" "Mozilla/5.0 (Windows NT 6.1; WOW64; rv:14.0) Gecko/20100101 Firefox/14.0.1"
94.222.207.234 - - [13/Aug/2012:21:34:20 +0200] "GET /preisanfrage.php HTTP/1.1" 200 10623 "http://www.mink-gmbh.de/index.php" "Mozilla/5.0 (Windows NT 6.1; WOW64; rv:14.0) Gecko/20100101 Firefox/14.0.1"
46.4.92.141 - - [13/Aug/2012:21:36:20 +0200] "GET /news.php?cs_go=archiv&cs_startpos=881 HTTP/1.1" 200 22765 "-" "Pixray-Seeker/1.1 (Pixray-Seeker; http://www.pixray.com/pixraybot; crawler@pixray.com)"
46.4.125.109 - - [13/Aug/2012:21:47:40 +0200] "GET /robots.txt HTTP/1.1" 200 177 "-" "Pixray-Seeker/1.1 (Pixray-Seeker; http://www.pixray.com/pixraybot; crawler@pixray.com)"
46.4.125.109 - - [13/Aug/2012:21:47:40 +0200] "GET /news.php?cs_go=archiv&cs_id=2264&cs_search= HTTP/1.1" 200 13919 "-" "Pixray-Seeker/1.1 (Pixray-Seeker; http://www.pixray.com/pixraybot; crawler@pixray.com)"
46.4.125.109 - - [13/Aug/2012:21:51:08 +0200] "GET /news.php?cs_go=archiv&cs_id=2374&cs_search= HTTP/1.1" 200 14387 "-" "Pixray-Seeker/1.1 (Pixray-Seeker; http://www.pixray.com/pixraybot; crawler@pixray.com)"
46.4.125.109 - - [13/Aug/2012:21:52:22 +0200] "GET /news.php?cs_go=archiv&cs_id=2608&cs_search= HTTP/1.1" 200 10007 "-" "Pixray-Seeker/1.1 (Pixray-Seeker; http://www.pixray.com/pixraybot; crawler@pixray.com)"
46.4.125.109 - - [13/Aug/2012:21:53:27 +0200] "GET /news.php?cs_go=archiv&cs_id=2130&cs_search= HTTP/1.1" 200 10042 "-" "Pixray-Seeker/1.1 (Pixray-Seeker; http://www.pixray.com/pixraybot; crawler@pixray.com)"
46.4.125.109 - - [13/Aug/2012:21:53:55 +0200] "GET /news.php?cs_go=archiv&cs_id=2038&cs_search= HTTP/1.1" 200 9961 "-" "Pixray-Seeker/1.1 (Pixray-Seeker; http://www.pixray.com/pixraybot; crawler@pixray.com)"
46.4.125.109 - - [13/Aug/2012:21:53:57 +0200] "GET /news.php?cs_go=archiv&cs_id=2107&cs_search= HTTP/1.1" 200 11770 "-" "Pixray-Seeker/1.1 (Pixray-Seeker; http://www.pixray.com/pixraybot; crawler@pixray.com)"
46.4.118.74 - - [13/Aug/2012:22:21:25 +0200] "GET /robots.txt HTTP/1.1" 200 177 "-" "Pixray-Seeker/1.1 (Pixray-Seeker; http://www.pixray.com/pixraybot; crawler@pixray.com)"
46.4.118.74 - - [13/Aug/2012:22:21:25 +0200] "GET /news.php?cs_go=archiv&cs_id=2136&cs_search= HTTP/1.1" 200 10151 "-" "Pixray-Seeker/1.1 (Pixray-Seeker; http://www.pixray.com/pixraybot; crawler@pixray.com)"
46.4.118.74 - - [13/Aug/2012:22:25:32 +0200] "GET /news.php?cs_go=archiv&cs_id=2028&cs_search= HTTP/1.1" 200 10100 "-" "Pixray-Seeker/1.1 (Pixray-Seeker; http://www.pixray.com/pixraybot; crawler@pixray.com)"
88.198.64.132 - - [13/Aug/2012:22:33:13 +0200] "GET /robots.txt HTTP/1.1" 200 177 "-" "Pixray-Seeker/1.1 (Pixray-Seeker; http://www.pixray.com/pixraybot; crawler@pixray.com)"
88.198.64.132 - - [13/Aug/2012:22:33:13 +0200] "GET /news.php?cs_go=archiv&cs_id=2155&cs_search= HTTP/1.1" 200 10380 "-" "Pixray-Seeker/1.1 (Pixray-Seeker; http://www.pixray.com/pixraybot; crawler@pixray.com)"
88.198.64.132 - - [13/Aug/2012:22:35:32 +0200] "GET /lexikon.php?cs_go=3&cs_id=120 HTTP/1.1" 200 8430 "-" "Pixray-Seeker/1.1 (Pixray-Seeker; http://www.pixray.com/pixraybot; crawler@pixray.com)"
88.198.64.132 - - [13/Aug/2012:22:37:42 +0200] "GET /news.php?cs_go=archiv&cs_id=2559&cs_search= HTTP/1.1" 200 9469 "-" "Pixray-Seeker/1.1 (Pixray-Seeker; http://www.pixray.com/pixraybot; crawler@pixray.com)"
88.198.64.132 - - [13/Aug/2012:22:37:52 +0200] "GET /news.php?cs_go=archiv&cs_id=2638&cs_search= HTTP/1.1" 200 10564 "-" "Pixray-Seeker/1.1 (Pixray-Seeker; http://www.pixray.com/pixraybot; crawler@pixray.com)"
88.198.64.132 - - [13/Aug/2012:22:39:43 +0200] "GET /news.php?cs_go=archiv&cs_id=2315&cs_search= HTTP/1.1" 200 9869 "-" "Pixray-Seeker/1.1 (Pixray-Seeker; http://www.pixray.com/pixraybot; crawler@pixray.com)"
176.9.7.28 - - [13/Aug/2012:22:47:38 +0200] "GET /robots.txt HTTP/1.1" 200 177 "-" "Pixray-Seeker/1.1 (Pixray-Seeker; http://www.pixray.com/pixraybot; crawler@pixray.com)"
176.9.7.28 - - [13/Aug/2012:22:47:38 +0200] "GET /news.php?cs_go=archiv&cs_id=3163&cs_search= HTTP/1.1" 200 13617 "-" "Pixray-Seeker/1.1 (Pixray-Seeker; http://www.pixray.com/pixraybot; crawler@pixray.com)"
176.9.7.28 - - [13/Aug/2012:22:55:11 +0200] "GET /news.php?cs_go=archiv&cs_id=2215&cs_search= HTTP/1.1" 200 13870 "-" "Pixray-Seeker/1.1 (Pixray-Seeker; http://www.pixray.com/pixraybot; crawler@pixray.com)"
176.9.7.28 - - [13/Aug/2012:22:57:00 +0200] "GET /lexikon.php?cs_go=3&cs_id=168 HTTP/1.1" 200 9084 "-" "Pixray-Seeker/1.1 (Pixray-Seeker; http://www.pixray.com/pixraybot; crawler@pixray.com)"
178.154.179.250 - - [13/Aug/2012:22:57:36 +0200] "GET /robots.txt HTTP/1.1" 200 177 "-" "Mozilla/5.0 (compatible; YandexBot/3.0; +http://yandex.com/bots)"
46.4.19.85 - - [13/Aug/2012:23:05:39 +0200] "GET /robots.txt HTTP/1.1" 200 177 "-" "Pixray-Seeker/1.1 (Pixray-Seeker; http://www.pixray.com/pixraybot; crawler@pixray.com)"
46.4.19.85 - - [13/Aug/2012:23:05:39 +0200] "GET /news.php?cs_go=archiv&cs_id=2517&cs_search= HTTP/1.1" 200 15224 "-" "Pixray-Seeker/1.1 (Pixray-Seeker; http://www.pixray.com/pixraybot; crawler@pixray.com)"
176.9.0.13 - - [13/Aug/2012:23:24:18 +0200] "GET /robots.txt HTTP/1.1" 200 177 "-" "Pixray-Seeker/1.1 (Pixray-Seeker; http://www.pixray.com/pixraybot; crawler@pixray.com)"
176.9.0.13 - - [13/Aug/2012:23:24:18 +0200] "GET /news.php?cs_go=archiv&cs_id=2313&cs_search= HTTP/1.1" 200 14303 "-" "Pixray-Seeker/1.1 (Pixray-Seeker; http://www.pixray.com/pixraybot; crawler@pixray.com)"
208.115.111.75 - - [13/Aug/2012:23:39:12 +0200] "GET /robots.txt HTTP/1.1" 200 177 "-" "Mozilla/5.0 (compatible; Ezooms/1.0; ezooms.bot@gmail.com)"
88.198.67.134 - - [13/Aug/2012:23:40:57 +0200] "GET /robots.txt HTTP/1.1" 200 177 "-" "Pixray-Seeker/1.1 (Pixray-Seeker; http://www.pixray.com/pixraybot; crawler@pixray.com)"
88.198.67.134 - - [13/Aug/2012:23:40:57 +0200] "GET /news.php?cs_go=archiv&cs_id=2522&cs_search= HTTP/1.1" 200 14112 "-" "Pixray-Seeker/1.1 (Pixray-Seeker; http://www.pixray.com/pixraybot; crawler@pixray.com)"
88.198.67.134 - - [13/Aug/2012:23:41:17 +0200] "GET /lexikon.php?cs_go=2&cs_char=i HTTP/1.1" 200 8315 "-" "Pixray-Seeker/1.1 (Pixray-Seeker; http://www.pixray.com/pixraybot; crawler@pixray.com)"
88.198.67.134 - - [13/Aug/2012:23:41:35 +0200] "GET /news.php?cs_go=archiv&cs_startpos=1530 HTTP/1.1" 200 22537 "-" "Pixray-Seeker/1.1 (Pixray-Seeker; http://www.pixray.com/pixraybot; crawler@pixray.com)"
88.198.67.134 - - [13/Aug/2012:23:42:05 +0200] "GET /news.php?cs_go=archiv&cs_id=2661&cs_search= HTTP/1.1" 200 10845 "-" "Pixray-Seeker/1.1 (Pixray-Seeker; http://www.pixray.com/pixraybot; crawler@pixray.com)"
88.198.67.134 - - [13/Aug/2012:23:43:22 +0200] "GET /news.php?cs_go=archiv&cs_id=2757&cs_search= HTTP/1.1" 200 14075 "-" "Pixray-Seeker/1.1 (Pixray-Seeker; http://www.pixray.com/pixraybot; crawler@pixray.com)"
88.198.67.197 - - [13/Aug/2012:23:53:40 +0200] "GET /robots.txt HTTP/1.1" 200 177 "-" "Pixray-Seeker/1.1 (Pixray-Seeker; http://www.pixray.com/pixraybot; crawler@pixray.com)"
88.198.67.197 - - [13/Aug/2012:23:53:40 +0200] "GET /news.php?cs_go=archiv&cs_id=2824&cs_search= HTTP/1.1" 200 9992 "-" "Pixray-Seeker/1.1 (Pixray-Seeker; http://www.pixray.com/pixraybot; crawler@pixray.com)"
88.198.67.197 - - [13/Aug/2012:23:57:54 +0200] "GET /news.php?cs_go=archiv&cs_id=2409&cs_search= HTTP/1.1" 200 14521 "-" "Pixray-Seeker/1.1 (Pixray-Seeker; http://www.pixray.com/pixraybot; crawler@pixray.com)"
208.115.113.91 - - [14/Aug/2012:00:05:11 +0200] "GET /robots.txt HTTP/1.1" 200 177 "-" "Mozilla/5.0 (compatible; Ezooms/1.0; ezooms.bot@gmail.com)"
176.9.7.28 - - [14/Aug/2012:00:27:10 +0200] "GET /robots.txt HTTP/1.1" 200 177 "-" "Pixray-Seeker/1.1 (Pixray-Seeker; http://www.pixray.com/pixraybot; crawler@pixray.com)"
176.9.7.28 - - [14/Aug/2012:00:27:10 +0200] "GET /news.php?cs_go=archiv&cs_id=2422&cs_search= HTTP/1.1" 200 9727 "-" "Pixray-Seeker/1.1 (Pixray-Seeker; http://www.pixray.com/pixraybot; crawler@pixray.com)"
176.9.0.13 - - [14/Aug/2012:00:55:14 +0200] "GET /robots.txt HTTP/1.1" 200 177 "-" "Pixray-Seeker/1.1 (Pixray-Seeker; http://www.pixray.com/pixraybot; crawler@pixray.com)"
176.9.0.13 - - [14/Aug/2012:00:55:14 +0200] "GET /lexikon.php?cs_go=3&cs_id=128 HTTP/1.1" 200 8493 "-" "Pixray-Seeker/1.1 (Pixray-Seeker; http://www.pixray.com/pixraybot; crawler@pixray.com)"
176.9.19.103 - - [14/Aug/2012:01:07:39 +0200] "GET /robots.txt HTTP/1.1" 200 177 "-" "Pixray-Seeker/1.1 (Pixray-Seeker; http://www.pixray.com/pixraybot; crawler@pixray.com)"
176.9.19.103 - - [14/Aug/2012:01:07:39 +0200] "GET /news.php?cs_go=archiv&cs_id=2086&cs_search= HTTP/1.1" 200 10401 "-" "Pixray-Seeker/1.1 (Pixray-Seeker; http://www.pixray.com/pixraybot; crawler@pixray.com)"
65.36.241.79 - - [14/Aug/2012:01:08:08 +0200] "HEAD / HTTP/1.1" 200 - "-" "InternetSeer.com"
176.9.19.103 - - [14/Aug/2012:01:08:36 +0200] "GET /news.php?cs_go=archiv&cs_id=2521&cs_search= HTTP/1.1" 200 16062 "-" "Pixray-Seeker/1.1 (Pixray-Seeker; http://www.pixray.com/pixraybot; crawler@pixray.com)"
176.9.19.103 - - [14/Aug/2012:01:13:53 +0200] "GET /lexikon.php?cs_go=2&cs_char=s HTTP/1.1" 200 9981 "-" "Pixray-Seeker/1.1 (Pixray-Seeker; http://www.pixray.com/pixraybot; crawler@pixray.com)"
176.9.0.13 - - [14/Aug/2012:01:40:28 +0200] "GET /robots.txt HTTP/1.1" 200 177 "-" "Pixray-Seeker/1.1 (Pixray-Seeker; http://www.pixray.com/pixraybot; crawler@pixray.com)"
176.9.0.13 - - [14/Aug/2012:01:40:28 +0200] "GET /news.php?cs_go=archiv&cs_id=1797&cs_search= HTTP/1.1" 200 12499 "-" "Pixray-Seeker/1.1 (Pixray-Seeker; http://www.pixray.com/pixraybot; crawler@pixray.com)"
46.4.92.141 - - [14/Aug/2012:01:55:17 +0200] "GET /robots.txt HTTP/1.1" 200 177 "-" "Pixray-Seeker/1.1 (Pixray-Seeker; http://www.pixray.com/pixraybot; crawler@pixray.com)"
46.4.92.141 - - [14/Aug/2012:01:55:17 +0200] "GET /news.php?cs_go=archiv&cs_id=2745&cs_search= HTTP/1.1" 200 12414 "-" "Pixray-Seeker/1.1 (Pixray-Seeker; http://www.pixray.com/pixraybot; crawler@pixray.com)"
46.4.92.141 - - [14/Aug/2012:01:56:07 +0200] "GET /news.php?cs_go=archiv&cs_id=3342&cs_search= HTTP/1.1" 200 9814 "-" "Pixray-Seeker/1.1 (Pixray-Seeker; http://www.pixray.com/pixraybot; crawler@pixray.com)"
176.9.7.28 - - [14/Aug/2012:02:05:29 +0200] "GET /robots.txt HTTP/1.1" 200 177 "-" "Pixray-Seeker/1.1 (Pixray-Seeker; http://www.pixray.com/pixraybot; crawler@pixray.com)"
176.9.7.28 - - [14/Aug/2012:02:05:29 +0200] "GET /news.php?cs_go=archiv&cs_id=2134&cs_search= HTTP/1.1" 200 13957 "-" "Pixray-Seeker/1.1 (Pixray-Seeker; http://www.pixray.com/pixraybot; crawler@pixray.com)"
176.9.7.28 - - [14/Aug/2012:02:07:51 +0200] "GET /lexikon.php?cs_go=3&cs_id=81 HTTP/1.1" 200 8342 "-" "Pixray-Seeker/1.1 (Pixray-Seeker; http://www.pixray.com/pixraybot; crawler@pixray.com)"
66.249.72.131 - - [14/Aug/2012:02:10:03 +0200] "GET /robots.txt HTTP/1.1" 200 177 "-" "Mozilla/5.0 (compatible; Googlebot/2.1; +http://www.google.com/bot.html)"
66.249.72.131 - - [14/Aug/2012:02:10:03 +0200] "GET /news.php?cs_go=archiv&cs_id=3278&cs_search= HTTP/1.1" 200 9959 "-" "Mozilla/5.0 (compatible; Googlebot/2.1; +http://www.google.com/bot.html)"
66.249.72.131 - - [14/Aug/2012:02:21:31 +0200] "GET /news.php?cs_go=archiv HTTP/1.1" 200 22482 "-" "Mozilla/5.0 (compatible; Googlebot/2.1; +http://www.google.com/bot.html)"
88.198.67.197 - - [14/Aug/2012:02:24:40 +0200] "GET /robots.txt HTTP/1.1" 200 177 "-" "Pixray-Seeker/1.1 (Pixray-Seeker; http://www.pixray.com/pixraybot; crawler@pixray.com)"
88.198.67.197 - - [14/Aug/2012:02:24:40 +0200] "GET /news.php?cs_go=archiv&cs_id=2255&cs_search= HTTP/1.1" 200 11529 "-" "Pixray-Seeker/1.1 (Pixray-Seeker; http://www.pixray.com/pixraybot; crawler@pixray.com)"
88.198.67.197 - - [14/Aug/2012:02:27:32 +0200] "GET /news.php?cs_go=archiv&cs_id=2031&cs_search= HTTP/1.1" 200 15182 "-" "Pixray-Seeker/1.1 (Pixray-Seeker; http://www.pixray.com/pixraybot; crawler@pixray.com)"
88.198.67.197 - - [14/Aug/2012:02:28:45 +0200] "GET /lexikon.php HTTP/1.1" 200 10409 "-" "Pixray-Seeker/1.1 (Pixray-Seeker; http://www.pixray.com/pixraybot; crawler@pixray.com)"
46.4.92.141 - - [14/Aug/2012:02:34:46 +0200] "GET /robots.txt HTTP/1.1" 200 177 "-" "Pixray-Seeker/1.1 (Pixray-Seeker; http://www.pixray.com/pixraybot; crawler@pixray.com)"
46.4.92.141 - - [14/Aug/2012:02:34:47 +0200] "GET /news.php?cs_go=archiv&cs_id=2253&cs_search= HTTP/1.1" 200 13875 "-" "Pixray-Seeker/1.1 (Pixray-Seeker; http://www.pixray.com/pixraybot; crawler@pixray.com)"
46.4.92.141 - - [14/Aug/2012:02:40:49 +0200] "GET /news.php?cs_go=archiv&cs_id=2057&cs_search= HTTP/1.1" 200 15175 "-" "Pixray-Seeker/1.1 (Pixray-Seeker; http://www.pixray.com/pixraybot; crawler@pixray.com)"
88.198.65.99 - - [14/Aug/2012:02:55:33 +0200] "GET /robots.txt HTTP/1.1" 200 177 "-" "Pixray-Seeker/1.1 (Pixray-Seeker; http://www.pixray.com/pixraybot; crawler@pixray.com)"
88.198.65.99 - - [14/Aug/2012:02:55:33 +0200] "GET /lexikon.php?cs_go=3&cs_id=149 HTTP/1.1" 200 9729 "-" "Pixray-Seeker/1.1 (Pixray-Seeker; http://www.pixray.com/pixraybot; crawler@pixray.com)"
66.249.72.131 - - [14/Aug/2012:03:07:25 +0200] "GET /news.php?cs_go=archiv&cs_id=3351&cs_search= HTTP/1.1" 200 13348 "-" "Mozilla/5.0 (compatible; Googlebot/2.1; +http://www.google.com/bot.html)"
46.4.119.231 - - [14/Aug/2012:03:34:11 +0200] "GET /robots.txt HTTP/1.1" 200 177 "-" "Pixray-Seeker/1.1 (Pixray-Seeker; http://www.pixray.com/pixraybot; crawler@pixray.com)"
46.4.119.231 - - [14/Aug/2012:03:34:11 +0200] "GET /news.php?cs_go=archiv&cs_id=3143&cs_search= HTTP/1.1" 200 10963 "-" "Pixray-Seeker/1.1 (Pixray-Seeker; http://www.pixray.com/pixraybot; crawler@pixray.com)"
208.115.111.75 - - [14/Aug/2012:03:35:01 +0200] "GET /robots.txt HTTP/1.1" 200 177 "-" "Mozilla/5.0 (compatible; Ezooms/1.0; ezooms.bot@gmail.com)"
178.154.179.250 - - [14/Aug/2012:03:45:26 +0200] "GET /index.php HTTP/1.1" 200 15342 "-" "Mozilla/5.0 (compatible; YandexBot/3.0; +http://yandex.com/bots)"
176.9.0.13 - - [14/Aug/2012:03:50:29 +0200] "GET /robots.txt HTTP/1.1" 200 177 "-" "Pixray-Seeker/1.1 (Pixray-Seeker; http://www.pixray.com/pixraybot; crawler@pixray.com)"
176.9.0.13 - - [14/Aug/2012:03:50:29 +0200] "GET /news.php?cs_go=archiv&cs_id=2352&cs_search= HTTP/1.1" 200 9782 "-" "Pixray-Seeker/1.1 (Pixray-Seeker; http://www.pixray.com/pixraybot; crawler@pixray.com)"
208.115.113.91 - - [14/Aug/2012:03:50:37 +0200] "GET /lexikon.php?cs_go=3&cs_id=159 HTTP/1.1" 200 9829 "-" "Mozilla/5.0 (compatible; Ezooms/1.0; ezooms.bot@gmail.com)"
208.115.113.91 - - [14/Aug/2012:03:50:40 +0200] "GET /lexikon.php?cs_go=3&cs_id=22 HTTP/1.1" 200 8717 "-" "Mozilla/5.0 (compatible; Ezooms/1.0; ezooms.bot@gmail.com)"
208.115.113.91 - - [14/Aug/2012:03:50:48 +0200] "GET /modernisierung.php?cs_gp_go=description HTTP/1.1" 200 10771 "-" "Mozilla/5.0 (compatible; Ezooms/1.0; ezooms.bot@gmail.com)"
173.242.125.196 - - [14/Aug/2012:04:18:57 +0200] "GET /robots.txt HTTP/1.0" 200 177 "-" "Mozilla/5.0 (compatible; MJ12bot/v1.4.3; http://www.majestic12.co.uk/bot.php?+)"
173.242.125.196 - - [14/Aug/2012:04:18:58 +0200] "GET /jobs.php HTTP/1.0" 200 11204 "-" "Mozilla/5.0 (compatible; MJ12bot/v1.4.3; http://www.majestic12.co.uk/bot.php?+)"
173.242.125.196 - - [14/Aug/2012:04:19:01 +0200] "GET /news.php?cs_go=archiv&cs_id=3332 HTTP/1.0" 200 11248 "-" "Mozilla/5.0 (compatible; MJ12bot/v1.4.3; http://www.majestic12.co.uk/bot.php?+)"
173.242.125.196 - - [14/Aug/2012:04:19:06 +0200] "GET /news.php?cs_go=archiv&cs_id=3333 HTTP/1.0" 200 13631 "-" "Mozilla/5.0 (compatible; MJ12bot/v1.4.3; http://www.majestic12.co.uk/bot.php?+)"
173.242.125.196 - - [14/Aug/2012:04:19:07 +0200] "GET /news.php?cs_go=archiv&cs_id=3334 HTTP/1.0" 200 10009 "-" "Mozilla/5.0 (compatible; MJ12bot/v1.4.3; http://www.majestic12.co.uk/bot.php?+)"
173.242.125.196 - - [14/Aug/2012:04:19:09 +0200] "GET /news.php?cs_go=archiv&cs_id=3335 HTTP/1.0" 200 11771 "-" "Mozilla/5.0 (compatible; MJ12bot/v1.4.3; http://www.majestic12.co.uk/bot.php?+)"
173.242.125.196 - - [14/Aug/2012:04:19:11 +0200] "GET /news.php?cs_go=archiv&cs_id=3341 HTTP/1.0" 200 13355 "-" "Mozilla/5.0 (compatible; MJ12bot/v1.4.3; http://www.majestic12.co.uk/bot.php?+)"
173.242.125.196 - - [14/Aug/2012:04:19:13 +0200] "GET /news.php?cs_go=archiv&cs_id=3342 HTTP/1.0" 200 9901 "-" "Mozilla/5.0 (compatible; MJ12bot/v1.4.3; http://www.majestic12.co.uk/bot.php?+)"
173.242.125.196 - - [14/Aug/2012:04:19:15 +0200] "GET /news.php?cs_go=archiv&cs_id=3343 HTTP/1.0" 200 16246 "-" "Mozilla/5.0 (compatible; MJ12bot/v1.4.3; http://www.majestic12.co.uk/bot.php?+)"
173.242.125.196 - - [14/Aug/2012:04:19:22 +0200] "GET /news.php?cs_go=archiv&cs_id=3346 HTTP/1.0" 200 13407 "-" "Mozilla/5.0 (compatible; MJ12bot/v1.4.3; http://www.majestic12.co.uk/bot.php?+)"
157.55.18.25 - - [14/Aug/2012:04:31:43 +0200] "GET /robots.txt HTTP/1.1" 200 177 "-" "Mozilla/5.0 (compatible; bingbot/2.0; +http://www.bing.com/bingbot.htm)"
157.55.18.25 - - [14/Aug/2012:04:32:45 +0200] "GET /optiplus.php HTTP/1.1" 200 11100 "-" "Mozilla/5.0 (compatible; bingbot/2.0; +http://www.bing.com/bingbot.htm)"
157.55.18.25 - - [14/Aug/2012:04:35:15 +0200] "GET /optiplus.php HTTP/1.1" 200 11100 "-" "Mozilla/5.0 (compatible; bingbot/2.0; +http://www.bing.com/bingbot.htm)"
88.198.67.134 - - [14/Aug/2012:04:50:11 +0200] "GET /robots.txt HTTP/1.1" 200 177 "-" "Pixray-Seeker/1.1 (Pixray-Seeker; http://www.pixray.com/pixraybot; crawler@pixray.com)"
88.198.67.134 - - [14/Aug/2012:04:50:11 +0200] "GET /lexikon.php?cs_go=3&cs_id=150 HTTP/1.1" 200 8218 "-" "Pixray-Seeker/1.1 (Pixray-Seeker; http://www.pixray.com/pixraybot; crawler@pixray.com)"
88.198.67.134 - - [14/Aug/2012:04:55:18 +0200] "GET /news.php?cs_go=archiv&cs_id=2518&cs_search= HTTP/1.1" 200 13429 "-" "Pixray-Seeker/1.1 (Pixray-Seeker; http://www.pixray.com/pixraybot; crawler@pixray.com)"
88.198.67.134 - - [14/Aug/2012:04:55:54 +0200] "GET /news.php?cs_go=archiv&cs_id=3346 HTTP/1.1" 200 13320 "-" "Pixray-Seeker/1.1 (Pixray-Seeker; http://www.pixray.com/pixraybot; crawler@pixray.com)"
88.198.67.134 - - [14/Aug/2012:04:59:26 +0200] "GET /news.php?cs_go=archiv&cs_id=2644 HTTP/1.1" 200 9916 "-" "Pixray-Seeker/1.1 (Pixray-Seeker; http://www.pixray.com/pixraybot; crawler@pixray.com)"
66.249.72.131 - - [14/Aug/2012:05:04:34 +0200] "GET /news.php?cs_go=archiv&cs_id=1930&cs_search= HTTP/1.1" 200 9582 "-" "Mozilla/5.0 (compatible; Googlebot/2.1; +http://www.google.com/bot.html)"
46.4.119.231 - - [14/Aug/2012:05:06:17 +0200] "GET /robots.txt HTTP/1.1" 200 177 "-" "Pixray-Seeker/1.1 (Pixray-Seeker; http://www.pixray.com/pixraybot; crawler@pixray.com)"
46.4.119.231 - - [14/Aug/2012:05:06:17 +0200] "GET /lexikon.php?cs_go=3&cs_id=151 HTTP/1.1" 200 8683 "-" "Pixray-Seeker/1.1 (Pixray-Seeker; http://www.pixray.com/pixraybot; crawler@pixray.com)"
46.4.119.231 - - [14/Aug/2012:05:13:41 +0200] "GET /news.php?cs_go=archiv&cs_id=2710&cs_search= HTTP/1.1" 200 10023 "-" "Pixray-Seeker/1.1 (Pixray-Seeker; http://www.pixray.com/pixraybot; crawler@pixray.com)"
46.4.116.100 - - [14/Aug/2012:05:24:18 +0200] "GET /robots.txt HTTP/1.1" 200 177 "-" "Pixray-Seeker/1.1 (Pixray-Seeker; http://www.pixray.com/pixraybot; crawler@pixray.com)"
46.4.116.100 - - [14/Aug/2012:05:24:18 +0200] "GET /lexikon.php?cs_go=3&cs_id=152 HTTP/1.1" 200 8618 "-" "Pixray-Seeker/1.1 (Pixray-Seeker; http://www.pixray.com/pixraybot; crawler@pixray.com)"
46.4.116.100 - - [14/Aug/2012:05:28:04 +0200] "GET /news.php?cs_go=archiv&cs_id=1671&cs_search= HTTP/1.1" 200 13928 "-" "Pixray-Seeker/1.1 (Pixray-Seeker; http://www.pixray.com/pixraybot; crawler@pixray.com)"
208.115.113.91 - - [14/Aug/2012:05:33:55 +0200] "GET /robots.txt HTTP/1.1" 200 177 "-" "Mozilla/5.0 (compatible; Ezooms/1.0; ezooms.bot@gmail.com)"
188.40.85.200 - - [14/Aug/2012:05:41:17 +0200] "GET /robots.txt HTTP/1.1" 200 177 "-" "Pixray-Seeker/1.1 (Pixray-Seeker; http://www.pixray.com/pixraybot; crawler@pixray.com)"
188.40.85.200 - - [14/Aug/2012:05:41:17 +0200] "GET /news.php?cs_go=archiv&cs_startpos=811 HTTP/1.1" 200 23245 "-" "Pixray-Seeker/1.1 (Pixray-Seeker; http://www.pixray.com/pixraybot; crawler@pixray.com)"
88.198.67.134 - - [14/Aug/2012:05:50:33 +0200] "GET /robots.txt HTTP/1.1" 200 177 "-" "Pixray-Seeker/1.1 (Pixray-Seeker; http://www.pixray.com/pixraybot; crawler@pixray.com)"
88.198.67.134 - - [14/Aug/2012:05:50:33 +0200] "GET /news.php?cs_go=archiv&cs_id=2309&cs_search= HTTP/1.1" 200 13907 "-" "Pixray-Seeker/1.1 (Pixray-Seeker; http://www.pixray.com/pixraybot; crawler@pixray.com)"
88.198.67.134 - - [14/Aug/2012:05:58:13 +0200] "GET /news.php?cs_go=archiv&cs_startpos=1040 HTTP/1.1" 200 23004 "-" "Pixray-Seeker/1.1 (Pixray-Seeker; http://www.pixray.com/pixraybot; crawler@pixray.com)"
176.9.0.13 - - [14/Aug/2012:06:12:38 +0200] "GET /robots.txt HTTP/1.1" 200 177 "-" "Pixray-Seeker/1.1 (Pixray-Seeker; http://www.pixray.com/pixraybot; crawler@pixray.com)"
176.9.0.13 - - [14/Aug/2012:06:12:38 +0200] "GET /news.php?cs_go=archiv&cs_id=2080&cs_search= HTTP/1.1" 200 10361 "-" "Pixray-Seeker/1.1 (Pixray-Seeker; http://www.pixray.com/pixraybot; crawler@pixray.com)"
123.125.71.31 - - [14/Aug/2012:06:25:11 +0200] "GET / HTTP/1.1" 200 8736 "-" "Mozilla/5.0 (compatible; Baiduspider/2.0; +http://www.baidu.com/search/spider.html)"
220.181.108.120 - - [14/Aug/2012:06:25:33 +0200] "GET / HTTP/1.1" 200 8736 "-" "Mozilla/5.0 (compatible; Baiduspider/2.0; +http://www.baidu.com/search/spider.html)"
139.18.2.209 - - [14/Aug/2012:06:27:18 +0200] "GET /foerdermittel.php HTTP/1.1" 200 12922 "-" "findlinks/2.6 (+http://wortschatz.uni-leipzig.de/findlinks/)"
139.18.2.209 - - [14/Aug/2012:06:27:18 +0200] "GET /foerdermittel.php HTTP/1.1" 200 12835 "-" "findlinks/2.6 (+http://wortschatz.uni-leipzig.de/findlinks/)"
208.115.111.75 - - [14/Aug/2012:06:50:07 +0200] "GET /robots.txt HTTP/1.1" 200 177 "-" "Mozilla/5.0 (compatible; Ezooms/1.0; ezooms.bot@gmail.com)"
65.36.241.79 - - [14/Aug/2012:07:38:20 +0200] "HEAD / HTTP/1.1" 200 - "-" "InternetSeer.com"
208.115.113.91 - - [14/Aug/2012:07:55:19 +0200] "GET /kwk.php HTTP/1.1" 200 10884 "-" "Mozilla/5.0 (compatible; Ezooms/1.0; ezooms.bot@gmail.com)"
208.115.113.91 - - [14/Aug/2012:07:55:22 +0200] "GET /lexikon.php?cs_go=3&cs_id=157 HTTP/1.1" 200 8386 "-" "Mozilla/5.0 (compatible; Ezooms/1.0; ezooms.bot@gmail.com)"
208.115.113.91 - - [14/Aug/2012:07:55:24 +0200] "GET /lexikon.php?cs_go=3&cs_id=24 HTTP/1.1" 200 8036 "-" "Mozilla/5.0 (compatible; Ezooms/1.0; ezooms.bot@gmail.com)"
208.115.113.91 - - [14/Aug/2012:07:55:26 +0200] "GET /news.php?cs_go=archiv&cs_id=2944&cs_search= HTTP/1.1" 200 11612 "-" "Mozilla/5.0 (compatible; Ezooms/1.0; ezooms.bot@gmail.com)"
208.115.113.91 - - [14/Aug/2012:07:55:28 +0200] "GET /news.php?cs_go=archiv&cs_id=2961&cs_search= HTTP/1.1" 200 11720 "-" "Mozilla/5.0 (compatible; Ezooms/1.0; ezooms.bot@gmail.com)"
208.115.113.91 - - [14/Aug/2012:07:55:30 +0200] "GET /news.php?cs_go=archiv&cs_startpos=1360 HTTP/1.1" 200 23202 "-" "Mozilla/5.0 (compatible; Ezooms/1.0; ezooms.bot@gmail.com)"
208.115.113.91 - - [14/Aug/2012:07:55:33 +0200] "GET /news.php?cs_go=archiv&cs_startpos=1501 HTTP/1.1" 200 22783 "-" "Mozilla/5.0 (compatible; Ezooms/1.0; ezooms.bot@gmail.com)"
66.249.72.131 - - [14/Aug/2012:08:22:12 +0200] "GET /news.php?cs_go=archiv&cs_startpos=1050 HTTP/1.1" 200 22964 "-" "Mozilla/5.0 (compatible; Googlebot/2.1; +http://www.google.com/bot.html)"
66.249.72.131 - - [14/Aug/2012:08:29:47 +0200] "GET /news.php?cs_go=archiv&cs_startpos=1060 HTTP/1.1" 200 23112 "-" "Mozilla/5.0 (compatible; Googlebot/2.1; +http://www.google.com/bot.html)"
123.125.71.96 - - [14/Aug/2012:08:31:14 +0200] "GET /robots.txt HTTP/1.1" 200 177 "-" "Mozilla/5.0 (Windows NT 5.1; rv:6.0.2) Gecko/20100101 Firefox/6.0.2"
66.249.72.131 - - [14/Aug/2012:08:33:32 +0200] "GET /news.php?cs_go=archiv&cs_startpos=970 HTTP/1.1" 200 22886 "-" "Mozilla/5.0 (compatible; Googlebot/2.1; +http://www.google.com/bot.html)"
207.46.13.97 - - [14/Aug/2012:08:37:16 +0200] "GET /robots.txt HTTP/1.1" 200 177 "-" "Mozilla/5.0 (compatible; bingbot/2.0; +http://www.bing.com/bingbot.htm)"
66.249.72.131 - - [14/Aug/2012:08:37:19 +0200] "GET /news.php?cs_go=archiv&cs_startpos=1040 HTTP/1.1" 200 23181 "-" "Mozilla/5.0 (compatible; Googlebot/2.1; +http://www.google.com/bot.html)"
