207.46.13.98 - - [01/Aug/2012:00:30:14 +0200] "GET /robots.txt HTTP/1.1" 200 177 "-" "Mozilla/5.0 (compatible; bingbot/2.0; +http://www.bing.com/bingbot.htm)"
207.46.13.98 - - [01/Aug/2012:00:37:31 +0200] "GET /news.php HTTP/1.1" 200 22582 "-" "Mozilla/5.0 (compatible; bingbot/2.0; +http://www.bing.com/bingbot.htm)"
65.36.241.79 - - [01/Aug/2012:01:06:57 +0200] "HEAD / HTTP/1.1" 200 - "-" "InternetSeer.com"
66.249.72.169 - - [01/Aug/2012:02:00:10 +0200] "GET /news.php?cs_go=archiv&cs_id=1650&cs_search= HTTP/1.1" 200 14261 "-" "Mozilla/5.0 (compatible; Googlebot/2.1; +http://www.google.com/bot.html)"
66.249.72.169 - - [01/Aug/2012:02:22:56 +0200] "GET /news.php?cs_go=archiv&cs_id=1651&cs_search= HTTP/1.1" 200 13063 "-" "Mozilla/5.0 (compatible; Googlebot/2.1; +http://www.google.com/bot.html)"
66.249.72.169 - - [01/Aug/2012:02:23:40 +0200] "GET /agb.php HTTP/1.1" 200 19709 "-" "Mozilla/5.0 (iPhone; U; CPU iPhone OS 4_1 like Mac OS X; en-us) AppleWebKit/532.9 (KHTML, like Gecko) Version/4.0.5 Mobile/8B117 Safari/6531.22.7 (compatible; Googlebot-Mobile/2.1; +http://www.google.com/bot.html)"
66.249.72.169 - - [01/Aug/2012:02:42:20 +0200] "GET /news.php?cs_go=archiv&cs_id=1657&cs_search= HTTP/1.1" 200 13330 "-" "Mozilla/5.0 (compatible; Googlebot/2.1; +http://www.google.com/bot.html)"
66.249.72.169 - - [01/Aug/2012:02:59:54 +0200] "GET /news.php?cs_go=archiv&cs_id=1660&cs_search= HTTP/1.1" 200 14250 "-" "Mozilla/5.0 (compatible; Googlebot/2.1; +http://www.google.com/bot.html)"
66.249.72.169 - - [01/Aug/2012:03:00:28 +0200] "GET /news.php?cs_go=archiv&cs_id=2955&cs_search= HTTP/1.1" 200 9867 "-" "Mozilla/5.0 (compatible; Googlebot/2.1; +http://www.google.com/bot.html)"
66.249.72.169 - - [01/Aug/2012:03:04:37 +0200] "GET /news.php?cs_go=archiv&cs_id=1664&cs_search= HTTP/1.1" 200 14385 "-" "Mozilla/5.0 (compatible; Googlebot/2.1; +http://www.google.com/bot.html)"
66.249.72.169 - - [01/Aug/2012:03:18:16 +0200] "GET /news.php HTTP/1.1" 200 22582 "-" "Mozilla/5.0 (compatible; Googlebot/2.1; +http://www.google.com/bot.html)"
66.249.72.169 - - [01/Aug/2012:03:48:20 +0200] "GET /news.php?cs_go=archiv&cs_id=3229&cs_search= HTTP/1.1" 200 9857 "-" "Mozilla/5.0 (compatible; Googlebot/2.1; +http://www.google.com/bot.html)"
66.249.72.169 - - [01/Aug/2012:04:02:02 +0200] "GET /news.php?cs_go=archiv&cs_id=1669&cs_search= HTTP/1.1" 200 14198 "-" "Mozilla/5.0 (compatible; Googlebot/2.1; +http://www.google.com/bot.html)"
37.4.183.29 - - [01/Aug/2012:04:02:29 +0200] "GET /news.php HTTP/1.1" 200 6952 "-" "findlinks/2.0.2 (+http://wortschatz.uni-leipzig.de/findlinks/)"
37.4.183.29 - - [01/Aug/2012:04:02:30 +0200] "GET /news.php HTTP/1.1" 200 406 "-" "findlinks/2.0.2 (+http://wortschatz.uni-leipzig.de/findlinks/)"
66.249.72.169 - - [01/Aug/2012:04:07:42 +0200] "GET /news.php?cs_go=archiv&cs_id=1667&cs_search= HTTP/1.1" 200 12148 "-" "Mozilla/5.0 (compatible; Googlebot/2.1; +http://www.google.com/bot.html)"
66.249.72.169 - - [01/Aug/2012:04:08:15 +0200] "GET /news.php?cs_go=archiv&cs_id=1669&cs_search= HTTP/1.1" 200 14198 "-" "Mozilla/5.0 (compatible; Googlebot/2.1; +http://www.google.com/bot.html)"
66.249.72.169 - - [01/Aug/2012:04:09:31 +0200] "GET /news.php?cs_go=archiv&cs_startpos=411 HTTP/1.1" 200 22931 "-" "Mozilla/5.0 (compatible; Googlebot/2.1; +http://www.google.com/bot.html)"
66.249.72.169 - - [01/Aug/2012:04:10:15 +0200] "GET /news.php?cs_go=archiv&cs_id=1647&cs_search= HTTP/1.1" 200 14182 "-" "Mozilla/5.0 (compatible; Googlebot/2.1; +http://www.google.com/bot.html)"
66.249.72.169 - - [01/Aug/2012:04:13:00 +0200] "GET /news.php?cs_go=archiv&cs_id=2863 HTTP/1.1" 200 12075 "-" "Mozilla/5.0 (compatible; Googlebot/2.1; +http://www.google.com/bot.html)"
66.249.72.169 - - [01/Aug/2012:04:15:45 +0200] "GET /news.php?cs_go=archiv&cs_id=1668&cs_search= HTTP/1.1" 200 14142 "-" "Mozilla/5.0 (compatible; Googlebot/2.1; +http://www.google.com/bot.html)"
208.115.111.75 - - [01/Aug/2012:04:19:10 +0200] "GET /robots.txt HTTP/1.1" 200 177 "-" "Mozilla/5.0 (compatible; Ezooms/1.0; ezooms.bot@gmail.com)"
176.31.247.216 - - [01/Aug/2012:04:20:04 +0200] "GET /robots.txt HTTP/1.0" 200 177 "-" "Mozilla/5.0 (compatible; MJ12bot/v1.4.2; http://www.majestic12.co.uk/bot.php?+)"
176.31.247.216 - - [01/Aug/2012:04:20:06 +0200] "GET /jobs.php HTTP/1.0" 200 11204 "-" "Mozilla/5.0 (compatible; MJ12bot/v1.4.2; http://www.majestic12.co.uk/bot.php?+)"
176.31.247.216 - - [01/Aug/2012:04:20:08 +0200] "GET /news.php?cs_go=archiv&cs_id=3283 HTTP/1.0" 200 12990 "-" "Mozilla/5.0 (compatible; MJ12bot/v1.4.2; http://www.majestic12.co.uk/bot.php?+)"
176.31.247.216 - - [01/Aug/2012:04:20:10 +0200] "GET /news.php?cs_go=archiv&cs_id=3285 HTTP/1.0" 200 9859 "-" "Mozilla/5.0 (compatible; MJ12bot/v1.4.2; http://www.majestic12.co.uk/bot.php?+)"
176.31.247.216 - - [01/Aug/2012:04:20:11 +0200] "GET /news.php?cs_go=archiv&cs_id=3286 HTTP/1.0" 200 10841 "-" "Mozilla/5.0 (compatible; MJ12bot/v1.4.2; http://www.majestic12.co.uk/bot.php?+)"
176.31.247.216 - - [01/Aug/2012:04:20:13 +0200] "GET /news.php?cs_go=archiv&cs_id=3287 HTTP/1.0" 200 13381 "-" "Mozilla/5.0 (compatible; MJ12bot/v1.4.2; http://www.majestic12.co.uk/bot.php?+)"
176.31.247.216 - - [01/Aug/2012:04:20:15 +0200] "GET /news.php?cs_go=archiv&cs_id=3295 HTTP/1.0" 200 13537 "-" "Mozilla/5.0 (compatible; MJ12bot/v1.4.2; http://www.majestic12.co.uk/bot.php?+)"
176.31.247.216 - - [01/Aug/2012:04:20:17 +0200] "GET /news.php?cs_go=archiv&cs_id=3296 HTTP/1.0" 200 9906 "-" "Mozilla/5.0 (compatible; MJ12bot/v1.4.2; http://www.majestic12.co.uk/bot.php?+)"
176.31.247.216 - - [01/Aug/2012:04:20:19 +0200] "GET /news.php?cs_go=archiv&cs_id=3297 HTTP/1.0" 200 11876 "-" "Mozilla/5.0 (compatible; MJ12bot/v1.4.2; http://www.majestic12.co.uk/bot.php?+)"
176.31.247.216 - - [01/Aug/2012:04:20:21 +0200] "GET /news.php?cs_go=archiv&cs_id=3298 HTTP/1.0" 200 13606 "-" "Mozilla/5.0 (compatible; MJ12bot/v1.4.2; http://www.majestic12.co.uk/bot.php?+)"
66.249.72.169 - - [01/Aug/2012:04:21:16 +0200] "GET /news.php?cs_go=archiv&cs_id=1652&cs_search= HTTP/1.1" 200 14046 "-" "Mozilla/5.0 (compatible; Googlebot/2.1; +http://www.google.com/bot.html)"
66.249.72.169 - - [01/Aug/2012:04:26:44 +0200] "GET /news.php?cs_go=archiv&cs_id=1670&cs_search= HTTP/1.1" 200 13128 "-" "Mozilla/5.0 (compatible; Googlebot/2.1; +http://www.google.com/bot.html)"
66.249.72.169 - - [01/Aug/2012:04:40:28 +0200] "GET /news.php?cs_go=archiv&cs_id=1671&cs_search= HTTP/1.1" 200 14015 "-" "Mozilla/5.0 (compatible; Googlebot/2.1; +http://www.google.com/bot.html)"
66.249.72.169 - - [01/Aug/2012:05:54:36 +0200] "GET /robots.txt HTTP/1.1" 200 177 "-" "Mozilla/5.0 (compatible; Googlebot/2.1; +http://www.google.com/bot.html)"
66.249.72.169 - - [01/Aug/2012:05:54:36 +0200] "GET /news.php?cs_go=archiv&cs_id=3230&cs_search= HTTP/1.1" 200 13256 "-" "Mozilla/5.0 (compatible; Googlebot/2.1; +http://www.google.com/bot.html)"
66.249.72.169 - - [01/Aug/2012:07:02:03 +0200] "GET /news.php?cs_go=archiv&cs_id=2917&cs_search= HTTP/1.1" 200 10008 "-" "Mozilla/5.0 (compatible; Googlebot/2.1; +http://www.google.com/bot.html)"
89.247.51.173 - - [01/Aug/2012:07:21:24 +0200] "GET /style.css HTTP/1.1" 200 8418 "http://www.mink-gmbh.de/index.php" "Mozilla/5.0 (Windows NT 6.1; rv:14.0) Gecko/20100101 Firefox/14.0.1"
89.247.51.173 - - [01/Aug/2012:07:21:24 +0200] "GET /modul.css HTTP/1.1" 200 35038 "http://www.mink-gmbh.de/index.php" "Mozilla/5.0 (Windows NT 6.1; rv:14.0) Gecko/20100101 Firefox/14.0.1"
89.247.51.173 - - [01/Aug/2012:07:21:25 +0200] "GET /favicon.ico HTTP/1.1" 200 3638 "-" "Mozilla/5.0 (Windows NT 6.1; rv:14.0) Gecko/20100101 Firefox/14.0.1"
89.247.51.173 - - [01/Aug/2012:07:21:24 +0200] "GET /index.php HTTP/1.1" 200 14876 "-" "Mozilla/5.0 (Windows NT 6.1; rv:14.0) Gecko/20100101 Firefox/14.0.1"
89.247.51.173 - - [01/Aug/2012:07:21:25 +0200] "GET /images/freecall.jpg HTTP/1.1" 200 39195 "http://www.mink-gmbh.de/index.php" "Mozilla/5.0 (Windows NT 6.1; rv:14.0) Gecko/20100101 Firefox/14.0.1"
89.247.51.173 - - [01/Aug/2012:07:21:25 +0200] "GET /images/tkw.jpg HTTP/1.1" 200 64031 "http://www.mink-gmbh.de/index.php" "Mozilla/5.0 (Windows NT 6.1; rv:14.0) Gecko/20100101 Firefox/14.0.1"
89.247.51.173 - - [01/Aug/2012:07:21:25 +0200] "GET /images/mail.jpg HTTP/1.1" 200 11165 "http://www.mink-gmbh.de/index.php" "Mozilla/5.0 (Windows NT 6.1; rv:14.0) Gecko/20100101 Firefox/14.0.1"
89.247.51.173 - - [01/Aug/2012:07:21:25 +0200] "GET /images/kwk.gif HTTP/1.1" 200 6403 "http://www.mink-gmbh.de/index.php" "Mozilla/5.0 (Windows NT 6.1; rv:14.0) Gecko/20100101 Firefox/14.0.1"
89.247.51.173 - - [01/Aug/2012:07:21:25 +0200] "GET /images/wunschpreis.jpg HTTP/1.1" 200 16767 "http://www.mink-gmbh.de/index.php" "Mozilla/5.0 (Windows NT 6.1; rv:14.0) Gecko/20100101 Firefox/14.0.1"
89.247.51.173 - - [01/Aug/2012:07:21:25 +0200] "GET /images/logos.jpg HTTP/1.1" 200 15002 "http://www.mink-gmbh.de/index.php" "Mozilla/5.0 (Windows NT 6.1; rv:14.0) Gecko/20100101 Firefox/14.0.1"
89.247.51.173 - - [01/Aug/2012:07:21:25 +0200] "GET /images/bg.jpg HTTP/1.1" 200 345 "http://www.mink-gmbh.de/style.css" "Mozilla/5.0 (Windows NT 6.1; rv:14.0) Gecko/20100101 Firefox/14.0.1"
89.247.51.173 - - [01/Aug/2012:07:21:25 +0200] "GET /images/close.png HTTP/1.1" 200 703 "http://www.mink-gmbh.de/index.php" "Mozilla/5.0 (Windows NT 6.1; rv:14.0) Gecko/20100101 Firefox/14.0.1"
89.247.51.173 - - [01/Aug/2012:07:21:25 +0200] "GET /images/newsletter.png HTTP/1.1" 200 14619 "http://www.mink-gmbh.de/style.css" "Mozilla/5.0 (Windows NT 6.1; rv:14.0) Gecko/20100101 Firefox/14.0.1"
89.247.51.173 - - [01/Aug/2012:07:21:25 +0200] "GET /images/newsletter_bg.jpg HTTP/1.1" 200 33610 "http://www.mink-gmbh.de/index.php" "Mozilla/5.0 (Windows NT 6.1; rv:14.0) Gecko/20100101 Firefox/14.0.1"
89.247.51.173 - - [01/Aug/2012:07:21:25 +0200] "GET /images/wrapperbg.jpg HTTP/1.1" 200 27465 "http://www.mink-gmbh.de/style.css" "Mozilla/5.0 (Windows NT 6.1; rv:14.0) Gecko/20100101 Firefox/14.0.1"
89.247.51.173 - - [01/Aug/2012:07:21:25 +0200] "GET /images/navibg.png HTTP/1.1" 200 2803 "http://www.mink-gmbh.de/style.css" "Mozilla/5.0 (Windows NT 6.1; rv:14.0) Gecko/20100101 Firefox/14.0.1"
89.247.51.173 - - [01/Aug/2012:07:21:25 +0200] "GET /images/header.jpg HTTP/1.1" 200 24413 "http://www.mink-gmbh.de/style.css" "Mozilla/5.0 (Windows NT 6.1; rv:14.0) Gecko/20100101 Firefox/14.0.1"
89.247.51.173 - - [01/Aug/2012:07:21:25 +0200] "GET /images/steigend.png HTTP/1.1" 200 688 "http://www.mink-gmbh.de/modul.css" "Mozilla/5.0 (Windows NT 6.1; rv:14.0) Gecko/20100101 Firefox/14.0.1"
89.247.51.173 - - [01/Aug/2012:07:21:25 +0200] "GET /images/mobil.jpg HTTP/1.1" 200 25293 "http://www.mink-gmbh.de/style.css" "Mozilla/5.0 (Windows NT 6.1; rv:14.0) Gecko/20100101 Firefox/14.0.1"
89.247.51.173 - - [01/Aug/2012:07:21:25 +0200] "GET /images/newsletter.jpg HTTP/1.1" 200 13130 "http://www.mink-gmbh.de/style.css" "Mozilla/5.0 (Windows NT 6.1; rv:14.0) Gecko/20100101 Firefox/14.0.1"
89.247.51.173 - - [01/Aug/2012:07:21:25 +0200] "GET /images/footerbg.jpg HTTP/1.1" 200 2184 "http://www.mink-gmbh.de/style.css" "Mozilla/5.0 (Windows NT 6.1; rv:14.0) Gecko/20100101 Firefox/14.0.1"
65.36.241.79 - - [01/Aug/2012:07:25:04 +0200] "HEAD / HTTP/1.1" 200 - "-" "InternetSeer.com"
66.249.72.169 - - [01/Aug/2012:07:36:33 +0200] "GET /lexikon.php?cs_go=3&cs_id=15 HTTP/1.1" 200 8038 "-" "Mozilla/5.0 (compatible; Googlebot/2.1; +http://www.google.com/bot.html)"
178.154.179.250 - - [01/Aug/2012:07:42:04 +0200] "GET /robots.txt HTTP/1.1" 200 177 "-" "Mozilla/5.0 (compatible; YandexBot/3.0; +http://yandex.com/bots)"
37.4.183.29 - - [01/Aug/2012:07:59:43 +0200] "GET /foerdermittel.php HTTP/1.1" 200 12922 "-" "findlinks/2.0.2 (+http://wortschatz.uni-leipzig.de/findlinks/)"
37.4.183.29 - - [01/Aug/2012:07:59:46 +0200] "GET /foerdermittel.php HTTP/1.1" 200 12835 "-" "findlinks/2.0.2 (+http://wortschatz.uni-leipzig.de/findlinks/)"
208.115.111.75 - - [01/Aug/2012:08:34:32 +0200] "GET /robots.txt HTTP/1.1" 200 177 "-" "Mozilla/5.0 (compatible; Ezooms/1.0; ezooms.bot@gmail.com)"
89.247.89.227 - - [01/Aug/2012:08:47:44 +0200] "GET /style.css HTTP/1.1" 200 8418 "http://www.mink-gmbh.de/index.php" "Mozilla/5.0 (Windows NT 6.1; rv:14.0) Gecko/20100101 Firefox/14.0.1"
89.247.89.227 - - [01/Aug/2012:08:47:44 +0200] "GET /modul.css HTTP/1.1" 200 35038 "http://www.mink-gmbh.de/index.php" "Mozilla/5.0 (Windows NT 6.1; rv:14.0) Gecko/20100101 Firefox/14.0.1"
89.247.89.227 - - [01/Aug/2012:08:47:44 +0200] "GET /favicon.ico HTTP/1.1" 200 3638 "-" "Mozilla/5.0 (Windows NT 6.1; rv:14.0) Gecko/20100101 Firefox/14.0.1"
89.247.89.227 - - [01/Aug/2012:08:47:44 +0200] "GET /index.php HTTP/1.1" 200 14904 "-" "Mozilla/5.0 (Windows NT 6.1; rv:14.0) Gecko/20100101 Firefox/14.0.1"
89.247.89.227 - - [01/Aug/2012:08:47:45 +0200] "GET /images/tkw.jpg HTTP/1.1" 200 64031 "http://www.mink-gmbh.de/index.php" "Mozilla/5.0 (Windows NT 6.1; rv:14.0) Gecko/20100101 Firefox/14.0.1"
89.247.89.227 - - [01/Aug/2012:08:47:45 +0200] "GET /images/mail.jpg HTTP/1.1" 200 11165 "http://www.mink-gmbh.de/index.php" "Mozilla/5.0 (Windows NT 6.1; rv:14.0) Gecko/20100101 Firefox/14.0.1"
89.247.89.227 - - [01/Aug/2012:08:47:45 +0200] "GET /images/kwk.gif HTTP/1.1" 200 6403 "http://www.mink-gmbh.de/index.php" "Mozilla/5.0 (Windows NT 6.1; rv:14.0) Gecko/20100101 Firefox/14.0.1"
89.247.89.227 - - [01/Aug/2012:08:47:45 +0200] "GET /images/logos.jpg HTTP/1.1" 200 15002 "http://www.mink-gmbh.de/index.php" "Mozilla/5.0 (Windows NT 6.1; rv:14.0) Gecko/20100101 Firefox/14.0.1"
89.247.89.227 - - [01/Aug/2012:08:47:45 +0200] "GET /images/wunschpreis.jpg HTTP/1.1" 200 16767 "http://www.mink-gmbh.de/index.php" "Mozilla/5.0 (Windows NT 6.1; rv:14.0) Gecko/20100101 Firefox/14.0.1"
89.247.89.227 - - [01/Aug/2012:08:47:45 +0200] "GET /images/freecall.jpg HTTP/1.1" 200 39195 "http://www.mink-gmbh.de/index.php" "Mozilla/5.0 (Windows NT 6.1; rv:14.0) Gecko/20100101 Firefox/14.0.1"
89.247.89.227 - - [01/Aug/2012:08:47:47 +0200] "GET /images/bg.jpg HTTP/1.1" 200 345 "http://www.mink-gmbh.de/style.css" "Mozilla/5.0 (Windows NT 6.1; rv:14.0) Gecko/20100101 Firefox/14.0.1"
89.247.89.227 - - [01/Aug/2012:08:47:47 +0200] "GET /images/close.png HTTP/1.1" 200 703 "http://www.mink-gmbh.de/index.php" "Mozilla/5.0 (Windows NT 6.1; rv:14.0) Gecko/20100101 Firefox/14.0.1"
89.247.89.227 - - [01/Aug/2012:08:47:47 +0200] "GET /images/newsletter_bg.jpg HTTP/1.1" 200 33610 "http://www.mink-gmbh.de/index.php" "Mozilla/5.0 (Windows NT 6.1; rv:14.0) Gecko/20100101 Firefox/14.0.1"
89.247.89.227 - - [01/Aug/2012:08:47:47 +0200] "GET /images/newsletter.png HTTP/1.1" 200 14619 "http://www.mink-gmbh.de/style.css" "Mozilla/5.0 (Windows NT 6.1; rv:14.0) Gecko/20100101 Firefox/14.0.1"
89.247.89.227 - - [01/Aug/2012:08:47:47 +0200] "GET /images/wrapperbg.jpg HTTP/1.1" 200 27465 "http://www.mink-gmbh.de/style.css" "Mozilla/5.0 (Windows NT 6.1; rv:14.0) Gecko/20100101 Firefox/14.0.1"
89.247.89.227 - - [01/Aug/2012:08:47:47 +0200] "GET /images/header.jpg HTTP/1.1" 200 24413 "http://www.mink-gmbh.de/style.css" "Mozilla/5.0 (Windows NT 6.1; rv:14.0) Gecko/20100101 Firefox/14.0.1"
89.247.89.227 - - [01/Aug/2012:08:47:47 +0200] "GET /images/navibg.png HTTP/1.1" 200 2803 "http://www.mink-gmbh.de/style.css" "Mozilla/5.0 (Windows NT 6.1; rv:14.0) Gecko/20100101 Firefox/14.0.1"
89.247.89.227 - - [01/Aug/2012:08:47:47 +0200] "GET /images/steigend.png HTTP/1.1" 200 688 "http://www.mink-gmbh.de/modul.css" "Mozilla/5.0 (Windows NT 6.1; rv:14.0) Gecko/20100101 Firefox/14.0.1"
89.247.89.227 - - [01/Aug/2012:08:47:47 +0200] "GET /images/mobil.jpg HTTP/1.1" 200 25293 "http://www.mink-gmbh.de/style.css" "Mozilla/5.0 (Windows NT 6.1; rv:14.0) Gecko/20100101 Firefox/14.0.1"
89.247.89.227 - - [01/Aug/2012:08:47:47 +0200] "GET /images/newsletter.jpg HTTP/1.1" 200 13130 "http://www.mink-gmbh.de/style.css" "Mozilla/5.0 (Windows NT 6.1; rv:14.0) Gecko/20100101 Firefox/14.0.1"
89.247.89.227 - - [01/Aug/2012:08:47:47 +0200] "GET /images/footerbg.jpg HTTP/1.1" 200 2184 "http://www.mink-gmbh.de/style.css" "Mozilla/5.0 (Windows NT 6.1; rv:14.0) Gecko/20100101 Firefox/14.0.1"
130.83.167.153 - - [01/Aug/2012:09:17:29 +0200] "GET /modernisierung.php HTTP/1.1" 200 6973 "-" "findlinks/2.6 (+http://wortschatz.uni-leipzig.de/findlinks/)"
130.83.167.153 - - [01/Aug/2012:09:17:30 +0200] "GET /modernisierung.php HTTP/1.1" 200 11491 "-" "findlinks/2.6 (+http://wortschatz.uni-leipzig.de/findlinks/)"
208.115.113.91 - - [01/Aug/2012:09:19:45 +0200] "GET /robots.txt HTTP/1.1" 200 177 "-" "Mozilla/5.0 (compatible; Ezooms/1.0; ezooms.bot@gmail.com)"
66.249.72.169 - - [01/Aug/2012:09:20:07 +0200] "GET /news.php?cs_go=archiv&cs_startpos=11 HTTP/1.1" 200 22542 "-" "Mozilla/5.0 (compatible; Googlebot/2.1; +http://www.google.com/bot.html)"
37.4.183.29 - - [01/Aug/2012:09:31:47 +0200] "GET /optiplus.php HTTP/1.1" 200 11100 "-" "findlinks/2.0.2 (+http://wortschatz.uni-leipzig.de/findlinks/)"
37.4.183.29 - - [01/Aug/2012:09:31:47 +0200] "GET /optiplus.php HTTP/1.1" 200 11013 "-" "findlinks/2.0.2 (+http://wortschatz.uni-leipzig.de/findlinks/)"
66.249.72.169 - - [01/Aug/2012:10:28:57 +0200] "GET /news.php?cs_go=archiv&cs_id=2368&cs_search= HTTP/1.1" 200 11945 "-" "Mozilla/5.0 (compatible; Googlebot/2.1; +http://www.google.com/bot.html)"
208.115.111.75 - - [01/Aug/2012:10:43:35 +0200] "GET /robots.txt HTTP/1.1" 200 177 "-" "Mozilla/5.0 (compatible; Ezooms/1.0; ezooms.bot@gmail.com)"
208.115.113.91 - - [01/Aug/2012:10:51:59 +0200] "GET /news.php?cs_go=archiv&cs_id=1797&cs_search= HTTP/1.1" 200 12499 "-" "Mozilla/5.0 (compatible; Ezooms/1.0; ezooms.bot@gmail.com)"
208.115.113.91 - - [01/Aug/2012:10:52:03 +0200] "GET /news.php?cs_go=archiv&cs_id=2042&cs_search= HTTP/1.1" 200 11298 "-" "Mozilla/5.0 (compatible; Ezooms/1.0; ezooms.bot@gmail.com)"
208.115.113.91 - - [01/Aug/2012:10:52:06 +0200] "GET /news.php?cs_go=archiv&cs_id=2887&cs_search= HTTP/1.1" 200 13504 "-" "Mozilla/5.0 (compatible; Ezooms/1.0; ezooms.bot@gmail.com)"
139.18.2.17 - - [01/Aug/2012:10:59:24 +0200] "GET /faq.php HTTP/1.1" 200 8427 "-" "findlinks/2.6 (+http://wortschatz.uni-leipzig.de/findlinks/)"
139.18.2.17 - - [01/Aug/2012:10:59:24 +0200] "GET /faq.php HTTP/1.1" 200 60468 "-" "findlinks/2.6 (+http://wortschatz.uni-leipzig.de/findlinks/)"
66.249.72.169 - - [01/Aug/2012:11:03:43 +0200] "GET /news.php?cs_go=archiv&cs_id=2382&cs_search= HTTP/1.1" 200 14253 "-" "Mozilla/5.0 (compatible; Googlebot/2.1; +http://www.google.com/bot.html)"
65.52.109.147 - - [01/Aug/2012:11:32:13 +0200] "GET /robots.txt HTTP/1.1" 200 177 "-" "Mozilla/5.0 (compatible; bingbot/2.0; +http://www.bing.com/bingbot.htm)"
65.52.109.147 - - [01/Aug/2012:11:33:12 +0200] "GET /additive.php HTTP/1.1" 200 15854 "-" "Mozilla/5.0 (compatible; bingbot/2.0; +http://www.bing.com/bingbot.htm)"
66.249.72.169 - - [01/Aug/2012:11:38:24 +0200] "GET /news.php?cs_go=archiv&cs_id=2641 HTTP/1.1" 200 9824 "-" "Mozilla/5.0 (compatible; Googlebot/2.1; +http://www.google.com/bot.html)"
66.249.72.169 - - [01/Aug/2012:12:02:47 +0200] "GET /news.php?cs_go=archiv&cs_id=2571&cs_search= HTTP/1.1" 200 14733 "-" "Mozilla/5.0 (compatible; Googlebot/2.1; +http://www.google.com/bot.html)"
65.36.241.79 - - [01/Aug/2012:12:09:46 +0200] "HEAD / HTTP/1.1" 200 - "-" "InternetSeer.com"
66.249.72.169 - - [01/Aug/2012:12:18:17 +0200] "GET /jobs.php HTTP/1.1" 200 11204 "-" "Mozilla/5.0 (compatible; Googlebot/2.1; +http://www.google.com/bot.html)"
66.249.72.169 - - [01/Aug/2012:12:43:09 +0200] "GET /news.php?cs_go=archiv&cs_id=1631&cs_search= HTTP/1.1" 200 13976 "-" "Mozilla/5.0 (compatible; Googlebot/2.1; +http://www.google.com/bot.html)"
208.115.113.91 - - [01/Aug/2012:12:53:56 +0200] "GET /robots.txt HTTP/1.1" 200 177 "-" "Mozilla/5.0 (compatible; Ezooms/1.0; ezooms.bot@gmail.com)"
66.249.72.169 - - [01/Aug/2012:13:10:46 +0200] "GET /news.php?cs_go=archiv&cs_id=1633&cs_search= HTTP/1.1" 200 14032 "-" "Mozilla/5.0 (compatible; Googlebot/2.1; +http://www.google.com/bot.html)"
66.249.72.169 - - [01/Aug/2012:13:24:30 +0200] "GET /news.php?cs_go=archiv&cs_id=1634&cs_search= HTTP/1.1" 200 14066 "-" "Mozilla/5.0 (compatible; Googlebot/2.1; +http://www.google.com/bot.html)"
217.248.234.95 - - [01/Aug/2012:13:24:39 +0200] "GET /style.css HTTP/1.1" 200 8418 "http://www.mink-gmbh.de/" "Mozilla/5.0 (Windows NT 5.1; rv:14.0) Gecko/20100101 Firefox/14.0.1"
217.248.234.95 - - [01/Aug/2012:13:24:39 +0200] "GET /favicon.ico HTTP/1.1" 200 3638 "-" "Mozilla/5.0 (Windows NT 5.1; rv:14.0) Gecko/20100101 Firefox/14.0.1"
217.248.234.95 - - [01/Aug/2012:13:24:39 +0200] "GET /modul.css HTTP/1.1" 200 35038 "http://www.mink-gmbh.de/" "Mozilla/5.0 (Windows NT 5.1; rv:14.0) Gecko/20100101 Firefox/14.0.1"
217.248.234.95 - - [01/Aug/2012:13:24:39 +0200] "GET /images/bg.jpg HTTP/1.1" 200 345 "http://www.mink-gmbh.de/style.css" "Mozilla/5.0 (Windows NT 5.1; rv:14.0) Gecko/20100101 Firefox/14.0.1"
217.248.234.95 - - [01/Aug/2012:13:24:39 +0200] "GET /images/close.png HTTP/1.1" 200 703 "http://www.mink-gmbh.de/" "Mozilla/5.0 (Windows NT 5.1; rv:14.0) Gecko/20100101 Firefox/14.0.1"
217.248.234.95 - - [01/Aug/2012:13:24:39 +0200] "GET /images/newsletter_bg.jpg HTTP/1.1" 200 33610 "http://www.mink-gmbh.de/" "Mozilla/5.0 (Windows NT 5.1; rv:14.0) Gecko/20100101 Firefox/14.0.1"
217.248.234.95 - - [01/Aug/2012:13:24:40 +0200] "GET /images/newsletter.png HTTP/1.1" 200 14619 "http://www.mink-gmbh.de/style.css" "Mozilla/5.0 (Windows NT 5.1; rv:14.0) Gecko/20100101 Firefox/14.0.1"
217.248.234.95 - - [01/Aug/2012:13:24:40 +0200] "GET /images/wrapperbg.jpg HTTP/1.1" 200 27465 "http://www.mink-gmbh.de/style.css" "Mozilla/5.0 (Windows NT 5.1; rv:14.0) Gecko/20100101 Firefox/14.0.1"
217.248.234.95 - - [01/Aug/2012:13:24:40 +0200] "GET /images/header.jpg HTTP/1.1" 200 24413 "http://www.mink-gmbh.de/style.css" "Mozilla/5.0 (Windows NT 5.1; rv:14.0) Gecko/20100101 Firefox/14.0.1"
217.248.234.95 - - [01/Aug/2012:13:24:40 +0200] "GET /images/navibg.png HTTP/1.1" 200 2803 "http://www.mink-gmbh.de/style.css" "Mozilla/5.0 (Windows NT 5.1; rv:14.0) Gecko/20100101 Firefox/14.0.1"
217.248.234.95 - - [01/Aug/2012:13:24:40 +0200] "GET /images/fallend.png HTTP/1.1" 200 713 "http://www.mink-gmbh.de/modul.css" "Mozilla/5.0 (Windows NT 5.1; rv:14.0) Gecko/20100101 Firefox/14.0.1"
217.248.234.95 - - [01/Aug/2012:13:24:40 +0200] "GET /images/steigend.png HTTP/1.1" 200 688 "http://www.mink-gmbh.de/modul.css" "Mozilla/5.0 (Windows NT 5.1; rv:14.0) Gecko/20100101 Firefox/14.0.1"
217.248.234.95 - - [01/Aug/2012:13:24:40 +0200] "GET /images/tkw.jpg HTTP/1.1" 200 64031 "http://www.mink-gmbh.de/" "Mozilla/5.0 (Windows NT 5.1; rv:14.0) Gecko/20100101 Firefox/14.0.1"
217.248.234.95 - - [01/Aug/2012:13:24:40 +0200] "GET /images/mobil.jpg HTTP/1.1" 200 25293 "http://www.mink-gmbh.de/style.css" "Mozilla/5.0 (Windows NT 5.1; rv:14.0) Gecko/20100101 Firefox/14.0.1"
217.248.234.95 - - [01/Aug/2012:13:24:40 +0200] "GET /images/newsletter.jpg HTTP/1.1" 200 13130 "http://www.mink-gmbh.de/style.css" "Mozilla/5.0 (Windows NT 5.1; rv:14.0) Gecko/20100101 Firefox/14.0.1"
217.248.234.95 - - [01/Aug/2012:13:24:39 +0200] "GET / HTTP/1.1" 200 14899 "http://www.google.de/url?sa=t&rct=j&q=&esrc=s&source=web&cd=1&ved=0CHEQFjAA&url=http%3A%2F%2Fwww.mink-gmbh.de%2F&ei=2BEZUMLbNcmN4gSv_YFI&usg=AFQjCNFHX4Iglls9oo-KYXTmDUV_5KOVIg" "Mozilla/5.0 (Windows NT 5.1; rv:14.0) Gecko/20100101 Firefox/14.0.1"
217.248.234.95 - - [01/Aug/2012:13:24:42 +0200] "GET /images/freecall.jpg HTTP/1.1" 200 39195 "http://www.mink-gmbh.de/" "Mozilla/5.0 (Windows NT 5.1; rv:14.0) Gecko/20100101 Firefox/14.0.1"
217.248.234.95 - - [01/Aug/2012:13:24:42 +0200] "GET /images/mail.jpg HTTP/1.1" 200 11165 "http://www.mink-gmbh.de/" "Mozilla/5.0 (Windows NT 5.1; rv:14.0) Gecko/20100101 Firefox/14.0.1"
217.248.234.95 - - [01/Aug/2012:13:24:42 +0200] "GET /images/kwk.gif HTTP/1.1" 200 6403 "http://www.mink-gmbh.de/" "Mozilla/5.0 (Windows NT 5.1; rv:14.0) Gecko/20100101 Firefox/14.0.1"
217.248.234.95 - - [01/Aug/2012:13:24:42 +0200] "GET /images/wunschpreis.jpg HTTP/1.1" 200 16767 "http://www.mink-gmbh.de/" "Mozilla/5.0 (Windows NT 5.1; rv:14.0) Gecko/20100101 Firefox/14.0.1"
217.248.234.95 - - [01/Aug/2012:13:24:42 +0200] "GET /images/logos.jpg HTTP/1.1" 200 15002 "http://www.mink-gmbh.de/" "Mozilla/5.0 (Windows NT 5.1; rv:14.0) Gecko/20100101 Firefox/14.0.1"
217.248.234.95 - - [01/Aug/2012:13:24:42 +0200] "GET /images/footerbg.jpg HTTP/1.1" 200 2184 "http://www.mink-gmbh.de/style.css" "Mozilla/5.0 (Windows NT 5.1; rv:14.0) Gecko/20100101 Firefox/14.0.1"
217.248.234.95 - - [01/Aug/2012:13:25:02 +0200] "GET /preisanfrage.php HTTP/1.1" 200 10623 "http://www.mink-gmbh.de/" "Mozilla/5.0 (Windows NT 5.1; rv:14.0) Gecko/20100101 Firefox/14.0.1"
208.115.111.75 - - [01/Aug/2012:13:26:39 +0200] "GET /news.php?cs_go=archiv&cs_id=1914&cs_search= HTTP/1.1" 200 14059 "-" "Mozilla/5.0 (compatible; Ezooms/1.0; ezooms.bot@gmail.com)"
208.115.111.75 - - [01/Aug/2012:13:27:02 +0200] "GET /news.php?cs_go=archiv&cs_id=3076&cs_search= HTTP/1.1" 200 13880 "-" "Mozilla/5.0 (compatible; Ezooms/1.0; ezooms.bot@gmail.com)"
208.115.113.91 - - [01/Aug/2012:13:28:28 +0200] "GET /robots.txt HTTP/1.1" 200 177 "-" "Mozilla/5.0 (compatible; Ezooms/1.0; ezooms.bot@gmail.com)"
207.46.13.211 - - [01/Aug/2012:13:38:55 +0200] "GET /robots.txt HTTP/1.1" 200 177 "-" "Mozilla/5.0 (compatible; bingbot/2.0; +http://www.bing.com/bingbot.htm)"
207.46.13.211 - - [01/Aug/2012:13:39:45 +0200] "GET /standard.php HTTP/1.1" 200 9218 "-" "Mozilla/5.0 (compatible; bingbot/2.0; +http://www.bing.com/bingbot.htm)"
66.249.72.169 - - [01/Aug/2012:13:55:28 +0200] "GET /news.php?cs_go=archiv&cs_id=1637&cs_search= HTTP/1.1" 200 12707 "-" "Mozilla/5.0 (compatible; Googlebot/2.1; +http://www.google.com/bot.html)"
208.115.113.91 - - [01/Aug/2012:14:04:12 +0200] "GET /robots.txt HTTP/1.1" 200 177 "-" "Mozilla/5.0 (compatible; Ezooms/1.0; ezooms.bot@gmail.com)"
176.9.0.13 - - [01/Aug/2012:14:27:08 +0200] "GET /robots.txt HTTP/1.1" 200 177 "-" "Pixray-Seeker/1.1 (Pixray-Seeker; http://www.pixray.com/pixraybot; crawler@pixray.com)"
176.9.0.13 - - [01/Aug/2012:14:27:08 +0200] "GET /news.php?cs_go=archiv&cs_id=1967&cs_search= HTTP/1.1" 200 13888 "-" "Pixray-Seeker/1.1 (Pixray-Seeker; http://www.pixray.com/pixraybot; crawler@pixray.com)"
123.125.71.110 - - [01/Aug/2012:14:32:49 +0200] "GET /robots.txt HTTP/1.1" 200 177 "-" "Mozilla/5.0 (Windows NT 5.1; rv:6.0.2) Gecko/20100101 Firefox/6.0.2"
208.115.111.75 - - [01/Aug/2012:14:35:50 +0200] "GET /robots.txt HTTP/1.1" 200 177 "-" "Mozilla/5.0 (compatible; Ezooms/1.0; ezooms.bot@gmail.com)"
46.4.92.141 - - [01/Aug/2012:14:46:31 +0200] "GET /robots.txt HTTP/1.1" 200 177 "-" "Pixray-Seeker/1.1 (Pixray-Seeker; http://www.pixray.com/pixraybot; crawler@pixray.com)"
46.4.92.141 - - [01/Aug/2012:14:46:31 +0200] "GET /news.php?cs_go=archiv&cs_id=1665&cs_search= HTTP/1.1" 200 14070 "-" "Pixray-Seeker/1.1 (Pixray-Seeker; http://www.pixray.com/pixraybot; crawler@pixray.com)"
46.4.92.140 - - [01/Aug/2012:14:57:35 +0200] "GET /robots.txt HTTP/1.1" 200 177 "-" "Pixray-Seeker/1.1 (Pixray-Seeker; http://www.pixray.com/pixraybot; crawler@pixray.com)"
46.4.92.140 - - [01/Aug/2012:14:57:35 +0200] "GET /news.php?cs_go=archiv&cs_id=2656&cs_search= HTTP/1.1" 200 10066 "-" "Pixray-Seeker/1.1 (Pixray-Seeker; http://www.pixray.com/pixraybot; crawler@pixray.com)"
46.4.118.75 - - [01/Aug/2012:15:18:52 +0200] "GET /robots.txt HTTP/1.1" 200 177 "-" "Pixray-Seeker/1.1 (Pixray-Seeker; http://www.pixray.com/pixraybot; crawler@pixray.com)"
46.4.118.75 - - [01/Aug/2012:15:18:52 +0200] "GET /news.php?cs_go=archiv&cs_id=2118&cs_search= HTTP/1.1" 200 10089 "-" "Pixray-Seeker/1.1 (Pixray-Seeker; http://www.pixray.com/pixraybot; crawler@pixray.com)"
66.249.72.169 - - [01/Aug/2012:15:25:51 +0200] "GET /news.php?cs_go=archiv&cs_id=3232&cs_search= HTTP/1.1" 200 13835 "-" "Mozilla/5.0 (compatible; Googlebot/2.1; +http://www.google.com/bot.html)"
66.249.72.169 - - [01/Aug/2012:15:29:01 +0200] "GET /news.php?cs_go=archiv&cs_id=1665&cs_search= HTTP/1.1" 200 14070 "-" "Mozilla/5.0 (compatible; Googlebot/2.1; +http://www.google.com/bot.html)"
66.249.72.169 - - [01/Aug/2012:15:32:10 +0200] "GET /news.php?cs_go=archiv&cs_id=1636&cs_search= HTTP/1.1" 200 12800 "-" "Mozilla/5.0 (compatible; Googlebot/2.1; +http://www.google.com/bot.html)"
208.115.113.91 - - [01/Aug/2012:15:32:52 +0200] "GET /news.php?cs_go=archiv&cs_id=1798&cs_search= HTTP/1.1" 200 14054 "-" "Mozilla/5.0 (compatible; Ezooms/1.0; ezooms.bot@gmail.com)"
66.249.72.169 - - [01/Aug/2012:15:35:20 +0200] "GET /news.php?cs_go=archiv&cs_id=1638&cs_search= HTTP/1.1" 200 12337 "-" "Mozilla/5.0 (compatible; Googlebot/2.1; +http://www.google.com/bot.html)"
46.4.118.74 - - [01/Aug/2012:15:36:47 +0200] "GET /robots.txt HTTP/1.1" 200 177 "-" "Pixray-Seeker/1.1 (Pixray-Seeker; http://www.pixray.com/pixraybot; crawler@pixray.com)"
46.4.118.74 - - [01/Aug/2012:15:36:47 +0200] "GET /news.php?cs_go=archiv&cs_startpos=510 HTTP/1.1" 200 22928 "-" "Pixray-Seeker/1.1 (Pixray-Seeker; http://www.pixray.com/pixraybot; crawler@pixray.com)"
66.249.72.169 - - [01/Aug/2012:15:38:29 +0200] "GET /news.php?cs_go=archiv&cs_id=1654&cs_search= HTTP/1.1" 200 14142 "-" "Mozilla/5.0 (compatible; Googlebot/2.1; +http://www.google.com/bot.html)"
66.249.72.169 - - [01/Aug/2012:15:41:39 +0200] "GET /news.php?cs_go=archiv&cs_id=1658&cs_search= HTTP/1.1" 200 13921 "-" "Mozilla/5.0 (compatible; Googlebot/2.1; +http://www.google.com/bot.html)"
66.249.72.169 - - [01/Aug/2012:15:47:58 +0200] "GET /news.php?cs_go=archiv&cs_id=1656&cs_search= HTTP/1.1" 200 14019 "-" "Mozilla/5.0 (compatible; Googlebot/2.1; +http://www.google.com/bot.html)"
188.40.66.214 - - [01/Aug/2012:15:49:50 +0200] "GET /robots.txt HTTP/1.1" 200 177 "-" "Pixray-Seeker/1.1 (Pixray-Seeker; http://www.pixray.com/pixraybot; crawler@pixray.com)"
188.40.66.214 - - [01/Aug/2012:15:49:50 +0200] "GET /news.php?cs_go=archiv&cs_id=2655&cs_search= HTTP/1.1" 200 10364 "-" "Pixray-Seeker/1.1 (Pixray-Seeker; http://www.pixray.com/pixraybot; crawler@pixray.com)"
66.249.72.169 - - [01/Aug/2012:15:51:08 +0200] "GET /news.php?cs_go=archiv&cs_id=1830&cs_search= HTTP/1.1" 200 14240 "-" "Mozilla/5.0 (compatible; Googlebot/2.1; +http://www.google.com/bot.html)"
66.249.72.169 - - [01/Aug/2012:16:03:46 +0200] "GET /news.php?cs_go=archiv&cs_id=2897 HTTP/1.1" 200 10657 "-" "Mozilla/5.0 (compatible; Googlebot/2.1; +http://www.google.com/bot.html)"
46.4.118.75 - - [01/Aug/2012:16:06:48 +0200] "GET /robots.txt HTTP/1.1" 200 177 "-" "Pixray-Seeker/1.1 (Pixray-Seeker; http://www.pixray.com/pixraybot; crawler@pixray.com)"
46.4.118.75 - - [01/Aug/2012:16:06:48 +0200] "GET /news.php?cs_go=archiv&cs_id=1686&cs_search= HTTP/1.1" 200 17002 "-" "Pixray-Seeker/1.1 (Pixray-Seeker; http://www.pixray.com/pixraybot; crawler@pixray.com)"
46.4.92.140 - - [01/Aug/2012:16:25:23 +0200] "GET /robots.txt HTTP/1.1" 200 177 "-" "Pixray-Seeker/1.1 (Pixray-Seeker; http://www.pixray.com/pixraybot; crawler@pixray.com)"
46.4.92.140 - - [01/Aug/2012:16:25:23 +0200] "GET /news.php?cs_go=archiv&cs_id=2126&cs_search= HTTP/1.1" 200 14611 "-" "Pixray-Seeker/1.1 (Pixray-Seeker; http://www.pixray.com/pixraybot; crawler@pixray.com)"
46.4.125.109 - - [01/Aug/2012:16:44:25 +0200] "GET /robots.txt HTTP/1.1" 200 177 "-" "Pixray-Seeker/1.1 (Pixray-Seeker; http://www.pixray.com/pixraybot; crawler@pixray.com)"
46.4.125.109 - - [01/Aug/2012:16:44:25 +0200] "GET /news.php?cs_go=archiv&cs_startpos=280 HTTP/1.1" 200 23012 "-" "Pixray-Seeker/1.1 (Pixray-Seeker; http://www.pixray.com/pixraybot; crawler@pixray.com)"
66.249.72.169 - - [01/Aug/2012:16:44:52 +0200] "GET /news.php?cs_go=archiv&cs_id=1663&cs_search= HTTP/1.1" 200 14012 "-" "Mozilla/5.0 (compatible; Googlebot/2.1; +http://www.google.com/bot.html)"
178.154.179.250 - - [01/Aug/2012:16:49:37 +0200] "GET /news.php HTTP/1.1" 200 22592 "-" "Mozilla/5.0 (compatible; YandexBot/3.0; +http://yandex.com/bots)"
208.115.111.75 - - [01/Aug/2012:16:50:23 +0200] "GET /news.php?cs_go=archiv&cs_id=1923&cs_search= HTTP/1.1" 200 13783 "-" "Mozilla/5.0 (compatible; Ezooms/1.0; ezooms.bot@gmail.com)"
65.36.241.79 - - [01/Aug/2012:16:54:15 +0200] "HEAD / HTTP/1.1" 200 - "-" "InternetSeer.com"
46.4.92.141 - - [01/Aug/2012:17:03:08 +0200] "GET /robots.txt HTTP/1.1" 200 177 "-" "Pixray-Seeker/1.1 (Pixray-Seeker; http://www.pixray.com/pixraybot; crawler@pixray.com)"
46.4.92.141 - - [01/Aug/2012:17:03:08 +0200] "GET /news.php?cs_go=archiv&cs_startpos=60 HTTP/1.1" 200 23008 "-" "Pixray-Seeker/1.1 (Pixray-Seeker; http://www.pixray.com/pixraybot; crawler@pixray.com)"
46.4.118.74 - - [01/Aug/2012:17:37:29 +0200] "GET /news.php?cs_go=archiv&cs_id=2083&cs_search= HTTP/1.1" 200 10312 "-" "Pixray-Seeker/1.1 (Pixray-Seeker; http://www.pixray.com/pixraybot; crawler@pixray.com)"
178.154.179.250 - - [01/Aug/2012:17:39:07 +0200] "GET / HTTP/1.1" 200 14899 "-" "Mozilla/5.0 (compatible; YandexBot/3.0; +http://yandex.com/bots)"
178.154.179.250 - - [01/Aug/2012:17:39:11 +0200] "GET /index.php HTTP/1.1" 200 14899 "-" "Mozilla/5.0 (compatible; YandexBot/3.0; +http://yandex.com/bots)"
46.4.92.140 - - [01/Aug/2012:17:51:13 +0200] "GET /robots.txt HTTP/1.1" 200 177 "-" "Pixray-Seeker/1.1 (Pixray-Seeker; http://www.pixray.com/pixraybot; crawler@pixray.com)"
46.4.92.140 - - [01/Aug/2012:17:51:13 +0200] "GET /news.php?cs_go=archiv&cs_id=2077&cs_search= HTTP/1.1" 200 10753 "-" "Pixray-Seeker/1.1 (Pixray-Seeker; http://www.pixray.com/pixraybot; crawler@pixray.com)"
46.4.118.74 - - [01/Aug/2012:18:08:17 +0200] "GET /robots.txt HTTP/1.1" 200 177 "-" "Pixray-Seeker/1.1 (Pixray-Seeker; http://www.pixray.com/pixraybot; crawler@pixray.com)"
46.4.118.74 - - [01/Aug/2012:18:08:17 +0200] "GET /news.php?cs_go=archiv&cs_id=1681&cs_search= HTTP/1.1" 200 13969 "-" "Pixray-Seeker/1.1 (Pixray-Seeker; http://www.pixray.com/pixraybot; crawler@pixray.com)"
46.4.125.109 - - [01/Aug/2012:18:24:28 +0200] "GET /robots.txt HTTP/1.1" 200 177 "-" "Pixray-Seeker/1.1 (Pixray-Seeker; http://www.pixray.com/pixraybot; crawler@pixray.com)"
46.4.125.109 - - [01/Aug/2012:18:24:28 +0200] "GET /news.php?cs_go=archiv&cs_startpos=430 HTTP/1.1" 200 22768 "-" "Pixray-Seeker/1.1 (Pixray-Seeker; http://www.pixray.com/pixraybot; crawler@pixray.com)"
46.4.125.109 - - [01/Aug/2012:18:45:02 +0200] "GET /robots.txt HTTP/1.1" 200 177 "-" "Pixray-Seeker/1.1 (Pixray-Seeker; http://www.pixray.com/pixraybot; crawler@pixray.com)"
46.4.125.109 - - [01/Aug/2012:18:45:02 +0200] "GET /news.php?cs_go=archiv&cs_id=1762&cs_search= HTTP/1.1" 200 14037 "-" "Pixray-Seeker/1.1 (Pixray-Seeker; http://www.pixray.com/pixraybot; crawler@pixray.com)"
207.46.13.211 - - [01/Aug/2012:18:53:26 +0200] "GET /robots.txt HTTP/1.1" 200 177 "-" "Mozilla/5.0 (compatible; bingbot/2.0; +http://www.bing.com/bingbot.htm)"
207.46.13.211 - - [01/Aug/2012:18:54:16 +0200] "GET / HTTP/1.1" 200 14899 "-" "Mozilla/5.0 (compatible; bingbot/2.0; +http://www.bing.com/bingbot.htm)"
46.4.118.74 - - [01/Aug/2012:19:03:13 +0200] "GET /robots.txt HTTP/1.1" 200 177 "-" "Pixray-Seeker/1.1 (Pixray-Seeker; http://www.pixray.com/pixraybot; crawler@pixray.com)"
46.4.118.74 - - [01/Aug/2012:19:03:13 +0200] "GET /news.php?cs_go=archiv&cs_id=2496&cs_search= HTTP/1.1" 200 12196 "-" "Pixray-Seeker/1.1 (Pixray-Seeker; http://www.pixray.com/pixraybot; crawler@pixray.com)"
46.4.125.109 - - [01/Aug/2012:19:20:24 +0200] "GET /robots.txt HTTP/1.1" 200 177 "-" "Pixray-Seeker/1.1 (Pixray-Seeker; http://www.pixray.com/pixraybot; crawler@pixray.com)"
46.4.125.109 - - [01/Aug/2012:19:20:24 +0200] "GET /news.php?cs_go=archiv&cs_id=2437&cs_search= HTTP/1.1" 200 14418 "-" "Pixray-Seeker/1.1 (Pixray-Seeker; http://www.pixray.com/pixraybot; crawler@pixray.com)"
130.83.167.153 - - [01/Aug/2012:19:24:05 +0200] "GET /kwk.php HTTP/1.1" 200 5767 "-" "findlinks/2.6 (+http://wortschatz.uni-leipzig.de/findlinks/)"
130.83.167.153 - - [01/Aug/2012:19:24:05 +0200] "GET /kwk.php HTTP/1.1" 200 10797 "-" "findlinks/2.6 (+http://wortschatz.uni-leipzig.de/findlinks/)"
88.198.67.134 - - [01/Aug/2012:19:37:33 +0200] "GET /robots.txt HTTP/1.1" 200 177 "-" "Pixray-Seeker/1.1 (Pixray-Seeker; http://www.pixray.com/pixraybot; crawler@pixray.com)"
88.198.67.134 - - [01/Aug/2012:19:37:33 +0200] "GET /news.php?cs_go=archiv&cs_id=2951&cs_search= HTTP/1.1" 200 9996 "-" "Pixray-Seeker/1.1 (Pixray-Seeker; http://www.pixray.com/pixraybot; crawler@pixray.com)"
46.4.92.140 - - [01/Aug/2012:19:54:33 +0200] "GET /robots.txt HTTP/1.1" 200 177 "-" "Pixray-Seeker/1.1 (Pixray-Seeker; http://www.pixray.com/pixraybot; crawler@pixray.com)"
46.4.92.140 - - [01/Aug/2012:19:54:33 +0200] "GET /news.php?cs_go=archiv&cs_id=3291&cs_search= HTTP/1.1" 200 9907 "-" "Pixray-Seeker/1.1 (Pixray-Seeker; http://www.pixray.com/pixraybot; crawler@pixray.com)"
46.4.125.109 - - [01/Aug/2012:20:12:43 +0200] "GET /robots.txt HTTP/1.1" 200 177 "-" "Pixray-Seeker/1.1 (Pixray-Seeker; http://www.pixray.com/pixraybot; crawler@pixray.com)"
46.4.125.109 - - [01/Aug/2012:20:12:43 +0200] "GET /news.php?cs_go=archiv&cs_id=2301&cs_search= HTTP/1.1" 200 14292 "-" "Pixray-Seeker/1.1 (Pixray-Seeker; http://www.pixray.com/pixraybot; crawler@pixray.com)"
88.198.67.134 - - [01/Aug/2012:20:28:57 +0200] "GET /robots.txt HTTP/1.1" 200 177 "-" "Pixray-Seeker/1.1 (Pixray-Seeker; http://www.pixray.com/pixraybot; crawler@pixray.com)"
88.198.67.134 - - [01/Aug/2012:20:28:57 +0200] "GET /news.php?cs_go=archiv&cs_startpos=880 HTTP/1.1" 200 23157 "-" "Pixray-Seeker/1.1 (Pixray-Seeker; http://www.pixray.com/pixraybot; crawler@pixray.com)"
46.4.92.140 - - [01/Aug/2012:20:44:59 +0200] "GET /robots.txt HTTP/1.1" 200 177 "-" "Pixray-Seeker/1.1 (Pixray-Seeker; http://www.pixray.com/pixraybot; crawler@pixray.com)"
46.4.92.140 - - [01/Aug/2012:20:44:59 +0200] "GET /news.php?cs_go=archiv&cs_id=2678&cs_search= HTTP/1.1" 200 10039 "-" "Pixray-Seeker/1.1 (Pixray-Seeker; http://www.pixray.com/pixraybot; crawler@pixray.com)"
89.247.68.193 - - [01/Aug/2012:20:56:29 +0200] "GET /style.css HTTP/1.1" 200 8418 "http://www.mink-gmbh.de/index.php" "Mozilla/5.0 (Windows NT 6.1; rv:14.0) Gecko/20100101 Firefox/14.0.1"
89.247.68.193 - - [01/Aug/2012:20:56:29 +0200] "GET /modul.css HTTP/1.1" 200 35038 "http://www.mink-gmbh.de/index.php" "Mozilla/5.0 (Windows NT 6.1; rv:14.0) Gecko/20100101 Firefox/14.0.1"
89.247.68.193 - - [01/Aug/2012:20:56:29 +0200] "GET /favicon.ico HTTP/1.1" 200 3638 "-" "Mozilla/5.0 (Windows NT 6.1; rv:14.0) Gecko/20100101 Firefox/14.0.1"
89.247.68.193 - - [01/Aug/2012:20:56:29 +0200] "GET /images/tkw.jpg HTTP/1.1" 200 64031 "http://www.mink-gmbh.de/index.php" "Mozilla/5.0 (Windows NT 6.1; rv:14.0) Gecko/20100101 Firefox/14.0.1"
89.247.68.193 - - [01/Aug/2012:20:56:29 +0200] "GET /index.php HTTP/1.1" 200 14899 "-" "Mozilla/5.0 (Windows NT 6.1; rv:14.0) Gecko/20100101 Firefox/14.0.1"
89.247.68.193 - - [01/Aug/2012:20:56:30 +0200] "GET /images/freecall.jpg HTTP/1.1" 200 39195 "http://www.mink-gmbh.de/index.php" "Mozilla/5.0 (Windows NT 6.1; rv:14.0) Gecko/20100101 Firefox/14.0.1"
89.247.68.193 - - [01/Aug/2012:20:56:30 +0200] "GET /images/mail.jpg HTTP/1.1" 200 11165 "http://www.mink-gmbh.de/index.php" "Mozilla/5.0 (Windows NT 6.1; rv:14.0) Gecko/20100101 Firefox/14.0.1"
89.247.68.193 - - [01/Aug/2012:20:56:30 +0200] "GET /images/kwk.gif HTTP/1.1" 200 6403 "http://www.mink-gmbh.de/index.php" "Mozilla/5.0 (Windows NT 6.1; rv:14.0) Gecko/20100101 Firefox/14.0.1"
89.247.68.193 - - [01/Aug/2012:20:56:30 +0200] "GET /images/wunschpreis.jpg HTTP/1.1" 200 16767 "http://www.mink-gmbh.de/index.php" "Mozilla/5.0 (Windows NT 6.1; rv:14.0) Gecko/20100101 Firefox/14.0.1"
89.247.68.193 - - [01/Aug/2012:20:56:30 +0200] "GET /images/logos.jpg HTTP/1.1" 200 15002 "http://www.mink-gmbh.de/index.php" "Mozilla/5.0 (Windows NT 6.1; rv:14.0) Gecko/20100101 Firefox/14.0.1"
89.247.68.193 - - [01/Aug/2012:20:56:30 +0200] "GET /images/bg.jpg HTTP/1.1" 200 345 "http://www.mink-gmbh.de/style.css" "Mozilla/5.0 (Windows NT 6.1; rv:14.0) Gecko/20100101 Firefox/14.0.1"
89.247.68.193 - - [01/Aug/2012:20:56:30 +0200] "GET /images/close.png HTTP/1.1" 200 703 "http://www.mink-gmbh.de/index.php" "Mozilla/5.0 (Windows NT 6.1; rv:14.0) Gecko/20100101 Firefox/14.0.1"
89.247.68.193 - - [01/Aug/2012:20:56:30 +0200] "GET /images/newsletter_bg.jpg HTTP/1.1" 200 33610 "http://www.mink-gmbh.de/index.php" "Mozilla/5.0 (Windows NT 6.1; rv:14.0) Gecko/20100101 Firefox/14.0.1"
89.247.68.193 - - [01/Aug/2012:20:56:30 +0200] "GET /images/newsletter.png HTTP/1.1" 200 14619 "http://www.mink-gmbh.de/style.css" "Mozilla/5.0 (Windows NT 6.1; rv:14.0) Gecko/20100101 Firefox/14.0.1"
89.247.68.193 - - [01/Aug/2012:20:56:30 +0200] "GET /images/wrapperbg.jpg HTTP/1.1" 200 27465 "http://www.mink-gmbh.de/style.css" "Mozilla/5.0 (Windows NT 6.1; rv:14.0) Gecko/20100101 Firefox/14.0.1"
89.247.68.193 - - [01/Aug/2012:20:56:30 +0200] "GET /images/header.jpg HTTP/1.1" 200 24413 "http://www.mink-gmbh.de/style.css" "Mozilla/5.0 (Windows NT 6.1; rv:14.0) Gecko/20100101 Firefox/14.0.1"
89.247.68.193 - - [01/Aug/2012:20:56:30 +0200] "GET /images/navibg.png HTTP/1.1" 200 2803 "http://www.mink-gmbh.de/style.css" "Mozilla/5.0 (Windows NT 6.1; rv:14.0) Gecko/20100101 Firefox/14.0.1"
89.247.68.193 - - [01/Aug/2012:20:56:30 +0200] "GET /images/fallend.png HTTP/1.1" 200 713 "http://www.mink-gmbh.de/modul.css" "Mozilla/5.0 (Windows NT 6.1; rv:14.0) Gecko/20100101 Firefox/14.0.1"
89.247.68.193 - - [01/Aug/2012:20:56:30 +0200] "GET /images/steigend.png HTTP/1.1" 200 688 "http://www.mink-gmbh.de/modul.css" "Mozilla/5.0 (Windows NT 6.1; rv:14.0) Gecko/20100101 Firefox/14.0.1"
89.247.68.193 - - [01/Aug/2012:20:56:30 +0200] "GET /images/mobil.jpg HTTP/1.1" 200 25293 "http://www.mink-gmbh.de/style.css" "Mozilla/5.0 (Windows NT 6.1; rv:14.0) Gecko/20100101 Firefox/14.0.1"
89.247.68.193 - - [01/Aug/2012:20:56:30 +0200] "GET /images/newsletter.jpg HTTP/1.1" 200 13130 "http://www.mink-gmbh.de/style.css" "Mozilla/5.0 (Windows NT 6.1; rv:14.0) Gecko/20100101 Firefox/14.0.1"
89.247.68.193 - - [01/Aug/2012:20:56:30 +0200] "GET /images/footerbg.jpg HTTP/1.1" 200 2184 "http://www.mink-gmbh.de/style.css" "Mozilla/5.0 (Windows NT 6.1; rv:14.0) Gecko/20100101 Firefox/14.0.1"
46.4.92.141 - - [01/Aug/2012:21:01:21 +0200] "GET /robots.txt HTTP/1.1" 200 177 "-" "Pixray-Seeker/1.1 (Pixray-Seeker; http://www.pixray.com/pixraybot; crawler@pixray.com)"
46.4.92.141 - - [01/Aug/2012:21:01:21 +0200] "GET /news.php?cs_go=archiv&cs_id=1761&cs_search= HTTP/1.1" 200 14208 "-" "Pixray-Seeker/1.1 (Pixray-Seeker; http://www.pixray.com/pixraybot; crawler@pixray.com)"
199.189.87.130 - - [01/Aug/2012:21:07:08 +0200] "GET /news.php?cs_go=archiv HTTP/1.1" 200 22592 "-" "Mozilla/4.0 (compatible; MSIE 6.0; Windows 98; Win 9x4.90)"
176.9.0.13 - - [01/Aug/2012:21:16:18 +0200] "GET /robots.txt HTTP/1.1" 200 177 "-" "Pixray-Seeker/1.1 (Pixray-Seeker; http://www.pixray.com/pixraybot; crawler@pixray.com)"
176.9.0.13 - - [01/Aug/2012:21:16:19 +0200] "GET /news.php?cs_go=archiv&cs_id=2804&cs_search= HTTP/1.1" 200 14080 "-" "Pixray-Seeker/1.1 (Pixray-Seeker; http://www.pixray.com/pixraybot; crawler@pixray.com)"
46.4.116.100 - - [01/Aug/2012:21:38:43 +0200] "GET /robots.txt HTTP/1.1" 200 177 "-" "Pixray-Seeker/1.1 (Pixray-Seeker; http://www.pixray.com/pixraybot; crawler@pixray.com)"
46.4.116.100 - - [01/Aug/2012:21:38:43 +0200] "GET /news.php?cs_go=archiv&cs_id=3300&cs_search= HTTP/1.1" 200 9887 "-" "Pixray-Seeker/1.1 (Pixray-Seeker; http://www.pixray.com/pixraybot; crawler@pixray.com)"
46.4.118.75 - - [01/Aug/2012:21:52:41 +0200] "GET /robots.txt HTTP/1.1" 200 177 "-" "Pixray-Seeker/1.1 (Pixray-Seeker; http://www.pixray.com/pixraybot; crawler@pixray.com)"
46.4.118.75 - - [01/Aug/2012:21:52:41 +0200] "GET /news.php?cs_go=archiv&cs_id=1760&cs_search= HTTP/1.1" 200 14005 "-" "Pixray-Seeker/1.1 (Pixray-Seeker; http://www.pixray.com/pixraybot; crawler@pixray.com)"
66.249.72.169 - - [01/Aug/2012:21:58:37 +0200] "GET /news.php?cs_go=archiv&cs_id=2317&cs_search= HTTP/1.1" 200 9980 "-" "Mozilla/5.0 (compatible; Googlebot/2.1; +http://www.google.com/bot.html)"
66.249.72.169 - - [01/Aug/2012:22:00:26 +0200] "GET /news.php?cs_go=archiv&cs_startpos=0 HTTP/1.1" 200 22592 "-" "Mozilla/5.0 (compatible; Googlebot/2.1; +http://www.google.com/bot.html)"
46.4.125.109 - - [01/Aug/2012:22:08:38 +0200] "GET /robots.txt HTTP/1.1" 200 177 "-" "Pixray-Seeker/1.1 (Pixray-Seeker; http://www.pixray.com/pixraybot; crawler@pixray.com)"
46.4.125.109 - - [01/Aug/2012:22:08:38 +0200] "GET /news.php?cs_go=archiv&cs_id=2302&cs_search= HTTP/1.1" 200 10306 "-" "Pixray-Seeker/1.1 (Pixray-Seeker; http://www.pixray.com/pixraybot; crawler@pixray.com)"
66.249.72.169 - - [01/Aug/2012:22:28:41 +0200] "GET /news.php?cs_go=archiv&cs_id=1822&cs_search= HTTP/1.1" 200 12687 "-" "Mozilla/5.0 (compatible; Googlebot/2.1; +http://www.google.com/bot.html)"
188.40.85.200 - - [01/Aug/2012:22:33:07 +0200] "GET /robots.txt HTTP/1.1" 200 177 "-" "Pixray-Seeker/1.1 (Pixray-Seeker; http://www.pixray.com/pixraybot; crawler@pixray.com)"
188.40.85.200 - - [01/Aug/2012:22:33:07 +0200] "GET /news.php?cs_go=archiv&cs_id=2358&cs_search= HTTP/1.1" 200 11385 "-" "Pixray-Seeker/1.1 (Pixray-Seeker; http://www.pixray.com/pixraybot; crawler@pixray.com)"
66.249.72.169 - - [01/Aug/2012:22:43:43 +0200] "GET /news.php?cs_go=archiv&cs_id=3313&cs_search= HTTP/1.1" 200 13692 "-" "Mozilla/5.0 (compatible; Googlebot/2.1; +http://www.google.com/bot.html)"
66.249.72.169 - - [01/Aug/2012:22:46:04 +0200] "GET /news.php?cs_go=archiv&cs_id=3315&cs_search= HTTP/1.1" 200 13021 "-" "Mozilla/5.0 (compatible; Googlebot/2.1; +http://www.google.com/bot.html)"
66.249.72.169 - - [01/Aug/2012:22:48:32 +0200] "GET /news.php?cs_go=archiv&cs_id=3312&cs_search= HTTP/1.1" 200 9839 "-" "Mozilla/5.0 (compatible; Googlebot/2.1; +http://www.google.com/bot.html)"
176.9.0.12 - - [01/Aug/2012:22:49:03 +0200] "GET /robots.txt HTTP/1.1" 200 177 "-" "Pixray-Seeker/1.1 (Pixray-Seeker; http://www.pixray.com/pixraybot; crawler@pixray.com)"
176.9.0.12 - - [01/Aug/2012:22:49:03 +0200] "GET /news.php?cs_go=archiv&cs_startpos=1471 HTTP/1.1" 200 22837 "-" "Pixray-Seeker/1.1 (Pixray-Seeker; http://www.pixray.com/pixraybot; crawler@pixray.com)"
66.249.72.169 - - [01/Aug/2012:22:49:47 +0200] "GET /news.php?cs_go=archiv&cs_startpos=1481 HTTP/1.1" 200 22811 "-" "Mozilla/5.0 (compatible; Googlebot/2.1; +http://www.google.com/bot.html)"
66.249.72.169 - - [01/Aug/2012:22:54:10 +0200] "GET /news.php?cs_go=archiv&cs_id=2374&cs_search= HTTP/1.1" 200 14474 "-" "Mozilla/5.0 (compatible; Googlebot/2.1; +http://www.google.com/bot.html)"
207.46.13.211 - - [01/Aug/2012:23:06:13 +0200] "GET /robots.txt HTTP/1.1" 200 177 "-" "Mozilla/5.0 (compatible; bingbot/2.0; +http://www.bing.com/bingbot.htm)"
207.46.13.211 - - [01/Aug/2012:23:06:48 +0200] "GET / HTTP/1.1" 200 14899 "-" "Mozilla/5.0 (compatible; bingbot/2.0; +http://www.bing.com/bingbot.htm)"
188.40.85.200 - - [01/Aug/2012:23:07:36 +0200] "GET /robots.txt HTTP/1.1" 200 177 "-" "Pixray-Seeker/1.1 (Pixray-Seeker; http://www.pixray.com/pixraybot; crawler@pixray.com)"
188.40.85.200 - - [01/Aug/2012:23:07:37 +0200] "GET /news.php?cs_go=archiv&cs_id=2331&cs_search= HTTP/1.1" 200 14414 "-" "Pixray-Seeker/1.1 (Pixray-Seeker; http://www.pixray.com/pixraybot; crawler@pixray.com)"
65.36.241.79 - - [01/Aug/2012:23:10:15 +0200] "HEAD / HTTP/1.1" 200 - "-" "InternetSeer.com"
176.9.7.28 - - [01/Aug/2012:23:23:52 +0200] "GET /robots.txt HTTP/1.1" 200 177 "-" "Pixray-Seeker/1.1 (Pixray-Seeker; http://www.pixray.com/pixraybot; crawler@pixray.com)"
176.9.7.28 - - [01/Aug/2012:23:23:52 +0200] "GET /news.php?cs_go=archiv&cs_id=2341&cs_search= HTTP/1.1" 200 9283 "-" "Pixray-Seeker/1.1 (Pixray-Seeker; http://www.pixray.com/pixraybot; crawler@pixray.com)"
208.115.113.91 - - [01/Aug/2012:23:37:46 +0200] "GET /robots.txt HTTP/1.1" 200 177 "-" "Mozilla/5.0 (compatible; Ezooms/1.0; ezooms.bot@gmail.com)"
66.249.72.169 - - [01/Aug/2012:23:40:11 +0200] "GET /news.php?cs_go=archiv&cs_id=1771&cs_search= HTTP/1.1" 200 14261 "-" "Mozilla/5.0 (compatible; Googlebot/2.1; +http://www.google.com/bot.html)"
46.4.92.141 - - [01/Aug/2012:23:42:21 +0200] "GET /robots.txt HTTP/1.1" 200 177 "-" "Pixray-Seeker/1.1 (Pixray-Seeker; http://www.pixray.com/pixraybot; crawler@pixray.com)"
46.4.92.141 - - [01/Aug/2012:23:42:21 +0200] "GET /news.php?cs_go=archiv&cs_startpos=800 HTTP/1.1" 200 23114 "-" "Pixray-Seeker/1.1 (Pixray-Seeker; http://www.pixray.com/pixraybot; crawler@pixray.com)"
65.52.104.14 - - [01/Aug/2012:23:43:49 +0200] "GET /faq.php HTTP/1.1" 200 185821 "-" "Mozilla/5.0 (compatible; bingbot/2.0; +http://www.bing.com/bingbot.htm)"
66.249.72.169 - - [01/Aug/2012:23:44:39 +0200] "GET /news.php?cs_go=archiv&cs_id=1832&cs_search= HTTP/1.1" 200 14125 "-" "Mozilla/5.0 (compatible; Googlebot/2.1; +http://www.google.com/bot.html)"
46.4.118.75 - - [01/Aug/2012:23:57:25 +0200] "GET /robots.txt HTTP/1.1" 200 177 "-" "Pixray-Seeker/1.1 (Pixray-Seeker; http://www.pixray.com/pixraybot; crawler@pixray.com)"
46.4.118.75 - - [01/Aug/2012:23:57:25 +0200] "GET /news.php?cs_go=archiv&cs_startpos=20 HTTP/1.1" 200 22664 "-" "Pixray-Seeker/1.1 (Pixray-Seeker; http://www.pixray.com/pixraybot; crawler@pixray.com)"
123.125.71.72 - - [02/Aug/2012:00:07:22 +0200] "GET / HTTP/1.1" 200 14899 "-" "Mozilla/5.0 (compatible; Baiduspider/2.0; +http://www.baidu.com/search/spider.html)"
123.125.71.38 - - [02/Aug/2012:00:07:30 +0200] "GET /news.php?cs_go=archiv&cs_id=3311 HTTP/1.1" 200 13505 "-" "Mozilla/5.0 (compatible; Baiduspider/2.0; +http://www.baidu.com/search/spider.html)"
123.125.71.103 - - [02/Aug/2012:00:07:32 +0200] "GET /news.php?cs_go=archiv&cs_id=3315 HTTP/1.1" 200 13021 "-" "Mozilla/5.0 (compatible; Baiduspider/2.0; +http://www.baidu.com/search/spider.html)"
123.125.71.100 - - [02/Aug/2012:00:07:34 +0200] "GET /style.css HTTP/1.1" 200 8418 "-" "Mozilla/5.0 (compatible; Baiduspider/2.0; +http://www.baidu.com/search/spider.html)"
123.125.71.69 - - [02/Aug/2012:00:07:35 +0200] "GET /news.php?cs_go=archiv&cs_id=3313 HTTP/1.1" 200 13692 "-" "Mozilla/5.0 (compatible; Baiduspider/2.0; +http://www.baidu.com/search/spider.html)"
