89.247.57.164 - - [03/Aug/2012:08:02:36 +0200] "GET /images/navibg.png HTTP/1.1" 200 2803 "http://www.mink-gmbh.de/style.css" "Mozilla/5.0 (Windows NT 6.1; rv:14.0) Gecko/20100101 Firefox/14.0.1"
89.247.57.164 - - [03/Aug/2012:08:03:09 +0200] "GET /images/tkw.jpg HTTP/1.1" 200 64031 "http://www.mink-gmbh.de/index.php" "Mozilla/5.0 (Windows NT 6.1; rv:14.0) Gecko/20100101 Firefox/14.0.1"
89.247.57.164 - - [03/Aug/2012:08:02:34 +0200] "GET /index.php HTTP/1.1" 200 14775 "-" "Mozilla/5.0 (Windows NT 6.1; rv:14.0) Gecko/20100101 Firefox/14.0.1"
89.247.57.164 - - [03/Aug/2012:08:03:11 +0200] "GET /images/freecall.jpg HTTP/1.1" 200 39195 "http://www.mink-gmbh.de/index.php" "Mozilla/5.0 (Windows NT 6.1; rv:14.0) Gecko/20100101 Firefox/14.0.1"
89.247.57.164 - - [03/Aug/2012:08:03:12 +0200] "GET /images/mail.jpg HTTP/1.1" 200 11165 "http://www.mink-gmbh.de/index.php" "Mozilla/5.0 (Windows NT 6.1; rv:14.0) Gecko/20100101 Firefox/14.0.1"
89.247.57.164 - - [03/Aug/2012:08:03:12 +0200] "GET /images/kwk.gif HTTP/1.1" 200 6403 "http://www.mink-gmbh.de/index.php" "Mozilla/5.0 (Windows NT 6.1; rv:14.0) Gecko/20100101 Firefox/14.0.1"
89.247.57.164 - - [03/Aug/2012:08:03:12 +0200] "GET /images/wunschpreis.jpg HTTP/1.1" 200 16767 "http://www.mink-gmbh.de/index.php" "Mozilla/5.0 (Windows NT 6.1; rv:14.0) Gecko/20100101 Firefox/14.0.1"
89.247.57.164 - - [03/Aug/2012:08:03:12 +0200] "GET /images/logos.jpg HTTP/1.1" 200 15002 "http://www.mink-gmbh.de/index.php" "Mozilla/5.0 (Windows NT 6.1; rv:14.0) Gecko/20100101 Firefox/14.0.1"
89.247.57.164 - - [03/Aug/2012:08:03:12 +0200] "GET /images/newsletter.jpg HTTP/1.1" 200 13130 "http://www.mink-gmbh.de/style.css" "Mozilla/5.0 (Windows NT 6.1; rv:14.0) Gecko/20100101 Firefox/14.0.1"
89.247.57.164 - - [03/Aug/2012:08:03:12 +0200] "GET /images/mobil.jpg HTTP/1.1" 200 25293 "http://www.mink-gmbh.de/style.css" "Mozilla/5.0 (Windows NT 6.1; rv:14.0) Gecko/20100101 Firefox/14.0.1"
89.247.57.164 - - [03/Aug/2012:08:03:12 +0200] "GET /images/footerbg.jpg HTTP/1.1" 200 2184 "http://www.mink-gmbh.de/style.css" "Mozilla/5.0 (Windows NT 6.1; rv:14.0) Gecko/20100101 Firefox/14.0.1"
89.247.57.164 - - [03/Aug/2012:08:03:12 +0200] "GET /images/steigend.png HTTP/1.1" 200 688 "http://www.mink-gmbh.de/modul.css" "Mozilla/5.0 (Windows NT 6.1; rv:14.0) Gecko/20100101 Firefox/14.0.1"
89.247.57.164 - - [03/Aug/2012:08:03:12 +0200] "GET /images/fallend.png HTTP/1.1" 200 713 "http://www.mink-gmbh.de/modul.css" "Mozilla/5.0 (Windows NT 6.1; rv:14.0) Gecko/20100101 Firefox/14.0.1"
85.25.110.109 - - [03/Aug/2012:08:24:24 +0200] "GET /newsletter.php HTTP/1.1" 200 8907 "-" "Mozilla/4.0 (compatible; MSIE 6.0; Windows 98; Win 9x4.90)"
123.125.71.32 - - [03/Aug/2012:08:55:40 +0200] "GET /robots.txt HTTP/1.1" 200 177 "-" "Mozilla/5.0 (Windows NT 5.1; rv:6.0.2) Gecko/20100101 Firefox/6.0.2"
208.115.113.91 - - [03/Aug/2012:09:24:08 +0200] "GET /robots.txt HTTP/1.1" 200 177 "-" "Mozilla/5.0 (compatible; Ezooms/1.0; ezooms.bot@gmail.com)"
66.249.71.108 - - [03/Aug/2012:09:36:27 +0200] "GET /news.php?cs_go=archiv&cs_id=1751&cs_search= HTTP/1.1" 200 14245 "-" "Mozilla/5.0 (compatible; Googlebot/2.1; +http://www.google.com/bot.html)"
208.115.111.75 - - [03/Aug/2012:09:45:42 +0200] "GET /news.php?cs_go=archiv&cs_id=1924&cs_search= HTTP/1.1" 200 9620 "-" "Mozilla/5.0 (compatible; Ezooms/1.0; ezooms.bot@gmail.com)"
208.115.111.75 - - [03/Aug/2012:09:46:26 +0200] "GET /news.php?cs_go=archiv&cs_id=3065&cs_search= HTTP/1.1" 200 9814 "-" "Mozilla/5.0 (compatible; Ezooms/1.0; ezooms.bot@gmail.com)"
208.115.111.75 - - [03/Aug/2012:09:46:27 +0200] "GET /news.php?cs_go=archiv&cs_startpos=1260 HTTP/1.1" 200 23097 "-" "Mozilla/5.0 (compatible; Ezooms/1.0; ezooms.bot@gmail.com)"
66.249.71.108 - - [03/Aug/2012:09:54:33 +0200] "GET /news.php?cs_go=archiv&cs_id=1752&cs_search= HTTP/1.1" 200 12845 "-" "Mozilla/5.0 (compatible; Googlebot/2.1; +http://www.google.com/bot.html)"
66.249.71.108 - - [03/Aug/2012:10:18:40 +0200] "GET /news.php?cs_go=archiv&cs_id=1803&cs_search= HTTP/1.1" 200 14136 "-" "Mozilla/5.0 (compatible; Googlebot/2.1; +http://www.google.com/bot.html)"
220.181.108.155 - - [03/Aug/2012:10:23:54 +0200] "GET /images/kwk.gif HTTP/1.1" 200 6403 "http://image.baidu.com/i?ct=503316480&z=0&tn=baiduimagedetail" "Baiduspider-image+(+http://www.baidu.com/search/spider.htm)"
123.125.71.26 - - [03/Aug/2012:10:25:52 +0200] "GET / HTTP/1.1" 200 8123 "-" "Mozilla/5.0 (compatible; Baiduspider/2.0; +http://www.baidu.com/search/spider.html)"
220.181.108.97 - - [03/Aug/2012:10:26:12 +0200] "GET / HTTP/1.1" 200 9688 "-" "Mozilla/5.0 (compatible; Baiduspider/2.0; +http://www.baidu.com/search/spider.html)"
208.115.113.91 - - [03/Aug/2012:10:52:40 +0200] "GET /news.php?cs_go=archiv&cs_id=2953&cs_search= HTTP/1.1" 200 9952 "-" "Mozilla/5.0 (compatible; Ezooms/1.0; ezooms.bot@gmail.com)"
208.115.113.91 - - [03/Aug/2012:10:52:43 +0200] "GET /news.php?cs_go=archiv&cs_startpos=1070 HTTP/1.1" 200 23055 "-" "Mozilla/5.0 (compatible; Ezooms/1.0; ezooms.bot@gmail.com)"
208.115.113.91 - - [03/Aug/2012:10:52:48 +0200] "GET /news.php?cs_go=archiv&cs_startpos=110 HTTP/1.1" 200 22858 "-" "Mozilla/5.0 (compatible; Ezooms/1.0; ezooms.bot@gmail.com)"
65.36.241.79 - - [03/Aug/2012:11:25:23 +0200] "HEAD / HTTP/1.1" 200 - "-" "InternetSeer.com"
66.249.71.108 - - [03/Aug/2012:11:40:56 +0200] "GET /news.php?cs_go=archiv&cs_id=1804&cs_search= HTTP/1.1" 200 13160 "-" "Mozilla/5.0 (compatible; Googlebot/2.1; +http://www.google.com/bot.html)"
66.249.71.108 - - [03/Aug/2012:11:56:43 +0200] "GET / HTTP/1.1" 200 14775 "-" "Mozilla/5.0 (compatible; Googlebot/2.1; +http://www.google.com/bot.html)"
66.249.71.108 - - [03/Aug/2012:12:07:53 +0200] "GET /images/close.png HTTP/1.1" 200 703 "-" "Mozilla/5.0 (compatible; Googlebot/2.1; +http://www.google.com/bot.html)"
66.249.71.108 - - [03/Aug/2012:12:07:54 +0200] "GET /images/mail.jpg HTTP/1.1" 200 11165 "-" "Mozilla/5.0 (compatible; Googlebot/2.1; +http://www.google.com/bot.html)"
66.249.71.108 - - [03/Aug/2012:12:07:54 +0200] "GET /images/newsletter_bg.jpg HTTP/1.1" 200 33610 "-" "Mozilla/5.0 (compatible; Googlebot/2.1; +http://www.google.com/bot.html)"
66.249.71.108 - - [03/Aug/2012:12:22:29 +0200] "GET /news.php?cs_go=archiv&cs_id=2871&cs_search= HTTP/1.1" 200 13662 "-" "Mozilla/5.0 (compatible; Googlebot/2.1; +http://www.google.com/bot.html)"
66.249.71.108 - - [03/Aug/2012:12:24:38 +0200] "GET /news.php?cs_go=archiv&cs_id=1844&cs_search= HTTP/1.1" 200 13956 "-" "Mozilla/5.0 (compatible; Googlebot/2.1; +http://www.google.com/bot.html)"
66.249.71.108 - - [03/Aug/2012:12:31:09 +0200] "GET /news.php?cs_go=archiv&cs_id=1698&cs_search= HTTP/1.1" 200 14100 "-" "Mozilla/5.0 (compatible; Googlebot/2.1; +http://www.google.com/bot.html)"
66.249.71.108 - - [03/Aug/2012:12:37:32 +0200] "GET /news.php?cs_go=archiv&cs_id=3321 HTTP/1.1" 200 9841 "-" "Mozilla/5.0 (compatible; Googlebot/2.1; +http://www.google.com/bot.html)"
66.249.71.108 - - [03/Aug/2012:12:39:31 +0200] "GET /news.php?cs_go=archiv&cs_id=3322 HTTP/1.1" 200 11581 "-" "Mozilla/5.0 (compatible; Googlebot/2.1; +http://www.google.com/bot.html)"
66.249.71.108 - - [03/Aug/2012:12:52:49 +0200] "GET /news.php?cs_go=archiv&cs_id=1891&cs_search= HTTP/1.1" 200 14084 "-" "Mozilla/5.0 (compatible; Googlebot/2.1; +http://www.google.com/bot.html)"
66.249.71.108 - - [03/Aug/2012:13:00:59 +0200] "GET /news.php?cs_go=archiv&cs_id=1850&cs_search= HTTP/1.1" 200 14001 "-" "Mozilla/5.0 (compatible; Googlebot/2.1; +http://www.google.com/bot.html)"
66.249.71.108 - - [03/Aug/2012:13:03:02 +0200] "GET /news.php?cs_go=archiv&cs_id=1806&cs_search= HTTP/1.1" 200 14377 "-" "Mozilla/5.0 (compatible; Googlebot/2.1; +http://www.google.com/bot.html)"
66.249.71.108 - - [03/Aug/2012:13:03:43 +0200] "GET /news.php?cs_go=archiv&cs_id=1825&cs_search= HTTP/1.1" 200 15022 "-" "Mozilla/5.0 (compatible; Googlebot/2.1; +http://www.google.com/bot.html)"
123.125.71.57 - - [03/Aug/2012:13:27:45 +0200] "GET / HTTP/1.1" 200 9688 "-" "Mozilla/5.0 (compatible; Baiduspider/2.0; +http://www.baidu.com/search/spider.html)"
220.181.108.99 - - [03/Aug/2012:13:28:10 +0200] "GET / HTTP/1.1" 200 9688 "-" "Mozilla/5.0 (compatible; Baiduspider/2.0; +http://www.baidu.com/search/spider.html)"
66.249.71.108 - - [03/Aug/2012:13:36:39 +0200] "GET /news.php?cs_go=archiv&cs_id=1695&cs_search= HTTP/1.1" 200 14035 "-" "Mozilla/5.0 (compatible; Googlebot/2.1; +http://www.google.com/bot.html)"
66.249.71.108 - - [03/Aug/2012:13:58:39 +0200] "GET /news.php?cs_go=archiv&cs_id=1753&cs_search= HTTP/1.1" 200 14113 "-" "Mozilla/5.0 (compatible; Googlebot/2.1; +http://www.google.com/bot.html)"
66.249.71.108 - - [03/Aug/2012:14:37:00 +0200] "GET /news.php?cs_go=archiv&cs_id=1840&cs_search= HTTP/1.1" 200 13969 "-" "Mozilla/5.0 (compatible; Googlebot/2.1; +http://www.google.com/bot.html)"
37.4.183.29 - - [03/Aug/2012:15:20:33 +0200] "GET /wunschpreis.php HTTP/1.1" 200 12059 "-" "findlinks/2.0.2 (+http://wortschatz.uni-leipzig.de/findlinks/)"
37.4.183.29 - - [03/Aug/2012:15:20:34 +0200] "GET /wunschpreis.php HTTP/1.1" 200 11972 "-" "findlinks/2.0.2 (+http://wortschatz.uni-leipzig.de/findlinks/)"
72.249.170.146 - - [03/Aug/2012:15:55:17 +0200] "GET /wp-login.php HTTP/1.1" 404 - "-" "Opera/9.80 (Windows NT 6.1; U; en) Presto/2.6.30 Version/10.63"
69.194.193.149 - - [03/Aug/2012:15:55:18 +0200] "GET /blog/wp-login.php HTTP/1.1" 404 - "-" "Opera/9.80 (Windows NT 6.1; U; en) Presto/2.6.30 Version/10.63"
65.36.241.79 - - [03/Aug/2012:16:07:50 +0200] "HEAD / HTTP/1.1" 200 - "-" "InternetSeer.com"
208.115.111.75 - - [03/Aug/2012:16:23:19 +0200] "GET /robots.txt HTTP/1.1" 200 177 "-" "Mozilla/5.0 (compatible; Ezooms/1.0; ezooms.bot@gmail.com)"
208.115.111.75 - - [03/Aug/2012:16:58:09 +0200] "GET /robots.txt HTTP/1.1" 200 177 "-" "Mozilla/5.0 (compatible; Ezooms/1.0; ezooms.bot@gmail.com)"
139.18.2.17 - - [03/Aug/2012:17:42:19 +0200] "GET /news.php HTTP/1.1" 200 6952 "-" "findlinks/2.6 (+http://wortschatz.uni-leipzig.de/findlinks/)"
139.18.2.17 - - [03/Aug/2012:17:42:19 +0200] "GET /news.php HTTP/1.1" 200 22434 "-" "findlinks/2.6 (+http://wortschatz.uni-leipzig.de/findlinks/)"
98.114.187.3 - - [03/Aug/2012:17:46:55 +0200] "GET / HTTP/1.1" 200 14825 "-" "atwatch-bot"
130.83.167.153 - - [03/Aug/2012:17:49:00 +0200] "GET /impressum.php HTTP/1.1" 200 8582 "-" "findlinks/2.6 (+http://wortschatz.uni-leipzig.de/findlinks/)"
130.83.167.153 - - [03/Aug/2012:17:49:00 +0200] "GET /impressum.php HTTP/1.1" 200 8495 "-" "findlinks/2.6 (+http://wortschatz.uni-leipzig.de/findlinks/)"
139.18.2.17 - - [03/Aug/2012:17:54:16 +0200] "GET /preisanfrage.php HTTP/1.1" 200 6426 "-" "findlinks/2.6 (+http://wortschatz.uni-leipzig.de/findlinks/)"
139.18.2.17 - - [03/Aug/2012:17:54:16 +0200] "GET /preisanfrage.php HTTP/1.1" 200 10623 "-" "findlinks/2.6 (+http://wortschatz.uni-leipzig.de/findlinks/)"
213.93.87.91 - - [03/Aug/2012:18:00:34 +0200] "GET /robots.txt HTTP/1.0" 200 177 "-" "Mozilla/5.0 (compatible; MJ12bot/v1.4.3; http://www.majestic12.co.uk/bot.php?+)"
213.93.87.91 - - [03/Aug/2012:18:00:36 +0200] "GET /agb.php HTTP/1.0" 200 19709 "-" "Mozilla/5.0 (compatible; MJ12bot/v1.4.3; http://www.majestic12.co.uk/bot.php?+)"
213.93.87.91 - - [03/Aug/2012:18:00:38 +0200] "GET /news.php?cs_go=archiv&cs_id=2678 HTTP/1.0" 200 10039 "-" "Mozilla/5.0 (compatible; MJ12bot/v1.4.3; http://www.majestic12.co.uk/bot.php?+)"
213.93.87.91 - - [03/Aug/2012:18:00:39 +0200] "GET /news.php?cs_go=archiv&cs_id=2679 HTTP/1.0" 200 10735 "-" "Mozilla/5.0 (compatible; MJ12bot/v1.4.3; http://www.majestic12.co.uk/bot.php?+)"
213.93.87.91 - - [03/Aug/2012:18:00:41 +0200] "GET /news.php?cs_go=archiv&cs_id=2680 HTTP/1.0" 200 13681 "-" "Mozilla/5.0 (compatible; MJ12bot/v1.4.3; http://www.majestic12.co.uk/bot.php?+)"
213.93.87.91 - - [03/Aug/2012:18:00:42 +0200] "GET /news.php?cs_go=archiv&cs_id=2681 HTTP/1.0" 200 10222 "-" "Mozilla/5.0 (compatible; MJ12bot/v1.4.3; http://www.majestic12.co.uk/bot.php?+)"
213.93.87.91 - - [03/Aug/2012:18:00:44 +0200] "GET /news.php?cs_go=archiv&cs_id=2682 HTTP/1.0" 200 10652 "-" "Mozilla/5.0 (compatible; MJ12bot/v1.4.3; http://www.majestic12.co.uk/bot.php?+)"
213.93.87.91 - - [03/Aug/2012:18:00:46 +0200] "GET /news.php?cs_go=archiv&cs_id=2683 HTTP/1.0" 200 13623 "-" "Mozilla/5.0 (compatible; MJ12bot/v1.4.3; http://www.majestic12.co.uk/bot.php?+)"
213.93.87.91 - - [03/Aug/2012:18:00:47 +0200] "GET /news.php?cs_go=archiv&cs_id=2684 HTTP/1.0" 200 10069 "-" "Mozilla/5.0 (compatible; MJ12bot/v1.4.3; http://www.majestic12.co.uk/bot.php?+)"
213.93.87.91 - - [03/Aug/2012:18:00:49 +0200] "GET /news.php?cs_go=archiv&cs_id=2685 HTTP/1.0" 200 9714 "-" "Mozilla/5.0 (compatible; MJ12bot/v1.4.3; http://www.majestic12.co.uk/bot.php?+)"
213.93.87.91 - - [03/Aug/2012:18:00:50 +0200] "GET /news.php?cs_go=archiv&cs_id=2686 HTTP/1.0" 200 10192 "-" "Mozilla/5.0 (compatible; MJ12bot/v1.4.3; http://www.majestic12.co.uk/bot.php?+)"
213.93.87.91 - - [03/Aug/2012:18:00:52 +0200] "GET /news.php?cs_go=archiv&cs_id=2687 HTTP/1.0" 200 10312 "-" "Mozilla/5.0 (compatible; MJ12bot/v1.4.3; http://www.majestic12.co.uk/bot.php?+)"
213.93.87.91 - - [03/Aug/2012:18:00:53 +0200] "GET /news.php?cs_go=archiv&cs_id=2688 HTTP/1.0" 200 13920 "-" "Mozilla/5.0 (compatible; MJ12bot/v1.4.3; http://www.majestic12.co.uk/bot.php?+)"
213.93.87.91 - - [03/Aug/2012:18:00:55 +0200] "GET /news.php?cs_go=archiv&cs_id=2689 HTTP/1.0" 200 10371 "-" "Mozilla/5.0 (compatible; MJ12bot/v1.4.3; http://www.majestic12.co.uk/bot.php?+)"
213.93.87.91 - - [03/Aug/2012:18:00:57 +0200] "GET /news.php?cs_go=archiv&cs_id=2690 HTTP/1.0" 200 10473 "-" "Mozilla/5.0 (compatible; MJ12bot/v1.4.3; http://www.majestic12.co.uk/bot.php?+)"
213.93.87.91 - - [03/Aug/2012:18:00:58 +0200] "GET /news.php?cs_go=archiv&cs_id=2691 HTTP/1.0" 200 13935 "-" "Mozilla/5.0 (compatible; MJ12bot/v1.4.3; http://www.majestic12.co.uk/bot.php?+)"
89.247.108.217 - - [03/Aug/2012:18:30:18 +0200] "GET /style.css HTTP/1.1" 200 8418 "http://www.mink-gmbh.de/index.php" "Mozilla/5.0 (Windows NT 6.1; rv:14.0) Gecko/20100101 Firefox/14.0.1"
89.247.108.217 - - [03/Aug/2012:18:30:18 +0200] "GET /modul.css HTTP/1.1" 200 35038 "http://www.mink-gmbh.de/index.php" "Mozilla/5.0 (Windows NT 6.1; rv:14.0) Gecko/20100101 Firefox/14.0.1"
89.247.108.217 - - [03/Aug/2012:18:30:18 +0200] "GET /favicon.ico HTTP/1.1" 200 3638 "-" "Mozilla/5.0 (Windows NT 6.1; rv:14.0) Gecko/20100101 Firefox/14.0.1"
89.247.108.217 - - [03/Aug/2012:18:30:18 +0200] "GET /images/tkw.jpg HTTP/1.1" 200 64031 "http://www.mink-gmbh.de/index.php" "Mozilla/5.0 (Windows NT 6.1; rv:14.0) Gecko/20100101 Firefox/14.0.1"
89.247.108.217 - - [03/Aug/2012:18:30:18 +0200] "GET /index.php HTTP/1.1" 200 14825 "-" "Mozilla/5.0 (Windows NT 6.1; rv:14.0) Gecko/20100101 Firefox/14.0.1"
89.247.108.217 - - [03/Aug/2012:18:30:19 +0200] "GET /images/freecall.jpg HTTP/1.1" 200 39195 "http://www.mink-gmbh.de/index.php" "Mozilla/5.0 (Windows NT 6.1; rv:14.0) Gecko/20100101 Firefox/14.0.1"
89.247.108.217 - - [03/Aug/2012:18:30:19 +0200] "GET /images/mail.jpg HTTP/1.1" 200 11165 "http://www.mink-gmbh.de/index.php" "Mozilla/5.0 (Windows NT 6.1; rv:14.0) Gecko/20100101 Firefox/14.0.1"
89.247.108.217 - - [03/Aug/2012:18:30:19 +0200] "GET /images/kwk.gif HTTP/1.1" 200 6403 "http://www.mink-gmbh.de/index.php" "Mozilla/5.0 (Windows NT 6.1; rv:14.0) Gecko/20100101 Firefox/14.0.1"
89.247.108.217 - - [03/Aug/2012:18:30:19 +0200] "GET /images/logos.jpg HTTP/1.1" 200 15002 "http://www.mink-gmbh.de/index.php" "Mozilla/5.0 (Windows NT 6.1; rv:14.0) Gecko/20100101 Firefox/14.0.1"
89.247.108.217 - - [03/Aug/2012:18:30:19 +0200] "GET /images/wunschpreis.jpg HTTP/1.1" 200 16767 "http://www.mink-gmbh.de/index.php" "Mozilla/5.0 (Windows NT 6.1; rv:14.0) Gecko/20100101 Firefox/14.0.1"
89.247.108.217 - - [03/Aug/2012:18:30:19 +0200] "GET /images/bg.jpg HTTP/1.1" 200 345 "http://www.mink-gmbh.de/style.css" "Mozilla/5.0 (Windows NT 6.1; rv:14.0) Gecko/20100101 Firefox/14.0.1"
89.247.108.217 - - [03/Aug/2012:18:30:19 +0200] "GET /images/close.png HTTP/1.1" 200 703 "http://www.mink-gmbh.de/index.php" "Mozilla/5.0 (Windows NT 6.1; rv:14.0) Gecko/20100101 Firefox/14.0.1"
89.247.108.217 - - [03/Aug/2012:18:30:19 +0200] "GET /images/newsletter_bg.jpg HTTP/1.1" 200 33610 "http://www.mink-gmbh.de/index.php" "Mozilla/5.0 (Windows NT 6.1; rv:14.0) Gecko/20100101 Firefox/14.0.1"
89.247.108.217 - - [03/Aug/2012:18:30:19 +0200] "GET /images/newsletter.png HTTP/1.1" 200 14619 "http://www.mink-gmbh.de/style.css" "Mozilla/5.0 (Windows NT 6.1; rv:14.0) Gecko/20100101 Firefox/14.0.1"
89.247.108.217 - - [03/Aug/2012:18:30:19 +0200] "GET /images/wrapperbg.jpg HTTP/1.1" 200 27465 "http://www.mink-gmbh.de/style.css" "Mozilla/5.0 (Windows NT 6.1; rv:14.0) Gecko/20100101 Firefox/14.0.1"
89.247.108.217 - - [03/Aug/2012:18:30:19 +0200] "GET /images/header.jpg HTTP/1.1" 200 24413 "http://www.mink-gmbh.de/style.css" "Mozilla/5.0 (Windows NT 6.1; rv:14.0) Gecko/20100101 Firefox/14.0.1"
89.247.108.217 - - [03/Aug/2012:18:30:19 +0200] "GET /images/navibg.png HTTP/1.1" 200 2803 "http://www.mink-gmbh.de/style.css" "Mozilla/5.0 (Windows NT 6.1; rv:14.0) Gecko/20100101 Firefox/14.0.1"
89.247.108.217 - - [03/Aug/2012:18:30:19 +0200] "GET /images/steigend.png HTTP/1.1" 200 688 "http://www.mink-gmbh.de/modul.css" "Mozilla/5.0 (Windows NT 6.1; rv:14.0) Gecko/20100101 Firefox/14.0.1"
89.247.108.217 - - [03/Aug/2012:18:30:19 +0200] "GET /images/fallend.png HTTP/1.1" 200 713 "http://www.mink-gmbh.de/modul.css" "Mozilla/5.0 (Windows NT 6.1; rv:14.0) Gecko/20100101 Firefox/14.0.1"
89.247.108.217 - - [03/Aug/2012:18:30:19 +0200] "GET /images/mobil.jpg HTTP/1.1" 200 25293 "http://www.mink-gmbh.de/style.css" "Mozilla/5.0 (Windows NT 6.1; rv:14.0) Gecko/20100101 Firefox/14.0.1"
89.247.108.217 - - [03/Aug/2012:18:30:19 +0200] "GET /images/newsletter.jpg HTTP/1.1" 200 13130 "http://www.mink-gmbh.de/style.css" "Mozilla/5.0 (Windows NT 6.1; rv:14.0) Gecko/20100101 Firefox/14.0.1"
89.247.108.217 - - [03/Aug/2012:18:30:19 +0200] "GET /images/footerbg.jpg HTTP/1.1" 200 2184 "http://www.mink-gmbh.de/style.css" "Mozilla/5.0 (Windows NT 6.1; rv:14.0) Gecko/20100101 Firefox/14.0.1"
66.249.71.108 - - [03/Aug/2012:18:36:52 +0200] "GET /robots.txt HTTP/1.1" 200 177 "-" "Mozilla/5.0 (compatible; Googlebot/2.1; +http://www.google.com/bot.html)"
66.249.71.108 - - [03/Aug/2012:18:36:53 +0200] "GET /impressum.php HTTP/1.1" 200 8582 "-" "Mozilla/5.0 (compatible; Googlebot/2.1; +http://www.google.com/bot.html)"
208.115.111.75 - - [03/Aug/2012:19:20:45 +0200] "GET /robots.txt HTTP/1.1" 200 177 "-" "Mozilla/5.0 (compatible; Ezooms/1.0; ezooms.bot@gmail.com)"
123.125.71.54 - - [03/Aug/2012:19:29:52 +0200] "GET / HTTP/1.1" 200 9738 "-" "Mozilla/5.0 (compatible; Baiduspider/2.0; +http://www.baidu.com/search/spider.html)"
220.181.108.122 - - [03/Aug/2012:19:30:16 +0200] "GET / HTTP/1.1" 200 14825 "-" "Mozilla/5.0 (compatible; Baiduspider/2.0; +http://www.baidu.com/search/spider.html)"
66.249.71.108 - - [03/Aug/2012:19:49:34 +0200] "GET /images/RAL_Guetezeichen_Energiehandel.pdf HTTP/1.1" 304 - "-" "Mozilla/5.0 (compatible; Googlebot/2.1; +http://www.google.com/bot.html)"
65.36.241.79 - - [03/Aug/2012:20:57:55 +0200] "HEAD / HTTP/1.1" 200 - "-" "InternetSeer.com"
139.18.2.209 - - [03/Aug/2012:21:38:19 +0200] "GET /additive.php HTTP/1.1" 200 15854 "-" "findlinks/2.6 (+http://wortschatz.uni-leipzig.de/findlinks/)"
139.18.2.209 - - [03/Aug/2012:21:38:19 +0200] "GET /additive.php HTTP/1.1" 200 15767 "-" "findlinks/2.6 (+http://wortschatz.uni-leipzig.de/findlinks/)"
66.249.72.169 - - [03/Aug/2012:22:15:10 +0200] "GET /robots.txt HTTP/1.1" 200 177 "-" "Mozilla/5.0 (compatible; Googlebot/2.1; +http://www.google.com/bot.html)"
66.249.72.169 - - [03/Aug/2012:22:15:10 +0200] "GET /news.php?cs_go=archiv&cs_id=2920 HTTP/1.1" 200 11652 "-" "Mozilla/5.0 (compatible; Googlebot/2.1; +http://www.google.com/bot.html)"
66.249.72.169 - - [03/Aug/2012:22:47:29 +0200] "GET /news.php?cs_go=archiv&cs_startpos=531 HTTP/1.1" 200 22712 "-" "Mozilla/5.0 (compatible; Googlebot/2.1; +http://www.google.com/bot.html)"
207.46.13.211 - - [03/Aug/2012:23:25:54 +0200] "GET /robots.txt HTTP/1.1" 200 177 "-" "Mozilla/5.0 (compatible; bingbot/2.0; +http://www.bing.com/bingbot.htm)"
207.46.13.211 - - [03/Aug/2012:23:26:49 +0200] "GET / HTTP/1.1" 200 14825 "-" "Mozilla/5.0 (compatible; bingbot/2.0; +http://www.bing.com/bingbot.htm)"
66.249.72.169 - - [03/Aug/2012:23:31:06 +0200] "GET /news.php?cs_go=archiv&cs_startpos=1530 HTTP/1.1" 200 12807 "-" "Mozilla/5.0 (compatible; Googlebot/2.1; +http://www.google.com/bot.html)"
66.249.72.169 - - [04/Aug/2012:00:51:55 +0200] "GET /news.php HTTP/1.1" 200 22521 "-" "Mozilla/5.0 (compatible; Googlebot/2.1; +http://www.google.com/bot.html)"
66.249.72.169 - - [04/Aug/2012:00:56:09 +0200] "GET /kwk.php HTTP/1.1" 200 10884 "-" "Mozilla/5.0 (iPhone; U; CPU iPhone OS 4_1 like Mac OS X; en-us) AppleWebKit/532.9 (KHTML, like Gecko) Version/4.0.5 Mobile/8B117 Safari/6531.22.7 (compatible; Googlebot-Mobile/2.1; +http://www.google.com/bot.html)"
208.115.111.75 - - [04/Aug/2012:01:03:35 +0200] "GET /robots.txt HTTP/1.1" 200 177 "-" "Mozilla/5.0 (compatible; Ezooms/1.0; ezooms.bot@gmail.com)"
66.249.72.169 - - [04/Aug/2012:01:18:15 +0200] "GET /news.php?cs_go=archiv&cs_id=3325&cs_search= HTTP/1.1" 200 13596 "-" "Mozilla/5.0 (compatible; Googlebot/2.1; +http://www.google.com/bot.html)"
207.46.13.98 - - [04/Aug/2012:01:19:45 +0200] "GET /robots.txt HTTP/1.1" 200 177 "-" "Mozilla/5.0 (compatible; bingbot/2.0; +http://www.bing.com/bingbot.htm)"
207.46.13.98 - - [04/Aug/2012:01:20:22 +0200] "GET /rueckrufservice.php HTTP/1.1" 200 10770 "-" "Mozilla/5.0 (compatible; bingbot/2.0; +http://www.bing.com/bingbot.htm)"
66.249.72.169 - - [04/Aug/2012:01:40:15 +0200] "GET /news.php?cs_go=archiv&cs_id=1908&cs_search= HTTP/1.1" 200 14181 "-" "Mozilla/5.0 (compatible; Googlebot/2.1; +http://www.google.com/bot.html)"
213.186.127.28 - - [04/Aug/2012:01:49:07 +0200] "GET /news.php?cs_go=archiv&cs_id=3206 HTTP/1.1" 200 12948 "-" "Mozilla/5.0 (compatible; AhrefsBot/3.1; +http://ahrefs.com/robot/)"
66.249.72.169 - - [04/Aug/2012:01:53:41 +0200] "GET /news.php?cs_go=archiv&cs_id=1926&cs_search= HTTP/1.1" 200 14060 "-" "Mozilla/5.0 (compatible; Googlebot/2.1; +http://www.google.com/bot.html)"
66.249.72.169 - - [04/Aug/2012:01:56:21 +0200] "GET /news.php?cs_go=archiv&cs_id=1910&cs_search= HTTP/1.1" 200 13973 "-" "Mozilla/5.0 (compatible; Googlebot/2.1; +http://www.google.com/bot.html)"
66.249.72.169 - - [04/Aug/2012:01:59:03 +0200] "GET /news.php?cs_go=archiv&cs_id=2919&cs_search= HTTP/1.1" 200 9778 "-" "Mozilla/5.0 (compatible; Googlebot/2.1; +http://www.google.com/bot.html)"
66.249.72.169 - - [04/Aug/2012:02:04:26 +0200] "GET /news.php?cs_go=archiv&cs_id=1916&cs_search= HTTP/1.1" 200 13897 "-" "Mozilla/5.0 (compatible; Googlebot/2.1; +http://www.google.com/bot.html)"
66.249.72.169 - - [04/Aug/2012:02:09:48 +0200] "GET /news.php?cs_go=archiv&cs_id=1914&cs_search= HTTP/1.1" 200 14059 "-" "Mozilla/5.0 (compatible; Googlebot/2.1; +http://www.google.com/bot.html)"
85.13.131.53 - - [04/Aug/2012:02:15:20 +0200] "GET / HTTP/1.0" 200 5882 "-" "-"
85.13.131.53 - - [04/Aug/2012:02:15:21 +0200] "GET / HTTP/1.0" 200 5882 "-" "-"
213.186.122.3 - - [04/Aug/2012:02:34:09 +0200] "GET /news.php?cs_go=archiv&cs_id=3206&cs_search= HTTP/1.1" 200 12948 "-" "Mozilla/5.0 (compatible; AhrefsBot/3.1; +http://ahrefs.com/robot/)"
207.46.13.93 - - [04/Aug/2012:02:43:14 +0200] "GET /robots.txt HTTP/1.1" 200 177 "-" "Mozilla/5.0 (compatible; bingbot/2.0; +http://www.bing.com/bingbot.htm)"
207.46.13.93 - - [04/Aug/2012:02:43:51 +0200] "GET /index.php HTTP/1.1" 200 14825 "-" "Mozilla/5.0 (compatible; bingbot/2.0; +http://www.bing.com/bingbot.htm)"
66.249.72.169 - - [04/Aug/2012:02:58:09 +0200] "GET /news.php?cs_go=archiv&cs_id=1899&cs_search= HTTP/1.1" 200 14293 "-" "Mozilla/5.0 (compatible; Googlebot/2.1; +http://www.google.com/bot.html)"
213.186.119.139 - - [04/Aug/2012:02:58:12 +0200] "GET /lexikon.php?cs_go=2&cs_char=m HTTP/1.1" 200 9073 "-" "Mozilla/5.0 (compatible; AhrefsBot/3.1; +http://ahrefs.com/robot/)"
65.36.241.79 - - [04/Aug/2012:03:09:57 +0200] "HEAD / HTTP/1.1" 200 - "-" "InternetSeer.com"
66.249.72.169 - - [04/Aug/2012:03:11:34 +0200] "GET /news.php?cs_go=archiv&cs_id=3180&cs_search= HTTP/1.1" 200 13453 "-" "Mozilla/5.0 (compatible; Googlebot/2.1; +http://www.google.com/bot.html)"
66.249.72.169 - - [04/Aug/2012:03:14:16 +0200] "GET /news.php?cs_go=archiv&cs_id=1929&cs_search= HTTP/1.1" 200 14094 "-" "Mozilla/5.0 (compatible; Googlebot/2.1; +http://www.google.com/bot.html)"
213.186.119.137 - - [04/Aug/2012:03:19:12 +0200] "GET /news.php?cs_go=archiv&cs_id=3209 HTTP/1.1" 200 13686 "-" "Mozilla/5.0 (compatible; AhrefsBot/3.1; +http://ahrefs.com/robot/)"
66.249.72.169 - - [04/Aug/2012:03:22:19 +0200] "GET /news.php?cs_go=archiv&cs_id=1925&cs_search= HTTP/1.1" 200 13806 "-" "Mozilla/5.0 (compatible; Googlebot/2.1; +http://www.google.com/bot.html)"
66.249.72.169 - - [04/Aug/2012:03:40:48 +0200] "GET /verkehr/downloads/doc/46617.php HTTP/1.1" 404 - "-" "Mozilla/5.0 (compatible; Googlebot/2.1; +http://www.google.com/bot.html)"
176.9.7.28 - - [04/Aug/2012:03:41:37 +0200] "GET /robots.txt HTTP/1.1" 200 177 "-" "Pixray-Seeker/1.1 (Pixray-Seeker; http://www.pixray.com/pixraybot; crawler@pixray.com)"
176.9.7.28 - - [04/Aug/2012:03:41:37 +0200] "GET /news.php?cs_go=archiv&cs_id=2265&cs_search= HTTP/1.1" 200 10019 "-" "Pixray-Seeker/1.1 (Pixray-Seeker; http://www.pixray.com/pixraybot; crawler@pixray.com)"
65.52.104.87 - - [04/Aug/2012:03:45:02 +0200] "GET /robots.txt HTTP/1.1" 200 177 "-" "Mozilla/5.0 (compatible; bingbot/2.0; +http://www.bing.com/bingbot.htm)"
65.52.104.87 - - [04/Aug/2012:03:47:24 +0200] "GET / HTTP/1.1" 200 14825 "-" "Mozilla/5.0 (compatible; bingbot/2.0; +http://www.bing.com/bingbot.htm)"
213.186.127.3 - - [04/Aug/2012:03:52:56 +0200] "GET /news.php?cs_go=archiv&cs_id=3209&cs_search= HTTP/1.1" 200 13686 "-" "Mozilla/5.0 (compatible; AhrefsBot/3.1; +http://ahrefs.com/robot/)"
213.186.120.196 - - [04/Aug/2012:04:04:11 +0200] "GET /lexikon.php?cs_go=2&cs_char=n HTTP/1.1" 200 8578 "-" "Mozilla/5.0 (compatible; AhrefsBot/3.1; +http://ahrefs.com/robot/)"
212.113.37.106 - - [04/Aug/2012:04:16:21 +0200] "GET /news.php?cs_go=archiv&cs_id=3210 HTTP/1.1" 200 10026 "-" "Mozilla/5.0 (compatible; AhrefsBot/3.1; +http://ahrefs.com/robot/)"
66.249.72.169 - - [04/Aug/2012:04:19:19 +0200] "GET / HTTP/1.1" 200 14825 "-" "Mozilla/5.0 (compatible; Googlebot/2.1; +http://www.google.com/bot.html)"
208.115.113.91 - - [04/Aug/2012:04:30:31 +0200] "GET /robots.txt HTTP/1.1" 200 177 "-" "Mozilla/5.0 (compatible; Ezooms/1.0; ezooms.bot@gmail.com)"
130.83.167.153 - - [04/Aug/2012:04:37:04 +0200] "GET /diesel.php HTTP/1.1" 200 6821 "-" "findlinks/2.6 (+http://wortschatz.uni-leipzig.de/findlinks/)"
130.83.167.153 - - [04/Aug/2012:04:37:04 +0200] "GET /diesel.php HTTP/1.1" 200 10552 "-" "findlinks/2.6 (+http://wortschatz.uni-leipzig.de/findlinks/)"
213.186.119.142 - - [04/Aug/2012:04:38:11 +0200] "GET /news.php?cs_go=archiv&cs_id=3211 HTTP/1.1" 200 12527 "-" "Mozilla/5.0 (compatible; AhrefsBot/3.1; +http://ahrefs.com/robot/)"
66.249.72.169 - - [04/Aug/2012:04:42:15 +0200] "GET /news.php?cs_go=archiv HTTP/1.1" 200 22521 "-" "Mozilla/5.0 (compatible; Googlebot/2.1; +http://www.google.com/bot.html)"
213.186.127.13 - - [04/Aug/2012:04:49:12 +0200] "GET /lexikon.php?cs_go=2&cs_char=o HTTP/1.1" 200 9261 "-" "Mozilla/5.0 (compatible; AhrefsBot/3.1; +http://ahrefs.com/robot/)"
213.186.127.3 - - [04/Aug/2012:05:00:30 +0200] "GET /news.php?cs_go=archiv&cs_id=3213 HTTP/1.1" 200 13414 "-" "Mozilla/5.0 (compatible; AhrefsBot/3.1; +http://ahrefs.com/robot/)"
66.249.72.169 - - [04/Aug/2012:05:04:47 +0200] "GET /news.php?cs_go=archiv&cs_id=3320 HTTP/1.1" 200 13633 "-" "Mozilla/5.0 (compatible; Googlebot/2.1; +http://www.google.com/bot.html)"
66.249.72.169 - - [04/Aug/2012:05:09:46 +0200] "GET /news.php?cs_go=archiv&cs_startpos=1 HTTP/1.1" 200 22766 "-" "Mozilla/5.0 (compatible; Googlebot/2.1; +http://www.google.com/bot.html)"
213.186.119.131 - - [04/Aug/2012:05:22:57 +0200] "GET /news.php?cs_go=archiv&cs_id=3244&cs_search= HTTP/1.1" 200 12147 "-" "Mozilla/5.0 (compatible; AhrefsBot/3.1; +http://ahrefs.com/robot/)"
66.249.72.169 - - [04/Aug/2012:05:24:09 +0200] "GET /news.php?cs_go=archiv&cs_id=3321 HTTP/1.1" 200 9841 "-" "Mozilla/5.0 (compatible; Googlebot/2.1; +http://www.google.com/bot.html)"
212.34.178.11 - - [04/Aug/2012:05:30:17 +0200] "GET / HTTP/1.0" 200 14825 "-" "gonzo thumb[P] +http://www.suchen.de/faq.html"
212.34.178.11 - - [04/Aug/2012:05:30:18 +0200] "GET / HTTP/1.0" 200 14825 "-" "gonzo thumb[P] +http://www.suchen.de/faq.html"
212.34.178.11 - - [04/Aug/2012:05:30:19 +0200] "GET / HTTP/1.0" 200 14825 "-" "gonzo thumb[P] +http://www.suchen.de/faq.html"
213.186.127.12 - - [04/Aug/2012:05:34:12 +0200] "GET /lexikon.php?cs_go=2&cs_char=p HTTP/1.1" 200 9166 "-" "Mozilla/5.0 (compatible; AhrefsBot/3.1; +http://ahrefs.com/robot/)"
66.249.72.169 - - [04/Aug/2012:05:41:56 +0200] "GET /news.php?cs_go=archiv&cs_id=3322 HTTP/1.1" 200 11581 "-" "Mozilla/5.0 (compatible; Googlebot/2.1; +http://www.google.com/bot.html)"
213.186.127.13 - - [04/Aug/2012:05:45:57 +0200] "GET /news.php?cs_go=archiv&cs_id=3246&cs_search= HTTP/1.1" 200 13334 "-" "Mozilla/5.0 (compatible; AhrefsBot/3.1; +http://ahrefs.com/robot/)"
213.186.127.3 - - [04/Aug/2012:05:58:31 +0200] "GET /kwk.php?cs_go=4 HTTP/1.1" 200 10255 "-" "Mozilla/5.0 (compatible; AhrefsBot/3.1; +http://ahrefs.com/robot/)"
66.249.72.169 - - [04/Aug/2012:06:04:25 +0200] "GET /news.php?cs_go=archiv&cs_id=3325 HTTP/1.1" 200 13596 "-" "Mozilla/5.0 (compatible; Googlebot/2.1; +http://www.google.com/bot.html)"
212.113.37.105 - - [04/Aug/2012:06:08:17 +0200] "GET /news.php?cs_go=archiv&cs_id=3247&cs_search= HTTP/1.1" 200 9817 "-" "Mozilla/5.0 (compatible; AhrefsBot/3.1; +http://ahrefs.com/robot/)"
208.115.113.91 - - [04/Aug/2012:06:16:45 +0200] "GET /news.php?cs_go=archiv&cs_id=1999&cs_search= HTTP/1.1" 200 9634 "-" "Mozilla/5.0 (compatible; Ezooms/1.0; ezooms.bot@gmail.com)"
208.115.113.91 - - [04/Aug/2012:06:16:51 +0200] "GET /news.php?cs_go=archiv&cs_id=3103&cs_search= HTTP/1.1" 200 13854 "-" "Mozilla/5.0 (compatible; Ezooms/1.0; ezooms.bot@gmail.com)"
208.115.113.91 - - [04/Aug/2012:06:16:54 +0200] "GET /news.php?cs_go=archiv&cs_startpos=60 HTTP/1.1" 200 23065 "-" "Mozilla/5.0 (compatible; Ezooms/1.0; ezooms.bot@gmail.com)"
213.186.119.132 - - [04/Aug/2012:06:19:40 +0200] "GET /lexikon.php?cs_go=2&cs_char=q HTTP/1.1" 200 8162 "-" "Mozilla/5.0 (compatible; AhrefsBot/3.1; +http://ahrefs.com/robot/)"
213.186.127.12 - - [04/Aug/2012:06:31:00 +0200] "GET /news.php?cs_go=archiv&cs_id=3248&cs_search= HTTP/1.1" 200 11233 "-" "Mozilla/5.0 (compatible; AhrefsBot/3.1; +http://ahrefs.com/robot/)"
213.186.127.10 - - [04/Aug/2012:06:53:00 +0200] "GET /news.php?cs_go=archiv&cs_id=3251&cs_search= HTTP/1.1" 200 13995 "-" "Mozilla/5.0 (compatible; AhrefsBot/3.1; +http://ahrefs.com/robot/)"
174.129.237.157 - - [04/Aug/2012:06:57:39 +0200] "GET /robots.txt HTTP/1.0" 200 177 "-" "ia_archiver (+http://www.alexa.com/site/help/webmasters; crawler@alexa.com)"
174.129.237.157 - - [04/Aug/2012:06:57:40 +0200] "GET /optiplus.php HTTP/1.0" 200 11100 "-" "ia_archiver (+http://www.alexa.com/site/help/webmasters; crawler@alexa.com)"
213.186.127.12 - - [04/Aug/2012:07:04:13 +0200] "GET /lexikon.php?cs_go=2&cs_char=r HTTP/1.1" 200 9732 "-" "Mozilla/5.0 (compatible; AhrefsBot/3.1; +http://ahrefs.com/robot/)"
123.125.71.49 - - [04/Aug/2012:07:27:17 +0200] "GET / HTTP/1.1" 200 11181 "-" "Mozilla/5.0 (compatible; Baiduspider/2.0; +http://www.baidu.com/search/spider.html)"
220.181.108.121 - - [04/Aug/2012:07:27:39 +0200] "GET / HTTP/1.1" 200 9738 "-" "Mozilla/5.0 (compatible; Baiduspider/2.0; +http://www.baidu.com/search/spider.html)"
213.186.119.143 - - [04/Aug/2012:07:28:38 +0200] "GET /lexikon.php HTTP/1.1" 200 10496 "-" "Mozilla/5.0 (compatible; AhrefsBot/3.1; +http://ahrefs.com/robot/)"
213.186.119.136 - - [04/Aug/2012:07:37:58 +0200] "GET /news.php?cs_go=archiv&cs_id=3253&cs_search= HTTP/1.1" 200 10618 "-" "Mozilla/5.0 (compatible; AhrefsBot/3.1; +http://ahrefs.com/robot/)"
208.115.111.75 - - [04/Aug/2012:07:45:20 +0200] "GET /robots.txt HTTP/1.1" 200 177 "-" "Mozilla/5.0 (compatible; Ezooms/1.0; ezooms.bot@gmail.com)"
213.186.127.14 - - [04/Aug/2012:07:49:14 +0200] "GET /lexikon.php?cs_go=2&cs_char=t HTTP/1.1" 200 8765 "-" "Mozilla/5.0 (compatible; AhrefsBot/3.1; +http://ahrefs.com/robot/)"
65.36.241.79 - - [04/Aug/2012:07:52:38 +0200] "HEAD / HTTP/1.1" 200 - "-" "InternetSeer.com"
208.115.113.91 - - [04/Aug/2012:08:03:21 +0200] "GET /robots.txt HTTP/1.1" 200 177 "-" "Mozilla/5.0 (compatible; Ezooms/1.0; ezooms.bot@gmail.com)"
208.115.113.91 - - [04/Aug/2012:08:33:39 +0200] "GET /robots.txt HTTP/1.1" 200 177 "-" "Mozilla/5.0 (compatible; Ezooms/1.0; ezooms.bot@gmail.com)"
208.115.111.75 - - [04/Aug/2012:08:37:08 +0200] "GET /robots.txt HTTP/1.1" 200 177 "-" "Mozilla/5.0 (compatible; Ezooms/1.0; ezooms.bot@gmail.com)"
123.125.71.103 - - [04/Aug/2012:08:53:42 +0200] "GET /images/mail.jpg HTTP/1.1" 200 11165 "http://image.baidu.com/i?ct=503316480&z=0&tn=baiduimagedetail" "Baiduspider-image+(+http://www.baidu.com/search/spider.htm)"
66.249.72.169 - - [04/Aug/2012:09:14:15 +0200] "GET /news.php?cs_go=archiv&cs_id=1931&cs_search= HTTP/1.1" 200 14010 "-" "Mozilla/5.0 (compatible; Googlebot/2.1; +http://www.google.com/bot.html)"
66.249.72.169 - - [04/Aug/2012:09:18:55 +0200] "GET /news.php?cs_go=archiv&cs_id=1904&cs_search= HTTP/1.1" 200 14077 "-" "Mozilla/5.0 (compatible; Googlebot/2.1; +http://www.google.com/bot.html)"
66.249.72.169 - - [04/Aug/2012:09:26:15 +0200] "GET /news.php?cs_go=archiv&cs_id=1941&cs_search= HTTP/1.1" 200 13988 "-" "Mozilla/5.0 (compatible; Googlebot/2.1; +http://www.google.com/bot.html)"
66.249.72.169 - - [04/Aug/2012:09:38:33 +0200] "GET /news.php?cs_go=archiv&cs_id=1894&cs_search= HTTP/1.1" 200 13935 "-" "Mozilla/5.0 (compatible; Googlebot/2.1; +http://www.google.com/bot.html)"
66.249.72.169 - - [04/Aug/2012:09:38:37 +0200] "GET /index.php HTTP/1.1" 200 14825 "-" "Mozilla/5.0 (compatible; Googlebot/2.1; +http://www.google.com/bot.html)"
66.249.72.169 - - [04/Aug/2012:09:46:01 +0200] "GET /news.php?cs_go=archiv&cs_id=1896&cs_search= HTTP/1.1" 200 14143 "-" "Mozilla/5.0 (compatible; Googlebot/2.1; +http://www.google.com/bot.html)"
37.4.183.29 - - [04/Aug/2012:09:51:15 +0200] "GET /.php HTTP/1.1" 404 - "-" "findlinks/2.0.2 (+http://wortschatz.uni-leipzig.de/findlinks/)"
217.231.198.34 - - [04/Aug/2012:10:01:54 +0200] "GET / HTTP/1.1" 200 14825 "http://www.google.de/url?sa=t&rct=j&q=&esrc=s&source=web&cd=1&ved=0CFgQFjAA&url=http%3A%2F%2Fwww.mink-gmbh.de%2F&ei=l9YcUOPaFvKK4gTR1IEQ&usg=AFQjCNFHX4Iglls9oo-KYXTmDUV_5KOVIg" "Mozilla/5.0 (Windows NT 6.1; WOW64; rv:14.0) Gecko/20100101 Firefox/14.0.1"
217.231.198.34 - - [04/Aug/2012:10:01:56 +0200] "GET /style.css HTTP/1.1" 200 8418 "http://www.mink-gmbh.de/" "Mozilla/5.0 (Windows NT 6.1; WOW64; rv:14.0) Gecko/20100101 Firefox/14.0.1"
217.231.198.34 - - [04/Aug/2012:10:01:56 +0200] "GET /favicon.ico HTTP/1.1" 200 3638 "-" "Mozilla/5.0 (Windows NT 6.1; WOW64; rv:14.0) Gecko/20100101 Firefox/14.0.1"
217.231.198.34 - - [04/Aug/2012:10:01:57 +0200] "GET /images/mail.jpg HTTP/1.1" 200 11165 "http://www.mink-gmbh.de/" "Mozilla/5.0 (Windows NT 6.1; WOW64; rv:14.0) Gecko/20100101 Firefox/14.0.1"
217.231.198.34 - - [04/Aug/2012:10:01:57 +0200] "GET /images/kwk.gif HTTP/1.1" 200 6403 "http://www.mink-gmbh.de/" "Mozilla/5.0 (Windows NT 6.1; WOW64; rv:14.0) Gecko/20100101 Firefox/14.0.1"
217.231.198.34 - - [04/Aug/2012:10:01:57 +0200] "GET /images/wunschpreis.jpg HTTP/1.1" 200 16767 "http://www.mink-gmbh.de/" "Mozilla/5.0 (Windows NT 6.1; WOW64; rv:14.0) Gecko/20100101 Firefox/14.0.1"
217.231.198.34 - - [04/Aug/2012:10:01:56 +0200] "GET /modul.css HTTP/1.1" 200 35038 "http://www.mink-gmbh.de/" "Mozilla/5.0 (Windows NT 6.1; WOW64; rv:14.0) Gecko/20100101 Firefox/14.0.1"
217.231.198.34 - - [04/Aug/2012:10:01:57 +0200] "GET /images/logos.jpg HTTP/1.1" 200 15002 "http://www.mink-gmbh.de/" "Mozilla/5.0 (Windows NT 6.1; WOW64; rv:14.0) Gecko/20100101 Firefox/14.0.1"
217.231.198.34 - - [04/Aug/2012:10:01:56 +0200] "GET /images/tkw.jpg HTTP/1.1" 200 64031 "http://www.mink-gmbh.de/" "Mozilla/5.0 (Windows NT 6.1; WOW64; rv:14.0) Gecko/20100101 Firefox/14.0.1"
217.231.198.34 - - [04/Aug/2012:10:01:57 +0200] "GET /images/freecall.jpg HTTP/1.1" 200 39195 "http://www.mink-gmbh.de/" "Mozilla/5.0 (Windows NT 6.1; WOW64; rv:14.0) Gecko/20100101 Firefox/14.0.1"
217.231.198.34 - - [04/Aug/2012:10:01:58 +0200] "GET /images/bg.jpg HTTP/1.1" 200 345 "http://www.mink-gmbh.de/style.css" "Mozilla/5.0 (Windows NT 6.1; WOW64; rv:14.0) Gecko/20100101 Firefox/14.0.1"
217.231.198.34 - - [04/Aug/2012:10:01:58 +0200] "GET /images/close.png HTTP/1.1" 200 703 "http://www.mink-gmbh.de/" "Mozilla/5.0 (Windows NT 6.1; WOW64; rv:14.0) Gecko/20100101 Firefox/14.0.1"
217.231.198.34 - - [04/Aug/2012:10:01:58 +0200] "GET /images/newsletter_bg.jpg HTTP/1.1" 200 33610 "http://www.mink-gmbh.de/" "Mozilla/5.0 (Windows NT 6.1; WOW64; rv:14.0) Gecko/20100101 Firefox/14.0.1"
217.231.198.34 - - [04/Aug/2012:10:01:58 +0200] "GET /images/newsletter.png HTTP/1.1" 200 14619 "http://www.mink-gmbh.de/style.css" "Mozilla/5.0 (Windows NT 6.1; WOW64; rv:14.0) Gecko/20100101 Firefox/14.0.1"
217.231.198.34 - - [04/Aug/2012:10:01:58 +0200] "GET /images/navibg.png HTTP/1.1" 200 2803 "http://www.mink-gmbh.de/style.css" "Mozilla/5.0 (Windows NT 6.1; WOW64; rv:14.0) Gecko/20100101 Firefox/14.0.1"
217.231.198.34 - - [04/Aug/2012:10:01:58 +0200] "GET /images/steigend.png HTTP/1.1" 200 688 "http://www.mink-gmbh.de/modul.css" "Mozilla/5.0 (Windows NT 6.1; WOW64; rv:14.0) Gecko/20100101 Firefox/14.0.1"
217.231.198.34 - - [04/Aug/2012:10:01:58 +0200] "GET /images/fallend.png HTTP/1.1" 200 713 "http://www.mink-gmbh.de/modul.css" "Mozilla/5.0 (Windows NT 6.1; WOW64; rv:14.0) Gecko/20100101 Firefox/14.0.1"
217.231.198.34 - - [04/Aug/2012:10:01:58 +0200] "GET /images/mobil.jpg HTTP/1.1" 200 25293 "http://www.mink-gmbh.de/style.css" "Mozilla/5.0 (Windows NT 6.1; WOW64; rv:14.0) Gecko/20100101 Firefox/14.0.1"
217.231.198.34 - - [04/Aug/2012:10:01:58 +0200] "GET /images/newsletter.jpg HTTP/1.1" 200 13130 "http://www.mink-gmbh.de/style.css" "Mozilla/5.0 (Windows NT 6.1; WOW64; rv:14.0) Gecko/20100101 Firefox/14.0.1"
217.231.198.34 - - [04/Aug/2012:10:01:58 +0200] "GET /images/footerbg.jpg HTTP/1.1" 200 2184 "http://www.mink-gmbh.de/style.css" "Mozilla/5.0 (Windows NT 6.1; WOW64; rv:14.0) Gecko/20100101 Firefox/14.0.1"
217.231.198.34 - - [04/Aug/2012:10:01:58 +0200] "GET /images/wrapperbg.jpg HTTP/1.1" 200 27465 "http://www.mink-gmbh.de/style.css" "Mozilla/5.0 (Windows NT 6.1; WOW64; rv:14.0) Gecko/20100101 Firefox/14.0.1"
217.231.198.34 - - [04/Aug/2012:10:01:58 +0200] "GET /images/header.jpg HTTP/1.1" 200 24413 "http://www.mink-gmbh.de/style.css" "Mozilla/5.0 (Windows NT 6.1; WOW64; rv:14.0) Gecko/20100101 Firefox/14.0.1"
217.231.198.34 - - [04/Aug/2012:10:03:45 +0200] "GET /standard.php HTTP/1.1" 200 9131 "http://www.mink-gmbh.de/" "Mozilla/5.0 (Windows NT 6.1; WOW64; rv:14.0) Gecko/20100101 Firefox/14.0.1"
217.231.198.34 - - [04/Aug/2012:10:03:55 +0200] "GET /jobs.php HTTP/1.1" 200 11117 "http://www.mink-gmbh.de/standard.php" "Mozilla/5.0 (Windows NT 6.1; WOW64; rv:14.0) Gecko/20100101 Firefox/14.0.1"
208.115.113.91 - - [04/Aug/2012:10:04:08 +0200] "GET /news.php?cs_go=archiv&cs_id=1792&cs_search= HTTP/1.1" 200 9563 "-" "Mozilla/5.0 (compatible; Ezooms/1.0; ezooms.bot@gmail.com)"
208.115.113.91 - - [04/Aug/2012:10:04:13 +0200] "GET /news.php?cs_go=archiv&cs_id=1996&cs_search= HTTP/1.1" 200 14009 "-" "Mozilla/5.0 (compatible; Ezooms/1.0; ezooms.bot@gmail.com)"
208.115.113.91 - - [04/Aug/2012:10:04:25 +0200] "GET /news.php?cs_go=archiv&cs_id=2986&cs_search= HTTP/1.1" 200 12723 "-" "Mozilla/5.0 (compatible; Ezooms/1.0; ezooms.bot@gmail.com)"
217.231.198.34 - - [04/Aug/2012:10:04:42 +0200] "GET /wunschpreis.php HTTP/1.1" 200 11972 "http://www.mink-gmbh.de/jobs.php" "Mozilla/5.0 (Windows NT 6.1; WOW64; rv:14.0) Gecko/20100101 Firefox/14.0.1"
217.231.198.34 - - [04/Aug/2012:10:04:46 +0200] "GET /preisanfrage.php HTTP/1.1" 200 10623 "http://www.mink-gmbh.de/wunschpreis.php" "Mozilla/5.0 (Windows NT 6.1; WOW64; rv:14.0) Gecko/20100101 Firefox/14.0.1"
217.231.198.34 - - [04/Aug/2012:10:04:48 +0200] "GET /news.php HTTP/1.1" 200 22434 "http://www.mink-gmbh.de/preisanfrage.php" "Mozilla/5.0 (Windows NT 6.1; WOW64; rv:14.0) Gecko/20100101 Firefox/14.0.1"
217.231.198.34 - - [04/Aug/2012:10:04:56 +0200] "GET /faq.php HTTP/1.1" 200 185734 "http://www.mink-gmbh.de/news.php" "Mozilla/5.0 (Windows NT 6.1; WOW64; rv:14.0) Gecko/20100101 Firefox/14.0.1"
217.231.198.34 - - [04/Aug/2012:10:05:19 +0200] "GET /kontakt.php HTTP/1.1" 200 9111 "http://www.mink-gmbh.de/faq.php" "Mozilla/5.0 (Windows NT 6.1; WOW64; rv:14.0) Gecko/20100101 Firefox/14.0.1"
217.231.198.34 - - [04/Aug/2012:10:05:28 +0200] "GET /impressum.php HTTP/1.1" 200 8495 "http://www.mink-gmbh.de/kontakt.php" "Mozilla/5.0 (Windows NT 6.1; WOW64; rv:14.0) Gecko/20100101 Firefox/14.0.1"
217.231.198.34 - - [04/Aug/2012:10:05:45 +0200] "GET /jobs.php HTTP/1.1" 200 11117 "http://www.mink-gmbh.de/impressum.php" "Mozilla/5.0 (Windows NT 6.1; WOW64; rv:14.0) Gecko/20100101 Firefox/14.0.1"
66.249.72.169 - - [04/Aug/2012:10:06:26 +0200] "GET /agb.php HTTP/1.1" 200 19709 "-" "Mozilla/5.0 (compatible; Googlebot/2.1; +http://www.google.com/bot.html)"
66.249.72.169 - - [04/Aug/2012:10:08:49 +0200] "GET /news.php?cs_go=archiv&cs_id=1728&cs_search= HTTP/1.1" 200 11074 "-" "Mozilla/5.0 (compatible; Googlebot/2.1; +http://www.google.com/bot.html)"
217.69.133.31 - - [04/Aug/2012:10:11:47 +0200] "GET /robots.txt HTTP/1.0" 200 177 "-" "Mozilla/5.0 (compatible; Mail.RU/2.0)"
217.231.198.34 - - [04/Aug/2012:10:18:12 +0200] "GET /kontakt.php HTTP/1.1" 200 9111 "http://www.mink-gmbh.de/jobs.php" "Mozilla/5.0 (Windows NT 6.1; WOW64; rv:14.0) Gecko/20100101 Firefox/14.0.1"
217.231.198.34 - - [04/Aug/2012:10:18:34 +0200] "GET /rueckrufservice.php HTTP/1.1" 200 10683 "http://www.mink-gmbh.de/kontakt.php" "Mozilla/5.0 (Windows NT 6.1; WOW64; rv:14.0) Gecko/20100101 Firefox/14.0.1"
217.231.198.34 - - [04/Aug/2012:10:18:43 +0200] "GET /news.php HTTP/1.1" 200 22434 "http://www.mink-gmbh.de/rueckrufservice.php" "Mozilla/5.0 (Windows NT 6.1; WOW64; rv:14.0) Gecko/20100101 Firefox/14.0.1"
217.231.198.34 - - [04/Aug/2012:10:18:47 +0200] "GET /standard.php HTTP/1.1" 200 9131 "http://www.mink-gmbh.de/news.php" "Mozilla/5.0 (Windows NT 6.1; WOW64; rv:14.0) Gecko/20100101 Firefox/14.0.1"
217.231.198.34 - - [04/Aug/2012:10:18:57 +0200] "GET /additive.php HTTP/1.1" 200 15767 "http://www.mink-gmbh.de/standard.php" "Mozilla/5.0 (Windows NT 6.1; WOW64; rv:14.0) Gecko/20100101 Firefox/14.0.1"
217.231.198.34 - - [04/Aug/2012:10:19:05 +0200] "GET /index.php HTTP/1.1" 200 14738 "http://www.mink-gmbh.de/additive.php" "Mozilla/5.0 (Windows NT 6.1; WOW64; rv:14.0) Gecko/20100101 Firefox/14.0.1"
91.65.70.93 - - [04/Aug/2012:10:19:29 +0200] "GET /agb.php HTTP/1.1" 200 19709 "http://search.incredibar.com/?q=heiz%C3%B6l+mink+berlin+tag+und+nacht&lang=german&cid=2&source=370&uloc=mb149&u=92824817594401309&a=6R8AY1Rtbn&gc=de&pr=&acr=223365503" "Mozilla/5.0 (compatible; MSIE 9.0; Windows NT 6.1; Win64; x64; Trident/5.0)"
91.65.70.93 - - [04/Aug/2012:10:19:29 +0200] "GET /style.css HTTP/1.1" 200 8418 "http://www.mink-gmbh.de/agb.php" "Mozilla/5.0 (compatible; MSIE 9.0; Windows NT 6.1; Win64; x64; Trident/5.0)"
91.65.70.93 - - [04/Aug/2012:10:19:29 +0200] "GET /images/freecall.jpg HTTP/1.1" 200 39195 "http://www.mink-gmbh.de/agb.php" "Mozilla/5.0 (compatible; MSIE 9.0; Windows NT 6.1; Win64; x64; Trident/5.0)"
91.65.70.93 - - [04/Aug/2012:10:19:29 +0200] "GET /images/logos.jpg HTTP/1.1" 200 15002 "http://www.mink-gmbh.de/agb.php" "Mozilla/5.0 (compatible; MSIE 9.0; Windows NT 6.1; Win64; x64; Trident/5.0)"
91.65.70.93 - - [04/Aug/2012:10:19:29 +0200] "GET /images/mail.jpg HTTP/1.1" 200 11165 "http://www.mink-gmbh.de/agb.php" "Mozilla/5.0 (compatible; MSIE 9.0; Windows NT 6.1; Win64; x64; Trident/5.0)"
91.65.70.93 - - [04/Aug/2012:10:19:29 +0200] "GET /images/kwk.gif HTTP/1.1" 200 6403 "http://www.mink-gmbh.de/agb.php" "Mozilla/5.0 (compatible; MSIE 9.0; Windows NT 6.1; Win64; x64; Trident/5.0)"
91.65.70.93 - - [04/Aug/2012:10:19:29 +0200] "GET /images/wunschpreis.jpg HTTP/1.1" 200 16767 "http://www.mink-gmbh.de/agb.php" "Mozilla/5.0 (compatible; MSIE 9.0; Windows NT 6.1; Win64; x64; Trident/5.0)"
91.65.70.93 - - [04/Aug/2012:10:19:29 +0200] "GET /modul.css HTTP/1.1" 200 35038 "http://www.mink-gmbh.de/agb.php" "Mozilla/5.0 (compatible; MSIE 9.0; Windows NT 6.1; Win64; x64; Trident/5.0)"
91.65.70.93 - - [04/Aug/2012:10:19:30 +0200] "GET /images/bg.jpg HTTP/1.1" 200 345 "http://www.mink-gmbh.de/agb.php" "Mozilla/5.0 (compatible; MSIE 9.0; Windows NT 6.1; Win64; x64; Trident/5.0)"
91.65.70.93 - - [04/Aug/2012:10:19:30 +0200] "GET /images/wrapperbg.jpg HTTP/1.1" 200 27465 "http://www.mink-gmbh.de/agb.php" "Mozilla/5.0 (compatible; MSIE 9.0; Windows NT 6.1; Win64; x64; Trident/5.0)"
91.65.70.93 - - [04/Aug/2012:10:19:30 +0200] "GET /images/newsletter_bg.jpg HTTP/1.1" 200 33610 "http://www.mink-gmbh.de/agb.php" "Mozilla/5.0 (compatible; MSIE 9.0; Windows NT 6.1; Win64; x64; Trident/5.0)"
91.65.70.93 - - [04/Aug/2012:10:19:30 +0200] "GET /images/close.png HTTP/1.1" 200 703 "http://www.mink-gmbh.de/agb.php" "Mozilla/5.0 (compatible; MSIE 9.0; Windows NT 6.1; Win64; x64; Trident/5.0)"
91.65.70.93 - - [04/Aug/2012:10:19:30 +0200] "GET /images/navibg.png HTTP/1.1" 200 2803 "http://www.mink-gmbh.de/agb.php" "Mozilla/5.0 (compatible; MSIE 9.0; Windows NT 6.1; Win64; x64; Trident/5.0)"
91.65.70.93 - - [04/Aug/2012:10:19:30 +0200] "GET /images/newsletter.png HTTP/1.1" 200 14619 "http://www.mink-gmbh.de/agb.php" "Mozilla/5.0 (compatible; MSIE 9.0; Windows NT 6.1; Win64; x64; Trident/5.0)"
91.65.70.93 - - [04/Aug/2012:10:19:30 +0200] "GET /images/header.jpg HTTP/1.1" 200 24413 "http://www.mink-gmbh.de/agb.php" "Mozilla/5.0 (compatible; MSIE 9.0; Windows NT 6.1; Win64; x64; Trident/5.0)"
91.65.70.93 - - [04/Aug/2012:10:19:30 +0200] "GET /images/footerbg.jpg HTTP/1.1" 200 2184 "http://www.mink-gmbh.de/agb.php" "Mozilla/5.0 (compatible; MSIE 9.0; Windows NT 6.1; Win64; x64; Trident/5.0)"
91.65.70.93 - - [04/Aug/2012:10:19:30 +0200] "GET /favicon.ico HTTP/1.1" 200 3638 "-" "Mozilla/5.0 (compatible; MSIE 9.0; Windows NT 6.1; Win64; x64; Trident/5.0)"
91.65.70.93 - - [04/Aug/2012:10:19:53 +0200] "GET /preisanfrage.php HTTP/1.1" 200 10623 "http://www.mink-gmbh.de/agb.php" "Mozilla/5.0 (compatible; MSIE 9.0; Windows NT 6.1; Win64; x64; Trident/5.0)"
91.65.70.93 - - [04/Aug/2012:10:21:00 +0200] "GET /agb.php HTTP/1.1" 200 19622 "http://search.incredibar.com/?q=heiz%C3%B6l+mink+berlin+tag+und+nacht&lang=german&cid=2&source=370&uloc=mb149&u=92824817594401309&a=6R8AY1Rtbn&gc=de&pr=&acr=223365503" "Mozilla/5.0 (compatible; MSIE 9.0; Windows NT 6.1; Win64; x64; Trident/5.0)"
213.186.119.142 - - [04/Aug/2012:10:26:48 +0200] "GET /lexikon.php?cs_go=2&cs_char=b HTTP/1.1" 200 9730 "-" "Mozilla/5.0 (compatible; AhrefsBot/3.1; +http://ahrefs.com/robot/)"
213.186.127.10 - - [04/Aug/2012:10:39:43 +0200] "GET /news.php?cs_go=archiv&cs_id=3288&cs_search= HTTP/1.1" 200 9924 "-" "Mozilla/5.0 (compatible; AhrefsBot/3.1; +http://ahrefs.com/robot/)"
66.249.72.169 - - [04/Aug/2012:10:40:57 +0200] "GET /news.php?cs_go=archiv&cs_id=3139 HTTP/1.1" 200 14397 "-" "Mozilla/5.0 (compatible; Googlebot/2.1; +http://www.google.com/bot.html)"
89.247.68.99 - - [04/Aug/2012:10:43:48 +0200] "GET /style.css HTTP/1.1" 200 8418 "http://www.mink-gmbh.de/index.php" "Mozilla/5.0 (Windows NT 6.1; rv:14.0) Gecko/20100101 Firefox/14.0.1"
89.247.68.99 - - [04/Aug/2012:10:43:48 +0200] "GET /modul.css HTTP/1.1" 200 35038 "http://www.mink-gmbh.de/index.php" "Mozilla/5.0 (Windows NT 6.1; rv:14.0) Gecko/20100101 Firefox/14.0.1"
89.247.68.99 - - [04/Aug/2012:10:43:49 +0200] "GET /favicon.ico HTTP/1.1" 200 3638 "-" "Mozilla/5.0 (Windows NT 6.1; rv:14.0) Gecko/20100101 Firefox/14.0.1"
89.247.68.99 - - [04/Aug/2012:10:43:49 +0200] "GET /images/tkw.jpg HTTP/1.1" 200 64031 "http://www.mink-gmbh.de/index.php" "Mozilla/5.0 (Windows NT 6.1; rv:14.0) Gecko/20100101 Firefox/14.0.1"
89.247.68.99 - - [04/Aug/2012:10:43:48 +0200] "GET /index.php HTTP/1.1" 200 14825 "-" "Mozilla/5.0 (Windows NT 6.1; rv:14.0) Gecko/20100101 Firefox/14.0.1"
89.247.68.99 - - [04/Aug/2012:10:43:49 +0200] "GET /images/mail.jpg HTTP/1.1" 200 11165 "http://www.mink-gmbh.de/index.php" "Mozilla/5.0 (Windows NT 6.1; rv:14.0) Gecko/20100101 Firefox/14.0.1"
89.247.68.99 - - [04/Aug/2012:10:43:49 +0200] "GET /images/kwk.gif HTTP/1.1" 200 6403 "http://www.mink-gmbh.de/index.php" "Mozilla/5.0 (Windows NT 6.1; rv:14.0) Gecko/20100101 Firefox/14.0.1"
89.247.68.99 - - [04/Aug/2012:10:43:49 +0200] "GET /images/wunschpreis.jpg HTTP/1.1" 200 16767 "http://www.mink-gmbh.de/index.php" "Mozilla/5.0 (Windows NT 6.1; rv:14.0) Gecko/20100101 Firefox/14.0.1"
89.247.68.99 - - [04/Aug/2012:10:43:49 +0200] "GET /images/logos.jpg HTTP/1.1" 200 15002 "http://www.mink-gmbh.de/index.php" "Mozilla/5.0 (Windows NT 6.1; rv:14.0) Gecko/20100101 Firefox/14.0.1"
89.247.68.99 - - [04/Aug/2012:10:43:49 +0200] "GET /images/freecall.jpg HTTP/1.1" 200 39195 "http://www.mink-gmbh.de/index.php" "Mozilla/5.0 (Windows NT 6.1; rv:14.0) Gecko/20100101 Firefox/14.0.1"
89.247.68.99 - - [04/Aug/2012:10:43:49 +0200] "GET /images/bg.jpg HTTP/1.1" 200 345 "http://www.mink-gmbh.de/style.css" "Mozilla/5.0 (Windows NT 6.1; rv:14.0) Gecko/20100101 Firefox/14.0.1"
89.247.68.99 - - [04/Aug/2012:10:43:49 +0200] "GET /images/close.png HTTP/1.1" 200 703 "http://www.mink-gmbh.de/index.php" "Mozilla/5.0 (Windows NT 6.1; rv:14.0) Gecko/20100101 Firefox/14.0.1"
