66.249.72.131 - - [17/Aug/2012:12:01:18 +0200] "GET /news.php?cs_go=archiv&cs_id=1772&cs_search= HTTP/1.1" 200 9586 "-" "Mozilla/5.0 (compatible; Googlebot/2.1; +http://www.google.com/bot.html)"
213.186.127.9 - - [17/Aug/2012:12:01:49 +0200] "GET /news.php?cs_go=archiv&cs_id=3263&cs_search= HTTP/1.1" 200 13442 "-" "Mozilla/5.0 (compatible; AhrefsBot/3.1; +http://ahrefs.com/robot/)"
66.249.72.131 - - [17/Aug/2012:12:06:15 +0200] "GET /news.php?cs_go=archiv&cs_id=1690&cs_search= HTTP/1.1" 200 9740 "-" "Mozilla/5.0 (compatible; Googlebot/2.1; +http://www.google.com/bot.html)"
62.75.243.115 - - [17/Aug/2012:12:07:35 +0200] "GET /agb.php HTTP/1.1" 200 14113 "-" "findlinks/2.6 (+http://wortschatz.uni-leipzig.de/findlinks/)"
62.75.243.115 - - [17/Aug/2012:12:07:35 +0200] "GET /agb.php HTTP/1.1" 200 19622 "-" "findlinks/2.6 (+http://wortschatz.uni-leipzig.de/findlinks/)"
66.249.72.131 - - [17/Aug/2012:12:25:21 +0200] "GET /lexikon.php?cs_go=2&cs_char=i HTTP/1.1" 200 8402 "-" "Mozilla/5.0 (compatible; Googlebot/2.1; +http://www.google.com/bot.html)"
66.249.72.131 - - [17/Aug/2012:12:28:38 +0200] "GET /news.php?cs_go=archiv&cs_id=1821&cs_search= HTTP/1.1" 200 9780 "-" "Mozilla/5.0 (compatible; Googlebot/2.1; +http://www.google.com/bot.html)"
65.36.241.79 - - [17/Aug/2012:13:02:51 +0200] "HEAD / HTTP/1.1" 200 - "-" "InternetSeer.com"
213.186.127.9 - - [17/Aug/2012:13:09:20 +0200] "GET /news.php?cs_go=archiv&cs_id=3320&cs_search= HTTP/1.1" 200 13633 "-" "Mozilla/5.0 (compatible; AhrefsBot/3.1; +http://ahrefs.com/robot/)"
208.115.111.75 - - [17/Aug/2012:13:33:42 +0200] "GET /robots.txt HTTP/1.1" 200 177 "-" "Mozilla/5.0 (compatible; Ezooms/1.0; ezooms.bot@gmail.com)"
213.186.119.143 - - [17/Aug/2012:14:16:51 +0200] "GET /lexikon.php?cs_go=2&cs_char=a HTTP/1.1" 200 9803 "-" "Mozilla/5.0 (compatible; AhrefsBot/3.1; +http://ahrefs.com/robot/)"
66.249.72.131 - - [17/Aug/2012:15:01:13 +0200] "GET /news.php?cs_go=archiv&cs_startpos=541 HTTP/1.1" 200 22985 "-" "Mozilla/5.0 (compatible; Googlebot/2.1; +http://www.google.com/bot.html)"
66.249.72.131 - - [17/Aug/2012:15:23:36 +0200] "GET /news.php?cs_go=archiv&cs_startpos=1560 HTTP/1.1" 200 12807 "-" "Mozilla/5.0 (compatible; Googlebot/2.1; +http://www.google.com/bot.html)"
213.186.127.11 - - [17/Aug/2012:15:24:22 +0200] "GET /news.php?cs_go=archiv&cs_id=3321 HTTP/1.1" 200 9841 "-" "Mozilla/5.0 (compatible; AhrefsBot/3.1; +http://ahrefs.com/robot/)"
176.9.0.12 - - [17/Aug/2012:15:54:23 +0200] "GET /robots.txt HTTP/1.1" 200 177 "-" "Pixray-Seeker/1.1 (Pixray-Seeker; http://www.pixray.com/pixraybot; crawler@pixray.com)"
176.9.0.12 - - [17/Aug/2012:15:54:23 +0200] "GET /news.php?cs_go=archiv&cs_id=2008&cs_search= HTTP/1.1" 200 15263 "-" "Pixray-Seeker/1.1 (Pixray-Seeker; http://www.pixray.com/pixraybot; crawler@pixray.com)"
208.115.113.91 - - [17/Aug/2012:15:56:57 +0200] "GET /robots.txt HTTP/1.1" 200 177 "-" "Mozilla/5.0 (compatible; Ezooms/1.0; ezooms.bot@gmail.com)"
212.34.178.11 - - [17/Aug/2012:16:04:04 +0200] "GET / HTTP/1.0" 200 15309 "-" "gonzo thumb[P] +http://www.suchen.de/faq.html"
212.34.178.11 - - [17/Aug/2012:16:04:06 +0200] "GET / HTTP/1.0" 200 15309 "-" "gonzo thumb[P] +http://www.suchen.de/faq.html"
212.34.178.11 - - [17/Aug/2012:16:04:07 +0200] "GET / HTTP/1.0" 200 15309 "-" "gonzo thumb[P] +http://www.suchen.de/faq.html"
46.4.92.140 - - [17/Aug/2012:16:10:16 +0200] "GET /robots.txt HTTP/1.1" 200 177 "-" "Pixray-Seeker/1.1 (Pixray-Seeker; http://www.pixray.com/pixraybot; crawler@pixray.com)"
46.4.92.140 - - [17/Aug/2012:16:10:16 +0200] "GET /lexikon.php?cs_go=3&cs_id=67 HTTP/1.1" 200 8626 "-" "Pixray-Seeker/1.1 (Pixray-Seeker; http://www.pixray.com/pixraybot; crawler@pixray.com)"
77.20.155.218 - - [17/Aug/2012:16:15:42 +0200] "GET /kontakt.php HTTP/1.1" 200 9198 "-" "findlinks/2.0.2 (+http://wortschatz.uni-leipzig.de/findlinks/)"
77.20.155.218 - - [17/Aug/2012:16:15:43 +0200] "GET /kontakt.php HTTP/1.1" 200 9111 "-" "findlinks/2.0.2 (+http://wortschatz.uni-leipzig.de/findlinks/)"
46.4.92.140 - - [17/Aug/2012:16:17:23 +0200] "GET /news.php?cs_go=archiv&cs_startpos=860 HTTP/1.1" 200 23089 "-" "Pixray-Seeker/1.1 (Pixray-Seeker; http://www.pixray.com/pixraybot; crawler@pixray.com)"
46.4.92.140 - - [17/Aug/2012:16:21:59 +0200] "GET /news.php?cs_go=archiv&cs_id=3146&cs_search= HTTP/1.1" 200 14083 "-" "Pixray-Seeker/1.1 (Pixray-Seeker; http://www.pixray.com/pixraybot; crawler@pixray.com)"
46.4.92.140 - - [17/Aug/2012:16:22:29 +0200] "GET /news.php?cs_go=archiv&cs_id=2051&cs_search= HTTP/1.1" 200 10075 "-" "Pixray-Seeker/1.1 (Pixray-Seeker; http://www.pixray.com/pixraybot; crawler@pixray.com)"
213.186.127.5 - - [17/Aug/2012:16:31:52 +0200] "GET /news.php?cs_go=archiv&cs_id=3264&cs_search= HTTP/1.1" 200 9904 "-" "Mozilla/5.0 (compatible; AhrefsBot/3.1; +http://ahrefs.com/robot/)"
66.249.72.131 - - [17/Aug/2012:16:36:10 +0200] "GET /news.php?cs_go=archiv&cs_id=2689 HTTP/1.1" 200 10371 "-" "Mozilla/5.0 (compatible; Googlebot/2.1; +http://www.google.com/bot.html)"
66.249.72.131 - - [17/Aug/2012:17:09:55 +0200] "GET /news.php?cs_go=archiv&cs_id=1779&cs_search= HTTP/1.1" 200 9423 "-" "Mozilla/5.0 (compatible; Googlebot/2.1; +http://www.google.com/bot.html)"
188.40.66.214 - - [17/Aug/2012:17:18:29 +0200] "GET /robots.txt HTTP/1.1" 200 177 "-" "Pixray-Seeker/1.1 (Pixray-Seeker; http://www.pixray.com/pixraybot; crawler@pixray.com)"
188.40.66.214 - - [17/Aug/2012:17:18:29 +0200] "GET /lexikon.php?cs_go=3&cs_id=200 HTTP/1.1" 200 10000 "-" "Pixray-Seeker/1.1 (Pixray-Seeker; http://www.pixray.com/pixraybot; crawler@pixray.com)"
66.249.72.131 - - [17/Aug/2012:17:22:34 +0200] "GET /news.php?cs_go=archiv&cs_startpos=0 HTTP/1.1" 200 22415 "-" "Mozilla/5.0 (compatible; Googlebot/2.1; +http://www.google.com/bot.html)"
66.249.72.131 - - [17/Aug/2012:17:33:52 +0200] "GET /news.php?cs_go=archiv&cs_id=3370&cs_search= HTTP/1.1" 200 13532 "-" "Mozilla/5.0 (compatible; Googlebot/2.1; +http://www.google.com/bot.html)"
66.249.72.131 - - [17/Aug/2012:17:33:52 +0200] "GET /news.php?cs_go=archiv&cs_id=3366&cs_search= HTTP/1.1" 200 9876 "-" "Mozilla/5.0 (compatible; Googlebot/2.1; +http://www.google.com/bot.html)"
66.249.72.131 - - [17/Aug/2012:17:33:53 +0200] "GET /news.php?cs_go=archiv&cs_id=3367&cs_search= HTTP/1.1" 200 11461 "-" "Mozilla/5.0 (compatible; Googlebot/2.1; +http://www.google.com/bot.html)"
213.186.119.131 - - [17/Aug/2012:17:39:23 +0200] "GET /news.php?cs_go=archiv&cs_id=3321&cs_search= HTTP/1.1" 200 9841 "-" "Mozilla/5.0 (compatible; AhrefsBot/3.1; +http://ahrefs.com/robot/)"
66.249.72.131 - - [17/Aug/2012:17:43:41 +0200] "GET /news.php?cs_go=archiv&cs_id=1951&cs_search= HTTP/1.1" 200 14054 "-" "Mozilla/5.0 (compatible; Googlebot/2.1; +http://www.google.com/bot.html)"
176.9.0.13 - - [17/Aug/2012:18:10:26 +0200] "GET /robots.txt HTTP/1.1" 200 177 "-" "Pixray-Seeker/1.1 (Pixray-Seeker; http://www.pixray.com/pixraybot; crawler@pixray.com)"
176.9.0.13 - - [17/Aug/2012:18:10:26 +0200] "GET /news.php?cs_go=archiv&cs_id=2225&cs_search= HTTP/1.1" 200 13666 "-" "Pixray-Seeker/1.1 (Pixray-Seeker; http://www.pixray.com/pixraybot; crawler@pixray.com)"
66.249.72.131 - - [17/Aug/2012:18:17:25 +0200] "GET /news.php?cs_go=archiv&cs_id=1874&cs_search= HTTP/1.1" 200 12878 "-" "Mozilla/5.0 (compatible; Googlebot/2.1; +http://www.google.com/bot.html)"
88.198.67.197 - - [17/Aug/2012:18:27:58 +0200] "GET /robots.txt HTTP/1.1" 200 177 "-" "Pixray-Seeker/1.1 (Pixray-Seeker; http://www.pixray.com/pixraybot; crawler@pixray.com)"
88.198.67.197 - - [17/Aug/2012:18:27:58 +0200] "GET /news.php?cs_go=archiv&cs_id=2412&cs_search= HTTP/1.1" 200 9428 "-" "Pixray-Seeker/1.1 (Pixray-Seeker; http://www.pixray.com/pixraybot; crawler@pixray.com)"
178.154.179.250 - - [17/Aug/2012:18:40:57 +0200] "GET / HTTP/1.1" 200 15309 "-" "Mozilla/5.0 (compatible; YandexBot/3.0; +http://yandex.com/bots)"
213.186.122.2 - - [17/Aug/2012:18:46:53 +0200] "GET /news.php?cs_go=archiv&cs_id=1703&cs_search= HTTP/1.1" 200 14242 "-" "Mozilla/5.0 (compatible; AhrefsBot/3.1; +http://ahrefs.com/robot/)"
66.249.72.131 - - [17/Aug/2012:18:51:25 +0200] "GET /news.php?cs_go=archiv&cs_id=1678&cs_search= HTTP/1.1" 200 12804 "-" "Mozilla/5.0 (compatible; Googlebot/2.1; +http://www.google.com/bot.html)"
66.249.72.131 - - [17/Aug/2012:18:58:16 +0200] "GET /news.php?cs_go=archiv&cs_id=1764&cs_search= HTTP/1.1" 200 9303 "-" "Mozilla/5.0 (compatible; Googlebot/2.1; +http://www.google.com/bot.html)"
88.198.65.99 - - [17/Aug/2012:19:00:31 +0200] "GET /robots.txt HTTP/1.1" 200 177 "-" "Pixray-Seeker/1.1 (Pixray-Seeker; http://www.pixray.com/pixraybot; crawler@pixray.com)"
88.198.65.99 - - [17/Aug/2012:19:00:31 +0200] "GET /news.php?cs_go=archiv&cs_id=2411&cs_search= HTTP/1.1" 200 14177 "-" "Pixray-Seeker/1.1 (Pixray-Seeker; http://www.pixray.com/pixraybot; crawler@pixray.com)"
65.36.241.79 - - [17/Aug/2012:19:19:47 +0200] "HEAD / HTTP/1.1" 200 - "-" "InternetSeer.com"
176.9.0.13 - - [17/Aug/2012:19:25:17 +0200] "GET /robots.txt HTTP/1.1" 200 177 "-" "Pixray-Seeker/1.1 (Pixray-Seeker; http://www.pixray.com/pixraybot; crawler@pixray.com)"
176.9.0.13 - - [17/Aug/2012:19:25:17 +0200] "GET /news.php?cs_go=archiv&cs_startpos=1160 HTTP/1.1" 200 23213 "-" "Pixray-Seeker/1.1 (Pixray-Seeker; http://www.pixray.com/pixraybot; crawler@pixray.com)"
208.115.111.75 - - [17/Aug/2012:19:32:25 +0200] "GET /robots.txt HTTP/1.1" 200 177 "-" "Mozilla/5.0 (compatible; Ezooms/1.0; ezooms.bot@gmail.com)"
188.40.66.214 - - [17/Aug/2012:19:45:00 +0200] "GET /robots.txt HTTP/1.1" 200 177 "-" "Pixray-Seeker/1.1 (Pixray-Seeker; http://www.pixray.com/pixraybot; crawler@pixray.com)"
188.40.66.214 - - [17/Aug/2012:19:45:00 +0200] "GET /news.php?cs_go=archiv&cs_startpos=711 HTTP/1.1" 200 22975 "-" "Pixray-Seeker/1.1 (Pixray-Seeker; http://www.pixray.com/pixraybot; crawler@pixray.com)"
188.40.66.214 - - [17/Aug/2012:19:46:12 +0200] "GET /news.php?cs_go=archiv&cs_id=3076&cs_search= HTTP/1.1" 200 13793 "-" "Pixray-Seeker/1.1 (Pixray-Seeker; http://www.pixray.com/pixraybot; crawler@pixray.com)"
213.186.119.135 - - [17/Aug/2012:19:54:25 +0200] "GET /news.php?cs_go=archiv&cs_id=3322 HTTP/1.1" 200 11586 "-" "Mozilla/5.0 (compatible; AhrefsBot/3.1; +http://ahrefs.com/robot/)"
208.115.113.91 - - [17/Aug/2012:19:57:06 +0200] "GET /news.php?cs_go=archiv&cs_id=1775&cs_search= HTTP/1.1" 200 14063 "-" "Mozilla/5.0 (compatible; Ezooms/1.0; ezooms.bot@gmail.com)"
208.115.113.91 - - [17/Aug/2012:19:57:19 +0200] "GET /news.php?cs_go=archiv&cs_startpos=990 HTTP/1.1" 200 23454 "-" "Mozilla/5.0 (compatible; Ezooms/1.0; ezooms.bot@gmail.com)"
188.40.85.200 - - [17/Aug/2012:19:58:39 +0200] "GET /robots.txt HTTP/1.1" 200 177 "-" "Pixray-Seeker/1.1 (Pixray-Seeker; http://www.pixray.com/pixraybot; crawler@pixray.com)"
188.40.85.200 - - [17/Aug/2012:19:58:39 +0200] "GET /news.php?cs_go=archiv&cs_id=2194&cs_search= HTTP/1.1" 200 9780 "-" "Pixray-Seeker/1.1 (Pixray-Seeker; http://www.pixray.com/pixraybot; crawler@pixray.com)"
66.249.72.131 - - [17/Aug/2012:20:06:42 +0200] "GET /news.php HTTP/1.1" 200 22415 "-" "Mozilla/5.0 (iPhone; U; CPU iPhone OS 4_1 like Mac OS X; en-us) AppleWebKit/532.9 (KHTML, like Gecko) Version/4.0.5 Mobile/8B117 Safari/6531.22.7 (compatible; Googlebot-Mobile/2.1; +http://www.google.com/bot.html)"
220.181.108.118 - - [17/Aug/2012:20:24:21 +0200] "GET /images/wunschpreis.jpg HTTP/1.1" 200 16767 "http://image.baidu.com/i?ct=503316480&z=0&tn=baiduimagedetail" "Mozilla/5.0 (Windows NT 5.1; rv:6.0.2) Gecko/20100101 Firefox/6.0.2"
178.154.179.250 - - [17/Aug/2012:20:41:23 +0200] "GET /news.php HTTP/1.1" 200 22415 "-" "Mozilla/5.0 (compatible; YandexBot/3.0; +http://yandex.com/bots)"
213.186.119.135 - - [17/Aug/2012:21:01:55 +0200] "GET /news.php?cs_go=archiv&cs_id=3265&cs_search= HTTP/1.1" 200 12975 "-" "Mozilla/5.0 (compatible; AhrefsBot/3.1; +http://ahrefs.com/robot/)"
66.249.72.131 - - [17/Aug/2012:21:13:41 +0200] "GET /news.php?cs_go=archiv&cs_id=1839&cs_search= HTTP/1.1" 200 9730 "-" "Mozilla/5.0 (compatible; Googlebot/2.1; +http://www.google.com/bot.html)"
176.9.0.12 - - [17/Aug/2012:21:32:12 +0200] "GET /robots.txt HTTP/1.1" 200 177 "-" "Pixray-Seeker/1.1 (Pixray-Seeker; http://www.pixray.com/pixraybot; crawler@pixray.com)"
176.9.0.12 - - [17/Aug/2012:21:32:12 +0200] "GET /news.php?cs_go=archiv&cs_id=2045&cs_search= HTTP/1.1" 200 15239 "-" "Pixray-Seeker/1.1 (Pixray-Seeker; http://www.pixray.com/pixraybot; crawler@pixray.com)"
66.249.72.131 - - [17/Aug/2012:21:37:38 +0200] "GET /news.php?cs_go=archiv&cs_id=1845&cs_search= HTTP/1.1" 200 9720 "-" "Mozilla/5.0 (compatible; Googlebot/2.1; +http://www.google.com/bot.html)"
66.249.72.131 - - [17/Aug/2012:21:44:39 +0200] "GET /news.php?cs_go=archiv&cs_id=1734&cs_search= HTTP/1.1" 200 9665 "-" "Mozilla/5.0 (compatible; Googlebot/2.1; +http://www.google.com/bot.html)"
46.4.92.140 - - [17/Aug/2012:21:51:43 +0200] "GET /robots.txt HTTP/1.1" 200 177 "-" "Pixray-Seeker/1.1 (Pixray-Seeker; http://www.pixray.com/pixraybot; crawler@pixray.com)"
46.4.92.140 - - [17/Aug/2012:21:51:43 +0200] "GET /kwk.php?cs_go=3 HTTP/1.1" 200 10285 "-" "Pixray-Seeker/1.1 (Pixray-Seeker; http://www.pixray.com/pixraybot; crawler@pixray.com)"
46.4.92.140 - - [17/Aug/2012:21:57:43 +0200] "GET /news.php?cs_go=archiv&cs_startpos=951 HTTP/1.1" 200 23146 "-" "Pixray-Seeker/1.1 (Pixray-Seeker; http://www.pixray.com/pixraybot; crawler@pixray.com)"
66.249.72.131 - - [17/Aug/2012:21:58:59 +0200] "GET /news.php?cs_go=archiv&cs_id=1713&cs_search= HTTP/1.1" 200 9733 "-" "Mozilla/5.0 (compatible; Googlebot/2.1; +http://www.google.com/bot.html)"
46.4.92.140 - - [17/Aug/2012:22:01:55 +0200] "GET /news.php?cs_go=archiv&cs_id=2060&cs_search= HTTP/1.1" 200 10096 "-" "Pixray-Seeker/1.1 (Pixray-Seeker; http://www.pixray.com/pixraybot; crawler@pixray.com)"
66.249.72.131 - - [17/Aug/2012:22:09:18 +0200] "GET /news.php?cs_go=archiv&cs_id=1867&cs_search= HTTP/1.1" 200 9811 "-" "Mozilla/5.0 (compatible; Googlebot/2.1; +http://www.google.com/bot.html)"
213.186.127.14 - - [17/Aug/2012:22:09:27 +0200] "GET /news.php?cs_go=archiv&cs_id=3322&cs_search= HTTP/1.1" 200 11586 "-" "Mozilla/5.0 (compatible; AhrefsBot/3.1; +http://ahrefs.com/robot/)"
66.249.72.131 - - [17/Aug/2012:22:12:48 +0200] "GET /news.php?cs_go=archiv&cs_startpos=311 HTTP/1.1" 200 23084 "-" "Mozilla/5.0 (compatible; Googlebot/2.1; +http://www.google.com/bot.html)"
66.249.72.131 - - [17/Aug/2012:22:16:20 +0200] "GET /news.php?cs_go=archiv&cs_id=1865&cs_search= HTTP/1.1" 200 9753 "-" "Mozilla/5.0 (compatible; Googlebot/2.1; +http://www.google.com/bot.html)"
66.249.72.131 - - [17/Aug/2012:22:19:52 +0200] "GET /news.php?cs_go=archiv&cs_id=1853&cs_search= HTTP/1.1" 200 9730 "-" "Mozilla/5.0 (compatible; Googlebot/2.1; +http://www.google.com/bot.html)"
66.249.72.131 - - [17/Aug/2012:22:23:23 +0200] "GET /news.php?cs_go=archiv&cs_id=2150&cs_search= HTTP/1.1" 200 14198 "-" "Mozilla/5.0 (compatible; Googlebot/2.1; +http://www.google.com/bot.html)"
66.249.72.131 - - [17/Aug/2012:22:44:30 +0200] "GET /news.php?cs_go=archiv&cs_id=1875&cs_search= HTTP/1.1" 200 9765 "-" "Mozilla/5.0 (compatible; Googlebot/2.1; +http://www.google.com/bot.html)"
88.198.65.99 - - [17/Aug/2012:22:47:24 +0200] "GET /robots.txt HTTP/1.1" 200 177 "-" "Pixray-Seeker/1.1 (Pixray-Seeker; http://www.pixray.com/pixraybot; crawler@pixray.com)"
88.198.65.99 - - [17/Aug/2012:22:47:24 +0200] "GET /news.php?cs_go=archiv&cs_startpos=1021 HTTP/1.1" 200 23209 "-" "Pixray-Seeker/1.1 (Pixray-Seeker; http://www.pixray.com/pixraybot; crawler@pixray.com)"
88.198.65.99 - - [17/Aug/2012:22:56:20 +0200] "GET /news.php?cs_go=archiv&cs_id=3027&cs_search= HTTP/1.1" 200 13284 "-" "Pixray-Seeker/1.1 (Pixray-Seeker; http://www.pixray.com/pixraybot; crawler@pixray.com)"
66.249.72.131 - - [17/Aug/2012:22:58:35 +0200] "GET /news.php?cs_go=archiv&cs_id=2061&cs_search= HTTP/1.1" 200 15478 "-" "Mozilla/5.0 (compatible; Googlebot/2.1; +http://www.google.com/bot.html)"
66.249.72.131 - - [17/Aug/2012:22:58:36 +0200] "GET /lexikon.php?cs_go=2&cs_char=v HTTP/1.1" 200 9117 "-" "Mozilla/5.0 (compatible; Googlebot/2.1; +http://www.google.com/bot.html)"
88.198.65.99 - - [17/Aug/2012:23:00:26 +0200] "GET /news.php?cs_go=archiv&cs_id=1807&cs_search= HTTP/1.1" 200 9392 "-" "Pixray-Seeker/1.1 (Pixray-Seeker; http://www.pixray.com/pixraybot; crawler@pixray.com)"
93.219.7.141 - - [17/Aug/2012:23:22:52 +0200] "GET /images/bg.jpg HTTP/1.1" 304 - "http://www.mink-gmbh.de/style.css" "Mozilla/5.0 (Windows NT 6.1; rv:14.0) Gecko/20100101 Firefox/14.0.1"
93.219.7.141 - - [17/Aug/2012:23:22:52 +0200] "GET /images/wrapperbg.jpg HTTP/1.1" 304 - "http://www.mink-gmbh.de/style.css" "Mozilla/5.0 (Windows NT 6.1; rv:14.0) Gecko/20100101 Firefox/14.0.1"
93.219.7.141 - - [17/Aug/2012:23:22:52 +0200] "GET /images/header.jpg HTTP/1.1" 304 - "http://www.mink-gmbh.de/style.css" "Mozilla/5.0 (Windows NT 6.1; rv:14.0) Gecko/20100101 Firefox/14.0.1"
93.219.7.141 - - [17/Aug/2012:23:22:52 +0200] "GET /images/navibg.png HTTP/1.1" 304 - "http://www.mink-gmbh.de/style.css" "Mozilla/5.0 (Windows NT 6.1; rv:14.0) Gecko/20100101 Firefox/14.0.1"
93.219.7.141 - - [17/Aug/2012:23:22:52 +0200] "GET /js_contentserver24_greybox/loader_frame.html?s=0 HTTP/1.1" 304 - "http://www.mink-gmbh.de/" "Mozilla/5.0 (Windows NT 6.1; rv:14.0) Gecko/20100101 Firefox/14.0.1"
93.219.7.141 - - [17/Aug/2012:23:22:51 +0200] "GET / HTTP/1.1" 200 15309 "-" "Mozilla/5.0 (Windows NT 6.1; rv:14.0) Gecko/20100101 Firefox/14.0.1"
93.219.7.141 - - [17/Aug/2012:23:22:53 +0200] "GET /images/kwk.gif HTTP/1.1" 304 - "http://www.mink-gmbh.de/" "Mozilla/5.0 (Windows NT 6.1; rv:14.0) Gecko/20100101 Firefox/14.0.1"
93.219.7.141 - - [17/Aug/2012:23:22:53 +0200] "GET /images/wunschpreis.jpg HTTP/1.1" 304 - "http://www.mink-gmbh.de/" "Mozilla/5.0 (Windows NT 6.1; rv:14.0) Gecko/20100101 Firefox/14.0.1"
93.219.7.141 - - [17/Aug/2012:23:22:53 +0200] "GET /images/logos.jpg HTTP/1.1" 304 - "http://www.mink-gmbh.de/" "Mozilla/5.0 (Windows NT 6.1; rv:14.0) Gecko/20100101 Firefox/14.0.1"
93.219.7.141 - - [17/Aug/2012:23:22:53 +0200] "GET /images/footerbg.jpg HTTP/1.1" 304 - "http://www.mink-gmbh.de/style.css" "Mozilla/5.0 (Windows NT 6.1; rv:14.0) Gecko/20100101 Firefox/14.0.1"
93.219.7.141 - - [17/Aug/2012:23:23:01 +0200] "GET /news.php?cs_go=archiv&cs_id=3370 HTTP/1.1" 200 13445 "http://www.mink-gmbh.de/" "Mozilla/5.0 (Windows NT 6.1; rv:14.0) Gecko/20100101 Firefox/14.0.1"
93.219.7.141 - - [17/Aug/2012:23:23:40 +0200] "GET / HTTP/1.1" 200 14568 "-" "Mozilla/5.0 (Windows NT 6.1; rv:14.0) Gecko/20100101 Firefox/14.0.1"
93.219.7.141 - - [17/Aug/2012:23:23:44 +0200] "GET /news.php?cs_go=archiv&cs_id=3367 HTTP/1.1" 200 11374 "http://www.mink-gmbh.de/" "Mozilla/5.0 (Windows NT 6.1; rv:14.0) Gecko/20100101 Firefox/14.0.1"
93.219.7.141 - - [17/Aug/2012:23:24:38 +0200] "GET / HTTP/1.1" 200 14568 "-" "Mozilla/5.0 (Windows NT 6.1; rv:14.0) Gecko/20100101 Firefox/14.0.1"
93.219.7.141 - - [17/Aug/2012:23:25:00 +0200] "GET /news.php?cs_go=archiv&cs_id=3370 HTTP/1.1" 200 13445 "http://www.mink-gmbh.de/" "Mozilla/5.0 (Windows NT 6.1; rv:14.0) Gecko/20100101 Firefox/14.0.1"
208.115.111.75 - - [17/Aug/2012:23:27:31 +0200] "GET /robots.txt HTTP/1.1" 200 177 "-" "Mozilla/5.0 (compatible; Ezooms/1.0; ezooms.bot@gmail.com)"
217.69.133.31 - - [17/Aug/2012:23:31:30 +0200] "GET / HTTP/1.0" 200 15309 "-" "Mozilla/5.0 (compatible; Mail.RU/2.0)"
176.9.0.12 - - [17/Aug/2012:23:48:31 +0200] "GET /robots.txt HTTP/1.1" 200 177 "-" "Pixray-Seeker/1.1 (Pixray-Seeker; http://www.pixray.com/pixraybot; crawler@pixray.com)"
176.9.0.12 - - [17/Aug/2012:23:48:31 +0200] "GET /lexikon.php?cs_go=3&cs_id=231 HTTP/1.1" 200 8379 "-" "Pixray-Seeker/1.1 (Pixray-Seeker; http://www.pixray.com/pixraybot; crawler@pixray.com)"
213.186.119.135 - - [17/Aug/2012:23:50:43 +0200] "GET /news.php?cs_go=archiv&cs_id=3325 HTTP/1.1" 200 13596 "-" "Mozilla/5.0 (compatible; AhrefsBot/3.1; +http://ahrefs.com/robot/)"
65.36.241.79 - - [17/Aug/2012:23:57:31 +0200] "HEAD / HTTP/1.1" 200 - "-" "InternetSeer.com"
178.154.179.250 - - [18/Aug/2012:00:03:41 +0200] "GET /robots.txt HTTP/1.1" 200 177 "-" "Mozilla/5.0 (compatible; YandexBot/3.0; +http://yandex.com/bots)"
208.115.113.91 - - [18/Aug/2012:00:24:25 +0200] "GET /robots.txt HTTP/1.1" 200 177 "-" "Mozilla/5.0 (compatible; Ezooms/1.0; ezooms.bot@gmail.com)"
213.186.119.136 - - [18/Aug/2012:00:24:28 +0200] "GET /news.php?cs_go=archiv&cs_id=3268&cs_search= HTTP/1.1" 200 13495 "-" "Mozilla/5.0 (compatible; AhrefsBot/3.1; +http://ahrefs.com/robot/)"
188.40.65.130 - - [18/Aug/2012:00:28:58 +0200] "GET /robots.txt HTTP/1.1" 200 177 "-" "Pixray-Seeker/1.1 (Pixray-Seeker; http://www.pixray.com/pixraybot; crawler@pixray.com)"
188.40.65.130 - - [18/Aug/2012:00:28:58 +0200] "GET /news.php?cs_go=archiv&cs_id=2462&cs_search= HTTP/1.1" 200 11249 "-" "Pixray-Seeker/1.1 (Pixray-Seeker; http://www.pixray.com/pixraybot; crawler@pixray.com)"
46.4.119.231 - - [18/Aug/2012:00:57:52 +0200] "GET /robots.txt HTTP/1.1" 200 177 "-" "Pixray-Seeker/1.1 (Pixray-Seeker; http://www.pixray.com/pixraybot; crawler@pixray.com)"
46.4.119.231 - - [18/Aug/2012:00:57:52 +0200] "GET /news.php?cs_go=archiv&cs_startpos=591 HTTP/1.1" 200 22697 "-" "Pixray-Seeker/1.1 (Pixray-Seeker; http://www.pixray.com/pixraybot; crawler@pixray.com)"
213.186.119.139 - - [18/Aug/2012:00:59:59 +0200] "GET /news.php?cs_go=archiv&cs_id=3325&cs_search= HTTP/1.1" 200 13596 "-" "Mozilla/5.0 (compatible; AhrefsBot/3.1; +http://ahrefs.com/robot/)"
46.4.119.231 - - [18/Aug/2012:01:02:14 +0200] "GET /news.php?cs_go=archiv&cs_id=2046&cs_search= HTTP/1.1" 200 10086 "-" "Pixray-Seeker/1.1 (Pixray-Seeker; http://www.pixray.com/pixraybot; crawler@pixray.com)"
176.9.7.28 - - [18/Aug/2012:01:19:04 +0200] "GET /robots.txt HTTP/1.1" 200 177 "-" "Pixray-Seeker/1.1 (Pixray-Seeker; http://www.pixray.com/pixraybot; crawler@pixray.com)"
176.9.7.28 - - [18/Aug/2012:01:19:05 +0200] "GET /lexikon.php?cs_go=3&cs_id=100 HTTP/1.1" 200 8754 "-" "Pixray-Seeker/1.1 (Pixray-Seeker; http://www.pixray.com/pixraybot; crawler@pixray.com)"
176.9.7.28 - - [18/Aug/2012:01:23:04 +0200] "GET /lexikon.php?cs_go=3&cs_id=70 HTTP/1.1" 200 8276 "-" "Pixray-Seeker/1.1 (Pixray-Seeker; http://www.pixray.com/pixraybot; crawler@pixray.com)"
88.198.64.132 - - [18/Aug/2012:01:33:34 +0200] "GET /robots.txt HTTP/1.1" 200 177 "-" "Pixray-Seeker/1.1 (Pixray-Seeker; http://www.pixray.com/pixraybot; crawler@pixray.com)"
88.198.64.132 - - [18/Aug/2012:01:33:34 +0200] "GET /lexikon.php?cs_go=3&cs_id=179 HTTP/1.1" 200 11829 "-" "Pixray-Seeker/1.1 (Pixray-Seeker; http://www.pixray.com/pixraybot; crawler@pixray.com)"
66.249.72.131 - - [18/Aug/2012:01:46:17 +0200] "GET /news.php?cs_go=archiv&cs_id=2018&cs_search= HTTP/1.1" 200 15127 "-" "Mozilla/5.0 (compatible; Googlebot/2.1; +http://www.google.com/bot.html)"
83.149.126.98 - - [18/Aug/2012:02:03:32 +0200] "GET /robots.txt HTTP/1.0" 200 177 "-" "Mozilla/5.0 (compatible; MJ12bot/v1.4.3; http://www.majestic12.co.uk/bot.php?+)"
176.9.0.13 - - [18/Aug/2012:02:03:33 +0200] "GET /robots.txt HTTP/1.1" 200 177 "-" "Pixray-Seeker/1.1 (Pixray-Seeker; http://www.pixray.com/pixraybot; crawler@pixray.com)"
176.9.0.13 - - [18/Aug/2012:02:03:33 +0200] "GET /news.php?cs_go=archiv&cs_id=2195&cs_search= HTTP/1.1" 200 13809 "-" "Pixray-Seeker/1.1 (Pixray-Seeker; http://www.pixray.com/pixraybot; crawler@pixray.com)"
83.149.126.98 - - [18/Aug/2012:02:03:33 +0200] "GET /Heizoel-Berlin.htm HTTP/1.0" 404 - "-" "Mozilla/5.0 (compatible; MJ12bot/v1.4.3; http://www.majestic12.co.uk/bot.php?+)"
83.149.126.98 - - [18/Aug/2012:02:03:34 +0200] "GET /Heizoel.htm HTTP/1.0" 404 - "-" "Mozilla/5.0 (compatible; MJ12bot/v1.4.3; http://www.majestic12.co.uk/bot.php?+)"
83.149.126.98 - - [18/Aug/2012:02:03:36 +0200] "GET /seiten/impres.htm HTTP/1.0" 404 - "-" "Mozilla/5.0 (compatible; MJ12bot/v1.4.3; http://www.majestic12.co.uk/bot.php?+)"
83.149.126.98 - - [18/Aug/2012:02:03:37 +0200] "GET /startseite.htm HTTP/1.0" 404 - "-" "Mozilla/5.0 (compatible; MJ12bot/v1.4.3; http://www.majestic12.co.uk/bot.php?+)"
66.249.72.131 - - [18/Aug/2012:02:12:57 +0200] "GET /news.php?cs_go=archiv&cs_id=1837&cs_search= HTTP/1.1" 200 9695 "-" "Mozilla/5.0 (compatible; Googlebot/2.1; +http://www.google.com/bot.html)"
66.249.72.131 - - [18/Aug/2012:02:17:19 +0200] "GET /news.php?cs_go=archiv&cs_id=2126&cs_search= HTTP/1.1" 200 14611 "-" "Mozilla/5.0 (compatible; Googlebot/2.1; +http://www.google.com/bot.html)"
176.9.19.103 - - [18/Aug/2012:02:18:47 +0200] "GET /robots.txt HTTP/1.1" 200 177 "-" "Pixray-Seeker/1.1 (Pixray-Seeker; http://www.pixray.com/pixraybot; crawler@pixray.com)"
176.9.19.103 - - [18/Aug/2012:02:18:47 +0200] "GET /news.php?cs_go=archiv&cs_id=2050&cs_search= HTTP/1.1" 200 15224 "-" "Pixray-Seeker/1.1 (Pixray-Seeker; http://www.pixray.com/pixraybot; crawler@pixray.com)"
176.9.19.103 - - [18/Aug/2012:02:22:10 +0200] "GET /lexikon.php?cs_go=3&cs_id=12 HTTP/1.1" 200 8486 "-" "Pixray-Seeker/1.1 (Pixray-Seeker; http://www.pixray.com/pixraybot; crawler@pixray.com)"
66.249.72.131 - - [18/Aug/2012:02:25:13 +0200] "GET /news.php?cs_go=archiv&cs_id=2162&cs_search= HTTP/1.1" 200 14047 "-" "Mozilla/5.0 (compatible; Googlebot/2.1; +http://www.google.com/bot.html)"
157.55.18.9 - - [18/Aug/2012:02:28:05 +0200] "GET /robots.txt HTTP/1.1" 200 177 "-" "Mozilla/5.0 (compatible; bingbot/2.0; +http://www.bing.com/bingbot.htm)"
85.214.212.178 - - [18/Aug/2012:02:28:10 +0200] "GET /impressum.php HTTP/1.1" 200 8582 "-" "Mozilla/5.0 (Windows; U; Windows NT 5.1; de; rv:8.0) Gecko/20100101 Firefox/8.0"
85.214.212.178 - - [18/Aug/2012:02:28:11 +0200] "GET /agb.php HTTP/1.1" 200 19709 "-" "Mozilla/5.0 (Windows; U; Windows NT 5.1; de; rv:8.0) Gecko/20100101 Firefox/8.0"
85.214.212.178 - - [18/Aug/2012:02:28:11 +0200] "GET /kontakt.php HTTP/1.1" 200 7141 "-" "Mozilla/5.0 (Windows; U; Windows NT 5.1; de; rv:8.0) Gecko/20100101 Firefox/8.0"
85.214.212.178 - - [18/Aug/2012:02:28:11 +0200] "GET /optiplus.php HTTP/1.1" 200 11100 "-" "Mozilla/5.0 (Windows; U; Windows NT 5.1; de; rv:8.0) Gecko/20100101 Firefox/8.0"
85.214.212.178 - - [18/Aug/2012:02:28:11 +0200] "GET /standard.php HTTP/1.1" 200 7148 "-" "Mozilla/5.0 (Windows; U; Windows NT 5.1; de; rv:8.0) Gecko/20100101 Firefox/8.0"
85.214.212.178 - - [18/Aug/2012:02:28:11 +0200] "GET /rueckrufservice.php HTTP/1.1" 200 6966 "-" "Mozilla/5.0 (Windows; U; Windows NT 5.1; de; rv:8.0) Gecko/20100101 Firefox/8.0"
85.214.212.178 - - [18/Aug/2012:02:28:11 +0200] "GET /news.php HTTP/1.1" 200 6963 "-" "Mozilla/5.0 (Windows; U; Windows NT 5.1; de; rv:8.0) Gecko/20100101 Firefox/8.0"
85.214.212.178 - - [18/Aug/2012:02:28:11 +0200] "GET / HTTP/1.1" 200 15309 "-" "Mozilla/5.0 (Windows; U; Windows NT 5.1; de; rv:8.0) Gecko/20100101 Firefox/8.0"
85.214.212.178 - - [18/Aug/2012:02:28:17 +0200] "GET /impressum.php HTTP/1.1" 200 8582 "-" "Mozilla/5.0 (Windows; U; Windows NT 5.1; de; rv:8.0) Gecko/20100101 Firefox/8.0"
85.214.212.178 - - [18/Aug/2012:02:28:21 +0200] "GET /kontakt.php HTTP/1.1" 200 9198 "-" "Mozilla/5.0 (Windows; U; Windows NT 5.1; de; rv:8.0) Gecko/20100101 Firefox/8.0"
85.214.212.178 - - [18/Aug/2012:02:28:24 +0200] "GET /agb.php HTTP/1.1" 200 19709 "-" "Mozilla/5.0 (Windows; U; Windows NT 5.1; de; rv:8.0) Gecko/20100101 Firefox/8.0"
85.214.212.178 - - [18/Aug/2012:02:28:27 +0200] "GET /standard.php HTTP/1.1" 200 9218 "-" "Mozilla/5.0 (Windows; U; Windows NT 5.1; de; rv:8.0) Gecko/20100101 Firefox/8.0"
85.214.212.178 - - [18/Aug/2012:02:28:30 +0200] "GET /optiplus.php HTTP/1.1" 200 11100 "-" "Mozilla/5.0 (Windows; U; Windows NT 5.1; de; rv:8.0) Gecko/20100101 Firefox/8.0"
85.214.212.178 - - [18/Aug/2012:02:28:34 +0200] "GET /news.php HTTP/1.1" 200 22415 "-" "Mozilla/5.0 (Windows; U; Windows NT 5.1; de; rv:8.0) Gecko/20100101 Firefox/8.0"
85.214.212.178 - - [18/Aug/2012:02:28:38 +0200] "GET /rueckrufservice.php HTTP/1.1" 200 10770 "-" "Mozilla/5.0 (Windows; U; Windows NT 5.1; de; rv:8.0) Gecko/20100101 Firefox/8.0"
157.55.18.9 - - [18/Aug/2012:02:28:43 +0200] "GET /news.php HTTP/1.1" 200 22415 "-" "Mozilla/5.0 (compatible; bingbot/2.0; +http://www.bing.com/bingbot.htm)"
123.125.71.58 - - [18/Aug/2012:02:31:33 +0200] "GET / HTTP/1.1" 200 8703 "-" "Mozilla/5.0 (compatible; Baiduspider/2.0; +http://www.baidu.com/search/spider.html)"
220.181.108.119 - - [18/Aug/2012:02:32:03 +0200] "GET / HTTP/1.1" 200 7779 "-" "Mozilla/5.0 (compatible; Baiduspider/2.0; +http://www.baidu.com/search/spider.html)"
46.4.118.75 - - [18/Aug/2012:02:32:50 +0200] "GET /robots.txt HTTP/1.1" 200 177 "-" "Pixray-Seeker/1.1 (Pixray-Seeker; http://www.pixray.com/pixraybot; crawler@pixray.com)"
46.4.118.75 - - [18/Aug/2012:02:32:50 +0200] "GET /news.php?cs_go=archiv&cs_id=2075&cs_search= HTTP/1.1" 200 10450 "-" "Pixray-Seeker/1.1 (Pixray-Seeker; http://www.pixray.com/pixraybot; crawler@pixray.com)"
66.249.72.131 - - [18/Aug/2012:02:33:56 +0200] "GET /news.php?cs_go=archiv&cs_id=2224&cs_search= HTTP/1.1" 200 12720 "-" "Mozilla/5.0 (compatible; Googlebot/2.1; +http://www.google.com/bot.html)"
46.4.118.75 - - [18/Aug/2012:02:38:32 +0200] "GET /news.php?cs_go=archiv&cs_id=2234&cs_search= HTTP/1.1" 200 14070 "-" "Pixray-Seeker/1.1 (Pixray-Seeker; http://www.pixray.com/pixraybot; crawler@pixray.com)"
66.249.72.131 - - [18/Aug/2012:02:42:41 +0200] "GET /news.php?cs_go=archiv&cs_id=2710&cs_search= HTTP/1.1" 200 10110 "-" "Mozilla/5.0 (compatible; Googlebot/2.1; +http://www.google.com/bot.html)"
66.249.72.131 - - [18/Aug/2012:02:45:02 +0200] "GET /news.php?cs_go=archiv&cs_id=2303&cs_search= HTTP/1.1" 200 14236 "-" "Mozilla/5.0 (compatible; Googlebot/2.1; +http://www.google.com/bot.html)"
188.40.85.200 - - [18/Aug/2012:02:50:42 +0200] "GET /robots.txt HTTP/1.1" 200 177 "-" "Pixray-Seeker/1.1 (Pixray-Seeker; http://www.pixray.com/pixraybot; crawler@pixray.com)"
188.40.85.200 - - [18/Aug/2012:02:50:42 +0200] "GET /news.php?cs_go=archiv&cs_startpos=1071 HTTP/1.1" 200 23218 "-" "Pixray-Seeker/1.1 (Pixray-Seeker; http://www.pixray.com/pixraybot; crawler@pixray.com)"
66.249.72.131 - - [18/Aug/2012:02:51:24 +0200] "GET /news.php?cs_go=archiv&cs_id=3122 HTTP/1.1" 200 10155 "-" "Mozilla/5.0 (compatible; Googlebot/2.1; +http://www.google.com/bot.html)"
66.249.72.131 - - [18/Aug/2012:03:00:09 +0200] "GET /news.php?cs_go=archiv&cs_id=2491&cs_search= HTTP/1.1" 200 9417 "-" "Mozilla/5.0 (compatible; Googlebot/2.1; +http://www.google.com/bot.html)"
66.249.72.131 - - [18/Aug/2012:03:09:05 +0200] "GET /news.php?cs_go=archiv&cs_id=3078 HTTP/1.1" 200 13509 "-" "Mozilla/5.0 (compatible; Googlebot/2.1; +http://www.google.com/bot.html)"
46.4.121.154 - - [18/Aug/2012:03:09:24 +0200] "GET /robots.txt HTTP/1.1" 200 177 "-" "Pixray-Seeker/1.1 (Pixray-Seeker; http://www.pixray.com/pixraybot; crawler@pixray.com)"
46.4.121.154 - - [18/Aug/2012:03:09:24 +0200] "GET /lexikon.php?cs_go=3&cs_id=113 HTTP/1.1" 200 8176 "-" "Pixray-Seeker/1.1 (Pixray-Seeker; http://www.pixray.com/pixraybot; crawler@pixray.com)"
46.4.121.154 - - [18/Aug/2012:03:14:25 +0200] "GET /news.php?cs_go=archiv&cs_startpos=381 HTTP/1.1" 200 22773 "-" "Pixray-Seeker/1.1 (Pixray-Seeker; http://www.pixray.com/pixraybot; crawler@pixray.com)"
66.249.72.131 - - [18/Aug/2012:03:17:37 +0200] "GET /news.php?cs_go=archiv&cs_id=2535 HTTP/1.1" 200 10135 "-" "Mozilla/5.0 (compatible; Googlebot/2.1; +http://www.google.com/bot.html)"
66.249.72.131 - - [18/Aug/2012:03:26:21 +0200] "GET /news.php?cs_go=archiv&cs_id=2388&cs_search= HTTP/1.1" 200 14453 "-" "Mozilla/5.0 (compatible; Googlebot/2.1; +http://www.google.com/bot.html)"
88.198.67.134 - - [18/Aug/2012:03:28:10 +0200] "GET /robots.txt HTTP/1.1" 200 177 "-" "Pixray-Seeker/1.1 (Pixray-Seeker; http://www.pixray.com/pixraybot; crawler@pixray.com)"
88.198.67.134 - - [18/Aug/2012:03:28:10 +0200] "GET /lexikon.php?cs_go=3&cs_id=112 HTTP/1.1" 200 9151 "-" "Pixray-Seeker/1.1 (Pixray-Seeker; http://www.pixray.com/pixraybot; crawler@pixray.com)"
88.198.67.134 - - [18/Aug/2012:03:28:10 +0200] "GET /lexikon.php?cs_go=3&cs_id=230 HTTP/1.1" 200 8568 "-" "Pixray-Seeker/1.1 (Pixray-Seeker; http://www.pixray.com/pixraybot; crawler@pixray.com)"
208.115.111.75 - - [18/Aug/2012:03:32:11 +0200] "GET /robots.txt HTTP/1.1" 200 177 "-" "Mozilla/5.0 (compatible; Ezooms/1.0; ezooms.bot@gmail.com)"
66.249.71.108 - - [18/Aug/2012:03:35:25 +0200] "GET /robots.txt HTTP/1.1" 200 177 "-" "Mozilla/5.0 (compatible; Googlebot/2.1; +http://www.google.com/bot.html)"
66.249.71.108 - - [18/Aug/2012:03:35:25 +0200] "GET /news.php?cs_go=archiv&cs_id=2519&cs_search= HTTP/1.1" 200 10367 "-" "Mozilla/5.0 (compatible; Googlebot/2.1; +http://www.google.com/bot.html)"
91.61.66.76 - - [18/Aug/2012:03:40:10 +0200] "GET /jobs.php HTTP/1.1" 200 7200 "-" "Mozilla/5.0 /Windows; U; Windows NT 6.1; de; rv:1.9.1.5) Gecko/20091102 Firefox/3.5.5"
66.249.71.108 - - [18/Aug/2012:03:43:48 +0200] "GET /news.php?cs_go=archiv&cs_id=1630&cs_search= HTTP/1.1" 200 12027 "-" "Mozilla/5.0 (compatible; Googlebot/2.1; +http://www.google.com/bot.html)"
66.249.71.108 - - [18/Aug/2012:03:50:49 +0200] "GET /news.php?cs_go=archiv&cs_id=2026&cs_search= HTTP/1.1" 200 10392 "-" "Mozilla/5.0 (compatible; Googlebot/2.1; +http://www.google.com/bot.html)"
66.249.71.108 - - [18/Aug/2012:03:52:34 +0200] "GET /news.php?cs_go=archiv&cs_id=1632&cs_search= HTTP/1.1" 200 13014 "-" "Mozilla/5.0 (compatible; Googlebot/2.1; +http://www.google.com/bot.html)"
91.61.66.76 - - [18/Aug/2012:03:54:13 +0200] "GET /jobs.php HTTP/1.1" 200 7200 "-" "Mozilla/5.0 /Windows; U; Windows NT 6.1; de; rv:1.9.1.5) Gecko/20091102 Firefox/3.5.5"
208.115.113.91 - - [18/Aug/2012:03:54:47 +0200] "GET /news.php?cs_go=archiv&cs_id=1775&cs_search= HTTP/1.1" 200 14063 "-" "Mozilla/5.0 (compatible; Ezooms/1.0; ezooms.bot@gmail.com)"
208.115.113.91 - - [18/Aug/2012:03:54:51 +0200] "GET /news.php?cs_go=archiv&cs_startpos=990 HTTP/1.1" 200 23454 "-" "Mozilla/5.0 (compatible; Ezooms/1.0; ezooms.bot@gmail.com)"
66.249.71.108 - - [18/Aug/2012:04:01:18 +0200] "GET /news.php?cs_go=archiv&cs_id=1644&cs_search= HTTP/1.1" 200 14340 "-" "Mozilla/5.0 (compatible; Googlebot/2.1; +http://www.google.com/bot.html)"
207.46.199.225 - - [18/Aug/2012:04:04:28 +0200] "GET /robots.txt HTTP/1.1" 200 177 "-" "msnbot-media/1.1 (+http://search.msn.com/msnbot.htm)"
207.46.199.225 - - [18/Aug/2012:04:04:28 +0200] "GET /images/kwk.gif HTTP/1.1" 200 6403 "-" "msnbot-media/1.1 (+http://search.msn.com/msnbot.htm)"
207.46.199.225 - - [18/Aug/2012:04:04:28 +0200] "GET / HTTP/1.1" 200 3409 "-" "msnbot-media/1.1 (+http://search.msn.com/msnbot.htm)"
207.46.199.225 - - [18/Aug/2012:04:04:59 +0200] "GET / HTTP/1.1" 200 3409 "-" "msnbot-media/1.1 (+http://search.msn.com/msnbot.htm)"
66.249.71.108 - - [18/Aug/2012:04:10:25 +0200] "GET /news.php?cs_go=archiv&cs_id=1694&cs_search= HTTP/1.1" 200 12329 "-" "Mozilla/5.0 (compatible; Googlebot/2.1; +http://www.google.com/bot.html)"
46.4.92.141 - - [18/Aug/2012:04:11:05 +0200] "GET /robots.txt HTTP/1.1" 200 177 "-" "Pixray-Seeker/1.1 (Pixray-Seeker; http://www.pixray.com/pixraybot; crawler@pixray.com)"
46.4.92.141 - - [18/Aug/2012:04:11:05 +0200] "GET /news.php?cs_go=archiv&cs_id=2047&cs_search= HTTP/1.1" 200 15378 "-" "Pixray-Seeker/1.1 (Pixray-Seeker; http://www.pixray.com/pixraybot; crawler@pixray.com)"
66.249.71.108 - - [18/Aug/2012:04:12:21 +0200] "GET /news.php?cs_go=archiv&cs_startpos=1 HTTP/1.1" 200 22593 "-" "Mozilla/5.0 (compatible; Googlebot/2.1; +http://www.google.com/bot.html)"
46.4.92.141 - - [18/Aug/2012:04:17:00 +0200] "GET /news.php?cs_go=archiv&cs_id=3077&cs_search= HTTP/1.1" 200 9857 "-" "Pixray-Seeker/1.1 (Pixray-Seeker; http://www.pixray.com/pixraybot; crawler@pixray.com)"
66.249.71.108 - - [18/Aug/2012:04:18:45 +0200] "GET /news.php?cs_go=archiv&cs_id=1697&cs_search= HTTP/1.1" 200 12567 "-" "Mozilla/5.0 (compatible; Googlebot/2.1; +http://www.google.com/bot.html)"
66.249.71.108 - - [18/Aug/2012:04:27:30 +0200] "GET /news.php?cs_go=archiv&cs_id=1716&cs_search= HTTP/1.1" 200 13322 "-" "Mozilla/5.0 (compatible; Googlebot/2.1; +http://www.google.com/bot.html)"
46.4.119.231 - - [18/Aug/2012:04:34:25 +0200] "GET /robots.txt HTTP/1.1" 200 177 "-" "Pixray-Seeker/1.1 (Pixray-Seeker; http://www.pixray.com/pixraybot; crawler@pixray.com)"
46.4.119.231 - - [18/Aug/2012:04:34:25 +0200] "GET /news.php?cs_go=archiv&cs_id=2631&cs_search= HTTP/1.1" 200 10171 "-" "Pixray-Seeker/1.1 (Pixray-Seeker; http://www.pixray.com/pixraybot; crawler@pixray.com)"
66.249.71.108 - - [18/Aug/2012:04:36:16 +0200] "GET /news.php?cs_go=archiv&cs_id=1738&cs_search= HTTP/1.1" 200 14164 "-" "Mozilla/5.0 (compatible; Googlebot/2.1; +http://www.google.com/bot.html)"
65.36.241.79 - - [18/Aug/2012:04:44:56 +0200] "HEAD / HTTP/1.1" 200 - "-" "InternetSeer.com"
66.249.71.108 - - [18/Aug/2012:04:44:58 +0200] "GET /news.php?cs_go=archiv&cs_id=1735&cs_search= HTTP/1.1" 200 15086 "-" "Mozilla/5.0 (compatible; Googlebot/2.1; +http://www.google.com/bot.html)"
176.9.0.13 - - [18/Aug/2012:04:52:13 +0200] "GET /robots.txt HTTP/1.1" 200 177 "-" "Pixray-Seeker/1.1 (Pixray-Seeker; http://www.pixray.com/pixraybot; crawler@pixray.com)"
176.9.0.13 - - [18/Aug/2012:04:52:14 +0200] "GET /news.php?cs_go=archiv&cs_startpos=611 HTTP/1.1" 200 22986 "-" "Pixray-Seeker/1.1 (Pixray-Seeker; http://www.pixray.com/pixraybot; crawler@pixray.com)"
66.249.71.108 - - [18/Aug/2012:04:53:44 +0200] "GET /news.php?cs_go=archiv&cs_id=1742&cs_search= HTTP/1.1" 200 14347 "-" "Mozilla/5.0 (compatible; Googlebot/2.1; +http://www.google.com/bot.html)"
66.249.71.108 - - [18/Aug/2012:04:57:03 +0200] "GET /news.php?cs_go=archiv&cs_startpos=670 HTTP/1.1" 200 23047 "-" "Mozilla/5.0 (compatible; Googlebot/2.1; +http://www.google.com/bot.html)"
66.249.71.108 - - [18/Aug/2012:05:02:26 +0200] "GET /news.php?cs_go=archiv&cs_id=1864&cs_search= HTTP/1.1" 200 14859 "-" "Mozilla/5.0 (compatible; Googlebot/2.1; +http://www.google.com/bot.html)"
176.9.0.12 - - [18/Aug/2012:05:09:18 +0200] "GET /robots.txt HTTP/1.1" 200 177 "-" "Pixray-Seeker/1.1 (Pixray-Seeker; http://www.pixray.com/pixraybot; crawler@pixray.com)"
176.9.0.12 - - [18/Aug/2012:05:09:18 +0200] "GET /lexikon.php?cs_go=3&cs_id=114 HTTP/1.1" 200 8684 "-" "Pixray-Seeker/1.1 (Pixray-Seeker; http://www.pixray.com/pixraybot; crawler@pixray.com)"
66.249.71.108 - - [18/Aug/2012:05:11:12 +0200] "GET /news.php?cs_go=archiv&cs_id=1882&cs_search= HTTP/1.1" 200 14179 "-" "Mozilla/5.0 (compatible; Googlebot/2.1; +http://www.google.com/bot.html)"
66.249.71.108 - - [18/Aug/2012:05:19:54 +0200] "GET /news.php?cs_go=archiv&cs_id=1871&cs_search= HTTP/1.1" 200 16249 "-" "Mozilla/5.0 (compatible; Googlebot/2.1; +http://www.google.com/bot.html)"
66.249.71.108 - - [18/Aug/2012:05:28:41 +0200] "GET /news.php?cs_go=archiv&cs_id=2066&cs_search= HTTP/1.1" 200 13464 "-" "Mozilla/5.0 (compatible; Googlebot/2.1; +http://www.google.com/bot.html)"
46.4.125.109 - - [18/Aug/2012:05:33:34 +0200] "GET /robots.txt HTTP/1.1" 200 177 "-" "Pixray-Seeker/1.1 (Pixray-Seeker; http://www.pixray.com/pixraybot; crawler@pixray.com)"
46.4.125.109 - - [18/Aug/2012:05:33:34 +0200] "GET /news.php?cs_go=archiv&cs_startpos=1351 HTTP/1.1" 200 23055 "-" "Pixray-Seeker/1.1 (Pixray-Seeker; http://www.pixray.com/pixraybot; crawler@pixray.com)"
66.249.71.108 - - [18/Aug/2012:05:37:23 +0200] "GET /news.php?cs_go=archiv&cs_id=3096&cs_search= HTTP/1.1" 200 12656 "-" "Mozilla/5.0 (compatible; Googlebot/2.1; +http://www.google.com/bot.html)"
208.115.113.91 - - [18/Aug/2012:05:38:26 +0200] "GET /robots.txt HTTP/1.1" 200 177 "-" "Mozilla/5.0 (compatible; Ezooms/1.0; ezooms.bot@gmail.com)"
46.4.125.109 - - [18/Aug/2012:05:44:38 +0200] "GET /news.php?cs_go=archiv&cs_id=2618&cs_search= HTTP/1.1" 200 9440 "-" "Pixray-Seeker/1.1 (Pixray-Seeker; http://www.pixray.com/pixraybot; crawler@pixray.com)"
66.249.71.108 - - [18/Aug/2012:05:46:09 +0200] "GET /news.php?cs_go=archiv&cs_id=1986&cs_search= HTTP/1.1" 200 13835 "-" "Mozilla/5.0 (compatible; Googlebot/2.1; +http://www.google.com/bot.html)"
178.77.126.55 - - [18/Aug/2012:05:47:45 +0200] "GET /robots.txt HTTP/1.1" 200 177 "-" "Mozilla/5.0 (compatible; CareerBot/1.1; +http://www.career-x.de/bot.html)"
178.77.126.55 - - [18/Aug/2012:05:47:45 +0200] "GET / HTTP/1.1" 200 15309 "-" "Mozilla/5.0 (compatible; CareerBot/1.1; +http://www.career-x.de/bot.html)"
178.77.126.55 - - [18/Aug/2012:05:47:46 +0200] "GET /news.php?cs_go=archiv&cs_id=3367 HTTP/1.1" 200 11374 "-" "Mozilla/5.0 (compatible; CareerBot/1.1; +http://www.career-x.de/bot.html)"
66.249.71.108 - - [18/Aug/2012:05:54:51 +0200] "GET /news.php?cs_go=archiv&cs_id=1990&cs_search= HTTP/1.1" 200 11419 "-" "Mozilla/5.0 (compatible; Googlebot/2.1; +http://www.google.com/bot.html)"
66.249.71.108 - - [18/Aug/2012:06:02:49 +0200] "GET /news.php?cs_go=archiv&cs_id=2499&cs_search= HTTP/1.1" 200 14469 "-" "Mozilla/5.0 (compatible; Googlebot/2.1; +http://www.google.com/bot.html)"
66.249.71.108 - - [18/Aug/2012:06:03:34 +0200] "GET /news.php?cs_go=archiv&cs_id=1993&cs_search= HTTP/1.1" 200 13991 "-" "Mozilla/5.0 (compatible; Googlebot/2.1; +http://www.google.com/bot.html)"
66.249.71.108 - - [18/Aug/2012:06:12:19 +0200] "GET /news.php?cs_go=archiv&cs_id=2010&cs_search= HTTP/1.1" 200 12159 "-" "Mozilla/5.0 (compatible; Googlebot/2.1; +http://www.google.com/bot.html)"
66.249.71.108 - - [18/Aug/2012:06:21:05 +0200] "GET /news.php?cs_go=archiv&cs_id=2050&cs_search= HTTP/1.1" 200 15224 "-" "Mozilla/5.0 (compatible; Googlebot/2.1; +http://www.google.com/bot.html)"
66.249.71.108 - - [18/Aug/2012:06:29:47 +0200] "GET /news.php?cs_go=archiv&cs_id=2057&cs_search= HTTP/1.1" 200 15262 "-" "Mozilla/5.0 (compatible; Googlebot/2.1; +http://www.google.com/bot.html)"
46.4.19.85 - - [18/Aug/2012:06:36:32 +0200] "GET /robots.txt HTTP/1.1" 200 177 "-" "Pixray-Seeker/1.1 (Pixray-Seeker; http://www.pixray.com/pixraybot; crawler@pixray.com)"
46.4.19.85 - - [18/Aug/2012:06:36:32 +0200] "GET /lexikon.php?cs_go=3&cs_id=93 HTTP/1.1" 200 7995 "-" "Pixray-Seeker/1.1 (Pixray-Seeker; http://www.pixray.com/pixraybot; crawler@pixray.com)"
66.249.71.108 - - [18/Aug/2012:06:38:30 +0200] "GET /news.php?cs_go=archiv&cs_id=2081&cs_search= HTTP/1.1" 200 15301 "-" "Mozilla/5.0 (compatible; Googlebot/2.1; +http://www.google.com/bot.html)"
46.4.19.85 - - [18/Aug/2012:06:39:12 +0200] "GET /lexikon.php?cs_go=3&cs_id=29 HTTP/1.1" 200 8297 "-" "Pixray-Seeker/1.1 (Pixray-Seeker; http://www.pixray.com/pixraybot; crawler@pixray.com)"
46.4.19.85 - - [18/Aug/2012:06:41:48 +0200] "GET /news.php?cs_go=archiv&cs_id=2226&cs_search= HTTP/1.1" 200 10186 "-" "Pixray-Seeker/1.1 (Pixray-Seeker; http://www.pixray.com/pixraybot; crawler@pixray.com)"
66.249.71.108 - - [18/Aug/2012:06:47:15 +0200] "GET /news.php?cs_go=archiv&cs_id=1826&cs_search= HTTP/1.1" 200 10229 "-" "Mozilla/5.0 (compatible; Googlebot/2.1; +http://www.google.com/bot.html)"
208.115.111.75 - - [18/Aug/2012:06:48:26 +0200] "GET /robots.txt HTTP/1.1" 200 177 "-" "Mozilla/5.0 (compatible; Ezooms/1.0; ezooms.bot@gmail.com)"
66.249.71.108 - - [18/Aug/2012:06:56:01 +0200] "GET /news.php?cs_go=archiv&cs_id=2769&cs_search= HTTP/1.1" 200 10299 "-" "Mozilla/5.0 (compatible; Googlebot/2.1; +http://www.google.com/bot.html)"
176.9.0.13 - - [18/Aug/2012:06:57:38 +0200] "GET /robots.txt HTTP/1.1" 200 177 "-" "Pixray-Seeker/1.1 (Pixray-Seeker; http://www.pixray.com/pixraybot; crawler@pixray.com)"
176.9.0.13 - - [18/Aug/2012:06:57:38 +0200] "GET /news.php?cs_go=archiv&cs_id=2196&cs_search= HTTP/1.1" 200 14331 "-" "Pixray-Seeker/1.1 (Pixray-Seeker; http://www.pixray.com/pixraybot; crawler@pixray.com)"
176.9.0.13 - - [18/Aug/2012:06:57:48 +0200] "GET /news.php?cs_go=archiv&cs_id=2413&cs_search= HTTP/1.1" 200 14160 "-" "Pixray-Seeker/1.1 (Pixray-Seeker; http://www.pixray.com/pixraybot; crawler@pixray.com)"
66.249.71.108 - - [18/Aug/2012:07:04:43 +0200] "GET /news.php?cs_go=archiv&cs_id=2666 HTTP/1.1" 200 10209 "-" "Mozilla/5.0 (compatible; Googlebot/2.1; +http://www.google.com/bot.html)"
66.249.71.108 - - [18/Aug/2012:07:08:33 +0200] "GET /news.php?cs_go=archiv&cs_id=2493&cs_search= HTTP/1.1" 200 9693 "-" "Mozilla/5.0 (compatible; Googlebot/2.1; +http://www.google.com/bot.html)"
66.249.71.108 - - [18/Aug/2012:07:13:29 +0200] "GET /news.php?cs_go=archiv&cs_id=2540 HTTP/1.1" 200 11992 "-" "Mozilla/5.0 (compatible; Googlebot/2.1; +http://www.google.com/bot.html)"
188.40.85.200 - - [18/Aug/2012:07:19:35 +0200] "GET /robots.txt HTTP/1.1" 200 177 "-" "Pixray-Seeker/1.1 (Pixray-Seeker; http://www.pixray.com/pixraybot; crawler@pixray.com)"
188.40.85.200 - - [18/Aug/2012:07:19:35 +0200] "GET /news.php?cs_go=archiv&cs_id=2760&cs_search= HTTP/1.1" 200 11135 "-" "Pixray-Seeker/1.1 (Pixray-Seeker; http://www.pixray.com/pixraybot; crawler@pixray.com)"
66.249.71.108 - - [18/Aug/2012:07:22:11 +0200] "GET /news.php?cs_go=archiv&cs_id=2964 HTTP/1.1" 200 13568 "-" "Mozilla/5.0 (compatible; Googlebot/2.1; +http://www.google.com/bot.html)"
66.249.71.108 - - [18/Aug/2012:07:28:54 +0200] "GET /news.php?cs_go=archiv&cs_id=2209&cs_search= HTTP/1.1" 200 14157 "-" "Mozilla/5.0 (compatible; Googlebot/2.1; +http://www.google.com/bot.html)"
66.249.71.108 - - [18/Aug/2012:07:30:57 +0200] "GET /news.php?cs_go=archiv&cs_startpos=50 HTTP/1.1" 200 22845 "-" "Mozilla/5.0 (compatible; Googlebot/2.1; +http://www.google.com/bot.html)"
178.154.179.250 - - [18/Aug/2012:07:32:53 +0200] "GET /index.php HTTP/1.1" 200 15309 "-" "Mozilla/5.0 (compatible; YandexBot/3.0; +http://yandex.com/bots)"
66.249.71.108 - - [18/Aug/2012:07:48:26 +0200] "GET /news.php?cs_go=archiv&cs_id=2545&cs_search= HTTP/1.1" 200 12184 "-" "Mozilla/5.0 (compatible; Googlebot/2.1; +http://www.google.com/bot.html)"
208.115.113.91 - - [18/Aug/2012:07:49:38 +0200] "GET /lexikon.php?cs_go=3&cs_id=79 HTTP/1.1" 200 8003 "-" "Mozilla/5.0 (compatible; Ezooms/1.0; ezooms.bot@gmail.com)"
208.115.113.91 - - [18/Aug/2012:07:49:41 +0200] "GET /news.php?cs_go=archiv&cs_id=2996&cs_search= HTTP/1.1" 200 13721 "-" "Mozilla/5.0 (compatible; Ezooms/1.0; ezooms.bot@gmail.com)"
208.115.113.91 - - [18/Aug/2012:07:49:43 +0200] "GET /news.php?cs_go=archiv&cs_startpos=1150 HTTP/1.1" 200 23196 "-" "Mozilla/5.0 (compatible; Ezooms/1.0; ezooms.bot@gmail.com)"
66.249.71.108 - - [18/Aug/2012:07:57:13 +0200] "GET /news.php?cs_go=archiv&cs_id=2101&cs_search= HTTP/1.1" 200 10287 "-" "Mozilla/5.0 (compatible; Googlebot/2.1; +http://www.google.com/bot.html)"
66.249.71.108 - - [18/Aug/2012:08:05:54 +0200] "GET /news.php?cs_go=archiv&cs_startpos=910 HTTP/1.1" 200 23317 "-" "Mozilla/5.0 (compatible; Googlebot/2.1; +http://www.google.com/bot.html)"
66.249.71.108 - - [18/Aug/2012:08:14:42 +0200] "GET /news.php?cs_go=archiv&cs_startpos=321 HTTP/1.1" 200 23167 "-" "Mozilla/5.0 (compatible; Googlebot/2.1; +http://www.google.com/bot.html)"
66.249.71.108 - - [18/Aug/2012:08:14:43 +0200] "GET /news.php?cs_go=archiv&cs_id=2073&cs_search= HTTP/1.1" 200 13578 "-" "Mozilla/5.0 (compatible; Googlebot/2.1; +http://www.google.com/bot.html)"
66.249.71.108 - - [18/Aug/2012:08:23:23 +0200] "GET /news.php?cs_go=archiv&cs_startpos=1320 HTTP/1.1" 200 23086 "-" "Mozilla/5.0 (compatible; Googlebot/2.1; +http://www.google.com/bot.html)"
66.249.71.108 - - [18/Aug/2012:08:26:24 +0200] "GET /news.php?cs_go=archiv&cs_id=2146&cs_search= HTTP/1.1" 200 14359 "-" "Mozilla/5.0 (compatible; Googlebot/2.1; +http://www.google.com/bot.html)"
66.249.71.108 - - [18/Aug/2012:08:39:25 +0200] "GET /news.php?cs_go=archiv&cs_id=2137&cs_search= HTTP/1.1" 200 14309 "-" "Mozilla/5.0 (compatible; Googlebot/2.1; +http://www.google.com/bot.html)"
66.249.71.108 - - [18/Aug/2012:08:40:50 +0200] "GET /news.php?cs_go=archiv&cs_id=2503&cs_search= HTTP/1.1" 200 15037 "-" "Mozilla/5.0 (compatible; Googlebot/2.1; +http://www.google.com/bot.html)"
66.249.71.108 - - [18/Aug/2012:08:49:34 +0200] "GET /news.php?cs_go=archiv&cs_id=2521&cs_search= HTTP/1.1" 200 16149 "-" "Mozilla/5.0 (compatible; Googlebot/2.1; +http://www.google.com/bot.html)"
66.249.71.108 - - [18/Aug/2012:08:58:18 +0200] "GET /news.php HTTP/1.1" 200 22415 "-" "Mozilla/5.0 (compatible; Googlebot/2.1; +http://www.google.com/bot.html)"
66.249.71.108 - - [18/Aug/2012:08:58:20 +0200] "GET /news.php?cs_go=archiv&cs_id=2484&cs_search= HTTP/1.1" 200 14802 "-" "Mozilla/5.0 (compatible; Googlebot/2.1; +http://www.google.com/bot.html)"
66.249.71.108 - - [18/Aug/2012:09:07:03 +0200] "GET /news.php?cs_go=archiv&cs_id=2143&cs_search= HTTP/1.1" 200 10015 "-" "Mozilla/5.0 (compatible; Googlebot/2.1; +http://www.google.com/bot.html)"
66.249.71.108 - - [18/Aug/2012:09:15:44 +0200] "GET /news.php?cs_go=archiv&cs_id=2221&cs_search= HTTP/1.1" 200 10926 "-" "Mozilla/5.0 (compatible; Googlebot/2.1; +http://www.google.com/bot.html)"
66.249.71.108 - - [18/Aug/2012:09:20:27 +0200] "GET /news.php?cs_go=archiv&cs_id=1768&cs_search= HTTP/1.1" 200 12151 "-" "Mozilla/5.0 (compatible; Googlebot/2.1; +http://www.google.com/bot.html)"
66.249.71.108 - - [18/Aug/2012:09:24:32 +0200] "GET /news.php?cs_go=archiv&cs_id=2457&cs_search= HTTP/1.1" 200 9315 "-" "Mozilla/5.0 (compatible; Googlebot/2.1; +http://www.google.com/bot.html)"
66.249.71.108 - - [18/Aug/2012:09:42:01 +0200] "GET /news.php?cs_go=archiv&cs_startpos=470 HTTP/1.1" 200 22864 "-" "Mozilla/5.0 (compatible; Googlebot/2.1; +http://www.google.com/bot.html)"
66.249.71.108 - - [18/Aug/2012:09:50:41 +0200] "GET /news.php?cs_go=archiv&cs_startpos=1020 HTTP/1.1" 200 23209 "-" "Mozilla/5.0 (compatible; Googlebot/2.1; +http://www.google.com/bot.html)"
123.125.71.14 - - [18/Aug/2012:09:51:18 +0200] "GET /robots.txt HTTP/1.1" 200 177 "-" "Mozilla/5.0 (Windows NT 5.1; rv:6.0.2) Gecko/20100101 Firefox/6.0.2"
66.249.71.108 - - [18/Aug/2012:09:55:03 +0200] "GET /news.php?cs_go=archiv&cs_id=2771&cs_search= HTTP/1.1" 200 13784 "-" "Mozilla/5.0 (compatible; Googlebot/2.1; +http://www.google.com/bot.html)"
66.249.71.108 - - [18/Aug/2012:09:59:29 +0200] "GET /news.php?cs_go=archiv&cs_id=3285&cs_search= HTTP/1.1" 200 9859 "-" "Mozilla/5.0 (compatible; Googlebot/2.1; +http://www.google.com/bot.html)"
66.249.71.108 - - [18/Aug/2012:10:08:10 +0200] "GET /news.php?cs_go=archiv&cs_startpos=490 HTTP/1.1" 200 23042 "-" "Mozilla/5.0 (compatible; Googlebot/2.1; +http://www.google.com/bot.html)"
