62.181.145.141 - - [18/Aug/2012:10:09:11 +0200] "GET /images/wrapperbg.jpg HTTP/1.1" 304 - "-" "Mozilla/4.0 (compatible;)"
62.181.145.141 - - [18/Aug/2012:10:09:11 +0200] "GET /images/footerbg.jpg HTTP/1.1" 304 - "-" "Mozilla/4.0 (compatible;)"
62.181.145.141 - - [18/Aug/2012:10:09:40 +0200] "GET /favicon.ico HTTP/1.1" 304 - "-" "Mozilla/4.0 (compatible;)"
62.181.145.141 - - [18/Aug/2012:10:10:00 +0200] "GET /images/bg.jpg HTTP/1.1" 304 - "-" "Mozilla/4.0 (compatible;)"
62.181.145.141 - - [18/Aug/2012:10:10:58 +0200] "GET /images/fallend.png HTTP/1.1" 304 - "-" "Mozilla/4.0 (compatible;)"
66.249.71.108 - - [18/Aug/2012:10:16:59 +0200] "GET /news.php?cs_go=archiv&cs_id=3005&cs_search= HTTP/1.1" 200 10484 "-" "Mozilla/5.0 (compatible; Googlebot/2.1; +http://www.google.com/bot.html)"
178.154.179.250 - - [18/Aug/2012:10:24:23 +0200] "GET / HTTP/1.1" 200 15309 "-" "Mozilla/5.0 (compatible; YandexBot/3.0; +http://yandex.com/bots)"
66.249.71.108 - - [18/Aug/2012:10:25:52 +0200] "GET /news.php?cs_go=archiv&cs_id=3002 HTTP/1.1" 200 11245 "-" "Mozilla/5.0 (compatible; Googlebot/2.1; +http://www.google.com/bot.html)"
66.249.71.108 - - [18/Aug/2012:10:26:06 +0200] "GET /news.php?cs_go=archiv&cs_id=1737&cs_search= HTTP/1.1" 200 14622 "-" "Mozilla/5.0 (compatible; Googlebot/2.1; +http://www.google.com/bot.html)"
66.249.71.108 - - [18/Aug/2012:10:27:54 +0200] "GET /news.php?cs_go=archiv&cs_id=2148&cs_search= HTTP/1.1" 200 14381 "-" "Mozilla/5.0 (compatible; Googlebot/2.1; +http://www.google.com/bot.html)"
66.249.71.108 - - [18/Aug/2012:10:34:21 +0200] "GET /news.php?cs_go=archiv&cs_id=3265 HTTP/1.1" 200 12975 "-" "Mozilla/5.0 (compatible; Googlebot/2.1; +http://www.google.com/bot.html)"
66.249.71.108 - - [18/Aug/2012:10:34:46 +0200] "GET /news.php?cs_go=archiv&cs_id=2152&cs_search= HTTP/1.1" 200 14328 "-" "Mozilla/5.0 (compatible; Googlebot/2.1; +http://www.google.com/bot.html)"
66.249.71.108 - - [18/Aug/2012:10:38:14 +0200] "GET /news.php?cs_go=archiv&cs_id=2149&cs_search= HTTP/1.1" 200 14241 "-" "Mozilla/5.0 (compatible; Googlebot/2.1; +http://www.google.com/bot.html)"
66.249.71.108 - - [18/Aug/2012:10:41:41 +0200] "GET /news.php?cs_go=archiv&cs_id=2164&cs_search= HTTP/1.1" 200 14184 "-" "Mozilla/5.0 (compatible; Googlebot/2.1; +http://www.google.com/bot.html)"
66.249.71.108 - - [18/Aug/2012:10:43:06 +0200] "GET /news.php?cs_go=archiv&cs_id=1770&cs_search= HTTP/1.1" 200 9578 "-" "Mozilla/5.0 (compatible; Googlebot/2.1; +http://www.google.com/bot.html)"
66.249.71.108 - - [18/Aug/2012:10:51:58 +0200] "GET /news.php?cs_go=archiv&cs_id=1847&cs_search= HTTP/1.1" 200 9769 "-" "Mozilla/5.0 (compatible; Googlebot/2.1; +http://www.google.com/bot.html)"
66.249.71.108 - - [18/Aug/2012:10:52:00 +0200] "GET /news.php?cs_go=archiv&cs_id=2144&cs_search= HTTP/1.1" 200 14294 "-" "Mozilla/5.0 (compatible; Googlebot/2.1; +http://www.google.com/bot.html)"
66.249.71.108 - - [18/Aug/2012:11:00:38 +0200] "GET /news.php?cs_go=archiv&cs_id=2639&cs_search= HTTP/1.1" 200 13950 "-" "Mozilla/5.0 (compatible; Googlebot/2.1; +http://www.google.com/bot.html)"
66.249.71.108 - - [18/Aug/2012:11:05:48 +0200] "GET /news.php?cs_go=archiv&cs_id=2140&cs_search= HTTP/1.1" 200 14180 "-" "Mozilla/5.0 (compatible; Googlebot/2.1; +http://www.google.com/bot.html)"
66.249.71.108 - - [18/Aug/2012:11:09:16 +0200] "GET /news.php?cs_go=archiv&cs_id=2709&cs_search= HTTP/1.1" 200 13562 "-" "Mozilla/5.0 (compatible; Googlebot/2.1; +http://www.google.com/bot.html)"
65.36.241.79 - - [18/Aug/2012:11:12:32 +0200] "HEAD / HTTP/1.1" 200 - "-" "InternetSeer.com"
66.249.71.108 - - [18/Aug/2012:11:12:41 +0200] "GET /news.php?cs_go=archiv&cs_id=2174&cs_search= HTTP/1.1" 200 14289 "-" "Mozilla/5.0 (compatible; Googlebot/2.1; +http://www.google.com/bot.html)"
66.249.71.108 - - [18/Aug/2012:11:26:45 +0200] "GET /news.php?cs_go=archiv&cs_id=1708&cs_search= HTTP/1.1" 200 10112 "-" "Mozilla/5.0 (compatible; Googlebot/2.1; +http://www.google.com/bot.html)"
66.249.71.108 - - [18/Aug/2012:11:33:02 +0200] "GET /news.php?cs_go=archiv&cs_id=1786&cs_search= HTTP/1.1" 200 9768 "-" "Mozilla/5.0 (compatible; Googlebot/2.1; +http://www.google.com/bot.html)"
66.249.71.108 - - [18/Aug/2012:11:33:14 +0200] "GET /news.php?cs_go=archiv&cs_id=2186&cs_search= HTTP/1.1" 200 14372 "-" "Mozilla/5.0 (compatible; Googlebot/2.1; +http://www.google.com/bot.html)"
66.249.71.108 - - [18/Aug/2012:11:35:37 +0200] "GET /news.php?cs_go=archiv&cs_id=2505&cs_search= HTTP/1.1" 200 10648 "-" "Mozilla/5.0 (compatible; Googlebot/2.1; +http://www.google.com/bot.html)"
66.249.71.108 - - [18/Aug/2012:11:50:29 +0200] "GET /news.php?cs_go=archiv&cs_id=2193&cs_search= HTTP/1.1" 200 14164 "-" "Mozilla/5.0 (compatible; Googlebot/2.1; +http://www.google.com/bot.html)"
66.249.71.108 - - [18/Aug/2012:11:53:07 +0200] "GET /news.php?cs_go=archiv&cs_id=2470&cs_search= HTTP/1.1" 200 9345 "-" "Mozilla/5.0 (compatible; Googlebot/2.1; +http://www.google.com/bot.html)"
66.249.71.108 - - [18/Aug/2012:11:53:55 +0200] "GET /news.php?cs_go=archiv&cs_id=2196&cs_search= HTTP/1.1" 200 14331 "-" "Mozilla/5.0 (compatible; Googlebot/2.1; +http://www.google.com/bot.html)"
91.37.198.4 - - [18/Aug/2012:11:57:35 +0200] "GET /style.css HTTP/1.1" 200 8418 "http://www.mink-gmbh.de/" "Mozilla/5.0 (Windows NT 6.1; WOW64; rv:14.0) Gecko/20100101 Firefox/14.0.1"
91.37.198.4 - - [18/Aug/2012:11:57:35 +0200] "GET /modul.css HTTP/1.1" 200 35038 "http://www.mink-gmbh.de/" "Mozilla/5.0 (Windows NT 6.1; WOW64; rv:14.0) Gecko/20100101 Firefox/14.0.1"
91.37.198.4 - - [18/Aug/2012:11:57:35 +0200] "GET /favicon.ico HTTP/1.1" 200 3638 "-" "Mozilla/5.0 (Windows NT 6.1; WOW64; rv:14.0) Gecko/20100101 Firefox/14.0.1"
91.37.198.4 - - [18/Aug/2012:11:57:35 +0200] "GET /js_contentserver24_greybox/gb_styles.css HTTP/1.1" 200 2302 "http://www.mink-gmbh.de/" "Mozilla/5.0 (Windows NT 6.1; WOW64; rv:14.0) Gecko/20100101 Firefox/14.0.1"
91.37.198.4 - - [18/Aug/2012:11:57:35 +0200] "GET /js_contentserver24_greybox/AJS.js HTTP/1.1" 200 10396 "http://www.mink-gmbh.de/" "Mozilla/5.0 (Windows NT 6.1; WOW64; rv:14.0) Gecko/20100101 Firefox/14.0.1"
91.37.198.4 - - [18/Aug/2012:11:57:35 +0200] "GET /js_contentserver24_greybox/AJS_fx.js HTTP/1.1" 200 3192 "http://www.mink-gmbh.de/" "Mozilla/5.0 (Windows NT 6.1; WOW64; rv:14.0) Gecko/20100101 Firefox/14.0.1"
91.37.198.4 - - [18/Aug/2012:11:57:35 +0200] "GET /js_contentserver24_greybox/gb_scripts.js HTTP/1.1" 200 11913 "http://www.mink-gmbh.de/" "Mozilla/5.0 (Windows NT 6.1; WOW64; rv:14.0) Gecko/20100101 Firefox/14.0.1"
91.37.198.4 - - [18/Aug/2012:11:57:35 +0200] "GET /images/tkw.jpg HTTP/1.1" 200 64031 "http://www.mink-gmbh.de/" "Mozilla/5.0 (Windows NT 6.1; WOW64; rv:14.0) Gecko/20100101 Firefox/14.0.1"
91.37.198.4 - - [18/Aug/2012:11:57:34 +0200] "GET / HTTP/1.1" 200 15309 "http://www.google.de/url?sa=t&rct=j&q=&esrc=s&source=web&cd=1&ved=0CGoQFjAA&url=http%3A%2F%2Fwww.mink-gmbh.de%2F&ei=sGYvUILZC8vOswaot4CYCA&usg=AFQjCNFHX4Iglls9oo-KYXTmDUV_5KOVIg" "Mozilla/5.0 (Windows NT 6.1; WOW64; rv:14.0) Gecko/20100101 Firefox/14.0.1"
91.37.198.4 - - [18/Aug/2012:11:57:35 +0200] "GET /images/bg.jpg HTTP/1.1" 200 345 "http://www.mink-gmbh.de/style.css" "Mozilla/5.0 (Windows NT 6.1; WOW64; rv:14.0) Gecko/20100101 Firefox/14.0.1"
91.37.198.4 - - [18/Aug/2012:11:57:35 +0200] "GET /images/mail.jpg HTTP/1.1" 200 11165 "http://www.mink-gmbh.de/" "Mozilla/5.0 (Windows NT 6.1; WOW64; rv:14.0) Gecko/20100101 Firefox/14.0.1"
91.37.198.4 - - [18/Aug/2012:11:57:36 +0200] "GET /images/kwk.gif HTTP/1.1" 200 6403 "http://www.mink-gmbh.de/" "Mozilla/5.0 (Windows NT 6.1; WOW64; rv:14.0) Gecko/20100101 Firefox/14.0.1"
91.37.198.4 - - [18/Aug/2012:11:57:36 +0200] "GET /images/wunschpreis.jpg HTTP/1.1" 200 16767 "http://www.mink-gmbh.de/" "Mozilla/5.0 (Windows NT 6.1; WOW64; rv:14.0) Gecko/20100101 Firefox/14.0.1"
91.37.198.4 - - [18/Aug/2012:11:57:36 +0200] "GET /images/logos.jpg HTTP/1.1" 200 15002 "http://www.mink-gmbh.de/" "Mozilla/5.0 (Windows NT 6.1; WOW64; rv:14.0) Gecko/20100101 Firefox/14.0.1"
91.37.198.4 - - [18/Aug/2012:11:57:36 +0200] "GET /js_contentserver24_greybox/w_close.gif HTTP/1.1" 200 74 "http://www.mink-gmbh.de/" "Mozilla/5.0 (Windows NT 6.1; WOW64; rv:14.0) Gecko/20100101 Firefox/14.0.1"
91.37.198.4 - - [18/Aug/2012:11:57:36 +0200] "GET /images/close.png HTTP/1.1" 200 703 "http://www.mink-gmbh.de/" "Mozilla/5.0 (Windows NT 6.1; WOW64; rv:14.0) Gecko/20100101 Firefox/14.0.1"
91.37.198.4 - - [18/Aug/2012:11:57:36 +0200] "GET /images/newsletter_bg.jpg HTTP/1.1" 200 33610 "http://www.mink-gmbh.de/" "Mozilla/5.0 (Windows NT 6.1; WOW64; rv:14.0) Gecko/20100101 Firefox/14.0.1"
91.37.198.4 - - [18/Aug/2012:11:57:36 +0200] "GET /images/newsletter.png HTTP/1.1" 200 14619 "http://www.mink-gmbh.de/style.css" "Mozilla/5.0 (Windows NT 6.1; WOW64; rv:14.0) Gecko/20100101 Firefox/14.0.1"
91.37.198.4 - - [18/Aug/2012:11:57:36 +0200] "GET /images/wrapperbg.jpg HTTP/1.1" 200 27465 "http://www.mink-gmbh.de/style.css" "Mozilla/5.0 (Windows NT 6.1; WOW64; rv:14.0) Gecko/20100101 Firefox/14.0.1"
91.37.198.4 - - [18/Aug/2012:11:57:35 +0200] "GET /images/freecall.jpg HTTP/1.1" 200 39195 "http://www.mink-gmbh.de/" "Mozilla/5.0 (Windows NT 6.1; WOW64; rv:14.0) Gecko/20100101 Firefox/14.0.1"
91.37.198.4 - - [18/Aug/2012:11:57:36 +0200] "GET /images/header.jpg HTTP/1.1" 200 24413 "http://www.mink-gmbh.de/style.css" "Mozilla/5.0 (Windows NT 6.1; WOW64; rv:14.0) Gecko/20100101 Firefox/14.0.1"
91.37.198.4 - - [18/Aug/2012:11:57:36 +0200] "GET /images/navibg.png HTTP/1.1" 200 2803 "http://www.mink-gmbh.de/style.css" "Mozilla/5.0 (Windows NT 6.1; WOW64; rv:14.0) Gecko/20100101 Firefox/14.0.1"
91.37.198.4 - - [18/Aug/2012:11:57:36 +0200] "GET /images/steigend.png HTTP/1.1" 200 688 "http://www.mink-gmbh.de/modul.css" "Mozilla/5.0 (Windows NT 6.1; WOW64; rv:14.0) Gecko/20100101 Firefox/14.0.1"
91.37.198.4 - - [18/Aug/2012:11:57:36 +0200] "GET /images/fallend.png HTTP/1.1" 200 713 "http://www.mink-gmbh.de/modul.css" "Mozilla/5.0 (Windows NT 6.1; WOW64; rv:14.0) Gecko/20100101 Firefox/14.0.1"
91.37.198.4 - - [18/Aug/2012:11:57:36 +0200] "GET /images/mobil.jpg HTTP/1.1" 200 25293 "http://www.mink-gmbh.de/style.css" "Mozilla/5.0 (Windows NT 6.1; WOW64; rv:14.0) Gecko/20100101 Firefox/14.0.1"
91.37.198.4 - - [18/Aug/2012:11:57:36 +0200] "GET /images/newsletter.jpg HTTP/1.1" 200 13130 "http://www.mink-gmbh.de/style.css" "Mozilla/5.0 (Windows NT 6.1; WOW64; rv:14.0) Gecko/20100101 Firefox/14.0.1"
91.37.198.4 - - [18/Aug/2012:11:57:36 +0200] "GET /images/footerbg.jpg HTTP/1.1" 200 2184 "http://www.mink-gmbh.de/style.css" "Mozilla/5.0 (Windows NT 6.1; WOW64; rv:14.0) Gecko/20100101 Firefox/14.0.1"
91.37.198.4 - - [18/Aug/2012:11:57:36 +0200] "GET /js_contentserver24_greybox/loader_frame.html?s=0 HTTP/1.1" 200 2084 "http://www.mink-gmbh.de/" "Mozilla/5.0 (Windows NT 6.1; WOW64; rv:14.0) Gecko/20100101 Firefox/14.0.1"
91.37.198.4 - - [18/Aug/2012:11:57:36 +0200] "GET /js_contentserver24_greybox/header_bg.gif HTTP/1.1" 200 1188 "http://www.mink-gmbh.de/" "Mozilla/5.0 (Windows NT 6.1; WOW64; rv:14.0) Gecko/20100101 Firefox/14.0.1"
91.37.198.4 - - [18/Aug/2012:11:57:36 +0200] "GET /js_contentserver24_greybox/indicator.gif HTTP/1.1" 200 8238 "http://www.mink-gmbh.de/js_contentserver24_greybox/loader_frame.html?s=0" "Mozilla/5.0 (Windows NT 6.1; WOW64; rv:14.0) Gecko/20100101 Firefox/14.0.1"
91.37.198.4 - - [18/Aug/2012:11:57:37 +0200] "GET /js_contentserver24_greybox/g_close.gif HTTP/1.1" 200 541 "http://www.mink-gmbh.de/" "Mozilla/5.0 (Windows NT 6.1; WOW64; rv:14.0) Gecko/20100101 Firefox/14.0.1"
91.37.198.4 - - [18/Aug/2012:11:58:42 +0200] "GET /preisanfrage.php HTTP/1.1" 200 10623 "http://www.mink-gmbh.de/" "Mozilla/5.0 (Windows NT 6.1; WOW64; rv:14.0) Gecko/20100101 Firefox/14.0.1"
91.37.198.4 - - [18/Aug/2012:11:59:46 +0200] "POST /preisanfrage.php HTTP/1.1" 200 7288 "http://www.mink-gmbh.de/preisanfrage.php" "Mozilla/5.0 (Windows NT 6.1; WOW64; rv:14.0) Gecko/20100101 Firefox/14.0.1"
66.249.71.108 - - [18/Aug/2012:12:01:44 +0200] "GET /news.php?cs_go=archiv&cs_id=1627&cs_search= HTTP/1.1" 200 12932 "-" "Mozilla/5.0 (compatible; Googlebot/2.1; +http://www.google.com/bot.html)"
66.249.71.108 - - [18/Aug/2012:12:10:38 +0200] "GET /news.php?cs_go=archiv&cs_id=1649&cs_search= HTTP/1.1" 200 14004 "-" "Mozilla/5.0 (compatible; Googlebot/2.1; +http://www.google.com/bot.html)"
66.249.71.108 - - [18/Aug/2012:12:19:13 +0200] "GET /news.php?cs_go=archiv&cs_id=1661&cs_search= HTTP/1.1" 200 14137 "-" "Mozilla/5.0 (compatible; Googlebot/2.1; +http://www.google.com/bot.html)"
66.249.71.108 - - [18/Aug/2012:12:36:43 +0200] "GET /news.php?cs_go=archiv&cs_id=1818&cs_search= HTTP/1.1" 200 12464 "-" "Mozilla/5.0 (compatible; Googlebot/2.1; +http://www.google.com/bot.html)"
66.249.71.108 - - [18/Aug/2012:12:38:36 +0200] "GET /news.php?cs_go=archiv&cs_id=2728 HTTP/1.1" 200 11534 "-" "Mozilla/5.0 (compatible; Googlebot/2.1; +http://www.google.com/bot.html)"
208.115.111.75 - - [18/Aug/2012:12:45:05 +0200] "GET /robots.txt HTTP/1.1" 200 177 "-" "Mozilla/5.0 (compatible; Ezooms/1.0; ezooms.bot@gmail.com)"
66.249.71.108 - - [18/Aug/2012:12:45:30 +0200] "GET /news.php?cs_go=archiv&cs_id=2955&cs_search= HTTP/1.1" 200 9867 "-" "Mozilla/5.0 (compatible; Googlebot/2.1; +http://www.google.com/bot.html)"
208.115.113.91 - - [18/Aug/2012:12:48:35 +0200] "GET /robots.txt HTTP/1.1" 200 177 "-" "Mozilla/5.0 (compatible; Ezooms/1.0; ezooms.bot@gmail.com)"
66.249.71.108 - - [18/Aug/2012:12:54:16 +0200] "GET /news.php?cs_go=archiv&cs_id=2641 HTTP/1.1" 200 9824 "-" "Mozilla/5.0 (compatible; Googlebot/2.1; +http://www.google.com/bot.html)"
207.46.13.97 - - [18/Aug/2012:13:00:59 +0200] "GET /robots.txt HTTP/1.1" 200 177 "-" "Mozilla/5.0 (compatible; bingbot/2.0; +http://www.bing.com/bingbot.htm)"
207.46.13.97 - - [18/Aug/2012:13:01:46 +0200] "GET / HTTP/1.1" 200 15309 "-" "Mozilla/5.0 (compatible; bingbot/2.0; +http://www.bing.com/bingbot.htm)"
66.249.71.108 - - [18/Aug/2012:13:02:50 +0200] "GET /news.php?cs_go=archiv&cs_id=2571&cs_search= HTTP/1.1" 200 14733 "-" "Mozilla/5.0 (compatible; Googlebot/2.1; +http://www.google.com/bot.html)"
66.249.71.108 - - [18/Aug/2012:13:09:44 +0200] "GET /news.php?cs_go=archiv&cs_id=2991&cs_search= HTTP/1.1" 200 9833 "-" "Mozilla/5.0 (compatible; Googlebot/2.1; +http://www.google.com/bot.html)"
66.249.71.108 - - [18/Aug/2012:13:13:33 +0200] "GET /news.php?cs_go=archiv&cs_startpos=0 HTTP/1.1" 200 22415 "-" "Mozilla/5.0 (compatible; Googlebot/2.1; +http://www.google.com/bot.html)"
139.18.2.209 - - [18/Aug/2012:13:15:27 +0200] "GET /robots.txt HTTP/1.1" 200 177 "-" "findlinks/2.6 (+http://wortschatz.uni-leipzig.de/findlinks/)"
66.249.71.108 - - [18/Aug/2012:13:26:58 +0200] "GET /news.php?cs_go=archiv&cs_id=2842&cs_search= HTTP/1.1" 200 10033 "-" "Mozilla/5.0 (compatible; Googlebot/2.1; +http://www.google.com/bot.html)"
66.249.71.108 - - [18/Aug/2012:13:36:52 +0200] "GET /news.php?cs_go=archiv&cs_id=2959 HTTP/1.1" 200 13524 "-" "Mozilla/5.0 (compatible; Googlebot/2.1; +http://www.google.com/bot.html)"
178.154.179.250 - - [18/Aug/2012:14:26:36 +0200] "GET /news.php HTTP/1.1" 200 22415 "-" "Mozilla/5.0 (compatible; YandexBot/3.0; +http://yandex.com/bots)"
208.115.111.75 - - [18/Aug/2012:15:17:09 +0200] "GET /robots.txt HTTP/1.1" 200 177 "-" "Mozilla/5.0 (compatible; Ezooms/1.0; ezooms.bot@gmail.com)"
66.249.71.108 - - [18/Aug/2012:15:27:34 +0200] "GET /index.php HTTP/1.1" 200 15309 "-" "Mozilla/5.0 (compatible; Googlebot/2.1; +http://www.google.com/bot.html)"
66.249.71.108 - - [18/Aug/2012:15:48:36 +0200] "GET /news.php?cs_go=archiv&cs_startpos=341 HTTP/1.1" 200 23385 "-" "Mozilla/5.0 (compatible; Googlebot/2.1; +http://www.google.com/bot.html)"
208.115.113.91 - - [18/Aug/2012:15:54:45 +0200] "GET /lexikon.php?cs_go=3&cs_id=79 HTTP/1.1" 200 8003 "-" "Mozilla/5.0 (compatible; Ezooms/1.0; ezooms.bot@gmail.com)"
208.115.113.91 - - [18/Aug/2012:15:54:48 +0200] "GET /news.php?cs_go=archiv&cs_id=2996&cs_search= HTTP/1.1" 200 13721 "-" "Mozilla/5.0 (compatible; Ezooms/1.0; ezooms.bot@gmail.com)"
208.115.113.91 - - [18/Aug/2012:15:54:51 +0200] "GET /news.php?cs_go=archiv&cs_startpos=1150 HTTP/1.1" 200 23196 "-" "Mozilla/5.0 (compatible; Ezooms/1.0; ezooms.bot@gmail.com)"
65.36.241.79 - - [18/Aug/2012:16:08:05 +0200] "HEAD / HTTP/1.1" 200 - "-" "InternetSeer.com"
66.249.71.108 - - [18/Aug/2012:16:23:35 +0200] "GET /news.php?cs_go=archiv&cs_id=2317&cs_search= HTTP/1.1" 200 9980 "-" "Mozilla/5.0 (compatible; Googlebot/2.1; +http://www.google.com/bot.html)"
66.249.71.108 - - [18/Aug/2012:18:33:38 +0200] "GET /news.php?cs_go=archiv&cs_id=2199&cs_search= HTTP/1.1" 200 14192 "-" "Mozilla/5.0 (compatible; Googlebot/2.1; +http://www.google.com/bot.html)"
66.249.71.108 - - [18/Aug/2012:18:48:08 +0200] "GET /news.php?cs_go=archiv&cs_startpos=360 HTTP/1.1" 200 23049 "-" "Mozilla/5.0 (compatible; Googlebot/2.1; +http://www.google.com/bot.html)"
66.249.71.108 - - [18/Aug/2012:18:57:47 +0200] "GET /news.php?cs_go=archiv&cs_id=2216&cs_search= HTTP/1.1" 200 11775 "-" "Mozilla/5.0 (compatible; Googlebot/2.1; +http://www.google.com/bot.html)"
66.249.71.108 - - [18/Aug/2012:19:10:48 +0200] "GET /news.php?cs_go=archiv&cs_id=2239&cs_search= HTTP/1.1" 200 11952 "-" "Mozilla/5.0 (compatible; Googlebot/2.1; +http://www.google.com/bot.html)"
66.249.71.108 - - [18/Aug/2012:19:15:19 +0200] "GET /news.php?cs_go=archiv&cs_id=2246&cs_search= HTTP/1.1" 200 14469 "-" "Mozilla/5.0 (compatible; Googlebot/2.1; +http://www.google.com/bot.html)"
208.115.111.75 - - [18/Aug/2012:19:29:16 +0200] "GET /robots.txt HTTP/1.1" 200 177 "-" "Mozilla/5.0 (compatible; Ezooms/1.0; ezooms.bot@gmail.com)"
208.115.113.91 - - [18/Aug/2012:19:37:54 +0200] "GET /robots.txt HTTP/1.1" 200 177 "-" "Mozilla/5.0 (compatible; Ezooms/1.0; ezooms.bot@gmail.com)"
66.249.71.108 - - [18/Aug/2012:19:46:45 +0200] "GET / HTTP/1.1" 200 15309 "-" "Mozilla/5.0 (compatible; Googlebot/2.1; +http://www.google.com/bot.html)"
66.249.71.108 - - [18/Aug/2012:19:50:16 +0200] "GET /news.php?cs_go=archiv&cs_id=3219 HTTP/1.1" 200 10012 "-" "Mozilla/5.0 (compatible; Googlebot/2.1; +http://www.google.com/bot.html)"
66.249.71.108 - - [18/Aug/2012:19:53:45 +0200] "GET /news.php?cs_go=archiv&cs_startpos=1350 HTTP/1.1" 200 23037 "-" "Mozilla/5.0 (compatible; Googlebot/2.1; +http://www.google.com/bot.html)"
66.249.71.108 - - [18/Aug/2012:20:04:15 +0200] "GET /news.php?cs_go=archiv&cs_id=1730&cs_search= HTTP/1.1" 200 14041 "-" "Mozilla/5.0 (compatible; Googlebot/2.1; +http://www.google.com/bot.html)"
66.249.71.108 - - [18/Aug/2012:20:11:14 +0200] "GET /news.php?cs_go=archiv&cs_id=1855&cs_search= HTTP/1.1" 200 9652 "-" "Mozilla/5.0 (compatible; Googlebot/2.1; +http://www.google.com/bot.html)"
66.249.71.108 - - [18/Aug/2012:20:14:45 +0200] "GET /news.php?cs_go=archiv&cs_id=1691&cs_search= HTTP/1.1" 200 13982 "-" "Mozilla/5.0 (compatible; Googlebot/2.1; +http://www.google.com/bot.html)"
66.249.71.108 - - [18/Aug/2012:20:18:14 +0200] "GET /news.php?cs_go=archiv&cs_startpos=300 HTTP/1.1" 200 23006 "-" "Mozilla/5.0 (compatible; Googlebot/2.1; +http://www.google.com/bot.html)"
66.249.71.108 - - [18/Aug/2012:20:21:44 +0200] "GET /news.php?cs_go=archiv&cs_id=1824&cs_search= HTTP/1.1" 200 11467 "-" "Mozilla/5.0 (compatible; Googlebot/2.1; +http://www.google.com/bot.html)"
66.249.71.108 - - [18/Aug/2012:20:25:13 +0200] "GET /news.php?cs_go=archiv&cs_id=2932 HTTP/1.1" 200 13439 "-" "Mozilla/5.0 (compatible; Googlebot/2.1; +http://www.google.com/bot.html)"
66.249.71.108 - - [18/Aug/2012:20:30:53 +0200] "GET /news.php?cs_go=archiv&cs_id=2945&cs_search= HTTP/1.1" 200 12158 "-" "Mozilla/5.0 (compatible; Googlebot/2.1; +http://www.google.com/bot.html)"
66.249.71.108 - - [18/Aug/2012:20:39:13 +0200] "GET /news.php?cs_go=archiv&cs_startpos=170 HTTP/1.1" 200 22970 "-" "Mozilla/5.0 (compatible; Googlebot/2.1; +http://www.google.com/bot.html)"
65.36.241.79 - - [18/Aug/2012:20:41:15 +0200] "HEAD / HTTP/1.1" 200 - "-" "InternetSeer.com"
66.249.71.108 - - [18/Aug/2012:20:49:42 +0200] "GET /news.php?cs_go=archiv&cs_id=2269&cs_search= HTTP/1.1" 200 14512 "-" "Mozilla/5.0 (compatible; Googlebot/2.1; +http://www.google.com/bot.html)"
66.249.71.108 - - [18/Aug/2012:21:04:56 +0200] "GET /news.php?cs_go=archiv&cs_id=2368&cs_search= HTTP/1.1" 200 11945 "-" "Mozilla/5.0 (compatible; Googlebot/2.1; +http://www.google.com/bot.html)"
66.249.71.108 - - [18/Aug/2012:21:48:52 +0200] "GET /news.php?cs_go=archiv&cs_id=3327&cs_search= HTTP/1.1" 200 11820 "-" "Mozilla/5.0 (compatible; Googlebot/2.1; +http://www.google.com/bot.html)"
66.249.71.108 - - [18/Aug/2012:22:01:33 +0200] "GET /news.php?cs_go=archiv&cs_id=2382&cs_search= HTTP/1.1" 200 14253 "-" "Mozilla/5.0 (compatible; Googlebot/2.1; +http://www.google.com/bot.html)"
66.249.71.108 - - [18/Aug/2012:22:57:25 +0200] "GET /news.php?cs_go=archiv&cs_id=2374&cs_search= HTTP/1.1" 200 14474 "-" "Mozilla/5.0 (compatible; Googlebot/2.1; +http://www.google.com/bot.html)"
173.242.124.160 - - [18/Aug/2012:23:33:32 +0200] "GET /robots.txt HTTP/1.0" 200 177 "-" "Mozilla/5.0 (compatible; MJ12bot/v1.4.3; http://www.majestic12.co.uk/bot.php?+)"
173.242.124.160 - - [18/Aug/2012:23:33:34 +0200] "GET /agb.php HTTP/1.0" 200 19709 "-" "Mozilla/5.0 (compatible; MJ12bot/v1.4.3; http://www.majestic12.co.uk/bot.php?+)"
173.242.124.160 - - [18/Aug/2012:23:33:36 +0200] "GET /news.php?cs_go=archiv&cs_id=2678 HTTP/1.0" 200 10039 "-" "Mozilla/5.0 (compatible; MJ12bot/v1.4.3; http://www.majestic12.co.uk/bot.php?+)"
173.242.124.160 - - [18/Aug/2012:23:33:38 +0200] "GET /news.php?cs_go=archiv&cs_id=2679 HTTP/1.0" 200 10735 "-" "Mozilla/5.0 (compatible; MJ12bot/v1.4.3; http://www.majestic12.co.uk/bot.php?+)"
173.242.124.160 - - [18/Aug/2012:23:33:40 +0200] "GET /news.php?cs_go=archiv&cs_id=2680 HTTP/1.0" 200 13681 "-" "Mozilla/5.0 (compatible; MJ12bot/v1.4.3; http://www.majestic12.co.uk/bot.php?+)"
173.242.124.160 - - [18/Aug/2012:23:33:43 +0200] "GET /news.php?cs_go=archiv&cs_id=2681 HTTP/1.0" 200 10222 "-" "Mozilla/5.0 (compatible; MJ12bot/v1.4.3; http://www.majestic12.co.uk/bot.php?+)"
173.242.124.160 - - [18/Aug/2012:23:33:45 +0200] "GET /news.php?cs_go=archiv&cs_id=2682 HTTP/1.0" 200 10652 "-" "Mozilla/5.0 (compatible; MJ12bot/v1.4.3; http://www.majestic12.co.uk/bot.php?+)"
173.242.124.160 - - [18/Aug/2012:23:33:47 +0200] "GET /news.php?cs_go=archiv&cs_id=2683 HTTP/1.0" 200 13623 "-" "Mozilla/5.0 (compatible; MJ12bot/v1.4.3; http://www.majestic12.co.uk/bot.php?+)"
173.242.124.160 - - [18/Aug/2012:23:33:49 +0200] "GET /news.php?cs_go=archiv&cs_id=2684 HTTP/1.0" 200 10069 "-" "Mozilla/5.0 (compatible; MJ12bot/v1.4.3; http://www.majestic12.co.uk/bot.php?+)"
173.242.124.160 - - [18/Aug/2012:23:33:51 +0200] "GET /news.php?cs_go=archiv&cs_id=2685 HTTP/1.0" 200 9714 "-" "Mozilla/5.0 (compatible; MJ12bot/v1.4.3; http://www.majestic12.co.uk/bot.php?+)"
173.242.124.160 - - [18/Aug/2012:23:33:53 +0200] "GET /news.php?cs_go=archiv&cs_id=2686 HTTP/1.0" 200 10192 "-" "Mozilla/5.0 (compatible; MJ12bot/v1.4.3; http://www.majestic12.co.uk/bot.php?+)"
173.242.124.160 - - [18/Aug/2012:23:33:56 +0200] "GET /news.php?cs_go=archiv&cs_id=2687 HTTP/1.0" 200 10312 "-" "Mozilla/5.0 (compatible; MJ12bot/v1.4.3; http://www.majestic12.co.uk/bot.php?+)"
173.242.124.160 - - [18/Aug/2012:23:33:59 +0200] "GET /news.php?cs_go=archiv&cs_id=2688 HTTP/1.0" 200 13920 "-" "Mozilla/5.0 (compatible; MJ12bot/v1.4.3; http://www.majestic12.co.uk/bot.php?+)"
173.242.124.160 - - [18/Aug/2012:23:34:01 +0200] "GET /news.php?cs_go=archiv&cs_id=2689 HTTP/1.0" 200 10371 "-" "Mozilla/5.0 (compatible; MJ12bot/v1.4.3; http://www.majestic12.co.uk/bot.php?+)"
173.242.124.160 - - [18/Aug/2012:23:34:04 +0200] "GET /news.php?cs_go=archiv&cs_id=2690 HTTP/1.0" 200 10473 "-" "Mozilla/5.0 (compatible; MJ12bot/v1.4.3; http://www.majestic12.co.uk/bot.php?+)"
173.242.124.160 - - [18/Aug/2012:23:34:06 +0200] "GET /news.php?cs_go=archiv&cs_id=2691 HTTP/1.0" 200 13935 "-" "Mozilla/5.0 (compatible; MJ12bot/v1.4.3; http://www.majestic12.co.uk/bot.php?+)"
208.115.111.75 - - [18/Aug/2012:23:38:43 +0200] "GET /robots.txt HTTP/1.1" 200 177 "-" "Mozilla/5.0 (compatible; Ezooms/1.0; ezooms.bot@gmail.com)"
66.249.71.108 - - [18/Aug/2012:23:54:55 +0200] "GET /news.php?cs_go=archiv&cs_id=1693&cs_search= HTTP/1.1" 200 10866 "-" "Mozilla/5.0 (compatible; Googlebot/2.1; +http://www.google.com/bot.html)"
208.115.113.91 - - [18/Aug/2012:23:56:30 +0200] "GET /lexikon.php?cs_go=3&cs_id=125 HTTP/1.1" 200 8988 "-" "Mozilla/5.0 (compatible; Ezooms/1.0; ezooms.bot@gmail.com)"
208.115.113.91 - - [18/Aug/2012:23:56:41 +0200] "GET /lexikon.php?cs_go=3&cs_id=202 HTTP/1.1" 200 8519 "-" "Mozilla/5.0 (compatible; Ezooms/1.0; ezooms.bot@gmail.com)"
208.115.113.91 - - [18/Aug/2012:23:56:46 +0200] "GET /news.php?cs_go=archiv&cs_startpos=1270 HTTP/1.1" 200 22835 "-" "Mozilla/5.0 (compatible; Ezooms/1.0; ezooms.bot@gmail.com)"
88.198.64.132 - - [19/Aug/2012:00:49:49 +0200] "GET /robots.txt HTTP/1.1" 200 177 "-" "Pixray-Seeker/1.1 (Pixray-Seeker; http://www.pixray.com/pixraybot; crawler@pixray.com)"
88.198.64.132 - - [19/Aug/2012:00:49:49 +0200] "GET /news.php?cs_go=archiv&cs_id=2026&cs_search= HTTP/1.1" 200 10392 "-" "Pixray-Seeker/1.1 (Pixray-Seeker; http://www.pixray.com/pixraybot; crawler@pixray.com)"
46.4.19.85 - - [19/Aug/2012:01:18:18 +0200] "GET /robots.txt HTTP/1.1" 200 177 "-" "Pixray-Seeker/1.1 (Pixray-Seeker; http://www.pixray.com/pixraybot; crawler@pixray.com)"
46.4.19.85 - - [19/Aug/2012:01:18:18 +0200] "GET /lexikon.php?cs_go=3&cs_id=154 HTTP/1.1" 200 8243 "-" "Pixray-Seeker/1.1 (Pixray-Seeker; http://www.pixray.com/pixraybot; crawler@pixray.com)"
66.249.71.108 - - [19/Aug/2012:01:28:23 +0200] "GET /news.php HTTP/1.1" 200 22415 "-" "Mozilla/5.0 (iPhone; U; CPU iPhone OS 4_1 like Mac OS X; en-us) AppleWebKit/532.9 (KHTML, like Gecko) Version/4.0.5 Mobile/8B117 Safari/6531.22.7 (compatible; Googlebot-Mobile/2.1; +http://www.google.com/bot.html)"
208.115.113.91 - - [19/Aug/2012:01:35:17 +0200] "GET /robots.txt HTTP/1.1" 200 177 "-" "Mozilla/5.0 (compatible; Ezooms/1.0; ezooms.bot@gmail.com)"
65.36.241.79 - - [19/Aug/2012:01:55:13 +0200] "HEAD / HTTP/1.1" 200 - "-" "InternetSeer.com"
46.4.121.154 - - [19/Aug/2012:01:56:16 +0200] "GET /robots.txt HTTP/1.1" 200 177 "-" "Pixray-Seeker/1.1 (Pixray-Seeker; http://www.pixray.com/pixraybot; crawler@pixray.com)"
46.4.121.154 - - [19/Aug/2012:01:56:16 +0200] "GET /lexikon.php?cs_go=3&cs_id=43 HTTP/1.1" 200 8007 "-" "Pixray-Seeker/1.1 (Pixray-Seeker; http://www.pixray.com/pixraybot; crawler@pixray.com)"
88.198.67.134 - - [19/Aug/2012:02:10:41 +0200] "GET /robots.txt HTTP/1.1" 200 177 "-" "Pixray-Seeker/1.1 (Pixray-Seeker; http://www.pixray.com/pixraybot; crawler@pixray.com)"
88.198.67.134 - - [19/Aug/2012:02:10:41 +0200] "GET /lexikon.php?cs_go=3&cs_id=116 HTTP/1.1" 200 9371 "-" "Pixray-Seeker/1.1 (Pixray-Seeker; http://www.pixray.com/pixraybot; crawler@pixray.com)"
178.154.179.250 - - [19/Aug/2012:02:32:47 +0200] "GET /robots.txt HTTP/1.1" 200 177 "-" "Mozilla/5.0 (compatible; YandexBot/3.0; +http://yandex.com/bots)"
88.198.65.99 - - [19/Aug/2012:02:34:11 +0200] "GET /robots.txt HTTP/1.1" 200 177 "-" "Pixray-Seeker/1.1 (Pixray-Seeker; http://www.pixray.com/pixraybot; crawler@pixray.com)"
88.198.65.99 - - [19/Aug/2012:02:34:11 +0200] "GET /lexikon.php?cs_go=2&cs_char=j HTTP/1.1" 200 8582 "-" "Pixray-Seeker/1.1 (Pixray-Seeker; http://www.pixray.com/pixraybot; crawler@pixray.com)"
46.4.125.109 - - [19/Aug/2012:02:39:47 +0200] "GET /robots.txt HTTP/1.1" 200 177 "-" "Pixray-Seeker/1.1 (Pixray-Seeker; http://www.pixray.com/pixraybot; crawler@pixray.com)"
46.4.125.109 - - [19/Aug/2012:02:39:47 +0200] "GET /news.php?cs_go=archiv&cs_startpos=721 HTTP/1.1" 200 22817 "-" "Pixray-Seeker/1.1 (Pixray-Seeker; http://www.pixray.com/pixraybot; crawler@pixray.com)"
46.4.125.109 - - [19/Aug/2012:02:49:02 +0200] "GET /news.php?cs_go=archiv&cs_id=2061&cs_search= HTTP/1.1" 200 15391 "-" "Pixray-Seeker/1.1 (Pixray-Seeker; http://www.pixray.com/pixraybot; crawler@pixray.com)"
178.154.179.250 - - [19/Aug/2012:03:01:11 +0200] "GET /news.php HTTP/1.1" 200 22415 "-" "Mozilla/5.0 (compatible; YandexBot/3.0; +http://yandex.com/bots)"
66.249.71.108 - - [19/Aug/2012:03:07:14 +0200] "GET /news.php?cs_go=archiv&cs_startpos=1311 HTTP/1.1" 200 23185 "-" "Mozilla/5.0 (compatible; Googlebot/2.1; +http://www.google.com/bot.html)"
88.198.64.132 - - [19/Aug/2012:03:17:06 +0200] "GET /robots.txt HTTP/1.1" 200 177 "-" "Pixray-Seeker/1.1 (Pixray-Seeker; http://www.pixray.com/pixraybot; crawler@pixray.com)"
88.198.64.132 - - [19/Aug/2012:03:17:06 +0200] "GET /news.php?cs_go=archiv&cs_id=2115&cs_search= HTTP/1.1" 200 13913 "-" "Pixray-Seeker/1.1 (Pixray-Seeker; http://www.pixray.com/pixraybot; crawler@pixray.com)"
66.249.71.108 - - [19/Aug/2012:03:23:05 +0200] "GET /news.php?cs_go=archiv&cs_startpos=1321 HTTP/1.1" 200 23034 "-" "Mozilla/5.0 (compatible; Googlebot/2.1; +http://www.google.com/bot.html)"
208.115.111.75 - - [19/Aug/2012:03:26:29 +0200] "GET /robots.txt HTTP/1.1" 200 177 "-" "Mozilla/5.0 (compatible; Ezooms/1.0; ezooms.bot@gmail.com)"
66.249.71.108 - - [19/Aug/2012:03:44:12 +0200] "GET /robots.txt HTTP/1.1" 200 177 "-" "Mozilla/5.0 (compatible; Googlebot/2.1; +http://www.google.com/bot.html)"
66.249.71.108 - - [19/Aug/2012:03:44:12 +0200] "GET /news.php?cs_go=archiv&cs_startpos=1331 HTTP/1.1" 200 23155 "-" "Mozilla/5.0 (compatible; Googlebot/2.1; +http://www.google.com/bot.html)"
176.9.0.12 - - [19/Aug/2012:03:45:39 +0200] "GET /robots.txt HTTP/1.1" 200 177 "-" "Pixray-Seeker/1.1 (Pixray-Seeker; http://www.pixray.com/pixraybot; crawler@pixray.com)"
176.9.0.12 - - [19/Aug/2012:03:45:39 +0200] "GET /news.php?cs_go=archiv&cs_startpos=1341 HTTP/1.1" 200 23214 "-" "Pixray-Seeker/1.1 (Pixray-Seeker; http://www.pixray.com/pixraybot; crawler@pixray.com)"
176.9.0.12 - - [19/Aug/2012:03:46:21 +0200] "GET /news.php?cs_go=archiv&cs_id=2157&cs_search= HTTP/1.1" 200 9893 "-" "Pixray-Seeker/1.1 (Pixray-Seeker; http://www.pixray.com/pixraybot; crawler@pixray.com)"
208.115.113.91 - - [19/Aug/2012:03:55:36 +0200] "GET /lexikon.php?cs_go=3&cs_id=127 HTTP/1.1" 200 10084 "-" "Mozilla/5.0 (compatible; Ezooms/1.0; ezooms.bot@gmail.com)"
208.115.113.91 - - [19/Aug/2012:03:55:38 +0200] "GET /lexikon.php?cs_go=3&cs_id=204 HTTP/1.1" 200 8008 "-" "Mozilla/5.0 (compatible; Ezooms/1.0; ezooms.bot@gmail.com)"
208.115.113.91 - - [19/Aug/2012:03:55:41 +0200] "GET /lexikon.php?cs_go=3&cs_id=75 HTTP/1.1" 200 8617 "-" "Mozilla/5.0 (compatible; Ezooms/1.0; ezooms.bot@gmail.com)"
208.115.113.91 - - [19/Aug/2012:03:55:43 +0200] "GET /news.php?cs_go=archiv&cs_id=1925&cs_search= HTTP/1.1" 200 13806 "-" "Mozilla/5.0 (compatible; Ezooms/1.0; ezooms.bot@gmail.com)"
66.249.71.108 - - [19/Aug/2012:03:57:00 +0200] "GET /news.php?cs_go=archiv&cs_startpos=1341 HTTP/1.1" 200 23214 "-" "Mozilla/5.0 (compatible; Googlebot/2.1; +http://www.google.com/bot.html)"
188.40.85.200 - - [19/Aug/2012:04:07:15 +0200] "GET /robots.txt HTTP/1.1" 200 177 "-" "Pixray-Seeker/1.1 (Pixray-Seeker; http://www.pixray.com/pixraybot; crawler@pixray.com)"
188.40.85.200 - - [19/Aug/2012:04:07:15 +0200] "GET /news.php?cs_go=archiv&cs_id=1699&cs_search= HTTP/1.1" 200 10695 "-" "Pixray-Seeker/1.1 (Pixray-Seeker; http://www.pixray.com/pixraybot; crawler@pixray.com)"
66.249.71.108 - - [19/Aug/2012:04:22:17 +0200] "GET /news.php?cs_go=archiv&cs_startpos=1351 HTTP/1.1" 200 23055 "-" "Mozilla/5.0 (compatible; Googlebot/2.1; +http://www.google.com/bot.html)"
85.25.152.28 - - [19/Aug/2012:04:29:55 +0200] "GET /.php HTTP/1.1" 404 - "-" "Mozilla/4.0 (compatible; MSIE 6.0; Windows 98; Win 9x4.90)"
84.19.190.186 - - [19/Aug/2012:04:31:09 +0200] "GET / HTTP/1.1" 200 15309 "-" "Mozilla/5.0 (compatible; UnisterBot; crawler@unister.de)"
188.40.85.200 - - [19/Aug/2012:04:45:15 +0200] "GET /robots.txt HTTP/1.1" 200 177 "-" "Pixray-Seeker/1.1 (Pixray-Seeker; http://www.pixray.com/pixraybot; crawler@pixray.com)"
188.40.85.200 - - [19/Aug/2012:04:45:15 +0200] "GET /news.php?cs_go=archiv&cs_id=1817&cs_search= HTTP/1.1" 200 10342 "-" "Pixray-Seeker/1.1 (Pixray-Seeker; http://www.pixray.com/pixraybot; crawler@pixray.com)"
66.249.71.108 - - [19/Aug/2012:04:55:39 +0200] "GET /news.php?cs_go=archiv&cs_startpos=1361 HTTP/1.1" 200 23109 "-" "Mozilla/5.0 (compatible; Googlebot/2.1; +http://www.google.com/bot.html)"
46.4.119.231 - - [19/Aug/2012:05:02:37 +0200] "GET /robots.txt HTTP/1.1" 200 177 "-" "Pixray-Seeker/1.1 (Pixray-Seeker; http://www.pixray.com/pixraybot; crawler@pixray.com)"
46.4.119.231 - - [19/Aug/2012:05:02:37 +0200] "GET /news.php?cs_go=archiv&cs_id=2170&cs_search= HTTP/1.1" 200 13793 "-" "Pixray-Seeker/1.1 (Pixray-Seeker; http://www.pixray.com/pixraybot; crawler@pixray.com)"
66.249.71.108 - - [19/Aug/2012:05:06:30 +0200] "GET /news.php?cs_go=archiv&cs_startpos=1371 HTTP/1.1" 200 23166 "-" "Mozilla/5.0 (compatible; Googlebot/2.1; +http://www.google.com/bot.html)"
188.40.66.214 - - [19/Aug/2012:05:11:19 +0200] "GET /robots.txt HTTP/1.1" 200 177 "-" "Pixray-Seeker/1.1 (Pixray-Seeker; http://www.pixray.com/pixraybot; crawler@pixray.com)"
188.40.66.214 - - [19/Aug/2012:05:11:19 +0200] "GET /www.bmu.de%AD/Zuteilungsverordnung2020 HTTP/1.1" 404 - "-" "Pixray-Seeker/1.1 (Pixray-Seeker; http://www.pixray.com/pixraybot; crawler@pixray.com)"
66.249.71.108 - - [19/Aug/2012:05:33:24 +0200] "GET /news.php?cs_go=archiv&cs_startpos=1381 HTTP/1.1" 200 23063 "-" "Mozilla/5.0 (compatible; Googlebot/2.1; +http://www.google.com/bot.html)"
208.115.113.91 - - [19/Aug/2012:05:38:24 +0200] "GET /robots.txt HTTP/1.1" 200 177 "-" "Mozilla/5.0 (compatible; Ezooms/1.0; ezooms.bot@gmail.com)"
66.249.71.108 - - [19/Aug/2012:05:54:15 +0200] "GET /news.php?cs_go=archiv&cs_startpos=1391 HTTP/1.1" 200 23222 "-" "Mozilla/5.0 (compatible; Googlebot/2.1; +http://www.google.com/bot.html)"
139.18.2.209 - - [19/Aug/2012:06:08:42 +0200] "GET /rueckrufservice.php HTTP/1.1" 200 6966 "-" "findlinks/2.6 (+http://wortschatz.uni-leipzig.de/findlinks/)"
139.18.2.209 - - [19/Aug/2012:06:08:43 +0200] "GET /rueckrufservice.php HTTP/1.1" 200 10683 "-" "findlinks/2.6 (+http://wortschatz.uni-leipzig.de/findlinks/)"
66.249.71.108 - - [19/Aug/2012:06:09:58 +0200] "GET /news.php?cs_go=archiv&cs_startpos=1401 HTTP/1.1" 200 23186 "-" "Mozilla/5.0 (compatible; Googlebot/2.1; +http://www.google.com/bot.html)"
66.249.71.108 - - [19/Aug/2012:06:36:34 +0200] "GET /news.php?cs_go=archiv&cs_startpos=1411 HTTP/1.1" 200 23460 "-" "Mozilla/5.0 (compatible; Googlebot/2.1; +http://www.google.com/bot.html)"
66.249.71.108 - - [19/Aug/2012:06:38:46 +0200] "GET /news.php?cs_go=archiv&cs_id=3220 HTTP/1.1" 200 12763 "-" "Mozilla/5.0 (compatible; Googlebot/2.1; +http://www.google.com/bot.html)"
178.154.179.250 - - [19/Aug/2012:06:39:59 +0200] "GET /index.php HTTP/1.1" 200 15309 "-" "Mozilla/5.0 (compatible; YandexBot/3.0; +http://yandex.com/bots)"
176.9.0.12 - - [19/Aug/2012:06:44:31 +0200] "GET /robots.txt HTTP/1.1" 200 177 "-" "Pixray-Seeker/1.1 (Pixray-Seeker; http://www.pixray.com/pixraybot; crawler@pixray.com)"
176.9.0.12 - - [19/Aug/2012:06:44:32 +0200] "GET /news.php?cs_go=archiv&cs_id=2124&cs_search= HTTP/1.1" 200 13928 "-" "Pixray-Seeker/1.1 (Pixray-Seeker; http://www.pixray.com/pixraybot; crawler@pixray.com)"
176.9.0.12 - - [19/Aug/2012:06:49:36 +0200] "GET /news.php?cs_go=archiv&cs_id=2027&cs_search= HTTP/1.1" 200 15079 "-" "Pixray-Seeker/1.1 (Pixray-Seeker; http://www.pixray.com/pixraybot; crawler@pixray.com)"
66.249.71.108 - - [19/Aug/2012:06:55:05 +0200] "GET /news.php?cs_go=archiv&cs_startpos=1420 HTTP/1.1" 200 23038 "-" "Mozilla/5.0 (compatible; Googlebot/2.1; +http://www.google.com/bot.html)"
66.249.71.108 - - [19/Aug/2012:06:56:48 +0200] "GET /news.php?cs_go=archiv&cs_startpos=1421 HTTP/1.1" 200 22971 "-" "Mozilla/5.0 (compatible; Googlebot/2.1; +http://www.google.com/bot.html)"
66.249.71.108 - - [19/Aug/2012:07:04:58 +0200] "GET /news.php?cs_go=archiv&cs_id=3363&cs_search= HTTP/1.1" 200 10534 "-" "Mozilla/5.0 (compatible; Googlebot/2.1; +http://www.google.com/bot.html)"
46.4.125.109 - - [19/Aug/2012:07:06:46 +0200] "GET /robots.txt HTTP/1.1" 200 177 "-" "Pixray-Seeker/1.1 (Pixray-Seeker; http://www.pixray.com/pixraybot; crawler@pixray.com)"
46.4.125.109 - - [19/Aug/2012:07:06:46 +0200] "GET /news.php?cs_go=archiv&cs_id=2030&cs_search= HTTP/1.1" 200 10364 "-" "Pixray-Seeker/1.1 (Pixray-Seeker; http://www.pixray.com/pixraybot; crawler@pixray.com)"
66.249.71.108 - - [19/Aug/2012:07:20:38 +0200] "GET /news.php?cs_go=archiv&cs_startpos=1431 HTTP/1.1" 200 22972 "-" "Mozilla/5.0 (compatible; Googlebot/2.1; +http://www.google.com/bot.html)"
66.249.71.108 - - [19/Aug/2012:07:20:49 +0200] "GET /news.php?cs_go=archiv&cs_startpos=551 HTTP/1.1" 200 22977 "-" "Mozilla/5.0 (compatible; Googlebot/2.1; +http://www.google.com/bot.html)"
62.75.243.115 - - [19/Aug/2012:07:28:02 +0200] "GET /preisanfrage.php HTTP/1.1" 200 5528 "-" "findlinks/2.6 (+http://wortschatz.uni-leipzig.de/findlinks/)"
62.75.243.115 - - [19/Aug/2012:07:28:02 +0200] "GET /preisanfrage.php HTTP/1.1" 200 10623 "-" "findlinks/2.6 (+http://wortschatz.uni-leipzig.de/findlinks/)"
46.4.19.85 - - [19/Aug/2012:07:30:48 +0200] "GET /robots.txt HTTP/1.1" 200 177 "-" "Pixray-Seeker/1.1 (Pixray-Seeker; http://www.pixray.com/pixraybot; crawler@pixray.com)"
46.4.19.85 - - [19/Aug/2012:07:30:48 +0200] "GET /news.php?cs_go=archiv&cs_startpos=401 HTTP/1.1" 200 23195 "-" "Pixray-Seeker/1.1 (Pixray-Seeker; http://www.pixray.com/pixraybot; crawler@pixray.com)"
66.249.71.108 - - [19/Aug/2012:07:33:47 +0200] "GET /news.php?cs_go=archiv&cs_startpos=180 HTTP/1.1" 200 22923 "-" "Mozilla/5.0 (compatible; Googlebot/2.1; +http://www.google.com/bot.html)"
208.115.111.75 - - [19/Aug/2012:07:34:27 +0200] "GET /robots.txt HTTP/1.1" 200 177 "-" "Mozilla/5.0 (compatible; Ezooms/1.0; ezooms.bot@gmail.com)"
66.249.71.108 - - [19/Aug/2012:07:35:58 +0200] "GET /news.php?cs_go=archiv&cs_startpos=1260 HTTP/1.1" 200 23065 "-" "Mozilla/5.0 (compatible; Googlebot/2.1; +http://www.google.com/bot.html)"
66.249.71.108 - - [19/Aug/2012:07:42:28 +0200] "GET /news.php?cs_go=archiv&cs_startpos=1180 HTTP/1.1" 200 22955 "-" "Mozilla/5.0 (compatible; Googlebot/2.1; +http://www.google.com/bot.html)"
66.249.71.108 - - [19/Aug/2012:07:43:35 +0200] "GET /news.php?cs_go=archiv&cs_id=1754&cs_search= HTTP/1.1" 200 14068 "-" "Mozilla/5.0 (compatible; Googlebot/2.1; +http://www.google.com/bot.html)"
65.36.241.79 - - [19/Aug/2012:07:43:42 +0200] "HEAD / HTTP/1.1" 200 - "-" "InternetSeer.com"
46.4.118.74 - - [19/Aug/2012:07:46:43 +0200] "GET /robots.txt HTTP/1.1" 200 177 "-" "Pixray-Seeker/1.1 (Pixray-Seeker; http://www.pixray.com/pixraybot; crawler@pixray.com)"
46.4.118.74 - - [19/Aug/2012:07:46:43 +0200] "GET /news.php?cs_go=archiv&cs_id=2295&cs_search= HTTP/1.1" 200 13781 "-" "Pixray-Seeker/1.1 (Pixray-Seeker; http://www.pixray.com/pixraybot; crawler@pixray.com)"
66.249.71.108 - - [19/Aug/2012:07:49:00 +0200] "GET /news.php?cs_go=archiv&cs_startpos=1441 HTTP/1.1" 200 23172 "-" "Mozilla/5.0 (compatible; Googlebot/2.1; +http://www.google.com/bot.html)"
208.115.113.91 - - [19/Aug/2012:07:50:38 +0200] "GET /lexikon.php?cs_go=3&cs_id=146 HTTP/1.1" 200 8635 "-" "Mozilla/5.0 (compatible; Ezooms/1.0; ezooms.bot@gmail.com)"
208.115.113.91 - - [19/Aug/2012:07:50:52 +0200] "GET /lexikon.php?cs_go=3&cs_id=71 HTTP/1.1" 200 9121 "-" "Mozilla/5.0 (compatible; Ezooms/1.0; ezooms.bot@gmail.com)"
208.115.113.91 - - [19/Aug/2012:07:50:55 +0200] "GET /news.php?cs_go=archiv&cs_startpos=150 HTTP/1.1" 200 22997 "-" "Mozilla/5.0 (compatible; Ezooms/1.0; ezooms.bot@gmail.com)"
66.249.71.108 - - [19/Aug/2012:07:51:05 +0200] "GET /news.php?cs_go=archiv&cs_id=3144 HTTP/1.1" 200 13494 "-" "Mozilla/5.0 (compatible; Googlebot/2.1; +http://www.google.com/bot.html)"
66.249.71.108 - - [19/Aug/2012:07:53:14 +0200] "GET /news.php?cs_go=archiv&cs_id=3001 HTTP/1.1" 200 11298 "-" "Mozilla/5.0 (compatible; Googlebot/2.1; +http://www.google.com/bot.html)"
66.249.71.108 - - [19/Aug/2012:07:55:23 +0200] "GET /news.php?cs_go=archiv&cs_startpos=160 HTTP/1.1" 200 22895 "-" "Mozilla/5.0 (compatible; Googlebot/2.1; +http://www.google.com/bot.html)"
66.249.71.108 - - [19/Aug/2012:08:05:43 +0200] "GET /news.php?cs_go=archiv&cs_startpos=1451 HTTP/1.1" 200 22937 "-" "Mozilla/5.0 (compatible; Googlebot/2.1; +http://www.google.com/bot.html)"
66.249.71.108 - - [19/Aug/2012:08:10:29 +0200] "GET /news.php?cs_go=archiv&cs_id=3192 HTTP/1.1" 200 13473 "-" "Mozilla/5.0 (compatible; Googlebot/2.1; +http://www.google.com/bot.html)"
66.249.71.108 - - [19/Aug/2012:08:12:39 +0200] "GET /news.php?cs_go=archiv&cs_id=3288&cs_search= HTTP/1.1" 200 9924 "-" "Mozilla/5.0 (compatible; Googlebot/2.1; +http://www.google.com/bot.html)"
176.9.0.12 - - [19/Aug/2012:09:09:33 +0200] "GET /robots.txt HTTP/1.1" 200 177 "-" "Pixray-Seeker/1.1 (Pixray-Seeker; http://www.pixray.com/pixraybot; crawler@pixray.com)"
176.9.0.12 - - [19/Aug/2012:09:09:33 +0200] "GET /news.php?cs_go=archiv&cs_startpos=920 HTTP/1.1" 200 23144 "-" "Pixray-Seeker/1.1 (Pixray-Seeker; http://www.pixray.com/pixraybot; crawler@pixray.com)"
176.9.0.12 - - [19/Aug/2012:09:10:11 +0200] "GET /news.php?cs_go=archiv&cs_id=2048&cs_search= HTTP/1.1" 200 10118 "-" "Pixray-Seeker/1.1 (Pixray-Seeker; http://www.pixray.com/pixraybot; crawler@pixray.com)"
176.9.19.103 - - [19/Aug/2012:09:39:38 +0200] "GET /robots.txt HTTP/1.1" 200 177 "-" "Pixray-Seeker/1.1 (Pixray-Seeker; http://www.pixray.com/pixraybot; crawler@pixray.com)"
176.9.19.103 - - [19/Aug/2012:09:39:38 +0200] "GET /news.php?cs_go=archiv&cs_id=2166&cs_search= HTTP/1.1" 200 13991 "-" "Pixray-Seeker/1.1 (Pixray-Seeker; http://www.pixray.com/pixraybot; crawler@pixray.com)"
188.40.66.214 - - [19/Aug/2012:10:19:18 +0200] "GET /robots.txt HTTP/1.1" 200 177 "-" "Pixray-Seeker/1.1 (Pixray-Seeker; http://www.pixray.com/pixraybot; crawler@pixray.com)"
188.40.66.214 - - [19/Aug/2012:10:19:18 +0200] "GET /news.php?cs_go=archiv&cs_id=1816&cs_search= HTTP/1.1" 200 10040 "-" "Pixray-Seeker/1.1 (Pixray-Seeker; http://www.pixray.com/pixraybot; crawler@pixray.com)"
208.115.113.91 - - [19/Aug/2012:11:08:14 +0200] "GET /robots.txt HTTP/1.1" 200 177 "-" "Mozilla/5.0 (compatible; Ezooms/1.0; ezooms.bot@gmail.com)"
188.40.85.200 - - [19/Aug/2012:11:16:40 +0200] "GET /robots.txt HTTP/1.1" 200 177 "-" "Pixray-Seeker/1.1 (Pixray-Seeker; http://www.pixray.com/pixraybot; crawler@pixray.com)"
188.40.85.200 - - [19/Aug/2012:11:16:40 +0200] "GET /kwk.php?cs_go=4 HTTP/1.1" 200 10255 "-" "Pixray-Seeker/1.1 (Pixray-Seeker; http://www.pixray.com/pixraybot; crawler@pixray.com)"
208.115.111.75 - - [19/Aug/2012:11:30:24 +0200] "GET /robots.txt HTTP/1.1" 200 177 "-" "Mozilla/5.0 (compatible; Ezooms/1.0; ezooms.bot@gmail.com)"
66.249.71.108 - - [19/Aug/2012:11:34:12 +0200] "GET /news.php?cs_go=archiv&cs_id=2845&cs_search= HTTP/1.1" 200 11040 "-" "Mozilla/5.0 (compatible; Googlebot/2.1; +http://www.google.com/bot.html)"
88.198.67.197 - - [19/Aug/2012:11:52:47 +0200] "GET /robots.txt HTTP/1.1" 200 177 "-" "Pixray-Seeker/1.1 (Pixray-Seeker; http://www.pixray.com/pixraybot; crawler@pixray.com)"
88.198.67.197 - - [19/Aug/2012:11:52:47 +0200] "GET /lexikon.php?cs_go=3&cs_id=101 HTTP/1.1" 200 10216 "-" "Pixray-Seeker/1.1 (Pixray-Seeker; http://www.pixray.com/pixraybot; crawler@pixray.com)"
66.249.71.108 - - [19/Aug/2012:12:43:30 +0200] "GET /news.php?cs_go=archiv HTTP/1.1" 200 22415 "-" "Mozilla/5.0 (compatible; Googlebot/2.1; +http://www.google.com/bot.html)"
66.249.71.108 - - [19/Aug/2012:12:55:59 +0200] "GET /news.php?cs_go=archiv&cs_startpos=371 HTTP/1.1" 200 23030 "-" "Mozilla/5.0 (compatible; Googlebot/2.1; +http://www.google.com/bot.html)"
176.9.19.103 - - [19/Aug/2012:12:58:44 +0200] "GET /robots.txt HTTP/1.1" 200 177 "-" "Pixray-Seeker/1.1 (Pixray-Seeker; http://www.pixray.com/pixraybot; crawler@pixray.com)"
176.9.19.103 - - [19/Aug/2012:12:58:44 +0200] "GET /news.php?cs_go=archiv&cs_startpos=391 HTTP/1.1" 200 23042 "-" "Pixray-Seeker/1.1 (Pixray-Seeker; http://www.pixray.com/pixraybot; crawler@pixray.com)"
65.36.241.79 - - [19/Aug/2012:13:02:11 +0200] "HEAD / HTTP/1.1" 200 - "-" "InternetSeer.com"
84.38.66.101 - - [19/Aug/2012:13:32:27 +0200] "GET /agb.php HTTP/1.1" 200 19709 "-" "findlinks/2.6 (+http://wortschatz.uni-leipzig.de/findlinks/)"
84.38.66.101 - - [19/Aug/2012:13:32:27 +0200] "GET /agb.php HTTP/1.1" 200 19622 "-" "findlinks/2.6 (+http://wortschatz.uni-leipzig.de/findlinks/)"
207.46.13.97 - - [19/Aug/2012:13:47:03 +0200] "GET /robots.txt HTTP/1.1" 200 177 "-" "Mozilla/5.0 (compatible; bingbot/2.0; +http://www.bing.com/bingbot.htm)"
207.46.13.97 - - [19/Aug/2012:13:48:02 +0200] "GET / HTTP/1.1" 200 15312 "-" "Mozilla/5.0 (compatible; bingbot/2.0; +http://www.bing.com/bingbot.htm)"
66.249.71.108 - - [19/Aug/2012:14:11:25 +0200] "GET /news.php?cs_go=archiv&cs_startpos=531 HTTP/1.1" 200 23217 "-" "Mozilla/5.0 (compatible; Googlebot/2.1; +http://www.google.com/bot.html)"
208.115.113.91 - - [19/Aug/2012:14:12:11 +0200] "GET /robots.txt HTTP/1.1" 200 177 "-" "Mozilla/5.0 (compatible; Ezooms/1.0; ezooms.bot@gmail.com)"
66.249.71.108 - - [19/Aug/2012:15:00:32 +0200] "GET / HTTP/1.1" 200 15312 "-" "SAMSUNG-SGH-E250/1.0 Profile/MIDP-2.0 Configuration/CLDC-1.1 UP.Browser/6.2.3.3.c.1.101 (GUI) MMP/2.0 (compatible; Googlebot-Mobile/2.1; +http://www.google.com/bot.html)"
46.4.92.140 - - [19/Aug/2012:15:20:03 +0200] "GET /robots.txt HTTP/1.1" 200 177 "-" "Pixray-Seeker/1.1 (Pixray-Seeker; http://www.pixray.com/pixraybot; crawler@pixray.com)"
46.4.92.140 - - [19/Aug/2012:15:20:03 +0200] "GET /news.php?cs_go=archiv&cs_id=1827&cs_search= HTTP/1.1" 200 10005 "-" "Pixray-Seeker/1.1 (Pixray-Seeker; http://www.pixray.com/pixraybot; crawler@pixray.com)"
66.249.71.108 - - [19/Aug/2012:15:25:40 +0200] "GET /news.php?cs_go=archiv&cs_startpos=521 HTTP/1.1" 200 23247 "-" "Mozilla/5.0 (compatible; Googlebot/2.1; +http://www.google.com/bot.html)"
188.40.65.130 - - [19/Aug/2012:15:29:46 +0200] "GET /robots.txt HTTP/1.1" 200 177 "-" "Pixray-Seeker/1.1 (Pixray-Seeker; http://www.pixray.com/pixraybot; crawler@pixray.com)"
188.40.65.130 - - [19/Aug/2012:15:29:46 +0200] "GET /news.php?cs_go=archiv&cs_startpos=581 HTTP/1.1" 200 22997 "-" "Pixray-Seeker/1.1 (Pixray-Seeker; http://www.pixray.com/pixraybot; crawler@pixray.com)"
188.40.65.130 - - [19/Aug/2012:15:36:40 +0200] "GET /news.php?cs_go=archiv&cs_id=1708&cs_search= HTTP/1.1" 200 10025 "-" "Pixray-Seeker/1.1 (Pixray-Seeker; http://www.pixray.com/pixraybot; crawler@pixray.com)"
80.128.16.250 - - [19/Aug/2012:15:39:09 +0200] "GET /agb.php HTTP/1.1" 200 19709 "http://www.google.de/url?sa=t&rct=j&q=&esrc=s&source=web&cd=3&ved=0CEsQFjAC&url=http%3A%2F%2Fwww.mink-gmbh.de%2Fagb.php&ei=CuwwUJXCF875sgbi_YCYDw&usg=AFQjCNHBvP9iHiLUgIDG2G0vQqMKPCAwoA&sig2=EKoVrynh6uHmMPth8QCKtQ" "Mozilla/5.0 (Windows NT 6.1; WOW64; rv:14.0) Gecko/20100101 Firefox/14.0.1"
80.128.16.250 - - [19/Aug/2012:15:39:09 +0200] "GET /style.css HTTP/1.1" 200 8418 "http://www.mink-gmbh.de/agb.php" "Mozilla/5.0 (Windows NT 6.1; WOW64; rv:14.0) Gecko/20100101 Firefox/14.0.1"
80.128.16.250 - - [19/Aug/2012:15:39:09 +0200] "GET /modul.css HTTP/1.1" 200 35038 "http://www.mink-gmbh.de/agb.php" "Mozilla/5.0 (Windows NT 6.1; WOW64; rv:14.0) Gecko/20100101 Firefox/14.0.1"
80.128.16.250 - - [19/Aug/2012:15:39:09 +0200] "GET /favicon.ico HTTP/1.1" 200 3638 "-" "Mozilla/5.0 (Windows NT 6.1; WOW64; rv:14.0) Gecko/20100101 Firefox/14.0.1"
80.128.16.250 - - [19/Aug/2012:15:39:10 +0200] "GET /images/mail.jpg HTTP/1.1" 200 11165 "http://www.mink-gmbh.de/agb.php" "Mozilla/5.0 (Windows NT 6.1; WOW64; rv:14.0) Gecko/20100101 Firefox/14.0.1"
80.128.16.250 - - [19/Aug/2012:15:39:10 +0200] "GET /images/kwk.gif HTTP/1.1" 200 6403 "http://www.mink-gmbh.de/agb.php" "Mozilla/5.0 (Windows NT 6.1; WOW64; rv:14.0) Gecko/20100101 Firefox/14.0.1"
80.128.16.250 - - [19/Aug/2012:15:39:10 +0200] "GET /images/wunschpreis.jpg HTTP/1.1" 200 16767 "http://www.mink-gmbh.de/agb.php" "Mozilla/5.0 (Windows NT 6.1; WOW64; rv:14.0) Gecko/20100101 Firefox/14.0.1"
80.128.16.250 - - [19/Aug/2012:15:39:10 +0200] "GET /images/logos.jpg HTTP/1.1" 200 15002 "http://www.mink-gmbh.de/agb.php" "Mozilla/5.0 (Windows NT 6.1; WOW64; rv:14.0) Gecko/20100101 Firefox/14.0.1"
80.128.16.250 - - [19/Aug/2012:15:39:10 +0200] "GET /images/freecall.jpg HTTP/1.1" 200 39195 "http://www.mink-gmbh.de/agb.php" "Mozilla/5.0 (Windows NT 6.1; WOW64; rv:14.0) Gecko/20100101 Firefox/14.0.1"
80.128.16.250 - - [19/Aug/2012:15:39:11 +0200] "GET /images/bg.jpg HTTP/1.1" 200 345 "http://www.mink-gmbh.de/style.css" "Mozilla/5.0 (Windows NT 6.1; WOW64; rv:14.0) Gecko/20100101 Firefox/14.0.1"
80.128.16.250 - - [19/Aug/2012:15:39:11 +0200] "GET /images/close.png HTTP/1.1" 200 703 "http://www.mink-gmbh.de/agb.php" "Mozilla/5.0 (Windows NT 6.1; WOW64; rv:14.0) Gecko/20100101 Firefox/14.0.1"
80.128.16.250 - - [19/Aug/2012:15:39:11 +0200] "GET /images/newsletter_bg.jpg HTTP/1.1" 200 33610 "http://www.mink-gmbh.de/agb.php" "Mozilla/5.0 (Windows NT 6.1; WOW64; rv:14.0) Gecko/20100101 Firefox/14.0.1"
80.128.16.250 - - [19/Aug/2012:15:39:11 +0200] "GET /images/newsletter.png HTTP/1.1" 200 14619 "http://www.mink-gmbh.de/style.css" "Mozilla/5.0 (Windows NT 6.1; WOW64; rv:14.0) Gecko/20100101 Firefox/14.0.1"
80.128.16.250 - - [19/Aug/2012:15:39:11 +0200] "GET /images/wrapperbg.jpg HTTP/1.1" 200 27465 "http://www.mink-gmbh.de/style.css" "Mozilla/5.0 (Windows NT 6.1; WOW64; rv:14.0) Gecko/20100101 Firefox/14.0.1"
80.128.16.250 - - [19/Aug/2012:15:39:11 +0200] "GET /images/header.jpg HTTP/1.1" 200 24413 "http://www.mink-gmbh.de/style.css" "Mozilla/5.0 (Windows NT 6.1; WOW64; rv:14.0) Gecko/20100101 Firefox/14.0.1"
80.128.16.250 - - [19/Aug/2012:15:39:11 +0200] "GET /images/navibg.png HTTP/1.1" 200 2803 "http://www.mink-gmbh.de/style.css" "Mozilla/5.0 (Windows NT 6.1; WOW64; rv:14.0) Gecko/20100101 Firefox/14.0.1"
80.128.16.250 - - [19/Aug/2012:15:39:11 +0200] "GET /images/footerbg.jpg HTTP/1.1" 200 2184 "http://www.mink-gmbh.de/style.css" "Mozilla/5.0 (Windows NT 6.1; WOW64; rv:14.0) Gecko/20100101 Firefox/14.0.1"
