84.149.236.48 - - [09/Aug/2012:17:21:22 +0200] "GET /images/wunschpreis.jpg HTTP/1.1" 200 16767 "http://www.mink-gmbh.de/" "Mozilla/4.0 (compatible; MSIE 8.0; Windows NT 5.1; Trident/4.0; MSNIE8A)"
84.149.236.48 - - [09/Aug/2012:17:21:22 +0200] "GET /images/tkw.jpg HTTP/1.1" 200 64031 "http://www.mink-gmbh.de/" "Mozilla/4.0 (compatible; MSIE 8.0; Windows NT 5.1; Trident/4.0; MSNIE8A)"
84.149.236.48 - - [09/Aug/2012:17:21:22 +0200] "GET /images/logos.jpg HTTP/1.1" 200 15002 "http://www.mink-gmbh.de/" "Mozilla/4.0 (compatible; MSIE 8.0; Windows NT 5.1; Trident/4.0; MSNIE8A)"
84.149.236.48 - - [09/Aug/2012:17:21:22 +0200] "GET /images/newsletter.png HTTP/1.1" 200 14619 "http://www.mink-gmbh.de/" "Mozilla/4.0 (compatible; MSIE 8.0; Windows NT 5.1; Trident/4.0; MSNIE8A)"
84.149.236.48 - - [09/Aug/2012:17:21:22 +0200] "GET /images/header.jpg HTTP/1.1" 200 24413 "http://www.mink-gmbh.de/" "Mozilla/4.0 (compatible; MSIE 8.0; Windows NT 5.1; Trident/4.0; MSNIE8A)"
84.149.236.48 - - [09/Aug/2012:17:21:22 +0200] "GET /images/freecall.jpg HTTP/1.1" 200 39195 "http://www.mink-gmbh.de/" "Mozilla/4.0 (compatible; MSIE 8.0; Windows NT 5.1; Trident/4.0; MSNIE8A)"
84.149.236.48 - - [09/Aug/2012:17:21:22 +0200] "GET /images/steigend.png HTTP/1.1" 200 688 "http://www.mink-gmbh.de/" "Mozilla/4.0 (compatible; MSIE 8.0; Windows NT 5.1; Trident/4.0; MSNIE8A)"
84.149.236.48 - - [09/Aug/2012:17:21:22 +0200] "GET /images/mobil.jpg HTTP/1.1" 200 25293 "http://www.mink-gmbh.de/" "Mozilla/4.0 (compatible; MSIE 8.0; Windows NT 5.1; Trident/4.0; MSNIE8A)"
84.149.236.48 - - [09/Aug/2012:17:21:22 +0200] "GET /images/newsletter.jpg HTTP/1.1" 200 13130 "http://www.mink-gmbh.de/" "Mozilla/4.0 (compatible; MSIE 8.0; Windows NT 5.1; Trident/4.0; MSNIE8A)"
84.149.236.48 - - [09/Aug/2012:17:21:22 +0200] "GET /images/footerbg.jpg HTTP/1.1" 200 2184 "http://www.mink-gmbh.de/" "Mozilla/4.0 (compatible; MSIE 8.0; Windows NT 5.1; Trident/4.0; MSNIE8A)"
84.149.236.48 - - [09/Aug/2012:17:21:23 +0200] "GET /js_contentserver24_greybox/loader_frame.html?s=0 HTTP/1.1" 200 2084 "http://www.mink-gmbh.de/" "Mozilla/4.0 (compatible; MSIE 8.0; Windows NT 5.1; Trident/4.0; MSNIE8A)"
84.149.236.48 - - [09/Aug/2012:17:21:23 +0200] "GET /js_contentserver24_greybox/indicator.gif HTTP/1.1" 200 8238 "http://www.mink-gmbh.de/js_contentserver24_greybox/loader_frame.html?s=0" "Mozilla/4.0 (compatible; MSIE 8.0; Windows NT 5.1; Trident/4.0; MSNIE8A)"
84.149.236.48 - - [09/Aug/2012:17:21:24 +0200] "GET /favicon.ico HTTP/1.1" 200 3638 "-" "Mozilla/4.0 (compatible; MSIE 8.0; Windows NT 5.1; Trident/4.0; MSNIE8A)"
84.149.236.48 - - [09/Aug/2012:17:21:25 +0200] "GET /js_contentserver24_greybox/g_close.gif HTTP/1.1" 200 541 "http://www.mink-gmbh.de/" "Mozilla/4.0 (compatible; MSIE 8.0; Windows NT 5.1; Trident/4.0; MSNIE8A)"
84.149.236.48 - - [09/Aug/2012:17:22:14 +0200] "GET /jobs.php HTTP/1.1" 200 11117 "http://www.mink-gmbh.de/" "Mozilla/4.0 (compatible; MSIE 8.0; Windows NT 5.1; Trident/4.0; MSNIE8A)"
84.149.236.48 - - [09/Aug/2012:17:23:20 +0200] "GET /impressum.php HTTP/1.1" 200 8495 "http://www.mink-gmbh.de/jobs.php" "Mozilla/4.0 (compatible; MSIE 8.0; Windows NT 5.1; Trident/4.0; MSNIE8A)"
84.149.236.48 - - [09/Aug/2012:17:23:49 +0200] "GET /kontakt.php HTTP/1.1" 200 9111 "http://www.mink-gmbh.de/impressum.php" "Mozilla/4.0 (compatible; MSIE 8.0; Windows NT 5.1; Trident/4.0; MSNIE8A)"
84.149.236.48 - - [09/Aug/2012:17:23:51 +0200] "GET /news.php HTTP/1.1" 200 22476 "http://www.mink-gmbh.de/kontakt.php" "Mozilla/4.0 (compatible; MSIE 8.0; Windows NT 5.1; Trident/4.0; MSNIE8A)"
84.149.236.48 - - [09/Aug/2012:17:24:05 +0200] "GET /standard.php HTTP/1.1" 200 9131 "http://www.mink-gmbh.de/news.php" "Mozilla/4.0 (compatible; MSIE 8.0; Windows NT 5.1; Trident/4.0; MSNIE8A)"
84.149.236.48 - - [09/Aug/2012:17:24:27 +0200] "GET /optiplus.php HTTP/1.1" 200 11013 "http://www.mink-gmbh.de/standard.php" "Mozilla/4.0 (compatible; MSIE 8.0; Windows NT 5.1; Trident/4.0; MSNIE8A)"
84.149.236.48 - - [09/Aug/2012:17:24:27 +0200] "GET /images/Optiseite.jpg HTTP/1.1" 200 32107 "http://www.mink-gmbh.de/optiplus.php" "Mozilla/4.0 (compatible; MSIE 8.0; Windows NT 5.1; Trident/4.0; MSNIE8A)"
84.149.236.48 - - [09/Aug/2012:17:24:27 +0200] "GET /images/optiplus.jpg HTTP/1.1" 200 37436 "http://www.mink-gmbh.de/optiplus.php" "Mozilla/4.0 (compatible; MSIE 8.0; Windows NT 5.1; Trident/4.0; MSNIE8A)"
84.149.236.48 - - [09/Aug/2012:17:24:47 +0200] "GET /diesel.php HTTP/1.1" 200 10552 "http://www.mink-gmbh.de/optiplus.php" "Mozilla/4.0 (compatible; MSIE 8.0; Windows NT 5.1; Trident/4.0; MSNIE8A)"
84.149.236.48 - - [09/Aug/2012:17:25:27 +0200] "GET /additive.php HTTP/1.1" 200 15767 "http://www.mink-gmbh.de/diesel.php" "Mozilla/4.0 (compatible; MSIE 8.0; Windows NT 5.1; Trident/4.0; MSNIE8A)"
65.36.241.79 - - [09/Aug/2012:17:25:40 +0200] "HEAD / HTTP/1.1" 200 - "-" "InternetSeer.com"
66.249.72.131 - - [09/Aug/2012:17:26:33 +0200] "GET /news.php?cs_go=archiv&cs_startpos=930 HTTP/1.1" 200 23455 "-" "Mozilla/5.0 (compatible; Googlebot/2.1; +http://www.google.com/bot.html)"
123.125.71.27 - - [09/Aug/2012:17:30:17 +0200] "GET /index.php HTTP/1.1" 200 15329 "-" "Mozilla/5.0 (compatible; Baiduspider/2.0; +http://www.baidu.com/search/spider.html)"
123.125.71.80 - - [09/Aug/2012:17:30:19 +0200] "GET /preisanfrage.php HTTP/1.1" 200 10710 "-" "Mozilla/5.0 (compatible; Baiduspider/2.0; +http://www.baidu.com/search/spider.html)"
123.125.71.32 - - [09/Aug/2012:17:30:20 +0200] "GET / HTTP/1.1" 200 15329 "-" "Mozilla/5.0 (compatible; Baiduspider/2.0; +http://www.baidu.com/search/spider.html)"
123.125.71.109 - - [09/Aug/2012:17:30:22 +0200] "GET /rueckrufservice.php HTTP/1.1" 200 10770 "-" "Mozilla/5.0 (compatible; Baiduspider/2.0; +http://www.baidu.com/search/spider.html)"
123.125.71.43 - - [09/Aug/2012:17:30:23 +0200] "GET /agb.php HTTP/1.1" 200 19709 "-" "Mozilla/5.0 (compatible; Baiduspider/2.0; +http://www.baidu.com/search/spider.html)"
66.249.72.131 - - [09/Aug/2012:17:39:57 +0200] "GET /news.php?cs_go=archiv&cs_startpos=840 HTTP/1.1" 200 23254 "-" "Mozilla/5.0 (compatible; Googlebot/2.1; +http://www.google.com/bot.html)"
66.249.72.131 - - [09/Aug/2012:17:54:14 +0200] "GET /news.php?cs_go=archiv&cs_startpos=870 HTTP/1.1" 200 22887 "-" "Mozilla/5.0 (compatible; Googlebot/2.1; +http://www.google.com/bot.html)"
87.160.200.96 - - [09/Aug/2012:18:16:10 +0200] "GET /style.css HTTP/1.1" 200 8418 "http://www.mink-gmbh.de/" "Mozilla/5.0 (Windows NT 6.1; WOW64; rv:13.0) Gecko/20100101 Firefox/13.0.1"
87.160.200.96 - - [09/Aug/2012:18:16:10 +0200] "GET /modul.css HTTP/1.1" 200 35038 "http://www.mink-gmbh.de/" "Mozilla/5.0 (Windows NT 6.1; WOW64; rv:13.0) Gecko/20100101 Firefox/13.0.1"
87.160.200.96 - - [09/Aug/2012:18:16:11 +0200] "GET /favicon.ico HTTP/1.1" 200 3638 "-" "Mozilla/5.0 (Windows NT 6.1; WOW64; rv:13.0) Gecko/20100101 Firefox/13.0.1"
87.160.200.96 - - [09/Aug/2012:18:16:11 +0200] "GET /js_contentserver24_greybox/gb_styles.css HTTP/1.1" 200 2302 "http://www.mink-gmbh.de/" "Mozilla/5.0 (Windows NT 6.1; WOW64; rv:13.0) Gecko/20100101 Firefox/13.0.1"
87.160.200.96 - - [09/Aug/2012:18:16:11 +0200] "GET /js_contentserver24_greybox/AJS.js HTTP/1.1" 200 10396 "http://www.mink-gmbh.de/" "Mozilla/5.0 (Windows NT 6.1; WOW64; rv:13.0) Gecko/20100101 Firefox/13.0.1"
87.160.200.96 - - [09/Aug/2012:18:16:11 +0200] "GET /js_contentserver24_greybox/AJS_fx.js HTTP/1.1" 200 3192 "http://www.mink-gmbh.de/" "Mozilla/5.0 (Windows NT 6.1; WOW64; rv:13.0) Gecko/20100101 Firefox/13.0.1"
87.160.200.96 - - [09/Aug/2012:18:16:11 +0200] "GET /js_contentserver24_greybox/gb_scripts.js HTTP/1.1" 200 11913 "http://www.mink-gmbh.de/" "Mozilla/5.0 (Windows NT 6.1; WOW64; rv:13.0) Gecko/20100101 Firefox/13.0.1"
87.160.200.96 - - [09/Aug/2012:18:16:10 +0200] "GET / HTTP/1.1" 200 15329 "http://www.google.de/url?sa=t&rct=j&q=esso+heiz%C3%B6lpreis+berlin&source=web&cd=4&ved=0CFoQFjAD&url=http%3A%2F%2Fwww.mink-gmbh.de%2F&ei=CuIjULrQLIvHsgatsoG4Cg&usg=AFQjCNFHX4Iglls9oo-KYXTmDUV_5KOVIg" "Mozilla/5.0 (Windows NT 6.1; WOW64; rv:13.0) Gecko/20100101 Firefox/13.0.1"
87.160.200.96 - - [09/Aug/2012:18:16:13 +0200] "GET /images/bg.jpg HTTP/1.1" 200 345 "http://www.mink-gmbh.de/style.css" "Mozilla/5.0 (Windows NT 6.1; WOW64; rv:13.0) Gecko/20100101 Firefox/13.0.1"
87.160.200.96 - - [09/Aug/2012:18:16:13 +0200] "GET /js_contentserver24_greybox/w_close.gif HTTP/1.1" 200 74 "http://www.mink-gmbh.de/" "Mozilla/5.0 (Windows NT 6.1; WOW64; rv:13.0) Gecko/20100101 Firefox/13.0.1"
87.160.200.96 - - [09/Aug/2012:18:16:13 +0200] "GET /images/close.png HTTP/1.1" 200 703 "http://www.mink-gmbh.de/" "Mozilla/5.0 (Windows NT 6.1; WOW64; rv:13.0) Gecko/20100101 Firefox/13.0.1"
87.160.200.96 - - [09/Aug/2012:18:16:13 +0200] "GET /images/newsletter_bg.jpg HTTP/1.1" 200 33610 "http://www.mink-gmbh.de/" "Mozilla/5.0 (Windows NT 6.1; WOW64; rv:13.0) Gecko/20100101 Firefox/13.0.1"
87.160.200.96 - - [09/Aug/2012:18:16:14 +0200] "GET /images/newsletter.png HTTP/1.1" 200 14619 "http://www.mink-gmbh.de/style.css" "Mozilla/5.0 (Windows NT 6.1; WOW64; rv:13.0) Gecko/20100101 Firefox/13.0.1"
87.160.200.96 - - [09/Aug/2012:18:16:14 +0200] "GET /images/wrapperbg.jpg HTTP/1.1" 200 27465 "http://www.mink-gmbh.de/style.css" "Mozilla/5.0 (Windows NT 6.1; WOW64; rv:13.0) Gecko/20100101 Firefox/13.0.1"
87.160.200.96 - - [09/Aug/2012:18:16:14 +0200] "GET /images/header.jpg HTTP/1.1" 200 24413 "http://www.mink-gmbh.de/style.css" "Mozilla/5.0 (Windows NT 6.1; WOW64; rv:13.0) Gecko/20100101 Firefox/13.0.1"
87.160.200.96 - - [09/Aug/2012:18:16:14 +0200] "GET /images/wunschpreis.jpg HTTP/1.1" 200 16767 "http://www.mink-gmbh.de/" "Mozilla/5.0 (Windows NT 6.1; WOW64; rv:13.0) Gecko/20100101 Firefox/13.0.1"
87.160.200.96 - - [09/Aug/2012:18:16:14 +0200] "GET /images/logos.jpg HTTP/1.1" 200 15002 "http://www.mink-gmbh.de/" "Mozilla/5.0 (Windows NT 6.1; WOW64; rv:13.0) Gecko/20100101 Firefox/13.0.1"
87.160.200.96 - - [09/Aug/2012:18:16:14 +0200] "GET /js_contentserver24_greybox/loader_frame.html?s=0 HTTP/1.1" 200 2084 "http://www.mink-gmbh.de/" "Mozilla/5.0 (Windows NT 6.1; WOW64; rv:13.0) Gecko/20100101 Firefox/13.0.1"
87.160.200.96 - - [09/Aug/2012:18:16:14 +0200] "GET /js_contentserver24_greybox/header_bg.gif HTTP/1.1" 200 1188 "http://www.mink-gmbh.de/" "Mozilla/5.0 (Windows NT 6.1; WOW64; rv:13.0) Gecko/20100101 Firefox/13.0.1"
87.160.200.96 - - [09/Aug/2012:18:16:14 +0200] "GET /images/mobil.jpg HTTP/1.1" 200 25293 "http://www.mink-gmbh.de/style.css" "Mozilla/5.0 (Windows NT 6.1; WOW64; rv:13.0) Gecko/20100101 Firefox/13.0.1"
87.160.200.96 - - [09/Aug/2012:18:16:14 +0200] "GET /images/navibg.png HTTP/1.1" 200 2803 "http://www.mink-gmbh.de/style.css" "Mozilla/5.0 (Windows NT 6.1; WOW64; rv:13.0) Gecko/20100101 Firefox/13.0.1"
87.160.200.96 - - [09/Aug/2012:18:16:14 +0200] "GET /images/steigend.png HTTP/1.1" 200 688 "http://www.mink-gmbh.de/modul.css" "Mozilla/5.0 (Windows NT 6.1; WOW64; rv:13.0) Gecko/20100101 Firefox/13.0.1"
87.160.200.96 - - [09/Aug/2012:18:16:14 +0200] "GET /js_contentserver24_greybox/indicator.gif HTTP/1.1" 200 8238 "http://www.mink-gmbh.de/js_contentserver24_greybox/loader_frame.html?s=0" "Mozilla/5.0 (Windows NT 6.1; WOW64; rv:13.0) Gecko/20100101 Firefox/13.0.1"
87.160.200.96 - - [09/Aug/2012:18:16:14 +0200] "GET /images/newsletter.jpg HTTP/1.1" 200 13130 "http://www.mink-gmbh.de/style.css" "Mozilla/5.0 (Windows NT 6.1; WOW64; rv:13.0) Gecko/20100101 Firefox/13.0.1"
87.160.200.96 - - [09/Aug/2012:18:16:14 +0200] "GET /images/footerbg.jpg HTTP/1.1" 200 2184 "http://www.mink-gmbh.de/style.css" "Mozilla/5.0 (Windows NT 6.1; WOW64; rv:13.0) Gecko/20100101 Firefox/13.0.1"
87.160.200.96 - - [09/Aug/2012:18:16:14 +0200] "GET /images/tkw.jpg HTTP/1.1" 200 64031 "http://www.mink-gmbh.de/" "Mozilla/5.0 (Windows NT 6.1; WOW64; rv:13.0) Gecko/20100101 Firefox/13.0.1"
87.160.200.96 - - [09/Aug/2012:18:16:14 +0200] "GET /images/freecall.jpg HTTP/1.1" 200 39195 "http://www.mink-gmbh.de/" "Mozilla/5.0 (Windows NT 6.1; WOW64; rv:13.0) Gecko/20100101 Firefox/13.0.1"
87.160.200.96 - - [09/Aug/2012:18:16:15 +0200] "GET /images/mail.jpg HTTP/1.1" 200 11165 "http://www.mink-gmbh.de/" "Mozilla/5.0 (Windows NT 6.1; WOW64; rv:13.0) Gecko/20100101 Firefox/13.0.1"
87.160.200.96 - - [09/Aug/2012:18:16:15 +0200] "GET /images/kwk.gif HTTP/1.1" 200 6403 "http://www.mink-gmbh.de/" "Mozilla/5.0 (Windows NT 6.1; WOW64; rv:13.0) Gecko/20100101 Firefox/13.0.1"
87.160.200.96 - - [09/Aug/2012:18:16:15 +0200] "GET /js_contentserver24_greybox/g_close.gif HTTP/1.1" 200 541 "http://www.mink-gmbh.de/" "Mozilla/5.0 (Windows NT 6.1; WOW64; rv:13.0) Gecko/20100101 Firefox/13.0.1"
87.160.200.96 - - [09/Aug/2012:18:16:20 +0200] "GET /modernisierung.php HTTP/1.1" 200 11491 "http://my10.contentserver24.de/content.php?key=8cbfc89c6095570b423d&cs_mid=22&cs_go=popupcontent" "Mozilla/5.0 (Windows NT 6.1; WOW64; rv:13.0) Gecko/20100101 Firefox/13.0.1"
87.160.200.96 - - [09/Aug/2012:18:16:45 +0200] "GET /preisanfrage.php HTTP/1.1" 200 10623 "http://www.mink-gmbh.de/modernisierung.php" "Mozilla/5.0 (Windows NT 6.1; WOW64; rv:13.0) Gecko/20100101 Firefox/13.0.1"
87.160.200.96 - - [09/Aug/2012:18:17:02 +0200] "POST /preisanfrage.php HTTP/1.1" 200 10782 "http://www.mink-gmbh.de/preisanfrage.php" "Mozilla/5.0 (Windows NT 6.1; WOW64; rv:13.0) Gecko/20100101 Firefox/13.0.1"
87.160.200.96 - - [09/Aug/2012:18:17:08 +0200] "GET /index.php HTTP/1.1" 200 14594 "http://www.mink-gmbh.de/preisanfrage.php" "Mozilla/5.0 (Windows NT 6.1; WOW64; rv:13.0) Gecko/20100101 Firefox/13.0.1"
87.160.200.96 - - [09/Aug/2012:18:17:48 +0200] "GET /preisanfrage.php HTTP/1.1" 200 10623 "http://www.mink-gmbh.de/modernisierung.php" "Mozilla/5.0 (Windows NT 6.1; WOW64; rv:13.0) Gecko/20100101 Firefox/13.0.1"
87.160.200.96 - - [09/Aug/2012:18:17:50 +0200] "GET /modernisierung.php HTTP/1.1" 200 11491 "http://my10.contentserver24.de/content.php?key=8cbfc89c6095570b423d&cs_mid=22&cs_go=popupcontent" "Mozilla/5.0 (Windows NT 6.1; WOW64; rv:13.0) Gecko/20100101 Firefox/13.0.1"
87.160.200.96 - - [09/Aug/2012:18:17:51 +0200] "GET / HTTP/1.1" 200 14594 "http://www.google.de/url?sa=t&rct=j&q=esso+heiz%C3%B6lpreis+berlin&source=web&cd=4&ved=0CFoQFjAD&url=http%3A%2F%2Fwww.mink-gmbh.de%2F&ei=CuIjULrQLIvHsgatsoG4Cg&usg=AFQjCNFHX4Iglls9oo-KYXTmDUV_5KOVIg" "Mozilla/5.0 (Windows NT 6.1; WOW64; rv:13.0) Gecko/20100101 Firefox/13.0.1"
66.249.72.131 - - [09/Aug/2012:18:19:18 +0200] "GET /news.php?cs_go=archiv&cs_startpos=941 HTTP/1.1" 200 22787 "-" "Mozilla/5.0 (compatible; Googlebot/2.1; +http://www.google.com/bot.html)"
208.115.111.75 - - [09/Aug/2012:18:21:30 +0200] "GET /news.php?cs_go=archiv&cs_id=1917&cs_search= HTTP/1.1" 200 13831 "-" "Mozilla/5.0 (compatible; Ezooms/1.0; ezooms.bot@gmail.com)"
208.115.111.75 - - [09/Aug/2012:18:21:34 +0200] "GET /news.php?cs_go=archiv&cs_id=1922&cs_search= HTTP/1.1" 200 9757 "-" "Mozilla/5.0 (compatible; Ezooms/1.0; ezooms.bot@gmail.com)"
208.115.111.75 - - [09/Aug/2012:18:21:36 +0200] "GET /news.php?cs_go=archiv&cs_id=2048&cs_search= HTTP/1.1" 200 10205 "-" "Mozilla/5.0 (compatible; Ezooms/1.0; ezooms.bot@gmail.com)"
208.115.113.91 - - [09/Aug/2012:18:24:55 +0200] "GET /robots.txt HTTP/1.1" 200 177 "-" "Mozilla/5.0 (compatible; Ezooms/1.0; ezooms.bot@gmail.com)"
66.249.72.131 - - [09/Aug/2012:18:28:50 +0200] "GET /news.php?cs_go=archiv&cs_startpos=0 HTTP/1.1" 200 22563 "-" "Mozilla/5.0 (compatible; Googlebot/2.1; +http://www.google.com/bot.html)"
66.249.72.131 - - [09/Aug/2012:18:31:26 +0200] "GET /news.php?cs_go=archiv&cs_startpos=700 HTTP/1.1" 200 22758 "-" "Mozilla/5.0 (compatible; Googlebot/2.1; +http://www.google.com/bot.html)"
131.253.41.150 - - [09/Aug/2012:18:33:51 +0200] "GET /robots.txt HTTP/1.1" 200 177 "-" "msnbot-media/1.1 (+http://search.msn.com/msnbot.htm)"
131.253.41.150 - - [09/Aug/2012:18:33:51 +0200] "GET /kwk.php HTTP/1.1" 200 10884 "-" "msnbot-media/1.1 (+http://search.msn.com/msnbot.htm)"
66.249.72.131 - - [09/Aug/2012:18:35:23 +0200] "GET /news.php?cs_go=archiv&cs_startpos=850 HTTP/1.1" 200 22965 "-" "Mozilla/5.0 (compatible; Googlebot/2.1; +http://www.google.com/bot.html)"
66.249.72.131 - - [09/Aug/2012:18:51:48 +0200] "GET /modernisierung.php?cs_gp_go=description HTTP/1.1" 200 10771 "-" "Mozilla/5.0 (compatible; Googlebot/2.1; +http://www.google.com/bot.html)"
178.154.179.250 - - [09/Aug/2012:18:52:52 +0200] "GET /index.php HTTP/1.1" 200 15329 "-" "Mozilla/5.0 (compatible; YandexBot/3.0; +http://yandex.com/bots)"
66.249.72.131 - - [09/Aug/2012:18:54:05 +0200] "GET /news.php?cs_go=archiv&cs_id=3341&cs_search= HTTP/1.1" 200 13355 "-" "Mozilla/5.0 (compatible; Googlebot/2.1; +http://www.google.com/bot.html)"
66.249.72.131 - - [09/Aug/2012:18:55:15 +0200] "GET /news.php?cs_go=archiv&cs_id=3338&cs_search= HTTP/1.1" 200 9811 "-" "Mozilla/5.0 (compatible; Googlebot/2.1; +http://www.google.com/bot.html)"
66.249.72.131 - - [09/Aug/2012:18:56:50 +0200] "GET /news.php?cs_go=archiv&cs_id=3339&cs_search= HTTP/1.1" 200 13535 "-" "Mozilla/5.0 (compatible; Googlebot/2.1; +http://www.google.com/bot.html)"
66.249.72.131 - - [09/Aug/2012:18:57:42 +0200] "GET /news.php?cs_go=archiv&cs_startpos=920 HTTP/1.1" 200 23144 "-" "Mozilla/5.0 (compatible; Googlebot/2.1; +http://www.google.com/bot.html)"
178.154.179.250 - - [09/Aug/2012:19:02:18 +0200] "GET /news.php HTTP/1.1" 200 22563 "-" "Mozilla/5.0 (compatible; YandexBot/3.0; +http://yandex.com/bots)"
89.247.32.162 - - [09/Aug/2012:19:09:28 +0200] "GET /style.css HTTP/1.1" 200 8418 "http://www.mink-gmbh.de/index.php" "Mozilla/5.0 (Windows NT 6.1; rv:14.0) Gecko/20100101 Firefox/14.0.1"
89.247.32.162 - - [09/Aug/2012:19:09:28 +0200] "GET /modul.css HTTP/1.1" 200 35038 "http://www.mink-gmbh.de/index.php" "Mozilla/5.0 (Windows NT 6.1; rv:14.0) Gecko/20100101 Firefox/14.0.1"
89.247.32.162 - - [09/Aug/2012:19:09:28 +0200] "GET /js_contentserver24_greybox/gb_styles.css HTTP/1.1" 200 2302 "http://www.mink-gmbh.de/index.php" "Mozilla/5.0 (Windows NT 6.1; rv:14.0) Gecko/20100101 Firefox/14.0.1"
89.247.32.162 - - [09/Aug/2012:19:09:28 +0200] "GET /js_contentserver24_greybox/AJS.js HTTP/1.1" 200 10396 "http://www.mink-gmbh.de/index.php" "Mozilla/5.0 (Windows NT 6.1; rv:14.0) Gecko/20100101 Firefox/14.0.1"
89.247.32.162 - - [09/Aug/2012:19:09:28 +0200] "GET /js_contentserver24_greybox/AJS_fx.js HTTP/1.1" 200 3192 "http://www.mink-gmbh.de/index.php" "Mozilla/5.0 (Windows NT 6.1; rv:14.0) Gecko/20100101 Firefox/14.0.1"
89.247.32.162 - - [09/Aug/2012:19:09:28 +0200] "GET /js_contentserver24_greybox/gb_scripts.js HTTP/1.1" 200 11913 "http://www.mink-gmbh.de/index.php" "Mozilla/5.0 (Windows NT 6.1; rv:14.0) Gecko/20100101 Firefox/14.0.1"
89.247.32.162 - - [09/Aug/2012:19:09:28 +0200] "GET /favicon.ico HTTP/1.1" 200 3638 "-" "Mozilla/5.0 (Windows NT 6.1; rv:14.0) Gecko/20100101 Firefox/14.0.1"
89.247.32.162 - - [09/Aug/2012:19:09:29 +0200] "GET /images/bg.jpg HTTP/1.1" 200 345 "http://www.mink-gmbh.de/style.css" "Mozilla/5.0 (Windows NT 6.1; rv:14.0) Gecko/20100101 Firefox/14.0.1"
89.247.32.162 - - [09/Aug/2012:19:09:29 +0200] "GET /images/tkw.jpg HTTP/1.1" 200 64031 "http://www.mink-gmbh.de/index.php" "Mozilla/5.0 (Windows NT 6.1; rv:14.0) Gecko/20100101 Firefox/14.0.1"
89.247.32.162 - - [09/Aug/2012:19:09:29 +0200] "GET /js_contentserver24_greybox/w_close.gif HTTP/1.1" 200 74 "http://www.mink-gmbh.de/index.php" "Mozilla/5.0 (Windows NT 6.1; rv:14.0) Gecko/20100101 Firefox/14.0.1"
89.247.32.162 - - [09/Aug/2012:19:09:29 +0200] "GET /images/close.png HTTP/1.1" 200 703 "http://www.mink-gmbh.de/index.php" "Mozilla/5.0 (Windows NT 6.1; rv:14.0) Gecko/20100101 Firefox/14.0.1"
89.247.32.162 - - [09/Aug/2012:19:09:28 +0200] "GET /index.php HTTP/1.1" 200 15329 "-" "Mozilla/5.0 (Windows NT 6.1; rv:14.0) Gecko/20100101 Firefox/14.0.1"
89.247.32.162 - - [09/Aug/2012:19:09:29 +0200] "GET /images/newsletter_bg.jpg HTTP/1.1" 200 33610 "http://www.mink-gmbh.de/index.php" "Mozilla/5.0 (Windows NT 6.1; rv:14.0) Gecko/20100101 Firefox/14.0.1"
89.247.32.162 - - [09/Aug/2012:19:09:29 +0200] "GET /images/newsletter.png HTTP/1.1" 200 14619 "http://www.mink-gmbh.de/style.css" "Mozilla/5.0 (Windows NT 6.1; rv:14.0) Gecko/20100101 Firefox/14.0.1"
89.247.32.162 - - [09/Aug/2012:19:09:29 +0200] "GET /images/wrapperbg.jpg HTTP/1.1" 200 27465 "http://www.mink-gmbh.de/style.css" "Mozilla/5.0 (Windows NT 6.1; rv:14.0) Gecko/20100101 Firefox/14.0.1"
89.247.32.162 - - [09/Aug/2012:19:09:29 +0200] "GET /images/header.jpg HTTP/1.1" 200 24413 "http://www.mink-gmbh.de/style.css" "Mozilla/5.0 (Windows NT 6.1; rv:14.0) Gecko/20100101 Firefox/14.0.1"
89.247.32.162 - - [09/Aug/2012:19:09:29 +0200] "GET /images/navibg.png HTTP/1.1" 200 2803 "http://www.mink-gmbh.de/style.css" "Mozilla/5.0 (Windows NT 6.1; rv:14.0) Gecko/20100101 Firefox/14.0.1"
89.247.32.162 - - [09/Aug/2012:19:09:29 +0200] "GET /images/steigend.png HTTP/1.1" 200 688 "http://www.mink-gmbh.de/modul.css" "Mozilla/5.0 (Windows NT 6.1; rv:14.0) Gecko/20100101 Firefox/14.0.1"
89.247.32.162 - - [09/Aug/2012:19:09:29 +0200] "GET /images/mobil.jpg HTTP/1.1" 200 25293 "http://www.mink-gmbh.de/style.css" "Mozilla/5.0 (Windows NT 6.1; rv:14.0) Gecko/20100101 Firefox/14.0.1"
89.247.32.162 - - [09/Aug/2012:19:09:29 +0200] "GET /images/newsletter.jpg HTTP/1.1" 200 13130 "http://www.mink-gmbh.de/style.css" "Mozilla/5.0 (Windows NT 6.1; rv:14.0) Gecko/20100101 Firefox/14.0.1"
89.247.32.162 - - [09/Aug/2012:19:09:29 +0200] "GET /images/freecall.jpg HTTP/1.1" 200 39195 "http://www.mink-gmbh.de/index.php" "Mozilla/5.0 (Windows NT 6.1; rv:14.0) Gecko/20100101 Firefox/14.0.1"
89.247.32.162 - - [09/Aug/2012:19:09:29 +0200] "GET /images/mail.jpg HTTP/1.1" 200 11165 "http://www.mink-gmbh.de/index.php" "Mozilla/5.0 (Windows NT 6.1; rv:14.0) Gecko/20100101 Firefox/14.0.1"
89.247.32.162 - - [09/Aug/2012:19:09:29 +0200] "GET /images/kwk.gif HTTP/1.1" 200 6403 "http://www.mink-gmbh.de/index.php" "Mozilla/5.0 (Windows NT 6.1; rv:14.0) Gecko/20100101 Firefox/14.0.1"
89.247.32.162 - - [09/Aug/2012:19:09:29 +0200] "GET /images/wunschpreis.jpg HTTP/1.1" 200 16767 "http://www.mink-gmbh.de/index.php" "Mozilla/5.0 (Windows NT 6.1; rv:14.0) Gecko/20100101 Firefox/14.0.1"
89.247.32.162 - - [09/Aug/2012:19:09:29 +0200] "GET /images/logos.jpg HTTP/1.1" 200 15002 "http://www.mink-gmbh.de/index.php" "Mozilla/5.0 (Windows NT 6.1; rv:14.0) Gecko/20100101 Firefox/14.0.1"
89.247.32.162 - - [09/Aug/2012:19:09:29 +0200] "GET /images/footerbg.jpg HTTP/1.1" 200 2184 "http://www.mink-gmbh.de/style.css" "Mozilla/5.0 (Windows NT 6.1; rv:14.0) Gecko/20100101 Firefox/14.0.1"
89.247.32.162 - - [09/Aug/2012:19:09:29 +0200] "GET /js_contentserver24_greybox/header_bg.gif HTTP/1.1" 200 1188 "http://www.mink-gmbh.de/index.php" "Mozilla/5.0 (Windows NT 6.1; rv:14.0) Gecko/20100101 Firefox/14.0.1"
89.247.32.162 - - [09/Aug/2012:19:09:29 +0200] "GET /js_contentserver24_greybox/g_close.gif HTTP/1.1" 200 541 "http://www.mink-gmbh.de/index.php" "Mozilla/5.0 (Windows NT 6.1; rv:14.0) Gecko/20100101 Firefox/14.0.1"
89.247.32.162 - - [09/Aug/2012:19:09:29 +0200] "GET /js_contentserver24_greybox/indicator.gif HTTP/1.1" 200 8238 "http://www.mink-gmbh.de/index.php" "Mozilla/5.0 (Windows NT 6.1; rv:14.0) Gecko/20100101 Firefox/14.0.1"
89.247.32.162 - - [09/Aug/2012:19:09:30 +0200] "GET /js_contentserver24_greybox/loader_frame.html?s=0 HTTP/1.1" 200 2084 "http://www.mink-gmbh.de/index.php" "Mozilla/5.0 (Windows NT 6.1; rv:14.0) Gecko/20100101 Firefox/14.0.1"
208.115.111.75 - - [09/Aug/2012:19:24:34 +0200] "GET /robots.txt HTTP/1.1" 200 177 "-" "Mozilla/5.0 (compatible; Ezooms/1.0; ezooms.bot@gmail.com)"
66.249.72.131 - - [09/Aug/2012:19:41:51 +0200] "GET /news.php?cs_go=archiv&cs_startpos=971 HTTP/1.1" 200 23389 "-" "Mozilla/5.0 (compatible; Googlebot/2.1; +http://www.google.com/bot.html)"
208.115.113.91 - - [09/Aug/2012:19:54:56 +0200] "GET /lexikon.php?cs_go=2&cs_char=s HTTP/1.1" 200 10068 "-" "Mozilla/5.0 (compatible; Ezooms/1.0; ezooms.bot@gmail.com)"
208.115.113.91 - - [09/Aug/2012:19:55:04 +0200] "GET /news.php?cs_go=archiv&cs_id=2906&cs_search= HTTP/1.1" 200 13660 "-" "Mozilla/5.0 (compatible; Ezooms/1.0; ezooms.bot@gmail.com)"
66.249.72.131 - - [09/Aug/2012:19:57:19 +0200] "GET /news.php?cs_go=archiv&cs_startpos=860 HTTP/1.1" 200 22937 "-" "Mozilla/5.0 (compatible; Googlebot/2.1; +http://www.google.com/bot.html)"
123.125.71.115 - - [09/Aug/2012:20:04:06 +0200] "GET /kontakt.php HTTP/1.1" 200 9198 "-" "Mozilla/5.0 (compatible; Baiduspider/2.0; +http://www.baidu.com/search/spider.html)"
123.125.71.20 - - [09/Aug/2012:20:04:08 +0200] "GET / HTTP/1.1" 200 15329 "-" "Mozilla/5.0 (compatible; Baiduspider/2.0; +http://www.baidu.com/search/spider.html)"
123.125.71.36 - - [09/Aug/2012:20:04:16 +0200] "GET /js_contentserver24_greybox/gb_scripts.js HTTP/1.1" 200 11913 "-" "Mozilla/5.0 (compatible; Baiduspider/2.0; +http://www.baidu.com/search/spider.html)"
123.125.71.97 - - [09/Aug/2012:20:04:18 +0200] "GET /js_contentserver24_greybox/gb_styles.css HTTP/1.1" 200 2302 "-" "Mozilla/5.0 (compatible; Baiduspider/2.0; +http://www.baidu.com/search/spider.html)"
85.19.205.124 - - [09/Aug/2012:20:04:18 +0200] "GET /robots.txt HTTP/1.0" 200 177 "-" "Mozilla/5.0 (compatible; MJ12bot/v1.4.3; http://www.majestic12.co.uk/bot.php?+)"
123.125.71.117 - - [09/Aug/2012:20:04:20 +0200] "GET /news.php?cs_go=archiv&cs_id=3341 HTTP/1.1" 200 13355 "-" "Mozilla/5.0 (compatible; Baiduspider/2.0; +http://www.baidu.com/search/spider.html)"
85.19.205.124 - - [09/Aug/2012:20:04:20 +0200] "GET /agb.php HTTP/1.1" 200 19709 "-" "Mozilla/5.0 (compatible; MJ12bot/v1.4.3; http://www.majestic12.co.uk/bot.php?+)"
123.125.71.27 - - [09/Aug/2012:20:04:22 +0200] "GET /impressum.php HTTP/1.1" 200 8582 "-" "Mozilla/5.0 (compatible; Baiduspider/2.0; +http://www.baidu.com/search/spider.html)"
85.19.205.124 - - [09/Aug/2012:20:04:21 +0200] "GET /news.php?cs_go=archiv&cs_id=2678 HTTP/1.1" 200 10039 "-" "Mozilla/5.0 (compatible; MJ12bot/v1.4.3; http://www.majestic12.co.uk/bot.php?+)"
123.125.71.43 - - [09/Aug/2012:20:04:23 +0200] "GET /js_contentserver24_greybox/AJS.js HTTP/1.1" 200 10396 "-" "Mozilla/5.0 (compatible; Baiduspider/2.0; +http://www.baidu.com/search/spider.html)"
85.19.205.124 - - [09/Aug/2012:20:04:23 +0200] "GET /news.php?cs_go=archiv&cs_id=2679 HTTP/1.1" 200 10735 "-" "Mozilla/5.0 (compatible; MJ12bot/v1.4.3; http://www.majestic12.co.uk/bot.php?+)"
123.125.71.14 - - [09/Aug/2012:20:04:26 +0200] "GET /news.php?cs_go=archiv&cs_id=3339 HTTP/1.1" 200 13535 "-" "Mozilla/5.0 (compatible; Baiduspider/2.0; +http://www.baidu.com/search/spider.html)"
123.125.71.73 - - [09/Aug/2012:20:04:28 +0200] "GET /kwk.php HTTP/1.1" 200 10884 "-" "Mozilla/5.0 (compatible; Baiduspider/2.0; +http://www.baidu.com/search/spider.html)"
123.125.71.38 - - [09/Aug/2012:20:04:30 +0200] "GET /wunschpreis.php HTTP/1.1" 200 12059 "-" "Mozilla/5.0 (compatible; Baiduspider/2.0; +http://www.baidu.com/search/spider.html)"
123.125.71.71 - - [09/Aug/2012:20:04:31 +0200] "GET /optiplus.php HTTP/1.1" 200 11100 "-" "Mozilla/5.0 (compatible; Baiduspider/2.0; +http://www.baidu.com/search/spider.html)"
123.125.71.25 - - [09/Aug/2012:20:04:34 +0200] "GET /news.php?cs_go=archiv&cs_id=3337 HTTP/1.1" 200 13803 "-" "Mozilla/5.0 (compatible; Baiduspider/2.0; +http://www.baidu.com/search/spider.html)"
123.125.71.94 - - [09/Aug/2012:20:04:36 +0200] "GET /news.php?cs_go=archiv&cs_id=3338 HTTP/1.1" 200 9811 "-" "Mozilla/5.0 (compatible; Baiduspider/2.0; +http://www.baidu.com/search/spider.html)"
123.125.71.114 - - [09/Aug/2012:20:04:38 +0200] "GET /news.php?cs_go=archiv HTTP/1.1" 200 22563 "-" "Mozilla/5.0 (compatible; Baiduspider/2.0; +http://www.baidu.com/search/spider.html)"
85.19.205.124 - - [09/Aug/2012:20:04:39 +0200] "GET /news.php?cs_go=archiv&cs_id=2680 HTTP/1.1" 200 13681 "-" "Mozilla/5.0 (compatible; MJ12bot/v1.4.3; http://www.majestic12.co.uk/bot.php?+)"
123.125.71.109 - - [09/Aug/2012:20:04:40 +0200] "GET /news.php HTTP/1.1" 200 22563 "-" "Mozilla/5.0 (compatible; Baiduspider/2.0; +http://www.baidu.com/search/spider.html)"
123.125.71.32 - - [09/Aug/2012:20:04:42 +0200] "GET /js_contentserver24_greybox/AJS_fx.js HTTP/1.1" 200 3192 "-" "Mozilla/5.0 (compatible; Baiduspider/2.0; +http://www.baidu.com/search/spider.html)"
123.125.71.41 - - [09/Aug/2012:20:04:44 +0200] "GET /newsletter.php HTTP/1.1" 200 8907 "-" "Mozilla/5.0 (compatible; Baiduspider/2.0; +http://www.baidu.com/search/spider.html)"
123.125.71.48 - - [09/Aug/2012:20:04:46 +0200] "GET /standard.php HTTP/1.1" 200 9218 "-" "Mozilla/5.0 (compatible; Baiduspider/2.0; +http://www.baidu.com/search/spider.html)"
123.125.71.69 - - [09/Aug/2012:20:04:48 +0200] "GET /modul.css HTTP/1.1" 200 35038 "-" "Mozilla/5.0 (compatible; Baiduspider/2.0; +http://www.baidu.com/search/spider.html)"
85.19.205.124 - - [09/Aug/2012:20:05:18 +0200] "GET /news.php?cs_go=archiv&cs_id=2681 HTTP/1.1" 200 10222 "-" "Mozilla/5.0 (compatible; MJ12bot/v1.4.3; http://www.majestic12.co.uk/bot.php?+)"
85.19.205.124 - - [09/Aug/2012:20:05:45 +0200] "GET /news.php?cs_go=archiv&cs_id=2682 HTTP/1.1" 200 10652 "-" "Mozilla/5.0 (compatible; MJ12bot/v1.4.3; http://www.majestic12.co.uk/bot.php?+)"
85.19.205.124 - - [09/Aug/2012:20:05:51 +0200] "GET /news.php?cs_go=archiv&cs_id=2683 HTTP/1.1" 200 13623 "-" "Mozilla/5.0 (compatible; MJ12bot/v1.4.3; http://www.majestic12.co.uk/bot.php?+)"
85.19.205.124 - - [09/Aug/2012:20:05:53 +0200] "GET /news.php?cs_go=archiv&cs_id=2684 HTTP/1.1" 200 10069 "-" "Mozilla/5.0 (compatible; MJ12bot/v1.4.3; http://www.majestic12.co.uk/bot.php?+)"
85.19.205.124 - - [09/Aug/2012:20:05:55 +0200] "GET /news.php?cs_go=archiv&cs_id=2685 HTTP/1.1" 200 9714 "-" "Mozilla/5.0 (compatible; MJ12bot/v1.4.3; http://www.majestic12.co.uk/bot.php?+)"
85.19.205.124 - - [09/Aug/2012:20:05:59 +0200] "GET /news.php?cs_go=archiv&cs_id=2686 HTTP/1.1" 200 10192 "-" "Mozilla/5.0 (compatible; MJ12bot/v1.4.3; http://www.majestic12.co.uk/bot.php?+)"
85.19.205.124 - - [09/Aug/2012:20:06:04 +0200] "GET /news.php?cs_go=archiv&cs_id=2687 HTTP/1.1" 200 10312 "-" "Mozilla/5.0 (compatible; MJ12bot/v1.4.3; http://www.majestic12.co.uk/bot.php?+)"
85.19.205.124 - - [09/Aug/2012:20:06:08 +0200] "GET /news.php?cs_go=archiv&cs_id=2688 HTTP/1.1" 200 13920 "-" "Mozilla/5.0 (compatible; MJ12bot/v1.4.3; http://www.majestic12.co.uk/bot.php?+)"
85.19.205.124 - - [09/Aug/2012:20:06:26 +0200] "GET /news.php?cs_go=archiv&cs_id=2689 HTTP/1.1" 200 10371 "-" "Mozilla/5.0 (compatible; MJ12bot/v1.4.3; http://www.majestic12.co.uk/bot.php?+)"
85.19.205.124 - - [09/Aug/2012:20:06:36 +0200] "GET /news.php?cs_go=archiv&cs_id=2690 HTTP/1.1" 200 10473 "-" "Mozilla/5.0 (compatible; MJ12bot/v1.4.3; http://www.majestic12.co.uk/bot.php?+)"
85.19.205.124 - - [09/Aug/2012:20:06:38 +0200] "GET /news.php?cs_go=archiv&cs_id=2691 HTTP/1.1" 200 13935 "-" "Mozilla/5.0 (compatible; MJ12bot/v1.4.3; http://www.majestic12.co.uk/bot.php?+)"
66.249.72.131 - - [09/Aug/2012:20:26:04 +0200] "GET /robots.txt HTTP/1.1" 200 177 "-" "Mozilla/5.0 (compatible; Googlebot/2.1; +http://www.google.com/bot.html)"
66.249.72.131 - - [09/Aug/2012:20:26:04 +0200] "GET /news.php?cs_go=archiv&cs_startpos=670 HTTP/1.1" 200 23000 "-" "Mozilla/5.0 (compatible; Googlebot/2.1; +http://www.google.com/bot.html)"
178.255.215.64 - - [09/Aug/2012:21:16:25 +0200] "GET /jobs.php HTTP/1.1" 200 11204 "-" "Mozilla/5.0 (compatible; Exabot/3.0; +http://www.exabot.com/go/robot)"
208.115.111.75 - - [09/Aug/2012:21:52:50 +0200] "GET /news.php?cs_go=archiv&cs_id=3130&cs_search= HTTP/1.1" 200 11192 "-" "Mozilla/5.0 (compatible; Ezooms/1.0; ezooms.bot@gmail.com)"
208.115.111.75 - - [09/Aug/2012:21:52:57 +0200] "GET /news.php?cs_go=archiv&cs_startpos=1030 HTTP/1.1" 200 23203 "-" "Mozilla/5.0 (compatible; Ezooms/1.0; ezooms.bot@gmail.com)"
72.30.132.50 - - [09/Aug/2012:21:54:34 +0200] "GET /Heizoel-Berlin.htm HTTP/1.1" 404 - "-" "Mozilla/5.0 (compatible; Yahoo! Slurp/3.0; http://help.yahoo.com/help/us/ysearch/slurp)"
208.115.113.91 - - [09/Aug/2012:22:07:06 +0200] "GET /robots.txt HTTP/1.1" 200 177 "-" "Mozilla/5.0 (compatible; Ezooms/1.0; ezooms.bot@gmail.com)"
66.249.72.131 - - [09/Aug/2012:22:13:47 +0200] "GET /news.php?cs_go=archiv&cs_id=2734&cs_search= HTTP/1.1" 200 13768 "-" "Mozilla/5.0 (compatible; Googlebot/2.1; +http://www.google.com/bot.html)"
123.125.71.55 - - [09/Aug/2012:22:28:21 +0200] "GET /news.php HTTP/1.1" 200 22563 "-" "Mozilla/5.0 (compatible; Baiduspider/2.0; +http://www.baidu.com/search/spider.html)"
66.249.72.131 - - [09/Aug/2012:22:38:48 +0200] "GET /preisanfrage.php HTTP/1.1" 200 10710 "-" "Mozilla/5.0 (iPhone; U; CPU iPhone OS 4_1 like Mac OS X; en-us) AppleWebKit/532.9 (KHTML, like Gecko) Version/4.0.5 Mobile/8B117 Safari/6531.22.7 (compatible; Googlebot-Mobile/2.1; +http://www.google.com/bot.html)"
66.249.72.131 - - [09/Aug/2012:22:47:18 +0200] "GET /news.php HTTP/1.1" 200 22563 "-" "Mozilla/5.0 (compatible; Googlebot/2.1; +http://www.google.com/bot.html)"
66.249.72.131 - - [09/Aug/2012:22:50:51 +0200] "GET /news.php?cs_go=archiv&cs_id=2688&cs_search= HTTP/1.1" 200 13920 "-" "Mozilla/5.0 (compatible; Googlebot/2.1; +http://www.google.com/bot.html)"
66.249.72.131 - - [09/Aug/2012:23:01:26 +0200] "GET /news.php?cs_go=archiv&cs_id=1767&cs_search= HTTP/1.1" 200 11337 "-" "Mozilla/5.0 (compatible; Googlebot/2.1; +http://www.google.com/bot.html)"
66.249.72.131 - - [09/Aug/2012:23:04:57 +0200] "GET /news.php?cs_go=archiv&cs_id=2939&cs_search= HTTP/1.1" 200 13763 "-" "Mozilla/5.0 (compatible; Googlebot/2.1; +http://www.google.com/bot.html)"
66.249.72.131 - - [09/Aug/2012:23:07:45 +0200] "GET /news.php?cs_go=archiv&cs_startpos=900 HTTP/1.1" 200 23067 "-" "Mozilla/5.0 (compatible; Googlebot/2.1; +http://www.google.com/bot.html)"
66.249.72.131 - - [09/Aug/2012:23:08:28 +0200] "GET /news.php?cs_go=archiv&cs_id=1846&cs_search= HTTP/1.1" 200 13958 "-" "Mozilla/5.0 (compatible; Googlebot/2.1; +http://www.google.com/bot.html)"
66.249.72.131 - - [09/Aug/2012:23:12:01 +0200] "GET /news.php?cs_go=archiv&cs_id=1838&cs_search= HTTP/1.1" 200 14134 "-" "Mozilla/5.0 (compatible; Googlebot/2.1; +http://www.google.com/bot.html)"
66.249.72.131 - - [09/Aug/2012:23:15:32 +0200] "GET /news.php?cs_go=archiv&cs_id=3101&cs_search= HTTP/1.1" 200 9867 "-" "Mozilla/5.0 (compatible; Googlebot/2.1; +http://www.google.com/bot.html)"
66.249.72.131 - - [09/Aug/2012:23:19:04 +0200] "GET /news.php?cs_go=archiv&cs_id=1852&cs_search= HTTP/1.1" 200 13969 "-" "Mozilla/5.0 (compatible; Googlebot/2.1; +http://www.google.com/bot.html)"
178.255.215.64 - - [09/Aug/2012:23:23:35 +0200] "GET /foerdermittel.php HTTP/1.1" 200 12922 "-" "Mozilla/5.0 (compatible; Exabot/3.0; +http://www.exabot.com/go/robot)"
66.249.72.131 - - [09/Aug/2012:23:26:07 +0200] "GET /news.php?cs_go=archiv&cs_id=1813&cs_search= HTTP/1.1" 200 11434 "-" "Mozilla/5.0 (compatible; Googlebot/2.1; +http://www.google.com/bot.html)"
66.249.72.131 - - [09/Aug/2012:23:26:08 +0200] "GET /news.php?cs_go=archiv&cs_startpos=1050 HTTP/1.1" 200 23016 "-" "Mozilla/5.0 (compatible; Googlebot/2.1; +http://www.google.com/bot.html)"
65.36.241.79 - - [09/Aug/2012:23:30:45 +0200] "HEAD / HTTP/1.1" 200 - "-" "InternetSeer.com"
208.115.113.91 - - [09/Aug/2012:23:31:55 +0200] "GET /kwk.php?cs_go=4 HTTP/1.1" 200 10255 "-" "Mozilla/5.0 (compatible; Ezooms/1.0; ezooms.bot@gmail.com)"
208.115.113.91 - - [09/Aug/2012:23:32:00 +0200] "GET /lexikon.php?cs_go=2&cs_char=q HTTP/1.1" 200 8162 "-" "Mozilla/5.0 (compatible; Ezooms/1.0; ezooms.bot@gmail.com)"
208.115.113.91 - - [09/Aug/2012:23:32:02 +0200] "GET /news.php?cs_go=archiv&cs_startpos=1050 HTTP/1.1" 200 23016 "-" "Mozilla/5.0 (compatible; Ezooms/1.0; ezooms.bot@gmail.com)"
208.115.113.91 - - [09/Aug/2012:23:32:05 +0200] "GET /news.php?cs_go=archiv&cs_startpos=170 HTTP/1.1" 200 22795 "-" "Mozilla/5.0 (compatible; Ezooms/1.0; ezooms.bot@gmail.com)"
66.249.72.131 - - [09/Aug/2012:23:37:18 +0200] "GET /news.php?cs_go=archiv&cs_startpos=1060 HTTP/1.1" 200 23188 "-" "Mozilla/5.0 (compatible; Googlebot/2.1; +http://www.google.com/bot.html)"
208.115.111.75 - - [09/Aug/2012:23:42:14 +0200] "GET /robots.txt HTTP/1.1" 200 177 "-" "Mozilla/5.0 (compatible; Ezooms/1.0; ezooms.bot@gmail.com)"
66.249.72.131 - - [10/Aug/2012:00:01:23 +0200] "GET /news.php?cs_go=archiv&cs_id=1873&cs_search= HTTP/1.1" 200 13956 "-" "Mozilla/5.0 (compatible; Googlebot/2.1; +http://www.google.com/bot.html)"
66.249.72.131 - - [10/Aug/2012:00:11:05 +0200] "GET /news.php?cs_go=archiv&cs_startpos=1080 HTTP/1.1" 200 23077 "-" "Mozilla/5.0 (compatible; Googlebot/2.1; +http://www.google.com/bot.html)"
66.249.72.131 - - [10/Aug/2012:00:22:48 +0200] "GET /news.php?cs_go=archiv&cs_startpos=1011 HTTP/1.1" 200 23166 "-" "Mozilla/5.0 (compatible; Googlebot/2.1; +http://www.google.com/bot.html)"
66.249.72.131 - - [10/Aug/2012:00:40:12 +0200] "GET /news.php?cs_go=archiv&cs_id=3105&cs_search= HTTP/1.1" 200 11672 "-" "Mozilla/5.0 (compatible; Googlebot/2.1; +http://www.google.com/bot.html)"
66.249.72.131 - - [10/Aug/2012:00:50:18 +0200] "GET /news.php?cs_go=archiv&cs_startpos=1070 HTTP/1.1" 200 23143 "-" "Mozilla/5.0 (compatible; Googlebot/2.1; +http://www.google.com/bot.html)"
123.125.71.19 - - [10/Aug/2012:00:52:15 +0200] "GET /news.php?cs_go=archiv HTTP/1.1" 200 22563 "-" "Mozilla/5.0 (compatible; Baiduspider/2.0; +http://www.baidu.com/search/spider.html)"
66.249.72.131 - - [10/Aug/2012:01:02:57 +0200] "GET /news.php?cs_go=archiv&cs_startpos=1090 HTTP/1.1" 200 23140 "-" "Mozilla/5.0 (compatible; Googlebot/2.1; +http://www.google.com/bot.html)"
208.115.111.75 - - [10/Aug/2012:03:24:33 +0200] "GET /robots.txt HTTP/1.1" 200 177 "-" "Mozilla/5.0 (compatible; Ezooms/1.0; ezooms.bot@gmail.com)"
208.115.113.91 - - [10/Aug/2012:03:45:55 +0200] "GET /robots.txt HTTP/1.1" 200 177 "-" "Mozilla/5.0 (compatible; Ezooms/1.0; ezooms.bot@gmail.com)"
65.36.241.79 - - [10/Aug/2012:04:10:57 +0200] "HEAD / HTTP/1.1" 200 - "-" "InternetSeer.com"
66.249.72.131 - - [10/Aug/2012:05:18:51 +0200] "GET /news.php?cs_go=archiv&cs_startpos=1 HTTP/1.1" 200 22801 "-" "Mozilla/5.0 (compatible; Googlebot/2.1; +http://www.google.com/bot.html)"
123.125.71.90 - - [10/Aug/2012:05:40:00 +0200] "GET /standard.php HTTP/1.1" 200 9218 "-" "Mozilla/5.0 (compatible; Baiduspider/2.0; +http://www.baidu.com/search/spider.html)"
208.115.111.75 - - [10/Aug/2012:05:56:38 +0200] "GET /modernisierung.php?cs_gp_go=coupon HTTP/1.1" 200 10192 "-" "Mozilla/5.0 (compatible; Ezooms/1.0; ezooms.bot@gmail.com)"
208.115.111.75 - - [10/Aug/2012:05:56:40 +0200] "GET /news.php?cs_go=archiv&cs_id=1796&cs_search= HTTP/1.1" 200 9398 "-" "Mozilla/5.0 (compatible; Ezooms/1.0; ezooms.bot@gmail.com)"
208.115.111.75 - - [10/Aug/2012:05:56:45 +0200] "GET /news.php?cs_go=archiv&cs_id=2043&cs_search= HTTP/1.1" 200 15571 "-" "Mozilla/5.0 (compatible; Ezooms/1.0; ezooms.bot@gmail.com)"
208.115.111.75 - - [10/Aug/2012:05:56:48 +0200] "GET /news.php?cs_go=archiv&cs_id=2982&cs_search= HTTP/1.1" 200 11565 "-" "Mozilla/5.0 (compatible; Ezooms/1.0; ezooms.bot@gmail.com)"
65.52.108.148 - - [10/Aug/2012:07:18:11 +0200] "GET /robots.txt HTTP/1.1" 200 177 "-" "Mozilla/5.0 (compatible; bingbot/2.0; +http://www.bing.com/bingbot.htm)"
208.115.113.91 - - [10/Aug/2012:07:20:36 +0200] "GET /lexikon.php?cs_go=2&cs_char=o HTTP/1.1" 200 9261 "-" "Mozilla/5.0 (compatible; Ezooms/1.0; ezooms.bot@gmail.com)"
208.115.113.91 - - [10/Aug/2012:07:20:40 +0200] "GET /news.php?cs_go=archiv&cs_id=1915&cs_search= HTTP/1.1" 200 9568 "-" "Mozilla/5.0 (compatible; Ezooms/1.0; ezooms.bot@gmail.com)"
65.52.108.148 - - [10/Aug/2012:07:21:53 +0200] "GET /energiesparcheck.php HTTP/1.1" 200 13559 "-" "Mozilla/5.0 (compatible; bingbot/2.0; +http://www.bing.com/bingbot.htm)"
208.115.111.75 - - [10/Aug/2012:07:39:28 +0200] "GET /robots.txt HTTP/1.1" 200 177 "-" "Mozilla/5.0 (compatible; Ezooms/1.0; ezooms.bot@gmail.com)"
72.30.132.232 - - [10/Aug/2012:08:07:29 +0200] "GET /Heizoel-Berlin.htm HTTP/1.1" 404 - "-" "Mozilla/5.0 (compatible; Yahoo! Slurp/3.0; http://help.yahoo.com/help/us/ysearch/slurp)"
123.125.71.112 - - [10/Aug/2012:08:11:47 +0200] "GET /agb.php HTTP/1.1" 200 19709 "-" "Mozilla/5.0 (compatible; Baiduspider/2.0; +http://www.baidu.com/search/spider.html)"
65.36.241.79 - - [10/Aug/2012:08:57:04 +0200] "HEAD / HTTP/1.1" 200 - "-" "InternetSeer.com"
66.249.72.131 - - [10/Aug/2012:09:44:15 +0200] "GET /news.php?cs_go=archiv&cs_id=1878&cs_search= HTTP/1.1" 200 11809 "-" "Mozilla/5.0 (compatible; Googlebot/2.1; +http://www.google.com/bot.html)"
208.115.111.75 - - [10/Aug/2012:09:52:49 +0200] "GET /news.php?cs_go=archiv&cs_id=2954&cs_search= HTTP/1.1" 200 13415 "-" "Mozilla/5.0 (compatible; Ezooms/1.0; ezooms.bot@gmail.com)"
208.115.113.91 - - [10/Aug/2012:10:37:51 +0200] "GET /robots.txt HTTP/1.1" 200 177 "-" "Mozilla/5.0 (compatible; Ezooms/1.0; ezooms.bot@gmail.com)"
66.249.72.131 - - [10/Aug/2012:11:01:08 +0200] "GET /news.php?cs_go=archiv&cs_id=1919&cs_search= HTTP/1.1" 200 13873 "-" "Mozilla/5.0 (compatible; Googlebot/2.1; +http://www.google.com/bot.html)"
123.125.71.69 - - [10/Aug/2012:11:11:51 +0200] "GET /rueckrufservice.php HTTP/1.1" 200 10770 "-" "Mozilla/5.0 (compatible; Baiduspider/2.0; +http://www.baidu.com/search/spider.html)"
66.249.72.131 - - [10/Aug/2012:11:28:40 +0200] "GET /news.php?cs_go=archiv&cs_id=2830&cs_search= HTTP/1.1" 200 12913 "-" "Mozilla/5.0 (compatible; Googlebot/2.1; +http://www.google.com/bot.html)"
66.249.72.131 - - [10/Aug/2012:11:34:12 +0200] "GET /news.php?cs_go=archiv&cs_id=1933&cs_search= HTTP/1.1" 200 13851 "-" "Mozilla/5.0 (compatible; Googlebot/2.1; +http://www.google.com/bot.html)"
208.115.111.75 - - [10/Aug/2012:11:36:27 +0200] "GET /robots.txt HTTP/1.1" 200 177 "-" "Mozilla/5.0 (compatible; Ezooms/1.0; ezooms.bot@gmail.com)"
66.249.72.131 - - [10/Aug/2012:11:36:59 +0200] "GET /news.php?cs_go=archiv&cs_id=2967&cs_search= HTTP/1.1" 200 11294 "-" "Mozilla/5.0 (compatible; Googlebot/2.1; +http://www.google.com/bot.html)"
207.46.13.97 - - [10/Aug/2012:11:38:16 +0200] "GET /robots.txt HTTP/1.1" 200 177 "-" "Mozilla/5.0 (compatible; bingbot/2.0; +http://www.bing.com/bingbot.htm)"
207.46.13.97 - - [10/Aug/2012:11:39:08 +0200] "GET / HTTP/1.1" 200 15314 "-" "Mozilla/5.0 (compatible; bingbot/2.0; +http://www.bing.com/bingbot.htm)"
66.249.72.131 - - [10/Aug/2012:11:39:47 +0200] "GET /news.php?cs_go=archiv&cs_id=1921&cs_search= HTTP/1.1" 200 13784 "-" "Mozilla/5.0 (compatible; Googlebot/2.1; +http://www.google.com/bot.html)"
66.249.72.131 - - [10/Aug/2012:11:42:35 +0200] "GET /news.php?cs_go=archiv&cs_id=1935&cs_search= HTTP/1.1" 200 13131 "-" "Mozilla/5.0 (compatible; Googlebot/2.1; +http://www.google.com/bot.html)"
66.249.72.131 - - [10/Aug/2012:11:50:58 +0200] "GET /news.php?cs_go=archiv&cs_id=1939&cs_search= HTTP/1.1" 200 13903 "-" "Mozilla/5.0 (compatible; Googlebot/2.1; +http://www.google.com/bot.html)"
66.249.72.131 - - [10/Aug/2012:11:54:31 +0200] "GET /news.php?cs_go=archiv&cs_id=1923&cs_search= HTTP/1.1" 200 13783 "-" "Mozilla/5.0 (compatible; Googlebot/2.1; +http://www.google.com/bot.html)"
66.249.72.131 - - [10/Aug/2012:12:02:12 +0200] "GET /news.php?cs_go=archiv&cs_id=1936&cs_search= HTTP/1.1" 200 13825 "-" "Mozilla/5.0 (compatible; Googlebot/2.1; +http://www.google.com/bot.html)"
208.115.113.91 - - [10/Aug/2012:12:04:03 +0200] "GET /lexikon.php?cs_go=2&cs_char=m HTTP/1.1" 200 9073 "-" "Mozilla/5.0 (compatible; Ezooms/1.0; ezooms.bot@gmail.com)"
208.115.113.91 - - [10/Aug/2012:12:04:08 +0200] "GET /rueckrufservice.php HTTP/1.1" 200 10770 "-" "Mozilla/5.0 (compatible; Ezooms/1.0; ezooms.bot@gmail.com)"
66.249.72.131 - - [10/Aug/2012:12:07:50 +0200] "GET /news.php?cs_go=archiv&cs_id=2975&cs_search= HTTP/1.1" 200 9864 "-" "Mozilla/5.0 (compatible; Googlebot/2.1; +http://www.google.com/bot.html)"
79.201.117.62 - - [10/Aug/2012:12:29:13 +0200] "GET / HTTP/1.1" 200 15314 "-" "Mozilla/5.0 (Windows NT 6.1; rv:14.0) Gecko/20100101 Firefox/14.0.1"
79.201.117.62 - - [10/Aug/2012:12:29:14 +0200] "GET /js_contentserver24_greybox/loader_frame.html?s=0 HTTP/1.1" 304 - "http://www.mink-gmbh.de/" "Mozilla/5.0 (Windows NT 6.1; rv:14.0) Gecko/20100101 Firefox/14.0.1"
79.201.117.62 - - [10/Aug/2012:12:29:29 +0200] "GET /news.php?cs_go=archiv&cs_id=3342 HTTP/1.1" 200 9814 "http://www.mink-gmbh.de/" "Mozilla/5.0 (Windows NT 6.1; rv:14.0) Gecko/20100101 Firefox/14.0.1"
89.247.25.156 - - [10/Aug/2012:13:12:45 +0200] "GET /style.css HTTP/1.1" 200 8418 "http://www.mink-gmbh.de/index.php" "Mozilla/5.0 (Windows NT 6.1; rv:14.0) Gecko/20100101 Firefox/14.0.1"
89.247.25.156 - - [10/Aug/2012:13:12:45 +0200] "GET /modul.css HTTP/1.1" 200 35038 "http://www.mink-gmbh.de/index.php" "Mozilla/5.0 (Windows NT 6.1; rv:14.0) Gecko/20100101 Firefox/14.0.1"
89.247.25.156 - - [10/Aug/2012:13:12:46 +0200] "GET /favicon.ico HTTP/1.1" 200 3638 "-" "Mozilla/5.0 (Windows NT 6.1; rv:14.0) Gecko/20100101 Firefox/14.0.1"
89.247.25.156 - - [10/Aug/2012:13:12:46 +0200] "GET /js_contentserver24_greybox/gb_styles.css HTTP/1.1" 200 2302 "http://www.mink-gmbh.de/index.php" "Mozilla/5.0 (Windows NT 6.1; rv:14.0) Gecko/20100101 Firefox/14.0.1"
89.247.25.156 - - [10/Aug/2012:13:12:46 +0200] "GET /js_contentserver24_greybox/AJS.js HTTP/1.1" 200 10396 "http://www.mink-gmbh.de/index.php" "Mozilla/5.0 (Windows NT 6.1; rv:14.0) Gecko/20100101 Firefox/14.0.1"
89.247.25.156 - - [10/Aug/2012:13:12:46 +0200] "GET /js_contentserver24_greybox/AJS_fx.js HTTP/1.1" 200 3192 "http://www.mink-gmbh.de/index.php" "Mozilla/5.0 (Windows NT 6.1; rv:14.0) Gecko/20100101 Firefox/14.0.1"
89.247.25.156 - - [10/Aug/2012:13:12:46 +0200] "GET /js_contentserver24_greybox/gb_scripts.js HTTP/1.1" 200 11913 "http://www.mink-gmbh.de/index.php" "Mozilla/5.0 (Windows NT 6.1; rv:14.0) Gecko/20100101 Firefox/14.0.1"
89.247.25.156 - - [10/Aug/2012:13:12:46 +0200] "GET /images/bg.jpg HTTP/1.1" 200 345 "http://www.mink-gmbh.de/style.css" "Mozilla/5.0 (Windows NT 6.1; rv:14.0) Gecko/20100101 Firefox/14.0.1"
89.247.25.156 - - [10/Aug/2012:13:12:46 +0200] "GET /js_contentserver24_greybox/w_close.gif HTTP/1.1" 200 74 "http://www.mink-gmbh.de/index.php" "Mozilla/5.0 (Windows NT 6.1; rv:14.0) Gecko/20100101 Firefox/14.0.1"
89.247.25.156 - - [10/Aug/2012:13:12:46 +0200] "GET /images/close.png HTTP/1.1" 200 703 "http://www.mink-gmbh.de/index.php" "Mozilla/5.0 (Windows NT 6.1; rv:14.0) Gecko/20100101 Firefox/14.0.1"
89.247.25.156 - - [10/Aug/2012:13:12:46 +0200] "GET /images/newsletter_bg.jpg HTTP/1.1" 200 33610 "http://www.mink-gmbh.de/index.php" "Mozilla/5.0 (Windows NT 6.1; rv:14.0) Gecko/20100101 Firefox/14.0.1"
89.247.25.156 - - [10/Aug/2012:13:12:46 +0200] "GET /images/newsletter.png HTTP/1.1" 200 14619 "http://www.mink-gmbh.de/style.css" "Mozilla/5.0 (Windows NT 6.1; rv:14.0) Gecko/20100101 Firefox/14.0.1"
89.247.25.156 - - [10/Aug/2012:13:12:47 +0200] "GET /images/wrapperbg.jpg HTTP/1.1" 200 27465 "http://www.mink-gmbh.de/style.css" "Mozilla/5.0 (Windows NT 6.1; rv:14.0) Gecko/20100101 Firefox/14.0.1"
89.247.25.156 - - [10/Aug/2012:13:12:47 +0200] "GET /images/header.jpg HTTP/1.1" 200 24413 "http://www.mink-gmbh.de/style.css" "Mozilla/5.0 (Windows NT 6.1; rv:14.0) Gecko/20100101 Firefox/14.0.1"
89.247.25.156 - - [10/Aug/2012:13:12:47 +0200] "GET /images/navibg.png HTTP/1.1" 200 2803 "http://www.mink-gmbh.de/style.css" "Mozilla/5.0 (Windows NT 6.1; rv:14.0) Gecko/20100101 Firefox/14.0.1"
89.247.25.156 - - [10/Aug/2012:13:12:47 +0200] "GET /images/steigend.png HTTP/1.1" 200 688 "http://www.mink-gmbh.de/modul.css" "Mozilla/5.0 (Windows NT 6.1; rv:14.0) Gecko/20100101 Firefox/14.0.1"
89.247.25.156 - - [10/Aug/2012:13:12:47 +0200] "GET /js_contentserver24_greybox/loader_frame.html?s=0 HTTP/1.1" 200 2084 "http://www.mink-gmbh.de/index.php" "Mozilla/5.0 (Windows NT 6.1; rv:14.0) Gecko/20100101 Firefox/14.0.1"
89.247.25.156 - - [10/Aug/2012:13:12:48 +0200] "GET /js_contentserver24_greybox/indicator.gif HTTP/1.1" 200 8238 "http://www.mink-gmbh.de/js_contentserver24_greybox/loader_frame.html?s=0" "Mozilla/5.0 (Windows NT 6.1; rv:14.0) Gecko/20100101 Firefox/14.0.1"
89.247.25.156 - - [10/Aug/2012:13:12:48 +0200] "GET /images/tkw.jpg HTTP/1.1" 200 64031 "http://www.mink-gmbh.de/index.php" "Mozilla/5.0 (Windows NT 6.1; rv:14.0) Gecko/20100101 Firefox/14.0.1"
89.247.25.156 - - [10/Aug/2012:13:12:45 +0200] "GET /index.php HTTP/1.1" 200 15314 "-" "Mozilla/5.0 (Windows NT 6.1; rv:14.0) Gecko/20100101 Firefox/14.0.1"
89.247.25.156 - - [10/Aug/2012:13:12:48 +0200] "GET /images/freecall.jpg HTTP/1.1" 200 39195 "http://www.mink-gmbh.de/index.php" "Mozilla/5.0 (Windows NT 6.1; rv:14.0) Gecko/20100101 Firefox/14.0.1"
89.247.25.156 - - [10/Aug/2012:13:12:48 +0200] "GET /images/mail.jpg HTTP/1.1" 200 11165 "http://www.mink-gmbh.de/index.php" "Mozilla/5.0 (Windows NT 6.1; rv:14.0) Gecko/20100101 Firefox/14.0.1"
89.247.25.156 - - [10/Aug/2012:13:12:48 +0200] "GET /images/kwk.gif HTTP/1.1" 200 6403 "http://www.mink-gmbh.de/index.php" "Mozilla/5.0 (Windows NT 6.1; rv:14.0) Gecko/20100101 Firefox/14.0.1"
89.247.25.156 - - [10/Aug/2012:13:12:48 +0200] "GET /images/wunschpreis.jpg HTTP/1.1" 200 16767 "http://www.mink-gmbh.de/index.php" "Mozilla/5.0 (Windows NT 6.1; rv:14.0) Gecko/20100101 Firefox/14.0.1"
89.247.25.156 - - [10/Aug/2012:13:12:48 +0200] "GET /images/logos.jpg HTTP/1.1" 200 15002 "http://www.mink-gmbh.de/index.php" "Mozilla/5.0 (Windows NT 6.1; rv:14.0) Gecko/20100101 Firefox/14.0.1"
89.247.25.156 - - [10/Aug/2012:13:12:48 +0200] "GET /images/mobil.jpg HTTP/1.1" 200 25293 "http://www.mink-gmbh.de/style.css" "Mozilla/5.0 (Windows NT 6.1; rv:14.0) Gecko/20100101 Firefox/14.0.1"
89.247.25.156 - - [10/Aug/2012:13:12:48 +0200] "GET /images/newsletter.jpg HTTP/1.1" 200 13130 "http://www.mink-gmbh.de/style.css" "Mozilla/5.0 (Windows NT 6.1; rv:14.0) Gecko/20100101 Firefox/14.0.1"
89.247.25.156 - - [10/Aug/2012:13:12:48 +0200] "GET /images/footerbg.jpg HTTP/1.1" 200 2184 "http://www.mink-gmbh.de/style.css" "Mozilla/5.0 (Windows NT 6.1; rv:14.0) Gecko/20100101 Firefox/14.0.1"
89.247.25.156 - - [10/Aug/2012:13:12:48 +0200] "GET /js_contentserver24_greybox/header_bg.gif HTTP/1.1" 200 1188 "http://www.mink-gmbh.de/index.php" "Mozilla/5.0 (Windows NT 6.1; rv:14.0) Gecko/20100101 Firefox/14.0.1"
