159.65.44.18 - - [11/Feb/2020:17:32:13 +0100] "GET /impressum.html HTTP/1.1" 200 5799 "http://www.mbingenieure.de" "Mozilla/5.0 (X11; Datanyze; Linux x86_64) AppleWebKit/537.36 (KHTML, like Gecko) Chrome/65.0.3325.181 Safari/537.36"
95.216.96.254 - - [11/Feb/2020:18:38:28 +0100] "GET /robots.txt HTTP/1.1" 404 - "-" "Mozilla/5.0 (compatible; SEOkicks; +https://www.seokicks.de/robot.html)"
95.216.96.254 - - [11/Feb/2020:18:38:30 +0100] "GET / HTTP/1.1" 200 4799 "-" "Mozilla/5.0 (compatible; SEOkicks; +https://www.seokicks.de/robot.html)"
95.128.200.200 - - [12/Feb/2020:01:25:45 +0100] "GET / HTTP/1.1" 200 4799 "https://www.google.de" "Mozilla/5.0 (Windows NT 6.1) AppleWebKit/537.36 (KHTML, like Gecko) Chrome/41.0.2228.0 Safari/537.36"
66.249.73.210 - - [12/Feb/2020:06:40:12 +0100] "GET /robots.txt HTTP/1.1" 404 - "-" "Mozilla/5.0 (compatible; Googlebot/2.1; +http://www.google.com/bot.html)"
66.249.73.210 - - [12/Feb/2020:06:40:12 +0100] "GET /referenz.html HTTP/1.1" 200 11524 "-" "Mozilla/5.0 (Linux; Android 6.0.1; Nexus 5X Build/MMB29P) AppleWebKit/537.36 (KHTML, like Gecko) Chrome/41.0.2272.96 Mobile Safari/537.36 (compatible; Googlebot/2.1; +http://www.google.com/bot.html)"
194.173.174.106 - - [12/Feb/2020:08:04:42 +0100] "HEAD / HTTP/1.1" 200 - "-" "Mozilla/5.0 (Windows NT 6.3; WOW64) AppleWebKit/537.36 (KHTML, like Gecko) Chrome/43.0.2357.134 Safari/537.36"
34.216.114.198 - - [12/Feb/2020:08:10:26 +0100] "GET / HTTP/1.1" 200 4799 "-" "Mozilla/5.0 (Windows NT 6.1; Win64; x64) AppleWebKit/537.36 (KHTML, like Gecko) Chrome/72.0.3626.109 Safari/537.36"
66.249.73.208 - - [12/Feb/2020:17:56:11 +0100] "GET / HTTP/1.1" 200 4799 "-" "Mozilla/5.0 (Linux; Android 6.0.1; Nexus 5X Build/MMB29P) AppleWebKit/537.36 (KHTML, like Gecko) Chrome/41.0.2272.96 Mobile Safari/537.36 (compatible; Googlebot/2.1; +http://www.google.com/bot.html)"
66.249.73.208 - - [12/Feb/2020:17:56:42 +0100] "GET /css/style.css HTTP/1.1" 200 2831 "http://www.mbingenieure.de/" "Mozilla/5.0 (Linux; Android 6.0.1; Nexus 5X Build/MMB29P) AppleWebKit/537.36 (KHTML, like Gecko) Chrome/79.0.3945.120 Mobile Safari/537.36 (compatible; Googlebot/2.1; +http://www.google.com/bot.html)"
66.249.73.210 - - [12/Feb/2020:17:56:43 +0100] "GET /js/libs/modernizr-2.5.3.min.js HTTP/1.1" 200 15274 "http://www.mbingenieure.de/" "Mozilla/5.0 (Linux; Android 6.0.1; Nexus 5X Build/MMB29P) AppleWebKit/537.36 (KHTML, like Gecko) Chrome/79.0.3945.120 Mobile Safari/537.36 (compatible; Googlebot/2.1; +http://www.google.com/bot.html)"
66.249.73.210 - - [12/Feb/2020:17:56:43 +0100] "GET /js/plugins.js HTTP/1.1" 200 898 "http://www.mbingenieure.de/" "Mozilla/5.0 (Linux; Android 6.0.1; Nexus 5X Build/MMB29P) AppleWebKit/537.36 (KHTML, like Gecko) Chrome/79.0.3945.120 Mobile Safari/537.36 (compatible; Googlebot/2.1; +http://www.google.com/bot.html)"
17.58.100.93 - - [12/Feb/2020:18:52:58 +0100] "GET /robots.txt HTTP/1.1" 404 - "-" "Mozilla/5.0 (Macintosh; Intel Mac OS X 10_10_1) AppleWebKit/600.2.5 (KHTML, like Gecko) Version/8.0.2 Safari/600.2.5 (Applebot/0.1; +http://www.apple.com/go/applebot)"
17.58.96.45 - - [12/Feb/2020:18:52:59 +0100] "GET / HTTP/1.1" 200 4799 "-" "Mozilla/5.0 (Macintosh; Intel Mac OS X 10_10_1) AppleWebKit/600.2.5 (KHTML, like Gecko) Version/8.0.2 Safari/600.2.5 (Applebot/0.1; +http://www.apple.com/go/applebot)"
188.165.200.217 - - [12/Feb/2020:23:34:07 +0100] "HEAD / HTTP/1.1" 200 - "-" "Mozilla/4.0 (compatible; MSIE 5.01; Windows NT 5.0)"
34.220.149.155 - - [13/Feb/2020:00:00:59 +0100] "GET /robots.txt HTTP/1.1" 404 - "http:// www.mbingenieure.de" "Mozilla/5.0 (Windows NT 10.0; WOW64) AppleWebKit/537.36 (KHTML, like Gecko) DownloaderChrome/62.0.3202.75 Safari/537.36"
34.220.149.155 - - [13/Feb/2020:00:00:59 +0100] "GET / HTTP/1.1" 200 4799 "http:// www.mbingenieure.de" "Mozilla/5.0 (Windows NT 10.0; WOW64) AppleWebKit/537.36 (KHTML, like Gecko) DownloaderChrome/62.0.3202.75 Safari/537.36"
34.220.149.155 - - [13/Feb/2020:00:00:59 +0100] "GET /kontakt.html HTTP/1.1" 200 4581 "http:// www.mbingenieure.de" "Mozilla/5.0 (Windows NT 10.0; WOW64) AppleWebKit/537.36 (KHTML, like Gecko) DownloaderChrome/62.0.3202.75 Safari/537.36"
194.173.174.106 - - [13/Feb/2020:00:37:03 +0100] "HEAD / HTTP/1.1" 200 - "-" "Mozilla/5.0 (Windows NT 6.3; WOW64) AppleWebKit/537.36 (KHTML, like Gecko) Chrome/43.0.2357.134 Safari/537.36"
54.164.201.72 - - [13/Feb/2020:00:38:22 +0100] "GET / HTTP/1.1" 200 4799 "-" "Mozilla/5.0 (Windows NT 6.1; Win64; x64) AppleWebKit/537.36 (KHTML, like Gecko) Chrome/72.0.3626.109 Safari/537.36"
66.249.73.212 - - [13/Feb/2020:02:23:08 +0100] "GET /robots.txt HTTP/1.1" 404 - "-" "Mozilla/5.0 (compatible; Googlebot/2.1; +http://www.google.com/bot.html)"
66.249.73.212 - - [13/Feb/2020:02:23:08 +0100] "GET / HTTP/1.1" 200 4799 "-" "Mozilla/5.0 (Linux; Android 6.0.1; Nexus 5X Build/MMB29P) AppleWebKit/537.36 (KHTML, like Gecko) Chrome/41.0.2272.96 Mobile Safari/537.36 (compatible; Googlebot/2.1; +http://www.google.com/bot.html)"
66.249.73.208 - - [13/Feb/2020:02:23:12 +0100] "GET /js/libs/modernizr-2.5.3.min.js HTTP/1.1" 200 15274 "http://www.mbingenieure.de/" "Mozilla/5.0 (Linux; Android 6.0.1; Nexus 5X Build/MMB29P) AppleWebKit/537.36 (KHTML, like Gecko) Chrome/79.0.3945.120 Mobile Safari/537.36 (compatible; Googlebot/2.1; +http://www.google.com/bot.html)"
66.249.73.210 - - [13/Feb/2020:02:23:13 +0100] "GET /js/plugins.js HTTP/1.1" 200 898 "http://www.mbingenieure.de/" "Mozilla/5.0 (Linux; Android 6.0.1; Nexus 5X Build/MMB29P) AppleWebKit/537.36 (KHTML, like Gecko) Chrome/79.0.3945.120 Mobile Safari/537.36 (compatible; Googlebot/2.1; +http://www.google.com/bot.html)"
66.249.73.208 - - [13/Feb/2020:02:23:13 +0100] "GET /css/style.css HTTP/1.1" 200 2831 "http://www.mbingenieure.de/" "Mozilla/5.0 (Linux; Android 6.0.1; Nexus 5X Build/MMB29P) AppleWebKit/537.36 (KHTML, like Gecko) Chrome/79.0.3945.120 Mobile Safari/537.36 (compatible; Googlebot/2.1; +http://www.google.com/bot.html)"
77.75.76.170 - - [13/Feb/2020:02:43:06 +0100] "GET /robots.txt HTTP/1.1" 404 - "-" "Mozilla/5.0 (compatible; SeznamBot/3.2; +http://napoveda.seznam.cz/en/seznambot-intro/)"
77.75.76.170 - - [13/Feb/2020:02:43:07 +0100] "GET /impressum.html HTTP/1.1" 304 - "-" "Mozilla/5.0 (compatible; SeznamBot/3.2; +http://napoveda.seznam.cz/en/seznambot-intro/)"
54.36.148.39 - - [13/Feb/2020:05:21:34 +0100] "GET /robots.txt HTTP/1.1" 404 - "-" "Mozilla/5.0 (compatible; AhrefsBot/6.1; +http://ahrefs.com/robot/)"
46.229.168.133 - - [13/Feb/2020:05:43:25 +0100] "GET /robots.txt HTTP/1.1" 404 - "-" "Mozilla/5.0 (compatible; SemrushBot/6~bl; +http://www.semrush.com/bot.html)"
46.229.168.134 - - [13/Feb/2020:05:43:26 +0100] "GET /index.html HTTP/1.1" 200 4799 "-" "Mozilla/5.0 (compatible; SemrushBot/6~bl; +http://www.semrush.com/bot.html)"
46.229.168.141 - - [13/Feb/2020:05:43:29 +0100] "GET /sitemap.xml HTTP/1.1" 404 - "-" "Mozilla/5.0 (compatible; SemrushBot/6~bl; +http://www.semrush.com/bot.html)"
87.250.233.66 - - [13/Feb/2020:06:12:06 +0100] "GET /robots.txt HTTP/1.1" 404 - "-" "Mozilla/5.0 (compatible; YandexBot/3.0; +http://yandex.com/bots)"
87.250.233.66 - - [13/Feb/2020:06:12:10 +0100] "GET /datenschutz.html HTTP/1.1" 200 12023 "-" "Mozilla/5.0 (compatible; YandexBot/3.0; +http://yandex.com/bots) AppleWebKit/537.36 (KHTML, like Gecko) Chrome/51.0.2704.106"
87.250.233.76 - - [13/Feb/2020:06:12:13 +0100] "GET /css/style.css HTTP/1.1" 200 2831 "http://www.mbingenieure.de/datenschutz.html" "Mozilla/5.0 (compatible; YandexBot/3.0; +http://yandex.com/bots)"
87.250.244.4 - - [13/Feb/2020:06:12:14 +0100] "GET /js/plugins.js HTTP/1.1" 200 898 "http://www.mbingenieure.de/datenschutz.html" "Mozilla/5.0 (compatible; YandexBot/3.0; +http://yandex.com/bots)"
5.255.251.16 - - [13/Feb/2020:06:12:15 +0100] "GET /js/libs/modernizr-2.5.3.min.js HTTP/1.1" 200 15274 "http://www.mbingenieure.de/datenschutz.html" "Mozilla/5.0 (compatible; YandexBot/3.0; +http://yandex.com/bots)"
136.243.83.42 - - [13/Feb/2020:08:54:54 +0100] "GET /robots.txt HTTP/1.1" 404 - "-" "Mozilla/5.0 (compatible; MetaJobBot; http://www.metajob.de/crawler)"
136.243.83.42 - - [13/Feb/2020:08:54:54 +0100] "GET /impressum.html HTTP/1.1" 200 5799 "-" "Mozilla/5.0 (compatible; MetaJobBot; http://www.metajob.de/crawler)"
64.246.161.30 - - [13/Feb/2020:10:18:34 +0100] "GET /robots.txt HTTP/1.0" 404 - "-" "Mozilla/5.0 (Macintosh; Intel Mac OS X 10.10; rv:59.0) Gecko/20100101 Firefox/59.0"
64.246.161.30 - - [13/Feb/2020:10:18:35 +0100] "GET / HTTP/1.1" 200 4799 "-" "Mozilla/5.0 (Macintosh; Intel Mac OS X 10.10; rv:59.0) Gecko/20100101 Firefox/59.0"
46.229.168.162 - - [13/Feb/2020:10:21:19 +0100] "GET /robots.txt HTTP/1.1" 404 - "-" "Mozilla/5.0 (compatible; SemrushBot/6~bl; +http://www.semrush.com/bot.html)"
46.229.168.147 - - [13/Feb/2020:10:21:19 +0100] "GET /impressum.html HTTP/1.1" 200 5799 "-" "Mozilla/5.0 (compatible; SemrushBot/6~bl; +http://www.semrush.com/bot.html)"
66.249.64.222 - - [13/Feb/2020:11:26:45 +0100] "GET / HTTP/1.1" 200 4799 "-" "Mozilla/5.0 (Linux; Android 6.0.1; Nexus 5X Build/MMB29P) AppleWebKit/537.36 (KHTML, like Gecko) Chrome/41.0.2272.96 Mobile Safari/537.36 (compatible; Googlebot/2.1; +http://www.google.com/bot.html)"
194.173.174.106 - - [13/Feb/2020:16:34:29 +0100] "HEAD / HTTP/1.1" 200 - "-" "Mozilla/5.0 (Windows NT 6.3; WOW64) AppleWebKit/537.36 (KHTML, like Gecko) Chrome/43.0.2357.134 Safari/537.36"
52.38.63.125 - - [13/Feb/2020:16:36:21 +0100] "GET / HTTP/1.1" 200 4799 "-" "Mozilla/5.0 (Windows NT 6.1; Win64; x64) AppleWebKit/537.36 (KHTML, like Gecko) Chrome/72.0.3626.109 Safari/537.36"
95.216.172.193 - - [13/Feb/2020:22:57:47 +0100] "GET / HTTP/1.1" 200 4799 "-" "Mozilla/5.0 (compatible; Seekport Crawler; http://seekport.com/)"
95.216.172.193 - - [13/Feb/2020:22:57:47 +0100] "GET /robots.txt HTTP/1.1" 404 - "-" "Mozilla/5.0 (compatible; Seekport Crawler; http://seekport.com/)"
95.216.172.193 - - [13/Feb/2020:22:57:47 +0100] "GET / HTTP/1.1" 200 4799 "-" "Mozilla/5.0 (compatible; Seekport Crawler; http://seekport.com/)"
95.216.172.193 - - [13/Feb/2020:22:57:48 +0100] "GET /index.html HTTP/1.1" 200 4799 "-" "Mozilla/5.0 (compatible; Seekport Crawler; http://seekport.com/)"
95.216.172.193 - - [13/Feb/2020:22:57:50 +0100] "GET /uns.html HTTP/1.1" 200 4520 "-" "Mozilla/5.0 (compatible; Seekport Crawler; http://seekport.com/)"
95.216.172.193 - - [13/Feb/2020:22:57:50 +0100] "GET /spektrum.html HTTP/1.1" 200 4492 "-" "Mozilla/5.0 (compatible; Seekport Crawler; http://seekport.com/)"
95.216.172.193 - - [13/Feb/2020:22:57:52 +0100] "GET /referenz.html HTTP/1.1" 200 11524 "-" "Mozilla/5.0 (compatible; Seekport Crawler; http://seekport.com/)"
95.216.172.193 - - [13/Feb/2020:22:57:55 +0100] "GET /partner.html HTTP/1.1" 200 4528 "-" "Mozilla/5.0 (compatible; Seekport Crawler; http://seekport.com/)"
95.216.172.193 - - [13/Feb/2020:22:57:56 +0100] "GET /kontakt.html HTTP/1.1" 200 4581 "-" "Mozilla/5.0 (compatible; Seekport Crawler; http://seekport.com/)"
95.216.172.193 - - [13/Feb/2020:22:57:57 +0100] "GET /datenschutz.html HTTP/1.1" 200 12023 "-" "Mozilla/5.0 (compatible; Seekport Crawler; http://seekport.com/)"
95.216.172.193 - - [13/Feb/2020:22:58:00 +0100] "GET /impressum.html HTTP/1.1" 200 5799 "-" "Mozilla/5.0 (compatible; Seekport Crawler; http://seekport.com/)"
95.216.172.193 - - [13/Feb/2020:22:58:02 +0100] "GET /projekte.html HTTP/1.1" 200 8338 "-" "Mozilla/5.0 (compatible; Seekport Crawler; http://seekport.com/)"
141.8.189.150 - - [14/Feb/2020:06:57:54 +0100] "GET /robots.txt HTTP/1.1" 404 - "-" "Mozilla/5.0 (compatible; YandexBot/3.0; +http://yandex.com/bots)"
141.8.189.150 - - [14/Feb/2020:06:57:58 +0100] "GET /datenschutz.html HTTP/1.1" 200 12023 "-" "Mozilla/5.0 (compatible; YandexBot/3.0; +http://yandex.com/bots) AppleWebKit/537.36 (KHTML, like Gecko) Chrome/51.0.2704.106"
87.250.233.66 - - [14/Feb/2020:07:02:11 +0100] "GET /css/style.css HTTP/1.1" 200 2831 "http://www.mbingenieure.de/datenschutz.html" "Mozilla/5.0 (compatible; YandexBot/3.0; +http://yandex.com/bots)"
87.250.233.79 - - [14/Feb/2020:07:02:12 +0100] "GET /js/libs/modernizr-2.5.3.min.js HTTP/1.1" 200 15274 "http://www.mbingenieure.de/datenschutz.html" "Mozilla/5.0 (compatible; YandexBot/3.0; +http://yandex.com/bots)"
87.250.233.66 - - [14/Feb/2020:07:02:13 +0100] "GET /js/plugins.js HTTP/1.1" 200 898 "http://www.mbingenieure.de/datenschutz.html" "Mozilla/5.0 (compatible; YandexBot/3.0; +http://yandex.com/bots)"
91.65.182.27 - - [14/Feb/2020:08:23:05 +0100] "GET /impressum.html HTTP/1.1" 200 5799 "https://www.google.de/" "Mozilla/5.0 (iPhone; CPU iPhone OS 13_3_1 like Mac OS X) AppleWebKit/605.1.15 (KHTML, like Gecko) Version/13.0.5 Mobile/15E148 Safari/604.1"
91.65.182.27 - - [14/Feb/2020:08:23:05 +0100] "GET /js/plugins.js HTTP/1.1" 200 898 "http://www.mbingenieure.de/impressum.html" "Mozilla/5.0 (iPhone; CPU iPhone OS 13_3_1 like Mac OS X) AppleWebKit/605.1.15 (KHTML, like Gecko) Version/13.0.5 Mobile/15E148 Safari/604.1"
91.65.182.27 - - [14/Feb/2020:08:23:05 +0100] "GET /css/style.css HTTP/1.1" 200 2831 "http://www.mbingenieure.de/impressum.html" "Mozilla/5.0 (iPhone; CPU iPhone OS 13_3_1 like Mac OS X) AppleWebKit/605.1.15 (KHTML, like Gecko) Version/13.0.5 Mobile/15E148 Safari/604.1"
91.65.182.27 - - [14/Feb/2020:08:23:05 +0100] "GET /js/libs/modernizr-2.5.3.min.js HTTP/1.1" 200 15274 "http://www.mbingenieure.de/impressum.html" "Mozilla/5.0 (iPhone; CPU iPhone OS 13_3_1 like Mac OS X) AppleWebKit/605.1.15 (KHTML, like Gecko) Version/13.0.5 Mobile/15E148 Safari/604.1"
91.65.182.27 - - [14/Feb/2020:08:23:05 +0100] "GET /images/footer.png HTTP/1.1" 200 1064 "http://www.mbingenieure.de/impressum.html" "Mozilla/5.0 (iPhone; CPU iPhone OS 13_3_1 like Mac OS X) AppleWebKit/605.1.15 (KHTML, like Gecko) Version/13.0.5 Mobile/15E148 Safari/604.1"
91.65.182.27 - - [14/Feb/2020:08:23:06 +0100] "GET /images/header.png HTTP/1.1" 200 1494 "http://www.mbingenieure.de/impressum.html" "Mozilla/5.0 (iPhone; CPU iPhone OS 13_3_1 like Mac OS X) AppleWebKit/605.1.15 (KHTML, like Gecko) Version/13.0.5 Mobile/15E148 Safari/604.1"
91.65.182.27 - - [14/Feb/2020:08:23:06 +0100] "GET /images/navi.png HTTP/1.1" 200 946 "http://www.mbingenieure.de/impressum.html" "Mozilla/5.0 (iPhone; CPU iPhone OS 13_3_1 like Mac OS X) AppleWebKit/605.1.15 (KHTML, like Gecko) Version/13.0.5 Mobile/15E148 Safari/604.1"
91.65.182.27 - - [14/Feb/2020:08:23:06 +0100] "GET /favicon.ico HTTP/1.1" 200 93062 "http://www.mbingenieure.de/impressum.html" "Mozilla/5.0 (iPhone; CPU iPhone OS 13_3_1 like Mac OS X) AppleWebKit/605.1.15 (KHTML, like Gecko) Version/13.0.5 Mobile/15E148 Safari/604.1"
91.65.182.27 - - [14/Feb/2020:08:23:23 +0100] "GET /uns.html HTTP/1.1" 200 4520 "http://www.mbingenieure.de/impressum.html" "Mozilla/5.0 (iPhone; CPU iPhone OS 13_3_1 like Mac OS X) AppleWebKit/605.1.15 (KHTML, like Gecko) Version/13.0.5 Mobile/15E148 Safari/604.1"
54.36.149.73 - - [14/Feb/2020:12:30:33 +0100] "GET /robots.txt HTTP/1.1" 404 - "-" "Mozilla/5.0 (compatible; AhrefsBot/6.1; +http://ahrefs.com/robot/)"
136.243.83.42 - - [14/Feb/2020:14:07:00 +0100] "GET /uns.html HTTP/1.1" 200 4520 "-" "Mozilla/5.0 (compatible; MetaJobBot; http://www.metajob.de/crawler)"
54.36.148.134 - - [14/Feb/2020:18:13:41 +0100] "GET /robots.txt HTTP/1.1" 404 - "-" "Mozilla/5.0 (compatible; AhrefsBot/6.1; +http://ahrefs.com/robot/)"
151.80.39.231 - - [14/Feb/2020:18:13:59 +0100] "GET / HTTP/1.1" 200 4799 "-" "Mozilla/5.0 (compatible; AhrefsBot/6.1; +http://ahrefs.com/robot/)"
87.250.244.125 - - [15/Feb/2020:01:02:11 +0100] "GET /robots.txt HTTP/1.1" 404 - "-" "Mozilla/5.0 (compatible; YandexBot/3.0; +http://yandex.com/bots)"
87.250.233.120 - - [15/Feb/2020:01:02:12 +0100] "GET /css/style.css HTTP/1.1" 200 2831 "http://www.mbingenieure.de/datenschutz.html" "Mozilla/5.0 (compatible; YandexBot/3.0; +http://yandex.com/bots)"
95.216.96.242 - - [15/Feb/2020:01:08:41 +0100] "GET /robots.txt HTTP/1.1" 404 - "-" "Mozilla/5.0 (compatible; SEOkicks; +https://www.seokicks.de/robot.html)"
95.216.96.242 - - [15/Feb/2020:01:08:42 +0100] "GET / HTTP/1.1" 200 4799 "-" "Mozilla/5.0 (compatible; SEOkicks; +https://www.seokicks.de/robot.html)"
141.8.189.150 - - [15/Feb/2020:03:05:28 +0100] "GET /robots.txt HTTP/1.1" 404 - "-" "Mozilla/5.0 (compatible; YandexBot/3.0; +http://yandex.com/bots)"
141.8.189.150 - - [15/Feb/2020:03:05:32 +0100] "GET /datenschutz.html HTTP/1.1" 200 12023 "-" "Mozilla/5.0 (compatible; YandexBot/3.0; +http://yandex.com/bots) AppleWebKit/537.36 (KHTML, like Gecko) Chrome/51.0.2704.106"
87.250.233.66 - - [15/Feb/2020:03:05:39 +0100] "GET /css/style.css HTTP/1.1" 200 2831 "http://www.mbingenieure.de/datenschutz.html" "Mozilla/5.0 (compatible; YandexBot/3.0; +http://yandex.com/bots)"
87.250.233.79 - - [15/Feb/2020:03:05:40 +0100] "GET /js/plugins.js HTTP/1.1" 200 898 "http://www.mbingenieure.de/datenschutz.html" "Mozilla/5.0 (compatible; YandexBot/3.0; +http://yandex.com/bots)"
87.250.233.66 - - [15/Feb/2020:03:05:41 +0100] "GET /js/libs/modernizr-2.5.3.min.js HTTP/1.1" 200 15274 "http://www.mbingenieure.de/datenschutz.html" "Mozilla/5.0 (compatible; YandexBot/3.0; +http://yandex.com/bots)"
216.244.66.200 - - [15/Feb/2020:08:14:16 +0100] "GET /robots.txt HTTP/1.1" 404 - "-" "Mozilla/5.0 (compatible; DotBot/1.1; http://www.opensiteexplorer.org/dotbot, help@moz.com)"
216.244.66.200 - - [15/Feb/2020:08:17:36 +0100] "GET /index.html HTTP/1.1" 200 4799 "-" "Mozilla/5.0 (compatible; DotBot/1.1; http://www.opensiteexplorer.org/dotbot, help@moz.com)"
89.246.241.14 - - [15/Feb/2020:09:40:08 +0100] "GET / HTTP/1.1" 200 4799 "-" "Mozilla/5.0 (Windows; U; Windows NT 6.0; de; rv:1.9.2.3) Gecko/20100401 Firefox/3.6.3 ( .NET CLR 3.5.30729)"
216.244.66.200 - - [15/Feb/2020:11:53:20 +0100] "GET /kontakt.html HTTP/1.1" 200 4581 "-" "Mozilla/5.0 (compatible; DotBot/1.1; http://www.opensiteexplorer.org/dotbot, help@moz.com)"
157.55.39.19 - - [15/Feb/2020:12:30:33 +0100] "GET /robots.txt HTTP/1.1" 404 - "-" "Mozilla/5.0 (compatible; bingbot/2.0; +http://www.bing.com/bingbot.htm)"
40.77.167.83 - - [15/Feb/2020:12:30:38 +0100] "GET /impressum.html HTTP/1.1" 200 5799 "-" "Mozilla/5.0 (compatible; bingbot/2.0; +http://www.bing.com/bingbot.htm)"
66.249.79.92 - - [15/Feb/2020:13:38:11 +0100] "GET /robots.txt HTTP/1.1" 404 - "-" "Mozilla/5.0 (compatible; Googlebot/2.1; +http://www.google.com/bot.html)"
66.249.79.92 - - [15/Feb/2020:13:38:11 +0100] "GET / HTTP/1.1" 200 4799 "-" "Mozilla/5.0 (Linux; Android 6.0.1; Nexus 5X Build/MMB29P) AppleWebKit/537.36 (KHTML, like Gecko) Chrome/41.0.2272.96 Mobile Safari/537.36 (compatible; Googlebot/2.1; +http://www.google.com/bot.html)"
151.80.39.231 - - [15/Feb/2020:13:56:38 +0100] "GET / HTTP/1.1" 200 4799 "-" "Mozilla/5.0 (compatible; AhrefsBot/6.1; +http://ahrefs.com/robot/)"
52.14.247.37 - - [15/Feb/2020:14:50:37 +0100] "GET / HTTP/1.1" 200 4799 "-" "Mozilla/5.0 (X11; Linux x86_64) AppleWebKit/537.36 (KHTML, like Gecko) Chrome/75.0.3770.142 Safari/537.36"
52.14.247.37 - - [15/Feb/2020:14:50:37 +0100] "GET / HTTP/1.1" 200 4799 "-" "Mozilla/5.0 (X11; Linux x86_64) AppleWebKit/537.36 (KHTML, like Gecko) Chrome/75.0.3770.142 Safari/537.36"
52.14.247.37 - - [15/Feb/2020:14:50:37 +0100] "GET /css/style.css HTTP/1.1" 200 2831 "http://www.mbingenieure.de/" "Mozilla/5.0 (X11; Linux x86_64) AppleWebKit/537.36 (KHTML, like Gecko) Chrome/75.0.3770.142 Safari/537.36"
52.14.247.37 - - [15/Feb/2020:14:50:37 +0100] "GET /js/libs/modernizr-2.5.3.min.js HTTP/1.1" 200 15274 "http://www.mbingenieure.de/" "Mozilla/5.0 (X11; Linux x86_64) AppleWebKit/537.36 (KHTML, like Gecko) Chrome/75.0.3770.142 Safari/537.36"
52.14.247.37 - - [15/Feb/2020:14:50:37 +0100] "GET /js/plugins.js HTTP/1.1" 200 898 "http://www.mbingenieure.de/" "Mozilla/5.0 (X11; Linux x86_64) AppleWebKit/537.36 (KHTML, like Gecko) Chrome/75.0.3770.142 Safari/537.36"
52.14.247.37 - - [15/Feb/2020:14:50:39 +0100] "GET /favicon.ico HTTP/1.1" 200 93062 "http://www.mbingenieure.de/" "Mozilla/5.0 (X11; Linux x86_64) AppleWebKit/537.36 (KHTML, like Gecko) Chrome/75.0.3770.142 Safari/537.36"
52.14.247.37 - - [15/Feb/2020:14:50:39 +0100] "GET /favicon.ico HTTP/1.1" 200 93062 "http://www.mbingenieure.de/" "Mozilla/5.0 (X11; Linux x86_64) AppleWebKit/537.36 (KHTML, like Gecko) Chrome/75.0.3770.142 Safari/537.36"
52.14.247.37 - - [15/Feb/2020:14:50:40 +0100] "GET /robots.txt HTTP/1.1" 404 - "-" "Python-urllib/3.7"
52.14.247.37 - - [15/Feb/2020:14:50:41 +0100] "GET /index.html HTTP/1.1" 200 4799 "-" "Mozilla/5.0 (X11; Linux x86_64) AppleWebKit/537.36 (KHTML, like Gecko) Chrome/75.0.3770.142 Safari/537.36"
52.14.247.37 - - [15/Feb/2020:14:50:42 +0100] "GET /kontakt.html HTTP/1.1" 200 4581 "-" "Mozilla/5.0 (X11; Linux x86_64) AppleWebKit/537.36 (KHTML, like Gecko) Chrome/75.0.3770.142 Safari/537.36"
167.114.65.240 - - [15/Feb/2020:15:41:15 +0100] "GET / HTTP/1.1" 200 4799 "-" "Mozilla/5.0 (compatible; Dataprovider.com)"
167.114.65.240 - - [15/Feb/2020:15:41:18 +0100] "GET /robots.txt HTTP/1.1" 404 - "-" "Mozilla/5.0 (compatible; Dataprovider.com)"
167.114.65.240 - - [15/Feb/2020:15:41:18 +0100] "GET /sitemap.xml HTTP/1.1" 404 - "-" "Mozilla/5.0 (compatible; Dataprovider.com)"
167.114.65.240 - - [15/Feb/2020:15:41:18 +0100] "GET / HTTP/1.1" 200 4799 "-" "Mozilla/5.0 (compatible; Dataprovider.com)"
167.114.65.240 - - [15/Feb/2020:15:41:20 +0100] "GET /ads.txt HTTP/1.1" 404 - "-" "Mozilla/5.0 (compatible; Dataprovider.com)"
167.114.65.240 - - [15/Feb/2020:15:41:20 +0100] "GET / HTTP/1.1" 200 4799 "-" "Mozilla/5.0 (Linux; Android 5.1.1; SM-G925F Build/LMY47X) AppleWebKit/537.36 (KHTML, like Gecko) Chrome/45.0.2454.94 Mobile Safari/537.36"
54.36.148.144 - - [15/Feb/2020:20:20:33 +0100] "GET /robots.txt HTTP/1.1" 404 - "-" "Mozilla/5.0 (compatible; AhrefsBot/6.1; +http://ahrefs.com/robot/)"
159.65.37.116 - - [15/Feb/2020:21:31:57 +0100] "GET / HTTP/1.1" 200 4799 "http://www.mbingenieure.de" "Mozilla/5.0 (X11; Datanyze; Linux x86_64) AppleWebKit/537.36 (KHTML, like Gecko) Chrome/65.0.3325.181 Safari/537.36"
159.65.37.116 - - [15/Feb/2020:21:31:58 +0100] "GET /js/libs/modernizr-2.5.3.min.js HTTP/1.1" 200 15274 "-" "Mozilla/5.0 (X11; Datanyze; Linux x86_64) AppleWebKit/537.36 (KHTML, like Gecko) Chrome/65.0.3325.181 Safari/537.36"
159.65.37.116 - - [15/Feb/2020:21:31:58 +0100] "GET /js/plugins.js HTTP/1.1" 200 898 "-" "Mozilla/5.0 (X11; Datanyze; Linux x86_64) AppleWebKit/537.36 (KHTML, like Gecko) Chrome/65.0.3325.181 Safari/537.36"
159.65.37.116 - - [15/Feb/2020:21:31:58 +0100] "GET /css/style.css HTTP/1.1" 200 2831 "-" "Mozilla/5.0 (X11; Datanyze; Linux x86_64) AppleWebKit/537.36 (KHTML, like Gecko) Chrome/65.0.3325.181 Safari/537.36"
159.65.37.116 - - [15/Feb/2020:21:32:07 +0100] "GET /robots.txt HTTP/1.1" 404 - "-" "Mozilla/5.0 (Windows NT 6.1; WOW64) AppleWebKit/537.36 (KHTML, like Gecko) Chrome/34.0.1847.137 Safari/537.36"
159.65.37.116 - - [15/Feb/2020:21:32:13 +0100] "GET /uns.html HTTP/1.1" 200 4520 "http://www.mbingenieure.de" "Mozilla/5.0 (X11; Datanyze; Linux x86_64) AppleWebKit/537.36 (KHTML, like Gecko) Chrome/65.0.3325.181 Safari/537.36"
159.65.37.116 - - [15/Feb/2020:21:32:13 +0100] "GET /index.html HTTP/1.1" 200 4799 "http://www.mbingenieure.de" "Mozilla/5.0 (X11; Datanyze; Linux x86_64) AppleWebKit/537.36 (KHTML, like Gecko) Chrome/65.0.3325.181 Safari/537.36"
159.65.37.116 - - [15/Feb/2020:21:32:13 +0100] "GET /spektrum.html HTTP/1.1" 200 4492 "http://www.mbingenieure.de" "Mozilla/5.0 (X11; Datanyze; Linux x86_64) AppleWebKit/537.36 (KHTML, like Gecko) Chrome/65.0.3325.181 Safari/537.36"
159.65.37.116 - - [15/Feb/2020:21:32:15 +0100] "GET /referenz.html HTTP/1.1" 200 11524 "http://www.mbingenieure.de" "Mozilla/5.0 (X11; Datanyze; Linux x86_64) AppleWebKit/537.36 (KHTML, like Gecko) Chrome/65.0.3325.181 Safari/537.36"
159.65.37.116 - - [15/Feb/2020:21:32:15 +0100] "GET /kontakt.html HTTP/1.1" 200 4581 "http://www.mbingenieure.de" "Mozilla/5.0 (X11; Datanyze; Linux x86_64) AppleWebKit/537.36 (KHTML, like Gecko) Chrome/65.0.3325.181 Safari/537.36"
159.65.37.116 - - [15/Feb/2020:21:32:15 +0100] "GET /partner.html HTTP/1.1" 200 4528 "http://www.mbingenieure.de" "Mozilla/5.0 (X11; Datanyze; Linux x86_64) AppleWebKit/537.36 (KHTML, like Gecko) Chrome/65.0.3325.181 Safari/537.36"
159.65.37.116 - - [15/Feb/2020:21:32:15 +0100] "GET /impressum.html HTTP/1.1" 200 5799 "http://www.mbingenieure.de" "Mozilla/5.0 (X11; Datanyze; Linux x86_64) AppleWebKit/537.36 (KHTML, like Gecko) Chrome/65.0.3325.181 Safari/537.36"
159.65.37.116 - - [15/Feb/2020:21:32:15 +0100] "GET /datenschutz.html HTTP/1.1" 200 12023 "http://www.mbingenieure.de" "Mozilla/5.0 (X11; Datanyze; Linux x86_64) AppleWebKit/537.36 (KHTML, like Gecko) Chrome/65.0.3325.181 Safari/537.36"
95.216.96.245 - - [16/Feb/2020:06:59:10 +0100] "GET /robots.txt HTTP/1.1" 404 - "-" "Mozilla/5.0 (compatible; SEOkicks; +https://www.seokicks.de/robot.html)"
95.216.96.245 - - [16/Feb/2020:06:59:11 +0100] "GET / HTTP/1.1" 200 4799 "-" "Mozilla/5.0 (compatible; SEOkicks; +https://www.seokicks.de/robot.html)"
89.246.241.14 - - [16/Feb/2020:07:41:57 +0100] "GET /datenschutz.html HTTP/1.1" 200 12023 "-" "Mozilla/5.0 (Windows; U; Windows NT 6.0; de; rv:1.9.2.3) Gecko/20100401 Firefox/3.6.3 ( .NET CLR 3.5.30729)"
51.77.129.165 - - [16/Feb/2020:07:48:03 +0100] "GET / HTTP/1.1" 200 4799 "-" "Mozilla/5.0 (compatible; Dataprovider.com)"
51.77.129.165 - - [16/Feb/2020:07:48:03 +0100] "GET /css/style.css HTTP/1.1" 200 2831 "http://www.mbingenieure.de/" "Mozilla/5.0 (compatible; Dataprovider.com)"
51.77.129.165 - - [16/Feb/2020:07:48:03 +0100] "GET /js/libs/modernizr-2.5.3.min.js HTTP/1.1" 200 15274 "http://www.mbingenieure.de/" "Mozilla/5.0 (compatible; Dataprovider.com)"
51.77.129.165 - - [16/Feb/2020:07:48:03 +0100] "GET /images/logo.png HTTP/1.1" 200 16467 "http://www.mbingenieure.de/" "Mozilla/5.0 (compatible; Dataprovider.com)"
51.77.129.165 - - [16/Feb/2020:07:48:03 +0100] "GET /images/footer.png HTTP/1.1" 200 1064 "http://www.mbingenieure.de/css/style.css" "Mozilla/5.0 (compatible; Dataprovider.com)"
51.77.129.165 - - [16/Feb/2020:07:48:03 +0100] "GET /images/header.png HTTP/1.1" 200 1494 "http://www.mbingenieure.de/css/style.css" "Mozilla/5.0 (compatible; Dataprovider.com)"
51.77.129.165 - - [16/Feb/2020:07:48:03 +0100] "GET /images/bild2.png HTTP/1.1" 200 68475 "http://www.mbingenieure.de/" "Mozilla/5.0 (compatible; Dataprovider.com)"
51.77.129.165 - - [16/Feb/2020:07:48:03 +0100] "GET /js/plugins.js HTTP/1.1" 200 898 "http://www.mbingenieure.de/" "Mozilla/5.0 (compatible; Dataprovider.com)"
51.77.129.165 - - [16/Feb/2020:07:48:03 +0100] "GET /images/bild1.png HTTP/1.1" 200 16301 "http://www.mbingenieure.de/" "Mozilla/5.0 (compatible; Dataprovider.com)"
51.77.129.165 - - [16/Feb/2020:07:48:03 +0100] "GET /images/navi.png HTTP/1.1" 200 946 "http://www.mbingenieure.de/css/style.css" "Mozilla/5.0 (compatible; Dataprovider.com)"
51.77.129.165 - - [16/Feb/2020:07:48:03 +0100] "GET /images/bild4.png HTTP/1.1" 200 65856 "http://www.mbingenieure.de/" "Mozilla/5.0 (compatible; Dataprovider.com)"
216.244.66.200 - - [16/Feb/2020:09:44:59 +0100] "GET /robots.txt HTTP/1.1" 404 - "-" "Mozilla/5.0 (compatible; DotBot/1.1; http://www.opensiteexplorer.org/dotbot, help@moz.com)"
216.244.66.200 - - [16/Feb/2020:09:48:37 +0100] "GET /datenschutz.html HTTP/1.1" 200 12023 "-" "Mozilla/5.0 (compatible; DotBot/1.1; http://www.opensiteexplorer.org/dotbot, help@moz.com)"
89.246.241.14 - - [16/Feb/2020:10:11:59 +0100] "GET /referenz.html HTTP/1.1" 200 11524 "-" "Mozilla/5.0 (Windows; U; Windows NT 6.0; de; rv:1.9.2.3) Gecko/20100401 Firefox/3.6.3 ( .NET CLR 3.5.30729)"
89.246.241.14 - - [16/Feb/2020:11:08:41 +0100] "GET /impressum.html HTTP/1.1" 200 5799 "-" "Mozilla/5.0 (Windows; U; Windows NT 6.0; de; rv:1.9.2.3) Gecko/20100401 Firefox/3.6.3 ( .NET CLR 3.5.30729)"
89.246.241.14 - - [16/Feb/2020:11:11:48 +0100] "GET /spektrum.html HTTP/1.1" 200 4492 "-" "Mozilla/5.0 (Windows; U; Windows NT 6.0; de; rv:1.9.2.3) Gecko/20100401 Firefox/3.6.3 ( .NET CLR 3.5.30729)"
213.83.37.145 - - [16/Feb/2020:11:35:55 +0100] "HEAD / HTTP/1.1" 200 - "-" "Mozilla/5.0 (Windows NT 6.1; rv:39.0) Gecko/20180101 Firefox/39.0"
213.83.37.145 - - [16/Feb/2020:11:35:55 +0100] "HEAD / HTTP/1.1" 200 - "-" "Mozilla/5.0 (Windows NT 6.1; rv:39.0) Gecko/20180101 Firefox/39.0"
213.83.37.145 - - [16/Feb/2020:11:35:55 +0100] "HEAD / HTTP/1.1" 200 - "-" "Mozilla/5.0 (Windows NT 6.1; rv:39.0) Gecko/20180101 Firefox/39.0"
213.83.37.145 - - [16/Feb/2020:11:35:55 +0100] "HEAD / HTTP/1.1" 200 - "-" "Mozilla/5.0 (Windows NT 6.1; rv:39.0) Gecko/20180101 Firefox/39.0"
89.246.241.14 - - [16/Feb/2020:11:36:38 +0100] "GET /partner.html HTTP/1.1" 200 4528 "-" "Mozilla/5.0 (Windows; U; Windows NT 6.0; de; rv:1.9.2.3) Gecko/20100401 Firefox/3.6.3 ( .NET CLR 3.5.30729)"
216.244.66.200 - - [16/Feb/2020:11:48:41 +0100] "GET / HTTP/1.1" 200 4799 "-" "Mozilla/5.0 (compatible; DotBot/1.1; http://www.opensiteexplorer.org/dotbot, help@moz.com)"
89.246.241.14 - - [16/Feb/2020:11:58:11 +0100] "GET /uns.html HTTP/1.1" 200 4520 "-" "Mozilla/5.0 (Windows; U; Windows NT 6.0; de; rv:1.9.2.3) Gecko/20100401 Firefox/3.6.3 ( .NET CLR 3.5.30729)"
89.246.241.14 - - [16/Feb/2020:12:06:22 +0100] "GET /kontakt.html HTTP/1.1" 200 4581 "-" "Mozilla/5.0 (Windows; U; Windows NT 6.0; de; rv:1.9.2.3) Gecko/20100401 Firefox/3.6.3 ( .NET CLR 3.5.30729)"
89.246.241.14 - - [16/Feb/2020:12:15:32 +0100] "GET /index.html HTTP/1.1" 200 4799 "-" "Mozilla/5.0 (Windows; U; Windows NT 6.0; de; rv:1.9.2.3) Gecko/20100401 Firefox/3.6.3 ( .NET CLR 3.5.30729)"
46.229.168.142 - - [16/Feb/2020:13:50:23 +0100] "GET /robots.txt HTTP/1.1" 404 - "-" "Mozilla/5.0 (compatible; SemrushBot/6~bl; +http://www.semrush.com/bot.html)"
46.229.168.163 - - [16/Feb/2020:13:50:23 +0100] "GET / HTTP/1.1" 200 4799 "-" "Mozilla/5.0 (compatible; SemrushBot/6~bl; +http://www.semrush.com/bot.html)"
87.250.233.66 - - [16/Feb/2020:21:36:59 +0100] "GET /robots.txt HTTP/1.1" 404 - "-" "Mozilla/5.0 (compatible; YandexBot/3.0; +http://yandex.com/bots)"
87.250.233.66 - - [16/Feb/2020:21:37:03 +0100] "GET /datenschutz.html HTTP/1.1" 200 12023 "-" "Mozilla/5.0 (compatible; YandexBot/3.0; +http://yandex.com/bots) AppleWebKit/537.36 (KHTML, like Gecko) Chrome/51.0.2704.106"
87.250.233.76 - - [16/Feb/2020:21:37:10 +0100] "GET /js/libs/modernizr-2.5.3.min.js HTTP/1.1" 200 15274 "http://www.mbingenieure.de/datenschutz.html" "Mozilla/5.0 (compatible; YandexBot/3.0; +http://yandex.com/bots) AppleWebKit/537.36 (KHTML, like Gecko) Chrome/51.0.2704.106"
87.250.244.4 - - [16/Feb/2020:21:37:11 +0100] "GET /js/plugins.js HTTP/1.1" 200 898 "http://www.mbingenieure.de/datenschutz.html" "Mozilla/5.0 (compatible; YandexBot/3.0; +http://yandex.com/bots) AppleWebKit/537.36 (KHTML, like Gecko) Chrome/51.0.2704.106"
5.255.251.16 - - [16/Feb/2020:21:37:12 +0100] "GET /css/style.css HTTP/1.1" 200 2831 "http://www.mbingenieure.de/datenschutz.html" "Mozilla/5.0 (compatible; YandexBot/3.0; +http://yandex.com/bots) AppleWebKit/537.36 (KHTML, like Gecko) Chrome/51.0.2704.106"
95.128.200.200 - - [17/Feb/2020:00:07:04 +0100] "GET / HTTP/1.1" 200 4799 "https://www.google.de" "Mozilla/5.0 (Windows NT 6.1) AppleWebKit/537.36 (KHTML, like Gecko) Chrome/41.0.2228.0 Safari/537.36"
95.216.96.243 - - [17/Feb/2020:01:09:36 +0100] "GET /robots.txt HTTP/1.1" 404 - "-" "Mozilla/5.0 (compatible; SEOkicks; +https://www.seokicks.de/robot.html)"
95.216.96.243 - - [17/Feb/2020:01:09:37 +0100] "GET / HTTP/1.1" 200 4799 "-" "Mozilla/5.0 (compatible; SEOkicks; +https://www.seokicks.de/robot.html)"
82.207.175.52 - - [17/Feb/2020:03:38:02 +0100] "GET / HTTP/1.1" 200 4799 "-" "Mozilla/5.0 (Windows NT 6.1; Win64; x64; rv:25.0) Gecko/20100101 Firefox/25.0"
92.79.68.2 - - [17/Feb/2020:08:05:07 +0100] "GET /impressum.html HTTP/1.1" 200 5799 "https://www.google.com/" "Mozilla/5.0 (Windows NT 10.0; Win64; x64; rv:69.0) Gecko/20100101 Firefox/69.0"
92.79.68.2 - - [17/Feb/2020:08:05:07 +0100] "GET /css/style.css HTTP/1.1" 200 2831 "http://www.mbingenieure.de/impressum.html" "Mozilla/5.0 (Windows NT 10.0; Win64; x64; rv:69.0) Gecko/20100101 Firefox/69.0"
92.79.68.2 - - [17/Feb/2020:08:05:07 +0100] "GET /js/plugins.js HTTP/1.1" 200 898 "http://www.mbingenieure.de/impressum.html" "Mozilla/5.0 (Windows NT 10.0; Win64; x64; rv:69.0) Gecko/20100101 Firefox/69.0"
92.79.68.2 - - [17/Feb/2020:08:05:07 +0100] "GET /js/libs/modernizr-2.5.3.min.js HTTP/1.1" 200 15274 "http://www.mbingenieure.de/impressum.html" "Mozilla/5.0 (Windows NT 10.0; Win64; x64; rv:69.0) Gecko/20100101 Firefox/69.0"
92.79.68.2 - - [17/Feb/2020:08:05:07 +0100] "GET /images/header.png HTTP/1.1" 200 1494 "http://www.mbingenieure.de/css/style.css" "Mozilla/5.0 (Windows NT 10.0; Win64; x64; rv:69.0) Gecko/20100101 Firefox/69.0"
92.79.68.2 - - [17/Feb/2020:08:05:07 +0100] "GET /images/footer.png HTTP/1.1" 200 1064 "http://www.mbingenieure.de/css/style.css" "Mozilla/5.0 (Windows NT 10.0; Win64; x64; rv:69.0) Gecko/20100101 Firefox/69.0"
92.79.68.2 - - [17/Feb/2020:08:05:08 +0100] "GET /images/navi.png HTTP/1.1" 200 946 "http://www.mbingenieure.de/css/style.css" "Mozilla/5.0 (Windows NT 10.0; Win64; x64; rv:69.0) Gecko/20100101 Firefox/69.0"
92.79.68.2 - - [17/Feb/2020:08:05:08 +0100] "GET /favicon.ico HTTP/1.1" 200 93062 "-" "Mozilla/5.0 (Windows NT 10.0; Win64; x64; rv:69.0) Gecko/20100101 Firefox/69.0"
35.240.13.92 - - [17/Feb/2020:08:53:26 +0100] "GET /impressum.html HTTP/1.1" 200 5799 "-" "Mozilla/5.0 (X11; Linux x86_64) AppleWebKit/602.1 (KHTML, like Gecko) splash Version/9.0 Safari/602.1"
35.240.13.92 - - [17/Feb/2020:08:53:26 +0100] "GET /js/libs/modernizr-2.5.3.min.js HTTP/1.1" 200 15274 "http://www.mbingenieure.de/impressum.html" "Mozilla/5.0 (X11; Linux x86_64) AppleWebKit/602.1 (KHTML, like Gecko) splash Version/9.0 Safari/602.1"
35.240.13.92 - - [17/Feb/2020:08:53:26 +0100] "GET /js/plugins.js HTTP/1.1" 200 898 "http://www.mbingenieure.de/impressum.html" "Mozilla/5.0 (X11; Linux x86_64) AppleWebKit/602.1 (KHTML, like Gecko) splash Version/9.0 Safari/602.1"
34.76.176.62 - - [17/Feb/2020:08:53:51 +0100] "GET /impressum.html HTTP/1.1" 200 5799 "-" "Mozilla/5.0 (X11; Linux x86_64) AppleWebKit/602.1 (KHTML, like Gecko) splash Version/9.0 Safari/602.1"
34.76.176.62 - - [17/Feb/2020:08:53:51 +0100] "GET /js/libs/modernizr-2.5.3.min.js HTTP/1.1" 200 15274 "http://www.mbingenieure.de/impressum.html" "Mozilla/5.0 (X11; Linux x86_64) AppleWebKit/602.1 (KHTML, like Gecko) splash Version/9.0 Safari/602.1"
34.76.176.62 - - [17/Feb/2020:08:53:51 +0100] "GET /js/plugins.js HTTP/1.1" 200 898 "http://www.mbingenieure.de/impressum.html" "Mozilla/5.0 (X11; Linux x86_64) AppleWebKit/602.1 (KHTML, like Gecko) splash Version/9.0 Safari/602.1"
87.250.233.66 - - [17/Feb/2020:08:55:14 +0100] "GET /robots.txt HTTP/1.1" 404 - "-" "Mozilla/5.0 (compatible; YandexBot/3.0; +http://yandex.com/bots)"
141.8.189.150 - - [17/Feb/2020:08:55:18 +0100] "GET /impressum.html HTTP/1.1" 200 5799 "-" "Mozilla/5.0 (compatible; YandexBot/3.0; +http://yandex.com/bots)"
5.9.141.8 - - [17/Feb/2020:10:22:31 +0100] "GET /robots.txt HTTP/1.1" 404 - "-" "Mozilla/5.0 (compatible; MJ12bot/v1.4.8; http://mj12bot.com/)"
5.9.141.8 - - [17/Feb/2020:10:22:32 +0100] "GET /impressum.html HTTP/1.1" 200 5799 "-" "Mozilla/5.0 (compatible; MJ12bot/v1.4.8; http://mj12bot.com/)"
5.9.141.8 - - [17/Feb/2020:10:22:34 +0100] "GET /index.html HTTP/1.1" 200 4799 "-" "Mozilla/5.0 (compatible; MJ12bot/v1.4.8; http://mj12bot.com/)"
5.9.140.242 - - [17/Feb/2020:13:10:04 +0100] "GET /robots.txt HTTP/1.1" 404 - "-" "Mozilla/5.0 (compatible; MJ12bot/v1.4.8; http://mj12bot.com/)"
5.9.140.242 - - [17/Feb/2020:13:10:06 +0100] "GET /kontakt.html HTTP/1.1" 200 4581 "-" "Mozilla/5.0 (compatible; MJ12bot/v1.4.8; http://mj12bot.com/)"
5.9.140.242 - - [17/Feb/2020:13:10:07 +0100] "GET /referenz.html HTTP/1.1" 200 11524 "-" "Mozilla/5.0 (compatible; MJ12bot/v1.4.8; http://mj12bot.com/)"
5.9.140.242 - - [17/Feb/2020:13:10:10 +0100] "GET /spektrum.html HTTP/1.1" 200 4492 "-" "Mozilla/5.0 (compatible; MJ12bot/v1.4.8; http://mj12bot.com/)"
5.9.140.242 - - [17/Feb/2020:13:10:12 +0100] "GET /uns.html HTTP/1.1" 200 4520 "-" "Mozilla/5.0 (compatible; MJ12bot/v1.4.8; http://mj12bot.com/)"
78.46.37.41 - - [17/Feb/2020:14:45:24 +0100] "GET / HTTP/1.1" 200 4799 "-" "crawler_eb_germany_2.0"
78.46.37.41 - - [17/Feb/2020:14:45:24 +0100] "GET /index.html HTTP/1.1" 200 4799 "-" "crawler_eb_germany_2.0"
78.46.37.41 - - [17/Feb/2020:14:45:25 +0100] "GET /uns.html HTTP/1.1" 200 4520 "-" "crawler_eb_germany_2.0"
78.46.37.41 - - [17/Feb/2020:14:45:25 +0100] "GET /spektrum.html HTTP/1.1" 200 4492 "-" "crawler_eb_germany_2.0"
78.46.37.41 - - [17/Feb/2020:14:45:25 +0100] "GET /eferenz.html HTTP/1.1" 404 - "-" "crawler_eb_germany_2.0"
78.46.37.41 - - [17/Feb/2020:14:45:25 +0100] "GET /eferenz.html HTTP/1.1" 404 - "-" "crawler_eb_germany_2.0"
78.46.37.41 - - [17/Feb/2020:14:45:25 +0100] "GET /eferenz.html HTTP/1.1" 404 - "-" "Mozilla/5.0 (Windows NT 6.1; WOW64; Trident/7.0; BWB30012014; rv:11.0) like Gecko"
78.46.37.41 - - [17/Feb/2020:14:45:25 +0100] "GET /eferenz.html HTTP/1.1" 404 - "-" "Mozilla/5.0 (Windows NT 6.1; WOW64; Trident/7.0; BWB30012014; rv:11.0) like Gecko"
78.46.37.41 - - [17/Feb/2020:14:45:25 +0100] "GET /partner.html HTTP/1.1" 200 4528 "-" "crawler_eb_germany_2.0"
78.46.37.41 - - [17/Feb/2020:14:45:25 +0100] "GET /kontakt.html HTTP/1.1" 200 4581 "-" "crawler_eb_germany_2.0"
78.46.37.41 - - [17/Feb/2020:14:45:25 +0100] "GET /datenschutz.html HTTP/1.1" 200 12023 "-" "crawler_eb_germany_2.0"
78.46.37.41 - - [17/Feb/2020:14:45:25 +0100] "GET /impressum.html HTTP/1.1" 200 5799 "-" "crawler_eb_germany_2.0"
78.46.37.41 - - [17/Feb/2020:14:45:25 +0100] "GET /index.html HTTP/1.1" 200 4799 "-" "crawler_eb_germany_2.0"
78.46.37.41 - - [17/Feb/2020:14:45:25 +0100] "GET /uns.html HTTP/1.1" 200 4520 "-" "crawler_eb_germany_2.0"
78.46.37.41 - - [17/Feb/2020:14:45:25 +0100] "GET /spektrum.html HTTP/1.1" 200 4492 "-" "crawler_eb_germany_2.0"
78.46.37.41 - - [17/Feb/2020:14:45:25 +0100] "GET /eferenz.html HTTP/1.1" 404 - "-" "crawler_eb_germany_2.0"
78.46.37.41 - - [17/Feb/2020:14:45:25 +0100] "GET /eferenz.html HTTP/1.1" 404 - "-" "crawler_eb_germany_2.0"
78.46.37.41 - - [17/Feb/2020:14:45:25 +0100] "GET /eferenz.html HTTP/1.1" 404 - "-" "Mozilla/5.0 (Macintosh; Intel Mac OS X 10_11_2) AppleWebKit/537.36 (KHTML, like Gecko) Chrome/57.0.2987.133 Safari/537.36"
78.46.37.41 - - [17/Feb/2020:14:45:25 +0100] "GET /eferenz.html HTTP/1.1" 404 - "-" "Mozilla/5.0 (Macintosh; Intel Mac OS X 10_11_2) AppleWebKit/537.36 (KHTML, like Gecko) Chrome/57.0.2987.133 Safari/537.36"
78.46.37.41 - - [17/Feb/2020:14:45:26 +0100] "GET /partner.html HTTP/1.1" 200 4528 "-" "crawler_eb_germany_2.0"
78.46.37.41 - - [17/Feb/2020:14:45:26 +0100] "GET /kontakt.html HTTP/1.1" 200 4581 "-" "crawler_eb_germany_2.0"
78.46.37.41 - - [17/Feb/2020:14:45:26 +0100] "GET /datenschutz.html HTTP/1.1" 200 12023 "-" "crawler_eb_germany_2.0"
78.46.37.41 - - [17/Feb/2020:14:45:26 +0100] "GET /impressum.html HTTP/1.1" 200 5799 "-" "crawler_eb_germany_2.0"
54.36.149.66 - - [17/Feb/2020:15:45:59 +0100] "GET /robots.txt HTTP/1.1" 404 - "-" "Mozilla/5.0 (compatible; AhrefsBot/6.1; +http://ahrefs.com/robot/)"
82.207.175.52 - - [17/Feb/2020:20:10:29 +0100] "GET / HTTP/1.1" 200 4799 "-" "Mozilla/5.0 (Windows NT 6.1; Win64; x64; rv:25.0) Gecko/20100101 Firefox/25.0"
77.75.76.162 - - [18/Feb/2020:00:17:15 +0100] "GET /robots.txt HTTP/1.1" 404 - "-" "Mozilla/5.0 (compatible; SeznamBot/3.2; +http://napoveda.seznam.cz/en/seznambot-intro/)"
77.75.76.162 - - [18/Feb/2020:00:17:16 +0100] "GET /referenz.html HTTP/1.1" 304 - "-" "Mozilla/5.0 (compatible; SeznamBot/3.2; +http://napoveda.seznam.cz/en/seznambot-intro/)"
109.102.226.187 - - [18/Feb/2020:00:43:53 +0100] "GET / HTTP/1.1" 200 4799 "-" "Mozilla/5.0 (compatible& Googlebot/2.1& +http://www.google.com/bot.html)"
109.102.226.187 - - [18/Feb/2020:00:43:53 +0100] "GET / HTTP/1.1" 200 4799 "-" "Mozilla/5.0 (Linux; U; Android 4.0.3; ko-kr; LG-L160L Build/IML74K) AppleWebkit/534.30 (KHTML, like Gecko) Version/4.0 Mobile Safari/534.30"
216.244.66.200 - - [18/Feb/2020:01:27:16 +0100] "GET /robots.txt HTTP/1.1" 404 - "-" "Mozilla/5.0 (compatible; DotBot/1.1; http://www.opensiteexplorer.org/dotbot, help@moz.com)"
216.244.66.200 - - [18/Feb/2020:01:30:18 +0100] "GET /impressum.html HTTP/1.1" 200 5799 "-" "Mozilla/5.0 (compatible; DotBot/1.1; http://www.opensiteexplorer.org/dotbot, help@moz.com)"
178.62.74.6 - - [18/Feb/2020:06:05:15 +0100] "GET / HTTP/1.1" 200 4799 "-" "Mozilla/5.0 (Windows NT 6.0) AppleWebKit/537.36 (KHTML, like Gecko) Chrome/34.0.1847.116 Safari/537.36"
178.62.74.6 - - [18/Feb/2020:06:05:16 +0100] "GET /index.html HTTP/1.1" 200 4799 "-" "Mozilla/5.0 (Windows NT 6.0) AppleWebKit/537.36 (KHTML, like Gecko) Chrome/34.0.1847.116 Safari/537.36"
178.62.74.6 - - [18/Feb/2020:06:05:17 +0100] "GET /uns.html HTTP/1.1" 200 4520 "-" "Mozilla/5.0 (Windows NT 6.0) AppleWebKit/537.36 (KHTML, like Gecko) Chrome/34.0.1847.116 Safari/537.36"
178.62.74.6 - - [18/Feb/2020:06:05:17 +0100] "GET /referenz.html HTTP/1.1" 200 11524 "-" "Mozilla/5.0 (Windows NT 6.0) AppleWebKit/537.36 (KHTML, like Gecko) Chrome/34.0.1847.116 Safari/537.36"
178.62.74.6 - - [18/Feb/2020:06:05:18 +0100] "GET /spektrum.html HTTP/1.1" 200 4492 "-" "Mozilla/5.0 (Windows NT 6.0) AppleWebKit/537.36 (KHTML, like Gecko) Chrome/34.0.1847.116 Safari/537.36"
178.62.74.6 - - [18/Feb/2020:06:05:18 +0100] "GET /partner.html HTTP/1.1" 200 4528 "-" "Mozilla/5.0 (Windows NT 6.0) AppleWebKit/537.36 (KHTML, like Gecko) Chrome/34.0.1847.116 Safari/537.36"
178.62.74.6 - - [18/Feb/2020:06:05:19 +0100] "GET /kontakt.html HTTP/1.1" 200 4581 "-" "Mozilla/5.0 (Windows NT 6.0) AppleWebKit/537.36 (KHTML, like Gecko) Chrome/34.0.1847.116 Safari/537.36"
194.173.174.106 - - [18/Feb/2020:10:32:18 +0100] "HEAD / HTTP/1.1" 200 - "-" "Mozilla/5.0 (Windows NT 6.3; WOW64) AppleWebKit/537.36 (KHTML, like Gecko) Chrome/43.0.2357.134 Safari/537.36"
18.207.177.160 - - [18/Feb/2020:10:34:04 +0100] "GET / HTTP/1.1" 200 4799 "-" "Mozilla/5.0 (Windows NT 6.1; Win64; x64) AppleWebKit/537.36 (KHTML, like Gecko) Chrome/72.0.3626.109 Safari/537.36"
194.55.212.39 - - [18/Feb/2020:12:42:35 +0100] "GET /impressum.html HTTP/1.1" 200 5799 "-" "Java/1.8.0_232"
194.55.212.39 - - [18/Feb/2020:12:42:35 +0100] "GET /impressum.html HTTP/1.1" 200 5799 "-" "Java/1.8.0_232"
46.229.168.138 - - [18/Feb/2020:16:27:33 +0100] "GET /robots.txt HTTP/1.1" 404 - "-" "Mozilla/5.0 (compatible; SemrushBot/6~bl; +http://www.semrush.com/bot.html)"
46.229.168.150 - - [18/Feb/2020:16:27:33 +0100] "GET /referenz.html HTTP/1.1" 200 11524 "-" "Mozilla/5.0 (compatible; SemrushBot/6~bl; +http://www.semrush.com/bot.html)"
141.8.189.150 - - [18/Feb/2020:17:30:57 +0100] "GET /robots.txt HTTP/1.1" 404 - "-" "Mozilla/5.0 (compatible; YandexBot/3.0; +http://yandex.com/bots)"
141.8.189.150 - - [18/Feb/2020:17:31:01 +0100] "GET /partner.html HTTP/1.1" 200 4528 "-" "Mozilla/5.0 (compatible; YandexBot/3.0; +http://yandex.com/bots)"
54.36.149.52 - - [18/Feb/2020:18:04:34 +0100] "GET /robots.txt HTTP/1.1" 404 - "-" "Mozilla/5.0 (compatible; AhrefsBot/6.1; +http://ahrefs.com/robot/)"
194.173.174.106 - - [18/Feb/2020:22:28:56 +0100] "HEAD / HTTP/1.1" 200 - "-" "Mozilla/5.0 (Windows NT 6.3; WOW64) AppleWebKit/537.36 (KHTML, like Gecko) Chrome/43.0.2357.134 Safari/537.36"
54.160.201.124 - - [18/Feb/2020:22:30:32 +0100] "GET / HTTP/1.1" 200 4799 "-" "Mozilla/5.0 (Windows NT 6.1; Win64; x64) AppleWebKit/537.36 (KHTML, like Gecko) Chrome/72.0.3626.109 Safari/537.36"
66.249.64.222 - - [18/Feb/2020:22:57:50 +0100] "GET /robots.txt HTTP/1.1" 404 - "-" "Mozilla/5.0 (compatible; Googlebot/2.1; +http://www.google.com/bot.html)"
66.249.64.220 - - [18/Feb/2020:22:57:51 +0100] "GET / HTTP/1.1" 200 4799 "-" "Mozilla/5.0 (Linux; Android 6.0.1; Nexus 5X Build/MMB29P) AppleWebKit/537.36 (KHTML, like Gecko) Chrome/41.0.2272.96 Mobile Safari/537.36 (compatible; Googlebot/2.1; +http://www.google.com/bot.html)"
141.8.189.150 - - [18/Feb/2020:23:54:17 +0100] "GET /robots.txt HTTP/1.1" 404 - "-" "Mozilla/5.0 (compatible; YandexBot/3.0; +http://yandex.com/bots)"
141.8.189.150 - - [18/Feb/2020:23:54:21 +0100] "GET /datenschutz.html HTTP/1.1" 200 12023 "-" "Mozilla/5.0 (compatible; YandexBot/3.0; +http://yandex.com/bots) AppleWebKit/537.36 (KHTML, like Gecko) Chrome/51.0.2704.106"
87.250.233.66 - - [18/Feb/2020:23:54:45 +0100] "GET /css/style.css HTTP/1.1" 200 2831 "http://www.mbingenieure.de/datenschutz.html" "Mozilla/5.0 (compatible; YandexBot/3.0; +http://yandex.com/bots)"
87.250.233.79 - - [18/Feb/2020:23:54:46 +0100] "GET /js/libs/modernizr-2.5.3.min.js HTTP/1.1" 200 15274 "http://www.mbingenieure.de/datenschutz.html" "Mozilla/5.0 (compatible; YandexBot/3.0; +http://yandex.com/bots)"
87.250.233.66 - - [18/Feb/2020:23:54:47 +0100] "GET /js/plugins.js HTTP/1.1" 200 898 "http://www.mbingenieure.de/datenschutz.html" "Mozilla/5.0 (compatible; YandexBot/3.0; +http://yandex.com/bots)"
5.255.251.16 - - [19/Feb/2020:00:36:08 +0100] "GET /referenz.html HTTP/1.1" 200 11524 "-" "Mozilla/5.0 (compatible; YandexBot/3.0; +http://yandex.com/bots)"
66.249.64.192 - - [19/Feb/2020:01:14:49 +0100] "GET /impressum.html HTTP/1.1" 304 - "-" "Mozilla/5.0 (Linux; Android 6.0.1; Nexus 5X Build/MMB29P) AppleWebKit/537.36 (KHTML, like Gecko) Chrome/41.0.2272.96 Mobile Safari/537.36 (compatible; Googlebot/2.1; +http://www.google.com/bot.html)"
188.165.200.217 - - [19/Feb/2020:02:30:52 +0100] "HEAD / HTTP/1.1" 200 - "-" "Mozilla/4.0 (compatible; MSIE 5.01; Windows NT 5.0)"
95.216.96.244 - - [19/Feb/2020:04:11:55 +0100] "GET /robots.txt HTTP/1.1" 404 - "-" "Mozilla/5.0 (compatible; SEOkicks; +https://www.seokicks.de/robot.html)"
95.216.96.244 - - [19/Feb/2020:04:11:57 +0100] "GET / HTTP/1.1" 200 4799 "-" "Mozilla/5.0 (compatible; SEOkicks; +https://www.seokicks.de/robot.html)"
34.221.19.127 - - [19/Feb/2020:05:39:33 +0100] "GET /robots.txt HTTP/1.1" 404 - "http:// www.mbingenieure.de" "Mozilla/5.0 (Windows NT 10.0; WOW64) AppleWebKit/537.36 (KHTML, like Gecko) DownloaderChrome/62.0.3202.75 Safari/537.36"
34.221.19.127 - - [19/Feb/2020:05:39:33 +0100] "GET / HTTP/1.1" 200 4799 "http:// www.mbingenieure.de" "Mozilla/5.0 (Windows NT 10.0; WOW64) AppleWebKit/537.36 (KHTML, like Gecko) DownloaderChrome/62.0.3202.75 Safari/537.36"
34.221.19.127 - - [19/Feb/2020:05:39:34 +0100] "GET /kontakt.html HTTP/1.1" 200 4581 "http:// www.mbingenieure.de" "Mozilla/5.0 (Windows NT 10.0; WOW64) AppleWebKit/537.36 (KHTML, like Gecko) DownloaderChrome/62.0.3202.75 Safari/537.36"
54.36.148.76 - - [19/Feb/2020:06:20:37 +0100] "GET /robots.txt HTTP/1.1" 404 - "-" "Mozilla/5.0 (compatible; AhrefsBot/6.1; +http://ahrefs.com/robot/)"
141.8.189.150 - - [19/Feb/2020:07:48:32 +0100] "GET /robots.txt HTTP/1.1" 404 - "-" "Mozilla/5.0 (compatible; YandexBot/3.0; +http://yandex.com/bots)"
141.8.189.150 - - [19/Feb/2020:07:48:36 +0100] "GET /kontakt.html HTTP/1.1" 200 4581 "-" "Mozilla/5.0 (compatible; YandexBot/3.0; +http://yandex.com/bots)"
66.249.64.220 - - [19/Feb/2020:08:16:55 +0100] "GET / HTTP/1.1" 200 4799 "-" "Mozilla/5.0 (Linux; Android 6.0.1; Nexus 5X Build/MMB29P) AppleWebKit/537.36 (KHTML, like Gecko) Chrome/41.0.2272.96 Mobile Safari/537.36 (compatible; Googlebot/2.1; +http://www.google.com/bot.html)"
66.249.64.192 - - [19/Feb/2020:08:16:58 +0100] "GET /css/style.css HTTP/1.1" 200 2831 "http://www.mbingenieure.de/" "Mozilla/5.0 (Linux; Android 6.0.1; Nexus 5X Build/MMB29P) AppleWebKit/537.36 (KHTML, like Gecko) Chrome/79.0.3945.120 Mobile Safari/537.36 (compatible; Googlebot/2.1; +http://www.google.com/bot.html)"
66.249.64.192 - - [19/Feb/2020:08:16:58 +0100] "GET /js/libs/modernizr-2.5.3.min.js HTTP/1.1" 200 15274 "http://www.mbingenieure.de/" "Mozilla/5.0 (Linux; Android 6.0.1; Nexus 5X Build/MMB29P) AppleWebKit/537.36 (KHTML, like Gecko) Chrome/79.0.3945.120 Mobile Safari/537.36 (compatible; Googlebot/2.1; +http://www.google.com/bot.html)"
194.173.174.106 - - [19/Feb/2020:11:00:24 +0100] "HEAD / HTTP/1.1" 200 - "-" "Mozilla/5.0 (Windows NT 6.3; WOW64) AppleWebKit/537.36 (KHTML, like Gecko) Chrome/43.0.2357.134 Safari/537.36"
54.225.5.202 - - [19/Feb/2020:11:02:18 +0100] "GET / HTTP/1.1" 200 4799 "-" "Mozilla/5.0 (Windows NT 6.1; Win64; x64) AppleWebKit/537.36 (KHTML, like Gecko) Chrome/72.0.3626.109 Safari/537.36"
46.229.168.141 - - [19/Feb/2020:13:04:24 +0100] "GET /robots.txt HTTP/1.1" 404 - "-" "Mozilla/5.0 (compatible; SemrushBot/6~bl; +http://www.semrush.com/bot.html)"
46.229.168.162 - - [19/Feb/2020:13:04:29 +0100] "GET /partner.html HTTP/1.1" 200 4528 "-" "Mozilla/5.0 (compatible; SemrushBot/6~bl; +http://www.semrush.com/bot.html)"
5.196.87.110 - - [19/Feb/2020:19:10:38 +0100] "GET / HTTP/1.1" 200 4799 "-" "Mozilla/5.0 (compatible; AhrefsBot/6.1; +http://ahrefs.com/robot/)"
46.229.168.129 - - [19/Feb/2020:23:31:15 +0100] "GET /robots.txt HTTP/1.1" 404 - "-" "Mozilla/5.0 (compatible; SemrushBot/6~bl; +http://www.semrush.com/bot.html)"
46.229.168.136 - - [19/Feb/2020:23:31:16 +0100] "GET /spektrum.html HTTP/1.1" 200 4492 "-" "Mozilla/5.0 (compatible; SemrushBot/6~bl; +http://www.semrush.com/bot.html)"
78.46.90.120 - - [19/Feb/2020:23:47:58 +0100] "GET /kontakt.html HTTP/1.1" 200 4581 "-" "Mozilla/5.0 (X11; Linux x86_64) AppleWebKit/537.36 (KHTML, like Gecko) Chrome/64.0.3282.140 Safari/537.36"
78.46.90.120 - - [19/Feb/2020:23:47:58 +0100] "GET /impressum.html HTTP/1.1" 200 5799 "-" "Mozilla/5.0 (Windows NT 10.0; Win64; x64) AppleWebKit/537.36 (KHTML, like Gecko) Chrome/64.0.3282.140 Safari/537.36"
78.46.90.120 - - [19/Feb/2020:23:48:04 +0100] "GET / HTTP/1.1" 200 4799 "-" "Mozilla/5.0 (compatible; MSIE 10.0; Windows NT 6.1; Trident/6.0)"
78.46.90.120 - - [19/Feb/2020:23:48:10 +0100] "GET /uns.html HTTP/1.1" 200 4520 "-" "Mozilla/5.0 (Windows NT 10.0; Win64; x64) AppleWebKit/537.36 (KHTML, like Gecko) Chrome/63.0.3239.132 Safari/537.36 OPR/50.0.2762.67"
