64.225.22.102 - - [01/Jan/2020:06:49:48 +0100] "GET / HTTP/1.0" 200 4799 "-" "Mozilla/5.0 (compatible; NetcraftSurveyAgent/1.0; +info@netcraft.com)"
95.216.96.244 - - [01/Jan/2020:07:10:10 +0100] "GET /robots.txt HTTP/1.1" 404 - "-" "Mozilla/5.0 (compatible; SEOkicks; +https://www.seokicks.de/robot.html)"
95.216.96.244 - - [01/Jan/2020:07:10:11 +0100] "GET / HTTP/1.1" 200 4799 "-" "Mozilla/5.0 (compatible; SEOkicks; +https://www.seokicks.de/robot.html)"
188.165.200.217 - - [01/Jan/2020:08:51:50 +0100] "HEAD / HTTP/1.1" 200 - "-" "Mozilla/4.0 (compatible; MSIE 5.01; Windows NT 5.0)"
159.203.98.50 - - [01/Jan/2020:10:57:11 +0100] "GET / HTTP/1.1" 200 4799 "http://www.mbingenieure.de" "Mozilla/5.0 (X11; Datanyze; Linux x86_64) AppleWebKit/537.36 (KHTML, like Gecko) Chrome/65.0.3325.181 Safari/537.36"
159.203.98.50 - - [01/Jan/2020:10:57:12 +0100] "GET /js/plugins.js HTTP/1.1" 200 898 "-" "Mozilla/5.0 (X11; Datanyze; Linux x86_64) AppleWebKit/537.36 (KHTML, like Gecko) Chrome/65.0.3325.181 Safari/537.36"
159.203.98.50 - - [01/Jan/2020:10:57:13 +0100] "GET /css/style.css HTTP/1.1" 200 2831 "-" "Mozilla/5.0 (X11; Datanyze; Linux x86_64) AppleWebKit/537.36 (KHTML, like Gecko) Chrome/65.0.3325.181 Safari/537.36"
159.203.98.50 - - [01/Jan/2020:10:57:13 +0100] "GET /js/libs/modernizr-2.5.3.min.js HTTP/1.1" 200 15274 "-" "Mozilla/5.0 (X11; Datanyze; Linux x86_64) AppleWebKit/537.36 (KHTML, like Gecko) Chrome/65.0.3325.181 Safari/537.36"
159.203.98.50 - - [01/Jan/2020:10:57:18 +0100] "GET /robots.txt HTTP/1.1" 404 - "-" "Mozilla/5.0 (Windows NT 6.1; WOW64; rv:21.0) Gecko/20100101 Firefox/21.0"
159.203.98.50 - - [01/Jan/2020:10:57:25 +0100] "GET /index.html HTTP/1.1" 200 4799 "http://www.mbingenieure.de" "Mozilla/5.0 (X11; Datanyze; Linux x86_64) AppleWebKit/537.36 (KHTML, like Gecko) Chrome/65.0.3325.181 Safari/537.36"
159.203.98.50 - - [01/Jan/2020:10:57:25 +0100] "GET /uns.html HTTP/1.1" 200 4520 "http://www.mbingenieure.de" "Mozilla/5.0 (X11; Datanyze; Linux x86_64) AppleWebKit/537.36 (KHTML, like Gecko) Chrome/65.0.3325.181 Safari/537.36"
159.203.98.50 - - [01/Jan/2020:10:57:26 +0100] "GET /spektrum.html HTTP/1.1" 200 4492 "http://www.mbingenieure.de" "Mozilla/5.0 (X11; Datanyze; Linux x86_64) AppleWebKit/537.36 (KHTML, like Gecko) Chrome/65.0.3325.181 Safari/537.36"
159.203.98.50 - - [01/Jan/2020:10:57:26 +0100] "GET /partner.html HTTP/1.1" 200 4528 "http://www.mbingenieure.de" "Mozilla/5.0 (X11; Datanyze; Linux x86_64) AppleWebKit/537.36 (KHTML, like Gecko) Chrome/65.0.3325.181 Safari/537.36"
159.203.98.50 - - [01/Jan/2020:10:57:26 +0100] "GET /kontakt.html HTTP/1.1" 200 4581 "http://www.mbingenieure.de" "Mozilla/5.0 (X11; Datanyze; Linux x86_64) AppleWebKit/537.36 (KHTML, like Gecko) Chrome/65.0.3325.181 Safari/537.36"
159.203.98.50 - - [01/Jan/2020:10:57:26 +0100] "GET /datenschutz.html HTTP/1.1" 200 12023 "http://www.mbingenieure.de" "Mozilla/5.0 (X11; Datanyze; Linux x86_64) AppleWebKit/537.36 (KHTML, like Gecko) Chrome/65.0.3325.181 Safari/537.36"
159.203.98.50 - - [01/Jan/2020:10:57:26 +0100] "GET /referenz.html HTTP/1.1" 200 11524 "http://www.mbingenieure.de" "Mozilla/5.0 (X11; Datanyze; Linux x86_64) AppleWebKit/537.36 (KHTML, like Gecko) Chrome/65.0.3325.181 Safari/537.36"
159.203.98.50 - - [01/Jan/2020:10:57:28 +0100] "GET /impressum.html HTTP/1.1" 200 5799 "http://www.mbingenieure.de" "Mozilla/5.0 (X11; Datanyze; Linux x86_64) AppleWebKit/537.36 (KHTML, like Gecko) Chrome/65.0.3325.181 Safari/537.36"
148.251.50.77 - - [01/Jan/2020:11:36:02 +0100] "GET /impressum.html HTTP/1.1" 200 5799 "-" "Mozilla/5.0 (Macintosh; Intel Mac OS X 107) AppleWebKit/534.48.3 (KHTML like Gecko) Version/5.1 Safari/534.48.3"
148.251.50.77 - - [01/Jan/2020:11:36:02 +0100] "GET /kontakt.html HTTP/1.1" 200 4581 "-" "Mozilla/5.0 (X11; Linux x86_64; rv:58.0) Gecko/20100101 Firefox/58.0"
148.251.50.77 - - [01/Jan/2020:11:36:02 +0100] "GET /index.html HTTP/1.1" 200 4799 "-" "Mozilla/5.0 (Windows NT 6.1) AppleWebKit/537.36 (KHTML, like Gecko) Chrome/63.0.3239.132 Safari/537.36"
148.251.50.77 - - [01/Jan/2020:11:36:03 +0100] "GET / HTTP/1.1" 200 4799 "-" "Mozilla/5.0 (Macintosh; Intel Mac OS X 10_13_2) AppleWebKit/604.4.7 (KHTML, like Gecko) Version/11.0.2 Safari/604.4.7"
148.251.50.77 - - [01/Jan/2020:11:36:03 +0100] "GET /referenz.html HTTP/1.1" 200 11524 "-" "Mozilla/5.0 (Macintosh; Intel Mac OS X 10_12_6) AppleWebKit/537.36 (KHTML, like Gecko) Chrome/64.0.3282.119 Safari/537.36"
148.251.50.77 - - [01/Jan/2020:11:36:03 +0100] "GET /uns.html HTTP/1.1" 200 4520 "-" "Mozilla/5.0 (Windows NT 10.0) AppleWebKit/537.36 (KHTML, like Gecko) Chrome/63.0.3239.132 Safari/537.36"
89.163.242.56 - - [01/Jan/2020:13:35:15 +0100] "GET /robots.txt HTTP/1.1" 404 - "-" "Mozilla/5.0 (compatible; MJ12bot/v1.4.8; http://mj12bot.com/)"
89.163.242.56 - - [01/Jan/2020:13:35:17 +0100] "GET / HTTP/1.1" 200 4799 "-" "Mozilla/5.0 (compatible; MJ12bot/v1.4.8; http://mj12bot.com/)"
144.76.168.111 - - [01/Jan/2020:16:06:22 +0100] "GET /impressum.html HTTP/1.1" 200 5799 "-" "Mozilla/5.0 (X11; Linux x86_64) AppleWebKit/537.36 (KHTML, like Gecko) Ubuntu Chromium/63.0.3239.84 Chrome/63.0.3239.84 Safari/537.36"
144.76.168.111 - - [01/Jan/2020:16:06:22 +0100] "GET /kontakt.html HTTP/1.1" 200 4581 "-" "Mozilla/5.0 (Windows NT 10.0; Win64; x64) AppleWebKit/537.36 (KHTML, like Gecko) Chrome/63.0.3239.84 Safari/537.36"
144.76.168.111 - - [01/Jan/2020:16:06:23 +0100] "GET / HTTP/1.1" 200 4799 "-" "Mozilla/5.0 (Windows NT 10.0; Win64; x64) AppleWebKit/537.36 (KHTML, like Gecko) Chrome/63.0.3239.132 Safari/537.36 OPR/50.0.2762.67"
144.76.168.111 - - [01/Jan/2020:16:06:28 +0100] "GET /datenschutz.html HTTP/1.1" 200 12023 "-" "Mozilla/5.0 (Windows NT 10.0; Win64; x64; rv:58.0) Gecko/20100101 Firefox/58.0"
144.76.168.111 - - [01/Jan/2020:16:06:28 +0100] "GET /index.html HTTP/1.1" 200 4799 "-" "Mozilla/5.0 (X11; Linux x86_64) AppleWebKit/537.36 (KHTML, like Gecko) Chrome/51.0.2704.106 Safari/537.36"
144.76.168.111 - - [01/Jan/2020:16:06:28 +0100] "GET /partner.html HTTP/1.1" 200 4528 "-" "Mozilla/5.0 (X11; Linux x86_64) AppleWebKit/537.36 (KHTML, like Gecko) Chrome/64.0.3282.140 Safari/537.36"
144.76.168.111 - - [01/Jan/2020:16:06:28 +0100] "GET /uns.html HTTP/1.1" 200 4520 "-" "Mozilla/5.0 (compatible; MSIE 10.0; Windows NT 6.1; Trident/6.0)"
144.76.168.111 - - [01/Jan/2020:16:06:28 +0100] "GET /spektrum.html HTTP/1.1" 200 4492 "-" "Mozilla/5.0 (Windows NT 6.3; Win64; x64; rv:57.0) Gecko/20100101 Firefox/57.0"
144.76.168.111 - - [01/Jan/2020:16:06:28 +0100] "GET /referenz.html HTTP/1.1" 200 11524 "-" "Mozilla/5.0 (Macintosh; Intel Mac OS X 10.12; rv:58.0) Gecko/20100101 Firefox/58.0"
144.76.168.111 - - [01/Jan/2020:16:06:40 +0100] "GET /robots.txt HTTP/1.1" 404 - "-" "parser"
144.76.168.111 - - [01/Jan/2020:16:06:52 +0100] "GET /projekte.html HTTP/1.1" 200 8338 "-" "Mozilla/5.0 (Windows NT 6.1; WOW64) AppleWebKit/537.36 (KHTML, like Gecko) Chrome/63.0.3239.132 Safari/537.36"
157.55.39.39 - - [01/Jan/2020:17:04:29 +0100] "GET /robots.txt HTTP/1.1" 404 - "-" "Mozilla/5.0 (compatible; bingbot/2.0; +http://www.bing.com/bingbot.htm)"
157.55.39.95 - - [01/Jan/2020:17:04:47 +0100] "GET / HTTP/1.1" 304 - "-" "Mozilla/5.0 (compatible; bingbot/2.0; +http://www.bing.com/bingbot.htm)"
95.216.96.254 - - [01/Jan/2020:17:06:31 +0100] "GET /robots.txt HTTP/1.1" 404 - "-" "Mozilla/5.0 (compatible; SEOkicks; +https://www.seokicks.de/robot.html)"
95.216.96.254 - - [01/Jan/2020:17:06:33 +0100] "GET / HTTP/1.1" 200 4799 "-" "Mozilla/5.0 (compatible; SEOkicks; +https://www.seokicks.de/robot.html)"
54.36.148.132 - - [01/Jan/2020:18:11:19 +0100] "GET /robots.txt HTTP/1.1" 404 - "-" "Mozilla/5.0 (compatible; AhrefsBot/6.1; +http://ahrefs.com/robot/)"
176.241.18.81 - - [01/Jan/2020:19:44:17 +0100] "GET /wp-login.php HTTP/1.1" 404 - "-" "Mozilla/5.0 (X11; Ubuntu; Linux x86_64; rv:62.0) Gecko/20100101 Firefox/62.0"
207.46.13.168 - - [01/Jan/2020:21:20:26 +0100] "GET /impressum.html HTTP/1.1" 200 5799 "-" "Mozilla/5.0 (compatible; bingbot/2.0; +http://www.bing.com/bingbot.htm)"
40.77.167.64 - - [01/Jan/2020:21:32:25 +0100] "GET /datenschutz.html HTTP/1.1" 200 12023 "-" "Mozilla/5.0 (compatible; bingbot/2.0; +http://www.bing.com/bingbot.htm)"
207.46.13.168 - - [01/Jan/2020:23:09:41 +0100] "GET /referenz.html HTTP/1.1" 200 11524 "-" "Mozilla/5.0 (compatible; bingbot/2.0; +http://www.bing.com/bingbot.htm)"
95.216.96.244 - - [01/Jan/2020:23:32:23 +0100] "GET /robots.txt HTTP/1.1" 404 - "-" "Mozilla/5.0 (compatible; SEOkicks; +https://www.seokicks.de/robot.html)"
95.216.96.244 - - [01/Jan/2020:23:32:25 +0100] "GET / HTTP/1.1" 200 4799 "-" "Mozilla/5.0 (compatible; SEOkicks; +https://www.seokicks.de/robot.html)"
157.55.39.95 - - [01/Jan/2020:23:41:21 +0100] "GET /kontakt.html HTTP/1.1" 200 4581 "-" "Mozilla/5.0 (compatible; bingbot/2.0; +http://www.bing.com/bingbot.htm)"
95.128.200.200 - - [02/Jan/2020:00:08:20 +0100] "GET / HTTP/1.1" 200 4799 "https://www.google.de" "Mozilla/5.0 (Windows NT 6.1) AppleWebKit/537.36 (KHTML, like Gecko) Chrome/41.0.2228.0 Safari/537.36"
207.46.13.168 - - [02/Jan/2020:00:49:05 +0100] "GET /impressum.html HTTP/1.1" 200 5799 "-" "Mozilla/5.0 (compatible; bingbot/2.0; +http://www.bing.com/bingbot.htm)"
5.196.87.140 - - [02/Jan/2020:02:56:45 +0100] "GET / HTTP/1.1" 200 4799 "-" "Mozilla/5.0 (compatible; AhrefsBot/6.1; +http://ahrefs.com/robot/)"
157.55.39.202 - - [02/Jan/2020:05:00:21 +0100] "GET /referenz.html HTTP/1.1" 200 11524 "-" "Mozilla/5.0 (compatible; bingbot/2.0; +http://www.bing.com/bingbot.htm)"
90.187.114.221 - - [02/Jan/2020:07:16:10 +0100] "GET / HTTP/1.1" 200 4799 "-" "Mozilla/5.0 (Windows; U; Windows NT 6.0; de; rv:1.9.2.3) Gecko/20100401 Firefox/3.6.3 ( .NET CLR 3.5.30729)"
216.244.66.200 - - [02/Jan/2020:08:09:42 +0100] "GET /robots.txt HTTP/1.1" 404 - "-" "Mozilla/5.0 (compatible; DotBot/1.1; http://www.opensiteexplorer.org/dotbot, help@moz.com)"
216.244.66.200 - - [02/Jan/2020:08:13:39 +0100] "GET /spektrum.html HTTP/1.1" 200 4492 "-" "Mozilla/5.0 (compatible; DotBot/1.1; http://www.opensiteexplorer.org/dotbot, help@moz.com)"
95.216.96.243 - - [02/Jan/2020:12:33:07 +0100] "GET /robots.txt HTTP/1.1" 404 - "-" "Mozilla/5.0 (compatible; SEOkicks; +https://www.seokicks.de/robot.html)"
95.216.96.243 - - [02/Jan/2020:12:33:08 +0100] "GET / HTTP/1.1" 200 4799 "-" "Mozilla/5.0 (compatible; SEOkicks; +https://www.seokicks.de/robot.html)"
116.203.187.215 - - [02/Jan/2020:13:31:13 +0100] "GET / HTTP/1.1" 200 4799 "-" "Mozilla/5.0 (Macintosh; Intel Mac OS X 10_9_2)"
198.27.81.94 - - [02/Jan/2020:14:18:45 +0100] "GET /wp-login.php HTTP/1.1" 404 - "-" "Mozilla/5.0 (Windows NT 10.0; WOW64) AppleWebKit/537.36 (KHTML, like Gecko) Chrome/46.0.2490.80 Safari/537.36"
198.27.81.94 - - [02/Jan/2020:14:19:16 +0100] "GET /robots.txt HTTP/1.1" 404 - "-" "Mozilla/5.0 (Windows NT 10.0; WOW64) AppleWebKit/537.36 (KHTML, like Gecko) Chrome/46.0.2490.80 Safari/537.36"
95.216.96.242 - - [03/Jan/2020:00:27:18 +0100] "GET /robots.txt HTTP/1.1" 404 - "-" "Mozilla/5.0 (compatible; SEOkicks; +https://www.seokicks.de/robot.html)"
95.216.96.242 - - [03/Jan/2020:00:27:19 +0100] "GET / HTTP/1.1" 200 4799 "-" "Mozilla/5.0 (compatible; SEOkicks; +https://www.seokicks.de/robot.html)"
90.187.114.221 - - [03/Jan/2020:05:23:57 +0100] "GET /datenschutz.html HTTP/1.1" 200 12023 "-" "Mozilla/5.0 (Windows; U; Windows NT 6.0; de; rv:1.9.2.3) Gecko/20100401 Firefox/3.6.3 ( .NET CLR 3.5.30729)"
207.46.13.118 - - [03/Jan/2020:07:27:26 +0100] "GET /projekte.html HTTP/1.1" 200 8338 "-" "Mozilla/5.0 (compatible; bingbot/2.0; +http://www.bing.com/bingbot.htm)"
54.36.148.150 - - [03/Jan/2020:07:47:26 +0100] "GET /robots.txt HTTP/1.1" 404 - "-" "Mozilla/5.0 (compatible; AhrefsBot/6.1; +http://ahrefs.com/robot/)"
90.187.114.221 - - [03/Jan/2020:07:48:02 +0100] "GET /referenz.html HTTP/1.1" 200 11524 "-" "Mozilla/5.0 (Windows; U; Windows NT 6.0; de; rv:1.9.2.3) Gecko/20100401 Firefox/3.6.3 ( .NET CLR 3.5.30729)"
90.187.114.221 - - [03/Jan/2020:08:44:42 +0100] "GET /impressum.html HTTP/1.1" 200 5799 "-" "Mozilla/5.0 (Windows; U; Windows NT 6.0; de; rv:1.9.2.3) Gecko/20100401 Firefox/3.6.3 ( .NET CLR 3.5.30729)"
90.187.114.221 - - [03/Jan/2020:08:47:49 +0100] "GET /spektrum.html HTTP/1.1" 200 4492 "-" "Mozilla/5.0 (Windows; U; Windows NT 6.0; de; rv:1.9.2.3) Gecko/20100401 Firefox/3.6.3 ( .NET CLR 3.5.30729)"
90.187.114.221 - - [03/Jan/2020:09:12:39 +0100] "GET /partner.html HTTP/1.1" 200 4528 "-" "Mozilla/5.0 (Windows; U; Windows NT 6.0; de; rv:1.9.2.3) Gecko/20100401 Firefox/3.6.3 ( .NET CLR 3.5.30729)"
95.216.96.254 - - [03/Jan/2020:09:28:57 +0100] "GET /robots.txt HTTP/1.1" 404 - "-" "Mozilla/5.0 (compatible; SEOkicks; +https://www.seokicks.de/robot.html)"
95.216.96.254 - - [03/Jan/2020:09:28:59 +0100] "GET / HTTP/1.1" 200 4799 "-" "Mozilla/5.0 (compatible; SEOkicks; +https://www.seokicks.de/robot.html)"
90.187.114.221 - - [03/Jan/2020:09:34:12 +0100] "GET /uns.html HTTP/1.1" 200 4520 "-" "Mozilla/5.0 (Windows; U; Windows NT 6.0; de; rv:1.9.2.3) Gecko/20100401 Firefox/3.6.3 ( .NET CLR 3.5.30729)"
90.187.114.221 - - [03/Jan/2020:09:42:22 +0100] "GET /kontakt.html HTTP/1.1" 200 4581 "-" "Mozilla/5.0 (Windows; U; Windows NT 6.0; de; rv:1.9.2.3) Gecko/20100401 Firefox/3.6.3 ( .NET CLR 3.5.30729)"
90.187.114.221 - - [03/Jan/2020:09:51:32 +0100] "GET /index.html HTTP/1.1" 200 4799 "-" "Mozilla/5.0 (Windows; U; Windows NT 6.0; de; rv:1.9.2.3) Gecko/20100401 Firefox/3.6.3 ( .NET CLR 3.5.30729)"
136.243.83.42 - - [03/Jan/2020:14:07:00 +0100] "GET /robots.txt HTTP/1.1" 404 - "-" "Mozilla/5.0 (compatible; MetaJobBot; http://www.metajob.de/crawler)"
136.243.83.42 - - [03/Jan/2020:14:07:00 +0100] "GET /uns.html HTTP/1.1" 200 4520 "-" "Mozilla/5.0 (compatible; MetaJobBot; http://www.metajob.de/crawler)"
148.251.232.166 - - [03/Jan/2020:14:43:53 +0100] "GET /robots.txt HTTP/1.1" 404 - "-" "mindUpBot (datenbutler.de)"
148.251.232.166 - - [03/Jan/2020:14:43:58 +0100] "GET / HTTP/1.1" 200 4799 "-" "mindUpBot (datenbutler.de)"
148.251.232.166 - - [03/Jan/2020:14:44:03 +0100] "GET /spektrum.html HTTP/1.1" 200 4492 "-" "mindUpBot (datenbutler.de)"
148.251.232.166 - - [03/Jan/2020:14:44:08 +0100] "GET /uns.html HTTP/1.1" 200 4520 "-" "mindUpBot (datenbutler.de)"
148.251.232.166 - - [03/Jan/2020:14:44:13 +0100] "GET /index.html HTTP/1.1" 200 4799 "-" "mindUpBot (datenbutler.de)"
148.251.232.166 - - [03/Jan/2020:14:44:18 +0100] "GET /projekte.html HTTP/1.1" 200 8338 "-" "mindUpBot (datenbutler.de)"
148.251.232.166 - - [03/Jan/2020:14:44:23 +0100] "GET /datenschutz.html HTTP/1.1" 200 12023 "-" "mindUpBot (datenbutler.de)"
148.251.232.166 - - [03/Jan/2020:14:44:28 +0100] "GET /partner.html HTTP/1.1" 200 4528 "-" "mindUpBot (datenbutler.de)"
148.251.232.166 - - [03/Jan/2020:14:44:33 +0100] "GET /impressum.html HTTP/1.1" 200 5799 "-" "mindUpBot (datenbutler.de)"
148.251.232.166 - - [03/Jan/2020:14:44:38 +0100] "GET /kontakt.html HTTP/1.1" 200 4581 "-" "mindUpBot (datenbutler.de)"
148.251.232.166 - - [03/Jan/2020:14:44:43 +0100] "GET /referenz.html HTTP/1.1" 200 11524 "-" "mindUpBot (datenbutler.de)"
148.251.232.166 - - [03/Jan/2020:14:44:48 +0100] "GET /impressum.html HTTP/1.1" 200 5799 "-" "mindUpBot (datenbutler.de)"
148.251.232.166 - - [03/Jan/2020:14:44:53 +0100] "GET /kontakt.html HTTP/1.1" 200 4581 "-" "mindUpBot (datenbutler.de)"
95.216.96.243 - - [03/Jan/2020:16:20:24 +0100] "GET /robots.txt HTTP/1.1" 404 - "-" "Mozilla/5.0 (compatible; SEOkicks; +https://www.seokicks.de/robot.html)"
95.216.96.243 - - [03/Jan/2020:16:20:26 +0100] "GET / HTTP/1.1" 200 4799 "-" "Mozilla/5.0 (compatible; SEOkicks; +https://www.seokicks.de/robot.html)"
5.9.107.211 - - [03/Jan/2020:22:25:35 +0100] "GET /robots.txt HTTP/1.1" 404 - "-" "Mozilla/5.0 (compatible; MJ12bot/v1.4.8; http://mj12bot.com/)"
5.9.107.211 - - [03/Jan/2020:22:25:36 +0100] "GET /impressum.html HTTP/1.1" 200 5799 "-" "Mozilla/5.0 (compatible; MJ12bot/v1.4.8; http://mj12bot.com/)"
5.9.107.211 - - [03/Jan/2020:22:25:38 +0100] "GET /index.html HTTP/1.1" 200 4799 "-" "Mozilla/5.0 (compatible; MJ12bot/v1.4.8; http://mj12bot.com/)"
5.9.107.211 - - [03/Jan/2020:22:25:39 +0100] "GET /kontakt.html HTTP/1.1" 200 4581 "-" "Mozilla/5.0 (compatible; MJ12bot/v1.4.8; http://mj12bot.com/)"
5.9.107.211 - - [03/Jan/2020:22:25:41 +0100] "GET /referenz.html HTTP/1.1" 200 11524 "-" "Mozilla/5.0 (compatible; MJ12bot/v1.4.8; http://mj12bot.com/)"
5.9.107.211 - - [03/Jan/2020:22:25:42 +0100] "GET /spektrum.html HTTP/1.1" 200 4492 "-" "Mozilla/5.0 (compatible; MJ12bot/v1.4.8; http://mj12bot.com/)"
5.9.107.211 - - [03/Jan/2020:22:25:44 +0100] "GET /uns.html HTTP/1.1" 200 4520 "-" "Mozilla/5.0 (compatible; MJ12bot/v1.4.8; http://mj12bot.com/)"
46.229.168.134 - - [03/Jan/2020:22:39:14 +0100] "GET /robots.txt HTTP/1.1" 404 - "-" "Mozilla/5.0 (compatible; SemrushBot/6~bl; +http://www.semrush.com/bot.html)"
46.229.168.140 - - [03/Jan/2020:22:39:14 +0100] "GET /partner.html HTTP/1.1" 200 4528 "-" "Mozilla/5.0 (compatible; SemrushBot/6~bl; +http://www.semrush.com/bot.html)"
18.185.81.13 - - [04/Jan/2020:01:10:02 +0100] "GET / HTTP/1.1" 200 4799 "-" "Mozilla/5.0 (Windows NT 6.3; WOW64; rv:46.0) Gecko/20100101 Firefox/46.0"
18.185.81.13 - - [04/Jan/2020:01:10:02 +0100] "GET /impressum.html HTTP/1.1" 200 5799 "-" "Mozilla/5.0 (Windows NT 6.3; WOW64; rv:46.0) Gecko/20100101 Firefox/46.0"
95.216.96.244 - - [04/Jan/2020:02:16:51 +0100] "GET /robots.txt HTTP/1.1" 404 - "-" "Mozilla/5.0 (compatible; SEOkicks; +https://www.seokicks.de/robot.html)"
95.216.96.244 - - [04/Jan/2020:02:16:53 +0100] "GET / HTTP/1.1" 200 4799 "-" "Mozilla/5.0 (compatible; SEOkicks; +https://www.seokicks.de/robot.html)"
157.55.39.21 - - [04/Jan/2020:04:02:26 +0100] "GET /robots.txt HTTP/1.1" 404 - "-" "Mozilla/5.0 (compatible; bingbot/2.0; +http://www.bing.com/bingbot.htm)"
207.46.13.76 - - [04/Jan/2020:04:02:28 +0100] "GET /uns.html HTTP/1.1" 200 4520 "-" "Mozilla/5.0 (compatible; bingbot/2.0; +http://www.bing.com/bingbot.htm)"
54.36.149.41 - - [04/Jan/2020:04:17:29 +0100] "GET /robots.txt HTTP/1.1" 404 - "-" "Mozilla/5.0 (compatible; AhrefsBot/6.1; +http://ahrefs.com/robot/)"
157.55.39.75 - - [04/Jan/2020:04:52:45 +0100] "GET /partner.html HTTP/1.1" 200 4528 "-" "Mozilla/5.0 (compatible; bingbot/2.0; +http://www.bing.com/bingbot.htm)"
46.229.168.152 - - [04/Jan/2020:12:19:21 +0100] "GET /robots.txt HTTP/1.1" 404 - "-" "Mozilla/5.0 (compatible; SemrushBot/6~bl; +http://www.semrush.com/bot.html)"
46.229.168.163 - - [04/Jan/2020:12:19:22 +0100] "GET /spektrum.html HTTP/1.1" 200 4492 "-" "Mozilla/5.0 (compatible; SemrushBot/6~bl; +http://www.semrush.com/bot.html)"
46.229.168.163 - - [04/Jan/2020:12:50:28 +0100] "GET /robots.txt HTTP/1.1" 404 - "-" "Mozilla/5.0 (compatible; SemrushBot/6~bl; +http://www.semrush.com/bot.html)"
46.229.168.148 - - [04/Jan/2020:12:50:28 +0100] "GET /datenschutz.html HTTP/1.1" 200 12023 "-" "Mozilla/5.0 (compatible; SemrushBot/6~bl; +http://www.semrush.com/bot.html)"
95.216.96.254 - - [04/Jan/2020:14:20:59 +0100] "GET /robots.txt HTTP/1.1" 404 - "-" "Mozilla/5.0 (compatible; SEOkicks; +https://www.seokicks.de/robot.html)"
95.216.96.254 - - [04/Jan/2020:14:21:00 +0100] "GET / HTTP/1.1" 200 4799 "-" "Mozilla/5.0 (compatible; SEOkicks; +https://www.seokicks.de/robot.html)"
66.249.65.220 - - [04/Jan/2020:16:34:55 +0100] "GET /robots.txt HTTP/1.1" 404 - "-" "Mozilla/5.0 (compatible; Googlebot/2.1; +http://www.google.com/bot.html)"
66.249.65.221 - - [04/Jan/2020:16:34:56 +0100] "GET /impressum.html HTTP/1.1" 304 - "-" "Mozilla/5.0 (Linux; Android 6.0.1; Nexus 5X Build/MMB29P) AppleWebKit/537.36 (KHTML, like Gecko) Chrome/41.0.2272.96 Mobile Safari/537.36 (compatible; Googlebot/2.1; +http://www.google.com/bot.html)"
66.249.65.220 - - [04/Jan/2020:16:45:01 +0100] "GET / HTTP/1.1" 200 4799 "-" "Mozilla/5.0 (Linux; Android 6.0.1; Nexus 5X Build/MMB29P) AppleWebKit/537.36 (KHTML, like Gecko) Chrome/41.0.2272.96 Mobile Safari/537.36 (compatible; Googlebot/2.1; +http://www.google.com/bot.html)"
5.196.87.158 - - [04/Jan/2020:17:05:25 +0100] "GET / HTTP/1.1" 200 4799 "-" "Mozilla/5.0 (compatible; AhrefsBot/6.1; +http://ahrefs.com/robot/)"
157.55.39.159 - - [04/Jan/2020:22:29:01 +0100] "GET /partner.html HTTP/1.1" 200 4528 "-" "Mozilla/5.0 (compatible; bingbot/2.0; +http://www.bing.com/bingbot.htm)"
95.216.96.254 - - [05/Jan/2020:00:36:53 +0100] "GET /robots.txt HTTP/1.1" 404 - "-" "Mozilla/5.0 (compatible; SEOkicks; +https://www.seokicks.de/robot.html)"
95.216.96.254 - - [05/Jan/2020:00:36:55 +0100] "GET / HTTP/1.1" 200 4799 "-" "Mozilla/5.0 (compatible; SEOkicks; +https://www.seokicks.de/robot.html)"
66.249.64.192 - - [05/Jan/2020:01:56:31 +0100] "GET / HTTP/1.1" 200 4799 "-" "Mozilla/5.0 (Linux; Android 6.0.1; Nexus 5X Build/MMB29P) AppleWebKit/537.36 (KHTML, like Gecko) Chrome/41.0.2272.96 Mobile Safari/537.36 (compatible; Googlebot/2.1; +http://www.google.com/bot.html)"
216.244.66.200 - - [05/Jan/2020:03:04:13 +0100] "GET /robots.txt HTTP/1.1" 404 - "-" "Mozilla/5.0 (compatible; DotBot/1.1; http://www.opensiteexplorer.org/dotbot, help@moz.com)"
216.244.66.200 - - [05/Jan/2020:03:08:41 +0100] "GET /uns.html HTTP/1.1" 200 4520 "-" "Mozilla/5.0 (compatible; DotBot/1.1; http://www.opensiteexplorer.org/dotbot, help@moz.com)"
207.46.13.218 - - [05/Jan/2020:04:07:08 +0100] "GET /uns.html HTTP/1.1" 304 - "-" "Mozilla/5.0 (compatible; bingbot/2.0; +http://www.bing.com/bingbot.htm)"
95.216.96.244 - - [05/Jan/2020:08:22:11 +0100] "GET /robots.txt HTTP/1.1" 404 - "-" "Mozilla/5.0 (compatible; SEOkicks; +https://www.seokicks.de/robot.html)"
95.216.96.244 - - [05/Jan/2020:08:22:13 +0100] "GET / HTTP/1.1" 200 4799 "-" "Mozilla/5.0 (compatible; SEOkicks; +https://www.seokicks.de/robot.html)"
213.83.37.145 - - [05/Jan/2020:12:22:52 +0100] "HEAD / HTTP/1.1" 200 - "-" "Mozilla/5.0 (Windows NT 6.1; rv:39.0) Gecko/20180101 Firefox/39.0"
213.83.37.145 - - [05/Jan/2020:12:22:52 +0100] "HEAD / HTTP/1.1" 200 - "-" "Mozilla/5.0 (Windows NT 6.1; rv:39.0) Gecko/20180101 Firefox/39.0"
213.83.37.145 - - [05/Jan/2020:12:22:52 +0100] "HEAD / HTTP/1.1" 200 - "-" "Mozilla/5.0 (Windows NT 6.1; rv:39.0) Gecko/20180101 Firefox/39.0"
213.83.37.145 - - [05/Jan/2020:12:22:52 +0100] "HEAD / HTTP/1.1" 200 - "-" "Mozilla/5.0 (Windows NT 6.1; rv:39.0) Gecko/20180101 Firefox/39.0"
77.75.77.54 - - [05/Jan/2020:12:51:07 +0100] "GET /robots.txt HTTP/1.1" 404 - "-" "Mozilla/5.0 (compatible; SeznamBot/3.2; +http://napoveda.seznam.cz/en/seznambot-intro/)"
77.75.77.54 - - [05/Jan/2020:12:51:08 +0100] "GET /datenschutz.html HTTP/1.1" 304 - "-" "Mozilla/5.0 (compatible; SeznamBot/3.2; +http://napoveda.seznam.cz/en/seznambot-intro/)"
159.65.40.120 - - [05/Jan/2020:13:54:17 +0100] "GET / HTTP/1.1" 200 4799 "http://www.mbingenieure.de" "Mozilla/5.0 (X11; Datanyze; Linux x86_64) AppleWebKit/537.36 (KHTML, like Gecko) Chrome/65.0.3325.181 Safari/537.36"
159.65.40.120 - - [05/Jan/2020:13:54:17 +0100] "GET /js/libs/modernizr-2.5.3.min.js HTTP/1.1" 200 15274 "-" "Mozilla/5.0 (X11; Datanyze; Linux x86_64) AppleWebKit/537.36 (KHTML, like Gecko) Chrome/65.0.3325.181 Safari/537.36"
159.65.40.120 - - [05/Jan/2020:13:54:17 +0100] "GET /css/style.css HTTP/1.1" 200 2831 "-" "Mozilla/5.0 (X11; Datanyze; Linux x86_64) AppleWebKit/537.36 (KHTML, like Gecko) Chrome/65.0.3325.181 Safari/537.36"
159.65.40.120 - - [05/Jan/2020:13:54:17 +0100] "GET /js/plugins.js HTTP/1.1" 200 898 "-" "Mozilla/5.0 (X11; Datanyze; Linux x86_64) AppleWebKit/537.36 (KHTML, like Gecko) Chrome/65.0.3325.181 Safari/537.36"
159.65.40.120 - - [05/Jan/2020:13:54:24 +0100] "GET /robots.txt HTTP/1.1" 404 - "-" "Mozilla/5.0 (compatible; MSIE 10.0; Windows NT 6.1; WOW64; Trident/6.0)"
159.65.40.120 - - [05/Jan/2020:13:54:27 +0100] "GET /index.html HTTP/1.1" 200 4799 "http://www.mbingenieure.de" "Mozilla/5.0 (X11; Datanyze; Linux x86_64) AppleWebKit/537.36 (KHTML, like Gecko) Chrome/65.0.3325.181 Safari/537.36"
159.65.40.120 - - [05/Jan/2020:13:54:27 +0100] "GET /partner.html HTTP/1.1" 200 4528 "http://www.mbingenieure.de" "Mozilla/5.0 (X11; Datanyze; Linux x86_64) AppleWebKit/537.36 (KHTML, like Gecko) Chrome/65.0.3325.181 Safari/537.36"
159.65.40.120 - - [05/Jan/2020:13:54:27 +0100] "GET /spektrum.html HTTP/1.1" 200 4492 "http://www.mbingenieure.de" "Mozilla/5.0 (X11; Datanyze; Linux x86_64) AppleWebKit/537.36 (KHTML, like Gecko) Chrome/65.0.3325.181 Safari/537.36"
159.65.40.120 - - [05/Jan/2020:13:54:27 +0100] "GET /referenz.html HTTP/1.1" 200 11524 "http://www.mbingenieure.de" "Mozilla/5.0 (X11; Datanyze; Linux x86_64) AppleWebKit/537.36 (KHTML, like Gecko) Chrome/65.0.3325.181 Safari/537.36"
159.65.40.120 - - [05/Jan/2020:13:54:27 +0100] "GET /uns.html HTTP/1.1" 200 4520 "http://www.mbingenieure.de" "Mozilla/5.0 (X11; Datanyze; Linux x86_64) AppleWebKit/537.36 (KHTML, like Gecko) Chrome/65.0.3325.181 Safari/537.36"
159.65.40.120 - - [05/Jan/2020:13:54:29 +0100] "GET /kontakt.html HTTP/1.1" 200 4581 "http://www.mbingenieure.de" "Mozilla/5.0 (X11; Datanyze; Linux x86_64) AppleWebKit/537.36 (KHTML, like Gecko) Chrome/65.0.3325.181 Safari/537.36"
159.65.40.120 - - [05/Jan/2020:13:54:29 +0100] "GET /datenschutz.html HTTP/1.1" 200 12023 "http://www.mbingenieure.de" "Mozilla/5.0 (X11; Datanyze; Linux x86_64) AppleWebKit/537.36 (KHTML, like Gecko) Chrome/65.0.3325.181 Safari/537.36"
159.65.40.120 - - [05/Jan/2020:13:54:29 +0100] "GET /impressum.html HTTP/1.1" 200 5799 "http://www.mbingenieure.de" "Mozilla/5.0 (X11; Datanyze; Linux x86_64) AppleWebKit/537.36 (KHTML, like Gecko) Chrome/65.0.3325.181 Safari/537.36"
95.216.96.244 - - [05/Jan/2020:17:10:03 +0100] "GET /robots.txt HTTP/1.1" 404 - "-" "Mozilla/5.0 (compatible; SEOkicks; +https://www.seokicks.de/robot.html)"
95.216.96.244 - - [05/Jan/2020:17:10:05 +0100] "GET / HTTP/1.1" 200 4799 "-" "Mozilla/5.0 (compatible; SEOkicks; +https://www.seokicks.de/robot.html)"
66.249.64.192 - - [05/Jan/2020:22:41:19 +0100] "GET /robots.txt HTTP/1.1" 404 - "-" "Mozilla/5.0 (compatible; Googlebot/2.1; +http://www.google.com/bot.html)"
66.249.64.192 - - [05/Jan/2020:22:41:19 +0100] "GET / HTTP/1.1" 200 4799 "-" "Mozilla/5.0 (Linux; Android 6.0.1; Nexus 5X Build/MMB29P) AppleWebKit/537.36 (KHTML, like Gecko) Chrome/41.0.2272.96 Mobile Safari/537.36 (compatible; Googlebot/2.1; +http://www.google.com/bot.html)"
93.89.159.15 - - [06/Jan/2020:00:37:04 +0100] "GET / HTTP/1.1" 200 4799 "-" "Mozilla/4.0 (compatible; MSIE 6.0; Windows NT 5.1)"
54.36.148.247 - - [06/Jan/2020:05:04:49 +0100] "GET /robots.txt HTTP/1.1" 404 - "-" "Mozilla/5.0 (compatible; AhrefsBot/6.1; +http://ahrefs.com/robot/)"
95.216.96.242 - - [06/Jan/2020:06:04:57 +0100] "GET /robots.txt HTTP/1.1" 404 - "-" "Mozilla/5.0 (compatible; SEOkicks; +https://www.seokicks.de/robot.html)"
95.216.96.242 - - [06/Jan/2020:06:04:59 +0100] "GET / HTTP/1.1" 200 4799 "-" "Mozilla/5.0 (compatible; SEOkicks; +https://www.seokicks.de/robot.html)"
157.55.39.31 - - [06/Jan/2020:06:20:04 +0100] "GET /robots.txt HTTP/1.1" 404 - "-" "Mozilla/5.0 (compatible; bingbot/2.0; +http://www.bing.com/bingbot.htm)"
207.46.13.123 - - [06/Jan/2020:06:20:08 +0100] "GET /index.html HTTP/1.1" 304 - "-" "Mozilla/5.0 (compatible; bingbot/2.0; +http://www.bing.com/bingbot.htm)"
37.247.209.179 - - [06/Jan/2020:07:20:59 +0100] "GET / HTTP/1.1" 200 4799 "http://www.mbingenieure.de" "Opera/9.80 (Windows NT 5.1; U; en) Presto/2.2.15 Version/10.10"
46.229.168.154 - - [06/Jan/2020:09:22:59 +0100] "GET /robots.txt HTTP/1.1" 404 - "-" "Mozilla/5.0 (compatible; SemrushBot/6~bl; +http://www.semrush.com/bot.html)"
46.229.168.141 - - [06/Jan/2020:09:22:59 +0100] "GET /kontakt.html HTTP/1.1" 200 4581 "-" "Mozilla/5.0 (compatible; SemrushBot/6~bl; +http://www.semrush.com/bot.html)"
66.249.64.192 - - [06/Jan/2020:12:03:36 +0100] "GET /robots.txt HTTP/1.1" 404 - "-" "Mozilla/5.0 (compatible; Googlebot/2.1; +http://www.google.com/bot.html)"
66.249.64.220 - - [06/Jan/2020:12:03:37 +0100] "GET / HTTP/1.1" 200 4799 "-" "Mozilla/5.0 (Linux; Android 6.0.1; Nexus 5X Build/MMB29P) AppleWebKit/537.36 (KHTML, like Gecko) Chrome/41.0.2272.96 Mobile Safari/537.36 (compatible; Googlebot/2.1; +http://www.google.com/bot.html)"
66.249.64.220 - - [06/Jan/2020:12:03:40 +0100] "GET /css/style.css HTTP/1.1" 200 2831 "http://www.mbingenieure.de/" "Mozilla/5.0 (Linux; Android 6.0.1; Nexus 5X Build/MMB29P) AppleWebKit/537.36 (KHTML, like Gecko) Chrome/41.0.2272.96 Mobile Safari/537.36 (compatible; Googlebot/2.1; +http://www.google.com/bot.html)"
66.249.64.222 - - [06/Jan/2020:12:03:41 +0100] "GET /js/libs/modernizr-2.5.3.min.js HTTP/1.1" 200 15274 "http://www.mbingenieure.de/" "Mozilla/5.0 (Linux; Android 6.0.1; Nexus 5X Build/MMB29P) AppleWebKit/537.36 (KHTML, like Gecko) Chrome/41.0.2272.96 Mobile Safari/537.36 (compatible; Googlebot/2.1; +http://www.google.com/bot.html)"
66.249.64.220 - - [06/Jan/2020:12:03:41 +0100] "GET /js/plugins.js HTTP/1.1" 200 898 "http://www.mbingenieure.de/" "Mozilla/5.0 (Linux; Android 6.0.1; Nexus 5X Build/MMB29P) AppleWebKit/537.36 (KHTML, like Gecko) Chrome/41.0.2272.96 Mobile Safari/537.36 (compatible; Googlebot/2.1; +http://www.google.com/bot.html)"
95.216.96.242 - - [06/Jan/2020:16:47:48 +0100] "GET /robots.txt HTTP/1.1" 404 - "-" "Mozilla/5.0 (compatible; SEOkicks; +https://www.seokicks.de/robot.html)"
95.216.96.242 - - [06/Jan/2020:16:47:49 +0100] "GET / HTTP/1.1" 200 4799 "-" "Mozilla/5.0 (compatible; SEOkicks; +https://www.seokicks.de/robot.html)"
194.173.174.106 - - [06/Jan/2020:19:32:58 +0100] "HEAD / HTTP/1.1" 200 - "-" "Mozilla/5.0 (Windows NT 6.3; WOW64) AppleWebKit/537.36 (KHTML, like Gecko) Chrome/43.0.2357.134 Safari/537.36"
3.89.111.214 - - [06/Jan/2020:19:34:19 +0100] "GET / HTTP/1.1" 200 4799 "-" "Mozilla/5.0 (Windows NT 6.1; Win64; x64) AppleWebKit/537.36 (KHTML, like Gecko) Chrome/72.0.3626.109 Safari/537.36"
85.10.201.245 - - [06/Jan/2020:19:57:51 +0100] "GET / HTTP/1.1" 200 4799 "-" "Mozilla/5.0 (X11; Linux x86_64) AppleWebKit/537.36 (KHTML, like Gecko) HeadlessChrome/79.0.3945.79 Safari/537.36"
85.10.201.245 - - [06/Jan/2020:19:57:51 +0100] "GET /css/style.css HTTP/1.1" 200 2831 "http://www.mbingenieure.de/" "Mozilla/5.0 (X11; Linux x86_64) AppleWebKit/537.36 (KHTML, like Gecko) HeadlessChrome/79.0.3945.79 Safari/537.36"
85.10.201.245 - - [06/Jan/2020:19:57:51 +0100] "GET /js/libs/modernizr-2.5.3.min.js HTTP/1.1" 200 15274 "http://www.mbingenieure.de/" "Mozilla/5.0 (X11; Linux x86_64) AppleWebKit/537.36 (KHTML, like Gecko) HeadlessChrome/79.0.3945.79 Safari/537.36"
85.10.201.245 - - [06/Jan/2020:19:57:51 +0100] "GET /images/logo.png HTTP/1.1" 200 16467 "http://www.mbingenieure.de/" "Mozilla/5.0 (X11; Linux x86_64) AppleWebKit/537.36 (KHTML, like Gecko) HeadlessChrome/79.0.3945.79 Safari/537.36"
85.10.201.245 - - [06/Jan/2020:19:57:51 +0100] "GET /images/header.png HTTP/1.1" 200 1494 "http://www.mbingenieure.de/css/style.css" "Mozilla/5.0 (X11; Linux x86_64) AppleWebKit/537.36 (KHTML, like Gecko) HeadlessChrome/79.0.3945.79 Safari/537.36"
85.10.201.245 - - [06/Jan/2020:19:57:51 +0100] "GET /images/footer.png HTTP/1.1" 200 1064 "http://www.mbingenieure.de/css/style.css" "Mozilla/5.0 (X11; Linux x86_64) AppleWebKit/537.36 (KHTML, like Gecko) HeadlessChrome/79.0.3945.79 Safari/537.36"
85.10.201.245 - - [06/Jan/2020:19:57:51 +0100] "GET /images/bild2.png HTTP/1.1" 200 68475 "http://www.mbingenieure.de/" "Mozilla/5.0 (X11; Linux x86_64) AppleWebKit/537.36 (KHTML, like Gecko) HeadlessChrome/79.0.3945.79 Safari/537.36"
85.10.201.245 - - [06/Jan/2020:19:57:51 +0100] "GET /js/plugins.js HTTP/1.1" 200 898 "http://www.mbingenieure.de/" "Mozilla/5.0 (X11; Linux x86_64) AppleWebKit/537.36 (KHTML, like Gecko) HeadlessChrome/79.0.3945.79 Safari/537.36"
85.10.201.245 - - [06/Jan/2020:19:57:51 +0100] "GET /images/bild1.png HTTP/1.1" 200 16301 "http://www.mbingenieure.de/" "Mozilla/5.0 (X11; Linux x86_64) AppleWebKit/537.36 (KHTML, like Gecko) HeadlessChrome/79.0.3945.79 Safari/537.36"
85.10.201.245 - - [06/Jan/2020:19:57:51 +0100] "GET /images/navi.png HTTP/1.1" 200 946 "http://www.mbingenieure.de/css/style.css" "Mozilla/5.0 (X11; Linux x86_64) AppleWebKit/537.36 (KHTML, like Gecko) HeadlessChrome/79.0.3945.79 Safari/537.36"
85.10.201.245 - - [06/Jan/2020:19:57:51 +0100] "GET /images/bild4.png HTTP/1.1" 200 65856 "http://www.mbingenieure.de/" "Mozilla/5.0 (X11; Linux x86_64) AppleWebKit/537.36 (KHTML, like Gecko) HeadlessChrome/79.0.3945.79 Safari/537.36"
95.216.6.105 - - [06/Jan/2020:19:57:54 +0100] "GET / HTTP/1.1" 200 4799 "-" "Mozilla/5.0 (X11; Linux x86_64) AppleWebKit/537.36 (KHTML, like Gecko) HeadlessChrome/79.0.3945.79 Safari/537.36"
95.216.6.105 - - [06/Jan/2020:19:57:54 +0100] "GET /css/style.css HTTP/1.1" 200 2831 "http://www.mbingenieure.de/" "Mozilla/5.0 (X11; Linux x86_64) AppleWebKit/537.36 (KHTML, like Gecko) HeadlessChrome/79.0.3945.79 Safari/537.36"
95.216.6.105 - - [06/Jan/2020:19:57:54 +0100] "GET /js/libs/modernizr-2.5.3.min.js HTTP/1.1" 200 15274 "http://www.mbingenieure.de/" "Mozilla/5.0 (X11; Linux x86_64) AppleWebKit/537.36 (KHTML, like Gecko) HeadlessChrome/79.0.3945.79 Safari/537.36"
95.216.6.105 - - [06/Jan/2020:19:57:54 +0100] "GET /images/logo.png HTTP/1.1" 200 16467 "http://www.mbingenieure.de/" "Mozilla/5.0 (X11; Linux x86_64) AppleWebKit/537.36 (KHTML, like Gecko) HeadlessChrome/79.0.3945.79 Safari/537.36"
95.216.6.105 - - [06/Jan/2020:19:57:54 +0100] "GET /images/footer.png HTTP/1.1" 200 1064 "http://www.mbingenieure.de/css/style.css" "Mozilla/5.0 (X11; Linux x86_64) AppleWebKit/537.36 (KHTML, like Gecko) HeadlessChrome/79.0.3945.79 Safari/537.36"
95.216.6.105 - - [06/Jan/2020:19:57:54 +0100] "GET /images/header.png HTTP/1.1" 200 1494 "http://www.mbingenieure.de/css/style.css" "Mozilla/5.0 (X11; Linux x86_64) AppleWebKit/537.36 (KHTML, like Gecko) HeadlessChrome/79.0.3945.79 Safari/537.36"
95.216.6.105 - - [06/Jan/2020:19:57:54 +0100] "GET /images/bild2.png HTTP/1.1" 200 68475 "http://www.mbingenieure.de/" "Mozilla/5.0 (X11; Linux x86_64) AppleWebKit/537.36 (KHTML, like Gecko) HeadlessChrome/79.0.3945.79 Safari/537.36"
95.216.6.105 - - [06/Jan/2020:19:57:55 +0100] "GET /js/plugins.js HTTP/1.1" 200 898 "http://www.mbingenieure.de/" "Mozilla/5.0 (X11; Linux x86_64) AppleWebKit/537.36 (KHTML, like Gecko) HeadlessChrome/79.0.3945.79 Safari/537.36"
95.216.6.105 - - [06/Jan/2020:19:57:55 +0100] "GET /images/bild1.png HTTP/1.1" 200 16301 "http://www.mbingenieure.de/" "Mozilla/5.0 (X11; Linux x86_64) AppleWebKit/537.36 (KHTML, like Gecko) HeadlessChrome/79.0.3945.79 Safari/537.36"
95.216.6.105 - - [06/Jan/2020:19:57:55 +0100] "GET /images/navi.png HTTP/1.1" 200 946 "http://www.mbingenieure.de/css/style.css" "Mozilla/5.0 (X11; Linux x86_64) AppleWebKit/537.36 (KHTML, like Gecko) HeadlessChrome/79.0.3945.79 Safari/537.36"
95.216.6.105 - - [06/Jan/2020:19:57:55 +0100] "GET /images/bild4.png HTTP/1.1" 200 65856 "http://www.mbingenieure.de/" "Mozilla/5.0 (X11; Linux x86_64) AppleWebKit/537.36 (KHTML, like Gecko) HeadlessChrome/79.0.3945.79 Safari/537.36"
78.46.49.186 - - [06/Jan/2020:19:58:01 +0100] "GET /favicon.ico HTTP/1.1" 200 93062 "-" "Mozilla/5.0 (X11; Linux x86_64) AppleWebKit/537.36 (KHTML, like Gecko) Chrome/75.0.3770.142 Safari/537.36"
78.46.49.186 - - [06/Jan/2020:19:58:01 +0100] "GET / HTTP/1.1" 200 4799 "-" "Mozilla/5.0 (X11; Linux x86_64) AppleWebKit/537.36 (KHTML, like Gecko) Chrome/75.0.3770.142 Safari/537.36"
95.128.200.200 - - [07/Jan/2020:01:11:26 +0100] "GET / HTTP/1.1" 200 4799 "https://www.google.de" "Mozilla/5.0 (Windows NT 6.1) AppleWebKit/537.36 (KHTML, like Gecko) Chrome/41.0.2228.0 Safari/537.36"
95.216.96.254 - - [07/Jan/2020:03:07:06 +0100] "GET /robots.txt HTTP/1.1" 404 - "-" "Mozilla/5.0 (compatible; SEOkicks; +https://www.seokicks.de/robot.html)"
95.216.96.254 - - [07/Jan/2020:03:07:08 +0100] "GET / HTTP/1.1" 200 4799 "-" "Mozilla/5.0 (compatible; SEOkicks; +https://www.seokicks.de/robot.html)"
66.249.66.28 - - [07/Jan/2020:04:27:36 +0100] "GET /robots.txt HTTP/1.1" 404 - "-" "Mozilla/5.0 (compatible; Googlebot/2.1; +http://www.google.com/bot.html)"
66.249.66.28 - - [07/Jan/2020:04:27:36 +0100] "GET / HTTP/1.1" 200 4799 "-" "Mozilla/5.0 (Linux; Android 6.0.1; Nexus 5X Build/MMB29P) AppleWebKit/537.36 (KHTML, like Gecko) Chrome/41.0.2272.96 Mobile Safari/537.36 (compatible; Googlebot/2.1; +http://www.google.com/bot.html)"
188.165.200.217 - - [07/Jan/2020:07:07:09 +0100] "HEAD / HTTP/1.1" 200 - "-" "Mozilla/4.0 (compatible; MSIE 5.01; Windows NT 5.0)"
54.36.148.54 - - [07/Jan/2020:07:15:40 +0100] "GET /robots.txt HTTP/1.1" 404 - "-" "Mozilla/5.0 (compatible; AhrefsBot/6.1; +http://ahrefs.com/robot/)"
54.36.148.66 - - [07/Jan/2020:08:00:56 +0100] "GET /robots.txt HTTP/1.1" 404 - "-" "Mozilla/5.0 (compatible; AhrefsBot/6.1; +http://ahrefs.com/robot/)"
151.80.39.143 - - [07/Jan/2020:08:00:57 +0100] "GET / HTTP/1.1" 200 4799 "-" "Mozilla/5.0 (compatible; AhrefsBot/6.1; +http://ahrefs.com/robot/)"
157.55.39.3 - - [07/Jan/2020:11:15:59 +0100] "GET /robots.txt HTTP/1.1" 404 - "-" "Mozilla/5.0 (compatible; bingbot/2.0; +http://www.bing.com/bingbot.htm)"
87.173.215.220 - - [07/Jan/2020:12:19:26 +0100] "GET /impressum.html HTTP/1.1" 200 5799 "https://www.google.de/" "Mozilla/5.0 (Windows NT 10.0; Win64; x64; rv:71.0) Gecko/20100101 Firefox/71.0"
87.173.215.220 - - [07/Jan/2020:12:19:27 +0100] "GET /css/style.css HTTP/1.1" 200 2831 "http://www.mbingenieure.de/impressum.html" "Mozilla/5.0 (Windows NT 10.0; Win64; x64; rv:71.0) Gecko/20100101 Firefox/71.0"
87.173.215.220 - - [07/Jan/2020:12:19:27 +0100] "GET /js/libs/modernizr-2.5.3.min.js HTTP/1.1" 200 15274 "http://www.mbingenieure.de/impressum.html" "Mozilla/5.0 (Windows NT 10.0; Win64; x64; rv:71.0) Gecko/20100101 Firefox/71.0"
87.173.215.220 - - [07/Jan/2020:12:19:27 +0100] "GET /js/plugins.js HTTP/1.1" 200 898 "http://www.mbingenieure.de/impressum.html" "Mozilla/5.0 (Windows NT 10.0; Win64; x64; rv:71.0) Gecko/20100101 Firefox/71.0"
87.173.215.220 - - [07/Jan/2020:12:19:27 +0100] "GET /images/footer.png HTTP/1.1" 200 1064 "http://www.mbingenieure.de/css/style.css" "Mozilla/5.0 (Windows NT 10.0; Win64; x64; rv:71.0) Gecko/20100101 Firefox/71.0"
87.173.215.220 - - [07/Jan/2020:12:19:27 +0100] "GET /images/header.png HTTP/1.1" 200 1494 "http://www.mbingenieure.de/css/style.css" "Mozilla/5.0 (Windows NT 10.0; Win64; x64; rv:71.0) Gecko/20100101 Firefox/71.0"
87.173.215.220 - - [07/Jan/2020:12:19:28 +0100] "GET /images/navi.png HTTP/1.1" 200 946 "http://www.mbingenieure.de/css/style.css" "Mozilla/5.0 (Windows NT 10.0; Win64; x64; rv:71.0) Gecko/20100101 Firefox/71.0"
87.173.215.220 - - [07/Jan/2020:12:19:28 +0100] "GET /favicon.ico HTTP/1.1" 200 93062 "-" "Mozilla/5.0 (Windows NT 10.0; Win64; x64; rv:71.0) Gecko/20100101 Firefox/71.0"
95.216.96.244 - - [07/Jan/2020:14:03:05 +0100] "GET /robots.txt HTTP/1.1" 404 - "-" "Mozilla/5.0 (compatible; SEOkicks; +https://www.seokicks.de/robot.html)"
95.216.96.244 - - [07/Jan/2020:14:03:07 +0100] "GET / HTTP/1.1" 200 4799 "-" "Mozilla/5.0 (compatible; SEOkicks; +https://www.seokicks.de/robot.html)"
194.173.174.106 - - [07/Jan/2020:18:21:02 +0100] "HEAD / HTTP/1.1" 200 - "-" "Mozilla/5.0 (Windows NT 6.3; WOW64) AppleWebKit/537.36 (KHTML, like Gecko) Chrome/43.0.2357.134 Safari/537.36"
18.212.42.148 - - [07/Jan/2020:18:22:28 +0100] "GET / HTTP/1.1" 200 4799 "-" "Mozilla/5.0 (Windows NT 6.1; Win64; x64) AppleWebKit/537.36 (KHTML, like Gecko) Chrome/72.0.3626.109 Safari/537.36"
95.216.96.244 - - [08/Jan/2020:01:30:54 +0100] "GET /robots.txt HTTP/1.1" 404 - "-" "Mozilla/5.0 (compatible; SEOkicks; +https://www.seokicks.de/robot.html)"
95.216.96.244 - - [08/Jan/2020:01:30:55 +0100] "GET / HTTP/1.1" 200 4799 "-" "Mozilla/5.0 (compatible; SEOkicks; +https://www.seokicks.de/robot.html)"
71.190.204.111 - - [08/Jan/2020:01:53:20 +0100] "GET / HTTP/1.1" 200 4799 "-" "Mozilla/5.0 (Windows; U; Windows NT 5.1; en-US; rv:1.8.1.13) Gecko/20080311 Firefox/803D4DA8"
70.106.198.21 - - [08/Jan/2020:01:53:22 +0100] "GET /impressum.html HTTP/1.1" 200 5799 "-" "Mozilla/5.0 (X11; Linux i686 on x86_64; rv:12.0) Gecko/20100101 Firefox/25D9"
66.249.66.28 - - [08/Jan/2020:03:54:34 +0100] "GET /robots.txt HTTP/1.1" 404 - "-" "Mozilla/5.0 (compatible; Googlebot/2.1; +http://www.google.com/bot.html)"
66.249.66.30 - - [08/Jan/2020:03:54:34 +0100] "GET / HTTP/1.1" 200 4799 "-" "Mozilla/5.0 (Linux; Android 6.0.1; Nexus 5X Build/MMB29P) AppleWebKit/537.36 (KHTML, like Gecko) Chrome/41.0.2272.96 Mobile Safari/537.36 (compatible; Googlebot/2.1; +http://www.google.com/bot.html)"
95.216.96.243 - - [08/Jan/2020:08:39:45 +0100] "GET /robots.txt HTTP/1.1" 404 - "-" "Mozilla/5.0 (compatible; SEOkicks; +https://www.seokicks.de/robot.html)"
95.216.96.243 - - [08/Jan/2020:08:39:47 +0100] "GET / HTTP/1.1" 200 4799 "-" "Mozilla/5.0 (compatible; SEOkicks; +https://www.seokicks.de/robot.html)"
54.36.149.18 - - [08/Jan/2020:10:30:52 +0100] "GET /robots.txt HTTP/1.1" 404 - "-" "Mozilla/5.0 (compatible; AhrefsBot/6.1; +http://ahrefs.com/robot/)"
157.55.39.127 - - [08/Jan/2020:11:50:55 +0100] "GET /projekte.html HTTP/1.1" 200 8338 "-" "Mozilla/5.0 (compatible; bingbot/2.0; +http://www.bing.com/bingbot.htm)"
207.46.13.42 - - [08/Jan/2020:12:42:44 +0100] "GET /referenz.html HTTP/1.1" 304 - "-" "Mozilla/5.0 (compatible; bingbot/2.0; +http://www.bing.com/bingbot.htm)"
90.187.114.221 - - [08/Jan/2020:14:28:08 +0100] "GET / HTTP/1.1" 200 4799 "-" "Mozilla/5.0 (Windows; U; Windows NT 6.0; de; rv:1.9.2.3) Gecko/20100401 Firefox/3.6.3 ( .NET CLR 3.5.30729)"
31.13.103.14 - - [08/Jan/2020:17:11:37 +0100] "GET / HTTP/1.1" 206 4799 "-" "facebookexternalhit/1.1 (+http://www.facebook.com/externalhit_uatext.php)"
95.216.96.243 - - [08/Jan/2020:18:11:29 +0100] "GET /robots.txt HTTP/1.1" 404 - "-" "Mozilla/5.0 (compatible; SEOkicks; +https://www.seokicks.de/robot.html)"
95.216.96.243 - - [08/Jan/2020:18:11:31 +0100] "GET / HTTP/1.1" 200 4799 "-" "Mozilla/5.0 (compatible; SEOkicks; +https://www.seokicks.de/robot.html)"
40.77.167.176 - - [08/Jan/2020:18:40:29 +0100] "GET /projekte.html HTTP/1.1" 304 - "-" "Mozilla/5.0 (compatible; bingbot/2.0; +http://www.bing.com/bingbot.htm)"
109.102.226.187 - - [08/Jan/2020:21:03:29 +0100] "GET / HTTP/1.1" 200 4799 "-" "Mozilla/5.0 (compatible& Googlebot/2.1& +http://www.google.com/bot.html)"
109.102.226.187 - - [08/Jan/2020:21:03:29 +0100] "GET / HTTP/1.1" 200 4799 "-" "Mozilla/5.0 (Linux; U; Android 4.0.3; ko-kr; LG-L160L Build/IML74K) AppleWebkit/534.30 (KHTML, like Gecko) Version/4.0 Mobile Safari/534.30"
157.55.39.34 - - [08/Jan/2020:23:04:16 +0100] "GET /robots.txt HTTP/1.1" 404 - "-" "Mozilla/5.0 (compatible; bingbot/2.0; +http://www.bing.com/bingbot.htm)"
207.46.13.42 - - [08/Jan/2020:23:04:26 +0100] "GET /referenz.html HTTP/1.1" 304 - "-" "Mozilla/5.0 (compatible; bingbot/2.0; +http://www.bing.com/bingbot.htm)"
95.216.96.242 - - [09/Jan/2020:02:25:04 +0100] "GET /robots.txt HTTP/1.1" 404 - "-" "Mozilla/5.0 (compatible; SEOkicks; +https://www.seokicks.de/robot.html)"
95.216.96.242 - - [09/Jan/2020:02:25:06 +0100] "GET / HTTP/1.1" 200 4799 "-" "Mozilla/5.0 (compatible; SEOkicks; +https://www.seokicks.de/robot.html)"
66.249.66.1 - - [09/Jan/2020:05:54:33 +0100] "GET /robots.txt HTTP/1.1" 404 - "-" "Mozilla/5.0 (compatible; Googlebot/2.1; +http://www.google.com/bot.html)"
66.249.66.28 - - [09/Jan/2020:05:54:34 +0100] "GET /impressum.html HTTP/1.1" 304 - "-" "Mozilla/5.0 (Linux; Android 6.0.1; Nexus 5X Build/MMB29P) AppleWebKit/537.36 (KHTML, like Gecko) Chrome/41.0.2272.96 Mobile Safari/537.36 (compatible; Googlebot/2.1; +http://www.google.com/bot.html)"
80.187.105.124 - - [09/Jan/2020:07:01:39 +0100] "GET /impressum.html HTTP/1.1" 200 5799 "https://www.google.com/" "Mozilla/5.0 (Linux; Android 9; LYA-L29) AppleWebKit/537.36 (KHTML, like Gecko) Chrome/79.0.3945.93 Mobile Safari/537.36"
80.187.105.124 - - [09/Jan/2020:07:01:39 +0100] "GET /css/style.css HTTP/1.1" 200 2831 "http://www.mbingenieure.de/impressum.html" "Mozilla/5.0 (Linux; Android 9; LYA-L29) AppleWebKit/537.36 (KHTML, like Gecko) Chrome/79.0.3945.93 Mobile Safari/537.36"
80.187.105.124 - - [09/Jan/2020:07:01:39 +0100] "GET /js/libs/modernizr-2.5.3.min.js HTTP/1.1" 200 15274 "http://www.mbingenieure.de/impressum.html" "Mozilla/5.0 (Linux; Android 9; LYA-L29) AppleWebKit/537.36 (KHTML, like Gecko) Chrome/79.0.3945.93 Mobile Safari/537.36"
80.187.105.124 - - [09/Jan/2020:07:01:39 +0100] "GET /js/plugins.js HTTP/1.1" 200 898 "http://www.mbingenieure.de/impressum.html" "Mozilla/5.0 (Linux; Android 9; LYA-L29) AppleWebKit/537.36 (KHTML, like Gecko) Chrome/79.0.3945.93 Mobile Safari/537.36"
80.187.105.124 - - [09/Jan/2020:07:01:39 +0100] "GET /images/footer.png HTTP/1.1" 200 1064 "http://www.mbingenieure.de/css/style.css" "Mozilla/5.0 (Linux; Android 9; LYA-L29) AppleWebKit/537.36 (KHTML, like Gecko) Chrome/79.0.3945.93 Mobile Safari/537.36"
80.187.105.124 - - [09/Jan/2020:07:01:39 +0100] "GET /images/header.png HTTP/1.1" 200 1494 "http://www.mbingenieure.de/css/style.css" "Mozilla/5.0 (Linux; Android 9; LYA-L29) AppleWebKit/537.36 (KHTML, like Gecko) Chrome/79.0.3945.93 Mobile Safari/537.36"
80.187.105.124 - - [09/Jan/2020:07:01:40 +0100] "GET /images/navi.png HTTP/1.1" 200 946 "http://www.mbingenieure.de/css/style.css" "Mozilla/5.0 (Linux; Android 9; LYA-L29) AppleWebKit/537.36 (KHTML, like Gecko) Chrome/79.0.3945.93 Mobile Safari/537.36"
80.187.105.124 - - [09/Jan/2020:07:01:40 +0100] "GET /favicon.ico HTTP/1.1" 200 93062 "http://www.mbingenieure.de/impressum.html" "Mozilla/5.0 (Linux; Android 9; LYA-L29) AppleWebKit/537.36 (KHTML, like Gecko) Chrome/79.0.3945.93 Mobile Safari/537.36"
80.187.105.124 - - [09/Jan/2020:07:01:47 +0100] "GET /uns.html HTTP/1.1" 200 4520 "http://www.mbingenieure.de/impressum.html" "Mozilla/5.0 (Linux; Android 9; LYA-L29) AppleWebKit/537.36 (KHTML, like Gecko) Chrome/79.0.3945.93 Mobile Safari/537.36"
80.187.105.124 - - [09/Jan/2020:07:02:05 +0100] "GET /spektrum.html HTTP/1.1" 200 4492 "http://www.mbingenieure.de/uns.html" "Mozilla/5.0 (Linux; Android 9; LYA-L29) AppleWebKit/537.36 (KHTML, like Gecko) Chrome/79.0.3945.93 Mobile Safari/537.36"
80.187.105.124 - - [09/Jan/2020:07:02:14 +0100] "GET /partner.html HTTP/1.1" 200 4528 "http://www.mbingenieure.de/spektrum.html" "Mozilla/5.0 (Linux; Android 9; LYA-L29) AppleWebKit/537.36 (KHTML, like Gecko) Chrome/79.0.3945.93 Mobile Safari/537.36"
80.187.105.124 - - [09/Jan/2020:07:02:24 +0100] "GET /referenz.html HTTP/1.1" 200 11524 "http://www.mbingenieure.de/partner.html" "Mozilla/5.0 (Linux; Android 9; LYA-L29) AppleWebKit/537.36 (KHTML, like Gecko) Chrome/79.0.3945.93 Mobile Safari/537.36"
192.168.10.13 - - [09/Jan/2020:12:25:21 +0100] "GET / HTTP/1.1" 200 4799 "-" "Mozilla/5.0 (Windows NT 6.1; Win64; x64; rv:72.0) Gecko/20100101 Firefox/72.0"
192.168.10.13 - - [09/Jan/2020:12:25:21 +0100] "GET /css/style.css HTTP/1.1" 200 2831 "http://www.mbingenieure.de/" "Mozilla/5.0 (Windows NT 6.1; Win64; x64; rv:72.0) Gecko/20100101 Firefox/72.0"
192.168.10.13 - - [09/Jan/2020:12:25:21 +0100] "GET /js/plugins.js HTTP/1.1" 200 898 "http://www.mbingenieure.de/" "Mozilla/5.0 (Windows NT 6.1; Win64; x64; rv:72.0) Gecko/20100101 Firefox/72.0"
192.168.10.13 - - [09/Jan/2020:12:25:21 +0100] "GET /js/libs/modernizr-2.5.3.min.js HTTP/1.1" 200 15274 "http://www.mbingenieure.de/" "Mozilla/5.0 (Windows NT 6.1; Win64; x64; rv:72.0) Gecko/20100101 Firefox/72.0"
192.168.10.13 - - [09/Jan/2020:12:25:21 +0100] "GET /images/logo.png HTTP/1.1" 200 16467 "http://www.mbingenieure.de/" "Mozilla/5.0 (Windows NT 6.1; Win64; x64; rv:72.0) Gecko/20100101 Firefox/72.0"
192.168.10.13 - - [09/Jan/2020:12:25:21 +0100] "GET /images/bild2.png HTTP/1.1" 200 68475 "http://www.mbingenieure.de/" "Mozilla/5.0 (Windows NT 6.1; Win64; x64; rv:72.0) Gecko/20100101 Firefox/72.0"
192.168.10.13 - - [09/Jan/2020:12:25:21 +0100] "GET /images/bild1.png HTTP/1.1" 200 16301 "http://www.mbingenieure.de/" "Mozilla/5.0 (Windows NT 6.1; Win64; x64; rv:72.0) Gecko/20100101 Firefox/72.0"
192.168.10.13 - - [09/Jan/2020:12:25:21 +0100] "GET /images/header.png HTTP/1.1" 200 1494 "http://www.mbingenieure.de/css/style.css" "Mozilla/5.0 (Windows NT 6.1; Win64; x64; rv:72.0) Gecko/20100101 Firefox/72.0"
192.168.10.13 - - [09/Jan/2020:12:25:21 +0100] "GET /images/bild4.png HTTP/1.1" 200 65856 "http://www.mbingenieure.de/" "Mozilla/5.0 (Windows NT 6.1; Win64; x64; rv:72.0) Gecko/20100101 Firefox/72.0"
192.168.10.13 - - [09/Jan/2020:12:25:21 +0100] "GET /images/footer.png HTTP/1.1" 200 1064 "http://www.mbingenieure.de/css/style.css" "Mozilla/5.0 (Windows NT 6.1; Win64; x64; rv:72.0) Gecko/20100101 Firefox/72.0"
192.168.10.13 - - [09/Jan/2020:12:25:22 +0100] "GET /images/navi.png HTTP/1.1" 200 946 "http://www.mbingenieure.de/css/style.css" "Mozilla/5.0 (Windows NT 6.1; Win64; x64; rv:72.0) Gecko/20100101 Firefox/72.0"
192.168.10.13 - - [09/Jan/2020:12:25:22 +0100] "GET /favicon.ico HTTP/1.1" 200 93062 "-" "Mozilla/5.0 (Windows NT 6.1; Win64; x64; rv:72.0) Gecko/20100101 Firefox/72.0"
192.168.10.13 - - [09/Jan/2020:12:25:36 +0100] "GET /impressum.html HTTP/1.1" 200 5799 "http://www.mbingenieure.de/" "Mozilla/5.0 (Windows NT 6.1; Win64; x64; rv:72.0) Gecko/20100101 Firefox/72.0"
90.187.114.221 - - [09/Jan/2020:12:29:57 +0100] "GET /datenschutz.html HTTP/1.1" 200 12023 "-" "Mozilla/5.0 (Windows; U; Windows NT 6.0; de; rv:1.9.2.3) Gecko/20100401 Firefox/3.6.3 ( .NET CLR 3.5.30729)"
66.249.66.28 - - [09/Jan/2020:14:29:07 +0100] "GET / HTTP/1.1" 200 4799 "-" "Mozilla/5.0 (Linux; Android 6.0.1; Nexus 5X Build/MMB29P) AppleWebKit/537.36 (KHTML, like Gecko) Chrome/41.0.2272.96 Mobile Safari/537.36 (compatible; Googlebot/2.1; +http://www.google.com/bot.html)"
66.249.66.1 - - [09/Jan/2020:14:29:09 +0100] "GET /js/libs/modernizr-2.5.3.min.js HTTP/1.1" 200 15274 "http://www.mbingenieure.de/" "Mozilla/5.0 (Linux; Android 6.0.1; Nexus 5X Build/MMB29P) AppleWebKit/537.36 (KHTML, like Gecko) Chrome/41.0.2272.96 Mobile Safari/537.36 (compatible; Googlebot/2.1; +http://www.google.com/bot.html)"
