85.216.53.95 - - [16/Mar/2012:12:30:15 +0100] "GET /images/plmc.gif HTTP/1.1" 200 166 "http://www.ksbb.de/" "Mozilla/5.0 (Windows; U; Windows NT 6.0; de; rv:1.8.1.20) Gecko/20081217 Firefox/2.0.0.20 GTB7.1 (.NET CLR 3.5.30729)"
85.216.53.95 - - [16/Mar/2012:12:30:15 +0100] "GET /images/plbt.gif HTTP/1.1" 200 161 "http://www.ksbb.de/" "Mozilla/5.0 (Windows; U; Windows NT 6.0; de; rv:1.8.1.20) Gecko/20081217 Firefox/2.0.0.20 GTB7.1 (.NET CLR 3.5.30729)"
85.216.53.95 - - [16/Mar/2012:12:30:15 +0100] "GET /images/ksbb1_sbp.jpg HTTP/1.1" 200 3871 "http://www.ksbb.de/" "Mozilla/5.0 (Windows; U; Windows NT 6.0; de; rv:1.8.1.20) Gecko/20081217 Firefox/2.0.0.20 GTB7.1 (.NET CLR 3.5.30729)"
85.216.53.95 - - [16/Mar/2012:12:30:15 +0100] "GET /images/ulslogosbp_sbp.jpg HTTP/1.1" 200 1896 "http://www.ksbb.de/" "Mozilla/5.0 (Windows; U; Windows NT 6.0; de; rv:1.8.1.20) Gecko/20081217 Firefox/2.0.0.20 GTB7.1 (.NET CLR 3.5.30729)"
85.216.53.95 - - [16/Mar/2012:12:30:15 +0100] "GET /images/iso9001_sbp.jpg HTTP/1.1" 200 4462 "http://www.ksbb.de/" "Mozilla/5.0 (Windows; U; Windows NT 6.0; de; rv:1.8.1.20) Gecko/20081217 Firefox/2.0.0.20 GTB7.1 (.NET CLR 3.5.30729)"
85.216.53.95 - - [16/Mar/2012:12:30:15 +0100] "GET /images/logoprofex_sbp.gif HTTP/1.1" 200 3524 "http://www.ksbb.de/" "Mozilla/5.0 (Windows; U; Windows NT 6.0; de; rv:1.8.1.20) Gecko/20081217 Firefox/2.0.0.20 GTB7.1 (.NET CLR 3.5.30729)"
85.216.53.95 - - [16/Mar/2012:12:30:15 +0100] "GET /images/phnvmtht4.gif HTTP/1.1" 200 2627 "http://www.ksbb.de/" "Mozilla/5.0 (Windows; U; Windows NT 6.0; de; rv:1.8.1.20) Gecko/20081217 Firefox/2.0.0.20 GTB7.1 (.NET CLR 3.5.30729)"
85.216.53.95 - - [16/Mar/2012:12:30:15 +0100] "GET /images/phnvmtt4.gif HTTP/1.1" 200 2685 "http://www.ksbb.de/" "Mozilla/5.0 (Windows; U; Windows NT 6.0; de; rv:1.8.1.20) Gecko/20081217 Firefox/2.0.0.20 GTB7.1 (.NET CLR 3.5.30729)"
85.216.53.95 - - [16/Mar/2012:12:30:15 +0100] "GET /images/phnvmtht5.gif HTTP/1.1" 200 2500 "http://www.ksbb.de/" "Mozilla/5.0 (Windows; U; Windows NT 6.0; de; rv:1.8.1.20) Gecko/20081217 Firefox/2.0.0.20 GTB7.1 (.NET CLR 3.5.30729)"
85.216.53.95 - - [16/Mar/2012:12:30:15 +0100] "GET /images/phnvmtt5.gif HTTP/1.1" 200 2563 "http://www.ksbb.de/" "Mozilla/5.0 (Windows; U; Windows NT 6.0; de; rv:1.8.1.20) Gecko/20081217 Firefox/2.0.0.20 GTB7.1 (.NET CLR 3.5.30729)"
85.216.53.95 - - [16/Mar/2012:12:30:15 +0100] "GET /images/phnvmtht6.gif HTTP/1.1" 200 1696 "http://www.ksbb.de/" "Mozilla/5.0 (Windows; U; Windows NT 6.0; de; rv:1.8.1.20) Gecko/20081217 Firefox/2.0.0.20 GTB7.1 (.NET CLR 3.5.30729)"
85.216.53.95 - - [16/Mar/2012:12:30:15 +0100] "GET /images/phnvmtt6.gif HTTP/1.1" 200 1637 "http://www.ksbb.de/" "Mozilla/5.0 (Windows; U; Windows NT 6.0; de; rv:1.8.1.20) Gecko/20081217 Firefox/2.0.0.20 GTB7.1 (.NET CLR 3.5.30729)"
85.216.53.95 - - [16/Mar/2012:12:30:15 +0100] "GET /images/phnvmtht7.gif HTTP/1.1" 200 2615 "http://www.ksbb.de/" "Mozilla/5.0 (Windows; U; Windows NT 6.0; de; rv:1.8.1.20) Gecko/20081217 Firefox/2.0.0.20 GTB7.1 (.NET CLR 3.5.30729)"
85.216.53.95 - - [16/Mar/2012:12:30:15 +0100] "GET /images/phnvmtt7.gif HTTP/1.1" 200 2552 "http://www.ksbb.de/" "Mozilla/5.0 (Windows; U; Windows NT 6.0; de; rv:1.8.1.20) Gecko/20081217 Firefox/2.0.0.20 GTB7.1 (.NET CLR 3.5.30729)"
85.216.53.95 - - [16/Mar/2012:12:30:15 +0100] "GET /images/phomesm0.gif HTTP/1.1" 200 2239 "http://www.ksbb.de/" "Mozilla/5.0 (Windows; U; Windows NT 6.0; de; rv:1.8.1.20) Gecko/20081217 Firefox/2.0.0.20 GTB7.1 (.NET CLR 3.5.30729)"
85.216.53.95 - - [16/Mar/2012:12:30:15 +0100] "GET /images/pmtm1.gif HTTP/1.1" 200 1155 "http://www.ksbb.de/" "Mozilla/5.0 (Windows; U; Windows NT 6.0; de; rv:1.8.1.20) Gecko/20081217 Firefox/2.0.0.20 GTB7.1 (.NET CLR 3.5.30729)"
85.216.53.95 - - [16/Mar/2012:12:30:15 +0100] "GET /images/pmthm1.gif HTTP/1.1" 200 2169 "http://www.ksbb.de/" "Mozilla/5.0 (Windows; U; Windows NT 6.0; de; rv:1.8.1.20) Gecko/20081217 Firefox/2.0.0.20 GTB7.1 (.NET CLR 3.5.30729)"
85.216.53.95 - - [16/Mar/2012:12:30:15 +0100] "GET /images/pmtm2.gif HTTP/1.1" 200 628 "http://www.ksbb.de/" "Mozilla/5.0 (Windows; U; Windows NT 6.0; de; rv:1.8.1.20) Gecko/20081217 Firefox/2.0.0.20 GTB7.1 (.NET CLR 3.5.30729)"
85.216.53.95 - - [16/Mar/2012:12:30:15 +0100] "GET /images/pmthm2.gif HTTP/1.1" 200 1209 "http://www.ksbb.de/" "Mozilla/5.0 (Windows; U; Windows NT 6.0; de; rv:1.8.1.20) Gecko/20081217 Firefox/2.0.0.20 GTB7.1 (.NET CLR 3.5.30729)"
85.216.53.95 - - [16/Mar/2012:12:30:15 +0100] "GET /images/pmtm3.gif HTTP/1.1" 200 2032 "http://www.ksbb.de/" "Mozilla/5.0 (Windows; U; Windows NT 6.0; de; rv:1.8.1.20) Gecko/20081217 Firefox/2.0.0.20 GTB7.1 (.NET CLR 3.5.30729)"
85.216.53.95 - - [16/Mar/2012:12:30:15 +0100] "GET /images/pmthm3.gif HTTP/1.1" 200 2275 "http://www.ksbb.de/" "Mozilla/5.0 (Windows; U; Windows NT 6.0; de; rv:1.8.1.20) Gecko/20081217 Firefox/2.0.0.20 GTB7.1 (.NET CLR 3.5.30729)"
85.216.53.95 - - [16/Mar/2012:12:30:15 +0100] "GET /images/pmtm4.gif HTTP/1.1" 200 2316 "http://www.ksbb.de/" "Mozilla/5.0 (Windows; U; Windows NT 6.0; de; rv:1.8.1.20) Gecko/20081217 Firefox/2.0.0.20 GTB7.1 (.NET CLR 3.5.30729)"
85.216.53.95 - - [16/Mar/2012:12:30:16 +0100] "GET /images/pmthm4.gif HTTP/1.1" 200 2518 "http://www.ksbb.de/" "Mozilla/5.0 (Windows; U; Windows NT 6.0; de; rv:1.8.1.20) Gecko/20081217 Firefox/2.0.0.20 GTB7.1 (.NET CLR 3.5.30729)"
85.216.53.95 - - [16/Mar/2012:12:30:16 +0100] "GET /images/pmtm5.gif HTTP/1.1" 200 2185 "http://www.ksbb.de/" "Mozilla/5.0 (Windows; U; Windows NT 6.0; de; rv:1.8.1.20) Gecko/20081217 Firefox/2.0.0.20 GTB7.1 (.NET CLR 3.5.30729)"
85.216.53.95 - - [16/Mar/2012:12:30:16 +0100] "GET /images/pmthm5.gif HTTP/1.1" 200 2381 "http://www.ksbb.de/" "Mozilla/5.0 (Windows; U; Windows NT 6.0; de; rv:1.8.1.20) Gecko/20081217 Firefox/2.0.0.20 GTB7.1 (.NET CLR 3.5.30729)"
85.216.53.95 - - [16/Mar/2012:12:30:16 +0100] "GET /images/pmtm6.gif HTTP/1.1" 200 628 "http://www.ksbb.de/" "Mozilla/5.0 (Windows; U; Windows NT 6.0; de; rv:1.8.1.20) Gecko/20081217 Firefox/2.0.0.20 GTB7.1 (.NET CLR 3.5.30729)"
85.216.53.95 - - [16/Mar/2012:12:30:16 +0100] "GET /images/pmthm6.gif HTTP/1.1" 200 1209 "http://www.ksbb.de/" "Mozilla/5.0 (Windows; U; Windows NT 6.0; de; rv:1.8.1.20) Gecko/20081217 Firefox/2.0.0.20 GTB7.1 (.NET CLR 3.5.30729)"
85.216.53.95 - - [16/Mar/2012:12:30:16 +0100] "GET /images/pmtm7.gif HTTP/1.1" 200 1174 "http://www.ksbb.de/" "Mozilla/5.0 (Windows; U; Windows NT 6.0; de; rv:1.8.1.20) Gecko/20081217 Firefox/2.0.0.20 GTB7.1 (.NET CLR 3.5.30729)"
85.216.53.95 - - [16/Mar/2012:12:30:16 +0100] "GET /images/pmthm7.gif HTTP/1.1" 200 2195 "http://www.ksbb.de/" "Mozilla/5.0 (Windows; U; Windows NT 6.0; de; rv:1.8.1.20) Gecko/20081217 Firefox/2.0.0.20 GTB7.1 (.NET CLR 3.5.30729)"
85.216.53.95 - - [16/Mar/2012:12:30:16 +0100] "GET /images/pd.gif HTTP/1.1" 200 111 "http://www.ksbb.de/" "Mozilla/5.0 (Windows; U; Windows NT 6.0; de; rv:1.8.1.20) Gecko/20081217 Firefox/2.0.0.20 GTB7.1 (.NET CLR 3.5.30729)"
85.216.53.95 - - [16/Mar/2012:12:30:16 +0100] "GET /images/pbg.gif HTTP/1.1" 200 52 "http://www.ksbb.de/" "Mozilla/5.0 (Windows; U; Windows NT 6.0; de; rv:1.8.1.20) Gecko/20081217 Firefox/2.0.0.20 GTB7.1 (.NET CLR 3.5.30729)"
85.216.53.95 - - [16/Mar/2012:12:30:16 +0100] "GET /images/psd.gif HTTP/1.1" 200 111 "http://www.ksbb.de/" "Mozilla/5.0 (Windows; U; Windows NT 6.0; de; rv:1.8.1.20) Gecko/20081217 Firefox/2.0.0.20 GTB7.1 (.NET CLR 3.5.30729)"
85.216.53.95 - - [16/Mar/2012:12:30:16 +0100] "GET /images/plvt.gif HTTP/1.1" 200 53 "http://www.ksbb.de/" "Mozilla/5.0 (Windows; U; Windows NT 6.0; de; rv:1.8.1.20) Gecko/20081217 Firefox/2.0.0.20 GTB7.1 (.NET CLR 3.5.30729)"
85.216.53.95 - - [16/Mar/2012:12:30:16 +0100] "GET /favicon.ico HTTP/1.1" 404 - "-" "Mozilla/5.0 (Windows; U; Windows NT 6.0; de; rv:1.8.1.20) Gecko/20081217 Firefox/2.0.0.20 GTB7.1 (.NET CLR 3.5.30729)"
85.216.53.95 - - [16/Mar/2012:12:30:32 +0100] "GET / HTTP/1.1" 200 24284 "-" "Mozilla/5.0 (Windows; U; Windows NT 6.0; de; rv:1.8.1.20) Gecko/20081217 Firefox/2.0.0.20 GTB7.1 (.NET CLR 3.5.30729)"
85.216.53.95 - - [16/Mar/2012:12:30:36 +0100] "GET / HTTP/1.1" 200 24284 "-" "Mozilla/5.0 (Windows; U; Windows NT 6.0; de; rv:1.8.1.20) Gecko/20081217 Firefox/2.0.0.20 GTB7.1 (.NET CLR 3.5.30729)"
207.46.192.45 - - [16/Mar/2012:13:15:39 +0100] "GET /robots.txt HTTP/1.1" 404 - "-" "Mozilla/5.0 (compatible; bingbot/2.0; +http://www.bing.com/bingbot.htm)"
66.249.72.185 - - [16/Mar/2012:13:32:50 +0100] "GET /00000198660c9d618/index.php HTTP/1.1" 200 15359 "-" "Mozilla/5.0 (iPhone; U; CPU iPhone OS 4_1 like Mac OS X; en-us) AppleWebKit/532.9 (KHTML, like Gecko) Version/4.0.5 Mobile/8B117 Safari/6531.22.7 (compatible; Googlebot-Mobile/2.1; +http://www.google.com/bot.html)"
66.249.66.2 - - [16/Mar/2012:13:36:41 +0100] "GET /images/baustellegif_72.gif HTTP/1.1" 200 2909 "-" "Mozilla/5.0 (compatible; Googlebot/2.1; +http://www.google.com/bot.html)"
66.249.66.2 - - [16/Mar/2012:13:36:41 +0100] "GET /images/pnvtht1m5.gif HTTP/1.1" 200 2769 "-" "Mozilla/5.0 (compatible; Googlebot/2.1; +http://www.google.com/bot.html)"
66.249.72.185 - - [16/Mar/2012:13:36:42 +0100] "GET /images/pnvtt1m5.gif HTTP/1.1" 200 2706 "-" "Mozilla/5.0 (compatible; Googlebot/2.1; +http://www.google.com/bot.html)"
207.46.192.45 - - [16/Mar/2012:13:48:20 +0100] "GET / HTTP/1.1" 200 24284 "-" "Mozilla/5.0 (compatible; bingbot/2.0; +http://www.bing.com/bingbot.htm)"
66.249.66.2 - - [16/Mar/2012:13:52:28 +0100] "GET /000001985b0e5e29a/000001985e0778004/index.php HTTP/1.1" 200 17366 "-" "Mozilla/5.0 (compatible; Googlebot/2.1; +http://www.google.com/bot.html)"
89.69.132.118 - - [16/Mar/2012:13:59:06 +0100] "GET / HTTP/1.0" 200 24284 "-" "Mozilla/4.0 (compatible; MSIE 6.0; Windows XP; KyoHTTP 1.1.13, http://www.LinkCheckerPro.com)"
66.249.66.2 - - [16/Mar/2012:14:11:39 +0100] "GET /index.php HTTP/1.1" 200 24284 "-" "Mozilla/5.0 (compatible; Googlebot/2.1; +http://www.google.com/bot.html)"
66.249.66.2 - - [16/Mar/2012:14:24:27 +0100] "GET /images/pd.gif HTTP/1.1" 200 111 "-" "Googlebot-Image/1.0"
66.249.72.185 - - [16/Mar/2012:14:26:00 +0100] "GET /00000398730fce012.php HTTP/1.1" 200 22670 "-" "Mozilla/5.0 (compatible; Googlebot/2.1; +http://www.google.com/bot.html)"
123.125.71.35 - - [16/Mar/2012:14:32:57 +0100] "GET / HTTP/1.1" 200 15277 "-" "Mozilla/5.0 (compatible; Baiduspider/2.0; +http://www.baidu.com/search/spider.html)"
66.249.72.185 - - [16/Mar/2012:14:33:15 +0100] "GET /000001985b0e5e29a/index.php HTTP/1.1" 200 16906 "-" "Mozilla/5.0 (compatible; Googlebot/2.1; +http://www.google.com/bot.html)"
220.181.108.90 - - [16/Mar/2012:14:33:35 +0100] "GET / HTTP/1.1" 200 15277 "-" "Mozilla/5.0 (compatible; Baiduspider/2.0; +http://www.baidu.com/search/spider.html)"
66.249.72.185 - - [16/Mar/2012:14:33:57 +0100] "GET /000001985b0e5e29a/000001985f0d1bf04/index.php HTTP/1.1" 200 17301 "-" "Mozilla/5.0 (compatible; Googlebot/2.1; +http://www.google.com/bot.html)"
66.249.72.185 - - [16/Mar/2012:14:40:09 +0100] "GET /031d669bf5054cf01/index.php HTTP/1.1" 200 13914 "-" "Mozilla/5.0 (compatible; Googlebot/2.1; +http://www.google.com/bot.html)"
66.249.72.185 - - [16/Mar/2012:14:42:09 +0100] "GET /images/psd.gif HTTP/1.1" 200 111 "-" "Googlebot-Image/1.0"
66.249.66.2 - - [16/Mar/2012:14:49:20 +0100] "GET /000001985b0d93482/index.php HTTP/1.1" 200 15590 "-" "Mozilla/5.0 (compatible; Googlebot/2.1; +http://www.google.com/bot.html)"
66.249.66.2 - - [16/Mar/2012:14:58:32 +0100] "GET /images/pmtm1.gif HTTP/1.1" 200 1155 "-" "Googlebot-Image/1.0"
66.249.66.2 - - [16/Mar/2012:15:00:58 +0100] "GET /00000198660b9a703/index.php HTTP/1.1" 200 19288 "-" "Mozilla/5.0 (compatible; Googlebot/2.1; +http://www.google.com/bot.html)"
66.249.66.2 - - [16/Mar/2012:15:08:10 +0100] "GET /00000198660c9d618/index.php HTTP/1.1" 200 15359 "-" "Mozilla/5.0 (compatible; Googlebot/2.1; +http://www.google.com/bot.html)"
66.249.66.2 - - [16/Mar/2012:15:14:30 +0100] "GET /000001985b0ce1e49/index.php HTTP/1.1" 200 14912 "-" "Mozilla/5.0 (compatible; Googlebot/2.1; +http://www.google.com/bot.html)"
66.249.66.2 - - [16/Mar/2012:15:14:47 +0100] "GET /images/pmtm4.gif HTTP/1.1" 200 2316 "-" "Googlebot-Image/1.0"
66.249.66.2 - - [16/Mar/2012:15:22:15 +0100] "GET /000001985b0d93482/000001985b0fc8f0b/index.php HTTP/1.1" 200 15388 "-" "Mozilla/5.0 (compatible; Googlebot/2.1; +http://www.google.com/bot.html)"
66.249.72.185 - - [16/Mar/2012:15:28:29 +0100] "GET /00000198660c9d618/00000198660cdce24/index.php HTTP/1.1" 200 17962 "-" "Mozilla/5.0 (compatible; Googlebot/2.1; +http://www.google.com/bot.html)"
66.249.66.2 - - [16/Mar/2012:15:28:57 +0100] "GET /images/pmtm3.gif HTTP/1.1" 200 2032 "-" "Googlebot-Image/1.0"
66.249.66.2 - - [16/Mar/2012:15:36:36 +0100] "GET /000001985b0e5e29a/000001985f0d8f113/index.php HTTP/1.1" 200 20340 "-" "Mozilla/5.0 (compatible; Googlebot/2.1; +http://www.google.com/bot.html)"
66.249.66.2 - - [16/Mar/2012:15:42:07 +0100] "GET /images/pmtm5.gif HTTP/1.1" 200 2185 "-" "Googlebot-Image/1.0"
66.249.72.185 - - [16/Mar/2012:15:42:51 +0100] "GET /000001985b0d93482/00000198660ae2e07/index.php HTTP/1.1" 200 17564 "-" "Mozilla/5.0 (compatible; Googlebot/2.1; +http://www.google.com/bot.html)"
66.249.66.2 - - [16/Mar/2012:15:49:28 +0100] "GET /00000198660b9a703/00000198660bb6a0a/index.php HTTP/1.1" 200 16353 "-" "Mozilla/5.0 (compatible; Googlebot/2.1; +http://www.google.com/bot.html)"
66.249.66.2 - - [16/Mar/2012:15:53:11 +0100] "GET /images/pmtm2.gif HTTP/1.1" 200 628 "-" "Googlebot-Image/1.0"
66.249.66.2 - - [16/Mar/2012:15:55:35 +0100] "GET /00000198660c9d618/00000198610cada01/index.php HTTP/1.1" 200 18163 "-" "Mozilla/5.0 (compatible; Googlebot/2.1; +http://www.google.com/bot.html)"
193.47.80.37 - - [16/Mar/2012:16:01:03 +0100] "GET /robots.txt HTTP/1.1" 404 - "-" "Mozilla/5.0 (compatible; Exabot/3.0; +http://www.exabot.com/go/robot)"
193.47.80.37 - - [16/Mar/2012:16:01:03 +0100] "GET /00000198660b9a703/index.php HTTP/1.1" 200 19288 "-" "Mozilla/5.0 (compatible; Exabot/3.0; +http://www.exabot.com/go/robot)"
66.249.72.185 - - [16/Mar/2012:16:02:20 +0100] "GET /000001985b0e5e29a/000001985f0d7940e/index.php HTTP/1.1" 200 17532 "-" "Mozilla/5.0 (compatible; Googlebot/2.1; +http://www.google.com/bot.html)"
66.249.66.2 - - [16/Mar/2012:16:03:07 +0100] "GET /images/pmtm7.gif HTTP/1.1" 200 1174 "-" "Googlebot-Image/1.0"
66.249.66.2 - - [16/Mar/2012:16:08:38 +0100] "GET /000001985b0ce1e49/00000198610d8af28/index.php HTTP/1.1" 200 15780 "-" "Mozilla/5.0 (compatible; Googlebot/2.1; +http://www.google.com/bot.html)"
66.249.66.2 - - [16/Mar/2012:16:10:47 +0100] "GET /images/pmtm6.gif HTTP/1.1" 200 628 "-" "Googlebot-Image/1.0"
66.249.72.185 - - [16/Mar/2012:16:14:42 +0100] "GET /000001985b0ce1e49/00000198610d6501c/index.php HTTP/1.1" 200 15944 "-" "Mozilla/5.0 (compatible; Googlebot/2.1; +http://www.google.com/bot.html)"
66.249.72.185 - - [16/Mar/2012:16:32:07 +0100] "GET /images/pmthm1.gif HTTP/1.1" 200 2169 "-" "Googlebot-Image/1.0"
66.249.72.185 - - [16/Mar/2012:16:36:51 +0100] "GET /w2dfgw.php HTTP/1.1" 200 35 "-" "Mozilla/5.0 (compatible; Googlebot/2.1; +http://www.google.com/bot.html)"
66.249.72.185 - - [16/Mar/2012:16:42:07 +0100] "GET /00000198660c9d618/00000198610cada01/00000198660cb3c1b.php HTTP/1.1" 200 15909 "-" "Mozilla/5.0 (compatible; Googlebot/2.1; +http://www.google.com/bot.html)"
66.249.66.2 - - [16/Mar/2012:16:47:30 +0100] "GET /00000198660c9d618/00000198610cada01/00000198610cbe908.php HTTP/1.1" 200 16002 "-" "Mozilla/5.0 (compatible; Googlebot/2.1; +http://www.google.com/bot.html)"
66.249.66.2 - - [16/Mar/2012:16:54:44 +0100] "GET /000001985b0ce1e49/00000198610d8af28/00000198610da0a31.php HTTP/1.1" 200 14401 "-" "Mozilla/5.0 (compatible; Googlebot/2.1; +http://www.google.com/bot.html)"
66.249.72.185 - - [16/Mar/2012:16:57:10 +0100] "GET /images/pmthm7.gif HTTP/1.1" 200 2195 "-" "Googlebot-Image/1.0"
66.249.66.2 - - [16/Mar/2012:17:00:00 +0100] "GET /00000198660c9d618/00000198610cada01/00000198610ccef0b.php HTTP/1.1" 200 15788 "-" "Mozilla/5.0 (compatible; Googlebot/2.1; +http://www.google.com/bot.html)"
66.249.66.2 - - [16/Mar/2012:17:06:24 +0100] "GET /000001985b0ce1e49/00000198610d6501c/00000198610d70421.php HTTP/1.1" 200 14491 "-" "Mozilla/5.0 (compatible; Googlebot/2.1; +http://www.google.com/bot.html)"
66.249.66.2 - - [16/Mar/2012:17:11:11 +0100] "GET /000001985b0ce1e49/00000198610d6501c/00000198610d75024.php HTTP/1.1" 200 14496 "-" "Mozilla/5.0 (compatible; Googlebot/2.1; +http://www.google.com/bot.html)"
66.249.72.185 - - [16/Mar/2012:17:17:37 +0100] "GET /00000198660b9a703/00000198660bb6a0a/00000198660bc480f.php HTTP/1.1" 200 17091 "-" "Mozilla/5.0 (compatible; Googlebot/2.1; +http://www.google.com/bot.html)"
66.249.66.2 - - [16/Mar/2012:17:23:07 +0100] "GET /000001985b0ce1e49/00000198610d6501c/00000198610d71d22.php HTTP/1.1" 200 14337 "-" "Mozilla/5.0 (compatible; Googlebot/2.1; +http://www.google.com/bot.html)"
66.249.66.2 - - [16/Mar/2012:17:24:48 +0100] "GET /images/pcmpc1.gif HTTP/1.1" 200 1155 "-" "Googlebot-Image/1.0"
66.249.72.185 - - [16/Mar/2012:17:30:42 +0100] "GET /00000198660c9d618/00000198610cada01/00000198610cb4105.php HTTP/1.1" 200 15910 "-" "Mozilla/5.0 (compatible; Googlebot/2.1; +http://www.google.com/bot.html)"
66.249.66.2 - - [16/Mar/2012:17:36:23 +0100] "GET /000001985b0d93482/00000198660ae2e07/00000198660b24011/index.php HTTP/1.1" 200 20685 "-" "Mozilla/5.0 (compatible; Googlebot/2.1; +http://www.google.com/bot.html)"
66.249.66.2 - - [16/Mar/2012:17:42:16 +0100] "GET /000001985b0e5e29a/000001985f0d1bf04/000001985f0d57c08/index.php HTTP/1.1" 200 17857 "-" "Mozilla/5.0 (compatible; Googlebot/2.1; +http://www.google.com/bot.html)"
66.249.66.2 - - [16/Mar/2012:17:49:43 +0100] "GET /00000198660a80203/index.php HTTP/1.1" 200 12651 "-" "Mozilla/5.0 (compatible; Googlebot/2.1; +http://www.google.com/bot.html)"
66.249.66.2 - - [16/Mar/2012:17:54:42 +0100] "GET /images/pcmpc2.gif HTTP/1.1" 200 1240 "-" "Googlebot-Image/1.0"
66.249.72.185 - - [16/Mar/2012:18:22:24 +0100] "GET /images/pmthm4.gif HTTP/1.1" 200 2518 "-" "Googlebot-Image/1.0"
66.249.72.185 - - [16/Mar/2012:18:51:12 +0100] "GET /images/pmthm5.gif HTTP/1.1" 200 2381 "-" "Googlebot-Image/1.0"
66.249.72.185 - - [16/Mar/2012:19:20:00 +0100] "GET /images/pmthm2.gif HTTP/1.1" 200 1209 "-" "Googlebot-Image/1.0"
66.249.66.2 - - [16/Mar/2012:19:48:48 +0100] "GET /images/pmthm6.gif HTTP/1.1" 200 1209 "-" "Googlebot-Image/1.0"
66.249.66.2 - - [16/Mar/2012:20:17:36 +0100] "GET /images/pmthm3.gif HTTP/1.1" 200 2275 "-" "Googlebot-Image/1.0"
66.249.66.2 - - [16/Mar/2012:20:46:24 +0100] "GET /images/pcmphc1.gif HTTP/1.1" 200 2164 "-" "Googlebot-Image/1.0"
66.249.66.2 - - [16/Mar/2012:21:15:12 +0100] "GET /images/pcmphc2.gif HTTP/1.1" 200 2299 "-" "Googlebot-Image/1.0"
66.249.66.2 - - [16/Mar/2012:21:45:05 +0100] "GET /images/phnvmtt4.gif HTTP/1.1" 200 2685 "-" "Googlebot-Image/1.0"
66.249.72.185 - - [16/Mar/2012:22:12:48 +0100] "GET /images/phnvmtt2.gif HTTP/1.1" 200 1637 "-" "Googlebot-Image/1.0"
123.125.71.22 - - [16/Mar/2012:22:32:44 +0100] "GET / HTTP/1.1" 200 15277 "-" "Mozilla/5.0 (compatible; Baiduspider/2.0; +http://www.baidu.com/search/spider.html)"
220.181.108.84 - - [16/Mar/2012:22:33:23 +0100] "GET / HTTP/1.1" 200 15277 "-" "Mozilla/5.0 (compatible; Baiduspider/2.0; +http://www.baidu.com/search/spider.html)"
66.249.66.2 - - [16/Mar/2012:22:41:36 +0100] "GET /images/phomesm0.gif HTTP/1.1" 200 2239 "-" "Googlebot-Image/1.0"
66.249.66.2 - - [16/Mar/2012:23:10:24 +0100] "GET /images/phnvmtt3.gif HTTP/1.1" 200 2611 "-" "Googlebot-Image/1.0"
66.249.66.2 - - [16/Mar/2012:23:39:12 +0100] "GET /images/phnvmtt6.gif HTTP/1.1" 200 1637 "-" "Googlebot-Image/1.0"
66.249.66.2 - - [17/Mar/2012:00:08:00 +0100] "GET /images/phnvmtt1.gif HTTP/1.1" 200 2551 "-" "Googlebot-Image/1.0"
66.249.66.2 - - [17/Mar/2012:00:36:48 +0100] "GET /robots.txt HTTP/1.1" 404 - "-" "Mozilla/5.0 (compatible; Googlebot/2.1; +http://www.google.com/bot.html)"
66.249.66.2 - - [17/Mar/2012:00:36:48 +0100] "GET /images/phnvmtt7.gif HTTP/1.1" 200 2552 "-" "Googlebot-Image/1.0"
66.249.72.185 - - [17/Mar/2012:01:05:36 +0100] "GET /images/phnvmtt5.gif HTTP/1.1" 200 2563 "-" "Googlebot-Image/1.0"
66.249.66.2 - - [17/Mar/2012:01:35:43 +0100] "GET /images/phnvmtht2.gif HTTP/1.1" 200 1696 "-" "Googlebot-Image/1.0"
66.249.66.2 - - [17/Mar/2012:02:05:47 +0100] "GET /images/phnvmtht3.gif HTTP/1.1" 200 2679 "-" "Googlebot-Image/1.0"
66.249.66.2 - - [17/Mar/2012:02:32:00 +0100] "GET /images/phnvmtht6.gif HTTP/1.1" 200 1696 "-" "Googlebot-Image/1.0"
66.249.72.185 - - [17/Mar/2012:03:00:48 +0100] "GET /images/phnvmtht5.gif HTTP/1.1" 200 2500 "-" "Googlebot-Image/1.0"
66.249.72.185 - - [17/Mar/2012:03:29:36 +0100] "GET /images/phnvmtht4.gif HTTP/1.1" 200 2627 "-" "Googlebot-Image/1.0"
66.249.72.185 - - [17/Mar/2012:03:58:25 +0100] "GET /images/phnvmtht1.gif HTTP/1.1" 200 2613 "-" "Googlebot-Image/1.0"
66.249.66.2 - - [17/Mar/2012:04:27:12 +0100] "GET /images/phnvmtht7.gif HTTP/1.1" 200 2615 "-" "Googlebot-Image/1.0"
193.47.80.37 - - [17/Mar/2012:04:42:51 +0100] "GET / HTTP/1.1" 200 24280 "-" "Mozilla/5.0 (compatible; Exabot/3.0; +http://www.exabot.com/go/robot)"
66.249.66.2 - - [17/Mar/2012:04:56:00 +0100] "GET /images/30288.jpg HTTP/1.1" 200 184160 "-" "Googlebot-Image/1.0"
66.249.72.185 - - [17/Mar/2012:05:25:09 +0100] "GET /images/55275.jpg HTTP/1.1" 200 77367 "-" "Googlebot-Image/1.0"
66.249.66.2 - - [17/Mar/2012:05:55:11 +0100] "GET /images/35029.jpg HTTP/1.1" 200 56734 "-" "Googlebot-Image/1.0"
66.249.66.2 - - [17/Mar/2012:06:09:54 +0100] "GET /index.php HTTP/1.1" 200 24280 "-" "Mozilla/5.0 (compatible; Googlebot/2.1; +http://www.google.com/bot.html)"
66.249.66.2 - - [17/Mar/2012:06:22:24 +0100] "GET /images/52298.jpg HTTP/1.1" 200 48388 "-" "Googlebot-Image/1.0"
123.125.71.21 - - [17/Mar/2012:06:30:20 +0100] "GET / HTTP/1.1" 200 15277 "-" "Mozilla/5.0 (compatible; Baiduspider/2.0; +http://www.baidu.com/search/spider.html)"
220.181.108.96 - - [17/Mar/2012:06:30:55 +0100] "GET / HTTP/1.1" 200 15277 "-" "Mozilla/5.0 (compatible; Baiduspider/2.0; +http://www.baidu.com/search/spider.html)"
66.249.72.185 - - [17/Mar/2012:06:41:39 +0100] "GET /00000198660c9d618/00000198610cada01/00000198660cc5621.php HTTP/1.1" 200 15929 "-" "Mozilla/5.0 (compatible; Googlebot/2.1; +http://www.google.com/bot.html)"
66.249.66.2 - - [17/Mar/2012:06:51:12 +0100] "GET /images/pmtsm2.gif HTTP/1.1" 200 1201 "-" "Googlebot-Image/1.0"
217.212.224.183 - - [17/Mar/2012:07:02:53 +0100] "GET /robots.txt HTTP/1.0" 404 - "-" "psbot/0.1 (+http://www.picsearch.com/bot.html)"
217.212.224.181 - - [17/Mar/2012:07:02:53 +0100] "GET /000001985b0ce1e49/index.php HTTP/1.0" 200 14908 "-" "psbot/0.1 (+http://www.picsearch.com/bot.html)"
217.212.224.181 - - [17/Mar/2012:07:03:47 +0100] "GET /000001985b0ce1e49/00000198610d6501c/index.php HTTP/1.0" 200 15940 "-" "psbot/0.1 (+http://www.picsearch.com/bot.html)"
217.212.224.181 - - [17/Mar/2012:07:04:40 +0100] "GET /00000398730fcd910.php HTTP/1.0" 200 22409 "-" "psbot/0.1 (+http://www.picsearch.com/bot.html)"
217.212.224.181 - - [17/Mar/2012:07:05:33 +0100] "GET /000001985b0d93482/index.php HTTP/1.0" 200 15586 "-" "psbot/0.1 (+http://www.picsearch.com/bot.html)"
217.212.224.181 - - [17/Mar/2012:07:06:28 +0100] "GET /000001985b0d93482/00000198660ae2e07/index.php HTTP/1.0" 200 17560 "-" "psbot/0.1 (+http://www.picsearch.com/bot.html)"
217.212.224.181 - - [17/Mar/2012:07:07:24 +0100] "GET /00000198660a80203/index.php HTTP/1.0" 200 12647 "-" "psbot/0.1 (+http://www.picsearch.com/bot.html)"
217.212.224.181 - - [17/Mar/2012:07:08:18 +0100] "GET /000001985b0d93482/000001985b0fc8f0b/index.php HTTP/1.0" 200 15384 "-" "psbot/0.1 (+http://www.picsearch.com/bot.html)"
217.212.224.181 - - [17/Mar/2012:07:09:19 +0100] "GET /000001985b0e5e29a/000001985f0d7940e/index.php HTTP/1.0" 200 17528 "-" "psbot/0.1 (+http://www.picsearch.com/bot.html)"
217.212.224.181 - - [17/Mar/2012:07:10:13 +0100] "GET /00000198660b9a703/index.php HTTP/1.0" 200 19284 "-" "psbot/0.1 (+http://www.picsearch.com/bot.html)"
217.212.224.181 - - [17/Mar/2012:07:11:09 +0100] "GET /00000198660c9d618/00000198610cada01/index.php HTTP/1.0" 200 18159 "-" "psbot/0.1 (+http://www.picsearch.com/bot.html)"
217.212.224.181 - - [17/Mar/2012:07:12:06 +0100] "GET /000001985b0e5e29a/000001985f0d1bf04/index.php HTTP/1.0" 200 17297 "-" "psbot/0.1 (+http://www.picsearch.com/bot.html)"
217.212.224.181 - - [17/Mar/2012:07:13:01 +0100] "GET /000001985b0d93482/000001985c0868401/index.php HTTP/1.0" 200 20288 "-" "psbot/0.1 (+http://www.picsearch.com/bot.html)"
66.249.66.2 - - [17/Mar/2012:07:20:00 +0100] "GET /images/pmtsm4.gif HTTP/1.1" 200 2502 "-" "Googlebot-Image/1.0"
207.46.192.45 - - [17/Mar/2012:07:37:04 +0100] "GET / HTTP/1.1" 200 24280 "-" "Mozilla/5.0 (compatible; bingbot/2.0; +http://www.bing.com/bingbot.htm)"
66.249.72.185 - - [17/Mar/2012:07:48:48 +0100] "GET /images/pmtsm5.gif HTTP/1.1" 200 2379 "-" "Googlebot-Image/1.0"
66.249.72.185 - - [17/Mar/2012:08:17:36 +0100] "GET /images/pmtsm6.gif HTTP/1.1" 200 1201 "-" "Googlebot-Image/1.0"
217.212.224.181 - - [17/Mar/2012:08:45:12 +0100] "GET /000001985b0e5e29a/000001985f0d8f113/index.php HTTP/1.0" 200 20336 "-" "psbot/0.1 (+http://www.picsearch.com/bot.html)"
217.212.224.181 - - [17/Mar/2012:08:46:12 +0100] "GET /00000198660c9d618/index.php HTTP/1.0" 200 15355 "-" "psbot/0.1 (+http://www.picsearch.com/bot.html)"
66.249.66.2 - - [17/Mar/2012:08:46:24 +0100] "GET /images/pmtsm7.gif HTTP/1.1" 200 2174 "-" "Googlebot-Image/1.0"
66.249.66.2 - - [17/Mar/2012:09:15:12 +0100] "GET /images/pmtsm1.gif HTTP/1.1" 200 2156 "-" "Googlebot-Image/1.0"
66.249.72.185 - - [17/Mar/2012:09:45:03 +0100] "GET /images/ss04035.jpg HTTP/1.1" 200 144893 "-" "Googlebot-Image/1.0"
66.249.66.2 - - [17/Mar/2012:10:12:48 +0100] "GET /images/phomem0.gif HTTP/1.1" 200 2022 "-" "Googlebot-Image/1.0"
208.115.111.75 - - [17/Mar/2012:10:19:36 +0100] "GET /robots.txt HTTP/1.1" 404 - "-" "Mozilla/5.0 (compatible; Ezooms/1.0; ezooms.bot@gmail.com)"
123.125.71.95 - - [17/Mar/2012:10:33:32 +0100] "GET /robots.txt HTTP/1.1" 404 - "-" "Mozilla/5.0 (compatible; Baiduspider/2.0; +http://www.baidu.com/search/spider.html)"
213.186.127.12 - - [17/Mar/2012:10:38:50 +0100] "GET /robots.txt HTTP/1.1" 404 - "-" "Mozilla/5.0 (compatible; AhrefsBot/2.0; +http://ahrefs.com/robot/)"
66.249.66.2 - - [17/Mar/2012:10:41:36 +0100] "GET /images/ss38095.jpg HTTP/1.1" 200 83298 "-" "Googlebot-Image/1.0"
66.249.72.185 - - [17/Mar/2012:10:51:11 +0100] "GET / HTTP/1.1" 200 24280 "-" "DoCoMo/2.0 N905i(c100;TB;W24H16) (compatible; Googlebot-Mobile/2.1; +http://www.google.com/bot.html)"
66.249.72.185 - - [17/Mar/2012:10:51:19 +0100] "GET /000001985b0e5e29a/index.php HTTP/1.1" 200 16902 "-" "Mozilla/5.0 (iPhone; U; CPU iPhone OS 4_1 like Mac OS X; en-us) AppleWebKit/532.9 (KHTML, like Gecko) Version/4.0.5 Mobile/8B117 Safari/6531.22.7 (compatible; Googlebot-Mobile/2.1; +http://www.google.com/bot.html)"
66.249.66.2 - - [17/Mar/2012:11:10:24 +0100] "GET /images/pnvtt3m2.gif HTTP/1.1" 200 2723 "-" "Googlebot-Image/1.0"
66.249.66.2 - - [17/Mar/2012:11:39:12 +0100] "GET /images/phomehm0.gif HTTP/1.1" 200 2254 "-" "Googlebot-Image/1.0"
66.249.66.2 - - [17/Mar/2012:12:08:00 +0100] "GET /images/pnvtt1m2.gif HTTP/1.1" 200 2551 "-" "Googlebot-Image/1.0"
208.115.111.75 - - [17/Mar/2012:12:28:10 +0100] "GET /00000198660c9d618/00000198610cada01/index.php HTTP/1.1" 200 18159 "-" "Mozilla/5.0 (compatible; Ezooms/1.0; ezooms.bot@gmail.com)"
66.249.72.185 - - [17/Mar/2012:12:30:57 +0100] "GET /00000198660c9d618/00000198610cada01/index.php HTTP/1.1" 200 18159 "-" "Mozilla/5.0 (compatible; Googlebot/2.1; +http://www.google.com/bot.html)"
66.249.66.2 - - [17/Mar/2012:12:36:48 +0100] "GET /robots.txt HTTP/1.1" 404 - "-" "Mozilla/5.0 (compatible; Googlebot/2.1; +http://www.google.com/bot.html)"
66.249.66.2 - - [17/Mar/2012:12:36:48 +0100] "GET /images/pnvtt4m2.gif HTTP/1.1" 200 2699 "-" "Googlebot-Image/1.0"
66.249.72.185 - - [17/Mar/2012:12:41:48 +0100] "GET /images/pnvtt2m5.gif HTTP/1.1" 200 2756 "-" "Googlebot-Image/1.0"
66.249.66.2 - - [17/Mar/2012:12:41:49 +0100] "GET /images/pnvtst1m5.gif HTTP/1.1" 200 2769 "-" "Googlebot-Image/1.0"
66.249.72.185 - - [17/Mar/2012:12:46:49 +0100] "GET /images/pnvtht3m2.gif HTTP/1.1" 200 2673 "-" "Googlebot-Image/1.0"
66.249.66.2 - - [17/Mar/2012:12:51:50 +0100] "GET /images/pnvtst1m2.gif HTTP/1.1" 200 2616 "-" "Googlebot-Image/1.0"
66.249.66.2 - - [17/Mar/2012:12:56:50 +0100] "GET /images/pnvtsht1m5.gif HTTP/1.1" 200 2769 "-" "Googlebot-Image/1.0"
66.249.72.185 - - [17/Mar/2012:13:05:52 +0100] "GET /000001985b0d93482/000001985b0fc8f0b/index.php HTTP/1.1" 200 15384 "-" "Mozilla/5.0 (compatible; Googlebot/2.1; +http://www.google.com/bot.html)"
66.249.66.2 - - [17/Mar/2012:13:06:07 +0100] "GET /images/mev14046.jpg HTTP/1.1" 200 70680 "-" "Googlebot-Image/1.0"
66.249.72.185 - - [17/Mar/2012:13:08:53 +0100] "GET /images/pnvtht3m1.gif HTTP/1.1" 200 2814 "-" "Googlebot-Image/1.0"
213.186.127.12 - - [17/Mar/2012:13:19:11 +0100] "GET /000001985b0e5e29a/index.php HTTP/1.1" 200 16902 "-" "Mozilla/5.0 (compatible; AhrefsBot/2.0; +http://ahrefs.com/robot/)"
213.186.127.12 - - [17/Mar/2012:13:34:10 +0100] "GET /000001985b0ce1e49/00000198610d8af28/00000198610d9412d.php HTTP/1.1" 200 14303 "-" "Mozilla/5.0 (compatible; AhrefsBot/2.0; +http://ahrefs.com/robot/)"
66.249.66.2 - - [17/Mar/2012:13:35:16 +0100] "GET /images/pnvtt2m2.gif HTTP/1.1" 200 2589 "-" "Googlebot-Image/1.0"
65.52.108.68 - - [17/Mar/2012:13:37:30 +0100] "GET /000001985b0e5e29a/000001985f0d8f113/index.php HTTP/1.1" 200 20336 "-" "Mozilla/5.0 (compatible; bingbot/2.0; +http://www.bing.com/bingbot.htm)"
66.249.72.185 - - [17/Mar/2012:13:37:41 +0100] "GET /images/pnvtt1m5.gif HTTP/1.1" 200 2706 "-" "Googlebot-Image/1.0"
66.249.66.2 - - [17/Mar/2012:14:05:07 +0100] "GET /images/pnvtt2m6.gif HTTP/1.1" 200 1847 "-" "Googlebot-Image/1.0"
66.249.72.185 - - [17/Mar/2012:14:06:29 +0100] "GET /images/pnvtt1m6.gif HTTP/1.1" 200 2641 "-" "Googlebot-Image/1.0"
66.249.66.2 - - [17/Mar/2012:14:32:00 +0100] "GET /images/pnvtt2m1.gif HTTP/1.1" 200 2574 "-" "Googlebot-Image/1.0"
66.249.66.2 - - [17/Mar/2012:14:35:16 +0100] "GET /images/pnvtt4m1.gif HTTP/1.1" 200 2509 "-" "Googlebot-Image/1.0"
66.249.72.185 - - [17/Mar/2012:15:00:48 +0100] "GET /images/pnvtt3m1.gif HTTP/1.1" 200 2508 "-" "Googlebot-Image/1.0"
66.249.66.2 - - [17/Mar/2012:15:04:05 +0100] "GET /images/pnvtt1m1.gif HTTP/1.1" 200 2633 "-" "Googlebot-Image/1.0"
123.125.71.21 - - [17/Mar/2012:15:25:49 +0100] "GET / HTTP/1.1" 200 15277 "-" "Mozilla/5.0 (compatible; Baiduspider/2.0; +http://www.baidu.com/search/spider.html)"
220.181.108.91 - - [17/Mar/2012:15:25:53 +0100] "GET / HTTP/1.1" 200 24280 "-" "Mozilla/5.0 (compatible; Baiduspider/2.0; +http://www.baidu.com/search/spider.html)"
66.249.66.2 - - [17/Mar/2012:15:29:36 +0100] "GET /images/pnvtst3m2.gif HTTP/1.1" 200 2673 "-" "Googlebot-Image/1.0"
66.249.72.185 - - [17/Mar/2012:15:32:53 +0100] "GET /images/pnvtt1m4.gif HTTP/1.1" 200 2449 "-" "Googlebot-Image/1.0"
66.249.66.2 - - [17/Mar/2012:15:58:24 +0100] "GET /images/pnvtht4m2.gif HTTP/1.1" 200 2630 "-" "Googlebot-Image/1.0"
66.249.66.2 - - [17/Mar/2012:16:01:46 +0100] "GET /images/pnvtht1m2.gif HTTP/1.1" 200 2616 "-" "Googlebot-Image/1.0"
66.249.66.2 - - [17/Mar/2012:16:31:39 +0100] "GET /images/pnvtst1m6.gif HTTP/1.1" 200 2712 "-" "Googlebot-Image/1.0"
84.160.71.98 - - [17/Mar/2012:16:35:08 +0100] "GET / HTTP/1.1" 200 24280 "-" "Mozilla/5.0 (Windows; U; Windows NT 6.0; en-US; rv:1.9.1.10) Gecko/20100504 Firefox/3.5.10 ( .NET CLR 3.5.30729; .NET4.0C)"
84.160.71.98 - - [17/Mar/2012:16:35:08 +0100] "GET /assets/s.css HTTP/1.1" 200 3386 "http://www.ksbb.de/" "Mozilla/5.0 (Windows; U; Windows NT 6.0; en-US; rv:1.9.1.10) Gecko/20100504 Firefox/3.5.10 ( .NET CLR 3.5.30729; .NET4.0C)"
84.160.71.98 - - [17/Mar/2012:16:35:08 +0100] "GET /assets/ssb.css HTTP/1.1" 200 657 "http://www.ksbb.de/" "Mozilla/5.0 (Windows; U; Windows NT 6.0; en-US; rv:1.9.1.10) Gecko/20100504 Firefox/3.5.10 ( .NET CLR 3.5.30729; .NET4.0C)"
84.160.71.98 - - [17/Mar/2012:16:35:08 +0100] "GET /images/pcmpc1.gif HTTP/1.1" 200 1155 "http://www.ksbb.de/" "Mozilla/5.0 (Windows; U; Windows NT 6.0; en-US; rv:1.9.1.10) Gecko/20100504 Firefox/3.5.10 ( .NET CLR 3.5.30729; .NET4.0C)"
84.160.71.98 - - [17/Mar/2012:16:35:09 +0100] "GET /images/pcmpc2.gif HTTP/1.1" 200 1240 "http://www.ksbb.de/" "Mozilla/5.0 (Windows; U; Windows NT 6.0; en-US; rv:1.9.1.10) Gecko/20100504 Firefox/3.5.10 ( .NET CLR 3.5.30729; .NET4.0C)"
84.160.71.98 - - [17/Mar/2012:16:35:08 +0100] "GET /images/pcmphc1.gif HTTP/1.1" 200 2164 "http://www.ksbb.de/" "Mozilla/5.0 (Windows; U; Windows NT 6.0; en-US; rv:1.9.1.10) Gecko/20100504 Firefox/3.5.10 ( .NET CLR 3.5.30729; .NET4.0C)"
84.160.71.98 - - [17/Mar/2012:16:35:09 +0100] "GET /images/pcmphc2.gif HTTP/1.1" 200 2299 "http://www.ksbb.de/" "Mozilla/5.0 (Windows; U; Windows NT 6.0; en-US; rv:1.9.1.10) Gecko/20100504 Firefox/3.5.10 ( .NET CLR 3.5.30729; .NET4.0C)"
84.160.71.98 - - [17/Mar/2012:16:35:09 +0100] "GET /images/phnvmtht1.gif HTTP/1.1" 200 2613 "http://www.ksbb.de/" "Mozilla/5.0 (Windows; U; Windows NT 6.0; en-US; rv:1.9.1.10) Gecko/20100504 Firefox/3.5.10 ( .NET CLR 3.5.30729; .NET4.0C)"
84.160.71.98 - - [17/Mar/2012:16:35:09 +0100] "GET /images/phnvmtt1.gif HTTP/1.1" 200 2551 "http://www.ksbb.de/" "Mozilla/5.0 (Windows; U; Windows NT 6.0; en-US; rv:1.9.1.10) Gecko/20100504 Firefox/3.5.10 ( .NET CLR 3.5.30729; .NET4.0C)"
84.160.71.98 - - [17/Mar/2012:16:35:09 +0100] "GET /images/pcp.gif HTTP/1.1" 200 43 "http://www.ksbb.de/" "Mozilla/5.0 (Windows; U; Windows NT 6.0; en-US; rv:1.9.1.10) Gecko/20100504 Firefox/3.5.10 ( .NET CLR 3.5.30729; .NET4.0C)"
84.160.71.98 - - [17/Mar/2012:16:35:09 +0100] "GET /images/plma.gif HTTP/1.1" 200 164 "http://www.ksbb.de/" "Mozilla/5.0 (Windows; U; Windows NT 6.0; en-US; rv:1.9.1.10) Gecko/20100504 Firefox/3.5.10 ( .NET CLR 3.5.30729; .NET4.0C)"
84.160.71.98 - - [17/Mar/2012:16:35:09 +0100] "GET /images/plms.gif HTTP/1.1" 200 68 "http://www.ksbb.de/" "Mozilla/5.0 (Windows; U; Windows NT 6.0; en-US; rv:1.9.1.10) Gecko/20100504 Firefox/3.5.10 ( .NET CLR 3.5.30729; .NET4.0C)"
84.160.71.98 - - [17/Mar/2012:16:35:09 +0100] "GET /images/plogo.gif HTTP/1.1" 200 18153 "http://www.ksbb.de/" "Mozilla/5.0 (Windows; U; Windows NT 6.0; en-US; rv:1.9.1.10) Gecko/20100504 Firefox/3.5.10 ( .NET CLR 3.5.30729; .NET4.0C)"
84.160.71.98 - - [17/Mar/2012:16:35:09 +0100] "GET /images/pltp.gif HTTP/1.1" 200 160 "http://www.ksbb.de/" "Mozilla/5.0 (Windows; U; Windows NT 6.0; en-US; rv:1.9.1.10) Gecko/20100504 Firefox/3.5.10 ( .NET CLR 3.5.30729; .NET4.0C)"
84.160.71.98 - - [17/Mar/2012:16:35:09 +0100] "GET /images/plmb.gif HTTP/1.1" 200 166 "http://www.ksbb.de/" "Mozilla/5.0 (Windows; U; Windows NT 6.0; en-US; rv:1.9.1.10) Gecko/20100504 Firefox/3.5.10 ( .NET CLR 3.5.30729; .NET4.0C)"
84.160.71.98 - - [17/Mar/2012:16:35:09 +0100] "GET /images/pbx.gif HTTP/1.1" 200 99 "http://www.ksbb.de/" "Mozilla/5.0 (Windows; U; Windows NT 6.0; en-US; rv:1.9.1.10) Gecko/20100504 Firefox/3.5.10 ( .NET CLR 3.5.30729; .NET4.0C)"
84.160.71.98 - - [17/Mar/2012:16:35:09 +0100] "GET /images/pl160.gif HTTP/1.1" 200 70 "http://www.ksbb.de/" "Mozilla/5.0 (Windows; U; Windows NT 6.0; en-US; rv:1.9.1.10) Gecko/20100504 Firefox/3.5.10 ( .NET CLR 3.5.30729; .NET4.0C)"
84.160.71.98 - - [17/Mar/2012:16:35:09 +0100] "GET /images/plnkn.gif HTTP/1.1" 200 95 "http://www.ksbb.de/" "Mozilla/5.0 (Windows; U; Windows NT 6.0; en-US; rv:1.9.1.10) Gecko/20100504 Firefox/3.5.10 ( .NET CLR 3.5.30729; .NET4.0C)"
84.160.71.98 - - [17/Mar/2012:16:35:09 +0100] "GET /images/mev23003_72.jpg HTTP/1.1" 200 2106 "http://www.ksbb.de/" "Mozilla/5.0 (Windows; U; Windows NT 6.0; en-US; rv:1.9.1.10) Gecko/20100504 Firefox/3.5.10 ( .NET CLR 3.5.30729; .NET4.0C)"
84.160.71.98 - - [17/Mar/2012:16:35:09 +0100] "GET /images/mev14046_72.jpg HTTP/1.1" 200 1662 "http://www.ksbb.de/" "Mozilla/5.0 (Windows; U; Windows NT 6.0; en-US; rv:1.9.1.10) Gecko/20100504 Firefox/3.5.10 ( .NET CLR 3.5.30729; .NET4.0C)"
84.160.71.98 - - [17/Mar/2012:16:35:09 +0100] "GET /images/plmc.gif HTTP/1.1" 200 166 "http://www.ksbb.de/" "Mozilla/5.0 (Windows; U; Windows NT 6.0; en-US; rv:1.9.1.10) Gecko/20100504 Firefox/3.5.10 ( .NET CLR 3.5.30729; .NET4.0C)"
84.160.71.98 - - [17/Mar/2012:16:35:09 +0100] "GET /images/plbt.gif HTTP/1.1" 200 161 "http://www.ksbb.de/" "Mozilla/5.0 (Windows; U; Windows NT 6.0; en-US; rv:1.9.1.10) Gecko/20100504 Firefox/3.5.10 ( .NET CLR 3.5.30729; .NET4.0C)"
84.160.71.98 - - [17/Mar/2012:16:35:09 +0100] "GET /images/ksbb1_sbp.jpg HTTP/1.1" 200 3871 "http://www.ksbb.de/" "Mozilla/5.0 (Windows; U; Windows NT 6.0; en-US; rv:1.9.1.10) Gecko/20100504 Firefox/3.5.10 ( .NET CLR 3.5.30729; .NET4.0C)"
84.160.71.98 - - [17/Mar/2012:16:35:09 +0100] "GET /images/55275_72.jpg HTTP/1.1" 200 2381 "http://www.ksbb.de/" "Mozilla/5.0 (Windows; U; Windows NT 6.0; en-US; rv:1.9.1.10) Gecko/20100504 Firefox/3.5.10 ( .NET CLR 3.5.30729; .NET4.0C)"
84.160.71.98 - - [17/Mar/2012:16:35:09 +0100] "GET /images/logoprofex_sbp.gif HTTP/1.1" 200 3524 "http://www.ksbb.de/" "Mozilla/5.0 (Windows; U; Windows NT 6.0; en-US; rv:1.9.1.10) Gecko/20100504 Firefox/3.5.10 ( .NET CLR 3.5.30729; .NET4.0C)"
84.160.71.98 - - [17/Mar/2012:16:35:09 +0100] "GET /images/ulslogosbp_sbp.jpg HTTP/1.1" 200 1896 "http://www.ksbb.de/" "Mozilla/5.0 (Windows; U; Windows NT 6.0; en-US; rv:1.9.1.10) Gecko/20100504 Firefox/3.5.10 ( .NET CLR 3.5.30729; .NET4.0C)"
84.160.71.98 - - [17/Mar/2012:16:35:09 +0100] "GET /images/phnvmtht2.gif HTTP/1.1" 200 1696 "http://www.ksbb.de/" "Mozilla/5.0 (Windows; U; Windows NT 6.0; en-US; rv:1.9.1.10) Gecko/20100504 Firefox/3.5.10 ( .NET CLR 3.5.30729; .NET4.0C)"
84.160.71.98 - - [17/Mar/2012:16:35:09 +0100] "GET /images/phnvmtt2.gif HTTP/1.1" 200 1637 "http://www.ksbb.de/" "Mozilla/5.0 (Windows; U; Windows NT 6.0; en-US; rv:1.9.1.10) Gecko/20100504 Firefox/3.5.10 ( .NET CLR 3.5.30729; .NET4.0C)"
84.160.71.98 - - [17/Mar/2012:16:35:09 +0100] "GET /images/phnvmtt3.gif HTTP/1.1" 200 2611 "http://www.ksbb.de/" "Mozilla/5.0 (Windows; U; Windows NT 6.0; en-US; rv:1.9.1.10) Gecko/20100504 Firefox/3.5.10 ( .NET CLR 3.5.30729; .NET4.0C)"
84.160.71.98 - - [17/Mar/2012:16:35:09 +0100] "GET /images/iso9001_sbp.jpg HTTP/1.1" 200 4462 "http://www.ksbb.de/" "Mozilla/5.0 (Windows; U; Windows NT 6.0; en-US; rv:1.9.1.10) Gecko/20100504 Firefox/3.5.10 ( .NET CLR 3.5.30729; .NET4.0C)"
84.160.71.98 - - [17/Mar/2012:16:35:09 +0100] "GET /images/phnvmtht3.gif HTTP/1.1" 200 2679 "http://www.ksbb.de/" "Mozilla/5.0 (Windows; U; Windows NT 6.0; en-US; rv:1.9.1.10) Gecko/20100504 Firefox/3.5.10 ( .NET CLR 3.5.30729; .NET4.0C)"
84.160.71.98 - - [17/Mar/2012:16:35:09 +0100] "GET /images/phnvmtt4.gif HTTP/1.1" 200 2685 "http://www.ksbb.de/" "Mozilla/5.0 (Windows; U; Windows NT 6.0; en-US; rv:1.9.1.10) Gecko/20100504 Firefox/3.5.10 ( .NET CLR 3.5.30729; .NET4.0C)"
84.160.71.98 - - [17/Mar/2012:16:35:09 +0100] "GET /images/phnvmtt5.gif HTTP/1.1" 200 2563 "http://www.ksbb.de/" "Mozilla/5.0 (Windows; U; Windows NT 6.0; en-US; rv:1.9.1.10) Gecko/20100504 Firefox/3.5.10 ( .NET CLR 3.5.30729; .NET4.0C)"
84.160.71.98 - - [17/Mar/2012:16:35:09 +0100] "GET /images/phnvmtht4.gif HTTP/1.1" 200 2627 "http://www.ksbb.de/" "Mozilla/5.0 (Windows; U; Windows NT 6.0; en-US; rv:1.9.1.10) Gecko/20100504 Firefox/3.5.10 ( .NET CLR 3.5.30729; .NET4.0C)"
84.160.71.98 - - [17/Mar/2012:16:35:09 +0100] "GET /images/phnvmtht5.gif HTTP/1.1" 200 2500 "http://www.ksbb.de/" "Mozilla/5.0 (Windows; U; Windows NT 6.0; en-US; rv:1.9.1.10) Gecko/20100504 Firefox/3.5.10 ( .NET CLR 3.5.30729; .NET4.0C)"
84.160.71.98 - - [17/Mar/2012:16:35:09 +0100] "GET /images/phnvmtt6.gif HTTP/1.1" 200 1637 "http://www.ksbb.de/" "Mozilla/5.0 (Windows; U; Windows NT 6.0; en-US; rv:1.9.1.10) Gecko/20100504 Firefox/3.5.10 ( .NET CLR 3.5.30729; .NET4.0C)"
84.160.71.98 - - [17/Mar/2012:16:35:09 +0100] "GET /images/phnvmtht6.gif HTTP/1.1" 200 1696 "http://www.ksbb.de/" "Mozilla/5.0 (Windows; U; Windows NT 6.0; en-US; rv:1.9.1.10) Gecko/20100504 Firefox/3.5.10 ( .NET CLR 3.5.30729; .NET4.0C)"
84.160.71.98 - - [17/Mar/2012:16:35:09 +0100] "GET /images/phnvmtt7.gif HTTP/1.1" 200 2552 "http://www.ksbb.de/" "Mozilla/5.0 (Windows; U; Windows NT 6.0; en-US; rv:1.9.1.10) Gecko/20100504 Firefox/3.5.10 ( .NET CLR 3.5.30729; .NET4.0C)"
84.160.71.98 - - [17/Mar/2012:16:35:09 +0100] "GET /images/phnvmtht7.gif HTTP/1.1" 200 2615 "http://www.ksbb.de/" "Mozilla/5.0 (Windows; U; Windows NT 6.0; en-US; rv:1.9.1.10) Gecko/20100504 Firefox/3.5.10 ( .NET CLR 3.5.30729; .NET4.0C)"
84.160.71.98 - - [17/Mar/2012:16:35:09 +0100] "GET /images/phomesm0.gif HTTP/1.1" 200 2239 "http://www.ksbb.de/" "Mozilla/5.0 (Windows; U; Windows NT 6.0; en-US; rv:1.9.1.10) Gecko/20100504 Firefox/3.5.10 ( .NET CLR 3.5.30729; .NET4.0C)"
84.160.71.98 - - [17/Mar/2012:16:35:09 +0100] "GET /images/pmthm1.gif HTTP/1.1" 200 2169 "http://www.ksbb.de/" "Mozilla/5.0 (Windows; U; Windows NT 6.0; en-US; rv:1.9.1.10) Gecko/20100504 Firefox/3.5.10 ( .NET CLR 3.5.30729; .NET4.0C)"
84.160.71.98 - - [17/Mar/2012:16:35:09 +0100] "GET /images/pmthm2.gif HTTP/1.1" 200 1209 "http://www.ksbb.de/" "Mozilla/5.0 (Windows; U; Windows NT 6.0; en-US; rv:1.9.1.10) Gecko/20100504 Firefox/3.5.10 ( .NET CLR 3.5.30729; .NET4.0C)"
84.160.71.98 - - [17/Mar/2012:16:35:09 +0100] "GET /images/pmtm1.gif HTTP/1.1" 200 1155 "http://www.ksbb.de/" "Mozilla/5.0 (Windows; U; Windows NT 6.0; en-US; rv:1.9.1.10) Gecko/20100504 Firefox/3.5.10 ( .NET CLR 3.5.30729; .NET4.0C)"
84.160.71.98 - - [17/Mar/2012:16:35:09 +0100] "GET /images/pmtm2.gif HTTP/1.1" 200 628 "http://www.ksbb.de/" "Mozilla/5.0 (Windows; U; Windows NT 6.0; en-US; rv:1.9.1.10) Gecko/20100504 Firefox/3.5.10 ( .NET CLR 3.5.30729; .NET4.0C)"
84.160.71.98 - - [17/Mar/2012:16:35:09 +0100] "GET /images/pmtm3.gif HTTP/1.1" 200 2032 "http://www.ksbb.de/" "Mozilla/5.0 (Windows; U; Windows NT 6.0; en-US; rv:1.9.1.10) Gecko/20100504 Firefox/3.5.10 ( .NET CLR 3.5.30729; .NET4.0C)"
84.160.71.98 - - [17/Mar/2012:16:35:10 +0100] "GET /images/pmthm3.gif HTTP/1.1" 200 2275 "http://www.ksbb.de/" "Mozilla/5.0 (Windows; U; Windows NT 6.0; en-US; rv:1.9.1.10) Gecko/20100504 Firefox/3.5.10 ( .NET CLR 3.5.30729; .NET4.0C)"
84.160.71.98 - - [17/Mar/2012:16:35:10 +0100] "GET /images/pmtm4.gif HTTP/1.1" 200 2316 "http://www.ksbb.de/" "Mozilla/5.0 (Windows; U; Windows NT 6.0; en-US; rv:1.9.1.10) Gecko/20100504 Firefox/3.5.10 ( .NET CLR 3.5.30729; .NET4.0C)"
84.160.71.98 - - [17/Mar/2012:16:35:10 +0100] "GET /images/pmthm4.gif HTTP/1.1" 200 2518 "http://www.ksbb.de/" "Mozilla/5.0 (Windows; U; Windows NT 6.0; en-US; rv:1.9.1.10) Gecko/20100504 Firefox/3.5.10 ( .NET CLR 3.5.30729; .NET4.0C)"
84.160.71.98 - - [17/Mar/2012:16:35:10 +0100] "GET /images/pmthm5.gif HTTP/1.1" 200 2381 "http://www.ksbb.de/" "Mozilla/5.0 (Windows; U; Windows NT 6.0; en-US; rv:1.9.1.10) Gecko/20100504 Firefox/3.5.10 ( .NET CLR 3.5.30729; .NET4.0C)"
84.160.71.98 - - [17/Mar/2012:16:35:10 +0100] "GET /images/pmtm5.gif HTTP/1.1" 200 2185 "http://www.ksbb.de/" "Mozilla/5.0 (Windows; U; Windows NT 6.0; en-US; rv:1.9.1.10) Gecko/20100504 Firefox/3.5.10 ( .NET CLR 3.5.30729; .NET4.0C)"
84.160.71.98 - - [17/Mar/2012:16:35:10 +0100] "GET /images/pmtm6.gif HTTP/1.1" 200 628 "http://www.ksbb.de/" "Mozilla/5.0 (Windows; U; Windows NT 6.0; en-US; rv:1.9.1.10) Gecko/20100504 Firefox/3.5.10 ( .NET CLR 3.5.30729; .NET4.0C)"
84.160.71.98 - - [17/Mar/2012:16:35:10 +0100] "GET /images/pmthm6.gif HTTP/1.1" 200 1209 "http://www.ksbb.de/" "Mozilla/5.0 (Windows; U; Windows NT 6.0; en-US; rv:1.9.1.10) Gecko/20100504 Firefox/3.5.10 ( .NET CLR 3.5.30729; .NET4.0C)"
84.160.71.98 - - [17/Mar/2012:16:35:10 +0100] "GET /images/pmthm7.gif HTTP/1.1" 200 2195 "http://www.ksbb.de/" "Mozilla/5.0 (Windows; U; Windows NT 6.0; en-US; rv:1.9.1.10) Gecko/20100504 Firefox/3.5.10 ( .NET CLR 3.5.30729; .NET4.0C)"
84.160.71.98 - - [17/Mar/2012:16:35:10 +0100] "GET /images/pmtm7.gif HTTP/1.1" 200 1174 "http://www.ksbb.de/" "Mozilla/5.0 (Windows; U; Windows NT 6.0; en-US; rv:1.9.1.10) Gecko/20100504 Firefox/3.5.10 ( .NET CLR 3.5.30729; .NET4.0C)"
84.160.71.98 - - [17/Mar/2012:16:35:10 +0100] "GET /images/pd.gif HTTP/1.1" 200 111 "http://www.ksbb.de/" "Mozilla/5.0 (Windows; U; Windows NT 6.0; en-US; rv:1.9.1.10) Gecko/20100504 Firefox/3.5.10 ( .NET CLR 3.5.30729; .NET4.0C)"
84.160.71.98 - - [17/Mar/2012:16:35:10 +0100] "GET /images/psd.gif HTTP/1.1" 200 111 "http://www.ksbb.de/" "Mozilla/5.0 (Windows; U; Windows NT 6.0; en-US; rv:1.9.1.10) Gecko/20100504 Firefox/3.5.10 ( .NET CLR 3.5.30729; .NET4.0C)"
84.160.71.98 - - [17/Mar/2012:16:35:10 +0100] "GET /images/pbg.gif HTTP/1.1" 200 52 "http://www.ksbb.de/" "Mozilla/5.0 (Windows; U; Windows NT 6.0; en-US; rv:1.9.1.10) Gecko/20100504 Firefox/3.5.10 ( .NET CLR 3.5.30729; .NET4.0C)"
84.160.71.98 - - [17/Mar/2012:16:35:10 +0100] "GET /images/plvt.gif HTTP/1.1" 200 53 "http://www.ksbb.de/" "Mozilla/5.0 (Windows; U; Windows NT 6.0; en-US; rv:1.9.1.10) Gecko/20100504 Firefox/3.5.10 ( .NET CLR 3.5.30729; .NET4.0C)"
84.160.71.98 - - [17/Mar/2012:16:35:10 +0100] "GET /favicon.ico HTTP/1.1" 404 - "-" "Mozilla/5.0 (Windows; U; Windows NT 6.0; en-US; rv:1.9.1.10) Gecko/20100504 Firefox/3.5.10 ( .NET CLR 3.5.30729; .NET4.0C)"
66.249.66.2 - - [17/Mar/2012:16:59:16 +0100] "GET /images/pnvtht1m4.gif HTTP/1.1" 200 2515 "-" "Googlebot-Image/1.0"
87.144.125.196 - - [17/Mar/2012:17:00:43 +0100] "GET / HTTP/1.1" 200 24280 "-" "Mozilla/5.0 (Windows; U; Windows NT 5.1; de; rv:1.9.2) Gecko/20100115 Firefox/3.6 ( .NET CLR 3.5.30729)"
87.144.125.196 - - [17/Mar/2012:17:00:44 +0100] "GET /assets/s.css HTTP/1.1" 200 3386 "http://www.ksbb.de/" "Mozilla/5.0 (Windows; U; Windows NT 5.1; de; rv:1.9.2) Gecko/20100115 Firefox/3.6 ( .NET CLR 3.5.30729)"
87.144.125.196 - - [17/Mar/2012:17:00:44 +0100] "GET /assets/ssb.css HTTP/1.1" 200 657 "http://www.ksbb.de/" "Mozilla/5.0 (Windows; U; Windows NT 5.1; de; rv:1.9.2) Gecko/20100115 Firefox/3.6 ( .NET CLR 3.5.30729)"
87.144.125.196 - - [17/Mar/2012:17:00:44 +0100] "GET /images/pmtm1.gif HTTP/1.1" 200 1155 "http://www.ksbb.de/" "Mozilla/5.0 (Windows; U; Windows NT 5.1; de; rv:1.9.2) Gecko/20100115 Firefox/3.6 ( .NET CLR 3.5.30729)"
87.144.125.196 - - [17/Mar/2012:17:00:44 +0100] "GET /images/pcp.gif HTTP/1.1" 200 43 "http://www.ksbb.de/" "Mozilla/5.0 (Windows; U; Windows NT 5.1; de; rv:1.9.2) Gecko/20100115 Firefox/3.6 ( .NET CLR 3.5.30729)"
87.144.125.196 - - [17/Mar/2012:17:00:44 +0100] "GET /images/pltp.gif HTTP/1.1" 200 160 "http://www.ksbb.de/" "Mozilla/5.0 (Windows; U; Windows NT 5.1; de; rv:1.9.2) Gecko/20100115 Firefox/3.6 ( .NET CLR 3.5.30729)"
87.144.125.196 - - [17/Mar/2012:17:00:44 +0100] "GET /images/pmtm3.gif HTTP/1.1" 200 2032 "http://www.ksbb.de/" "Mozilla/5.0 (Windows; U; Windows NT 5.1; de; rv:1.9.2) Gecko/20100115 Firefox/3.6 ( .NET CLR 3.5.30729)"
87.144.125.196 - - [17/Mar/2012:17:00:44 +0100] "GET /images/pmtm6.gif HTTP/1.1" 200 628 "http://www.ksbb.de/" "Mozilla/5.0 (Windows; U; Windows NT 5.1; de; rv:1.9.2) Gecko/20100115 Firefox/3.6 ( .NET CLR 3.5.30729)"
87.144.125.196 - - [17/Mar/2012:17:00:44 +0100] "GET /images/pmtm4.gif HTTP/1.1" 200 2316 "http://www.ksbb.de/" "Mozilla/5.0 (Windows; U; Windows NT 5.1; de; rv:1.9.2) Gecko/20100115 Firefox/3.6 ( .NET CLR 3.5.30729)"
87.144.125.196 - - [17/Mar/2012:17:00:45 +0100] "GET /images/pmtm5.gif HTTP/1.1" 200 2185 "http://www.ksbb.de/" "Mozilla/5.0 (Windows; U; Windows NT 5.1; de; rv:1.9.2) Gecko/20100115 Firefox/3.6 ( .NET CLR 3.5.30729)"
87.144.125.196 - - [17/Mar/2012:17:00:45 +0100] "GET /images/plma.gif HTTP/1.1" 200 164 "http://www.ksbb.de/" "Mozilla/5.0 (Windows; U; Windows NT 5.1; de; rv:1.9.2) Gecko/20100115 Firefox/3.6 ( .NET CLR 3.5.30729)"
87.144.125.196 - - [17/Mar/2012:17:00:45 +0100] "GET /images/plogo.gif HTTP/1.1" 200 18153 "http://www.ksbb.de/" "Mozilla/5.0 (Windows; U; Windows NT 5.1; de; rv:1.9.2) Gecko/20100115 Firefox/3.6 ( .NET CLR 3.5.30729)"
87.144.125.196 - - [17/Mar/2012:17:00:45 +0100] "GET /images/pmtm2.gif HTTP/1.1" 200 628 "http://www.ksbb.de/" "Mozilla/5.0 (Windows; U; Windows NT 5.1; de; rv:1.9.2) Gecko/20100115 Firefox/3.6 ( .NET CLR 3.5.30729)"
87.144.125.196 - - [17/Mar/2012:17:00:45 +0100] "GET /images/phomesm0.gif HTTP/1.1" 200 2239 "http://www.ksbb.de/" "Mozilla/5.0 (Windows; U; Windows NT 5.1; de; rv:1.9.2) Gecko/20100115 Firefox/3.6 ( .NET CLR 3.5.30729)"
87.144.125.196 - - [17/Mar/2012:17:00:45 +0100] "GET /images/pmtm7.gif HTTP/1.1" 200 1174 "http://www.ksbb.de/" "Mozilla/5.0 (Windows; U; Windows NT 5.1; de; rv:1.9.2) Gecko/20100115 Firefox/3.6 ( .NET CLR 3.5.30729)"
87.144.125.196 - - [17/Mar/2012:17:00:45 +0100] "GET /images/pl160.gif HTTP/1.1" 200 70 "http://www.ksbb.de/" "Mozilla/5.0 (Windows; U; Windows NT 5.1; de; rv:1.9.2) Gecko/20100115 Firefox/3.6 ( .NET CLR 3.5.30729)"
87.144.125.196 - - [17/Mar/2012:17:00:45 +0100] "GET /images/plms.gif HTTP/1.1" 200 68 "http://www.ksbb.de/" "Mozilla/5.0 (Windows; U; Windows NT 5.1; de; rv:1.9.2) Gecko/20100115 Firefox/3.6 ( .NET CLR 3.5.30729)"
87.144.125.196 - - [17/Mar/2012:17:00:45 +0100] "GET /images/phnvmtt1.gif HTTP/1.1" 200 2551 "http://www.ksbb.de/" "Mozilla/5.0 (Windows; U; Windows NT 5.1; de; rv:1.9.2) Gecko/20100115 Firefox/3.6 ( .NET CLR 3.5.30729)"
87.144.125.196 - - [17/Mar/2012:17:00:45 +0100] "GET /images/plmb.gif HTTP/1.1" 200 166 "http://www.ksbb.de/" "Mozilla/5.0 (Windows; U; Windows NT 5.1; de; rv:1.9.2) Gecko/20100115 Firefox/3.6 ( .NET CLR 3.5.30729)"
87.144.125.196 - - [17/Mar/2012:17:00:45 +0100] "GET /images/pd.gif HTTP/1.1" 200 111 "http://www.ksbb.de/" "Mozilla/5.0 (Windows; U; Windows NT 5.1; de; rv:1.9.2) Gecko/20100115 Firefox/3.6 ( .NET CLR 3.5.30729)"
87.144.125.196 - - [17/Mar/2012:17:00:45 +0100] "GET /images/phnvmtt3.gif HTTP/1.1" 200 2611 "http://www.ksbb.de/" "Mozilla/5.0 (Windows; U; Windows NT 5.1; de; rv:1.9.2) Gecko/20100115 Firefox/3.6 ( .NET CLR 3.5.30729)"
