216.244.66.241 - - [26/Sep/2019:03:46:36 +0200] "GET /robots.txt HTTP/1.1" 404 1256 "-" "Mozilla/5.0 (compatible; DotBot/1.1; http://www.opensiteexplorer.org/dotbot, help@moz.com)"
216.244.66.241 - - [26/Sep/2019:04:09:17 +0200] "GET /impressum.html HTTP/1.1" 200 4742 "-" "Mozilla/5.0 (compatible; DotBot/1.1; http://www.opensiteexplorer.org/dotbot, help@moz.com)"
104.155.114.188 - - [26/Sep/2019:05:50:50 +0200] "GET / HTTP/1.1" 200 3632 "-" "Mozilla/5.0 (X11; Linux x86_64) AppleWebKit/602.1 (KHTML, like Gecko) splash Version/9.0 Safari/602.1"
104.155.114.188 - - [26/Sep/2019:05:50:50 +0200] "GET /js/libs/modernizr-2.5.3.min.js HTTP/1.1" 200 15274 "http://www.just-malerei.de/" "Mozilla/5.0 (X11; Linux x86_64) AppleWebKit/602.1 (KHTML, like Gecko) splash Version/9.0 Safari/602.1"
104.155.114.188 - - [26/Sep/2019:05:50:50 +0200] "GET /js/plugins.js HTTP/1.1" 200 898 "http://www.just-malerei.de/" "Mozilla/5.0 (X11; Linux x86_64) AppleWebKit/602.1 (KHTML, like Gecko) splash Version/9.0 Safari/602.1"
35.195.245.103 - - [26/Sep/2019:05:50:56 +0200] "GET /impressum.html HTTP/1.1" 200 4742 "-" "Mozilla/5.0 (X11; Linux x86_64) AppleWebKit/602.1 (KHTML, like Gecko) splash Version/9.0 Safari/602.1"
35.195.245.103 - - [26/Sep/2019:05:50:56 +0200] "GET /js/libs/modernizr-2.5.3.min.js HTTP/1.1" 200 15274 "http://www.just-malerei.de/impressum.html" "Mozilla/5.0 (X11; Linux x86_64) AppleWebKit/602.1 (KHTML, like Gecko) splash Version/9.0 Safari/602.1"
35.195.245.103 - - [26/Sep/2019:05:50:56 +0200] "GET /js/plugins.js HTTP/1.1" 200 898 "http://www.just-malerei.de/impressum.html" "Mozilla/5.0 (X11; Linux x86_64) AppleWebKit/602.1 (KHTML, like Gecko) splash Version/9.0 Safari/602.1"
35.240.56.47 - - [26/Sep/2019:05:51:03 +0200] "GET /impressum.html HTTP/1.1" 200 4742 "-" "Mozilla/5.0 (X11; Linux x86_64) AppleWebKit/602.1 (KHTML, like Gecko) splash Version/9.0 Safari/602.1"
35.240.56.47 - - [26/Sep/2019:05:51:03 +0200] "GET /js/libs/modernizr-2.5.3.min.js HTTP/1.1" 200 15274 "http://www.just-malerei.de/impressum.html" "Mozilla/5.0 (X11; Linux x86_64) AppleWebKit/602.1 (KHTML, like Gecko) splash Version/9.0 Safari/602.1"
35.240.56.47 - - [26/Sep/2019:05:51:03 +0200] "GET /js/plugins.js HTTP/1.1" 200 898 "http://www.just-malerei.de/impressum.html" "Mozilla/5.0 (X11; Linux x86_64) AppleWebKit/602.1 (KHTML, like Gecko) splash Version/9.0 Safari/602.1"
35.189.241.202 - - [26/Sep/2019:05:51:10 +0200] "GET /kontakt.html HTTP/1.1" 200 4348 "-" "Mozilla/5.0 (X11; Linux x86_64) AppleWebKit/602.1 (KHTML, like Gecko) splash Version/9.0 Safari/602.1"
35.189.241.202 - - [26/Sep/2019:05:51:10 +0200] "GET /js/libs/modernizr-2.5.3.min.js HTTP/1.1" 200 15274 "http://www.just-malerei.de/kontakt.html" "Mozilla/5.0 (X11; Linux x86_64) AppleWebKit/602.1 (KHTML, like Gecko) splash Version/9.0 Safari/602.1"
35.189.241.202 - - [26/Sep/2019:05:51:10 +0200] "GET /js/plugins.js HTTP/1.1" 200 898 "http://www.just-malerei.de/kontakt.html" "Mozilla/5.0 (X11; Linux x86_64) AppleWebKit/602.1 (KHTML, like Gecko) splash Version/9.0 Safari/602.1"
35.189.241.202 - - [26/Sep/2019:05:51:11 +0200] "GET /captcha/captcha.php HTTP/1.1" 200 4195 "http://www.just-malerei.de/kontakt.html" "Mozilla/5.0 (X11; Linux x86_64) AppleWebKit/602.1 (KHTML, like Gecko) splash Version/9.0 Safari/602.1"
35.241.192.166 - - [26/Sep/2019:05:51:13 +0200] "GET /kontakt.html HTTP/1.1" 200 4348 "-" "Mozilla/5.0 (X11; Linux x86_64) AppleWebKit/602.1 (KHTML, like Gecko) splash Version/9.0 Safari/602.1"
35.241.192.166 - - [26/Sep/2019:05:51:13 +0200] "GET /js/libs/modernizr-2.5.3.min.js HTTP/1.1" 200 15274 "http://www.just-malerei.de/kontakt.html" "Mozilla/5.0 (X11; Linux x86_64) AppleWebKit/602.1 (KHTML, like Gecko) splash Version/9.0 Safari/602.1"
35.241.192.166 - - [26/Sep/2019:05:51:13 +0200] "GET /js/plugins.js HTTP/1.1" 200 898 "http://www.just-malerei.de/kontakt.html" "Mozilla/5.0 (X11; Linux x86_64) AppleWebKit/602.1 (KHTML, like Gecko) splash Version/9.0 Safari/602.1"
35.241.192.166 - - [26/Sep/2019:05:51:13 +0200] "GET /captcha/captcha.php HTTP/1.1" 200 4210 "http://www.just-malerei.de/kontakt.html" "Mozilla/5.0 (X11; Linux x86_64) AppleWebKit/602.1 (KHTML, like Gecko) splash Version/9.0 Safari/602.1"
52.20.206.232 - - [26/Sep/2019:17:27:19 +0200] "GET /robots.txt HTTP/1.0" 404 1256 "-" "Version-4.1-IV-Smart-Agent/7.5.0"
52.20.206.232 - - [26/Sep/2019:17:27:19 +0200] "GET / HTTP/1.0" 200 3632 "-" "Version-4.1-IV-Smart-Agent/7.5.0"
52.20.206.232 - - [26/Sep/2019:20:07:55 +0200] "GET /robots.txt HTTP/1.0" 404 1256 "-" "Version-4.1-IV-Smart-Agent/7.5.0"
52.20.206.232 - - [26/Sep/2019:20:07:55 +0200] "GET /impressum.html HTTP/1.0" 200 4742 "-" "Version-4.1-IV-Smart-Agent/7.5.0"
95.128.200.200 - - [26/Sep/2019:22:47:44 +0200] "GET / HTTP/1.1" 200 3632 "https://www.google.de" "Mozilla/5.0 (Windows NT 6.1) AppleWebKit/537.36 (KHTML, like Gecko) Chrome/41.0.2228.0 Safari/537.36"
52.20.206.232 - - [26/Sep/2019:23:10:12 +0200] "GET /kontakt.html HTTP/1.0" 200 4348 "-" "Version-4.1-IV-Smart-Agent/7.5.0"
66.249.65.118 - - [27/Sep/2019:00:27:53 +0200] "GET /robots.txt HTTP/1.1" 404 1256 "-" "Mozilla/5.0 (compatible; Googlebot/2.1; +http://www.google.com/bot.html)"
66.249.65.118 - - [27/Sep/2019:00:27:54 +0200] "GET / HTTP/1.1" 200 3632 "-" "Mozilla/5.0 (Linux; Android 6.0.1; Nexus 5X Build/MMB29P) AppleWebKit/537.36 (KHTML, like Gecko) Chrome/41.0.2272.96 Mobile Safari/537.36 (compatible; Googlebot/2.1; +http://www.google.com/bot.html)"
66.249.65.122 - - [27/Sep/2019:12:32:20 +0200] "GET / HTTP/1.1" 200 3632 "-" "Mozilla/5.0 (compatible; Googlebot/2.1; +http://www.google.com/bot.html)"
66.249.65.120 - - [27/Sep/2019:12:32:20 +0200] "GET /robots.txt HTTP/1.1" 404 1256 "-" "Mozilla/5.0 (compatible; Googlebot/2.1; +http://www.google.com/bot.html)"
66.249.65.118 - - [27/Sep/2019:13:15:00 +0200] "GET / HTTP/1.1" 200 3632 "-" "Mozilla/5.0 (Linux; Android 6.0.1; Nexus 5X Build/MMB29P) AppleWebKit/537.36 (KHTML, like Gecko) Chrome/41.0.2272.96 Mobile Safari/537.36 (compatible; Googlebot/2.1; +http://www.google.com/bot.html)"
165.227.222.148 - - [27/Sep/2019:23:24:40 +0200] "GET / HTTP/1.1" 200 3632 "http://www.just-malerei.de" "Mozilla/5.0 (X11; Datanyze; Linux x86_64) AppleWebKit/537.36 (KHTML, like Gecko) Chrome/65.0.3325.181 Safari/537.36"
165.227.222.148 - - [27/Sep/2019:23:24:42 +0200] "GET /js/libs/modernizr-2.5.3.min.js HTTP/1.1" 200 15274 "-" "Mozilla/5.0 (X11; Datanyze; Linux x86_64) AppleWebKit/537.36 (KHTML, like Gecko) Chrome/65.0.3325.181 Safari/537.36"
165.227.222.148 - - [27/Sep/2019:23:24:42 +0200] "GET /js/plugins.js HTTP/1.1" 200 898 "-" "Mozilla/5.0 (X11; Datanyze; Linux x86_64) AppleWebKit/537.36 (KHTML, like Gecko) Chrome/65.0.3325.181 Safari/537.36"
165.227.222.148 - - [27/Sep/2019:23:24:42 +0200] "GET /css/style.css HTTP/1.1" 200 1159 "-" "Mozilla/5.0 (X11; Datanyze; Linux x86_64) AppleWebKit/537.36 (KHTML, like Gecko) Chrome/65.0.3325.181 Safari/537.36"
165.227.222.148 - - [27/Sep/2019:23:25:04 +0200] "GET /robots.txt HTTP/1.1" 404 1256 "-" "Mozilla/5.0 (Windows NT 6.3; WOW64) AppleWebKit/537.36 (KHTML, like Gecko) Chrome/34.0.1847.131 Safari/537.36"
165.227.222.148 - - [27/Sep/2019:23:25:10 +0200] "GET /kontakt.html HTTP/1.1" 200 4348 "http://www.just-malerei.de" "Mozilla/5.0 (X11; Datanyze; Linux x86_64) AppleWebKit/537.36 (KHTML, like Gecko) Chrome/65.0.3325.181 Safari/537.36"
165.227.222.148 - - [27/Sep/2019:23:25:10 +0200] "GET /impressum.html HTTP/1.1" 200 4742 "http://www.just-malerei.de" "Mozilla/5.0 (X11; Datanyze; Linux x86_64) AppleWebKit/537.36 (KHTML, like Gecko) Chrome/65.0.3325.181 Safari/537.36"
66.249.65.118 - - [28/Sep/2019:00:59:58 +0200] "GET /robots.txt HTTP/1.1" 404 1256 "-" "Mozilla/5.0 (compatible; Googlebot/2.1; +http://www.google.com/bot.html)"
66.249.65.120 - - [28/Sep/2019:00:59:58 +0200] "GET / HTTP/1.1" 200 3632 "-" "Mozilla/5.0 (compatible; Googlebot/2.1; +http://www.google.com/bot.html)"
66.249.65.118 - - [28/Sep/2019:11:44:18 +0200] "GET / HTTP/1.1" 200 3632 "-" "Mozilla/5.0 (Linux; Android 6.0.1; Nexus 5X Build/MMB29P) AppleWebKit/537.36 (KHTML, like Gecko) Chrome/41.0.2272.96 Mobile Safari/537.36 (compatible; Googlebot/2.1; +http://www.google.com/bot.html)"
216.244.66.241 - - [28/Sep/2019:12:45:59 +0200] "GET /robots.txt HTTP/1.1" 404 1256 "-" "Mozilla/5.0 (compatible; DotBot/1.1; http://www.opensiteexplorer.org/dotbot, help@moz.com)"
216.244.66.241 - - [28/Sep/2019:13:08:51 +0200] "GET /kontakt.html HTTP/1.1" 200 4348 "-" "Mozilla/5.0 (compatible; DotBot/1.1; http://www.opensiteexplorer.org/dotbot, help@moz.com)"
17.58.99.219 - - [28/Sep/2019:16:08:25 +0200] "GET /robots.txt HTTP/1.1" 404 1256 "-" "Mozilla/5.0 (Macintosh; Intel Mac OS X 10_10_1) AppleWebKit/600.2.5 (KHTML, like Gecko) Version/8.0.2 Safari/600.2.5 (Applebot/0.1; +http://www.apple.com/go/applebot)"
17.58.96.46 - - [28/Sep/2019:16:08:27 +0200] "GET / HTTP/1.1" 200 3632 "-" "Mozilla/5.0 (Macintosh; Intel Mac OS X 10_10_1) AppleWebKit/600.2.5 (KHTML, like Gecko) Version/8.0.2 Safari/600.2.5 (Applebot/0.1; +http://www.apple.com/go/applebot)"
66.249.65.118 - - [28/Sep/2019:21:06:55 +0200] "GET /robots.txt HTTP/1.1" 404 1256 "-" "Mozilla/5.0 (compatible; Googlebot/2.1; +http://www.google.com/bot.html)"
66.249.65.118 - - [28/Sep/2019:21:06:55 +0200] "GET / HTTP/1.1" 200 3632 "-" "Mozilla/5.0 (Linux; Android 6.0.1; Nexus 5X Build/MMB29P) AppleWebKit/537.36 (KHTML, like Gecko) Chrome/41.0.2272.96 Mobile Safari/537.36 (compatible; Googlebot/2.1; +http://www.google.com/bot.html)"
66.249.65.122 - - [29/Sep/2019:07:10:03 +0200] "GET / HTTP/1.1" 200 3632 "-" "Mozilla/5.0 (Linux; Android 6.0.1; Nexus 5X Build/MMB29P) AppleWebKit/537.36 (KHTML, like Gecko) Chrome/41.0.2272.96 Mobile Safari/537.36 (compatible; Googlebot/2.1; +http://www.google.com/bot.html)"
109.102.226.187 - - [29/Sep/2019:16:01:51 +0200] "GET /impressum.html HTTP/1.1" 200 4742 "-" "Mozilla/5.0 (compatible& Googlebot/2.1& +http://www.google.com/bot.html)"
109.102.226.187 - - [29/Sep/2019:16:01:51 +0200] "GET /impressum.html HTTP/1.1" 200 4742 "-" "Mozilla/5.0 (Linux; U; Android 4.0.3; ko-kr; LG-L160L Build/IML74K) AppleWebkit/534.30 (KHTML, like Gecko) Version/4.0 Mobile Safari/534.30"
66.249.65.122 - - [29/Sep/2019:17:03:49 +0200] "GET /robots.txt HTTP/1.1" 404 1256 "-" "Mozilla/5.0 (compatible; Googlebot/2.1; +http://www.google.com/bot.html)"
66.249.65.120 - - [29/Sep/2019:17:03:49 +0200] "GET / HTTP/1.1" 200 3632 "-" "Mozilla/5.0 (Linux; Android 6.0.1; Nexus 5X Build/MMB29P) AppleWebKit/537.36 (KHTML, like Gecko) Chrome/41.0.2272.96 Mobile Safari/537.36 (compatible; Googlebot/2.1; +http://www.google.com/bot.html)"
157.55.39.3 - - [29/Sep/2019:17:46:16 +0200] "GET /robots.txt HTTP/1.1" 404 1256 "-" "Mozilla/5.0 (compatible; bingbot/2.0; +http://www.bing.com/bingbot.htm)"
157.55.39.212 - - [29/Sep/2019:17:46:21 +0200] "GET / HTTP/1.1" 304 - "-" "Mozilla/5.0 (compatible; bingbot/2.0; +http://www.bing.com/bingbot.htm)"
95.216.96.254 - - [29/Sep/2019:22:15:22 +0200] "GET /robots.txt HTTP/1.1" 404 1256 "-" "Mozilla/5.0 (compatible; SEOkicks; +https://www.seokicks.de/robot.html)"
95.216.96.254 - - [29/Sep/2019:22:15:24 +0200] "GET / HTTP/1.1" 200 3632 "-" "Mozilla/5.0 (compatible; SEOkicks; +https://www.seokicks.de/robot.html)"
95.216.96.254 - - [29/Sep/2019:22:15:25 +0200] "GET /impressum.html HTTP/1.1" 200 4742 "http://www.just-malerei.de/" "Mozilla/5.0 (compatible; SEOkicks; +https://www.seokicks.de/robot.html)"
95.216.96.254 - - [29/Sep/2019:22:15:27 +0200] "GET /kontakt.html HTTP/1.1" 200 4348 "http://www.just-malerei.de/" "Mozilla/5.0 (compatible; SEOkicks; +https://www.seokicks.de/robot.html)"
95.216.96.254 - - [29/Sep/2019:22:15:28 +0200] "GET /captcha/captcha.php HTTP/1.1" 200 4292 "http://www.just-malerei.de/kontakt.html" "Mozilla/5.0 (compatible; SEOkicks; +https://www.seokicks.de/robot.html)"
95.216.96.254 - - [29/Sep/2019:22:15:29 +0200] "GET /index.html HTTP/1.1" 200 3632 "http://www.just-malerei.de/impressum.html" "Mozilla/5.0 (compatible; SEOkicks; +https://www.seokicks.de/robot.html)"
157.55.39.212 - - [29/Sep/2019:23:48:16 +0200] "GET /kontakt.html HTTP/1.1" 200 4348 "-" "Mozilla/5.0 (compatible; bingbot/2.0; +http://www.bing.com/bingbot.htm)"
88.198.53.55 - - [30/Sep/2019:00:35:58 +0200] "GET /robots.txt HTTP/1.1" 404 1256 "-" "Mozilla/5.0 (compatible; SEOkicks; +https://www.seokicks.de/robot.html)"
88.198.53.55 - - [30/Sep/2019:00:36:00 +0200] "GET / HTTP/1.1" 200 3632 "-" "Mozilla/5.0 (compatible; SEOkicks; +https://www.seokicks.de/robot.html)"
88.198.53.55 - - [30/Sep/2019:00:36:01 +0200] "GET /sitemap.xml HTTP/1.1" 404 1256 "-" "Mozilla/5.0 (compatible; SEOkicks; +https://www.seokicks.de/robot.html)"
88.198.53.55 - - [30/Sep/2019:00:36:02 +0200] "GET /impressum.html HTTP/1.1" 200 4742 "http://www.just-malerei.de/" "Mozilla/5.0 (compatible; SEOkicks; +https://www.seokicks.de/robot.html)"
88.198.53.55 - - [30/Sep/2019:00:36:04 +0200] "GET /kontakt.html HTTP/1.1" 200 4348 "http://www.just-malerei.de/" "Mozilla/5.0 (compatible; SEOkicks; +https://www.seokicks.de/robot.html)"
88.198.53.55 - - [30/Sep/2019:00:36:06 +0200] "GET /captcha/captcha.php HTTP/1.1" 200 4358 "http://www.just-malerei.de/kontakt.html" "Mozilla/5.0 (compatible; SEOkicks; +https://www.seokicks.de/robot.html)"
88.198.53.55 - - [30/Sep/2019:00:36:08 +0200] "GET /index.html HTTP/1.1" 200 3632 "http://www.just-malerei.de/impressum.html" "Mozilla/5.0 (compatible; SEOkicks; +https://www.seokicks.de/robot.html)"
54.36.149.48 - - [30/Sep/2019:04:26:28 +0200] "GET /robots.txt HTTP/1.1" 404 1256 "-" "Mozilla/5.0 (compatible; AhrefsBot/6.1; +http://ahrefs.com/robot/)"
54.36.150.62 - - [30/Sep/2019:04:26:29 +0200] "GET /impressum.html HTTP/1.1" 200 4742 "-" "Mozilla/5.0 (compatible; AhrefsBot/6.1; +http://ahrefs.com/robot/)"
35.195.119.92 - - [30/Sep/2019:06:20:51 +0200] "GET / HTTP/1.1" 200 3632 "-" "Mozilla/5.0 (X11; Linux x86_64) AppleWebKit/602.1 (KHTML, like Gecko) splash Version/9.0 Safari/602.1"
35.195.119.92 - - [30/Sep/2019:06:20:51 +0200] "GET /js/libs/modernizr-2.5.3.min.js HTTP/1.1" 200 15274 "http://www.just-malerei.de/" "Mozilla/5.0 (X11; Linux x86_64) AppleWebKit/602.1 (KHTML, like Gecko) splash Version/9.0 Safari/602.1"
35.195.119.92 - - [30/Sep/2019:06:20:51 +0200] "GET /js/plugins.js HTTP/1.1" 200 898 "http://www.just-malerei.de/" "Mozilla/5.0 (X11; Linux x86_64) AppleWebKit/602.1 (KHTML, like Gecko) splash Version/9.0 Safari/602.1"
34.77.155.28 - - [30/Sep/2019:06:20:52 +0200] "GET /impressum.html HTTP/1.1" 200 4742 "-" "Mozilla/5.0 (X11; Linux x86_64) AppleWebKit/602.1 (KHTML, like Gecko) splash Version/9.0 Safari/602.1"
34.77.155.28 - - [30/Sep/2019:06:20:52 +0200] "GET /js/libs/modernizr-2.5.3.min.js HTTP/1.1" 200 15274 "http://www.just-malerei.de/impressum.html" "Mozilla/5.0 (X11; Linux x86_64) AppleWebKit/602.1 (KHTML, like Gecko) splash Version/9.0 Safari/602.1"
34.77.155.28 - - [30/Sep/2019:06:20:52 +0200] "GET /js/plugins.js HTTP/1.1" 200 898 "http://www.just-malerei.de/impressum.html" "Mozilla/5.0 (X11; Linux x86_64) AppleWebKit/602.1 (KHTML, like Gecko) splash Version/9.0 Safari/602.1"
34.77.254.59 - - [30/Sep/2019:06:21:00 +0200] "GET /kontakt.html HTTP/1.1" 200 4348 "-" "Mozilla/5.0 (X11; Linux x86_64) AppleWebKit/602.1 (KHTML, like Gecko) splash Version/9.0 Safari/602.1"
35.195.245.103 - - [30/Sep/2019:06:21:00 +0200] "GET /kontakt.html HTTP/1.1" 200 4348 "-" "Mozilla/5.0 (X11; Linux x86_64) AppleWebKit/602.1 (KHTML, like Gecko) splash Version/9.0 Safari/602.1"
34.77.254.59 - - [30/Sep/2019:06:21:00 +0200] "GET /js/libs/modernizr-2.5.3.min.js HTTP/1.1" 200 15274 "http://www.just-malerei.de/kontakt.html" "Mozilla/5.0 (X11; Linux x86_64) AppleWebKit/602.1 (KHTML, like Gecko) splash Version/9.0 Safari/602.1"
35.195.245.103 - - [30/Sep/2019:06:21:00 +0200] "GET /js/libs/modernizr-2.5.3.min.js HTTP/1.1" 200 15274 "http://www.just-malerei.de/kontakt.html" "Mozilla/5.0 (X11; Linux x86_64) AppleWebKit/602.1 (KHTML, like Gecko) splash Version/9.0 Safari/602.1"
34.77.254.59 - - [30/Sep/2019:06:21:00 +0200] "GET /js/plugins.js HTTP/1.1" 200 898 "http://www.just-malerei.de/kontakt.html" "Mozilla/5.0 (X11; Linux x86_64) AppleWebKit/602.1 (KHTML, like Gecko) splash Version/9.0 Safari/602.1"
35.195.245.103 - - [30/Sep/2019:06:21:00 +0200] "GET /js/plugins.js HTTP/1.1" 200 898 "http://www.just-malerei.de/kontakt.html" "Mozilla/5.0 (X11; Linux x86_64) AppleWebKit/602.1 (KHTML, like Gecko) splash Version/9.0 Safari/602.1"
34.77.254.59 - - [30/Sep/2019:06:21:00 +0200] "GET /captcha/captcha.php HTTP/1.1" 200 4399 "http://www.just-malerei.de/kontakt.html" "Mozilla/5.0 (X11; Linux x86_64) AppleWebKit/602.1 (KHTML, like Gecko) splash Version/9.0 Safari/602.1"
35.195.245.103 - - [30/Sep/2019:06:21:00 +0200] "GET /captcha/captcha.php HTTP/1.1" 200 4417 "http://www.just-malerei.de/kontakt.html" "Mozilla/5.0 (X11; Linux x86_64) AppleWebKit/602.1 (KHTML, like Gecko) splash Version/9.0 Safari/602.1"
216.244.66.241 - - [30/Sep/2019:06:31:33 +0200] "GET /robots.txt HTTP/1.1" 404 1256 "-" "Mozilla/5.0 (compatible; DotBot/1.1; http://www.opensiteexplorer.org/dotbot, help@moz.com)"
216.244.66.241 - - [30/Sep/2019:06:44:52 +0200] "GET / HTTP/1.1" 200 3632 "-" "Mozilla/5.0 (compatible; DotBot/1.1; http://www.opensiteexplorer.org/dotbot, help@moz.com)"
157.55.39.247 - - [30/Sep/2019:07:17:51 +0200] "GET / HTTP/1.1" 200 3632 "-" "Mozilla/5.0 (compatible; bingbot/2.0; +http://www.bing.com/bingbot.htm)"
66.249.65.122 - - [30/Sep/2019:07:38:35 +0200] "GET /robots.txt HTTP/1.1" 404 1256 "-" "Mozilla/5.0 (compatible; Googlebot/2.1; +http://www.google.com/bot.html)"
66.249.65.118 - - [30/Sep/2019:07:38:35 +0200] "GET / HTTP/1.1" 200 3632 "-" "Mozilla/5.0 (Linux; Android 6.0.1; Nexus 5X Build/MMB29P) AppleWebKit/537.36 (KHTML, like Gecko) Chrome/41.0.2272.96 Mobile Safari/537.36 (compatible; Googlebot/2.1; +http://www.google.com/bot.html)"
66.249.65.118 - - [30/Sep/2019:12:44:48 +0200] "GET / HTTP/1.1" 200 3632 "-" "Mozilla/5.0 (compatible; Googlebot/2.1; +http://www.google.com/bot.html)"
66.249.65.118 - - [30/Sep/2019:18:22:23 +0200] "GET / HTTP/1.1" 200 3632 "-" "Mozilla/5.0 (Linux; Android 6.0.1; Nexus 5X Build/MMB29P) AppleWebKit/537.36 (KHTML, like Gecko) Chrome/41.0.2272.96 Mobile Safari/537.36 (compatible; Googlebot/2.1; +http://www.google.com/bot.html)"
95.128.200.200 - - [30/Sep/2019:18:39:43 +0200] "GET / HTTP/1.1" 200 3632 "-" "Mozilla/5.0 (Windows NT 6.3; WOW64; rv:46.0) Gecko/20100101 Firefox/46.0"