178.63.142.235 - - [17/Jul/2014:12:58:06 +0200] "GET /)h.html(f?c( HTTP/1.1" 404 - "-" "Java/1.7.0_55"
178.63.142.235 - - [17/Jul/2014:12:58:06 +0200] "GET /]};O.optgroup=O.option;O.tbody=O.tfoot=O.colgroup=O.caption=O.thead;O.th=O.td;if(!c.support.htmlSerialize)O._default=[1, HTTP/1.1" 404 - "-" "Java/1.7.0_55"
178.63.142.235 - - [17/Jul/2014:12:58:06 +0200] "GET /./aktuelles.php HTTP/1.1" 200 13457 "-" "Java/1.7.0_55"
178.63.142.235 - - [17/Jul/2014:12:58:07 +0200] "GET /./angebote.php HTTP/1.1" 200 9739 "-" "Java/1.7.0_55"
178.63.142.235 - - [17/Jul/2014:12:58:07 +0200] "GET /./gebrauchtmaschinen.php HTTP/1.1" 200 6356 "-" "Java/1.7.0_55"
178.63.142.235 - - [17/Jul/2014:12:58:07 +0200] "GET /./impressum.php HTTP/1.1" 200 8128 "-" "Java/1.7.0_55"
178.63.142.235 - - [17/Jul/2014:12:58:08 +0200] "GET /./index.php HTTP/1.1" 200 6704 "-" "Java/1.7.0_55"
178.63.142.235 - - [17/Jul/2014:12:58:08 +0200] "GET /./kontakt.php HTTP/1.1" 200 6954 "-" "Java/1.7.0_55"
178.63.142.235 - - [17/Jul/2014:12:58:08 +0200] "GET /./leistungen.php HTTP/1.1" 200 9023 "-" "Java/1.7.0_55"
178.63.142.235 - - [17/Jul/2014:12:58:08 +0200] "GET /./unternehmen.php HTTP/1.1" 200 7208 "-" "Java/1.7.0_55"
178.63.142.235 - - [17/Jul/2014:12:58:09 +0200] "GET /./verkauf.php HTTP/1.1" 200 6662 "-" "Java/1.7.0_55"
178.63.142.235 - - [17/Jul/2014:12:58:09 +0200] "GET /./vermietung.php HTTP/1.1" 200 6527 "-" "Java/1.7.0_55"
178.63.142.235 - - [17/Jul/2014:12:58:09 +0200] "GET /{0} HTTP/1.1" 404 - "-" "Java/1.7.0_55"
178.63.142.235 - - [17/Jul/2014:12:58:10 +0200] "GET /{1} HTTP/1.1" 404 - "-" "Java/1.7.0_55"
178.63.142.235 - - [17/Jul/2014:12:58:10 +0200] "GET /./jquery-1.4.3.min.js HTTP/1.1" 200 77746 "-" "Java/1.7.0_55"
178.63.142.235 - - [17/Jul/2014:12:58:14 +0200] "GET /./jquery.cross-slide.js HTTP/1.1" 200 11724 "-" "Java/1.7.0_55"
178.63.142.235 - - [17/Jul/2014:12:58:14 +0200] "GET /./swfobject.js HTTP/1.1" 200 6880 "-" "Java/1.7.0_55"
178.63.142.235 - - [17/Jul/2014:12:58:14 +0200] "GET /./)h.html(f?c( HTTP/1.1" 404 - "-" "Java/1.7.0_55"
178.63.142.235 - - [17/Jul/2014:12:58:14 +0200] "GET /./]};O.optgroup=O.option;O.tbody=O.tfoot=O.colgroup=O.caption=O.thead;O.th=O.td;if(!c.support.htmlSerialize)O._default=[1, HTTP/1.1" 404 - "-" "Java/1.7.0_55"
178.63.142.235 - - [17/Jul/2014:12:58:15 +0200] "GET /./fancybox/jquery.fancybox-1.3.4.pack.js HTTP/1.1" 200 15624 "-" "Java/1.7.0_55"
178.63.142.235 - - [17/Jul/2014:12:58:15 +0200] "GET /./img/pfeil.png HTTP/1.1" 200 840 "-" "Java/1.7.0_55"
178.63.142.235 - - [17/Jul/2014:12:58:15 +0200] "GET /./img/logo_wfw.png HTTP/1.1" 200 2671 "-" "Java/1.7.0_55"
178.63.142.235 - - [17/Jul/2014:12:58:15 +0200] "GET /././aktuelles.php HTTP/1.1" 200 13457 "-" "Java/1.7.0_55"
178.63.142.235 - - [17/Jul/2014:12:58:15 +0200] "GET /././angebote.php HTTP/1.1" 200 9739 "-" "Java/1.7.0_55"
178.63.142.235 - - [17/Jul/2014:12:58:16 +0200] "GET /././gebrauchtmaschinen.php HTTP/1.1" 200 6356 "-" "Java/1.7.0_55"
178.63.142.235 - - [17/Jul/2014:12:58:16 +0200] "GET /././impressum.php HTTP/1.1" 200 8128 "-" "Java/1.7.0_55"
178.63.142.235 - - [17/Jul/2014:12:58:17 +0200] "GET /././index.php HTTP/1.1" 200 6704 "-" "Java/1.7.0_55"
178.63.142.235 - - [17/Jul/2014:12:58:17 +0200] "GET /././kontakt.php HTTP/1.1" 200 6954 "-" "Java/1.7.0_55"
178.63.142.235 - - [17/Jul/2014:12:58:17 +0200] "GET /././leistungen.php HTTP/1.1" 200 9023 "-" "Java/1.7.0_55"
178.63.142.235 - - [17/Jul/2014:12:58:17 +0200] "GET /././unternehmen.php HTTP/1.1" 200 7208 "-" "Java/1.7.0_55"
178.63.142.235 - - [17/Jul/2014:12:58:17 +0200] "GET /././verkauf.php HTTP/1.1" 200 6662 "-" "Java/1.7.0_55"
178.63.142.235 - - [17/Jul/2014:12:58:18 +0200] "GET /././vermietung.php HTTP/1.1" 200 6527 "-" "Java/1.7.0_55"
178.63.142.235 - - [17/Jul/2014:12:58:18 +0200] "GET /./img/Newsletter_Groeger_2013-06.png HTTP/1.1" 200 23068 "-" "Java/1.7.0_55"
178.63.142.235 - - [17/Jul/2014:12:58:18 +0200] "GET /./{0} HTTP/1.1" 404 - "-" "Java/1.7.0_55"
178.63.142.235 - - [17/Jul/2014:12:58:18 +0200] "GET /./{1} HTTP/1.1" 404 - "-" "Java/1.7.0_55"
178.63.142.235 - - [17/Jul/2014:12:58:18 +0200] "GET /./fancybox/'+d.href+' HTTP/1.1" 404 - "-" "Java/1.7.0_55"
66.249.66.88 - - [17/Jul/2014:13:16:54 +0200] "GET / HTTP/1.1" 200 6704 "-" "Mozilla/5.0 (compatible; Googlebot/2.1; +http://www.google.com/bot.html)"
68.180.224.240 - - [17/Jul/2014:13:18:48 +0200] "GET /robots.txt HTTP/1.1" 404 - "-" "Mozilla/5.0 (compatible; Yahoo! Slurp; http://help.yahoo.com/help/us/ysearch/slurp)"
68.180.224.240 - - [17/Jul/2014:13:18:48 +0200] "GET /SlurpConfirm404/tajiriiventojoho.htm HTTP/1.1" 404 - "-" "Mozilla/5.0 (compatible; Yahoo! Slurp; http://help.yahoo.com/help/us/ysearch/slurp)"
207.46.13.18 - - [17/Jul/2014:13:39:15 +0200] "GET / HTTP/1.1" 200 6704 "-" "Mozilla/5.0 (compatible; bingbot/2.0; +http://www.bing.com/bingbot.htm)"
162.252.87.120 - - [17/Jul/2014:14:12:01 +0200] "GET / HTTP/1.1" 200 6704 "-" "Mozilla/5.0 (X11; U; Linux i686; en-US; rv:1.6) Gecko/20050614 Firefox/0.8"
93.220.57.115 - - [17/Jul/2014:14:34:57 +0200] "GET / HTTP/1.1" 200 6704 "http://www.google.de/url?sa=t&rct=j&q=&esrc=s&source=web&cd=1&ved=0CCIQFjAA&url=http%3A%2F%2Fwww.groeger-bauaufzuege.de%2F&ei=x8LHU_HDGfLZ4QTgm4GgCg&usg=AFQjCNFBXgtaJQ5GEULKJBrc_pmJTjvlmQ&bvm=bv.71198958,d.bGE" "Mozilla/5.0 (Windows NT 5.1; rv:30.0) Gecko/20100101 Firefox/30.0"
93.220.57.115 - - [17/Jul/2014:14:34:59 +0200] "GET /css/groeger.css HTTP/1.1" 200 5467 "http://www.groeger-bauaufzuege.de/" "Mozilla/5.0 (Windows NT 5.1; rv:30.0) Gecko/20100101 Firefox/30.0"
93.220.57.115 - - [17/Jul/2014:14:34:59 +0200] "GET /swfobject.js HTTP/1.1" 200 6880 "http://www.groeger-bauaufzuege.de/" "Mozilla/5.0 (Windows NT 5.1; rv:30.0) Gecko/20100101 Firefox/30.0"
93.220.57.115 - - [17/Jul/2014:14:34:59 +0200] "GET /jquery.cross-slide.js HTTP/1.1" 200 11724 "http://www.groeger-bauaufzuege.de/" "Mozilla/5.0 (Windows NT 5.1; rv:30.0) Gecko/20100101 Firefox/30.0"
93.220.57.115 - - [17/Jul/2014:14:34:59 +0200] "GET /fancybox/jquery.fancybox-1.3.4.css HTTP/1.1" 200 8494 "http://www.groeger-bauaufzuege.de/" "Mozilla/5.0 (Windows NT 5.1; rv:30.0) Gecko/20100101 Firefox/30.0"
93.220.57.115 - - [17/Jul/2014:14:34:59 +0200] "GET /fancybox/jquery.fancybox-1.3.4.pack.js HTTP/1.1" 200 15624 "http://www.groeger-bauaufzuege.de/" "Mozilla/5.0 (Windows NT 5.1; rv:30.0) Gecko/20100101 Firefox/30.0"
93.220.57.115 - - [17/Jul/2014:14:34:59 +0200] "GET /jquery-1.4.3.min.js HTTP/1.1" 200 77746 "http://www.groeger-bauaufzuege.de/" "Mozilla/5.0 (Windows NT 5.1; rv:30.0) Gecko/20100101 Firefox/30.0"
93.220.57.115 - - [17/Jul/2014:14:34:59 +0200] "GET /img/favicon.gif HTTP/1.1" 200 119 "-" "Mozilla/5.0 (Windows NT 5.1; rv:30.0) Gecko/20100101 Firefox/30.0"
93.220.57.115 - - [17/Jul/2014:14:35:00 +0200] "GET /img/bild_1.jpg HTTP/1.1" 200 34058 "http://www.groeger-bauaufzuege.de/" "Mozilla/5.0 (Windows NT 5.1; rv:30.0) Gecko/20100101 Firefox/30.0"
93.220.57.115 - - [17/Jul/2014:14:35:00 +0200] "GET /img/pfeil.png HTTP/1.1" 200 840 "http://www.groeger-bauaufzuege.de/" "Mozilla/5.0 (Windows NT 5.1; rv:30.0) Gecko/20100101 Firefox/30.0"
93.220.57.115 - - [17/Jul/2014:14:35:00 +0200] "GET /img/logo_groeger.gif HTTP/1.1" 200 3605 "http://www.groeger-bauaufzuege.de/" "Mozilla/5.0 (Windows NT 5.1; rv:30.0) Gecko/20100101 Firefox/30.0"
93.220.57.115 - - [17/Jul/2014:14:35:00 +0200] "GET /img/grauverlauf.png HTTP/1.1" 200 3242 "http://www.groeger-bauaufzuege.de/css/groeger.css" "Mozilla/5.0 (Windows NT 5.1; rv:30.0) Gecko/20100101 Firefox/30.0"
93.220.57.115 - - [17/Jul/2014:14:35:00 +0200] "GET /img/groeger_web.jpg HTTP/1.1" 200 10877 "http://www.groeger-bauaufzuege.de/css/groeger.css" "Mozilla/5.0 (Windows NT 5.1; rv:30.0) Gecko/20100101 Firefox/30.0"
93.220.57.115 - - [17/Jul/2014:14:35:00 +0200] "GET /img/bild_4.jpg HTTP/1.1" 200 31111 "http://www.groeger-bauaufzuege.de/" "Mozilla/5.0 (Windows NT 5.1; rv:30.0) Gecko/20100101 Firefox/30.0"
93.220.57.115 - - [17/Jul/2014:14:35:00 +0200] "GET /img/bild_2.jpg HTTP/1.1" 200 37224 "http://www.groeger-bauaufzuege.de/" "Mozilla/5.0 (Windows NT 5.1; rv:30.0) Gecko/20100101 Firefox/30.0"
93.220.57.115 - - [17/Jul/2014:14:35:00 +0200] "GET /img/bild_3.jpg HTTP/1.1" 200 38007 "http://www.groeger-bauaufzuege.de/" "Mozilla/5.0 (Windows NT 5.1; rv:30.0) Gecko/20100101 Firefox/30.0"
93.220.57.115 - - [17/Jul/2014:14:35:06 +0200] "GET /kontakt.php HTTP/1.1" 200 6954 "http://www.groeger-bauaufzuege.de/" "Mozilla/5.0 (Windows NT 5.1; rv:30.0) Gecko/20100101 Firefox/30.0"
66.249.66.88 - - [17/Jul/2014:14:49:21 +0200] "GET /aktuelles.php HTTP/1.1" 200 13457 "-" "Mozilla/5.0 (compatible; Googlebot/2.1; +http://www.google.com/bot.html)"
66.249.66.88 - - [17/Jul/2014:15:13:44 +0200] "GET /angebote.php HTTP/1.1" 200 9739 "-" "Mozilla/5.0 (compatible; Googlebot/2.1; +http://www.google.com/bot.html)"
66.249.66.88 - - [17/Jul/2014:16:09:59 +0200] "GET /img/IMG_3777_800px_sw.jpg HTTP/1.1" 304 - "-" "Googlebot-Image/1.0"
66.249.66.88 - - [17/Jul/2014:16:26:49 +0200] "GET /download/Lift_D.pdf HTTP/1.1" 304 - "-" "Mozilla/5.0 (compatible; Googlebot/2.1; +http://www.google.com/bot.html)"
66.249.66.88 - - [17/Jul/2014:17:17:08 +0200] "GET / HTTP/1.1" 200 6704 "-" "Mozilla/5.0 (compatible; Googlebot/2.1; +http://www.google.com/bot.html)"
162.252.87.120 - - [17/Jul/2014:18:09:47 +0200] "GET / HTTP/1.1" 200 6704 "-" "Mozilla/5.0 (X11; U; Linux i686; en-US; rv:1.6) Gecko/20050614 Firefox/0.8"
68.180.224.240 - - [17/Jul/2014:18:10:32 +0200] "GET /SlurpConfirm404/censes93-1.stats/Entertitanic/alphaQ.htm HTTP/1.1" 404 - "-" "Mozilla/5.0 (compatible; Yahoo! Slurp; http://help.yahoo.com/help/us/ysearch/slurp)"
68.180.224.240 - - [17/Jul/2014:18:29:53 +0200] "GET /SlurpConfirm404.htm HTTP/1.1" 404 - "-" "Mozilla/5.0 (compatible; Yahoo! Slurp; http://help.yahoo.com/help/us/ysearch/slurp)"
66.249.69.32 - - [17/Jul/2014:18:37:08 +0200] "GET /robots.txt HTTP/1.1" 404 - "-" "Mozilla/5.0 (compatible; Googlebot/2.1; +http://www.google.com/bot.html)"
66.249.69.32 - - [17/Jul/2014:18:37:08 +0200] "GET /aktuelles.php HTTP/1.1" 200 13457 "-" "Mozilla/5.0 (compatible; Googlebot/2.1; +http://www.google.com/bot.html)"
66.249.69.64 - - [17/Jul/2014:19:21:01 +0200] "GET /kontakt.php HTTP/1.1" 200 6954 "-" "Mozilla/5.0 (compatible; Googlebot/2.1; +http://www.google.com/bot.html)"
66.249.69.32 - - [17/Jul/2014:20:10:29 +0200] "GET /angebote.php HTTP/1.1" 200 9739 "-" "Mozilla/5.0 (compatible; Googlebot/2.1; +http://www.google.com/bot.html)"
207.46.13.18 - - [17/Jul/2014:20:49:20 +0200] "GET / HTTP/1.1" 200 6704 "-" "Mozilla/5.0 (compatible; bingbot/2.0; +http://www.bing.com/bingbot.htm)"
66.249.69.48 - - [17/Jul/2014:21:28:37 +0200] "GET /leistungen.php HTTP/1.1" 200 9023 "-" "Mozilla/5.0 (compatible; Googlebot/2.1; +http://www.google.com/bot.html)"
162.252.87.120 - - [17/Jul/2014:22:26:08 +0200] "GET /./aktuelles.php HTTP/1.1" 200 13457 "-" "Mozilla/5.0 (X11; U; Linux i686; en-US; rv:1.6) Gecko/20050614 Firefox/0.8"
178.77.126.55 - - [18/Jul/2014:00:43:23 +0200] "GET /robots.txt HTTP/1.1" 404 - "-" "Mozilla/5.0 (compatible; CareerBot/1.1; +http://www.career-x.de/bot.html)"
178.77.126.55 - - [18/Jul/2014:00:43:23 +0200] "GET / HTTP/1.1" 200 6704 "-" "Mozilla/5.0 (compatible; CareerBot/1.1; +http://www.career-x.de/bot.html)"
178.77.126.55 - - [18/Jul/2014:00:43:23 +0200] "GET /unternehmen.php HTTP/1.1" 200 7208 "-" "Mozilla/5.0 (compatible; CareerBot/1.1; +http://www.career-x.de/bot.html)"
68.180.224.240 - - [18/Jul/2014:01:29:16 +0200] "GET /SlurpConfirm404/royale/usett.htm HTTP/1.1" 404 - "-" "Mozilla/5.0 (compatible; Yahoo! Slurp; http://help.yahoo.com/help/us/ysearch/slurp)"
144.76.163.48 - - [18/Jul/2014:01:55:40 +0200] "GET /unternehmen.php HTTP/1.1" 200 7208 "-" "Mozilla/5.0 (Windows; U; Windows NT 6.1; WOW64; en-US; rv:2.0.4) Gecko/20120718 AskTbAVR-IDW/3.12.5.17700 Firefox/14.0.1"
66.249.69.48 - - [18/Jul/2014:05:16:19 +0200] "GET /img/geda_maxi.jpg HTTP/1.1" 304 - "-" "Googlebot-Image/1.0"
68.180.224.240 - - [18/Jul/2014:05:27:39 +0200] "GET /SlurpConfirm404/survey/hunters/HSorch.htm HTTP/1.1" 404 - "-" "Mozilla/5.0 (compatible; Yahoo! Slurp; http://help.yahoo.com/help/us/ysearch/slurp)"
66.249.69.48 - - [18/Jul/2014:05:59:37 +0200] "GET /img/Angebotsbutton.jpg HTTP/1.1" 304 - "-" "Googlebot-Image/1.0"
162.252.87.120 - - [18/Jul/2014:08:49:18 +0200] "GET /verkauf.php HTTP/1.1" 200 6662 "-" "Mozilla/5.0 (X11; U; Linux i686; en-US; rv:1.6) Gecko/20050614 Firefox/0.8"
89.204.138.206 - - [18/Jul/2014:09:59:41 +0200] "GET / HTTP/1.1" 200 6704 "http://www.google.de/url?sa=t&source=web&cd=1&ved=0CCYQFjAA&url=http%3A%2F%2Fwww.groeger-bauaufzuege.de%2F&rct=j&q=groeger%20bauaufz%C3%BCge&ei=stPIU-aMM-Sx0QWeu4CYDQ&usg=AFQjCNFBXgtaJQ5GEULKJBrc_pmJTjvlmQ&bvm=bv.71198958,d.d2k" "Mozilla/5.0 (Linux; U; Android 4.1.2; de-de; GT-I8190 Build/JZO54K) AppleWebKit/534.30 (KHTML, like Gecko) Version/4.0 Mobile Safari/534.30"
89.204.138.206 - - [18/Jul/2014:09:59:41 +0200] "GET /css/groeger.css HTTP/1.1" 200 5467 "http://www.groeger-bauaufzuege.de/" "Mozilla/5.0 (Linux; U; Android 4.1.2; de-de; GT-I8190 Build/JZO54K) AppleWebKit/534.30 (KHTML, like Gecko) Version/4.0 Mobile Safari/534.30"
89.204.138.206 - - [18/Jul/2014:09:59:41 +0200] "GET /swfobject.js HTTP/1.1" 200 6880 "http://www.groeger-bauaufzuege.de/" "Mozilla/5.0 (Linux; U; Android 4.1.2; de-de; GT-I8190 Build/JZO54K) AppleWebKit/534.30 (KHTML, like Gecko) Version/4.0 Mobile Safari/534.30"
89.204.138.206 - - [18/Jul/2014:09:59:41 +0200] "GET /jquery.cross-slide.js HTTP/1.1" 200 11724 "http://www.groeger-bauaufzuege.de/" "Mozilla/5.0 (Linux; U; Android 4.1.2; de-de; GT-I8190 Build/JZO54K) AppleWebKit/534.30 (KHTML, like Gecko) Version/4.0 Mobile Safari/534.30"
89.204.138.206 - - [18/Jul/2014:09:59:41 +0200] "GET /fancybox/jquery.fancybox-1.3.4.pack.js HTTP/1.1" 200 15624 "http://www.groeger-bauaufzuege.de/" "Mozilla/5.0 (Linux; U; Android 4.1.2; de-de; GT-I8190 Build/JZO54K) AppleWebKit/534.30 (KHTML, like Gecko) Version/4.0 Mobile Safari/534.30"
89.204.138.206 - - [18/Jul/2014:09:59:41 +0200] "GET /fancybox/jquery.fancybox-1.3.4.css HTTP/1.1" 200 8494 "http://www.groeger-bauaufzuege.de/" "Mozilla/5.0 (Linux; U; Android 4.1.2; de-de; GT-I8190 Build/JZO54K) AppleWebKit/534.30 (KHTML, like Gecko) Version/4.0 Mobile Safari/534.30"
89.204.138.206 - - [18/Jul/2014:09:59:41 +0200] "GET /jquery-1.4.3.min.js HTTP/1.1" 200 77746 "http://www.groeger-bauaufzuege.de/" "Mozilla/5.0 (Linux; U; Android 4.1.2; de-de; GT-I8190 Build/JZO54K) AppleWebKit/534.30 (KHTML, like Gecko) Version/4.0 Mobile Safari/534.30"
89.204.138.206 - - [18/Jul/2014:09:59:42 +0200] "GET /img/logo_groeger.gif HTTP/1.1" 200 3605 "http://www.groeger-bauaufzuege.de/" "Mozilla/5.0 (Linux; U; Android 4.1.2; de-de; GT-I8190 Build/JZO54K) AppleWebKit/534.30 (KHTML, like Gecko) Version/4.0 Mobile Safari/534.30"
89.204.138.206 - - [18/Jul/2014:09:59:42 +0200] "GET /img/pfeil.png HTTP/1.1" 200 840 "http://www.groeger-bauaufzuege.de/" "Mozilla/5.0 (Linux; U; Android 4.1.2; de-de; GT-I8190 Build/JZO54K) AppleWebKit/534.30 (KHTML, like Gecko) Version/4.0 Mobile Safari/534.30"
89.204.138.206 - - [18/Jul/2014:09:59:42 +0200] "GET /img/bild_1.jpg HTTP/1.1" 200 34058 "http://www.groeger-bauaufzuege.de/" "Mozilla/5.0 (Linux; U; Android 4.1.2; de-de; GT-I8190 Build/JZO54K) AppleWebKit/534.30 (KHTML, like Gecko) Version/4.0 Mobile Safari/534.30"
89.204.138.206 - - [18/Jul/2014:09:59:43 +0200] "GET /img/groeger_web.jpg HTTP/1.1" 200 10877 "http://www.groeger-bauaufzuege.de/" "Mozilla/5.0 (Linux; U; Android 4.1.2; de-de; GT-I8190 Build/JZO54K) AppleWebKit/534.30 (KHTML, like Gecko) Version/4.0 Mobile Safari/534.30"
89.204.138.206 - - [18/Jul/2014:09:59:43 +0200] "GET /img/grauverlauf.png HTTP/1.1" 200 3242 "http://www.groeger-bauaufzuege.de/" "Mozilla/5.0 (Linux; U; Android 4.1.2; de-de; GT-I8190 Build/JZO54K) AppleWebKit/534.30 (KHTML, like Gecko) Version/4.0 Mobile Safari/534.30"
89.204.138.206 - - [18/Jul/2014:09:59:43 +0200] "GET /img/bild_2.jpg HTTP/1.1" 200 37224 "http://www.groeger-bauaufzuege.de/" "Mozilla/5.0 (Linux; U; Android 4.1.2; de-de; GT-I8190 Build/JZO54K) AppleWebKit/534.30 (KHTML, like Gecko) Version/4.0 Mobile Safari/534.30"
89.204.138.206 - - [18/Jul/2014:09:59:43 +0200] "GET /img/bild_3.jpg HTTP/1.1" 200 38007 "http://www.groeger-bauaufzuege.de/" "Mozilla/5.0 (Linux; U; Android 4.1.2; de-de; GT-I8190 Build/JZO54K) AppleWebKit/534.30 (KHTML, like Gecko) Version/4.0 Mobile Safari/534.30"
89.204.138.206 - - [18/Jul/2014:09:59:43 +0200] "GET /img/bild_4.jpg HTTP/1.1" 200 31111 "http://www.groeger-bauaufzuege.de/" "Mozilla/5.0 (Linux; U; Android 4.1.2; de-de; GT-I8190 Build/JZO54K) AppleWebKit/534.30 (KHTML, like Gecko) Version/4.0 Mobile Safari/534.30"
89.204.138.206 - - [18/Jul/2014:09:59:43 +0200] "GET /img/favicon.gif HTTP/1.1" 200 119 "http://www.groeger-bauaufzuege.de/" "Mozilla/5.0 (Linux; U; Android 4.1.2; de-de; GT-I8190 Build/JZO54K) AppleWebKit/534.30 (KHTML, like Gecko) Version/4.0 Mobile Safari/534.30"
89.204.138.206 - - [18/Jul/2014:09:59:56 +0200] "GET /kontakt.php HTTP/1.1" 200 6954 "http://www.groeger-bauaufzuege.de/" "Mozilla/5.0 (Linux; U; Android 4.1.2; de-de; GT-I8190 Build/JZO54K) AppleWebKit/534.30 (KHTML, like Gecko) Version/4.0 Mobile Safari/534.30"
89.204.138.206 - - [18/Jul/2014:09:59:58 +0200] "GET /kontakt.php HTTP/1.1" 200 6954 "http://www.groeger-bauaufzuege.de/" "Mozilla/5.0 (Linux; U; Android 4.1.2; de-de; GT-I8190 Build/JZO54K) AppleWebKit/534.30 (KHTML, like Gecko) Version/4.0 Mobile Safari/534.30"
109.45.3.234 - - [18/Jul/2014:10:09:18 +0200] "GET /kontakt.php HTTP/1.1" 200 6954 "http://www.google.com/url?sa=t&source=web&cd=2&ved=0CCEQjBAwAQ&url=http%3A%2F%2Fwww.groeger-bauaufzuege.de%2Fkontakt.php&rct=j&q=groeger%20bauaufz%C3%BCge&ei=9tXIU73uI4Op4gTipIHABQ&usg=AFQjCNHDVrcsUtKeFmiq0WZyos2ucumfmQ&bvm=bv.71198958,d.ZWU" "Mozilla/5.0 (Linux; U; Android 4.3; de-de; GT-I9300 Build/JSS15J) AppleWebKit/534.30 (KHTML, like Gecko) Version/4.0 Mobile Safari/534.30"
109.45.3.234 - - [18/Jul/2014:10:09:19 +0200] "GET /swfobject.js HTTP/1.1" 200 6880 "http://www.groeger-bauaufzuege.de/kontakt.php" "Mozilla/5.0 (Linux; U; Android 4.3; de-de; GT-I9300 Build/JSS15J) AppleWebKit/534.30 (KHTML, like Gecko) Version/4.0 Mobile Safari/534.30"
109.45.3.234 - - [18/Jul/2014:10:09:19 +0200] "GET /fancybox/jquery.fancybox-1.3.4.pack.js HTTP/1.1" 200 15624 "http://www.groeger-bauaufzuege.de/kontakt.php" "Mozilla/5.0 (Linux; U; Android 4.3; de-de; GT-I9300 Build/JSS15J) AppleWebKit/534.30 (KHTML, like Gecko) Version/4.0 Mobile Safari/534.30"
109.45.3.234 - - [18/Jul/2014:10:09:19 +0200] "GET /jquery.cross-slide.js HTTP/1.1" 200 11724 "http://www.groeger-bauaufzuege.de/kontakt.php" "Mozilla/5.0 (Linux; U; Android 4.3; de-de; GT-I9300 Build/JSS15J) AppleWebKit/534.30 (KHTML, like Gecko) Version/4.0 Mobile Safari/534.30"
109.45.3.234 - - [18/Jul/2014:10:09:19 +0200] "GET /css/groeger.css HTTP/1.1" 200 5467 "http://www.groeger-bauaufzuege.de/kontakt.php" "Mozilla/5.0 (Linux; U; Android 4.3; de-de; GT-I9300 Build/JSS15J) AppleWebKit/534.30 (KHTML, like Gecko) Version/4.0 Mobile Safari/534.30"
109.45.3.234 - - [18/Jul/2014:10:09:19 +0200] "GET /jquery-1.4.3.min.js HTTP/1.1" 200 77746 "http://www.groeger-bauaufzuege.de/kontakt.php" "Mozilla/5.0 (Linux; U; Android 4.3; de-de; GT-I9300 Build/JSS15J) AppleWebKit/534.30 (KHTML, like Gecko) Version/4.0 Mobile Safari/534.30"
109.45.3.234 - - [18/Jul/2014:10:09:19 +0200] "GET /fancybox/jquery.fancybox-1.3.4.css HTTP/1.1" 200 8494 "http://www.groeger-bauaufzuege.de/kontakt.php" "Mozilla/5.0 (Linux; U; Android 4.3; de-de; GT-I9300 Build/JSS15J) AppleWebKit/534.30 (KHTML, like Gecko) Version/4.0 Mobile Safari/534.30"
109.45.3.234 - - [18/Jul/2014:10:09:19 +0200] "GET /jquery-1.4.3.min.js HTTP/1.1" 200 77746 "http://www.groeger-bauaufzuege.de/kontakt.php" "Mozilla/5.0 (Linux; U; Android 4.3; de-de; GT-I9300 Build/JSS15J) AppleWebKit/534.30 (KHTML, like Gecko) Version/4.0 Mobile Safari/534.30"
109.45.3.234 - - [18/Jul/2014:10:09:20 +0200] "GET /img/grauverlauf.png HTTP/1.1" 200 3242 "http://www.groeger-bauaufzuege.de/kontakt.php" "Mozilla/5.0 (Linux; U; Android 4.3; de-de; GT-I9300 Build/JSS15J) AppleWebKit/534.30 (KHTML, like Gecko) Version/4.0 Mobile Safari/534.30"
109.45.3.234 - - [18/Jul/2014:10:09:20 +0200] "GET /img/logo_groeger.gif HTTP/1.1" 200 3605 "http://www.groeger-bauaufzuege.de/kontakt.php" "Mozilla/5.0 (Linux; U; Android 4.3; de-de; GT-I9300 Build/JSS15J) AppleWebKit/534.30 (KHTML, like Gecko) Version/4.0 Mobile Safari/534.30"
109.45.3.234 - - [18/Jul/2014:10:09:20 +0200] "GET /img/bild_1.jpg HTTP/1.1" 200 34058 "http://www.groeger-bauaufzuege.de/kontakt.php" "Mozilla/5.0 (Linux; U; Android 4.3; de-de; GT-I9300 Build/JSS15J) AppleWebKit/534.30 (KHTML, like Gecko) Version/4.0 Mobile Safari/534.30"
109.45.3.234 - - [18/Jul/2014:10:09:20 +0200] "GET /img/bild_2.jpg HTTP/1.1" 200 37224 "http://www.groeger-bauaufzuege.de/kontakt.php" "Mozilla/5.0 (Linux; U; Android 4.3; de-de; GT-I9300 Build/JSS15J) AppleWebKit/534.30 (KHTML, like Gecko) Version/4.0 Mobile Safari/534.30"
109.45.3.234 - - [18/Jul/2014:10:09:20 +0200] "GET /img/bild_3.jpg HTTP/1.1" 200 38007 "http://www.groeger-bauaufzuege.de/kontakt.php" "Mozilla/5.0 (Linux; U; Android 4.3; de-de; GT-I9300 Build/JSS15J) AppleWebKit/534.30 (KHTML, like Gecko) Version/4.0 Mobile Safari/534.30"
109.45.3.234 - - [18/Jul/2014:10:09:20 +0200] "GET /img/bild_1.jpg HTTP/1.1" 200 34058 "http://www.groeger-bauaufzuege.de/kontakt.php" "Mozilla/5.0 (Linux; U; Android 4.3; de-de; GT-I9300 Build/JSS15J) AppleWebKit/534.30 (KHTML, like Gecko) Version/4.0 Mobile Safari/534.30"
109.45.3.234 - - [18/Jul/2014:10:09:20 +0200] "GET /img/bild_4.jpg HTTP/1.1" 200 31111 "http://www.groeger-bauaufzuege.de/kontakt.php" "Mozilla/5.0 (Linux; U; Android 4.3; de-de; GT-I9300 Build/JSS15J) AppleWebKit/534.30 (KHTML, like Gecko) Version/4.0 Mobile Safari/534.30"
109.45.3.234 - - [18/Jul/2014:10:09:20 +0200] "GET /img/favicon.gif HTTP/1.1" 200 119 "http://www.groeger-bauaufzuege.de/kontakt.php" "Mozilla/5.0 (Linux; U; Android 4.3; de-de; GT-I9300 Build/JSS15J) AppleWebKit/534.30 (KHTML, like Gecko) Version/4.0 Mobile Safari/534.30"
109.45.3.234 - - [18/Jul/2014:10:23:28 +0200] "GET /kontakt.php HTTP/1.1" 200 6954 "-" "Mozilla/5.0 (Linux; U; Android 4.3; de-de; GT-I9300 Build/JSS15J) AppleWebKit/534.30 (KHTML, like Gecko) Version/4.0 Mobile Safari/534.30"
68.180.224.240 - - [18/Jul/2014:10:39:19 +0200] "GET / HTTP/1.1" 200 6704 "-" "Mozilla/5.0 (compatible; Yahoo! Slurp; http://help.yahoo.com/help/us/ysearch/slurp)"
46.229.160.208 - - [18/Jul/2014:10:44:12 +0200] "GET /download/Newsletter_Groeger_2012-09.pdf HTTP/1.1" 200 492501 "-" "Mozilla/4.0 (compatible; MSIE 7.0; Windows NT 6.0; SLCC1; .NET CLR 2.0.50727; Media Center PC 5.0; .NET CLR 3.0.04506)"
66.249.69.48 - - [18/Jul/2014:11:03:55 +0200] "GET /robots.txt HTTP/1.1" 404 - "-" "Mozilla/5.0 (compatible; Googlebot/2.1; +http://www.google.com/bot.html)"
66.249.69.32 - - [18/Jul/2014:11:03:55 +0200] "GET / HTTP/1.1" 200 6704 "-" "Mozilla/5.0 (compatible; Googlebot/2.1; +http://www.google.com/bot.html)"
199.30.26.221 - - [18/Jul/2014:11:34:08 +0200] "GET /robots.txt HTTP/1.1" 404 - "-" "msnbot/2.0b (+http://search.msn.com/msnbot.htm)"
199.30.26.221 - - [18/Jul/2014:11:34:08 +0200] "GET /vermietung.php HTTP/1.1" 200 6527 "-" "msnbot/2.0b (+http://search.msn.com/msnbot.htm)"
66.249.69.48 - - [18/Jul/2014:11:39:08 +0200] "GET /img/groeger_wartung.jpg HTTP/1.1" 304 - "-" "Googlebot-Image/1.0"
79.245.173.20 - - [18/Jul/2014:12:35:57 +0200] "GET /aktuelles.php HTTP/1.1" 200 13457 "http://www.google.com/url?sa=t&rct=j&q=berlin%20gr%C3%B6ger%20bauaufzug&source=web&cd=1&ved=0CBwQFjAA&url=http%3A%2F%2Fwww.groeger-bauaufzuege.de%2Faktuelles.php&ei=VPjIU_HoKcf_4QTf8ICIDQ&usg=AFQjCNHlvFLzeqm4Pmv-H7G-HyIEz_ciLw&bvm=bv.71198958,d.bGQ" "Mozilla/5.0 (Windows NT 6.1; WOW64) AppleWebKit/537.36 (KHTML, like Gecko) Chrome/35.0.1916.153 Safari/537.36"
79.245.173.20 - - [18/Jul/2014:12:35:57 +0200] "GET /css/groeger.css HTTP/1.1" 200 5467 "http://www.groeger-bauaufzuege.de/aktuelles.php" "Mozilla/5.0 (Windows NT 6.1; WOW64) AppleWebKit/537.36 (KHTML, like Gecko) Chrome/35.0.1916.153 Safari/537.36"
79.245.173.20 - - [18/Jul/2014:12:35:57 +0200] "GET /fancybox/jquery.fancybox-1.3.4.css HTTP/1.1" 200 8494 "http://www.groeger-bauaufzuege.de/aktuelles.php" "Mozilla/5.0 (Windows NT 6.1; WOW64) AppleWebKit/537.36 (KHTML, like Gecko) Chrome/35.0.1916.153 Safari/537.36"
79.245.173.20 - - [18/Jul/2014:12:35:57 +0200] "GET /swfobject.js HTTP/1.1" 200 6880 "http://www.groeger-bauaufzuege.de/aktuelles.php" "Mozilla/5.0 (Windows NT 6.1; WOW64) AppleWebKit/537.36 (KHTML, like Gecko) Chrome/35.0.1916.153 Safari/537.36"
79.245.173.20 - - [18/Jul/2014:12:35:57 +0200] "GET /jquery.cross-slide.js HTTP/1.1" 200 11724 "http://www.groeger-bauaufzuege.de/aktuelles.php" "Mozilla/5.0 (Windows NT 6.1; WOW64) AppleWebKit/537.36 (KHTML, like Gecko) Chrome/35.0.1916.153 Safari/537.36"
79.245.173.20 - - [18/Jul/2014:12:35:57 +0200] "GET /jquery-1.4.3.min.js HTTP/1.1" 200 77746 "http://www.groeger-bauaufzuege.de/aktuelles.php" "Mozilla/5.0 (Windows NT 6.1; WOW64) AppleWebKit/537.36 (KHTML, like Gecko) Chrome/35.0.1916.153 Safari/537.36"
79.245.173.20 - - [18/Jul/2014:12:35:57 +0200] "GET /img/logo_groeger.gif HTTP/1.1" 200 3605 "http://www.groeger-bauaufzuege.de/aktuelles.php" "Mozilla/5.0 (Windows NT 6.1; WOW64) AppleWebKit/537.36 (KHTML, like Gecko) Chrome/35.0.1916.153 Safari/537.36"
79.245.173.20 - - [18/Jul/2014:12:35:57 +0200] "GET /img/bild_1.jpg HTTP/1.1" 200 34058 "http://www.groeger-bauaufzuege.de/aktuelles.php" "Mozilla/5.0 (Windows NT 6.1; WOW64) AppleWebKit/537.36 (KHTML, like Gecko) Chrome/35.0.1916.153 Safari/537.36"
79.245.173.20 - - [18/Jul/2014:12:35:57 +0200] "GET /img/groeger-servicearbeit.jpg HTTP/1.1" 200 36976 "http://www.groeger-bauaufzuege.de/aktuelles.php" "Mozilla/5.0 (Windows NT 6.1; WOW64) AppleWebKit/537.36 (KHTML, like Gecko) Chrome/35.0.1916.153 Safari/537.36"
79.245.173.20 - - [18/Jul/2014:12:35:57 +0200] "GET /img/Newsletter_Groeger_2013-09.jpg HTTP/1.1" 200 21455 "http://www.groeger-bauaufzuege.de/aktuelles.php" "Mozilla/5.0 (Windows NT 6.1; WOW64) AppleWebKit/537.36 (KHTML, like Gecko) Chrome/35.0.1916.153 Safari/537.36"
79.245.173.20 - - [18/Jul/2014:12:35:57 +0200] "GET /img/Newsletter_Groeger_2013-06.png HTTP/1.1" 200 23068 "http://www.groeger-bauaufzuege.de/aktuelles.php" "Mozilla/5.0 (Windows NT 6.1; WOW64) AppleWebKit/537.36 (KHTML, like Gecko) Chrome/35.0.1916.153 Safari/537.36"
79.245.173.20 - - [18/Jul/2014:12:35:58 +0200] "GET /fancybox/jquery.fancybox-1.3.4.pack.js HTTP/1.1" 200 15624 "http://www.groeger-bauaufzuege.de/aktuelles.php" "Mozilla/5.0 (Windows NT 6.1; WOW64) AppleWebKit/537.36 (KHTML, like Gecko) Chrome/35.0.1916.153 Safari/537.36"
79.245.173.20 - - [18/Jul/2014:12:35:58 +0200] "GET /img/bild_2.jpg HTTP/1.1" 200 37224 "http://www.groeger-bauaufzuege.de/aktuelles.php" "Mozilla/5.0 (Windows NT 6.1; WOW64) AppleWebKit/537.36 (KHTML, like Gecko) Chrome/35.0.1916.153 Safari/537.36"
79.245.173.20 - - [18/Jul/2014:12:35:58 +0200] "GET /img/bild_3.jpg HTTP/1.1" 200 38007 "http://www.groeger-bauaufzuege.de/aktuelles.php" "Mozilla/5.0 (Windows NT 6.1; WOW64) AppleWebKit/537.36 (KHTML, like Gecko) Chrome/35.0.1916.153 Safari/537.36"
79.245.173.20 - - [18/Jul/2014:12:35:58 +0200] "GET /img/bild_4.jpg HTTP/1.1" 200 31111 "http://www.groeger-bauaufzuege.de/aktuelles.php" "Mozilla/5.0 (Windows NT 6.1; WOW64) AppleWebKit/537.36 (KHTML, like Gecko) Chrome/35.0.1916.153 Safari/537.36"
79.245.173.20 - - [18/Jul/2014:12:35:58 +0200] "GET /img/grauverlauf.png HTTP/1.1" 200 3242 "http://www.groeger-bauaufzuege.de/aktuelles.php" "Mozilla/5.0 (Windows NT 6.1; WOW64) AppleWebKit/537.36 (KHTML, like Gecko) Chrome/35.0.1916.153 Safari/537.36"
79.245.173.20 - - [18/Jul/2014:12:35:58 +0200] "GET /img/zarges-logo.gif HTTP/1.1" 200 1576 "http://www.groeger-bauaufzuege.de/aktuelles.php" "Mozilla/5.0 (Windows NT 6.1; WOW64) AppleWebKit/537.36 (KHTML, like Gecko) Chrome/35.0.1916.153 Safari/537.36"
79.245.173.20 - - [18/Jul/2014:12:35:58 +0200] "GET /img/favicon.gif HTTP/1.1" 200 119 "-" "Mozilla/5.0 (Windows NT 6.1; WOW64) AppleWebKit/537.36 (KHTML, like Gecko) Chrome/35.0.1916.153 Safari/537.36"
79.245.173.20 - - [18/Jul/2014:12:36:04 +0200] "GET /kontakt.php HTTP/1.1" 200 6954 "http://www.groeger-bauaufzuege.de/aktuelles.php" "Mozilla/5.0 (Windows NT 6.1; WOW64) AppleWebKit/537.36 (KHTML, like Gecko) Chrome/35.0.1916.153 Safari/537.36"
66.249.69.32 - - [18/Jul/2014:12:53:56 +0200] "GET /aktuelles.php HTTP/1.1" 200 13457 "-" "Mozilla/5.0 (compatible; Googlebot/2.1; +http://www.google.com/bot.html)"
88.73.28.72 - - [18/Jul/2014:13:47:15 +0200] "GET / HTTP/1.1" 200 6704 "http://www.google.de/url?sa=t&rct=j&q=&esrc=s&source=web&cd=1&ved=0CCAQFjAA&url=http%3A%2F%2Fwww.groeger-bauaufzuege.de%2F&ei=DQnJU-WtGeXb7AaV5oGwDw&usg=AFQjCNFBXgtaJQ5GEULKJBrc_pmJTjvlmQ&bvm=bv.71198958,d.bGE" "Mozilla/5.0 (Windows NT 6.3; WOW64; Trident/7.0; Touch; MAARJS; rv:11.0) like Gecko"
88.73.28.72 - - [18/Jul/2014:13:47:16 +0200] "GET /css/groeger.css HTTP/1.1" 200 5467 "http://www.groeger-bauaufzuege.de/" "Mozilla/5.0 (Windows NT 6.3; WOW64; Trident/7.0; Touch; MAARJS; rv:11.0) like Gecko"
88.73.28.72 - - [18/Jul/2014:13:47:16 +0200] "GET /swfobject.js HTTP/1.1" 200 6880 "http://www.groeger-bauaufzuege.de/" "Mozilla/5.0 (Windows NT 6.3; WOW64; Trident/7.0; Touch; MAARJS; rv:11.0) like Gecko"
88.73.28.72 - - [18/Jul/2014:13:47:16 +0200] "GET /jquery.cross-slide.js HTTP/1.1" 200 11724 "http://www.groeger-bauaufzuege.de/" "Mozilla/5.0 (Windows NT 6.3; WOW64; Trident/7.0; Touch; MAARJS; rv:11.0) like Gecko"
88.73.28.72 - - [18/Jul/2014:13:47:16 +0200] "GET /fancybox/jquery.fancybox-1.3.4.pack.js HTTP/1.1" 200 15624 "http://www.groeger-bauaufzuege.de/" "Mozilla/5.0 (Windows NT 6.3; WOW64; Trident/7.0; Touch; MAARJS; rv:11.0) like Gecko"
88.73.28.72 - - [18/Jul/2014:13:47:16 +0200] "GET /fancybox/jquery.fancybox-1.3.4.css HTTP/1.1" 200 8494 "http://www.groeger-bauaufzuege.de/" "Mozilla/5.0 (Windows NT 6.3; WOW64; Trident/7.0; Touch; MAARJS; rv:11.0) like Gecko"
88.73.28.72 - - [18/Jul/2014:13:47:16 +0200] "GET /img/logo_groeger.gif HTTP/1.1" 200 3605 "http://www.groeger-bauaufzuege.de/" "Mozilla/5.0 (Windows NT 6.3; WOW64; Trident/7.0; Touch; MAARJS; rv:11.0) like Gecko"
88.73.28.72 - - [18/Jul/2014:13:47:16 +0200] "GET /img/bild_1.jpg HTTP/1.1" 200 34058 "http://www.groeger-bauaufzuege.de/" "Mozilla/5.0 (Windows NT 6.3; WOW64; Trident/7.0; Touch; MAARJS; rv:11.0) like Gecko"
88.73.28.72 - - [18/Jul/2014:13:47:16 +0200] "GET /img/pfeil.png HTTP/1.1" 200 840 "http://www.groeger-bauaufzuege.de/" "Mozilla/5.0 (Windows NT 6.3; WOW64; Trident/7.0; Touch; MAARJS; rv:11.0) like Gecko"
88.73.28.72 - - [18/Jul/2014:13:47:16 +0200] "GET /jquery-1.4.3.min.js HTTP/1.1" 200 77746 "http://www.groeger-bauaufzuege.de/" "Mozilla/5.0 (Windows NT 6.3; WOW64; Trident/7.0; Touch; MAARJS; rv:11.0) like Gecko"
88.73.28.72 - - [18/Jul/2014:13:47:16 +0200] "GET /img/bild_3.jpg HTTP/1.1" 200 38007 "http://www.groeger-bauaufzuege.de/" "Mozilla/5.0 (Windows NT 6.3; WOW64; Trident/7.0; Touch; MAARJS; rv:11.0) like Gecko"
88.73.28.72 - - [18/Jul/2014:13:47:16 +0200] "GET /img/bild_2.jpg HTTP/1.1" 200 37224 "http://www.groeger-bauaufzuege.de/" "Mozilla/5.0 (Windows NT 6.3; WOW64; Trident/7.0; Touch; MAARJS; rv:11.0) like Gecko"
88.73.28.72 - - [18/Jul/2014:13:47:16 +0200] "GET /img/bild_4.jpg HTTP/1.1" 200 31111 "http://www.groeger-bauaufzuege.de/" "Mozilla/5.0 (Windows NT 6.3; WOW64; Trident/7.0; Touch; MAARJS; rv:11.0) like Gecko"
88.73.28.72 - - [18/Jul/2014:13:47:16 +0200] "GET /img/grauverlauf.png HTTP/1.1" 200 3242 "http://www.groeger-bauaufzuege.de/" "Mozilla/5.0 (Windows NT 6.3; WOW64; Trident/7.0; Touch; MAARJS; rv:11.0) like Gecko"
88.73.28.72 - - [18/Jul/2014:13:47:16 +0200] "GET /img/groeger_web.jpg HTTP/1.1" 200 10877 "http://www.groeger-bauaufzuege.de/" "Mozilla/5.0 (Windows NT 6.3; WOW64; Trident/7.0; Touch; MAARJS; rv:11.0) like Gecko"
88.73.28.72 - - [18/Jul/2014:13:47:16 +0200] "GET /fancybox/blank.gif HTTP/1.1" 200 43 "http://www.groeger-bauaufzuege.de/" "Mozilla/5.0 (Windows NT 6.3; WOW64; Trident/7.0; Touch; MAARJS; rv:11.0) like Gecko"
88.73.28.72 - - [18/Jul/2014:13:47:16 +0200] "GET /img/favicon.gif HTTP/1.1" 200 119 "-" "Mozilla/5.0 (Windows NT 6.3; Win64; x64; Trident/7.0; Touch; MAARJS; rv:11.0) like Gecko"
88.73.28.72 - - [18/Jul/2014:13:47:24 +0200] "GET /impressum.php HTTP/1.1" 200 8128 "http://www.groeger-bauaufzuege.de/" "Mozilla/5.0 (Windows NT 6.3; WOW64; Trident/7.0; Touch; MAARJS; rv:11.0) like Gecko"
66.249.79.17 - - [18/Jul/2014:15:08:55 +0200] "GET /robots.txt HTTP/1.1" 404 - "-" "Mozilla/5.0 (compatible; Googlebot/2.1; +http://www.google.com/bot.html)"
66.249.79.17 - - [18/Jul/2014:15:08:55 +0200] "GET / HTTP/1.1" 200 6704 "-" "Mozilla/5.0 (compatible; Googlebot/2.1; +http://www.google.com/bot.html)"
207.46.13.18 - - [18/Jul/2014:15:40:38 +0200] "GET /robots.txt HTTP/1.1" 404 - "-" "Mozilla/5.0 (compatible; bingbot/2.0; +http://www.bing.com/bingbot.htm)"
207.46.13.18 - - [18/Jul/2014:15:40:46 +0200] "GET / HTTP/1.1" 200 6704 "-" "Mozilla/5.0 (compatible; bingbot/2.0; +http://www.bing.com/bingbot.htm)"
66.249.79.134 - - [18/Jul/2014:15:53:56 +0200] "GET /kontakt.php HTTP/1.1" 200 6954 "-" "Mozilla/5.0 (compatible; Googlebot/2.1; +http://www.google.com/bot.html)"
162.252.87.120 - - [18/Jul/2014:16:21:32 +0200] "GET /./aktuelles.php HTTP/1.1" 200 13457 "-" "Mozilla/5.0 (X11; U; Linux i686; en-US; rv:1.6) Gecko/20050614 Firefox/0.8"
62.169.4.90 - - [18/Jul/2014:16:36:34 +0200] "GET /css/groeger.css HTTP/1.1" 304 - "-" "Mozilla/4.0 (compatible;)"
66.249.79.17 - - [18/Jul/2014:16:53:57 +0200] "GET /angebote.php HTTP/1.1" 200 9739 "-" "Mozilla/5.0 (compatible; Googlebot/2.1; +http://www.google.com/bot.html)"
162.210.196.97 - - [18/Jul/2014:17:17:48 +0200] "GET /robots.txt HTTP/1.0" 404 - "-" "Mozilla/5.0 (compatible; MJ12bot/v1.4.5; http://www.majestic12.co.uk/bot.php?+)"
162.210.196.97 - - [18/Jul/2014:17:17:49 +0200] "GET / HTTP/1.0" 200 6704 "-" "Mozilla/5.0 (compatible; MJ12bot/v1.4.5; http://www.majestic12.co.uk/bot.php?+)"
66.249.79.17 - - [18/Jul/2014:17:22:58 +0200] "GET /img/1.DeutscheGeruestbaumesse-1.jpg HTTP/1.1" 304 - "-" "Googlebot-Image/1.0"
66.249.79.134 - - [18/Jul/2014:18:13:56 +0200] "GET /download/Lift_D.pdf HTTP/1.1" 304 - "-" "Mozilla/5.0 (compatible; Googlebot/2.1; +http://www.google.com/bot.html)"
66.249.79.134 - - [18/Jul/2014:19:01:16 +0200] "GET /impressum.php HTTP/1.1" 200 8128 "-" "Mozilla/5.0 (compatible; Googlebot/2.1; +http://www.google.com/bot.html)"
207.46.13.124 - - [18/Jul/2014:19:04:43 +0200] "GET /vermietung.php HTTP/1.1" 200 6527 "-" "Mozilla/5.0 (compatible; bingbot/2.0; +http://www.bing.com/bingbot.htm)"
207.46.13.124 - - [18/Jul/2014:19:04:44 +0200] "GET /verkauf.php HTTP/1.1" 200 6662 "-" "Mozilla/5.0 (compatible; bingbot/2.0; +http://www.bing.com/bingbot.htm)"
207.46.13.124 - - [18/Jul/2014:19:04:44 +0200] "GET /gebrauchtmaschinen.php HTTP/1.1" 200 6356 "-" "Mozilla/5.0 (compatible; bingbot/2.0; +http://www.bing.com/bingbot.htm)"
207.46.13.124 - - [18/Jul/2014:19:04:45 +0200] "GET /aktuelles.php HTTP/1.1" 200 13457 "-" "Mozilla/5.0 (compatible; bingbot/2.0; +http://www.bing.com/bingbot.htm)"
207.46.13.18 - - [18/Jul/2014:19:04:51 +0200] "GET / HTTP/1.1" 200 6704 "-" "Mozilla/5.0 (compatible; bingbot/2.0; +http://www.bing.com/bingbot.htm)"
207.46.13.18 - - [18/Jul/2014:19:04:52 +0200] "GET /kontakt.php HTTP/1.1" 200 6954 "-" "Mozilla/5.0 (compatible; bingbot/2.0; +http://www.bing.com/bingbot.htm)"
207.46.13.18 - - [18/Jul/2014:19:04:52 +0200] "GET /angebote.php HTTP/1.1" 200 9739 "-" "Mozilla/5.0 (compatible; bingbot/2.0; +http://www.bing.com/bingbot.htm)"
207.46.13.106 - - [18/Jul/2014:19:04:56 +0200] "GET /leistungen.php HTTP/1.1" 200 9023 "-" "Mozilla/5.0 (compatible; bingbot/2.0; +http://www.bing.com/bingbot.htm)"
207.46.13.106 - - [18/Jul/2014:19:04:57 +0200] "GET /index.php HTTP/1.1" 200 6704 "-" "Mozilla/5.0 (compatible; bingbot/2.0; +http://www.bing.com/bingbot.htm)"
207.46.13.96 - - [18/Jul/2014:19:05:31 +0200] "GET /unternehmen.php HTTP/1.1" 200 7208 "-" "Mozilla/5.0 (compatible; bingbot/2.0; +http://www.bing.com/bingbot.htm)"
66.249.79.5 - - [18/Jul/2014:19:59:00 +0200] "GET /unternehmen.php HTTP/1.1" 200 7208 "-" "Mozilla/5.0 (compatible; Googlebot/2.1; +http://www.google.com/bot.html)"
66.249.79.134 - - [18/Jul/2014:20:15:37 +0200] "GET /img/1.DeutscheGeruestbaumesse-5.jpg HTTP/1.1" 200 356412 "-" "Googlebot-Image/1.0"
207.46.13.18 - - [18/Jul/2014:20:30:32 +0200] "GET / HTTP/1.1" 200 6704 "-" "Mozilla/5.0 (compatible; bingbot/2.0; +http://www.bing.com/bingbot.htm)"
66.249.79.5 - - [18/Jul/2014:20:34:59 +0200] "GET /img/groeger_wartung.jpg HTTP/1.1" 304 - "-" "Googlebot-Image/1.0"
178.255.215.70 - - [18/Jul/2014:21:02:00 +0200] "GET /robots.txt HTTP/1.1" 404 - "-" "Mozilla/5.0 (compatible; Exabot/3.0; +http://www.exabot.com/go/robot)"
178.255.215.70 - - [18/Jul/2014:21:02:00 +0200] "GET /aktuelles.php HTTP/1.1" 200 13457 "-" "Mozilla/5.0 (compatible; Exabot/3.0; +http://www.exabot.com/go/robot)"
66.249.79.17 - - [18/Jul/2014:21:07:18 +0200] "GET /img/boecker_junior-hd18.jpg HTTP/1.1" 304 - "-" "Googlebot-Image/1.0"
66.249.79.17 - - [18/Jul/2014:21:14:52 +0200] "GET /aktuelles.php HTTP/1.1" 200 13457 "-" "Mozilla/5.0 (compatible; Googlebot/2.1; +http://www.google.com/bot.html)"
66.249.79.134 - - [18/Jul/2014:23:49:55 +0200] "GET /img/boecker_junior_im_einsatz.jpg HTTP/1.1" 304 - "-" "Googlebot-Image/1.0"
162.252.87.120 - - [19/Jul/2014:01:41:15 +0200] "GET /verkauf.php HTTP/1.1" 200 6662 "-" "Mozilla/5.0 (X11; U; Linux i686; en-US; rv:1.6) Gecko/20050614 Firefox/0.8"
208.115.111.73 - - [19/Jul/2014:03:27:53 +0200] "GET /robots.txt HTTP/1.1" 404 - "-" "Mozilla/5.0 (compatible; DotBot/1.1; http://www.opensiteexplorer.org/dotbot, help@moz.com)"
121.205.199.28 - - [19/Jul/2014:04:58:04 +0200] "GET / HTTP/1.0" 200 6704 "http://www.groeger-bauaufzuege.de/" "Mozilla/4.0 (compatible; MSIE 6.0; Windows NT 5.1; SV1; .NET CLR 2.0.50727)"
208.115.111.73 - - [19/Jul/2014:05:13:04 +0200] "GET /leistungen.php HTTP/1.1" 200 9023 "-" "Mozilla/5.0 (compatible; DotBot/1.1; http://www.opensiteexplorer.org/dotbot, help@moz.com)"
110.85.105.114 - - [19/Jul/2014:05:18:17 +0200] "GET /webeditor/editor/filemanager/connectors/test.html HTTP/1.1" 404 - "-" "Mozilla/4.0 (compatible; MSIE 6.0; Windows NT 5.1; SV1; Mozilla/4.0 (compatible; MSIE 6.0; Windows NT 5.1; SV1) )"
121.205.199.28 - - [19/Jul/2014:05:27:21 +0200] "GET /aktuelles.php HTTP/1.0" 200 13457 "http://www.groeger-bauaufzuege.de/aktuelles.php" "Mozilla/4.0 (compatible; MSIE 6.0; Windows NT 5.1; SV1; .NET CLR 2.0.50727)"
121.205.199.28 - - [19/Jul/2014:05:27:23 +0200] "GET /leistungen.php HTTP/1.0" 200 9023 "http://www.groeger-bauaufzuege.de/leistungen.php" "Mozilla/4.0 (compatible; MSIE 6.0; Windows NT 5.1; SV1; .NET CLR 2.0.50727)"
121.205.199.28 - - [19/Jul/2014:05:27:25 +0200] "GET /vermietung.php HTTP/1.0" 200 6527 "http://www.groeger-bauaufzuege.de/vermietung.php" "Mozilla/4.0 (compatible; MSIE 6.0; Windows NT 5.1; SV1; .NET CLR 2.0.50727)"
121.205.199.28 - - [19/Jul/2014:05:27:26 +0200] "GET /gebrauchtmaschinen.php HTTP/1.0" 200 6356 "http://www.groeger-bauaufzuege.de/gebrauchtmaschinen.php" "Mozilla/4.0 (compatible; MSIE 6.0; Windows NT 5.1; SV1; .NET CLR 2.0.50727)"
121.205.199.28 - - [19/Jul/2014:05:27:27 +0200] "GET /unternehmen.php HTTP/1.0" 200 7208 "http://www.groeger-bauaufzuege.de/unternehmen.php" "Mozilla/4.0 (compatible; MSIE 6.0; Windows NT 5.1; SV1; .NET CLR 2.0.50727)"
121.205.199.28 - - [19/Jul/2014:05:27:28 +0200] "GET /kontakt.php HTTP/1.0" 200 6954 "http://www.groeger-bauaufzuege.de/kontakt.php" "Mozilla/4.0 (compatible; MSIE 6.0; Windows NT 5.1; SV1; .NET CLR 2.0.50727)"
121.205.199.28 - - [19/Jul/2014:05:27:29 +0200] "GET /impressum.php HTTP/1.0" 200 8128 "http://www.groeger-bauaufzuege.de/impressum.php" "Mozilla/4.0 (compatible; MSIE 6.0; Windows NT 5.1; SV1; .NET CLR 2.0.50727)"
121.205.199.28 - - [19/Jul/2014:05:27:31 +0200] "GET /angebote.php HTTP/1.0" 200 9739 "http://www.groeger-bauaufzuege.de/angebote.php" "Mozilla/4.0 (compatible; MSIE 6.0; Windows NT 5.1; SV1; .NET CLR 2.0.50727)"
121.205.199.28 - - [19/Jul/2014:05:27:33 +0200] "GET /verkauf.php HTTP/1.0" 200 6662 "http://www.groeger-bauaufzuege.de/verkauf.php" "Mozilla/4.0 (compatible; MSIE 6.0; Windows NT 5.1; SV1; .NET CLR 2.0.50727)"
110.85.105.114 - - [19/Jul/2014:05:37:20 +0200] "GET /admin/fckeditor/editor/filemanager/upload/test.html HTTP/1.1" 404 - "-" "Mozilla/4.0 (compatible; MSIE 6.0; Windows NT 5.1; SV1; Mozilla/4.0 (compatible; MSIE 6.0; Windows NT 5.1; SV1) ; .NET CLR 1.0.3705)"
110.85.105.114 - - [19/Jul/2014:06:06:18 +0200] "GET /admin/fckeditor_ap/editor/filemanager/connectors/uploadtest.html HTTP/1.1" 404 - "-" "Mozilla/4.0 (compatible; MSIE 6.0; Windows NT 5.1)"
110.85.105.114 - - [19/Jul/2014:06:23:31 +0200] "GET /admin/fckeditor/editor/filemanager/connectors/uploadtest.html HTTP/1.1" 404 - "-" "Mozilla/4.0 (compatible; MSIE 6.0; Windows NT 5.1)"
69.58.178.56 - - [19/Jul/2014:06:49:13 +0200] "GET /robots.txt HTTP/1.1" 404 - "-" "Mozilla/5.0 (X11; Ubuntu; Linux i686; rv:14.0; ips-agent) Gecko/20100101 Firefox/14.0.1"
69.58.178.56 - - [19/Jul/2014:06:49:14 +0200] "GET / HTTP/1.1" 200 6704 "-" "Mozilla/5.0 (X11; Ubuntu; Linux i686; rv:14.0; ips-agent) Gecko/20100101 Firefox/14.0.1"
69.58.178.56 - - [19/Jul/2014:06:49:15 +0200] "GET /index.php HTTP/1.1" 200 6704 "-" "Mozilla/5.0 (X11; Ubuntu; Linux i686; rv:14.0; ips-agent) Gecko/20100101 Firefox/14.0.1"
69.58.178.56 - - [19/Jul/2014:06:49:16 +0200] "GET /aktuelles.php HTTP/1.1" 200 13457 "-" "Mozilla/5.0 (X11; Ubuntu; Linux i686; rv:14.0; ips-agent) Gecko/20100101 Firefox/14.0.1"
69.58.178.56 - - [19/Jul/2014:06:49:18 +0200] "GET /leistungen.php HTTP/1.1" 200 9023 "-" "Mozilla/5.0 (X11; Ubuntu; Linux i686; rv:14.0; ips-agent) Gecko/20100101 Firefox/14.0.1"
69.58.178.56 - - [19/Jul/2014:06:49:19 +0200] "GET /verkauf.php HTTP/1.1" 200 6662 "-" "Mozilla/5.0 (X11; Ubuntu; Linux i686; rv:14.0; ips-agent) Gecko/20100101 Firefox/14.0.1"
69.58.178.56 - - [19/Jul/2014:06:49:20 +0200] "GET /vermietung.php HTTP/1.1" 200 6527 "-" "Mozilla/5.0 (X11; Ubuntu; Linux i686; rv:14.0; ips-agent) Gecko/20100101 Firefox/14.0.1"
69.58.178.56 - - [19/Jul/2014:06:49:22 +0200] "GET /gebrauchtmaschinen.php HTTP/1.1" 200 6356 "-" "Mozilla/5.0 (X11; Ubuntu; Linux i686; rv:14.0; ips-agent) Gecko/20100101 Firefox/14.0.1"
69.58.178.56 - - [19/Jul/2014:06:49:23 +0200] "GET /unternehmen.php HTTP/1.1" 200 7208 "-" "Mozilla/5.0 (X11; Ubuntu; Linux i686; rv:14.0; ips-agent) Gecko/20100101 Firefox/14.0.1"
69.58.178.56 - - [19/Jul/2014:06:49:24 +0200] "GET /kontakt.php HTTP/1.1" 200 6954 "-" "Mozilla/5.0 (X11; Ubuntu; Linux i686; rv:14.0; ips-agent) Gecko/20100101 Firefox/14.0.1"
69.58.178.56 - - [19/Jul/2014:06:49:25 +0200] "GET /impressum.php HTTP/1.1" 200 8128 "-" "Mozilla/5.0 (X11; Ubuntu; Linux i686; rv:14.0; ips-agent) Gecko/20100101 Firefox/14.0.1"
110.85.105.114 - - [19/Jul/2014:06:53:51 +0200] "GET /editor/editor/filemanager/browser/default/connectors/test.html HTTP/1.1" 404 - "-" "Mozilla/4.0 (compatible; MSIE 6.0; Windows NT 5.1; SV1)"
110.85.105.114 - - [19/Jul/2014:07:03:53 +0200] "GET /public/js/fckeditor/editor/filemanager/browser/default/connectors/test.html HTTP/1.1" 404 - "-" "Mozilla/4.0 (compatible; MSIE 6.0; Windows NT 5.1; SV1; Mozilla/4.0 (compatible; MSIE 6.0; Windows NT 5.1; SV1) ; .NET CLR 2.0.50727 ; .NET CLR 4.0.30319)"
121.205.199.28 - - [19/Jul/2014:07:12:46 +0200] "GET /img/img_3777_800px_sw.jpg HTTP/1.0" 404 - "http://www.groeger-bauaufzuege.de/img/img_3777_800px_sw.jpg" "Mozilla/4.0 (compatible; MSIE 6.0; Windows NT 5.1; SV1; .NET CLR 2.0.50727)"
121.205.199.28 - - [19/Jul/2014:07:12:47 +0200] "GET /img/groeger_wartung.jpg HTTP/1.0" 200 15313 "http://www.groeger-bauaufzuege.de/img/groeger_wartung.jpg" "Mozilla/4.0 (compatible; MSIE 6.0; Windows NT 5.1; SV1; .NET CLR 2.0.50727)"
121.205.199.28 - - [19/Jul/2014:07:12:47 +0200] "GET /img/boecker_junior-hd18.jpg HTTP/1.0" 200 14822 "http://www.groeger-bauaufzuege.de/img/boecker_junior-hd18.jpg" "Mozilla/4.0 (compatible; MSIE 6.0; Windows NT 5.1; SV1; .NET CLR 2.0.50727)"
121.205.199.28 - - [19/Jul/2014:07:12:48 +0200] "GET /img/geda_maxi.jpg HTTP/1.0" 200 12151 "http://www.groeger-bauaufzuege.de/img/geda_maxi.jpg" "Mozilla/4.0 (compatible; MSIE 6.0; Windows NT 5.1; SV1; .NET CLR 2.0.50727)"
121.205.199.28 - - [19/Jul/2014:07:12:49 +0200] "GET /img/groeger_aluschweissen.jpg HTTP/1.0" 200 12289 "http://www.groeger-bauaufzuege.de/img/groeger_aluschweissen.jpg" "Mozilla/4.0 (compatible; MSIE 6.0; Windows NT 5.1; SV1; .NET CLR 2.0.50727)"
121.205.199.28 - - [19/Jul/2014:07:13:04 +0200] "GET /download/newsletter_groeger_2014-03.pdf HTTP/1.0" 404 - "http://www.groeger-bauaufzuege.de/download/newsletter_groeger_2014-03.pdf" "Mozilla/4.0 (compatible; MSIE 6.0; Windows NT 5.1; SV1; .NET CLR 2.0.50727)"
121.205.199.28 - - [19/Jul/2014:07:13:04 +0200] "GET /download/newsletter_groeger_2013-09.pdf HTTP/1.0" 404 - "http://www.groeger-bauaufzuege.de/download/newsletter_groeger_2013-09.pdf" "Mozilla/4.0 (compatible; MSIE 6.0; Windows NT 5.1; SV1; .NET CLR 2.0.50727)"
121.205.199.28 - - [19/Jul/2014:07:13:05 +0200] "GET /img/aktionen/solaraktion10-10.jpg HTTP/1.0" 404 - "http://www.groeger-bauaufzuege.de/img/aktionen/solaraktion10-10.jpg" "Mozilla/4.0 (compatible; MSIE 6.0; Windows NT 5.1; SV1; .NET CLR 2.0.50727)"
121.205.199.28 - - [19/Jul/2014:07:13:05 +0200] "GET /img/aktionen/toplift.jpg HTTP/1.0" 404 - "http://www.groeger-bauaufzuege.de/img/aktionen/toplift.jpg" "Mozilla/4.0 (compatible; MSIE 6.0; Windows NT 5.1; SV1; .NET CLR 2.0.50727)"
121.205.199.28 - - [19/Jul/2014:07:13:06 +0200] "GET /img/aktionen/schraegaufzuege.jpg HTTP/1.0" 404 - "http://www.groeger-bauaufzuege.de/img/aktionen/schraegaufzuege.jpg" "Mozilla/4.0 (compatible; MSIE 6.0; Windows NT 5.1; SV1; .NET CLR 2.0.50727)"
121.205.199.28 - - [19/Jul/2014:07:13:06 +0200] "GET /download/geda-zubehoer.pdf HTTP/1.0" 404 - "http://www.groeger-bauaufzuege.de/download/geda-zubehoer.pdf" "Mozilla/4.0 (compatible; MSIE 6.0; Windows NT 5.1; SV1; .NET CLR 2.0.50727)"
121.205.199.28 - - [19/Jul/2014:07:13:07 +0200] "GET /download/lift_d.pdf HTTP/1.0" 404 - "http://www.groeger-bauaufzuege.de/download/lift_d.pdf" "Mozilla/4.0 (compatible; MSIE 6.0; Windows NT 5.1; SV1; .NET CLR 2.0.50727)"
110.85.105.114 - - [19/Jul/2014:07:35:06 +0200] "GET /includes/editors/fckeditor/editor/filemanager/upload/test.html HTTP/1.1" 404 - "-" "Mozilla/4.0 (compatible; MSIE 6.0; Windows NT 5.1; SV1)"
110.85.105.114 - - [19/Jul/2014:07:59:27 +0200] "GET /fckeditor/editor/filemanager/connectors/uploadtest.html HTTP/1.1" 404 - "-" "Mozilla/4.0 (compatible; MSIE 6.0; Windows NT 5.1; SV1; Mozilla/4.0 (compatible; MSIE 6.0; Windows NT 5.1; SV1) ; .NET CLR 2.0.50727 ; .NET CLR 4.0.30319)"
110.85.105.114 - - [19/Jul/2014:08:10:58 +0200] "GET /public/js/fckeditor/editor/filemanager/connectors/uploadtest.html HTTP/1.1" 404 - "-" "Mozilla/4.0 (compatible; MSIE 6.0; Windows NT 5.1)"
162.252.87.120 - - [19/Jul/2014:08:11:14 +0200] "GET /./aktuelles.php HTTP/1.1" 200 13457 "-" "Mozilla/5.0 (X11; U; Linux i686; en-US; rv:1.6) Gecko/20050614 Firefox/0.8"
46.29.20.219 - - [19/Jul/2014:08:25:51 +0200] "HEAD / HTTP/1.1" 200 - "-" "Mozilla/4.0 (compatible; MSIE 5.01; Windows NT 5.0)"
110.85.105.114 - - [19/Jul/2014:08:54:07 +0200] "GET /editor/editor/filemanager/upload/test.html HTTP/1.1" 404 - "-" "Mozilla/4.0 (compatible; MSIE 6.0; Windows NT 5.1; SV1; Mozilla/4.0 (compatible; MSIE 6.0; Windows NT 5.1; SV1) ; .NET CLR 2.0.50727 ; .NET CLR 4.0.30319)"
110.85.105.114 - - [19/Jul/2014:08:55:00 +0200] "GET /webeditor/editor/filemanager/browser/default/connectors/test.html HTTP/1.1" 404 - "-" "Mozilla/4.0 (compatible; MSIE 6.0; Windows NT 5.1; SV1; Mozilla/4.0 (compatible; MSIE 6.0; Windows NT 5.1; SV1) )"
66.249.79.17 - - [19/Jul/2014:09:23:04 +0200] "GET /robots.txt HTTP/1.1" 404 - "-" "Mozilla/5.0 (compatible; Googlebot/2.1; +http://www.google.com/bot.html)"
66.249.79.5 - - [19/Jul/2014:09:23:04 +0200] "GET /img/logo_groeger.gif HTTP/1.1" 304 - "-" "Googlebot-Image/1.0"
208.115.113.89 - - [19/Jul/2014:09:41:54 +0200] "GET /robots.txt HTTP/1.1" 404 - "-" "Mozilla/5.0 (compatible; DotBot/1.1; http://www.opensiteexplorer.org/dotbot, help@moz.com)"
110.85.105.114 - - [19/Jul/2014:09:44:21 +0200] "GET /public/js/fckeditor/editor/filemanager/upload/test.html HTTP/1.1" 404 - "-" "Mozilla/4.0 (compatible; MSIE 6.0; Windows NT 5.1; SV1; Mozilla/4.0 (compatible; MSIE 6.0; Windows NT 5.1; SV1) )"
66.249.79.17 - - [19/Jul/2014:09:49:18 +0200] "GET /img/pfeil.png HTTP/1.1" 304 - "-" "Googlebot-Image/1.0"
110.85.105.114 - - [19/Jul/2014:09:55:52 +0200] "GET /js/fckeditor/editor/filemanager/browser/default/connectors/test.html HTTP/1.1" 404 - "-" "Mozilla/4.0 (compatible; MSIE 6.0; Windows NT 5.1; SV1)"
208.115.113.89 - - [19/Jul/2014:10:03:27 +0200] "GET / HTTP/1.1" 200 6704 "-" "Mozilla/5.0 (compatible; DotBot/1.1; http://www.opensiteexplorer.org/dotbot, help@moz.com)"
110.85.105.114 - - [19/Jul/2014:10:09:08 +0200] "GET /fckeditor/editor/filemanager/browser/default/connectors/test.html HTTP/1.1" 404 - "-" "Mozilla/4.0 (compatible; MSIE 6.0; Windows NT 5.1; SV1; Mozilla/4.0 (compatible; MSIE 6.0; Windows NT 5.1; SV1) )"
91.22.191.130 - - [19/Jul/2014:10:11:37 +0200] "GET / HTTP/1.1" 200 6704 "http://www.google.de/url?sa=t&rct=j&q=&esrc=s&source=web&cd=2&ved=0CCgQFjAB&url=http%3A%2F%2Fwww.groeger-bauaufzuege.de%2F&ei=8yfKU_SQEoiF4gTs7IDACQ&usg=AFQjCNFBXgtaJQ5GEULKJBrc_pmJTjvlmQ&bvm=bv.71198958,d.bGE" "Mozilla/5.0 (Windows NT 5.1; rv:30.0) Gecko/20100101 Firefox/30.0"
91.22.191.130 - - [19/Jul/2014:10:11:37 +0200] "GET /css/groeger.css HTTP/1.1" 200 5467 "http://www.groeger-bauaufzuege.de/" "Mozilla/5.0 (Windows NT 5.1; rv:30.0) Gecko/20100101 Firefox/30.0"
