198.11.219.114 - - [27/Jul/2014:06:11:12 +0200] "GET /jquery-1.4.3.min.js HTTP/1.1" 200 77746 "-" "Java/1.4.1_04"
198.11.219.114 - - [27/Jul/2014:06:11:13 +0200] "GET /jquery.cross-slide.js HTTP/1.1" 200 11724 "-" "Java/1.4.1_04"
198.11.219.114 - - [27/Jul/2014:06:11:13 +0200] "GET /swfobject.js HTTP/1.1" 200 6880 "-" "Java/1.4.1_04"
198.11.219.114 - - [27/Jul/2014:06:11:14 +0200] "GET /verkauf.php HTTP/1.1" 200 6662 "-" "Java/1.4.1_04"
198.11.219.114 - - [27/Jul/2014:06:11:14 +0200] "GET /vermietung.php HTTP/1.1" 200 6527 "-" "Java/1.4.1_04"
198.11.219.114 - - [27/Jul/2014:06:11:14 +0200] "GET /)h.html(f?c( HTTP/1.1" 404 - "-" "Java/1.4.1_04"
198.11.219.114 - - [27/Jul/2014:06:11:14 +0200] "GET /]};O.optgroup=O.option;O.tbody=O.tfoot=O.colgroup=O.caption=O.thead;O.th=O.td;if(!c.support.htmlSerialize)O._default=[1, HTTP/1.1" 404 - "-" "Java/1.4.1_04"
198.11.219.114 - - [27/Jul/2014:06:11:15 +0200] "GET /./aktuelles.php HTTP/1.1" 200 13457 "-" "Java/1.4.1_04"
198.11.219.114 - - [27/Jul/2014:06:11:15 +0200] "GET /./angebote.php HTTP/1.1" 200 9739 "-" "Java/1.4.1_04"
198.11.219.114 - - [27/Jul/2014:06:11:16 +0200] "GET /./gebrauchtmaschinen.php HTTP/1.1" 200 6356 "-" "Java/1.4.1_04"
198.11.219.114 - - [27/Jul/2014:06:11:16 +0200] "GET /./impressum.php HTTP/1.1" 200 8128 "-" "Java/1.4.1_04"
198.11.219.114 - - [27/Jul/2014:06:11:17 +0200] "GET /./index.php HTTP/1.1" 200 6704 "-" "Java/1.4.1_04"
198.11.219.114 - - [27/Jul/2014:06:11:17 +0200] "GET /./kontakt.php HTTP/1.1" 200 6954 "-" "Java/1.4.1_04"
198.11.219.114 - - [27/Jul/2014:06:11:18 +0200] "GET /./leistungen.php HTTP/1.1" 200 9023 "-" "Java/1.4.1_04"
198.11.219.114 - - [27/Jul/2014:06:11:18 +0200] "GET /./unternehmen.php HTTP/1.1" 200 7208 "-" "Java/1.4.1_04"
198.11.219.114 - - [27/Jul/2014:06:11:19 +0200] "GET /./verkauf.php HTTP/1.1" 200 6662 "-" "Java/1.4.1_04"
198.11.219.114 - - [27/Jul/2014:06:11:19 +0200] "GET /./vermietung.php HTTP/1.1" 200 6527 "-" "Java/1.4.1_04"
198.11.219.114 - - [27/Jul/2014:06:11:19 +0200] "GET /{0} HTTP/1.1" 404 - "-" "Java/1.4.1_04"
198.11.219.114 - - [27/Jul/2014:06:11:20 +0200] "GET /{1} HTTP/1.1" 404 - "-" "Java/1.4.1_04"
198.11.219.114 - - [27/Jul/2014:06:11:20 +0200] "GET /./jquery-1.4.3.min.js HTTP/1.1" 200 77746 "-" "Java/1.4.1_04"
198.11.219.114 - - [27/Jul/2014:06:11:22 +0200] "GET /./jquery.cross-slide.js HTTP/1.1" 200 11724 "-" "Java/1.4.1_04"
198.11.219.114 - - [27/Jul/2014:06:11:22 +0200] "GET /./swfobject.js HTTP/1.1" 200 6880 "-" "Java/1.4.1_04"
198.11.219.114 - - [27/Jul/2014:06:11:22 +0200] "GET /./)h.html(f?c( HTTP/1.1" 404 - "-" "Java/1.4.1_04"
198.11.219.114 - - [27/Jul/2014:06:11:23 +0200] "GET /./]};O.optgroup=O.option;O.tbody=O.tfoot=O.colgroup=O.caption=O.thead;O.th=O.td;if(!c.support.htmlSerialize)O._default=[1, HTTP/1.1" 404 - "-" "Java/1.4.1_04"
198.11.219.114 - - [27/Jul/2014:06:11:23 +0200] "GET /./fancybox/jquery.fancybox-1.3.4.pack.js HTTP/1.1" 200 15624 "-" "Java/1.4.1_04"
198.11.219.114 - - [27/Jul/2014:06:11:24 +0200] "GET /./img/pfeil.png HTTP/1.1" 200 840 "-" "Java/1.4.1_04"
198.11.219.114 - - [27/Jul/2014:06:11:24 +0200] "GET /./img/logo_wfw.png HTTP/1.1" 200 2671 "-" "Java/1.4.1_04"
198.11.219.114 - - [27/Jul/2014:06:11:24 +0200] "GET /././aktuelles.php HTTP/1.1" 200 13457 "-" "Java/1.4.1_04"
198.11.219.114 - - [27/Jul/2014:06:11:25 +0200] "GET /././angebote.php HTTP/1.1" 200 9739 "-" "Java/1.4.1_04"
198.11.219.114 - - [27/Jul/2014:06:11:25 +0200] "GET /././gebrauchtmaschinen.php HTTP/1.1" 200 6356 "-" "Java/1.4.1_04"
198.11.219.114 - - [27/Jul/2014:06:11:25 +0200] "GET /././impressum.php HTTP/1.1" 200 8128 "-" "Java/1.4.1_04"
198.11.219.114 - - [27/Jul/2014:06:11:26 +0200] "GET /././index.php HTTP/1.1" 200 6704 "-" "Java/1.4.1_04"
198.11.219.114 - - [27/Jul/2014:06:11:26 +0200] "GET /././kontakt.php HTTP/1.1" 200 6954 "-" "Java/1.4.1_04"
198.11.219.114 - - [27/Jul/2014:06:11:26 +0200] "GET /././leistungen.php HTTP/1.1" 200 9023 "-" "Java/1.4.1_04"
198.11.219.114 - - [27/Jul/2014:06:11:27 +0200] "GET /././unternehmen.php HTTP/1.1" 200 7208 "-" "Java/1.4.1_04"
198.11.219.114 - - [27/Jul/2014:06:11:27 +0200] "GET /././verkauf.php HTTP/1.1" 200 6662 "-" "Java/1.4.1_04"
198.11.219.114 - - [27/Jul/2014:06:11:28 +0200] "GET /././vermietung.php HTTP/1.1" 200 6527 "-" "Java/1.4.1_04"
198.11.219.114 - - [27/Jul/2014:06:11:28 +0200] "GET /./img/Newsletter_Groeger_2013-06.png HTTP/1.1" 200 23068 "-" "Java/1.4.1_04"
198.11.219.114 - - [27/Jul/2014:06:11:28 +0200] "GET /./{0} HTTP/1.1" 404 - "-" "Java/1.4.1_04"
198.11.219.114 - - [27/Jul/2014:06:11:28 +0200] "GET /./{1} HTTP/1.1" 404 - "-" "Java/1.4.1_04"
198.11.219.114 - - [27/Jul/2014:06:11:29 +0200] "GET /./fancybox/'+d.href+' HTTP/1.1" 404 - "-" "Java/1.4.1_04"
144.76.155.8 - - [27/Jul/2014:06:42:34 +0200] "GET /download/Boecker_Autokrane.pdf HTTP/1.1" 200 1994740 "-" "Mozilla/5.0 (Windows NT 5.1; rv:11.0) Gecko Firefox/11.0"
37.58.100.144 - - [27/Jul/2014:07:25:19 +0200] "GET /robots.txt HTTP/1.1" 404 - "-" "Mozilla/5.0 (compatible; AhrefsBot/5.0; +http://ahrefs.com/robot/)"
199.192.207.146 - - [27/Jul/2014:08:36:05 +0200] "GET /robots.txt HTTP/1.0" 404 - "-" "Mozilla/5.0 (compatible; MJ12bot/v1.4.5; http://www.majestic12.co.uk/bot.php?+)"
199.192.207.146 - - [27/Jul/2014:08:36:07 +0200] "GET / HTTP/1.0" 200 6704 "-" "Mozilla/5.0 (compatible; MJ12bot/v1.4.5; http://www.majestic12.co.uk/bot.php?+)"
66.249.78.140 - - [27/Jul/2014:09:01:05 +0200] "GET /robots.txt HTTP/1.1" 404 - "-" "Mozilla/5.0 (compatible; Googlebot/2.1; +http://www.google.com/bot.html)"
66.249.78.14 - - [27/Jul/2014:09:01:05 +0200] "GET /img/12042013641.jpg HTTP/1.1" 304 - "-" "Googlebot-Image/1.0"
66.249.78.14 - - [27/Jul/2014:14:50:15 +0200] "GET /robots.txt HTTP/1.1" 404 - "-" "Mozilla/5.0 (compatible; Googlebot/2.1; +http://www.google.com/bot.html)"
66.249.78.147 - - [27/Jul/2014:14:50:15 +0200] "GET / HTTP/1.1" 200 6704 "-" "Mozilla/5.0 (compatible; Googlebot/2.1; +http://www.google.com/bot.html)"
66.249.78.147 - - [27/Jul/2014:14:54:54 +0200] "GET /css/groeger.css HTTP/1.1" 200 5467 "-" "Mozilla/5.0 (compatible; Googlebot/2.1; +http://www.google.com/bot.html)"
66.249.78.14 - - [27/Jul/2014:14:54:55 +0200] "GET /fancybox/jquery.fancybox-1.3.4.css HTTP/1.1" 200 8494 "-" "Mozilla/5.0 (compatible; Googlebot/2.1; +http://www.google.com/bot.html)"
141.8.147.12 - - [27/Jul/2014:15:04:30 +0200] "GET /robots.txt HTTP/1.1" 404 - "-" "Mozilla/5.0 (compatible; YandexBot/3.0; +http://yandex.com/bots)"
141.8.147.12 - - [27/Jul/2014:15:04:33 +0200] "GET /angebote.php HTTP/1.1" 200 9739 "-" "Mozilla/5.0 (compatible; YandexBot/3.0; +http://yandex.com/bots)"
66.249.78.147 - - [27/Jul/2014:16:03:44 +0200] "GET /aktuelles.php HTTP/1.1" 200 13457 "-" "Mozilla/5.0 (compatible; Googlebot/2.1; +http://www.google.com/bot.html)"
66.249.78.14 - - [27/Jul/2014:16:05:00 +0200] "GET /swfobject.js HTTP/1.1" 200 6880 "-" "Mozilla/5.0 (compatible; Googlebot/2.1; +http://www.google.com/bot.html)"
66.249.78.147 - - [27/Jul/2014:16:05:00 +0200] "GET /jquery.cross-slide.js HTTP/1.1" 200 11724 "-" "Mozilla/5.0 (compatible; Googlebot/2.1; +http://www.google.com/bot.html)"
66.249.78.140 - - [27/Jul/2014:16:05:01 +0200] "GET /fancybox/jquery.fancybox-1.3.4.pack.js HTTP/1.1" 200 15624 "-" "Mozilla/5.0 (compatible; Googlebot/2.1; +http://www.google.com/bot.html)"
66.249.78.140 - - [27/Jul/2014:16:05:01 +0200] "GET /jquery-1.4.3.min.js HTTP/1.1" 200 77746 "-" "Mozilla/5.0 (compatible; Googlebot/2.1; +http://www.google.com/bot.html)"
66.249.78.147 - - [27/Jul/2014:16:33:07 +0200] "GET /kontakt.php HTTP/1.1" 200 6954 "-" "Mozilla/5.0 (compatible; Googlebot/2.1; +http://www.google.com/bot.html)"
66.249.78.140 - - [27/Jul/2014:17:23:54 +0200] "GET /angebote.php HTTP/1.1" 200 9739 "-" "Mozilla/5.0 (compatible; Googlebot/2.1; +http://www.google.com/bot.html)"
66.249.78.140 - - [27/Jul/2014:17:42:49 +0200] "GET /download/Lift_D.pdf HTTP/1.1" 304 - "-" "Mozilla/5.0 (compatible; Googlebot/2.1; +http://www.google.com/bot.html)"
66.249.78.147 - - [27/Jul/2014:17:56:13 +0200] "GET /download/Lift_D.pdf HTTP/1.1" 304 - "-" "Mozilla/5.0 (compatible; Googlebot/2.1; +http://www.google.com/bot.html)"
66.249.78.14 - - [27/Jul/2014:18:47:00 +0200] "GET /impressum.php HTTP/1.1" 200 8128 "-" "Mozilla/5.0 (compatible; Googlebot/2.1; +http://www.google.com/bot.html)"
92.225.191.110 - - [27/Jul/2014:19:23:30 +0200] "GET / HTTP/1.1" 200 6704 "-" "Mozilla/5.0 (iPhone; CPU iPhone OS 7_1_1 like Mac OS X) AppleWebKit/537.51.2 (KHTML, like Gecko) Version/7.0 Mobile/11D201 Safari/9537.53"
92.225.191.110 - - [27/Jul/2014:19:23:34 +0200] "GET / HTTP/1.1" 200 6704 "-" "Mozilla/5.0 (iPhone; CPU iPhone OS 7_1_1 like Mac OS X) AppleWebKit/537.51.2 (KHTML, like Gecko) Version/7.0 Mobile/11D201 Safari/9537.53"
92.225.191.110 - - [27/Jul/2014:19:23:34 +0200] "GET /css/groeger.css HTTP/1.1" 200 5467 "http://www.groeger-bauaufzuege.de/" "Mozilla/5.0 (iPhone; CPU iPhone OS 7_1_1 like Mac OS X) AppleWebKit/537.51.2 (KHTML, like Gecko) Version/7.0 Mobile/11D201 Safari/9537.53"
92.225.191.110 - - [27/Jul/2014:19:23:35 +0200] "GET /swfobject.js HTTP/1.1" 200 6880 "http://www.groeger-bauaufzuege.de/" "Mozilla/5.0 (iPhone; CPU iPhone OS 7_1_1 like Mac OS X) AppleWebKit/537.51.2 (KHTML, like Gecko) Version/7.0 Mobile/11D201 Safari/9537.53"
66.249.78.147 - - [27/Jul/2014:19:23:55 +0200] "GET /leistungen.php HTTP/1.1" 200 9023 "-" "Mozilla/5.0 (compatible; Googlebot/2.1; +http://www.google.com/bot.html)"
92.225.191.110 - - [27/Jul/2014:19:24:03 +0200] "GET / HTTP/1.1" 200 6704 "-" "Mozilla/5.0 (iPhone; CPU iPhone OS 7_1_1 like Mac OS X) AppleWebKit/537.51.2 (KHTML, like Gecko) Version/7.0 Mobile/11D201 Safari/9537.53"
92.225.191.110 - - [27/Jul/2014:19:24:03 +0200] "GET /fancybox/jquery.fancybox-1.3.4.css HTTP/1.1" 200 8494 "http://www.groeger-bauaufzuege.de/" "Mozilla/5.0 (iPhone; CPU iPhone OS 7_1_1 like Mac OS X) AppleWebKit/537.51.2 (KHTML, like Gecko) Version/7.0 Mobile/11D201 Safari/9537.53"
66.249.78.147 - - [27/Jul/2014:20:33:10 +0200] "GET /unternehmen.php HTTP/1.1" 200 7208 "-" "Mozilla/5.0 (compatible; Googlebot/2.1; +http://www.google.com/bot.html)"
208.115.111.73 - - [27/Jul/2014:20:48:23 +0200] "GET /robots.txt HTTP/1.1" 404 - "-" "Mozilla/5.0 (compatible; DotBot/1.1; http://www.opensiteexplorer.org/dotbot, help@moz.com)"
66.249.78.147 - - [27/Jul/2014:21:05:29 +0200] "GET / HTTP/1.1" 200 6704 "-" "Mozilla/5.0 (compatible; Googlebot/2.1; +http://www.google.com/bot.html)"
208.115.113.89 - - [27/Jul/2014:21:38:25 +0200] "GET /robots.txt HTTP/1.1" 404 - "-" "Mozilla/5.0 (compatible; DotBot/1.1; http://www.opensiteexplorer.org/dotbot, help@moz.com)"
66.249.78.14 - - [27/Jul/2014:22:28:34 +0200] "GET /download/Lift_D.pdf HTTP/1.1" 304 - "-" "Mozilla/5.0 (compatible; Googlebot/2.1; +http://www.google.com/bot.html)"
207.46.13.45 - - [27/Jul/2014:22:40:10 +0200] "GET /download/Newsletter_Groeger_2014-03.pdf HTTP/1.1" 200 857282 "-" "Mozilla/5.0 (compatible; bingbot/2.0; +http://www.bing.com/bingbot.htm)"
157.55.39.172 - - [27/Jul/2014:23:15:10 +0200] "GET / HTTP/1.1" 200 6704 "-" "Mozilla/5.0 (compatible; bingbot/2.0; +http://www.bing.com/bingbot.htm)"
66.249.78.147 - - [27/Jul/2014:23:28:35 +0200] "GET /aktuelles.php HTTP/1.1" 200 13457 "-" "Mozilla/5.0 (compatible; Googlebot/2.1; +http://www.google.com/bot.html)"
208.115.113.89 - - [27/Jul/2014:23:35:11 +0200] "GET /index.php HTTP/1.1" 200 6704 "-" "Mozilla/5.0 (compatible; DotBot/1.1; http://www.opensiteexplorer.org/dotbot, help@moz.com)"
66.249.78.140 - - [28/Jul/2014:00:33:13 +0200] "GET /kontakt.php HTTP/1.1" 200 6954 "-" "Mozilla/5.0 (compatible; Googlebot/2.1; +http://www.google.com/bot.html)"
157.55.39.171 - - [28/Jul/2014:00:35:17 +0200] "GET / HTTP/1.1" 200 6704 "-" "Mozilla/5.0 (compatible; bingbot/2.0; +http://www.bing.com/bingbot.htm)"
208.115.111.73 - - [28/Jul/2014:00:58:05 +0200] "GET /unternehmen.php HTTP/1.1" 200 7208 "-" "Mozilla/5.0 (compatible; DotBot/1.1; http://www.opensiteexplorer.org/dotbot, help@moz.com)"
66.249.78.147 - - [28/Jul/2014:01:28:36 +0200] "GET /angebote.php HTTP/1.1" 200 9739 "-" "Mozilla/5.0 (compatible; Googlebot/2.1; +http://www.google.com/bot.html)"
162.243.38.196 - - [28/Jul/2014:07:52:00 +0200] "GET /robots.txt HTTP/1.1" 404 - "-" "Mozilla/5.0 (compatible; spbot/4.1.0; +http://OpenLinkProfiler.org/bot )"
162.243.38.196 - - [28/Jul/2014:07:52:05 +0200] "GET / HTTP/1.1" 200 6704 "-" "Mozilla/5.0 (compatible; spbot/4.1.0; +http://OpenLinkProfiler.org/bot )"
162.243.38.196 - - [28/Jul/2014:07:52:06 +0200] "GET /index.php HTTP/1.1" 200 6704 "http://www.groeger-bauaufzuege.de/" "Mozilla/5.0 (compatible; spbot/4.1.0; +http://OpenLinkProfiler.org/bot )"
162.243.38.196 - - [28/Jul/2014:07:52:10 +0200] "GET /verkauf.php HTTP/1.1" 200 6662 "http://www.groeger-bauaufzuege.de/" "Mozilla/5.0 (compatible; spbot/4.1.0; +http://OpenLinkProfiler.org/bot )"
162.243.38.196 - - [28/Jul/2014:07:52:14 +0200] "GET /kontakt.php HTTP/1.1" 200 6954 "http://www.groeger-bauaufzuege.de/" "Mozilla/5.0 (compatible; spbot/4.1.0; +http://OpenLinkProfiler.org/bot )"
162.243.38.196 - - [28/Jul/2014:07:52:20 +0200] "GET /angebote.php HTTP/1.1" 200 9739 "http://www.groeger-bauaufzuege.de/" "Mozilla/5.0 (compatible; spbot/4.1.0; +http://OpenLinkProfiler.org/bot )"
162.243.38.196 - - [28/Jul/2014:07:52:25 +0200] "GET /impressum.php HTTP/1.1" 200 8128 "http://www.groeger-bauaufzuege.de/" "Mozilla/5.0 (compatible; spbot/4.1.0; +http://OpenLinkProfiler.org/bot )"
162.243.38.196 - - [28/Jul/2014:07:52:29 +0200] "GET /aktuelles.php HTTP/1.1" 200 13457 "http://www.groeger-bauaufzuege.de/" "Mozilla/5.0 (compatible; spbot/4.1.0; +http://OpenLinkProfiler.org/bot )"
162.243.38.196 - - [28/Jul/2014:07:52:35 +0200] "GET /vermietung.php HTTP/1.1" 200 6527 "http://www.groeger-bauaufzuege.de/" "Mozilla/5.0 (compatible; spbot/4.1.0; +http://OpenLinkProfiler.org/bot )"
162.243.38.196 - - [28/Jul/2014:07:52:39 +0200] "GET /leistungen.php HTTP/1.1" 200 9023 "http://www.groeger-bauaufzuege.de/" "Mozilla/5.0 (compatible; spbot/4.1.0; +http://OpenLinkProfiler.org/bot )"
162.243.38.196 - - [28/Jul/2014:07:52:44 +0200] "GET /unternehmen.php HTTP/1.1" 200 7208 "http://www.groeger-bauaufzuege.de/" "Mozilla/5.0 (compatible; spbot/4.1.0; +http://OpenLinkProfiler.org/bot )"
162.243.38.196 - - [28/Jul/2014:07:52:50 +0200] "GET /gebrauchtmaschinen.php HTTP/1.1" 200 6356 "http://www.groeger-bauaufzuege.de/" "Mozilla/5.0 (compatible; spbot/4.1.0; +http://OpenLinkProfiler.org/bot )"
207.46.13.45 - - [28/Jul/2014:08:24:20 +0200] "GET /robots.txt HTTP/1.1" 404 - "-" "Mozilla/5.0 (compatible; bingbot/2.0; +http://www.bing.com/bingbot.htm)"
66.249.78.147 - - [28/Jul/2014:08:37:55 +0200] "GET /robots.txt HTTP/1.1" 404 - "-" "Mozilla/5.0 (compatible; Googlebot/2.1; +http://www.google.com/bot.html)"
66.249.78.14 - - [28/Jul/2014:08:37:55 +0200] "GET / HTTP/1.1" 200 6704 "-" "Mozilla/5.0 (compatible; Googlebot/2.1; +http://www.google.com/bot.html)"
207.46.13.45 - - [28/Jul/2014:09:31:50 +0200] "GET /download/Newsletter_Groeger_11-06_Innung.pdf HTTP/1.1" 200 422119 "-" "Mozilla/5.0 (compatible; bingbot/2.0; +http://www.bing.com/bingbot.htm)"
109.42.159.7 - - [28/Jul/2014:09:55:36 +0200] "GET / HTTP/1.1" 200 6704 "http://de.search.yahoo.com/search;_ylt=A9mSs2GWANZTZzgAxARo4YlQ;_ylc=X1MDMTM1MTIxMzQxNgRfcgMyBGJjawM2Y2RpNjRoOXRidm9zJTI2YiUzRDMlMjZzJTNEM2cEZnIDaXBhZARncHJpZANYM242S2hhclQ0R3gxLlFhNTlRUklBBG10ZXN0aWQDbnVsbARuX3JzbHQDMTAEbl9zdWdnAzMEb3JpZ2luA2RlLnNlYXJjaC55YWhvby5jb20EcG9zAzAEcHFzdHIDBHBxc3RybAMEcXN0cmwDMTEEcXVlcnkDYmF1IGF1Znr8Z2UEdF9zdG1wAzE0MDY1MzM4MTI5NDAEdnRlc3RpZANudWxs?gprid=X3n6KharT4Gx1.Qa59QRIA&pvid=xWYL7jIxMi5mNkYkU9X_HAbSMTA5LlPWAJb_1Aq4&p=bau+aufz%C3%BCge&fr2=sb-top&fr=ipad&rd=r3" "Mozilla/5.0 (iPad; CPU OS 7_1_2 like Mac OS X) AppleWebKit/537.51.2 (KHTML, like Gecko) Version/7.0 Mobile/11D257 Safari/9537.53"
109.42.159.7 - - [28/Jul/2014:09:55:37 +0200] "GET /css/groeger.css HTTP/1.1" 200 5467 "http://www.groeger-bauaufzuege.de/" "Mozilla/5.0 (iPad; CPU OS 7_1_2 like Mac OS X) AppleWebKit/537.51.2 (KHTML, like Gecko) Version/7.0 Mobile/11D257 Safari/9537.53"
109.42.159.7 - - [28/Jul/2014:09:55:37 +0200] "GET /fancybox/jquery.fancybox-1.3.4.css HTTP/1.1" 200 8494 "http://www.groeger-bauaufzuege.de/" "Mozilla/5.0 (iPad; CPU OS 7_1_2 like Mac OS X) AppleWebKit/537.51.2 (KHTML, like Gecko) Version/7.0 Mobile/11D257 Safari/9537.53"
109.42.159.7 - - [28/Jul/2014:09:55:37 +0200] "GET /swfobject.js HTTP/1.1" 200 6880 "http://www.groeger-bauaufzuege.de/" "Mozilla/5.0 (iPad; CPU OS 7_1_2 like Mac OS X) AppleWebKit/537.51.2 (KHTML, like Gecko) Version/7.0 Mobile/11D257 Safari/9537.53"
109.42.159.7 - - [28/Jul/2014:09:55:37 +0200] "GET /jquery.cross-slide.js HTTP/1.1" 200 11724 "http://www.groeger-bauaufzuege.de/" "Mozilla/5.0 (iPad; CPU OS 7_1_2 like Mac OS X) AppleWebKit/537.51.2 (KHTML, like Gecko) Version/7.0 Mobile/11D257 Safari/9537.53"
109.42.159.7 - - [28/Jul/2014:09:55:37 +0200] "GET /fancybox/jquery.fancybox-1.3.4.pack.js HTTP/1.1" 200 15624 "http://www.groeger-bauaufzuege.de/" "Mozilla/5.0 (iPad; CPU OS 7_1_2 like Mac OS X) AppleWebKit/537.51.2 (KHTML, like Gecko) Version/7.0 Mobile/11D257 Safari/9537.53"
109.42.159.7 - - [28/Jul/2014:09:55:37 +0200] "GET /jquery-1.4.3.min.js HTTP/1.1" 200 77746 "http://www.groeger-bauaufzuege.de/" "Mozilla/5.0 (iPad; CPU OS 7_1_2 like Mac OS X) AppleWebKit/537.51.2 (KHTML, like Gecko) Version/7.0 Mobile/11D257 Safari/9537.53"
109.42.159.7 - - [28/Jul/2014:09:55:37 +0200] "GET /img/pfeil.png HTTP/1.1" 200 840 "http://www.groeger-bauaufzuege.de/" "Mozilla/5.0 (iPad; CPU OS 7_1_2 like Mac OS X) AppleWebKit/537.51.2 (KHTML, like Gecko) Version/7.0 Mobile/11D257 Safari/9537.53"
109.42.159.7 - - [28/Jul/2014:09:55:37 +0200] "GET /img/logo_groeger.gif HTTP/1.1" 200 3605 "http://www.groeger-bauaufzuege.de/" "Mozilla/5.0 (iPad; CPU OS 7_1_2 like Mac OS X) AppleWebKit/537.51.2 (KHTML, like Gecko) Version/7.0 Mobile/11D257 Safari/9537.53"
109.42.159.7 - - [28/Jul/2014:09:55:37 +0200] "GET /img/bild_1.jpg HTTP/1.1" 200 34058 "http://www.groeger-bauaufzuege.de/" "Mozilla/5.0 (iPad; CPU OS 7_1_2 like Mac OS X) AppleWebKit/537.51.2 (KHTML, like Gecko) Version/7.0 Mobile/11D257 Safari/9537.53"
109.42.159.7 - - [28/Jul/2014:09:55:37 +0200] "GET /img/bild_4.jpg HTTP/1.1" 200 31111 "http://www.groeger-bauaufzuege.de/" "Mozilla/5.0 (iPad; CPU OS 7_1_2 like Mac OS X) AppleWebKit/537.51.2 (KHTML, like Gecko) Version/7.0 Mobile/11D257 Safari/9537.53"
109.42.159.7 - - [28/Jul/2014:09:55:37 +0200] "GET /img/bild_2.jpg HTTP/1.1" 200 37224 "http://www.groeger-bauaufzuege.de/" "Mozilla/5.0 (iPad; CPU OS 7_1_2 like Mac OS X) AppleWebKit/537.51.2 (KHTML, like Gecko) Version/7.0 Mobile/11D257 Safari/9537.53"
109.42.159.7 - - [28/Jul/2014:09:55:37 +0200] "GET /img/groeger_web.jpg HTTP/1.1" 200 10877 "http://www.groeger-bauaufzuege.de/" "Mozilla/5.0 (iPad; CPU OS 7_1_2 like Mac OS X) AppleWebKit/537.51.2 (KHTML, like Gecko) Version/7.0 Mobile/11D257 Safari/9537.53"
109.42.159.7 - - [28/Jul/2014:09:55:37 +0200] "GET /img/grauverlauf.png HTTP/1.1" 200 3242 "http://www.groeger-bauaufzuege.de/" "Mozilla/5.0 (iPad; CPU OS 7_1_2 like Mac OS X) AppleWebKit/537.51.2 (KHTML, like Gecko) Version/7.0 Mobile/11D257 Safari/9537.53"
109.42.159.7 - - [28/Jul/2014:09:55:38 +0200] "GET /img/bild_3.jpg HTTP/1.1" 200 38007 "http://www.groeger-bauaufzuege.de/" "Mozilla/5.0 (iPad; CPU OS 7_1_2 like Mac OS X) AppleWebKit/537.51.2 (KHTML, like Gecko) Version/7.0 Mobile/11D257 Safari/9537.53"
109.42.159.7 - - [28/Jul/2014:09:55:44 +0200] "GET /gebrauchtmaschinen.php HTTP/1.1" 200 6356 "http://www.groeger-bauaufzuege.de/" "Mozilla/5.0 (iPad; CPU OS 7_1_2 like Mac OS X) AppleWebKit/537.51.2 (KHTML, like Gecko) Version/7.0 Mobile/11D257 Safari/9537.53"
66.249.78.147 - - [28/Jul/2014:09:56:24 +0200] "GET /aktuelles.php HTTP/1.1" 200 13457 "-" "Mozilla/5.0 (compatible; Googlebot/2.1; +http://www.google.com/bot.html)"
157.55.39.172 - - [28/Jul/2014:11:05:21 +0200] "GET /robots.txt HTTP/1.1" 404 - "-" "Mozilla/5.0 (compatible; bingbot/2.0; +http://www.bing.com/bingbot.htm)"
157.55.39.171 - - [28/Jul/2014:11:05:35 +0200] "GET / HTTP/1.1" 200 6704 "-" "Mozilla/5.0 (compatible; bingbot/2.0; +http://www.bing.com/bingbot.htm)"
66.249.78.14 - - [28/Jul/2014:11:10:15 +0200] "GET /kontakt.php HTTP/1.1" 200 6954 "-" "Mozilla/5.0 (compatible; Googlebot/2.1; +http://www.google.com/bot.html)"
216.107.155.114 - - [28/Jul/2014:11:26:39 +0200] "GET /robots.txt HTTP/1.0" 404 - "-" "Mozilla/5.0 (compatible; MJ12bot/v1.4.5; http://www.majestic12.co.uk/bot.php?+)"
216.107.155.114 - - [28/Jul/2014:11:26:41 +0200] "GET / HTTP/1.0" 200 6704 "-" "Mozilla/5.0 (compatible; MJ12bot/v1.4.5; http://www.majestic12.co.uk/bot.php?+)"
157.55.39.140 - - [28/Jul/2014:12:14:07 +0200] "GET /download/Newsletter_Groeger_2013-06.pdf HTTP/1.1" 200 531601 "-" "Mozilla/5.0 (compatible; bingbot/2.0; +http://www.bing.com/bingbot.htm)"
66.249.78.14 - - [28/Jul/2014:12:24:07 +0200] "GET /angebote.php HTTP/1.1" 200 9739 "-" "Mozilla/5.0 (compatible; Googlebot/2.1; +http://www.google.com/bot.html)"
208.43.252.201 - - [28/Jul/2014:13:11:40 +0200] "GET /robots.txt HTTP/1.1" 404 - "-" "Mozilla/5.0 (compatible; MSIE 9.0; Windows NT 6.1; WOW64; Trident/5.0; chromeframe/19.0.1084.52)"
208.43.252.201 - - [28/Jul/2014:13:11:44 +0200] "GET /vermietung.php HTTP/1.1" 200 6527 "-" "Mozilla/5.0 (compatible; MSIE 9.0; Windows NT 6.1; WOW64; Trident/5.0; chromeframe/19.0.1084.52)"
208.43.252.201 - - [28/Jul/2014:13:11:49 +0200] "GET /unternehmen.php HTTP/1.1" 200 7208 "-" "Mozilla/5.0 (compatible; MSIE 9.0; Windows NT 6.1; WOW64; Trident/5.0; chromeframe/19.0.1084.52)"
208.43.252.201 - - [28/Jul/2014:13:11:54 +0200] "GET /leistungen.php HTTP/1.1" 200 9023 "-" "Mozilla/5.0 (compatible; MSIE 9.0; Windows NT 6.1; WOW64; Trident/5.0; chromeframe/19.0.1084.52)"
208.43.252.201 - - [28/Jul/2014:13:11:59 +0200] "GET /impressum.php HTTP/1.1" 200 8128 "-" "Mozilla/5.0 (compatible; MSIE 9.0; Windows NT 6.1; WOW64; Trident/5.0; chromeframe/19.0.1084.52)"
208.43.252.201 - - [28/Jul/2014:13:12:03 +0200] "GET /angebote.php HTTP/1.1" 200 9739 "-" "Mozilla/5.0 (compatible; MSIE 9.0; Windows NT 6.1; WOW64; Trident/5.0; chromeframe/19.0.1084.52)"
208.43.252.201 - - [28/Jul/2014:13:12:08 +0200] "GET /aktuelles.php HTTP/1.1" 200 13457 "-" "Mozilla/5.0 (compatible; MSIE 9.0; Windows NT 6.1; WOW64; Trident/5.0; chromeframe/19.0.1084.52)"
208.43.252.201 - - [28/Jul/2014:13:12:13 +0200] "GET / HTTP/1.1" 200 6704 "-" "Mozilla/5.0 (compatible; MSIE 9.0; Windows NT 6.1; WOW64; Trident/5.0; chromeframe/19.0.1084.52)"
65.55.215.36 - - [28/Jul/2014:13:14:35 +0200] "GET /robots.txt HTTP/1.1" 404 - "-" "msnbot-media/1.1 (+http://search.msn.com/msnbot.htm)"
65.55.215.36 - - [28/Jul/2014:13:14:35 +0200] "GET /img/pfeil.png HTTP/1.1" 200 840 "-" "msnbot-media/1.1 (+http://search.msn.com/msnbot.htm)"
66.249.78.140 - - [28/Jul/2014:13:28:45 +0200] "GET /impressum.php HTTP/1.1" 200 8128 "-" "Mozilla/5.0 (compatible; Googlebot/2.1; +http://www.google.com/bot.html)"
79.215.66.110 - - [28/Jul/2014:14:09:01 +0200] "GET /angebote.php HTTP/1.1" 200 9739 "-" "Mozilla/5.0 (iPhone; CPU iPhone OS 7_1_2 like Mac OS X) AppleWebKit/537.51.2 (KHTML, like Gecko) Version/7.0 Mobile/11D257 Safari/9537.53"
79.215.66.110 - - [28/Jul/2014:14:09:01 +0200] "GET /img/bild_1.jpg HTTP/1.1" 304 - "http://www.groeger-bauaufzuege.de/angebote.php" "Mozilla/5.0 (iPhone; CPU iPhone OS 7_1_2 like Mac OS X) AppleWebKit/537.51.2 (KHTML, like Gecko) Version/7.0 Mobile/11D257 Safari/9537.53"
79.215.66.110 - - [28/Jul/2014:14:09:01 +0200] "GET /img/bild_2.jpg HTTP/1.1" 304 - "http://www.groeger-bauaufzuege.de/angebote.php" "Mozilla/5.0 (iPhone; CPU iPhone OS 7_1_2 like Mac OS X) AppleWebKit/537.51.2 (KHTML, like Gecko) Version/7.0 Mobile/11D257 Safari/9537.53"
79.215.66.110 - - [28/Jul/2014:14:09:02 +0200] "GET /img/bild_3.jpg HTTP/1.1" 304 - "http://www.groeger-bauaufzuege.de/angebote.php" "Mozilla/5.0 (iPhone; CPU iPhone OS 7_1_2 like Mac OS X) AppleWebKit/537.51.2 (KHTML, like Gecko) Version/7.0 Mobile/11D257 Safari/9537.53"
79.215.66.110 - - [28/Jul/2014:14:09:02 +0200] "GET /img/bild_4.jpg HTTP/1.1" 304 - "http://www.groeger-bauaufzuege.de/angebote.php" "Mozilla/5.0 (iPhone; CPU iPhone OS 7_1_2 like Mac OS X) AppleWebKit/537.51.2 (KHTML, like Gecko) Version/7.0 Mobile/11D257 Safari/9537.53"
66.249.78.14 - - [28/Jul/2014:14:10:17 +0200] "GET /download/Lift_D.pdf HTTP/1.1" 304 - "-" "Mozilla/5.0 (compatible; Googlebot/2.1; +http://www.google.com/bot.html)"
93.220.21.139 - - [28/Jul/2014:14:37:47 +0200] "GET / HTTP/1.1" 200 6704 "https://www.google.de/" "Mozilla/5.0 (iPhone; CPU iPhone OS 7_0_4 like Mac OS X) AppleWebKit/537.51.1 (KHTML, like Gecko) Version/7.0 Mobile/11B554a Safari/9537.53"
93.220.21.139 - - [28/Jul/2014:14:37:47 +0200] "GET /css/groeger.css HTTP/1.1" 200 5467 "http://www.groeger-bauaufzuege.de/" "Mozilla/5.0 (iPhone; CPU iPhone OS 7_0_4 like Mac OS X) AppleWebKit/537.51.1 (KHTML, like Gecko) Version/7.0 Mobile/11B554a Safari/9537.53"
93.220.21.139 - - [28/Jul/2014:14:37:47 +0200] "GET /fancybox/jquery.fancybox-1.3.4.css HTTP/1.1" 200 8494 "http://www.groeger-bauaufzuege.de/" "Mozilla/5.0 (iPhone; CPU iPhone OS 7_0_4 like Mac OS X) AppleWebKit/537.51.1 (KHTML, like Gecko) Version/7.0 Mobile/11B554a Safari/9537.53"
93.220.21.139 - - [28/Jul/2014:14:37:48 +0200] "GET /swfobject.js HTTP/1.1" 200 6880 "http://www.groeger-bauaufzuege.de/" "Mozilla/5.0 (iPhone; CPU iPhone OS 7_0_4 like Mac OS X) AppleWebKit/537.51.1 (KHTML, like Gecko) Version/7.0 Mobile/11B554a Safari/9537.53"
93.220.21.139 - - [28/Jul/2014:14:37:48 +0200] "GET /jquery.cross-slide.js HTTP/1.1" 200 11724 "http://www.groeger-bauaufzuege.de/" "Mozilla/5.0 (iPhone; CPU iPhone OS 7_0_4 like Mac OS X) AppleWebKit/537.51.1 (KHTML, like Gecko) Version/7.0 Mobile/11B554a Safari/9537.53"
93.220.21.139 - - [28/Jul/2014:14:37:48 +0200] "GET /fancybox/jquery.fancybox-1.3.4.pack.js HTTP/1.1" 200 15624 "http://www.groeger-bauaufzuege.de/" "Mozilla/5.0 (iPhone; CPU iPhone OS 7_0_4 like Mac OS X) AppleWebKit/537.51.1 (KHTML, like Gecko) Version/7.0 Mobile/11B554a Safari/9537.53"
93.220.21.139 - - [28/Jul/2014:14:37:48 +0200] "GET /jquery-1.4.3.min.js HTTP/1.1" 200 77746 "http://www.groeger-bauaufzuege.de/" "Mozilla/5.0 (iPhone; CPU iPhone OS 7_0_4 like Mac OS X) AppleWebKit/537.51.1 (KHTML, like Gecko) Version/7.0 Mobile/11B554a Safari/9537.53"
93.220.21.139 - - [28/Jul/2014:14:37:48 +0200] "GET /img/logo_groeger.gif HTTP/1.1" 200 3605 "http://www.groeger-bauaufzuege.de/" "Mozilla/5.0 (iPhone; CPU iPhone OS 7_0_4 like Mac OS X) AppleWebKit/537.51.1 (KHTML, like Gecko) Version/7.0 Mobile/11B554a Safari/9537.53"
93.220.21.139 - - [28/Jul/2014:14:37:48 +0200] "GET /img/bild_1.jpg HTTP/1.1" 200 34058 "http://www.groeger-bauaufzuege.de/" "Mozilla/5.0 (iPhone; CPU iPhone OS 7_0_4 like Mac OS X) AppleWebKit/537.51.1 (KHTML, like Gecko) Version/7.0 Mobile/11B554a Safari/9537.53"
93.220.21.139 - - [28/Jul/2014:14:37:48 +0200] "GET /img/pfeil.png HTTP/1.1" 200 840 "http://www.groeger-bauaufzuege.de/" "Mozilla/5.0 (iPhone; CPU iPhone OS 7_0_4 like Mac OS X) AppleWebKit/537.51.1 (KHTML, like Gecko) Version/7.0 Mobile/11B554a Safari/9537.53"
93.220.21.139 - - [28/Jul/2014:14:37:48 +0200] "GET /img/grauverlauf.png HTTP/1.1" 200 3242 "http://www.groeger-bauaufzuege.de/" "Mozilla/5.0 (iPhone; CPU iPhone OS 7_0_4 like Mac OS X) AppleWebKit/537.51.1 (KHTML, like Gecko) Version/7.0 Mobile/11B554a Safari/9537.53"
93.220.21.139 - - [28/Jul/2014:14:37:48 +0200] "GET /img/groeger_web.jpg HTTP/1.1" 200 10877 "http://www.groeger-bauaufzuege.de/" "Mozilla/5.0 (iPhone; CPU iPhone OS 7_0_4 like Mac OS X) AppleWebKit/537.51.1 (KHTML, like Gecko) Version/7.0 Mobile/11B554a Safari/9537.53"
93.220.21.139 - - [28/Jul/2014:14:37:48 +0200] "GET /img/bild_2.jpg HTTP/1.1" 200 37224 "http://www.groeger-bauaufzuege.de/" "Mozilla/5.0 (iPhone; CPU iPhone OS 7_0_4 like Mac OS X) AppleWebKit/537.51.1 (KHTML, like Gecko) Version/7.0 Mobile/11B554a Safari/9537.53"
93.220.21.139 - - [28/Jul/2014:14:37:48 +0200] "GET /img/bild_4.jpg HTTP/1.1" 200 31111 "http://www.groeger-bauaufzuege.de/" "Mozilla/5.0 (iPhone; CPU iPhone OS 7_0_4 like Mac OS X) AppleWebKit/537.51.1 (KHTML, like Gecko) Version/7.0 Mobile/11B554a Safari/9537.53"
93.220.21.139 - - [28/Jul/2014:14:37:48 +0200] "GET /img/bild_3.jpg HTTP/1.1" 200 38007 "http://www.groeger-bauaufzuege.de/" "Mozilla/5.0 (iPhone; CPU iPhone OS 7_0_4 like Mac OS X) AppleWebKit/537.51.1 (KHTML, like Gecko) Version/7.0 Mobile/11B554a Safari/9537.53"
93.220.21.139 - - [28/Jul/2014:14:37:53 +0200] "GET /impressum.php HTTP/1.1" 200 8128 "http://www.groeger-bauaufzuege.de/" "Mozilla/5.0 (iPhone; CPU iPhone OS 7_0_4 like Mac OS X) AppleWebKit/537.51.1 (KHTML, like Gecko) Version/7.0 Mobile/11B554a Safari/9537.53"
93.220.21.139 - - [28/Jul/2014:14:38:04 +0200] "GET /vermietung.php HTTP/1.1" 200 6527 "http://www.groeger-bauaufzuege.de/impressum.php" "Mozilla/5.0 (iPhone; CPU iPhone OS 7_0_4 like Mac OS X) AppleWebKit/537.51.1 (KHTML, like Gecko) Version/7.0 Mobile/11B554a Safari/9537.53"
93.220.21.139 - - [28/Jul/2014:14:38:04 +0200] "GET /img/logo_geda.gif HTTP/1.1" 200 4337 "http://www.groeger-bauaufzuege.de/vermietung.php" "Mozilla/5.0 (iPhone; CPU iPhone OS 7_0_4 like Mac OS X) AppleWebKit/537.51.1 (KHTML, like Gecko) Version/7.0 Mobile/11B554a Safari/9537.53"
93.220.21.139 - - [28/Jul/2014:14:38:04 +0200] "GET /img/logo_steinbach.jpg HTTP/1.1" 200 9601 "http://www.groeger-bauaufzuege.de/vermietung.php" "Mozilla/5.0 (iPhone; CPU iPhone OS 7_0_4 like Mac OS X) AppleWebKit/537.51.1 (KHTML, like Gecko) Version/7.0 Mobile/11B554a Safari/9537.53"
93.220.21.139 - - [28/Jul/2014:14:38:04 +0200] "GET /img/logo_boecker.gif HTTP/1.1" 200 2974 "http://www.groeger-bauaufzuege.de/vermietung.php" "Mozilla/5.0 (iPhone; CPU iPhone OS 7_0_4 like Mac OS X) AppleWebKit/537.51.1 (KHTML, like Gecko) Version/7.0 Mobile/11B554a Safari/9537.53"
93.220.21.139 - - [28/Jul/2014:14:39:32 +0200] "GET /leistungen.php HTTP/1.1" 200 9023 "http://www.groeger-bauaufzuege.de/vermietung.php" "Mozilla/5.0 (iPhone; CPU iPhone OS 7_0_4 like Mac OS X) AppleWebKit/537.51.1 (KHTML, like Gecko) Version/7.0 Mobile/11B554a Safari/9537.53"
93.220.21.139 - - [28/Jul/2014:14:39:33 +0200] "GET /img/groeger_wartung.jpg HTTP/1.1" 200 15313 "http://www.groeger-bauaufzuege.de/leistungen.php" "Mozilla/5.0 (iPhone; CPU iPhone OS 7_0_4 like Mac OS X) AppleWebKit/537.51.1 (KHTML, like Gecko) Version/7.0 Mobile/11B554a Safari/9537.53"
93.220.21.139 - - [28/Jul/2014:14:39:33 +0200] "GET /img/boecker_junior-hd18.jpg HTTP/1.1" 200 14822 "http://www.groeger-bauaufzuege.de/leistungen.php" "Mozilla/5.0 (iPhone; CPU iPhone OS 7_0_4 like Mac OS X) AppleWebKit/537.51.1 (KHTML, like Gecko) Version/7.0 Mobile/11B554a Safari/9537.53"
93.220.21.139 - - [28/Jul/2014:14:39:33 +0200] "GET /img/geda_maxi.jpg HTTP/1.1" 200 12151 "http://www.groeger-bauaufzuege.de/leistungen.php" "Mozilla/5.0 (iPhone; CPU iPhone OS 7_0_4 like Mac OS X) AppleWebKit/537.51.1 (KHTML, like Gecko) Version/7.0 Mobile/11B554a Safari/9537.53"
93.220.21.139 - - [28/Jul/2014:14:39:33 +0200] "GET /img/groeger_aluschweissen.jpg HTTP/1.1" 200 12289 "http://www.groeger-bauaufzuege.de/leistungen.php" "Mozilla/5.0 (iPhone; CPU iPhone OS 7_0_4 like Mac OS X) AppleWebKit/537.51.1 (KHTML, like Gecko) Version/7.0 Mobile/11B554a Safari/9537.53"
93.220.21.139 - - [28/Jul/2014:14:39:32 +0200] "GET /img/IMG_3777_800px_sw.jpg HTTP/1.1" 200 202388 "http://www.groeger-bauaufzuege.de/leistungen.php" "Mozilla/5.0 (iPhone; CPU iPhone OS 7_0_4 like Mac OS X) AppleWebKit/537.51.1 (KHTML, like Gecko) Version/7.0 Mobile/11B554a Safari/9537.53"
93.220.21.139 - - [28/Jul/2014:14:39:38 +0200] "GET /vermietung.php HTTP/1.1" 200 6527 "http://www.groeger-bauaufzuege.de/leistungen.php" "Mozilla/5.0 (iPhone; CPU iPhone OS 7_0_4 like Mac OS X) AppleWebKit/537.51.1 (KHTML, like Gecko) Version/7.0 Mobile/11B554a Safari/9537.53"
93.220.21.139 - - [28/Jul/2014:14:39:39 +0200] "GET /gebrauchtmaschinen.php HTTP/1.1" 200 6356 "http://www.groeger-bauaufzuege.de/vermietung.php" "Mozilla/5.0 (iPhone; CPU iPhone OS 7_0_4 like Mac OS X) AppleWebKit/537.51.1 (KHTML, like Gecko) Version/7.0 Mobile/11B554a Safari/9537.53"
93.220.21.139 - - [28/Jul/2014:14:39:40 +0200] "GET /vermietung.php HTTP/1.1" 200 6527 "http://www.groeger-bauaufzuege.de/gebrauchtmaschinen.php" "Mozilla/5.0 (iPhone; CPU iPhone OS 7_0_4 like Mac OS X) AppleWebKit/537.51.1 (KHTML, like Gecko) Version/7.0 Mobile/11B554a Safari/9537.53"
93.220.21.139 - - [28/Jul/2014:14:39:41 +0200] "GET /verkauf.php HTTP/1.1" 200 6662 "http://www.groeger-bauaufzuege.de/vermietung.php" "Mozilla/5.0 (iPhone; CPU iPhone OS 7_0_4 like Mac OS X) AppleWebKit/537.51.1 (KHTML, like Gecko) Version/7.0 Mobile/11B554a Safari/9537.53"
93.220.21.139 - - [28/Jul/2014:14:39:41 +0200] "GET /img/logo_wfw.png HTTP/1.1" 200 2671 "http://www.groeger-bauaufzuege.de/verkauf.php" "Mozilla/5.0 (iPhone; CPU iPhone OS 7_0_4 like Mac OS X) AppleWebKit/537.51.1 (KHTML, like Gecko) Version/7.0 Mobile/11B554a Safari/9537.53"
66.249.78.147 - - [28/Jul/2014:15:04:05 +0200] "GET /download/Lift_D.pdf HTTP/1.1" 304 - "-" "Mozilla/5.0 (compatible; Googlebot/2.1; +http://www.google.com/bot.html)"
66.249.78.140 - - [28/Jul/2014:15:19:32 +0200] "GET /leistungen.php HTTP/1.1" 200 9023 "-" "Mozilla/5.0 (compatible; Googlebot/2.1; +http://www.google.com/bot.html)"
66.249.78.140 - - [28/Jul/2014:16:01:05 +0200] "GET /vermietung.php HTTP/1.1" 200 6527 "-" "Mozilla/5.0 (compatible; Googlebot/2.1; +http://www.google.com/bot.html)"
66.249.78.14 - - [28/Jul/2014:17:10:19 +0200] "GET /gebrauchtmaschinen.php HTTP/1.1" 200 6356 "-" "Mozilla/5.0 (compatible; Googlebot/2.1; +http://www.google.com/bot.html)"
66.249.78.147 - - [28/Jul/2014:18:01:06 +0200] "GET /unternehmen.php HTTP/1.1" 200 7208 "-" "Mozilla/5.0 (compatible; Googlebot/2.1; +http://www.google.com/bot.html)"
66.249.78.14 - - [28/Jul/2014:18:11:04 +0200] "GET /link/20130604 HTTP/1.1" 302 - "-" "Mozilla/5.0 (compatible; Googlebot/2.1; +http://www.google.com/bot.html)"
66.249.78.147 - - [28/Jul/2014:18:11:04 +0200] "GET /download/Boecker_Autokrane.pdf HTTP/1.1" 200 1994740 "-" "Mozilla/5.0 (compatible; Googlebot/2.1; +http://www.google.com/bot.html)"
94.242.222.44 - - [28/Jul/2014:22:45:55 +0200] "GET /./gebrauchtmaschinen.php HTTP/1.1" 200 6356 "-" "Mozilla/4.0 (compatible; MSIE 8.0; Windows NT 6.1; Trident/4.0)"
207.46.13.69 - - [28/Jul/2014:22:52:21 +0200] "GET / HTTP/1.1" 200 6704 "-" "Mozilla/5.0 (compatible; bingbot/2.0; +http://www.bing.com/bingbot.htm)"
195.2.240.103 - - [28/Jul/2014:23:11:58 +0200] "GET /vermietung.php HTTP/1.1" 200 6527 "-" "Mozilla/5.0 (Windows NT 6.1; WOW64; rv:26.1) Gecko/20100101 Firefox/26.0"
207.46.13.69 - - [28/Jul/2014:23:21:03 +0200] "GET / HTTP/1.1" 200 6704 "-" "Mozilla/5.0 (compatible; bingbot/2.0; +http://www.bing.com/bingbot.htm)"
82.94.179.38 - - [28/Jul/2014:23:46:07 +0200] "GET /robots.txt HTTP/1.0" 404 - "-" "Mozilla/4.0 (compatible; Vagabondo/4.0/EU; http://webagent.wise-guys.nl/)"
82.94.179.38 - - [28/Jul/2014:23:46:07 +0200] "GET / HTTP/1.1" 200 6704 "-" "Mozilla/4.0 (compatible; Vagabondo/4.0/EU; http://www.wise-guys.nl/)"
37.58.100.78 - - [28/Jul/2014:23:46:22 +0200] "GET /vermietung.php HTTP/1.1" 200 6527 "-" "Mozilla/5.0 (compatible; AhrefsBot/5.0; +http://ahrefs.com/robot/)"
82.94.179.38 - - [28/Jul/2014:23:46:34 +0200] "GET /angebote.php HTTP/1.1" 200 9739 "http://www.groeger-bauaufzuege.de/index.php" "Mozilla/4.0 (compatible; Vagabondo/4.0/EU; http://www.wise-guys.nl/)"
82.94.179.38 - - [28/Jul/2014:23:47:01 +0200] "GET /verkauf.php HTTP/1.1" 200 6662 "http://www.groeger-bauaufzuege.de/" "Mozilla/4.0 (compatible; Vagabondo/4.0/EU; http://www.wise-guys.nl/)"
82.94.179.38 - - [28/Jul/2014:23:47:27 +0200] "GET /impressum.php HTTP/1.1" 200 8128 "http://www.groeger-bauaufzuege.de/index.php" "Mozilla/4.0 (compatible; Vagabondo/4.0/EU; http://www.wise-guys.nl/)"
82.94.179.38 - - [28/Jul/2014:23:47:54 +0200] "GET /vermietung.php HTTP/1.1" 200 6527 "http://www.groeger-bauaufzuege.de/" "Mozilla/4.0 (compatible; Vagabondo/4.0/EU; http://www.wise-guys.nl/)"
82.94.179.38 - - [28/Jul/2014:23:48:21 +0200] "GET /kontakt.php HTTP/1.1" 200 6954 "http://www.groeger-bauaufzuege.de/" "Mozilla/4.0 (compatible; Vagabondo/4.0/EU; http://www.wise-guys.nl/)"
82.94.179.38 - - [28/Jul/2014:23:48:49 +0200] "GET /gebrauchtmaschinen.php HTTP/1.1" 200 6356 "http://www.groeger-bauaufzuege.de/index.php" "Mozilla/4.0 (compatible; Vagabondo/4.0/EU; http://www.wise-guys.nl/)"
82.94.179.38 - - [28/Jul/2014:23:49:16 +0200] "GET /unternehmen.php HTTP/1.1" 200 7208 "http://www.groeger-bauaufzuege.de/" "Mozilla/4.0 (compatible; Vagabondo/4.0/EU; http://www.wise-guys.nl/)"
82.94.179.38 - - [28/Jul/2014:23:49:43 +0200] "GET /leistungen.php HTTP/1.1" 200 9023 "http://www.groeger-bauaufzuege.de/index.php" "Mozilla/4.0 (compatible; Vagabondo/4.0/EU; http://www.wise-guys.nl/)"
5.9.127.154 - - [29/Jul/2014:00:08:03 +0200] "GET /robots.txt HTTP/1.1" 404 - "-" "Mozilla/5.0 (compatible; SISTRIX Crawler; http://crawler.sistrix.net/)"
5.9.127.154 - - [29/Jul/2014:00:08:04 +0200] "GET / HTTP/1.1" 200 6704 "-" "Mozilla/5.0 (compatible; SISTRIX Crawler; http://crawler.sistrix.net/)"
5.9.127.154 - - [29/Jul/2014:00:08:05 +0200] "GET /unternehmen.php HTTP/1.1" 200 7208 "-" "Mozilla/5.0 (compatible; SISTRIX Crawler; http://crawler.sistrix.net/)"
5.9.127.154 - - [29/Jul/2014:00:08:07 +0200] "GET /leistungen.php HTTP/1.1" 200 9023 "-" "Mozilla/5.0 (compatible; SISTRIX Crawler; http://crawler.sistrix.net/)"
5.9.127.154 - - [29/Jul/2014:00:08:08 +0200] "GET /angebote.php HTTP/1.1" 200 9739 "-" "Mozilla/5.0 (compatible; SISTRIX Crawler; http://crawler.sistrix.net/)"
5.9.127.154 - - [29/Jul/2014:00:08:09 +0200] "GET /aktuelles.php HTTP/1.1" 200 13457 "-" "Mozilla/5.0 (compatible; SISTRIX Crawler; http://crawler.sistrix.net/)"
5.9.127.154 - - [29/Jul/2014:00:08:10 +0200] "GET /impressum.php HTTP/1.1" 200 8128 "-" "Mozilla/5.0 (compatible; SISTRIX Crawler; http://crawler.sistrix.net/)"
5.9.127.154 - - [29/Jul/2014:00:08:11 +0200] "GET /verkauf.php HTTP/1.1" 200 6662 "-" "Mozilla/5.0 (compatible; SISTRIX Crawler; http://crawler.sistrix.net/)"
5.9.127.154 - - [29/Jul/2014:00:08:12 +0200] "GET /gebrauchtmaschinen.php HTTP/1.1" 200 6356 "-" "Mozilla/5.0 (compatible; SISTRIX Crawler; http://crawler.sistrix.net/)"
5.9.127.154 - - [29/Jul/2014:00:08:13 +0200] "GET /index.php HTTP/1.1" 200 6704 "-" "Mozilla/5.0 (compatible; SISTRIX Crawler; http://crawler.sistrix.net/)"
5.9.127.154 - - [29/Jul/2014:00:08:15 +0200] "GET /kontakt.php HTTP/1.1" 200 6954 "-" "Mozilla/5.0 (compatible; SISTRIX Crawler; http://crawler.sistrix.net/)"
5.9.127.154 - - [29/Jul/2014:00:08:16 +0200] "GET /vermietung.php HTTP/1.1" 200 6527 "-" "Mozilla/5.0 (compatible; SISTRIX Crawler; http://crawler.sistrix.net/)"
93.202.15.106 - - [29/Jul/2014:06:23:52 +0200] "GET / HTTP/1.1" 200 6704 "-" "Mozilla/5.0 (Windows NT 5.1; rv:30.0) Gecko/20100101 Firefox/30.0"
93.202.15.106 - - [29/Jul/2014:06:23:55 +0200] "GET /angebote.php HTTP/1.1" 200 9739 "http://www.groeger-bauaufzuege.de/" "Mozilla/5.0 (Windows NT 5.1; rv:30.0) Gecko/20100101 Firefox/30.0"
93.202.15.106 - - [29/Jul/2014:06:24:04 +0200] "GET /download/Newsletter_Groeger_2014-03.pdf HTTP/1.1" 200 857282 "http://www.groeger-bauaufzuege.de/angebote.php" "Mozilla/5.0 (Windows NT 5.1; rv:30.0) Gecko/20100101 Firefox/30.0"
93.202.15.106 - - [29/Jul/2014:06:24:05 +0200] "GET /favicon.ico HTTP/1.1" 404 - "-" "Mozilla/5.0 (Windows NT 5.1; rv:30.0) Gecko/20100101 Firefox/30.0"
66.249.78.140 - - [29/Jul/2014:06:46:58 +0200] "GET /robots.txt HTTP/1.1" 404 - "-" "Mozilla/5.0 (compatible; Googlebot/2.1; +http://www.google.com/bot.html)"
66.249.78.140 - - [29/Jul/2014:06:46:58 +0200] "GET /download/Newsletter_Groeger_11-06_Innung.pdf HTTP/1.1" 200 422119 "-" "Mozilla/5.0 (compatible; Googlebot/2.1; +http://www.google.com/bot.html)"
66.249.78.140 - - [29/Jul/2014:06:53:18 +0200] "GET /download/Newsletter_Groeger_11-06_Dachdecker_rz2.pdf HTTP/1.1" 404 - "-" "Mozilla/5.0 (compatible; Googlebot/2.1; +http://www.google.com/bot.html)"
37.58.100.238 - - [29/Jul/2014:07:13:48 +0200] "GET /impressum.php HTTP/1.1" 200 8128 "-" "Mozilla/5.0 (compatible; AhrefsBot/5.0; +http://ahrefs.com/robot/)"
208.115.111.73 - - [29/Jul/2014:07:30:17 +0200] "GET /robots.txt HTTP/1.1" 404 - "-" "Mozilla/5.0 (compatible; DotBot/1.1; http://www.opensiteexplorer.org/dotbot, help@moz.com)"
5.10.104.69 - - [29/Jul/2014:07:50:29 +0200] "GET /robots.txt HTTP/1.1" 404 - "-" "Mozilla/5.0 (compatible; MSIE 9.0; Windows NT 6.1; WOW64; Trident/5.0; chromeframe/19.0.1084.52)"
5.10.104.69 - - [29/Jul/2014:07:50:33 +0200] "GET /vermietung.php HTTP/1.1" 200 6527 "-" "Mozilla/5.0 (compatible; MSIE 9.0; Windows NT 6.1; WOW64; Trident/5.0; chromeframe/19.0.1084.52)"
5.10.104.69 - - [29/Jul/2014:07:50:38 +0200] "GET /verkauf.php HTTP/1.1" 200 6662 "-" "Mozilla/5.0 (compatible; MSIE 9.0; Windows NT 6.1; WOW64; Trident/5.0; chromeframe/19.0.1084.52)"
5.10.104.69 - - [29/Jul/2014:07:50:43 +0200] "GET /unternehmen.php HTTP/1.1" 200 7208 "-" "Mozilla/5.0 (compatible; MSIE 9.0; Windows NT 6.1; WOW64; Trident/5.0; chromeframe/19.0.1084.52)"
5.10.104.69 - - [29/Jul/2014:07:50:47 +0200] "GET /leistungen.php HTTP/1.1" 200 9023 "-" "Mozilla/5.0 (compatible; MSIE 9.0; Windows NT 6.1; WOW64; Trident/5.0; chromeframe/19.0.1084.52)"
5.10.104.69 - - [29/Jul/2014:07:50:52 +0200] "GET /kontakt.php HTTP/1.1" 200 6954 "-" "Mozilla/5.0 (compatible; MSIE 9.0; Windows NT 6.1; WOW64; Trident/5.0; chromeframe/19.0.1084.52)"
5.10.104.69 - - [29/Jul/2014:07:50:57 +0200] "GET /index.php HTTP/1.1" 200 6704 "-" "Mozilla/5.0 (compatible; MSIE 9.0; Windows NT 6.1; WOW64; Trident/5.0; chromeframe/19.0.1084.52)"
5.10.104.69 - - [29/Jul/2014:07:51:01 +0200] "GET /impressum.php HTTP/1.1" 200 8128 "-" "Mozilla/5.0 (compatible; MSIE 9.0; Windows NT 6.1; WOW64; Trident/5.0; chromeframe/19.0.1084.52)"
5.10.104.69 - - [29/Jul/2014:07:51:06 +0200] "GET /gebrauchtmaschinen.php HTTP/1.1" 200 6356 "-" "Mozilla/5.0 (compatible; MSIE 9.0; Windows NT 6.1; WOW64; Trident/5.0; chromeframe/19.0.1084.52)"
5.10.104.69 - - [29/Jul/2014:07:51:11 +0200] "GET /angebote.php HTTP/1.1" 200 9739 "-" "Mozilla/5.0 (compatible; MSIE 9.0; Windows NT 6.1; WOW64; Trident/5.0; chromeframe/19.0.1084.52)"
5.10.104.69 - - [29/Jul/2014:07:51:15 +0200] "GET /aktuelles.php HTTP/1.1" 200 13457 "-" "Mozilla/5.0 (compatible; MSIE 9.0; Windows NT 6.1; WOW64; Trident/5.0; chromeframe/19.0.1084.52)"
5.10.104.69 - - [29/Jul/2014:07:51:20 +0200] "GET / HTTP/1.1" 200 6704 "-" "Mozilla/5.0 (compatible; MSIE 9.0; Windows NT 6.1; WOW64; Trident/5.0; chromeframe/19.0.1084.52)"
66.249.78.147 - - [29/Jul/2014:08:57:57 +0200] "GET /aktuelles.php HTTP/1.1" 200 13457 "-" "Mozilla/5.0 (compatible; Googlebot/2.1; +http://www.google.com/bot.html)"
208.115.111.73 - - [29/Jul/2014:09:16:27 +0200] "GET /vermietung.php HTTP/1.1" 200 6527 "-" "Mozilla/5.0 (compatible; DotBot/1.1; http://www.opensiteexplorer.org/dotbot, help@moz.com)"
176.57.143.60 - - [29/Jul/2014:09:32:08 +0200] "GET / HTTP/1.1" 200 6704 "-" "Mozilla/5.0 (Macintosh; Intel Mac OS X 10_7_5) AppleWebKit/537.31 (KHTML, like Gecko) Chrome/26.0.1410.65 Safari/537.31"
176.57.143.60 - - [29/Jul/2014:09:32:10 +0200] "GET /impressum.php HTTP/1.1" 200 8128 "-" "Mozilla/5.0 (Macintosh; Intel Mac OS X 10_7_5) AppleWebKit/537.36 (KHTML, like Gecko) Chrome/27.0.1453.93 Safari/537.36"
176.57.143.60 - - [29/Jul/2014:09:32:10 +0200] "GET /kontakt.php HTTP/1.1" 200 6954 "-" "Mozilla/5.0 (Windows NT 6.1; WOW64) AppleWebKit/537.11 (KHTML, like Gecko) Chrome/23.0.1271.97 Safari/537.11"
66.249.78.140 - - [29/Jul/2014:10:24:10 +0200] "GET / HTTP/1.1" 200 6704 "-" "Mozilla/5.0 (compatible; Googlebot/2.1; +http://www.google.com/bot.html)"
199.58.86.209 - - [29/Jul/2014:10:26:37 +0200] "GET /robots.txt HTTP/1.0" 404 - "-" "Mozilla/5.0 (compatible; MJ12bot/v1.4.5; http://www.majestic12.co.uk/bot.php?+)"
199.58.86.209 - - [29/Jul/2014:10:26:42 +0200] "GET / HTTP/1.0" 200 6704 "-" "Mozilla/5.0 (compatible; MJ12bot/v1.4.5; http://www.majestic12.co.uk/bot.php?+)"
207.46.13.45 - - [29/Jul/2014:10:34:01 +0200] "GET /robots.txt HTTP/1.1" 404 - "-" "Mozilla/5.0 (compatible; bingbot/2.0; +http://www.bing.com/bingbot.htm)"
207.46.13.45 - - [29/Jul/2014:10:36:06 +0200] "GET / HTTP/1.1" 200 6704 "-" "Mozilla/5.0 (compatible; bingbot/2.0; +http://www.bing.com/bingbot.htm)"
66.249.78.140 - - [29/Jul/2014:11:14:53 +0200] "GET /angebote.php HTTP/1.1" 200 9739 "-" "Mozilla/5.0 (compatible; Googlebot/2.1; +http://www.google.com/bot.html)"
66.249.78.14 - - [29/Jul/2014:12:15:44 +0200] "GET /kontakt.php HTTP/1.1" 200 6954 "-" "Mozilla/5.0 (compatible; Googlebot/2.1; +http://www.google.com/bot.html)"
66.249.78.140 - - [29/Jul/2014:13:21:40 +0200] "GET /download/Lift_D.pdf HTTP/1.1" 304 - "-" "Mozilla/5.0 (compatible; Googlebot/2.1; +http://www.google.com/bot.html)"
66.249.78.140 - - [29/Jul/2014:14:01:58 +0200] "GET /download/Lift_D.pdf HTTP/1.1" 304 - "-" "Mozilla/5.0 (compatible; Googlebot/2.1; +http://www.google.com/bot.html)"
66.249.69.48 - - [29/Jul/2014:14:22:32 +0200] "GET /robots.txt HTTP/1.1" 404 - "-" "Mozilla/5.0 (compatible; Googlebot/2.1; +http://www.google.com/bot.html)"
66.249.69.64 - - [29/Jul/2014:14:22:32 +0200] "GET /impressum.php HTTP/1.1" 200 8128 "-" "Mozilla/5.0 (compatible; Googlebot/2.1; +http://www.google.com/bot.html)"
66.249.69.48 - - [29/Jul/2014:15:33:32 +0200] "GET /leistungen.php HTTP/1.1" 200 9023 "-" "Mozilla/5.0 (compatible; Googlebot/2.1; +http://www.google.com/bot.html)"
66.249.69.48 - - [29/Jul/2014:16:14:06 +0200] "GET /aktuelles.php HTTP/1.1" 200 13457 "-" "Mozilla/5.0 (compatible; Googlebot/2.1; +http://www.google.com/bot.html)"
217.244.221.104 - - [29/Jul/2014:16:23:42 +0200] "GET / HTTP/1.1" 200 6704 "http://www.google.de/url?sa=t&rct=j&q=&esrc=s&source=web&cd=4&sqi=2&ved=0CDAQFjAD&url=http%3A%2F%2Fwww.groeger-bauaufzuege.de%2F&ei=X67XU-f9FOGAywPY5YL4CQ&usg=AFQjCNFBXgtaJQ5GEULKJBrc_pmJTjvlmQ&bvm=bv.71954034,d.bGQ" "Mozilla/5.0 (X11; Ubuntu; Linux i686; rv:31.0) Gecko/20100101 Firefox/31.0"
217.244.221.104 - - [29/Jul/2014:16:23:42 +0200] "GET /css/groeger.css HTTP/1.1" 200 5467 "http://www.groeger-bauaufzuege.de/" "Mozilla/5.0 (X11; Ubuntu; Linux i686; rv:31.0) Gecko/20100101 Firefox/31.0"
217.244.221.104 - - [29/Jul/2014:16:23:42 +0200] "GET /swfobject.js HTTP/1.1" 200 6880 "http://www.groeger-bauaufzuege.de/" "Mozilla/5.0 (X11; Ubuntu; Linux i686; rv:31.0) Gecko/20100101 Firefox/31.0"
217.244.221.104 - - [29/Jul/2014:16:23:42 +0200] "GET /jquery.cross-slide.js HTTP/1.1" 200 11724 "http://www.groeger-bauaufzuege.de/" "Mozilla/5.0 (X11; Ubuntu; Linux i686; rv:31.0) Gecko/20100101 Firefox/31.0"
217.244.221.104 - - [29/Jul/2014:16:23:42 +0200] "GET /fancybox/jquery.fancybox-1.3.4.pack.js HTTP/1.1" 200 15624 "http://www.groeger-bauaufzuege.de/" "Mozilla/5.0 (X11; Ubuntu; Linux i686; rv:31.0) Gecko/20100101 Firefox/31.0"
217.244.221.104 - - [29/Jul/2014:16:23:42 +0200] "GET /fancybox/jquery.fancybox-1.3.4.css HTTP/1.1" 200 8494 "http://www.groeger-bauaufzuege.de/" "Mozilla/5.0 (X11; Ubuntu; Linux i686; rv:31.0) Gecko/20100101 Firefox/31.0"
217.244.221.104 - - [29/Jul/2014:16:23:42 +0200] "GET /img/favicon.gif HTTP/1.1" 200 119 "-" "Mozilla/5.0 (X11; Ubuntu; Linux i686; rv:31.0) Gecko/20100101 Firefox/31.0"
217.244.221.104 - - [29/Jul/2014:16:23:42 +0200] "GET /jquery-1.4.3.min.js HTTP/1.1" 200 77746 "http://www.groeger-bauaufzuege.de/" "Mozilla/5.0 (X11; Ubuntu; Linux i686; rv:31.0) Gecko/20100101 Firefox/31.0"
217.244.221.104 - - [29/Jul/2014:16:23:42 +0200] "GET /img/logo_groeger.gif HTTP/1.1" 200 3605 "http://www.groeger-bauaufzuege.de/" "Mozilla/5.0 (X11; Ubuntu; Linux i686; rv:31.0) Gecko/20100101 Firefox/31.0"
217.244.221.104 - - [29/Jul/2014:16:23:42 +0200] "GET /img/pfeil.png HTTP/1.1" 200 840 "http://www.groeger-bauaufzuege.de/" "Mozilla/5.0 (X11; Ubuntu; Linux i686; rv:31.0) Gecko/20100101 Firefox/31.0"
217.244.221.104 - - [29/Jul/2014:16:23:43 +0200] "GET /img/groeger_web.jpg HTTP/1.1" 200 10877 "http://www.groeger-bauaufzuege.de/css/groeger.css" "Mozilla/5.0 (X11; Ubuntu; Linux i686; rv:31.0) Gecko/20100101 Firefox/31.0"
217.244.221.104 - - [29/Jul/2014:16:23:43 +0200] "GET /img/grauverlauf.png HTTP/1.1" 200 3242 "http://www.groeger-bauaufzuege.de/css/groeger.css" "Mozilla/5.0 (X11; Ubuntu; Linux i686; rv:31.0) Gecko/20100101 Firefox/31.0"
217.244.221.104 - - [29/Jul/2014:16:23:42 +0200] "GET /img/bild_1.jpg HTTP/1.1" 200 34058 "http://www.groeger-bauaufzuege.de/" "Mozilla/5.0 (X11; Ubuntu; Linux i686; rv:31.0) Gecko/20100101 Firefox/31.0"
217.244.221.104 - - [29/Jul/2014:16:23:43 +0200] "GET /img/bild_2.jpg HTTP/1.1" 200 37224 "http://www.groeger-bauaufzuege.de/" "Mozilla/5.0 (X11; Ubuntu; Linux i686; rv:31.0) Gecko/20100101 Firefox/31.0"
217.244.221.104 - - [29/Jul/2014:16:23:43 +0200] "GET /img/bild_3.jpg HTTP/1.1" 200 38007 "http://www.groeger-bauaufzuege.de/" "Mozilla/5.0 (X11; Ubuntu; Linux i686; rv:31.0) Gecko/20100101 Firefox/31.0"
217.244.221.104 - - [29/Jul/2014:16:23:43 +0200] "GET /img/bild_4.jpg HTTP/1.1" 200 31111 "http://www.groeger-bauaufzuege.de/" "Mozilla/5.0 (X11; Ubuntu; Linux i686; rv:31.0) Gecko/20100101 Firefox/31.0"
217.244.221.104 - - [29/Jul/2014:16:24:03 +0200] "GET /verkauf.php HTTP/1.1" 200 6662 "http://www.groeger-bauaufzuege.de/" "Mozilla/5.0 (X11; Ubuntu; Linux i686; rv:31.0) Gecko/20100101 Firefox/31.0"
217.244.221.104 - - [29/Jul/2014:16:24:04 +0200] "GET /img/logo_geda.gif HTTP/1.1" 200 4337 "http://www.groeger-bauaufzuege.de/verkauf.php" "Mozilla/5.0 (X11; Ubuntu; Linux i686; rv:31.0) Gecko/20100101 Firefox/31.0"
217.244.221.104 - - [29/Jul/2014:16:24:04 +0200] "GET /img/logo_boecker.gif HTTP/1.1" 200 2974 "http://www.groeger-bauaufzuege.de/verkauf.php" "Mozilla/5.0 (X11; Ubuntu; Linux i686; rv:31.0) Gecko/20100101 Firefox/31.0"
