66.249.78.236 - - [24/Feb/2014:01:24:36 +0100] "GET /include.php?path=contentarchive&type=4&letter=Z&catid=12&themeid=0&searchtext=&entries=0&order=dated&nid=19 HTTP/1.1" 404 1256 "-" "Mozilla/5.0 (compatible; Googlebot/2.1; +http://www.google.com/bot.html)"
208.115.113.85 - - [24/Feb/2014:01:56:44 +0100] "GET /include.php?path=contentarchive&type=2&letter=F&catid=0&themeid=0&searchtext=&entries=0&order=title HTTP/1.1" 404 1256 "-" "Mozilla/5.0 (compatible; Ezooms/1.0; help@moz.com)"
208.115.113.85 - - [24/Feb/2014:01:56:49 +0100] "GET /include.php?path=contentarchive&type=3&letter=S&catid=0&themeid=0&searchtext=&entries=0&order= HTTP/1.1" 404 1256 "-" "Mozilla/5.0 (compatible; Ezooms/1.0; help@moz.com)"
66.249.75.240 - - [24/Feb/2014:01:57:21 +0100] "GET /robots.txt HTTP/1.1" 404 1256 "-" "Mozilla/5.0 (compatible; Googlebot/2.1; +http://www.google.com/bot.html)"
66.249.78.236 - - [24/Feb/2014:01:57:21 +0100] "GET /include.php?path=contentarchive&type=1&catid=0&letter=O&entries=0&searchtext=&order=titled&nid=4 HTTP/1.1" 404 1256 "-" "Mozilla/5.0 (compatible; Googlebot/2.1; +http://www.google.com/bot.html)"
66.249.78.236 - - [24/Feb/2014:02:06:42 +0100] "GET /include.php?path=contentarchive&type=4&letter=Z&catid=12&themeid=0&searchtext=&entries=0&order=dated&nid=13 HTTP/1.1" 404 1256 "-" "Mozilla/5.0 (compatible; Googlebot/2.1; +http://www.google.com/bot.html)"
66.249.78.236 - - [24/Feb/2014:02:20:43 +0100] "GET /include.php?path=content&mode=vote&contentid=114&type=4&content_vote=2&action=Go&nid=21 HTTP/1.1" 404 1256 "-" "Mozilla/5.0 (compatible; Googlebot/2.1; +http://www.google.com/bot.html)"
66.249.78.236 - - [24/Feb/2014:02:30:04 +0100] "GET /include.php?path=contentarchive&type=4&catid=8&letter=U&entries=0&searchtext=&order=dated&nid=4 HTTP/1.1" 404 1256 "-" "Mozilla/5.0 (compatible; Googlebot/2.1; +http://www.google.com/bot.html)"
208.115.113.85 - - [24/Feb/2014:03:54:44 +0100] "GET /robots.txt HTTP/1.1" 404 1256 "-" "Mozilla/5.0 (compatible; Ezooms/1.0; help@moz.com)"
66.249.78.236 - - [24/Feb/2014:04:22:19 +0100] "GET /include.php?path=contentarchive&type=2&letter=alle&catid=9&themeid=0&searchtext=&entries=0&order=titled HTTP/1.1" 404 1256 "-" "Mozilla/5.0 (compatible; Googlebot/2.1; +http://www.google.com/bot.html)"
66.249.78.236 - - [24/Feb/2014:04:31:40 +0100] "GET /include.php?path=contentarchive&type=1&letter=Q&catid=10&themeid=0&searchtext=&entries=0&order=dated&nid=19 HTTP/1.1" 404 1256 "-" "Mozilla/5.0 (compatible; Googlebot/2.1; +http://www.google.com/bot.html)"
66.249.78.236 - - [24/Feb/2014:04:36:20 +0100] "GET /include.php?path=contentarchive&type=2&catid=9&letter=F&entries=0&searchtext=&order=title&nid=4 HTTP/1.1" 404 1256 "-" "Mozilla/5.0 (compatible; Googlebot/2.1; +http://www.google.com/bot.html)"
66.249.78.236 - - [24/Feb/2014:05:27:47 +0100] "GET /include.php?path=contentarchive&type=2&catid=9&letter=Y&entries=0&searchtext=&order=titled&nid=19 HTTP/1.1" 404 1256 "-" "Mozilla/5.0 (compatible; Googlebot/2.1; +http://www.google.com/bot.html)"
66.249.78.236 - - [24/Feb/2014:05:32:27 +0100] "GET /include.php?path=contentarchive&type=2&catid=9&letter=N&entries=0&searchtext=&order=dated&nid=19 HTTP/1.1" 404 1256 "-" "Mozilla/5.0 (compatible; Googlebot/2.1; +http://www.google.com/bot.html)"
208.115.113.85 - - [24/Feb/2014:06:03:28 +0100] "GET /?path=contentarchive&type=2&letter=I&catid=0&themeid=0&searchtext=&entries=0&order= HTTP/1.1" 302 - "-" "Mozilla/5.0 (compatible; Ezooms/1.0; help@moz.com)"
66.249.78.236 - - [24/Feb/2014:06:28:34 +0100] "GET /include.php?path=contentarchive&type=2&catid=9&letter=M&entries=0&searchtext=&order=titled&nid=32 HTTP/1.1" 404 1256 "-" "Mozilla/5.0 (compatible; Googlebot/2.1; +http://www.google.com/bot.html)"
66.249.78.236 - - [24/Feb/2014:06:33:15 +0100] "GET /include.php?path=contentarchive&type=2&catid=9&letter=0-9&entries=0&searchtext=&order=title&nid=32 HTTP/1.1" 404 1256 "-" "Mozilla/5.0 (compatible; Googlebot/2.1; +http://www.google.com/bot.html)"
66.249.78.236 - - [24/Feb/2014:06:37:55 +0100] "GET /include.php?path=contentarchive&type=2&catid=9&letter=U&entries=0&searchtext=&order=title&nid=21 HTTP/1.1" 404 1256 "-" "Mozilla/5.0 (compatible; Googlebot/2.1; +http://www.google.com/bot.html)"
66.249.78.236 - - [24/Feb/2014:07:20:01 +0100] "GET /include.php?path=contentarchive&type=2&catid=9&letter=I&entries=0&searchtext=&order=titled&nid=21 HTTP/1.1" 404 1256 "-" "Mozilla/5.0 (compatible; Googlebot/2.1; +http://www.google.com/bot.html)"
31.3.233.120 - - [24/Feb/2014:07:22:53 +0100] "GET / HTTP/1.1" 302 - "-" "-"
66.249.78.236 - - [24/Feb/2014:07:38:43 +0100] "GET /include.php?path=contentarchive&type=2&letter=F&catid=9&themeid=0&searchtext=&entries=0&order=titled&nid=13 HTTP/1.1" 404 1256 "-" "Mozilla/5.0 (compatible; Googlebot/2.1; +http://www.google.com/bot.html)"
208.115.113.85 - - [24/Feb/2014:07:53:33 +0100] "GET /robots.txt HTTP/1.1" 404 1256 "-" "Mozilla/5.0 (compatible; Ezooms/1.0; help@moz.com)"
66.249.78.236 - - [24/Feb/2014:08:02:06 +0100] "GET /include.php?path=contentarchive&type=2&letter=0-9&catid=9&themeid=0&searchtext=&entries=0&order=title&nid=19 HTTP/1.1" 404 1256 "-" "Mozilla/5.0 (compatible; Googlebot/2.1; +http://www.google.com/bot.html)"
80.148.18.170 - - [24/Feb/2014:08:46:54 +0100] "GET / HTTP/1.1" 302 - "-" "Mozilla/5.0 (Windows NT 5.1) AppleWebKit/535.7 (KHTML, like Gecko) Chrome/16.0.912.77 Safari/535.7"
66.249.78.236 - - [24/Feb/2014:09:30:57 +0100] "GET /include.php?path=contentarchive&type=2&catid=9&letter=H&entries=0&searchtext=&order=titled&nid=21 HTTP/1.1" 404 1256 "-" "Mozilla/5.0 (compatible; Googlebot/2.1; +http://www.google.com/bot.html)"
208.115.111.69 - - [24/Feb/2014:09:34:15 +0100] "GET /robots.txt HTTP/1.1" 404 1256 "-" "Mozilla/5.0 (compatible; Ezooms/1.0; help@moz.com)"
62.154.194.21 - - [24/Feb/2014:09:35:46 +0100] "GET / HTTP/1.1" 302 - "http://www.google.de/url?sa=t&rct=j&q=&esrc=s&source=web&cd=6&ved=0CEUQFjAF&url=http%3A%2F%2Fwww.friedrich-list-berlin.de%2F&ei=eQMLU5jrKanmywPX4YCACw&usg=AFQjCNGsKs3TvBQ4z91zrYvo9_SfKi5nug&bvm=bv.61725948,d.bGQ" "Mozilla/5.0 (X11; Linux i686; rv:17.0) Gecko/20100101 Firefox/17.0"
91.64.111.55 - - [24/Feb/2014:09:39:06 +0100] "GET / HTTP/1.1" 302 - "http://www.google.de/url?sa=t&rct=j&q=&esrc=s&source=web&cd=1&ved=0CDAQFjAA&url=http%3A%2F%2Fwww.friedrich-list-berlin.de%2F&ei=qAQLU-m9PKPB7AbBtoCYDw&usg=AFQjCNGsKs3TvBQ4z91zrYvo9_SfKi5nug&bvm=bv.61725948,d.ZGU" "Mozilla/5.0 (Windows NT 6.1; WOW64; rv:27.0) Gecko/20100101 Firefox/27.0"
91.64.111.55 - - [24/Feb/2014:09:41:57 +0100] "GET / HTTP/1.1" 302 - "-" "Mozilla/5.0 (Windows NT 6.1; WOW64; rv:27.0) Gecko/20100101 Firefox/27.0"
91.64.111.55 - - [24/Feb/2014:09:47:46 +0100] "GET / HTTP/1.1" 302 - "-" "Mozilla/5.0 (Windows NT 6.1; WOW64; rv:27.0) Gecko/20100101 Firefox/27.0"
208.115.113.85 - - [24/Feb/2014:09:59:22 +0100] "GET /include.php?path=contentarchive&type=3&letter=O&catid=0&themeid=0&searchtext=&entries=0&order= HTTP/1.1" 404 1256 "-" "Mozilla/5.0 (compatible; Ezooms/1.0; help@moz.com)"
66.249.78.236 - - [24/Feb/2014:10:53:12 +0100] "GET /include.php?path=contentarchive&type=1&catid=10&letter=U&entries=0&searchtext=&order=titled HTTP/1.1" 404 1256 "-" "Mozilla/5.0 (compatible; Googlebot/2.1; +http://www.google.com/bot.html)"
66.249.78.236 - - [24/Feb/2014:11:18:30 +0100] "GET /include.php?path=contentarchive&type=2&catid=9&letter=X&entries=0&searchtext=&order=title&nid=21 HTTP/1.1" 404 1256 "-" "Mozilla/5.0 (compatible; Googlebot/2.1; +http://www.google.com/bot.html)"
208.115.111.69 - - [24/Feb/2014:11:20:11 +0100] "GET /include.php?path=contentarchive&type=2&letter=I&catid=0&themeid=0&searchtext=&entries=0&order= HTTP/1.1" 404 1256 "-" "Mozilla/5.0 (compatible; Ezooms/1.0; help@moz.com)"
66.249.78.236 - - [24/Feb/2014:11:23:11 +0100] "GET /include.php?path=contentarchive&type=2&catid=9&letter=R&entries=0&searchtext=&order=title&nid=32 HTTP/1.1" 404 1256 "-" "Mozilla/5.0 (compatible; Googlebot/2.1; +http://www.google.com/bot.html)"
66.249.78.236 - - [24/Feb/2014:11:27:52 +0100] "GET /include.php?path=contentarchive&type=2&catid=9&letter=B&entries=0&searchtext=&order=titled&nid=21 HTTP/1.1" 404 1256 "-" "Mozilla/5.0 (compatible; Googlebot/2.1; +http://www.google.com/bot.html)"
95.8.51.53 - - [24/Feb/2014:11:28:05 +0100] "GET / HTTP/1.1" 302 - "http://attp.euproject.org/services/Projects/project.cfm?ProjectID=247&Tab=Partners&InPageBody=1" "Mozilla/5.0 (Windows NT 6.1; Trident/7.0; rv:11.0) like Gecko"
207.241.226.231 - - [24/Feb/2014:11:40:47 +0100] "GET /robots.txt HTTP/1.1" 404 1256 "-" "Mozilla/5.0 (compatible; archive.org_bot; Wayback Machine Live Record; +http://archive.org/details/archive.org_bot)"
208.115.113.85 - - [24/Feb/2014:11:49:39 +0100] "GET /robots.txt HTTP/1.1" 404 1256 "-" "Mozilla/5.0 (compatible; Ezooms/1.0; help@moz.com)"
150.70.173.48 - - [24/Feb/2014:11:57:25 +0100] "GET / HTTP/1.1" 302 - "-" "Mozilla/4.0 (compatible; MSIE 8.0; Windows NT 5.1; Trident/4.0)"
150.70.172.206 - - [24/Feb/2014:12:01:37 +0100] "GET / HTTP/1.0" 302 - "-" "Mozilla/4.0 (compatible; MSIE 6.0; Windows NT 5.1)"
150.70.173.38 - - [24/Feb/2014:12:07:28 +0100] "GET / HTTP/1.1" 302 - "-" "Mozilla/4.0 (compatible; MSIE 8.0; Windows NT 5.1; Trident/4.0)"
66.249.78.236 - - [24/Feb/2014:12:19:19 +0100] "GET /robots.txt HTTP/1.1" 404 1256 "-" "Mozilla/5.0 (compatible; Googlebot/2.1; +http://www.google.com/bot.html)"
66.249.78.236 - - [24/Feb/2014:12:19:19 +0100] "GET /include.php?path=contentarchive&type=2&letter=L&catid=9&themeid=0&searchtext=&entries=0&order=title&nid=4 HTTP/1.1" 404 1256 "-" "Mozilla/5.0 (compatible; Googlebot/2.1; +http://www.google.com/bot.html)"
66.249.78.236 - - [24/Feb/2014:12:23:59 +0100] "GET /include.php?path=contentarchive&type=2&catid=9&letter=L&entries=0&searchtext=&order=title&nid=4 HTTP/1.1" 404 1256 "-" "Mozilla/5.0 (compatible; Googlebot/2.1; +http://www.google.com/bot.html)"
66.249.78.236 - - [24/Feb/2014:12:28:39 +0100] "GET /include.php?path=contentarchive&type=2&letter=X&catid=1&themeid=0&searchtext=&entries=0&order=titled HTTP/1.1" 404 1256 "-" "Mozilla/5.0 (compatible; Googlebot/2.1; +http://www.google.com/bot.html)"
80.153.48.214 - - [24/Feb/2014:13:05:59 +0100] "GET / HTTP/1.1" 302 - "http://www.google.de/url?sa=t&rct=j&q=&esrc=s&frm=1&source=web&cd=6&ved=0CEUQFjAF&url=http%3A%2F%2Fwww.friedrich-list-berlin.de%2F&ei=IzULU7_dE4XPtQaX4YGABg&usg=AFQjCNGsKs3TvBQ4z91zrYvo9_SfKi5nug&bvm=bv.61725948,d.Yms" "Mozilla/5.0 (compatible; MSIE 10.0; Windows NT 6.1; WOW64; Trident/6.0)"
66.249.78.236 - - [24/Feb/2014:13:06:04 +0100] "GET /include.php?path=contentarchive&type=1&catid=10&letter=V&entries=0&searchtext=&order=title HTTP/1.1" 404 1256 "-" "Mozilla/5.0 (compatible; Googlebot/2.1; +http://www.google.com/bot.html)"
66.249.78.236 - - [24/Feb/2014:13:20:06 +0100] "GET /include.php?path=contentarchive&type=2&catid=1&letter=P&entries=0&searchtext=&order=titled&nid=32 HTTP/1.1" 404 1256 "-" "Mozilla/5.0 (compatible; Googlebot/2.1; +http://www.google.com/bot.html)"
208.115.113.85 - - [24/Feb/2014:14:03:59 +0100] "GET /include.php?path=contentarchive&type=2&letter=Z&catid=0&themeid=0&searchtext=&entries=0&order=title HTTP/1.1" 404 1256 "-" "Mozilla/5.0 (compatible; Ezooms/1.0; help@moz.com)"
66.249.78.236 - - [24/Feb/2014:14:16:13 +0100] "GET /include.php?path=contentarchive&type=2&letter=W&catid=9&themeid=0&searchtext=&entries=0&order=titled&nid=32 HTTP/1.1" 404 1256 "-" "Mozilla/5.0 (compatible; Googlebot/2.1; +http://www.google.com/bot.html)"
66.249.78.236 - - [24/Feb/2014:14:20:53 +0100] "GET /include.php?path=contentarchive&type=2&letter=R&catid=9&themeid=0&searchtext=&entries=0&order=titled&nid=4 HTTP/1.1" 404 1256 "-" "Mozilla/5.0 (compatible; Googlebot/2.1; +http://www.google.com/bot.html)"
66.249.78.236 - - [24/Feb/2014:14:25:34 +0100] "GET /include.php?path=contentarchive&type=2&letter=K&catid=1&themeid=0&searchtext=&entries=0&order=title&nid=21 HTTP/1.1" 404 1256 "-" "Mozilla/5.0 (compatible; Googlebot/2.1; +http://www.google.com/bot.html)"
144.76.156.212 - - [24/Feb/2014:14:38:27 +0100] "GET /robots.txt HTTP/1.1" 404 1256 "-" "Java/1.7.0_51"
144.76.156.212 - - [24/Feb/2014:14:38:27 +0100] "GET /?path=content&mode=print&contentid=4 HTTP/1.1" 302 - "-" "Mozilla/5.0"
46.229.164.100 - - [24/Feb/2014:15:02:28 +0100] "GET / HTTP/1.1" 302 - "-" "Mozilla/5.0 (compatible; SemrushBot/0.97; +http://www.semrush.com/bot.html)"
66.249.78.236 - - [24/Feb/2014:15:12:20 +0100] "GET /include.php?path=contentarchive&type=4&letter=D&catid=8&themeid=0&searchtext=&entries=0&order=dated&nid=4 HTTP/1.1" 404 1256 "-" "Mozilla/5.0 (compatible; Googlebot/2.1; +http://www.google.com/bot.html)"
80.187.96.150 - - [24/Feb/2014:15:14:06 +0100] "GET / HTTP/1.1" 302 - "http://www.google.de/url?sa=t&rct=j&q=&esrc=s&source=web&cd=1&ved=0CCwQFjAA&url=http%3A%2F%2Fwww.friedrich-list-berlin.de%2F&ei=K1MLU9LfB8TnswbYqoCIDw&usg=AFQjCNGsKs3TvBQ4z91zrYvo9_SfKi5nug&bvm=bv.61725948,d.Yms" "Mozilla/5.0 (Windows NT 6.1; WOW64; Trident/7.0; rv:11.0) like Gecko"
66.249.78.236 - - [24/Feb/2014:15:21:41 +0100] "GET /include.php?path=contentarchive&type=2&catid=1&letter=W&entries=0&searchtext=&order=title HTTP/1.1" 404 1256 "-" "Mozilla/5.0 (compatible; Googlebot/2.1; +http://www.google.com/bot.html)"
66.249.78.236 - - [24/Feb/2014:15:26:21 +0100] "GET /include.php?path=contentarchive&type=2&letter=C&catid=1&themeid=0&searchtext=&entries=0&order=titled HTTP/1.1" 404 1256 "-" "Mozilla/5.0 (compatible; Googlebot/2.1; +http://www.google.com/bot.html)"
66.249.78.236 - - [24/Feb/2014:16:17:48 +0100] "GET /include.php?path=contentarchive&type=2&letter=L&catid=1&themeid=0&searchtext=&entries=0&order=titled HTTP/1.1" 404 1256 "-" "Mozilla/5.0 (compatible; Googlebot/2.1; +http://www.google.com/bot.html)"
23.23.222.104 - - [24/Feb/2014:16:18:31 +0100] "GET / HTTP/1.1" 302 - "-" "Mozilla/5.0 (compatible; Windows; U; Windows NT 6.2; WOW64; en-US; rv:12.0) Gecko/20120403211507 Firefox/12.0"
66.249.78.236 - - [24/Feb/2014:16:22:28 +0100] "GET /include.php?path=contentarchive&type=2&letter=B&catid=9&themeid=0&searchtext=&entries=0&order=title HTTP/1.1" 404 1256 "-" "Mozilla/5.0 (compatible; Googlebot/2.1; +http://www.google.com/bot.html)"
66.249.78.236 - - [24/Feb/2014:16:36:30 +0100] "GET /include.php?path=contentarchive&type=2&catid=9&letter=R&entries=0&searchtext=&order=dated HTTP/1.1" 404 1256 "-" "Mozilla/5.0 (compatible; Googlebot/2.1; +http://www.google.com/bot.html)"
84.190.23.225 - - [24/Feb/2014:16:46:21 +0100] "GET / HTTP/1.1" 302 - "http://www.google.de/url?sa=t&rct=j&q=&esrc=s&source=web&cd=4&ved=0CEsQoAIwAw&url=http%3A%2F%2Fwww.friedrich-list-berlin.de%2F&ei=s2gLU-PuHomQtAbqs4C4Bw&usg=AFQjCNGsKs3TvBQ4z91zrYvo9_SfKi5nug&bvm=bv.61725948,d.Yms" "Mozilla/5.0 (Macintosh; Intel Mac OS X 10_9) AppleWebKit/537.71 (KHTML, like Gecko) Version/7.0 Safari/537.71"
66.249.78.236 - - [24/Feb/2014:17:23:25 +0100] "GET /include.php?path=contentarchive&type=2&catid=9&letter=R&entries=0&searchtext=&order=title HTTP/1.1" 404 1256 "-" "Mozilla/5.0 (compatible; Googlebot/2.1; +http://www.google.com/bot.html)"
188.138.41.108 - - [24/Feb/2014:17:39:44 +0100] "GET /robots.txt HTTP/1.1" 404 1256 "-" "Mozilla/5.0 (X11; U; Linux i686; de; rv:1.9.0.1; compatible; iCjobs Stellenangebote Jobs; http://www.icjobs.de) Gecko/20100401 iCjobs/3.2.3"
188.138.41.108 - - [24/Feb/2014:17:39:44 +0100] "GET / HTTP/1.1" 302 - "-" "Mozilla/5.0 (X11; U; Linux i686; de; rv:1.9.0.1; compatible; iCjobs Stellenangebote Jobs; http://www.icjobs.de) Gecko/20100401 iCjobs/3.2.3"
188.138.41.108 - - [24/Feb/2014:17:39:44 +0100] "GET / HTTP/1.1" 302 - "-" "Mozilla/5.0 (X11; U; Linux i686; de; rv:1.9.0.1; compatible; iCjobs Stellenangebote Jobs; http://www.icjobs.de) Gecko/20100401 iCjobs/3.2.3"
66.249.78.236 - - [24/Feb/2014:18:22:21 +0100] "GET /include.php?path=contentarchive&type=3&letter=L&catid=0&themeid=0&searchtext=&entries=0&order=titled&nid=32 HTTP/1.1" 404 1256 "-" "Mozilla/5.0 (compatible; Googlebot/2.1; +http://www.google.com/bot.html)"
103.31.200.170 - - [24/Feb/2014:18:25:42 +0100] "GET /robots.txt HTTP/1.0" 404 1256 "http://www.friedrich-list-berlin.de/robots.txt" "Mozilla/4.0 (compatible; MSIE 8.0; Windows NT 5.1; Trident/4.0; .NET CLR 2.0.50727; .NET CLR 3.0.4506.2152; .NET CLR 3.5.30729)"
103.31.200.170 - - [24/Feb/2014:18:25:49 +0100] "GET / HTTP/1.0" 302 - "http://www.friedrich-list-berlin.de/" "Mozilla/4.0 (compatible; MSIE 8.0; Windows NT 5.1; Trident/4.0; .NET CLR 2.0.50727; .NET CLR 3.0.4506.2152; .NET CLR 3.5.30729)"
66.249.66.240 - - [24/Feb/2014:18:27:42 +0100] "GET /include.php?path=contentarchive&type=2&letter=D&catid=8&themeid=0&searchtext=&entries=0&order=titled&nid=13 HTTP/1.1" 404 1256 "-" "Mozilla/5.0 (compatible; Googlebot/2.1; +http://www.google.com/bot.html)"
178.255.215.70 - - [24/Feb/2014:18:50:40 +0100] "GET /robots.txt HTTP/1.1" 404 1256 "-" "Mozilla/5.0 (compatible; Exabot/3.0; +http://www.exabot.com/go/robot)"
178.255.215.70 - - [24/Feb/2014:18:50:41 +0100] "GET / HTTP/1.1" 302 - "-" "Mozilla/5.0 (compatible; Exabot/3.0; +http://www.exabot.com/go/robot)"
66.249.78.236 - - [24/Feb/2014:19:28:06 +0100] "GET /include.php?path=contentarchive&type=2&catid=9&letter=Y&entries=0&searchtext=&order=title HTTP/1.1" 404 1256 "-" "Mozilla/5.0 (compatible; Googlebot/2.1; +http://www.google.com/bot.html)"
66.249.78.236 - - [24/Feb/2014:19:33:13 +0100] "GET /include.php?path=contentarchive&type=2&letter=F&catid=0&themeid=0&searchtext=&entries=0&order=titled HTTP/1.1" 404 1256 "-" "Mozilla/5.0 (compatible; Googlebot/2.1; +http://www.google.com/bot.html)"
66.249.78.236 - - [24/Feb/2014:20:40:20 +0100] "GET /include.php?path=contentarchive&type=3&letter=C&catid=1&themeid=0&searchtext=&entries=0&order=dated&nid=21 HTTP/1.1" 404 1256 "-" "Mozilla/5.0 (compatible; Googlebot/2.1; +http://www.google.com/bot.html)"
66.249.78.236 - - [24/Feb/2014:20:46:40 +0100] "GET /include.php?path=contentarchive&type=4&letter=Z&catid=8&themeid=0&searchtext=&entries=0&order=dated HTTP/1.1" 404 1256 "-" "Mozilla/5.0 (compatible; Googlebot/2.1; +http://www.google.com/bot.html)"
66.249.78.236 - - [24/Feb/2014:20:58:45 +0100] "GET /include.php?path=contentarchive&type=2&letter=F&catid=0&themeid=0&searchtext=&entries=8&order=titled&nid=21 HTTP/1.1" 404 1256 "-" "Mozilla/5.0 (compatible; Googlebot/2.1; +http://www.google.com/bot.html)"
66.249.78.236 - - [24/Feb/2014:22:17:25 +0100] "GET /include.php?path=contentarchive&type=4&catid=8&letter=G&entries=0&searchtext=&order=titled HTTP/1.1" 404 1256 "-" "Mozilla/5.0 (compatible; Googlebot/2.1; +http://www.google.com/bot.html)"
141.8.147.12 - - [24/Feb/2014:22:37:31 +0100] "GET /robots.txt HTTP/1.1" 404 1256 "-" "Mozilla/5.0 (compatible; YandexBot/3.0; +http://yandex.com/bots)"
66.249.78.236 - - [24/Feb/2014:23:44:56 +0100] "GET /include.php?path=contentarchive&type=3&letter=C&catid=1&themeid=0&searchtext=&entries=0&order=dated&nid=4 HTTP/1.1" 404 1256 "-" "Mozilla/5.0 (compatible; Googlebot/2.1; +http://www.google.com/bot.html)"
208.115.113.85 - - [24/Feb/2014:23:54:11 +0100] "GET /robots.txt HTTP/1.1" 404 1256 "-" "Mozilla/5.0 (compatible; Ezooms/1.0; help@moz.com)"
141.8.147.12 - - [25/Feb/2014:00:44:34 +0100] "GET / HTTP/1.1" 302 - "-" "Mozilla/5.0 (compatible; YandexBot/3.0; +http://yandex.com/bots)"
66.249.78.236 - - [25/Feb/2014:00:56:09 +0100] "GET /robots.txt HTTP/1.1" 404 1256 "-" "Mozilla/5.0 (compatible; Googlebot/2.1; +http://www.google.com/bot.html)"
66.249.78.236 - - [25/Feb/2014:00:56:09 +0100] "GET / HTTP/1.1" 302 - "-" "Mozilla/5.0 (compatible; Googlebot/2.1; +http://www.google.com/bot.html)"
66.249.78.236 - - [25/Feb/2014:01:56:56 +0100] "GET /include.php?path=contentarchive&type=1&letter=A&catid=10&themeid=0&searchtext=&entries=0&order=&nid=19 HTTP/1.1" 404 1256 "-" "Mozilla/5.0 (compatible; Googlebot/2.1; +http://www.google.com/bot.html)"
208.115.113.85 - - [25/Feb/2014:02:00:24 +0100] "GET /include.php?path=contentarchive&type=2&letter=K&catid=0&themeid=0&searchtext=&entries=0&order= HTTP/1.1" 404 1256 "-" "Mozilla/5.0 (compatible; Ezooms/1.0; help@moz.com)"
175.139.105.46 - - [25/Feb/2014:02:23:12 +0100] "GET / HTTP/1.1" 302 - "-" "Java/1.4.1_04"
175.139.105.46 - - [25/Feb/2014:02:23:14 +0100] "GET /fls_1_aktuelles.php HTTP/1.1" 404 1256 "-" "Java/1.4.1_04"
175.139.105.46 - - [25/Feb/2014:02:23:15 +0100] "GET /fls_2_fremdsprachensekr.php HTTP/1.1" 404 1256 "-" "Java/1.4.1_04"
175.139.105.46 - - [25/Feb/2014:02:23:16 +0100] "GET /fls_3_fls_international.php HTTP/1.1" 404 1256 "-" "Java/1.4.1_04"
175.139.105.46 - - [25/Feb/2014:02:23:16 +0100] "GET /fls_4_faq.php HTTP/1.1" 404 1256 "-" "Java/1.4.1_04"
175.139.105.46 - - [25/Feb/2014:02:23:17 +0100] "GET /fls_4_impressum.php HTTP/1.1" 404 1256 "-" "Java/1.4.1_04"
175.139.105.46 - - [25/Feb/2014:02:23:17 +0100] "GET /fls_4_kontakt_anmeldung.php HTTP/1.1" 404 1256 "-" "Java/1.4.1_04"
175.139.105.46 - - [25/Feb/2014:02:23:18 +0100] "GET /index.php HTTP/1.1" 302 - "-" "Java/1.4.1_04"
175.139.105.46 - - [25/Feb/2014:02:23:23 +0100] "GET /index_en.php HTTP/1.1" 404 1256 "-" "Java/1.4.1_04"
175.139.105.46 - - [25/Feb/2014:02:23:23 +0100] "GET /index_fr.php HTTP/1.1" 404 1256 "-" "Java/1.4.1_04"
175.139.105.46 - - [25/Feb/2014:02:23:24 +0100] "GET /index_sp.php HTTP/1.1" 404 1256 "-" "Java/1.4.1_04"
175.139.105.46 - - [25/Feb/2014:02:23:27 +0100] "GET /& HTTP/1.1" 404 1256 "-" "Java/1.4.1_04"
175.139.105.46 - - [25/Feb/2014:02:23:27 +0100] "GET /& HTTP/1.1" 404 1256 "-" "Java/1.4.1_04"
175.139.105.46 - - [25/Feb/2014:02:23:28 +0100] "GET /& HTTP/1.1" 404 1256 "-" "Java/1.4.1_04"
175.139.105.46 - - [25/Feb/2014:02:23:28 +0100] "GET /& HTTP/1.1" 404 1256 "-" "Java/1.4.1_04"
175.139.105.46 - - [25/Feb/2014:02:23:30 +0100] "GET /& HTTP/1.1" 404 1256 "-" "Java/1.4.1_04"
175.139.105.46 - - [25/Feb/2014:02:23:31 +0100] "GET /& HTTP/1.1" 404 1256 "-" "Java/1.4.1_04"
175.139.105.46 - - [25/Feb/2014:02:23:31 +0100] "GET /& HTTP/1.1" 404 1256 "-" "Java/1.4.1_04"
175.139.105.46 - - [25/Feb/2014:02:23:34 +0100] "GET /& HTTP/1.1" 404 1256 "-" "Java/1.4.1_04"
175.139.105.46 - - [25/Feb/2014:02:23:34 +0100] "GET /& HTTP/1.1" 404 1256 "-" "Java/1.4.1_04"
175.139.105.46 - - [25/Feb/2014:02:23:35 +0100] "GET /& HTTP/1.1" 404 1256 "-" "Java/1.4.1_04"
175.139.105.46 - - [25/Feb/2014:02:23:36 +0100] "GET /& HTTP/1.1" 404 1256 "-" "Java/1.4.1_04"
175.139.105.46 - - [25/Feb/2014:02:23:37 +0100] "GET /& HTTP/1.1" 404 1256 "-" "Java/1.4.1_04"
175.139.105.46 - - [25/Feb/2014:02:23:37 +0100] "GET /& HTTP/1.1" 404 1256 "-" "Java/1.4.1_04"
175.139.105.46 - - [25/Feb/2014:02:23:38 +0100] "GET /& HTTP/1.1" 404 1256 "-" "Java/1.4.1_04"
175.139.105.46 - - [25/Feb/2014:02:23:38 +0100] "GET /& HTTP/1.1" 404 1256 "-" "Java/1.4.1_04"
175.139.105.46 - - [25/Feb/2014:02:23:39 +0100] "GET /& HTTP/1.1" 404 1256 "-" "Java/1.4.1_04"
175.139.105.46 - - [25/Feb/2014:02:23:39 +0100] "GET /& HTTP/1.1" 404 1256 "-" "Java/1.4.1_04"
175.139.105.46 - - [25/Feb/2014:02:23:40 +0100] "GET /& HTTP/1.1" 404 1256 "-" "Java/1.4.1_04"
175.139.105.46 - - [25/Feb/2014:02:23:41 +0100] "GET /& HTTP/1.1" 404 1256 "-" "Java/1.4.1_04"
175.139.105.46 - - [25/Feb/2014:02:23:42 +0100] "GET /& HTTP/1.1" 404 1256 "-" "Java/1.4.1_04"
178.77.126.55 - - [25/Feb/2014:05:06:47 +0100] "GET /robots.txt HTTP/1.1" 404 1256 "-" "Mozilla/5.0 (compatible; CareerBot/1.1; +http://www.career-x.de/bot.html)"
178.77.126.55 - - [25/Feb/2014:05:06:47 +0100] "GET / HTTP/1.1" 302 - "-" "Mozilla/5.0 (compatible; CareerBot/1.1; +http://www.career-x.de/bot.html)"
66.249.78.236 - - [25/Feb/2014:06:37:58 +0100] "GET /include.php?catid=bntlvakbofm&nid=21 HTTP/1.1" 404 1256 "-" "Mozilla/5.0 (compatible; Googlebot/2.1; +http://www.google.com/bot.html)"
91.64.111.55 - - [25/Feb/2014:09:29:59 +0100] "GET / HTTP/1.1" 302 - "-" "Mozilla/5.0 (Windows NT 6.1; WOW64; rv:27.0) Gecko/20100101 Firefox/27.0"
178.255.215.70 - - [25/Feb/2014:09:36:59 +0100] "GET /include.php?path=start HTTP/1.1" 404 1256 "-" "Mozilla/5.0 (compatible; Exabot/3.0; +http://www.exabot.com/go/robot)"
208.115.111.69 - - [25/Feb/2014:09:46:47 +0100] "GET /robots.txt HTTP/1.1" 404 1256 "-" "Mozilla/5.0 (compatible; Ezooms/1.0; help@moz.com)"
95.91.243.202 - - [25/Feb/2014:10:00:11 +0100] "GET / HTTP/1.1" 302 - "https://www.google.gr/" "Mozilla/5.0 (iPhone; CPU iPhone OS 7_0_6 like Mac OS X) AppleWebKit/537.51.1 (KHTML, like Gecko) Version/7.0 Mobile/11B651 Safari/9537.53"
93.219.143.120 - - [25/Feb/2014:10:01:22 +0100] "GET / HTTP/1.1" 302 - "https://www.google.de/" "Mozilla/5.0 (Windows NT 6.1; WOW64) AppleWebKit/537.36 (KHTML, like Gecko) Chrome/31.0.1650.63 Safari/537.36"
208.115.111.69 - - [25/Feb/2014:11:38:47 +0100] "GET /?path=contentarchive&type=2&letter=M&catid=0&themeid=0&searchtext=&entries=0&order= HTTP/1.1" 302 - "-" "Mozilla/5.0 (compatible; Ezooms/1.0; help@moz.com)"
208.115.111.69 - - [25/Feb/2014:13:42:15 +0100] "GET /robots.txt HTTP/1.1" 404 1256 "-" "Mozilla/5.0 (compatible; Ezooms/1.0; help@moz.com)"
208.115.111.69 - - [25/Feb/2014:15:37:02 +0100] "GET /?path=contentarchive&type=2&letter=Q&catid=0&themeid=0&searchtext=&entries=0&order= HTTP/1.1" 302 - "-" "Mozilla/5.0 (compatible; Ezooms/1.0; help@moz.com)"
208.115.111.69 - - [25/Feb/2014:15:37:04 +0100] "GET /include.php?path=contentarchive&type=2&letter=B&catid=0&themeid=0&searchtext=&entries=0&order=title HTTP/1.1" 404 1256 "-" "Mozilla/5.0 (compatible; Ezooms/1.0; help@moz.com)"
141.8.147.12 - - [25/Feb/2014:17:31:39 +0100] "GET /robots.txt HTTP/1.1" 404 1256 "-" "Mozilla/5.0 (compatible; YandexBot/3.0; +http://yandex.com/bots)"
208.115.111.69 - - [25/Feb/2014:17:36:42 +0100] "GET /robots.txt HTTP/1.1" 404 1256 "-" "Mozilla/5.0 (compatible; Ezooms/1.0; help@moz.com)"
141.8.147.12 - - [25/Feb/2014:18:18:00 +0100] "GET / HTTP/1.1" 302 - "-" "Mozilla/5.0 (compatible; YandexBot/3.0; +http://yandex.com/bots)"
66.249.78.236 - - [25/Feb/2014:18:56:04 +0100] "GET /robots.txt HTTP/1.1" 404 1256 "-" "Mozilla/5.0 (compatible; Googlebot/2.1; +http://www.google.com/bot.html)"
66.249.78.236 - - [25/Feb/2014:18:56:04 +0100] "GET /include.php?path=contentarchive&type=2&letter=0-9&catid=9&themeid=0&searchtext=&entries=0&order=title&nid=19 HTTP/1.1" 404 1256 "-" "Mozilla/5.0 (compatible; Googlebot/2.1; +http://www.google.com/bot.html)"
5.9.88.119 - - [25/Feb/2014:19:22:48 +0100] "GET /robots.txt HTTP/1.1" 404 1256 "-" "Mozilla/5.0 (compatible; Infohelfer/1.3.3; +http://www.infohelfer.de/crawler.php)"
5.9.88.119 - - [25/Feb/2014:19:22:48 +0100] "GET / HTTP/1.1" 302 - "-" "Mozilla/5.0 (compatible; Infohelfer/1.3.3; +http://www.infohelfer.de/crawler.php)"
208.115.111.69 - - [25/Feb/2014:19:23:23 +0100] "GET /include.php?path=contentarchive&type=2&letter=S&catid=0&themeid=0&searchtext=&entries=0&order= HTTP/1.1" 404 1256 "-" "Mozilla/5.0 (compatible; Ezooms/1.0; help@moz.com)"
208.115.111.69 - - [25/Feb/2014:19:23:26 +0100] "GET /include.php?path=contentarchive&type=2&letter=Y&catid=0&themeid=0&searchtext=&entries=0&order=title HTTP/1.1" 404 1256 "-" "Mozilla/5.0 (compatible; Ezooms/1.0; help@moz.com)"
176.9.48.201 - - [25/Feb/2014:19:44:31 +0100] "GET /robots.txt HTTP/1.1" 404 1256 "-" "Mozilla/5.0 (X11; Ubuntu; Linux x86_64; rv:15.0) Gecko/20100101 Firefox/15.0.1"
176.9.48.201 - - [25/Feb/2014:19:44:31 +0100] "GET / HTTP/1.1" 302 - "-" "Mozilla/5.0 (X11; Ubuntu; Linux x86_64; rv:15.0) Gecko/20100101 Firefox/15.0.1"
208.115.113.85 - - [25/Feb/2014:19:50:49 +0100] "GET /robots.txt HTTP/1.1" 404 1256 "-" "Mozilla/5.0 (compatible; Ezooms/1.0; help@moz.com)"
198.143.133.154 - - [25/Feb/2014:19:58:54 +0100] "GET /robots.txt HTTP/1.1" 404 1256 "-" "Mozilla/5.0 (compatible; BLEXBot/1.0; +http://webmeup-crawler.com/)"
198.143.133.154 - - [25/Feb/2014:19:58:54 +0100] "GET / HTTP/1.1" 302 - "-" "Mozilla/5.0 (compatible; BLEXBot/1.0; +http://webmeup-crawler.com/)"
208.115.113.93 - - [25/Feb/2014:21:25:09 +0100] "GET /robots.txt HTTP/1.1" 404 1256 "-" "Mozilla/5.0 (compatible; Ezooms/1.0; help@moz.com)"
208.115.113.85 - - [25/Feb/2014:22:01:12 +0100] "GET /include.php?path=contentarchive&type=3&letter=U&catid=0&themeid=0&searchtext=&entries=0&order= HTTP/1.1" 404 1256 "-" "Mozilla/5.0 (compatible; Ezooms/1.0; help@moz.com)"
66.249.78.115 - - [25/Feb/2014:22:08:41 +0100] "GET /robots.txt HTTP/1.1" 404 1256 "-" "Mozilla/5.0 (compatible; Googlebot/2.1; +http://www.google.com/bot.html)"
66.249.78.115 - - [25/Feb/2014:22:08:41 +0100] "GET / HTTP/1.1" 302 - "-" "Mozilla/5.0 (compatible; Googlebot/2.1; +http://www.google.com/bot.html)"
208.115.113.93 - - [25/Feb/2014:23:26:50 +0100] "GET /include.php?path=contentarchive&type=2&letter=S&catid=0&themeid=0&searchtext=&entries=0&order= HTTP/1.1" 404 1256 "-" "Mozilla/5.0 (compatible; Ezooms/1.0; help@moz.com)"
208.115.113.93 - - [25/Feb/2014:23:26:53 +0100] "GET /include.php?path=contentarchive&type=2&letter=Y&catid=0&themeid=0&searchtext=&entries=0&order=title HTTP/1.1" 404 1256 "-" "Mozilla/5.0 (compatible; Ezooms/1.0; help@moz.com)"
208.115.113.85 - - [25/Feb/2014:23:50:59 +0100] "GET /robots.txt HTTP/1.1" 404 1256 "-" "Mozilla/5.0 (compatible; Ezooms/1.0; help@moz.com)"
188.165.195.156 - - [26/Feb/2014:00:26:58 +0100] "HEAD / HTTP/1.1" 302 - "-" "Mozilla/4.0 (compatible; MSIE 5.01; Windows NT 5.0)"
208.115.111.69 - - [26/Feb/2014:01:33:30 +0100] "GET /robots.txt HTTP/1.1" 404 1256 "-" "Mozilla/5.0 (compatible; Ezooms/1.0; help@moz.com)"
208.115.113.85 - - [26/Feb/2014:01:56:17 +0100] "GET /?path=contentarchive&type=2&letter=X&catid=0&themeid=0&searchtext=&entries=0&order= HTTP/1.1" 302 - "-" "Mozilla/5.0 (compatible; Ezooms/1.0; help@moz.com)"
208.115.111.69 - - [26/Feb/2014:03:17:02 +0100] "GET /include.php?path=contentarchive&type=2&letter=O&catid=0&themeid=0&searchtext=&entries=0&order= HTTP/1.1" 404 1256 "-" "Mozilla/5.0 (compatible; Ezooms/1.0; help@moz.com)"
208.115.113.93 - - [26/Feb/2014:03:47:19 +0100] "GET /robots.txt HTTP/1.1" 404 1256 "-" "Mozilla/5.0 (compatible; Ezooms/1.0; help@moz.com)"
24.132.86.156 - - [26/Feb/2014:04:33:17 +0100] "GET / HTTP/1.1" 302 - "-" "Java/1.7.0_21"
24.132.86.156 - - [26/Feb/2014:04:33:20 +0100] "GET /fls_1_aktuelles.php HTTP/1.1" 404 1256 "-" "Java/1.7.0_21"
24.132.86.156 - - [26/Feb/2014:04:33:20 +0100] "GET /fls_2_fremdsprachensekr.php HTTP/1.1" 404 1256 "-" "Java/1.7.0_21"
24.132.86.156 - - [26/Feb/2014:04:33:21 +0100] "GET /fls_3_fls_international.php HTTP/1.1" 404 1256 "-" "Java/1.7.0_21"
24.132.86.156 - - [26/Feb/2014:04:33:21 +0100] "GET /fls_4_faq.php HTTP/1.1" 404 1256 "-" "Java/1.7.0_21"
24.132.86.156 - - [26/Feb/2014:04:33:22 +0100] "GET /fls_4_impressum.php HTTP/1.1" 404 1256 "-" "Java/1.7.0_21"
24.132.86.156 - - [26/Feb/2014:04:33:22 +0100] "GET /fls_4_kontakt_anmeldung.php HTTP/1.1" 404 1256 "-" "Java/1.7.0_21"
24.132.86.156 - - [26/Feb/2014:04:33:23 +0100] "GET /index.php HTTP/1.1" 302 - "-" "Java/1.7.0_21"
24.132.86.156 - - [26/Feb/2014:04:33:31 +0100] "GET /index_en.php HTTP/1.1" 404 1256 "-" "Java/1.7.0_21"
24.132.86.156 - - [26/Feb/2014:04:33:31 +0100] "GET /index_fr.php HTTP/1.1" 404 1256 "-" "Java/1.7.0_21"
24.132.86.156 - - [26/Feb/2014:04:33:32 +0100] "GET /index_sp.php HTTP/1.1" 404 1256 "-" "Java/1.7.0_21"
24.132.86.156 - - [26/Feb/2014:04:33:32 +0100] "GET /& HTTP/1.1" 404 1256 "-" "Java/1.7.0_21"
24.132.86.156 - - [26/Feb/2014:04:33:33 +0100] "GET /& HTTP/1.1" 404 1256 "-" "Java/1.7.0_21"
24.132.86.156 - - [26/Feb/2014:04:33:33 +0100] "GET /& HTTP/1.1" 404 1256 "-" "Java/1.7.0_21"
24.132.86.156 - - [26/Feb/2014:04:33:33 +0100] "GET /& HTTP/1.1" 404 1256 "-" "Java/1.7.0_21"
24.132.86.156 - - [26/Feb/2014:04:33:34 +0100] "GET /& HTTP/1.1" 404 1256 "-" "Java/1.7.0_21"
24.132.86.156 - - [26/Feb/2014:04:33:34 +0100] "GET /& HTTP/1.1" 404 1256 "-" "Java/1.7.0_21"
24.132.86.156 - - [26/Feb/2014:04:33:34 +0100] "GET /& HTTP/1.1" 404 1256 "-" "Java/1.7.0_21"
24.132.86.156 - - [26/Feb/2014:04:33:35 +0100] "GET /& HTTP/1.1" 404 1256 "-" "Java/1.7.0_21"
24.132.86.156 - - [26/Feb/2014:04:33:35 +0100] "GET /& HTTP/1.1" 404 1256 "-" "Java/1.7.0_21"
24.132.86.156 - - [26/Feb/2014:04:33:35 +0100] "GET /& HTTP/1.1" 404 1256 "-" "Java/1.7.0_21"
24.132.86.156 - - [26/Feb/2014:04:33:36 +0100] "GET /& HTTP/1.1" 404 1256 "-" "Java/1.7.0_21"
24.132.86.156 - - [26/Feb/2014:04:33:37 +0100] "GET /& HTTP/1.1" 404 1256 "-" "Java/1.7.0_21"
24.132.86.156 - - [26/Feb/2014:04:33:37 +0100] "GET /& HTTP/1.1" 404 1256 "-" "Java/1.7.0_21"
24.132.86.156 - - [26/Feb/2014:04:33:37 +0100] "GET /& HTTP/1.1" 404 1256 "-" "Java/1.7.0_21"
24.132.86.156 - - [26/Feb/2014:04:33:37 +0100] "GET /& HTTP/1.1" 404 1256 "-" "Java/1.7.0_21"
24.132.86.156 - - [26/Feb/2014:04:33:38 +0100] "GET /& HTTP/1.1" 404 1256 "-" "Java/1.7.0_21"
24.132.86.156 - - [26/Feb/2014:04:33:38 +0100] "GET /& HTTP/1.1" 404 1256 "-" "Java/1.7.0_21"
24.132.86.156 - - [26/Feb/2014:04:33:38 +0100] "GET /& HTTP/1.1" 404 1256 "-" "Java/1.7.0_21"
24.132.86.156 - - [26/Feb/2014:04:33:39 +0100] "GET /& HTTP/1.1" 404 1256 "-" "Java/1.7.0_21"
24.132.86.156 - - [26/Feb/2014:04:33:39 +0100] "GET /& HTTP/1.1" 404 1256 "-" "Java/1.7.0_21"
208.115.113.93 - - [26/Feb/2014:07:34:23 +0100] "GET /include.php?path=contentarchive&type=2&letter=O&catid=0&themeid=0&searchtext=&entries=0&order= HTTP/1.1" 404 1256 "-" "Mozilla/5.0 (compatible; Ezooms/1.0; help@moz.com)"
79.245.170.84 - - [26/Feb/2014:08:53:54 +0100] "GET / HTTP/1.1" 302 - "-" "Mozilla/5.0 (Windows NT 6.1; WOW64; rv:27.0) Gecko/20100101 Firefox/27.0"
162.210.196.100 - - [26/Feb/2014:09:23:31 +0100] "GET /robots.txt HTTP/1.0" 404 1256 "-" "Mozilla/5.0 (compatible; MJ12bot/v1.4.4; http://www.majestic12.co.uk/bot.php?+)"
162.210.196.100 - - [26/Feb/2014:09:23:33 +0100] "GET / HTTP/1.0" 302 - "-" "Mozilla/5.0 (compatible; MJ12bot/v1.4.4; http://www.majestic12.co.uk/bot.php?+)"
88.76.21.6 - - [26/Feb/2014:09:24:32 +0100] "GET / HTTP/1.1" 302 - "http://www.google.de/url?sa=t&rct=j&q=&esrc=s&source=web&cd=6&ved=0CFEQoAIwBQ&url=http%3A%2F%2Fwww.friedrich-list-berlin.de%2F&ei=TaQNU9KxIKWyywOvu4CYAQ&usg=AFQjCNGsKs3TvBQ4z91zrYvo9_SfKi5nug&bvm=bv.61965928,d.bGQ" "Mozilla/5.0 (Macintosh; Intel Mac OS X 10_7_5) AppleWebKit/537.73.11 (KHTML, like Gecko) Version/6.1.1 Safari/537.73.11"
92.225.189.166 - - [26/Feb/2014:10:45:56 +0100] "GET / HTTP/1.1" 302 - "http://www.google.de/url?sa=t&rct=j&q=&esrc=s&source=web&cd=8&ved=0CIgBEKACMAc&url=http%3A%2F%2Fwww.friedrich-list-berlin.de%2F&ei=lLYNU5H_EseHtAaYwIHIBQ&usg=AFQjCNGsKs3TvBQ4z91zrYvo9_SfKi5nug&bvm=bv.61965928,d.Yms" "Mozilla/5.0 (Windows NT 5.1; rv:27.0) Gecko/20100101 Firefox/27.0"
144.76.156.212 - - [26/Feb/2014:10:46:06 +0100] "GET /robots.txt HTTP/1.1" 404 1256 "-" "Java/1.7.0_51"
144.76.156.212 - - [26/Feb/2014:10:46:06 +0100] "GET /?path=content&mode=print&contentid=4 HTTP/1.1" 302 - "-" "Mozilla/5.0"
134.100.253.253 - - [26/Feb/2014:11:13:42 +0100] "GET / HTTP/1.1" 302 - "http://maps.google.de/local_url?dq=&q=http://www.friedrich-list-berlin.de/&oi=miw&sa=X&ct=miw_link&cd=1&cad=homepage,cid:15796106503487596536&ei=P74NU9i1Hafbigb8n4HIDw&s=ANYYN7nyZ-GtHKud7d74XOqucNLsOfuXYg" "Mozilla/5.0 (Windows NT 6.1; rv:24.0) Gecko/20100101 Firefox/24.0"
66.249.78.236 - - [26/Feb/2014:11:17:18 +0100] "GET /robots.txt HTTP/1.1" 404 1256 "-" "Mozilla/5.0 (compatible; Googlebot/2.1; +http://www.google.com/bot.html)"
66.249.75.240 - - [26/Feb/2014:11:17:18 +0100] "GET / HTTP/1.1" 302 - "-" "DoCoMo/2.0 N905i(c100;TB;W24H16) (compatible; Googlebot-Mobile/2.1; +http://www.google.com/bot.html)"
144.76.156.212 - - [26/Feb/2014:11:31:16 +0100] "GET /robots.txt HTTP/1.1" 404 1256 "-" "Java/1.7.0_51"
144.76.156.212 - - [26/Feb/2014:11:31:16 +0100] "GET /?path=content&mode=print&contentid=4 HTTP/1.1" 302 - "-" "Mozilla/5.0"
144.76.156.212 - - [26/Feb/2014:11:45:21 +0100] "GET /robots.txt HTTP/1.1" 404 1256 "-" "Java/1.7.0_51"
144.76.156.212 - - [26/Feb/2014:11:45:21 +0100] "GET /?path=content&mode=print&contentid=4 HTTP/1.1" 302 - "-" "Mozilla/5.0"
144.76.156.212 - - [26/Feb/2014:11:59:10 +0100] "GET /robots.txt HTTP/1.1" 404 1256 "-" "Java/1.7.0_51"
144.76.156.212 - - [26/Feb/2014:11:59:10 +0100] "GET /?path=content&mode=print&contentid=4 HTTP/1.1" 302 - "-" "Mozilla/5.0"
188.192.102.46 - - [26/Feb/2014:12:25:28 +0100] "GET / HTTP/1.1" 302 - "http://www.google.de/url?sa=t&rct=j&q=&esrc=s&source=web&cd=2&ved=0CDkQFjAB&url=http%3A%2F%2Fwww.friedrich-list-berlin.de%2F&ei=CM8NU9v0KMmTtAbIn4HgCQ&usg=AFQjCNGsKs3TvBQ4z91zrYvo9_SfKi5nug&sig2=ccrfbFSmeH9Nq8g0bvWm9g&bvm=bv.61965928,d.Yms" "Mozilla/5.0 (Macintosh; Intel Mac OS X 10_5_8) AppleWebKit/535.7 (KHTML, like Gecko) Chrome/16.0.912.77 Safari/535.7"
66.249.78.115 - - [26/Feb/2014:13:53:33 +0100] "GET /robots.txt HTTP/1.1" 404 1256 "-" "Mozilla/5.0 (compatible; Googlebot/2.1; +http://www.google.com/bot.html)"
66.249.66.9 - - [26/Feb/2014:13:53:33 +0100] "GET / HTTP/1.1" 302 - "-" "DoCoMo/2.0 N905i(c100;TB;W24H16) (compatible; Googlebot-Mobile/2.1; +http://www.google.com/bot.html)"
109.252.107.99 - - [26/Feb/2014:14:48:36 +0100] "GET / HTTP/1.1" 302 - "http://www.google.ru/url?sa=t&rct=j&q=&esrc=s&source=web&cd=1&ved=0CCcQFjAA&url=http%3A%2F%2Fwww.friedrich-list-berlin.de%2F&ei=lPANU92vJIb_4QTSq4DgDA&usg=AFQjCNGsKs3TvBQ4z91zrYvo9_SfKi5nug&sig2=o-hFa3b_U4vRai6AyQ_Mrw&bvm=bv.61965928,d.bGE&cad=rjt" "Mozilla/5.0 (Macintosh; Intel Mac OS X 10_9_1) AppleWebKit/537.73.11 (KHTML, like Gecko) Version/7.0.1 Safari/537.73.11"
216.107.155.114 - - [26/Feb/2014:16:12:55 +0100] "GET /robots.txt HTTP/1.0" 404 1256 "-" "Mozilla/5.0 (compatible; MJ12bot/v1.4.4; http://www.majestic12.co.uk/bot.php?+)"
216.107.155.114 - - [26/Feb/2014:16:12:57 +0100] "GET / HTTP/1.0" 302 - "-" "Mozilla/5.0 (compatible; MJ12bot/v1.4.4; http://www.majestic12.co.uk/bot.php?+)"
46.115.135.51 - - [26/Feb/2014:17:25:50 +0100] "GET / HTTP/1.1" 302 - "-" "Mozilla/5.0 (Linux; Android 4.3; de-de; SAMSUNG GT-I9505 Build/JSS15J) AppleWebKit/537.36 (KHTML, like Gecko) Version/1.5 Chrome/28.0.1500.94 Mobile Safari/537.36"
217.230.174.68 - - [26/Feb/2014:18:05:05 +0100] "GET / HTTP/1.1" 302 - "http://m.bigfinder.de/?c=ws&q=startseite&v=1" "Mozilla/5.0 (Macintosh; U; Intel Mac OS X 10.6; de-DE; rv:1.9.2.8) Gecko/20100722 Firefox/3.6.8"
87.152.48.84 - - [26/Feb/2014:19:02:07 +0100] "GET / HTTP/1.1" 302 - "http://www.berlin.de/sen/bildung/schulverzeichnis_und_portraets/anwendung/Schulportrait.aspx?IDSchulzweig=12776" "Mozilla/5.0 (Windows NT 6.1) AppleWebKit/537.36 (KHTML, like Gecko) Chrome/33.0.1750.117 Safari/537.36"
80.187.103.163 - - [26/Feb/2014:19:14:16 +0100] "GET / HTTP/1.1" 302 - "https://www.google.de/" "Mozilla/5.0 (Windows NT 6.1) AppleWebKit/537.36 (KHTML, like Gecko) Chrome/32.0.1700.107 Safari/537.36"
31.13.99.112 - - [26/Feb/2014:19:25:14 +0100] "GET / HTTP/1.1" 302 - "-" "facebookexternalhit/1.1 (+http://www.facebook.com/externalhit_uatext.php)"
66.249.78.236 - - [26/Feb/2014:19:57:41 +0100] "GET /robots.txt HTTP/1.1" 404 1256 "-" "Mozilla/5.0 (compatible; Googlebot/2.1; +http://www.google.com/bot.html)"
66.249.78.236 - - [26/Feb/2014:19:57:42 +0100] "GET /include.php?path=contentarchive&type=4&catid=6&letter=I&entries=0&searchtext=&order=date&nid=21 HTTP/1.1" 404 1256 "-" "Mozilla/5.0 (compatible; Googlebot/2.1; +http://www.google.com/bot.html)"
24.132.86.156 - - [26/Feb/2014:23:41:17 +0100] "GET / HTTP/1.1" 302 - "-" "Java/1.7.0_21"
24.132.86.156 - - [26/Feb/2014:23:41:18 +0100] "GET /fls_1_aktuelles.php HTTP/1.1" 404 1256 "-" "Java/1.7.0_21"
24.132.86.156 - - [26/Feb/2014:23:41:18 +0100] "GET /fls_2_fremdsprachensekr.php HTTP/1.1" 404 1256 "-" "Java/1.7.0_21"
24.132.86.156 - - [26/Feb/2014:23:41:18 +0100] "GET /fls_3_fls_international.php HTTP/1.1" 404 1256 "-" "Java/1.7.0_21"
24.132.86.156 - - [26/Feb/2014:23:41:18 +0100] "GET /fls_4_faq.php HTTP/1.1" 404 1256 "-" "Java/1.7.0_21"
24.132.86.156 - - [26/Feb/2014:23:41:19 +0100] "GET /fls_4_impressum.php HTTP/1.1" 404 1256 "-" "Java/1.7.0_21"
24.132.86.156 - - [26/Feb/2014:23:41:19 +0100] "GET /fls_4_kontakt_anmeldung.php HTTP/1.1" 404 1256 "-" "Java/1.7.0_21"
24.132.86.156 - - [26/Feb/2014:23:41:19 +0100] "GET /index.php HTTP/1.1" 302 - "-" "Java/1.7.0_21"
24.132.86.156 - - [26/Feb/2014:23:41:20 +0100] "GET /index_en.php HTTP/1.1" 404 1256 "-" "Java/1.7.0_21"
24.132.86.156 - - [26/Feb/2014:23:41:20 +0100] "GET /index_fr.php HTTP/1.1" 404 1256 "-" "Java/1.7.0_21"
24.132.86.156 - - [26/Feb/2014:23:41:21 +0100] "GET /index_sp.php HTTP/1.1" 404 1256 "-" "Java/1.7.0_21"
24.132.86.156 - - [26/Feb/2014:23:41:21 +0100] "GET /& HTTP/1.1" 404 1256 "-" "Java/1.7.0_21"
24.132.86.156 - - [26/Feb/2014:23:41:21 +0100] "GET /& HTTP/1.1" 404 1256 "-" "Java/1.7.0_21"
24.132.86.156 - - [26/Feb/2014:23:41:21 +0100] "GET /& HTTP/1.1" 404 1256 "-" "Java/1.7.0_21"
24.132.86.156 - - [26/Feb/2014:23:41:22 +0100] "GET /& HTTP/1.1" 404 1256 "-" "Java/1.7.0_21"
24.132.86.156 - - [26/Feb/2014:23:41:22 +0100] "GET /& HTTP/1.1" 404 1256 "-" "Java/1.7.0_21"
24.132.86.156 - - [26/Feb/2014:23:41:22 +0100] "GET /& HTTP/1.1" 404 1256 "-" "Java/1.7.0_21"
24.132.86.156 - - [26/Feb/2014:23:41:22 +0100] "GET /& HTTP/1.1" 404 1256 "-" "Java/1.7.0_21"
24.132.86.156 - - [26/Feb/2014:23:41:23 +0100] "GET /& HTTP/1.1" 404 1256 "-" "Java/1.7.0_21"
24.132.86.156 - - [26/Feb/2014:23:41:23 +0100] "GET /& HTTP/1.1" 404 1256 "-" "Java/1.7.0_21"
24.132.86.156 - - [26/Feb/2014:23:41:23 +0100] "GET /& HTTP/1.1" 404 1256 "-" "Java/1.7.0_21"
24.132.86.156 - - [26/Feb/2014:23:41:23 +0100] "GET /& HTTP/1.1" 404 1256 "-" "Java/1.7.0_21"
24.132.86.156 - - [26/Feb/2014:23:41:24 +0100] "GET /& HTTP/1.1" 404 1256 "-" "Java/1.7.0_21"
24.132.86.156 - - [26/Feb/2014:23:41:24 +0100] "GET /& HTTP/1.1" 404 1256 "-" "Java/1.7.0_21"
24.132.86.156 - - [26/Feb/2014:23:41:24 +0100] "GET /& HTTP/1.1" 404 1256 "-" "Java/1.7.0_21"
24.132.86.156 - - [26/Feb/2014:23:41:25 +0100] "GET /& HTTP/1.1" 404 1256 "-" "Java/1.7.0_21"
24.132.86.156 - - [26/Feb/2014:23:41:25 +0100] "GET /& HTTP/1.1" 404 1256 "-" "Java/1.7.0_21"
24.132.86.156 - - [26/Feb/2014:23:41:25 +0100] "GET /& HTTP/1.1" 404 1256 "-" "Java/1.7.0_21"
24.132.86.156 - - [26/Feb/2014:23:41:26 +0100] "GET /& HTTP/1.1" 404 1256 "-" "Java/1.7.0_21"
24.132.86.156 - - [26/Feb/2014:23:41:26 +0100] "GET /& HTTP/1.1" 404 1256 "-" "Java/1.7.0_21"
24.132.86.156 - - [26/Feb/2014:23:41:26 +0100] "GET /& HTTP/1.1" 404 1256 "-" "Java/1.7.0_21"
82.113.99.229 - - [27/Feb/2014:00:12:53 +0100] "GET / HTTP/1.1" 302 - "https://www.google.de/" "Mozilla/5.0 (Windows NT 6.1; WOW64) AppleWebKit/537.36 (KHTML, like Gecko) Chrome/33.0.1750.117 Safari/537.36"
208.115.113.93 - - [27/Feb/2014:01:36:19 +0100] "GET /robots.txt HTTP/1.1" 404 1256 "-" "Mozilla/5.0 (compatible; Ezooms/1.0; help@moz.com)"
92.231.226.80 - - [27/Feb/2014:01:37:16 +0100] "GET / HTTP/1.1" 302 - "http://www.google.de/search?hl=es&redir_esc=&client=ms-android-samsung&source=android-launcher-widget&v=133247963&qsubts=1393461354375&action=devloc&q=friedrich+list+schule&v=133247963" "Mozilla/5.0 (Linux; U; Android 2.3.6; es-us; GT-I9100G Build/GINGERBREAD) AppleWebKit/533.1 (KHTML, like Gecko) Version/4.0 Mobile Safari/533.1"
188.165.195.156 - - [27/Feb/2014:02:15:03 +0100] "HEAD / HTTP/1.1" 302 - "-" "Mozilla/4.0 (compatible; MSIE 5.01; Windows NT 5.0)"
208.115.113.93 - - [27/Feb/2014:03:37:54 +0100] "GET /include.php?path=contentarchive&type=2&nid=13 HTTP/1.1" 404 1256 "-" "Mozilla/5.0 (compatible; Ezooms/1.0; help@moz.com)"
208.115.113.85 - - [27/Feb/2014:03:40:05 +0100] "GET /robots.txt HTTP/1.1" 404 1256 "-" "Mozilla/5.0 (compatible; Ezooms/1.0; help@moz.com)"
208.115.113.85 - - [27/Feb/2014:05:39:19 +0100] "GET /include.php?path=contentarchive&type=2&letter=B&catid=0&themeid=0&searchtext=&entries=0&order= HTTP/1.1" 404 1256 "-" "Mozilla/5.0 (compatible; Ezooms/1.0; help@moz.com)"
141.8.147.12 - - [27/Feb/2014:06:44:05 +0100] "GET /robots.txt HTTP/1.1" 404 1256 "-" "Mozilla/5.0 (compatible; YandexBot/3.0; +http://yandex.com/bots)"
141.8.147.12 - - [27/Feb/2014:06:44:07 +0100] "GET / HTTP/1.1" 302 - "-" "Mozilla/5.0 (compatible; YandexBot/3.0; +http://yandex.com/bots)"
92.225.119.143 - - [27/Feb/2014:07:00:08 +0100] "GET / HTTP/1.1" 302 - "https://www.google.de/" "Mozilla/5.0 (Windows NT 6.2) AppleWebKit/537.36 (KHTML, like Gecko) Chrome/33.0.1750.117 Safari/537.36"
66.249.78.236 - - [27/Feb/2014:07:05:58 +0100] "GET /include.php?path=userinfo&id=1&nid=13 HTTP/1.1" 404 1256 "-" "Mozilla/5.0 (compatible; Googlebot/2.1; +http://www.google.com/bot.html)"
208.115.113.85 - - [27/Feb/2014:07:43:20 +0100] "GET /robots.txt HTTP/1.1" 404 1256 "-" "Mozilla/5.0 (compatible; Ezooms/1.0; help@moz.com)"
208.115.113.93 - - [27/Feb/2014:09:42:00 +0100] "GET /robots.txt HTTP/1.1" 404 1256 "-" "Mozilla/5.0 (compatible; Ezooms/1.0; help@moz.com)"
208.115.113.85 - - [27/Feb/2014:09:47:07 +0100] "GET /include.php?path=contentarchive&type=2&letter=Q&catid=0&themeid=0&searchtext=&entries=0&order= HTTP/1.1" 404 1256 "-" "Mozilla/5.0 (compatible; Ezooms/1.0; help@moz.com)"
66.249.78.115 - - [27/Feb/2014:09:55:13 +0100] "GET /robots.txt HTTP/1.1" 404 1256 "-" "Mozilla/5.0 (compatible; Googlebot/2.1; +http://www.google.com/bot.html)"
66.249.78.115 - - [27/Feb/2014:09:55:14 +0100] "GET / HTTP/1.1" 302 - "-" "SAMSUNG-SGH-E250/1.0 Profile/MIDP-2.0 Configuration/CLDC-1.1 UP.Browser/6.2.3.3.c.1.101 (GUI) MMP/2.0 (compatible; Googlebot-Mobile/2.1; +http://www.google.com/bot.html)"
93.220.254.186 - - [27/Feb/2014:11:05:22 +0100] "GET / HTTP/1.1" 302 - "-" "Mozilla/5.0 Gecko/2009042316 Firefox/2.0.0.x"
85.115.60.180 - - [27/Feb/2014:11:22:14 +0100] "GET / HTTP/1.1" 302 - "http://www.google.de/url?sa=t&rct=j&q=&esrc=s&frm=1&source=web&cd=8&ved=0CHkQoAIwBw&url=http%3A%2F%2Fwww.friedrich-list-berlin.de%2F&ei=oQ8PU9mrIYWI0AX5mYGwCA&usg=AFQjCNGsKs3TvBQ4z91zrYvo9_SfKi5nug" "Mozilla/4.0 (compatible; MSIE 8.0; Windows NT 6.1; WOW64; Trident/4.0; SLCC2; .NET CLR 2.0.50727; .NET CLR 3.5.30729; .NET CLR 3.0.30729; Media Center PC 6.0; .NET4.0C; .NET4.0E)"
208.115.113.85 - - [27/Feb/2014:11:40:15 +0100] "GET /robots.txt HTTP/1.1" 404 1256 "-" "Mozilla/5.0 (compatible; Ezooms/1.0; help@moz.com)"
208.115.113.93 - - [27/Feb/2014:11:40:40 +0100] "GET /include.php?path=contentarchive&type=2&letter=V&catid=0&themeid=0&searchtext=&entries=0&order=dated HTTP/1.1" 404 1256 "-" "Mozilla/5.0 (compatible; Ezooms/1.0; help@moz.com)"
85.179.114.103 - - [27/Feb/2014:12:15:16 +0100] "GET / HTTP/1.1" 302 - "https://www.google.de/" "Mozilla/5.0 (Windows NT 5.1) AppleWebKit/537.36 (KHTML, like Gecko) Chrome/33.0.1750.117 Safari/537.36"
208.115.113.93 - - [27/Feb/2014:13:42:06 +0100] "GET /robots.txt HTTP/1.1" 404 1256 "-" "Mozilla/5.0 (compatible; Ezooms/1.0; help@moz.com)"
208.115.113.85 - - [27/Feb/2014:13:43:56 +0100] "GET /?path=content&contentid=36 HTTP/1.1" 302 - "-" "Mozilla/5.0 (compatible; Ezooms/1.0; help@moz.com)"
208.115.113.85 - - [27/Feb/2014:13:43:58 +0100] "GET /?path=contentarchive&type=2&letter=K&catid=0&themeid=0&searchtext=&entries=0&order= HTTP/1.1" 302 - "-" "Mozilla/5.0 (compatible; Ezooms/1.0; help@moz.com)"
208.115.113.85 - - [27/Feb/2014:13:44:01 +0100] "GET /include.php?path=contentarchive&type=2&letter=E&catid=0&themeid=0&searchtext=&entries=0&order= HTTP/1.1" 404 1256 "-" "Mozilla/5.0 (compatible; Ezooms/1.0; help@moz.com)"
46.115.154.163 - - [27/Feb/2014:14:10:41 +0100] "GET / HTTP/1.1" 302 - "http://www.google.de/url?sa=t&rct=j&q=friedrich%20list%20schule%20berlin%20sch%C3%B6neberg&source=web&cd=1&ved=0CCwQFjAA&url=http%3A%2F%2Fwww.friedrich-list-berlin.de%2F&ei=IDkPU52PJvLJ0AWnmIGQDw&usg=AFQjCNGsKs3TvBQ4z91zrYvo9_SfKi5nug&bvm=bv.61965928,d.bGQ" "Mozilla/5.0 (X11; Linux x86_64) AppleWebKit/534.24 (KHTML, like Gecko) Chrome/11.0.696.34 Safari/534.24"
208.115.113.85 - - [27/Feb/2014:15:45:29 +0100] "GET /robots.txt HTTP/1.1" 404 1256 "-" "Mozilla/5.0 (compatible; Ezooms/1.0; help@moz.com)"
92.72.47.181 - - [27/Feb/2014:15:53:32 +0100] "GET / HTTP/1.1" 302 - "http://www.google.de/url?sa=t&rct=j&q=&esrc=s&frm=1&source=web&cd=1&ved=0CCwQFjAA&url=http%3A%2F%2Fwww.friedrich-list-berlin.de%2F&ei=PlEPU4jtGIr9ygPYr4LoDw&usg=AFQjCNGsKs3TvBQ4z91zrYvo9_SfKi5nug&bvm=bv.61965928,d.bGQ" "Mozilla/4.0 (compatible; MSIE 8.0; Windows NT 5.1; Trident/4.0; BTRS102280; GTB7.5; .NET CLR 1.1.4322; .NET CLR 3.0.4506.2152; .NET CLR 3.5.30729; .NET CLR 2.0.50727)"
208.115.113.93 - - [27/Feb/2014:15:55:22 +0100] "GET /include.php?path=news&contentid=122 HTTP/1.1" 404 1256 "-" "Mozilla/5.0 (compatible; Ezooms/1.0; help@moz.com)"
101.226.167.213 - - [27/Feb/2014:16:15:49 +0100] "GET /robots.txt HTTP/1.1" 404 1256 "http://www.friedrich-list-berlin.de/robots.txt" "Mozilla/4.0 (compatible; MSIE 8.0; Windows NT 6.1; Trident/4.0; SLCC2; .NET CLR 2.0.50727; .NET CLR 3.5.30729; .NET CLR 3.0.30729; Media Center PC 6.0; MDDR; .NET4.0C; .NET4.0E; .NET CLR 1.1.4322; Tablet PC 2.0); 360Spider"
87.138.100.124 - - [27/Feb/2014:17:06:30 +0100] "GET / HTTP/1.1" 302 - "http://www.berlin.de/sen/bildung/schulverzeichnis_und_portraets/anwendung/Schulportrait.aspx?IDSchulzweig=11651" "Mozilla/5.0 (Windows NT 6.1; WOW64; rv:27.0) Gecko/20100101 Firefox/27.0"
86.56.43.139 - - [27/Feb/2014:17:16:45 +0100] "GET / HTTP/1.1" 302 - "http://www.educacion.gob.es/exterior/al/es/espaniol/ele_berlin2012.pdf" "Mozilla/5.0 (Windows NT 6.1; WOW64) AppleWebKit/537.36 (KHTML, like Gecko) Chrome/33.0.1750.117 Safari/537.36"
217.73.208.27 - - [27/Feb/2014:17:31:46 +0100] "GET / HTTP/1.1" 302 - "-" "Mozilla/5.0 (X11; Linux i686; rv:13.0) Gecko/20100101 Firefox/13.0.1"
37.24.150.28 - - [27/Feb/2014:17:34:44 +0100] "GET / HTTP/1.1" 302 - "-" "Mozilla/5.0 (Windows NT 6.1; rv:27.0) Gecko/20100101 Firefox/27.0"
208.115.113.93 - - [27/Feb/2014:17:39:20 +0100] "GET /robots.txt HTTP/1.1" 404 1256 "-" "Mozilla/5.0 (compatible; Ezooms/1.0; help@moz.com)"
208.115.113.85 - - [27/Feb/2014:17:50:13 +0100] "GET /?path=contentarchive&type=2&letter=C&catid=0&themeid=0&searchtext=&entries=0&order= HTTP/1.1" 302 - "-" "Mozilla/5.0 (compatible; Ezooms/1.0; help@moz.com)"
208.115.113.85 - - [27/Feb/2014:17:50:20 +0100] "GET /include.php?path=contentarchive&type=2&letter=O&catid=0&themeid=0&searchtext=&entries=0&order=title HTTP/1.1" 404 1256 "-" "Mozilla/5.0 (compatible; Ezooms/1.0; help@moz.com)"
