91.61.76.115 - - [01/Feb/2014:03:07:50 +0100] "GET / HTTP/1.1" 302 - "-" "Mozilla/5.0 (Windows NT 6.1; Win64; x64; rv:22.0) Gecko/20130328 Firefox/22.0"
157.55.32.100 - - [01/Feb/2014:05:14:39 +0100] "GET /robots.txt HTTP/1.1" 404 1256 "-" "Mozilla/5.0 (compatible; bingbot/2.0; +http://www.bing.com/bingbot.htm)"
157.55.32.100 - - [01/Feb/2014:05:16:15 +0100] "GET /?&nid=4 HTTP/1.1" 302 - "-" "Mozilla/5.0 (compatible; bingbot/2.0; +http://www.bing.com/bingbot.htm)"
188.165.195.156 - - [01/Feb/2014:06:12:02 +0100] "HEAD / HTTP/1.1" 302 - "-" "Mozilla/4.0 (compatible; MSIE 5.01; Windows NT 5.0)"
208.115.113.85 - - [01/Feb/2014:07:39:20 +0100] "GET /robots.txt HTTP/1.1" 404 1256 "-" "Mozilla/5.0 (compatible; Ezooms/1.0; help@moz.com)"
103.31.200.170 - - [01/Feb/2014:08:17:55 +0100] "GET /robots.txt HTTP/1.0" 404 1256 "http://www.friedrich-list-berlin.de/robots.txt" "Mozilla/4.0 (compatible; MSIE 8.0; Windows NT 5.1; Trident/4.0; .NET CLR 2.0.50727; .NET CLR 3.0.4506.2152; .NET CLR 3.5.30729)"
103.31.200.170 - - [01/Feb/2014:08:17:59 +0100] "GET / HTTP/1.0" 302 - "http://www.friedrich-list-berlin.de/" "Mozilla/4.0 (compatible; MSIE 8.0; Windows NT 5.1; Trident/4.0; .NET CLR 2.0.50727; .NET CLR 3.0.4506.2152; .NET CLR 3.5.30729)"
208.115.113.85 - - [01/Feb/2014:09:38:55 +0100] "GET /include.php?path=contentarchive&type=2&letter=V&catid=0&themeid=0&searchtext=&entries=0&order=title HTTP/1.1" 404 1256 "-" "Mozilla/5.0 (compatible; Ezooms/1.0; help@moz.com)"
79.236.202.65 - - [01/Feb/2014:11:42:13 +0100] "GET / HTTP/1.1" 302 - "http://www.google.de/url?sa=t&rct=j&q=fachschule%20f%C3%BCr%20wirtschaftssprachen%20berlin&source=web&cd=1&ved=0CEQQFjAA&url=http%3A%2F%2Fwww.friedrich-list-berlin.de%2F&ei=Lc_sUvmCCorFtAaouIHoBw&usg=AFQjCNGsKs3TvBQ4z91zrYvo9_SfKi5nug&bvm=bv.60444564,d.Yms" "Mozilla/5.0 (iPad; U; CPU OS 4_3_3 like Mac OS X; de-de) AppleWebKit/533.17.9 (KHTML, like Gecko) Version/5.0.2 Mobile/8J3 Safari/6533.18.5"
66.249.73.188 - - [01/Feb/2014:12:24:09 +0100] "GET /robots.txt HTTP/1.1" 404 1256 "-" "Mozilla/5.0 (compatible; Googlebot/2.1; +http://www.google.com/bot.html)"
66.249.73.188 - - [01/Feb/2014:12:24:10 +0100] "GET /?path=faq&catid=2&nid=32 HTTP/1.1" 302 - "-" "Mozilla/5.0 (compatible; Googlebot/2.1; +http://www.google.com/bot.html)"
46.118.114.208 - - [01/Feb/2014:13:25:11 +0100] "GET /include.php?path=content&contentid=8 HTTP/1.0" 404 1256 "http://www.fls-berlin.de/include.php?path=content&contentid=8" "Mozilla/5.0 (Windows NT 6.2; WOW64) AppleWebKit/537.11 (KHTML, like Gecko) Chrome/23.0.1271.91 Safari/537.11"
46.118.114.208 - - [01/Feb/2014:13:25:12 +0100] "GET / HTTP/1.0" 302 - "http://www.fls-berlin.de/" "Mozilla/5.0 (Windows NT 6.2; WOW64) AppleWebKit/537.11 (KHTML, like Gecko) Chrome/23.0.1271.91 Safari/537.11"
157.55.32.89 - - [01/Feb/2014:13:37:44 +0100] "GET /robots.txt HTTP/1.1" 404 1256 "-" "Mozilla/5.0 (compatible; bingbot/2.0; +http://www.bing.com/bingbot.htm)"
157.55.32.89 - - [01/Feb/2014:13:39:10 +0100] "GET /?path=content&contentid=36 HTTP/1.1" 302 - "-" "Mozilla/5.0 (compatible; bingbot/2.0; +http://www.bing.com/bingbot.htm)"
66.249.73.188 - - [01/Feb/2014:13:57:10 +0100] "GET /?path=content&contentid=47&nid=2 HTTP/1.1" 302 - "-" "Mozilla/5.0 (compatible; Googlebot/2.1; +http://www.google.com/bot.html)"
66.249.73.188 - - [01/Feb/2014:15:00:25 +0100] "GET /include.php?path=contentarchive&type=2&letter=O&catid=8&themeid=0&searchtext=&entries=0&order=&nid=21 HTTP/1.1" 404 1256 "-" "Mozilla/5.0 (compatible; Googlebot/2.1; +http://www.google.com/bot.html)"
208.115.113.85 - - [01/Feb/2014:15:38:09 +0100] "GET /robots.txt HTTP/1.1" 404 1256 "-" "Mozilla/5.0 (compatible; Ezooms/1.0; help@moz.com)"
66.249.73.188 - - [01/Feb/2014:15:51:22 +0100] "GET /include.php?path=contentarchive&type=2&letter=J&catid=9&themeid=0&searchtext=&entries=0&order=title&nid=13 HTTP/1.1" 404 1256 "-" "Mozilla/5.0 (compatible; Googlebot/2.1; +http://www.google.com/bot.html)"
31.3.233.120 - - [01/Feb/2014:17:13:57 +0100] "GET / HTTP/1.1" 302 - "-" "-"
208.115.113.85 - - [01/Feb/2014:17:33:12 +0100] "GET /?path=contentarchive&type=2&letter=B&catid=0&themeid=0&searchtext=&entries=0&order= HTTP/1.1" 302 - "-" "Mozilla/5.0 (compatible; Ezooms/1.0; help@moz.com)"
66.249.73.188 - - [01/Feb/2014:17:33:16 +0100] "GET /include.php?path=contentarchive&type=2&letter=0-9&catid=9&themeid=0&searchtext=&entries=0&order=title&nid=32 HTTP/1.1" 404 1256 "-" "Mozilla/5.0 (compatible; Googlebot/2.1; +http://www.google.com/bot.html)"
141.8.147.12 - - [01/Feb/2014:18:49:25 +0100] "GET /robots.txt HTTP/1.1" 404 1256 "-" "Mozilla/5.0 (compatible; YandexBot/3.0; +http://yandex.com/bots)"
66.249.73.188 - - [01/Feb/2014:18:58:12 +0100] "GET /include.php?path=contentarchive&type=2&letter=Z&catid=9&themeid=0&searchtext=&entries=0&order=title&nid=32 HTTP/1.1" 404 1256 "-" "Mozilla/5.0 (compatible; Googlebot/2.1; +http://www.google.com/bot.html)"
178.77.126.55 - - [01/Feb/2014:19:04:12 +0100] "GET /robots.txt HTTP/1.1" 404 1256 "-" "Mozilla/5.0 (compatible; CareerBot/1.1; +http://www.career-x.de/bot.html)"
178.77.126.55 - - [01/Feb/2014:19:04:12 +0100] "GET / HTTP/1.1" 302 - "-" "Mozilla/5.0 (compatible; CareerBot/1.1; +http://www.career-x.de/bot.html)"
66.249.73.188 - - [01/Feb/2014:19:42:21 +0100] "GET /include.php?path=contentarchive&type=2&catid=9&letter=H&entries=0&searchtext=&order=titled&nid=19 HTTP/1.1" 404 1256 "-" "Mozilla/5.0 (compatible; Googlebot/2.1; +http://www.google.com/bot.html)"
157.55.33.179 - - [01/Feb/2014:19:55:09 +0100] "GET /robots.txt HTTP/1.1" 404 1256 "-" "Mozilla/5.0 (compatible; bingbot/2.0; +http://www.bing.com/bingbot.htm)"
157.55.33.179 - - [01/Feb/2014:19:59:57 +0100] "GET /?&nid=13 HTTP/1.1" 302 - "-" "Mozilla/5.0 (compatible; bingbot/2.0; +http://www.bing.com/bingbot.htm)"
66.249.73.188 - - [01/Feb/2014:20:43:30 +0100] "GET /include.php?path=contentarchive&type=2&catid=9&letter=O&entries=0&searchtext=&order=dated&nid=21 HTTP/1.1" 404 1256 "-" "Mozilla/5.0 (compatible; Googlebot/2.1; +http://www.google.com/bot.html)"
208.115.111.69 - - [01/Feb/2014:21:50:38 +0100] "GET /robots.txt HTTP/1.1" 404 1256 "-" "Mozilla/5.0 (compatible; Ezooms/1.0; help@moz.com)"
141.8.147.12 - - [01/Feb/2014:21:55:46 +0100] "GET / HTTP/1.1" 302 - "-" "Mozilla/5.0 (compatible; YandexBot/3.0; +http://yandex.com/bots)"
188.138.41.140 - - [01/Feb/2014:22:39:02 +0100] "GET /robots.txt HTTP/1.1" 404 1256 "-" "Mozilla/5.0 (X11; U; Linux i686; de; rv:1.9.0.1; compatible; iCjobs Stellenangebote Jobs; http://www.icjobs.de) Gecko/20100401 iCjobs/3.2.3"
188.138.41.140 - - [01/Feb/2014:22:39:02 +0100] "GET / HTTP/1.1" 302 - "-" "Mozilla/5.0 (X11; U; Linux i686; de; rv:1.9.0.1; compatible; iCjobs Stellenangebote Jobs; http://www.icjobs.de) Gecko/20100401 iCjobs/3.2.3"
188.138.41.140 - - [01/Feb/2014:22:39:03 +0100] "GET / HTTP/1.1" 302 - "-" "Mozilla/5.0 (X11; U; Linux i686; de; rv:1.9.0.1; compatible; iCjobs Stellenangebote Jobs; http://www.icjobs.de) Gecko/20100401 iCjobs/3.2.3"
208.115.111.69 - - [01/Feb/2014:23:48:04 +0100] "GET /include.php?path=contentarchive&type=2&letter=L&catid=0&themeid=0&searchtext=&entries=0&order=title HTTP/1.1" 404 1256 "-" "Mozilla/5.0 (compatible; Ezooms/1.0; help@moz.com)"
144.76.41.8 - - [02/Feb/2014:00:26:14 +0100] "GET /robots.txt HTTP/1.0" 404 1256 "-" "Mozilla/5.0 (compatible; MJ12bot/v1.4.4; http://www.majestic12.co.uk/bot.php?+)"
144.76.41.8 - - [02/Feb/2014:00:26:16 +0100] "GET / HTTP/1.0" 302 - "-" "Mozilla/5.0 (compatible; MJ12bot/v1.4.4; http://www.majestic12.co.uk/bot.php?+)"
77.172.210.16 - - [02/Feb/2014:01:44:54 +0100] "GET / HTTP/1.1" 302 - "-" "Java/1.7.0_40"
77.172.210.16 - - [02/Feb/2014:01:44:54 +0100] "GET /fls_1_aktuelles.php HTTP/1.1" 404 1256 "-" "Java/1.7.0_40"
77.172.210.16 - - [02/Feb/2014:01:44:54 +0100] "GET /fls_2_fremdsprachensekr.php HTTP/1.1" 404 1256 "-" "Java/1.7.0_40"
77.172.210.16 - - [02/Feb/2014:01:44:54 +0100] "GET /fls_3_fls_international.php HTTP/1.1" 404 1256 "-" "Java/1.7.0_40"
77.172.210.16 - - [02/Feb/2014:01:44:55 +0100] "GET /fls_4_faq.php HTTP/1.1" 404 1256 "-" "Java/1.7.0_40"
77.172.210.16 - - [02/Feb/2014:01:44:55 +0100] "GET /fls_4_impressum.php HTTP/1.1" 404 1256 "-" "Java/1.7.0_40"
77.172.210.16 - - [02/Feb/2014:01:44:55 +0100] "GET /fls_4_kontakt_anmeldung.php HTTP/1.1" 404 1256 "-" "Java/1.7.0_40"
77.172.210.16 - - [02/Feb/2014:01:44:55 +0100] "GET /index.php HTTP/1.1" 302 - "-" "Java/1.7.0_40"
77.172.210.16 - - [02/Feb/2014:01:44:55 +0100] "GET /index_en.php HTTP/1.1" 404 1256 "-" "Java/1.7.0_40"
77.172.210.16 - - [02/Feb/2014:01:44:55 +0100] "GET /index_fr.php HTTP/1.1" 404 1256 "-" "Java/1.7.0_40"
77.172.210.16 - - [02/Feb/2014:01:44:55 +0100] "GET /index_sp.php HTTP/1.1" 404 1256 "-" "Java/1.7.0_40"
77.172.210.16 - - [02/Feb/2014:01:44:55 +0100] "GET /& HTTP/1.1" 404 1256 "-" "Java/1.7.0_40"
77.172.210.16 - - [02/Feb/2014:01:44:55 +0100] "GET /& HTTP/1.1" 404 1256 "-" "Java/1.7.0_40"
77.172.210.16 - - [02/Feb/2014:01:44:56 +0100] "GET /& HTTP/1.1" 404 1256 "-" "Java/1.7.0_40"
77.172.210.16 - - [02/Feb/2014:01:44:56 +0100] "GET /& HTTP/1.1" 404 1256 "-" "Java/1.7.0_40"
77.172.210.16 - - [02/Feb/2014:01:44:56 +0100] "GET /& HTTP/1.1" 404 1256 "-" "Java/1.7.0_40"
77.172.210.16 - - [02/Feb/2014:01:44:56 +0100] "GET /& HTTP/1.1" 404 1256 "-" "Java/1.7.0_40"
77.172.210.16 - - [02/Feb/2014:01:44:56 +0100] "GET /& HTTP/1.1" 404 1256 "-" "Java/1.7.0_40"
77.172.210.16 - - [02/Feb/2014:01:44:56 +0100] "GET /& HTTP/1.1" 404 1256 "-" "Java/1.7.0_40"
77.172.210.16 - - [02/Feb/2014:01:44:56 +0100] "GET /& HTTP/1.1" 404 1256 "-" "Java/1.7.0_40"
77.172.210.16 - - [02/Feb/2014:01:44:56 +0100] "GET /& HTTP/1.1" 404 1256 "-" "Java/1.7.0_40"
77.172.210.16 - - [02/Feb/2014:01:44:56 +0100] "GET /& HTTP/1.1" 404 1256 "-" "Java/1.7.0_40"
77.172.210.16 - - [02/Feb/2014:01:44:56 +0100] "GET /& HTTP/1.1" 404 1256 "-" "Java/1.7.0_40"
77.172.210.16 - - [02/Feb/2014:01:44:56 +0100] "GET /& HTTP/1.1" 404 1256 "-" "Java/1.7.0_40"
77.172.210.16 - - [02/Feb/2014:01:44:57 +0100] "GET /& HTTP/1.1" 404 1256 "-" "Java/1.7.0_40"
77.172.210.16 - - [02/Feb/2014:01:44:57 +0100] "GET /& HTTP/1.1" 404 1256 "-" "Java/1.7.0_40"
77.172.210.16 - - [02/Feb/2014:01:44:57 +0100] "GET /& HTTP/1.1" 404 1256 "-" "Java/1.7.0_40"
77.172.210.16 - - [02/Feb/2014:01:44:57 +0100] "GET /& HTTP/1.1" 404 1256 "-" "Java/1.7.0_40"
77.172.210.16 - - [02/Feb/2014:01:44:57 +0100] "GET /& HTTP/1.1" 404 1256 "-" "Java/1.7.0_40"
77.172.210.16 - - [02/Feb/2014:01:44:57 +0100] "GET /& HTTP/1.1" 404 1256 "-" "Java/1.7.0_40"
77.172.210.16 - - [02/Feb/2014:01:44:57 +0100] "GET /& HTTP/1.1" 404 1256 "-" "Java/1.7.0_40"
208.115.111.69 - - [02/Feb/2014:01:49:32 +0100] "GET /robots.txt HTTP/1.1" 404 1256 "-" "Mozilla/5.0 (compatible; Ezooms/1.0; help@moz.com)"
208.115.111.69 - - [02/Feb/2014:03:42:53 +0100] "GET /include.php?path=content&contentid=76&nid=27 HTTP/1.1" 404 1256 "-" "Mozilla/5.0 (compatible; Ezooms/1.0; help@moz.com)"
176.9.148.197 - - [02/Feb/2014:04:08:39 +0100] "GET /robots.txt HTTP/1.1" 404 1256 "-" "Mozilla/5.0 (compatible; SISTRIX Crawler; http://crawler.sistrix.net/)"
176.9.148.197 - - [02/Feb/2014:04:08:39 +0100] "GET / HTTP/1.1" 302 - "-" "Mozilla/5.0 (compatible; SISTRIX Crawler; http://crawler.sistrix.net/)"
185.3.40.132 - - [02/Feb/2014:04:41:11 +0100] "HEAD / HTTP/1.1" 302 - "-" "Mozilla/5.0 (Macintosh; Intel Mac OS X 10_7_5) AppleWebKit/537.4 (KHTML, like Gecko) Chrome/22.0.1229.94 Safari/537.4"
157.56.93.42 - - [02/Feb/2014:07:21:00 +0100] "GET /robots.txt HTTP/1.1" 404 1256 "-" "Mozilla/5.0 (compatible; bingbot/2.0; +http://www.bing.com/bingbot.htm)"
157.56.93.42 - - [02/Feb/2014:07:38:18 +0100] "GET /?path=content&contentid=44 HTTP/1.1" 302 - "-" "Mozilla/5.0 (compatible; bingbot/2.0; +http://www.bing.com/bingbot.htm)"
157.56.93.51 - - [02/Feb/2014:07:46:02 +0100] "GET /?path=start HTTP/1.1" 302 - "-" "Mozilla/5.0 (compatible; bingbot/2.0; +http://www.bing.com/bingbot.htm)"
144.76.113.22 - - [02/Feb/2014:08:42:51 +0100] "GET / HTTP/1.1" 302 - "http://saferpage.de/fls-berlin.de" "Mozilla/5.0 (Windows; U; Windows NT 6.1; de; rv:1.9.2.12) Gecko/20101026 Firefox/3.6.12"
208.115.111.69 - - [02/Feb/2014:09:51:07 +0100] "GET /robots.txt HTTP/1.1" 404 1256 "-" "Mozilla/5.0 (compatible; Ezooms/1.0; help@moz.com)"
66.249.73.188 - - [02/Feb/2014:11:19:02 +0100] "GET /robots.txt HTTP/1.1" 404 1256 "-" "Mozilla/5.0 (compatible; Googlebot/2.1; +http://www.google.com/bot.html)"
66.249.73.188 - - [02/Feb/2014:11:19:02 +0100] "GET /?path=content&contentid=14&nid=4 HTTP/1.1" 302 - "-" "Mozilla/5.0 (compatible; Googlebot/2.1; +http://www.google.com/bot.html)"
208.115.113.85 - - [02/Feb/2014:11:42:46 +0100] "GET /robots.txt HTTP/1.1" 404 1256 "-" "Mozilla/5.0 (compatible; Ezooms/1.0; help@moz.com)"
208.115.111.69 - - [02/Feb/2014:11:47:12 +0100] "GET /include.php?path=contentarchive&type=2&letter=F&catid=0&themeid=0&searchtext=&entries=0&order= HTTP/1.1" 404 1256 "-" "Mozilla/5.0 (compatible; Ezooms/1.0; help@moz.com)"
208.115.113.85 - - [02/Feb/2014:13:41:29 +0100] "GET /include.php?path=contentarchive&type=2&letter=Q&catid=0&themeid=0&searchtext=&entries=0&order=title HTTP/1.1" 404 1256 "-" "Mozilla/5.0 (compatible; Ezooms/1.0; help@moz.com)"
208.115.113.85 - - [02/Feb/2014:13:41:34 +0100] "GET /include.php?path=contentarchive&type=2&letter=X&catid=0&themeid=0&searchtext=&entries=0&order= HTTP/1.1" 404 1256 "-" "Mozilla/5.0 (compatible; Ezooms/1.0; help@moz.com)"
5.10.83.101 - - [02/Feb/2014:13:55:17 +0100] "GET / HTTP/1.1" 302 - "-" "Mozilla/5.0 (compatible; AhrefsBot/5.0; +http://ahrefs.com/robot/)"
66.249.78.115 - - [02/Feb/2014:15:05:45 +0100] "GET /robots.txt HTTP/1.1" 404 1256 "-" "Mozilla/5.0 (compatible; Googlebot/2.1; +http://www.google.com/bot.html)"
66.249.78.115 - - [02/Feb/2014:15:05:45 +0100] "GET / HTTP/1.1" 302 - "-" "Mozilla/5.0 (compatible; Googlebot/2.1; +http://www.google.com/bot.html)"
157.56.93.42 - - [02/Feb/2014:15:42:19 +0100] "GET /robots.txt HTTP/1.1" 404 1256 "-" "Mozilla/5.0 (compatible; bingbot/2.0; +http://www.bing.com/bingbot.htm)"
157.56.93.42 - - [02/Feb/2014:15:53:07 +0100] "GET /?path=content&contentid=44 HTTP/1.1" 302 - "-" "Mozilla/5.0 (compatible; bingbot/2.0; +http://www.bing.com/bingbot.htm)"
101.226.166.250 - - [02/Feb/2014:16:17:13 +0100] "GET /robots.txt HTTP/1.1" 404 1256 "http://www.friedrich-list-berlin.de/robots.txt" "Mozilla/4.0 (compatible; MSIE 8.0; Windows NT 6.1; Trident/4.0; SLCC2; .NET CLR 2.0.50727; .NET CLR 3.5.30729; .NET CLR 3.0.30729; Media Center PC 6.0; MDDR; .NET4.0C; .NET4.0E; .NET CLR 1.1.4322; Tablet PC 2.0); 360Spider"
2.202.217.131 - - [02/Feb/2014:16:35:58 +0100] "GET / HTTP/1.1" 302 - "http://www.google.de/url?sa=t&rct=j&q=&esrc=s&source=web&cd=1&ved=0CCYQFjAA&url=http%3A%2F%2Fwww.friedrich-list-berlin.de%2F&ei=eWXuUtOyDubU4wSZhYCoDQ&usg=AFQjCNGsKs3TvBQ4z91zrYvo9_SfKi5nug&bvm=bv.60444564,d.Yms" "Mozilla/5.0 (Windows NT 6.1; WOW64; Trident/7.0; rv:11.0) like Gecko"
157.56.93.42 - - [02/Feb/2014:16:45:17 +0100] "GET /?path=content&contentid=35 HTTP/1.1" 302 - "-" "Mozilla/5.0 (compatible; bingbot/2.0; +http://www.bing.com/bingbot.htm)"
66.249.78.236 - - [02/Feb/2014:16:58:49 +0100] "GET /robots.txt HTTP/1.1" 404 1256 "-" "Mozilla/5.0 (compatible; Googlebot/2.1; +http://www.google.com/bot.html)"
66.249.78.236 - - [02/Feb/2014:16:58:49 +0100] "GET / HTTP/1.1" 302 - "-" "Mozilla/5.0 (compatible; Googlebot/2.1; +http://www.google.com/bot.html)"
128.131.102.100 - - [02/Feb/2014:17:02:29 +0100] "GET / HTTP/1.0" 302 - "-" "Mozilla/5.0 (KeepRight OpenStreetMap Checker; http://keepright.at) Gecko/20100101 Firefox/22.0"
84.128.80.178 - - [02/Feb/2014:17:20:51 +0100] "GET / HTTP/1.1" 302 - "http://www.regional.planet-beruf.de/details.jsp?roid=157&oid=100400200&tid=1&eid=3026" "Mozilla/5.0 (Windows NT 5.1) AppleWebKit/537.36 (KHTML, like Gecko) Chrome/32.0.1700.102 Safari/537.36"
217.231.152.48 - - [02/Feb/2014:17:35:39 +0100] "GET / HTTP/1.1" 302 - "http://www.stayfriends.de/j/ViewController?action=spInfoView&scid=321842&scartid=28&affiliationid=0" "Mozilla/5.0 (Windows NT 6.3; WOW64; rv:26.0) Gecko/20100101 Firefox/26.0"
85.178.224.225 - - [02/Feb/2014:18:04:38 +0100] "GET / HTTP/1.1" 302 - "http://maps.google.com/local_url?dq=osz+berlin&q=http://www.friedrich-list-berlin.de/&oi=miw&sa=X&ct=miw_link&cd=1&cad=homepage,cid:15796106503487596536&ei=JXruUvedNaL2iQaHz4HQAg&s=ANYYN7k1TMJsH9l7yeDFLR0XvIH574L0lQ" "Mozilla/5.0 (compatible; MSIE 9.0; Windows NT 6.0; Trident/5.0)"
85.178.224.225 - - [02/Feb/2014:18:05:25 +0100] "GET / HTTP/1.1" 302 - "http://maps.google.com/local_url?dq=osz+berlin&q=http://www.friedrich-list-berlin.de/&oi=miw&sa=X&ct=miw_link&cd=1&cad=homepage,cid:15796106503487596536&ei=JXruUvedNaL2iQaHz4HQAg&s=ANYYN7k1TMJsH9l7yeDFLR0XvIH574L0lQ" "Mozilla/5.0 (compatible; MSIE 9.0; Windows NT 6.0; Trident/5.0)"
85.178.224.225 - - [02/Feb/2014:18:05:28 +0100] "GET / HTTP/1.1" 302 - "http://maps.google.com/local_url?dq=osz+berlin&q=http://www.friedrich-list-berlin.de/&oi=miw&sa=X&ct=miw_link&cd=1&cad=homepage,cid:15796106503487596536&ei=JXruUvedNaL2iQaHz4HQAg&s=ANYYN7k1TMJsH9l7yeDFLR0XvIH574L0lQ" "Mozilla/5.0 (compatible; MSIE 9.0; Windows NT 6.0; Trident/5.0)"
85.178.224.225 - - [02/Feb/2014:18:05:30 +0100] "GET / HTTP/1.1" 302 - "http://maps.google.com/local_url?dq=osz+berlin&q=http://www.friedrich-list-berlin.de/&oi=miw&sa=X&ct=miw_link&cd=1&cad=homepage,cid:15796106503487596536&ei=JXruUvedNaL2iQaHz4HQAg&s=ANYYN7k1TMJsH9l7yeDFLR0XvIH574L0lQ" "Mozilla/5.0 (compatible; MSIE 9.0; Windows NT 6.0; Trident/5.0)"
208.115.113.85 - - [02/Feb/2014:19:44:44 +0100] "GET /robots.txt HTTP/1.1" 404 1256 "-" "Mozilla/5.0 (compatible; Ezooms/1.0; help@moz.com)"
77.12.153.106 - - [02/Feb/2014:20:08:51 +0100] "GET / HTTP/1.1" 302 - "http://maps.google.de/local_url?dq=sprachschulen+berlin+tempelhof&q=http://www.friedrich-list-berlin.de/&oi=miw&sa=X&ct=miw_link&cd=1&cad=homepage,cid:15796106503487596536&ei=SZfuUovdFKWoiQb2z4HAAQ&s=ANYYN7msjm71UoYb9j8qE_t76L2rZ4sTxA" "Mozilla/5.0 (X11; Ubuntu; Linux i686; rv:26.0) Gecko/20100101 Firefox/26.0"
87.161.250.89 - - [02/Feb/2014:20:19:54 +0100] "GET / HTTP/1.1" 302 - "https://www.google.de/" "Mozilla/5.0 (Windows NT 6.1; WOW64) AppleWebKit/537.36 (KHTML, like Gecko) Chrome/32.0.1700.102 Safari/537.36"
208.115.113.85 - - [02/Feb/2014:21:46:33 +0100] "GET /?path=contentarchive&type=2&letter=V&catid=0&themeid=0&searchtext=&entries=0&order= HTTP/1.1" 302 - "-" "Mozilla/5.0 (compatible; Ezooms/1.0; help@moz.com)"
208.115.113.85 - - [02/Feb/2014:21:46:36 +0100] "GET /include.php?path=contentarchive&type=2&letter=0-9&catid=0&themeid=0&searchtext=&entries=0&order=title HTTP/1.1" 404 1256 "-" "Mozilla/5.0 (compatible; Ezooms/1.0; help@moz.com)"
208.115.111.69 - - [02/Feb/2014:21:51:33 +0100] "GET /robots.txt HTTP/1.1" 404 1256 "-" "Mozilla/5.0 (compatible; Ezooms/1.0; help@moz.com)"
79.215.82.212 - - [02/Feb/2014:22:38:50 +0100] "GET / HTTP/1.1" 302 - "https://www.google.de/" "Mozilla/5.0 (iPad; CPU OS 7_0_4 like Mac OS X) AppleWebKit/537.51.1 (KHTML, like Gecko) Version/7.0 Mobile/11B554a Safari/9537.53"
208.115.111.69 - - [02/Feb/2014:23:48:17 +0100] "GET /?path=contentarchive&type=2&letter=G&catid=0&themeid=0&searchtext=&entries=0&order= HTTP/1.1" 302 - "-" "Mozilla/5.0 (compatible; Ezooms/1.0; help@moz.com)"
5.9.42.111 - - [03/Feb/2014:01:21:39 +0100] "GET /robots.txt HTTP/1.1" 404 1256 "-" "Mozilla/5.0 (X11; Ubuntu; Linux x86_64; rv:15.0) Gecko/20100101 Firefox/15.0.1"
5.9.42.111 - - [03/Feb/2014:01:21:39 +0100] "GET / HTTP/1.1" 302 - "-" "Mozilla/5.0 (X11; Ubuntu; Linux x86_64; rv:15.0) Gecko/20100101 Firefox/15.0.1"
208.115.111.69 - - [03/Feb/2014:01:51:28 +0100] "GET /robots.txt HTTP/1.1" 404 1256 "-" "Mozilla/5.0 (compatible; Ezooms/1.0; help@moz.com)"
208.115.113.85 - - [03/Feb/2014:03:41:58 +0100] "GET /robots.txt HTTP/1.1" 404 1256 "-" "Mozilla/5.0 (compatible; Ezooms/1.0; help@moz.com)"
208.115.111.69 - - [03/Feb/2014:03:51:15 +0100] "GET /?path=contentarchive&type=2 HTTP/1.1" 302 - "-" "Mozilla/5.0 (compatible; Ezooms/1.0; help@moz.com)"
66.249.78.236 - - [03/Feb/2014:05:25:20 +0100] "GET /robots.txt HTTP/1.1" 404 1256 "-" "Mozilla/5.0 (compatible; Googlebot/2.1; +http://www.google.com/bot.html)"
66.249.78.236 - - [03/Feb/2014:05:25:20 +0100] "GET /include.php?path=contentarchive&type=4&letter=X&catid=8&themeid=0&searchtext=&entries=0&order=title HTTP/1.1" 404 1256 "-" "Mozilla/5.0 (compatible; Googlebot/2.1; +http://www.google.com/bot.html)"
208.115.113.85 - - [03/Feb/2014:05:40:42 +0100] "GET /include.php?path=contentarchive&catid=1&type=3 HTTP/1.1" 404 1256 "-" "Mozilla/5.0 (compatible; Ezooms/1.0; help@moz.com)"
208.115.113.85 - - [03/Feb/2014:05:40:44 +0100] "GET /include.php?path=contentarchive&type=3&letter=D&catid=0&themeid=0&searchtext=&entries=0&order= HTTP/1.1" 404 1256 "-" "Mozilla/5.0 (compatible; Ezooms/1.0; help@moz.com)"
157.56.229.186 - - [03/Feb/2014:05:59:54 +0100] "GET /robots.txt HTTP/1.1" 404 1256 "-" "Mozilla/5.0 (compatible; bingbot/2.0; +http://www.bing.com/bingbot.htm)"
157.56.229.186 - - [03/Feb/2014:06:02:35 +0100] "GET / HTTP/1.1" 302 - "-" "Mozilla/5.0 (compatible; bingbot/2.0; +http://www.bing.com/bingbot.htm)"
66.249.78.236 - - [03/Feb/2014:07:31:27 +0100] "GET /include.php?path=contentarchive&type=4&letter=B&catid=8&themeid=0&searchtext=&entries=0&order=title HTTP/1.1" 404 1256 "-" "Mozilla/5.0 (compatible; Googlebot/2.1; +http://www.google.com/bot.html)"
178.255.215.70 - - [03/Feb/2014:08:07:20 +0100] "GET /robots.txt HTTP/1.1" 404 1256 "-" "Mozilla/5.0 (compatible; Exabot/3.0; +http://www.exabot.com/go/robot)"
178.255.215.70 - - [03/Feb/2014:08:07:20 +0100] "GET /?path=content&contentid=38 HTTP/1.1" 302 - "-" "Mozilla/5.0 (compatible; Exabot/3.0; +http://www.exabot.com/go/robot)"
66.249.78.236 - - [03/Feb/2014:08:41:43 +0100] "GET /include.php?path=contentarchive&type=2&letter=M&catid=9&themeid=0&searchtext=&entries=0&order=&nid=21 HTTP/1.1" 404 1256 "-" "Mozilla/5.0 (compatible; Googlebot/2.1; +http://www.google.com/bot.html)"
178.39.173.143 - - [03/Feb/2014:10:58:25 +0100] "GET / HTTP/1.1" 302 - "http://www.google.ch/url?sa=t&rct=j&q=handelsschule%20berlin&source=web&cd=9&ved=0CH0QoAIwCA&url=http%3A%2F%2Fwww.friedrich-list-berlin.de%2F&ei=eGfvUucDicDsBvfkgdgP&usg=AFQjCNGsKs3TvBQ4z91zrYvo9_SfKi5nug&bvm=bv.60444564,d.bGE" "Mozilla/5.0 (Macintosh; Intel Mac OS X 10_6_8) AppleWebKit/534.57.2 (KHTML, like Gecko) Version/5.1.7 Safari/534.57.2"
88.73.120.67 - - [03/Feb/2014:11:43:14 +0100] "GET / HTTP/1.1" 302 - "http://www.berlin.de/sen/bildung/schulverzeichnis_und_portraets/anwendung/Schulportrait.aspx?IDSchulzweig=11652" "Mozilla/5.0 (Windows NT 5.1; rv:26.0) Gecko/20100101 Firefox/26.0"
208.115.113.85 - - [03/Feb/2014:11:43:17 +0100] "GET /robots.txt HTTP/1.1" 404 1256 "-" "Mozilla/5.0 (compatible; Ezooms/1.0; help@moz.com)"
208.115.111.69 - - [03/Feb/2014:13:51:58 +0100] "GET /robots.txt HTTP/1.1" 404 1256 "-" "Mozilla/5.0 (compatible; Ezooms/1.0; help@moz.com)"
208.115.113.85 - - [03/Feb/2014:13:54:50 +0100] "GET /?path=contentarchive&type=2&letter=D&catid=0&themeid=0&searchtext=&entries=0&order= HTTP/1.1" 302 - "-" "Mozilla/5.0 (compatible; Ezooms/1.0; help@moz.com)"
208.115.113.85 - - [03/Feb/2014:13:54:53 +0100] "GET /include.php?path=contentarchive&type=3&letter=F&catid=0&themeid=0&searchtext=&entries=0&order= HTTP/1.1" 404 1256 "-" "Mozilla/5.0 (compatible; Ezooms/1.0; help@moz.com)"
158.36.38.81 - - [03/Feb/2014:14:50:13 +0100] "GET / HTTP/1.1" 302 - "http://www.google.no/url?sa=t&rct=j&q=&esrc=s&source=web&cd=10&ved=0CIIBEKACMAk&url=http%3A%2F%2Fwww.friedrich-list-berlin.de%2F&ei=Yp3vUs7vLs-qhQeQ0YGACA&usg=AFQjCNGsKs3TvBQ4z91zrYvo9_SfKi5nug&bvm=bv.60444564,d.ZG4" "Mozilla/5.0 (Windows NT 6.1; WOW64; rv:26.0) Gecko/20100101 Firefox/26.0"
190.120.228.219 - - [03/Feb/2014:14:55:34 +0100] "GET / HTTP/1.1" 302 - "-" "libwww-perl/6.05"
208.115.113.85 - - [03/Feb/2014:15:40:55 +0100] "GET /robots.txt HTTP/1.1" 404 1256 "-" "Mozilla/5.0 (compatible; Ezooms/1.0; help@moz.com)"
208.115.111.69 - - [03/Feb/2014:15:53:57 +0100] "GET /include.php?path=contentarchive&type=3&letter=B&catid=0&themeid=0&searchtext=&entries=0&order= HTTP/1.1" 404 1256 "-" "Mozilla/5.0 (compatible; Ezooms/1.0; help@moz.com)"
208.115.113.85 - - [03/Feb/2014:17:38:46 +0100] "GET /include.php?path=contentarchive&type=2&letter=L&catid=0&themeid=0&searchtext=&entries=0&order= HTTP/1.1" 404 1256 "-" "Mozilla/5.0 (compatible; Ezooms/1.0; help@moz.com)"
141.8.147.12 - - [03/Feb/2014:17:38:47 +0100] "GET /robots.txt HTTP/1.1" 404 1256 "-" "Mozilla/5.0 (compatible; YandexBot/3.0; +http://yandex.com/bots)"
208.115.113.85 - - [03/Feb/2014:17:38:49 +0100] "GET /include.php?path=contentarchive&type=2&letter=P&catid=0&themeid=0&searchtext=&entries=0&order=title HTTP/1.1" 404 1256 "-" "Mozilla/5.0 (compatible; Ezooms/1.0; help@moz.com)"
178.154.160.30 - - [03/Feb/2014:17:38:49 +0100] "GET / HTTP/1.1" 302 - "-" "Mozilla/5.0 (compatible; YandexBot/3.0; +http://yandex.com/bots)"
208.115.111.69 - - [03/Feb/2014:17:50:25 +0100] "GET /robots.txt HTTP/1.1" 404 1256 "-" "Mozilla/5.0 (compatible; Ezooms/1.0; help@moz.com)"
208.115.111.69 - - [03/Feb/2014:17:50:26 +0100] "GET /robots.txt HTTP/1.1" 404 1256 "-" "Mozilla/5.0 (compatible; Ezooms/1.0; help@moz.com)"
182.118.25.220 - - [03/Feb/2014:18:08:22 +0100] "GET /robots.txt HTTP/1.1" 404 1256 "http://www.friedrich-list-berlin.de/robots.txt" "Mozilla/5.0 (Windows; U; Windows NT 5.1; zh-CN; ) Firefox/1.5.0.11; 360Spider"
208.115.111.69 - - [03/Feb/2014:18:16:30 +0100] "GET / HTTP/1.1" 302 - "-" "Mozilla/5.0 (compatible; Ezooms/1.0; help@moz.com)"
77.0.227.201 - - [03/Feb/2014:19:33:44 +0100] "GET / HTTP/1.1" 302 - "http://www.berlin.de/sen/bildung/schulverzeichnis_und_portraets/anwendung/Schulportrait.aspx?IDSchulzweig=11651" "Mozilla/5.0 (Windows NT 5.1) AppleWebKit/537.36 (KHTML, like Gecko) Chrome/32.0.1700.102 Safari/537.36"
66.249.78.236 - - [03/Feb/2014:19:39:04 +0100] "GET /robots.txt HTTP/1.1" 404 1256 "-" "Mozilla/5.0 (compatible; Googlebot/2.1; +http://www.google.com/bot.html)"
66.249.78.236 - - [03/Feb/2014:19:39:04 +0100] "GET / HTTP/1.1" 302 - "-" "Mozilla/5.0 (compatible; Googlebot/2.1; +http://www.google.com/bot.html)"
208.115.111.69 - - [03/Feb/2014:19:49:25 +0100] "GET /include.php?path=contentarchive&type=2&letter=T&catid=0&themeid=0&searchtext=&entries=0&order=title HTTP/1.1" 404 1256 "-" "Mozilla/5.0 (compatible; Ezooms/1.0; help@moz.com)"
208.115.111.69 - - [03/Feb/2014:19:49:33 +0100] "GET /include.php?path=contentarchive&type=3&letter=H&catid=0&themeid=0&searchtext=&entries=0&order= HTTP/1.1" 404 1256 "-" "Mozilla/5.0 (compatible; Ezooms/1.0; help@moz.com)"
84.185.160.176 - - [03/Feb/2014:21:12:32 +0100] "GET / HTTP/1.1" 302 - "http://www.google.de/url?sa=t&rct=j&q=&esrc=s&frm=1&source=web&cd=1&ved=0CC4QFjAA&url=http%3A%2F%2Fwww.friedrich-list-berlin.de%2F&ei=s_fvUqWmE4btswbx74CIAw&usg=AFQjCNGsKs3TvBQ4z91zrYvo9_SfKi5nug&bvm=bv.60444564,d.Yms" "Mozilla/5.0 (compatible; MSIE 9.0; Windows NT 6.1; WOW64; Trident/5.0)"
178.137.93.56 - - [03/Feb/2014:21:28:16 +0100] "GET /robots.txt HTTP/1.0" 404 1256 "-" "Mozilla/5.0 (compatible; MJ12bot/v1.4.4; http://www.majestic12.co.uk/bot.php?+)"
178.137.93.56 - - [03/Feb/2014:21:28:18 +0100] "GET / HTTP/1.1" 302 - "-" "Mozilla/5.0 (compatible; MJ12bot/v1.4.4; http://www.majestic12.co.uk/bot.php?+)"
66.249.78.236 - - [03/Feb/2014:21:40:52 +0100] "GET /include.php?path=contentarchive&type=1&letter=P&catid=0&themeid=0&searchtext=&entries=0&order=titled&nid=19 HTTP/1.1" 404 1256 "-" "Mozilla/5.0 (compatible; Googlebot/2.1; +http://www.google.com/bot.html)"
2.202.206.94 - - [03/Feb/2014:21:54:09 +0100] "GET / HTTP/1.1" 302 - "http://www.google.de/url?sa=t&rct=j&q=&esrc=s&source=web&cd=1&ved=0CCYQFjAA&url=http%3A%2F%2Fwww.friedrich-list-berlin.de%2F&ei=dQHwUqO_Coej4gS5p4GAAg&usg=AFQjCNGsKs3TvBQ4z91zrYvo9_SfKi5nug&bvm=bv.60444564,d.Yms" "Mozilla/5.0 (Windows NT 6.1; WOW64; Trident/7.0; rv:11.0) like Gecko"
178.255.215.70 - - [04/Feb/2014:00:39:03 +0100] "GET /?path=content&contentid=35 HTTP/1.1" 302 - "-" "Mozilla/5.0 (compatible; Exabot/3.0; +http://www.exabot.com/go/robot)"
178.255.215.70 - - [04/Feb/2014:02:04:12 +0100] "GET /?path=content&contentid=44 HTTP/1.1" 302 - "-" "Mozilla/5.0 (compatible; Exabot/3.0; +http://www.exabot.com/go/robot)"
199.21.99.76 - - [04/Feb/2014:02:54:00 +0100] "GET / HTTP/1.1" 302 - "-" "Mozilla/5.0 (compatible; YandexBot/3.0; +http://yandex.com/bots)"
178.255.215.70 - - [04/Feb/2014:04:50:27 +0100] "GET /?path=content&contentid=46 HTTP/1.1" 302 - "-" "Mozilla/5.0 (compatible; Exabot/3.0; +http://www.exabot.com/go/robot)"
5.9.20.44 - - [04/Feb/2014:07:41:37 +0100] "GET /robots.txt HTTP/1.1" 404 1256 "-" "Mozilla/5.0 (X11; Ubuntu; Linux x86_64; rv:15.0) Gecko/20100101 Firefox/15.0.1"
5.9.20.44 - - [04/Feb/2014:07:41:37 +0100] "GET / HTTP/1.1" 302 - "-" "Mozilla/5.0 (X11; Ubuntu; Linux x86_64; rv:15.0) Gecko/20100101 Firefox/15.0.1"
178.255.215.70 - - [04/Feb/2014:08:18:18 +0100] "GET /robots.txt HTTP/1.1" 404 1256 "-" "Mozilla/5.0 (compatible; Exabot/3.0; +http://www.exabot.com/go/robot)"
178.255.215.70 - - [04/Feb/2014:08:18:18 +0100] "GET /?path=content&contentid=39&nid=32 HTTP/1.1" 302 - "-" "Mozilla/5.0 (compatible; Exabot/3.0; +http://www.exabot.com/go/robot)"
208.115.111.69 - - [04/Feb/2014:09:35:18 +0100] "GET /robots.txt HTTP/1.1" 404 1256 "-" "Mozilla/5.0 (compatible; Ezooms/1.0; help@moz.com)"
178.255.215.70 - - [04/Feb/2014:09:45:19 +0100] "GET /?path=content&contentid=39&nid=21 HTTP/1.1" 302 - "-" "Mozilla/5.0 (compatible; Exabot/3.0; +http://www.exabot.com/go/robot)"
208.115.111.69 - - [04/Feb/2014:11:22:38 +0100] "GET /include.php?path=contentarchive&type=3&letter=I&catid=0&themeid=0&searchtext=&entries=0&order= HTTP/1.1" 404 1256 "-" "Mozilla/5.0 (compatible; Ezooms/1.0; help@moz.com)"
178.77.126.55 - - [04/Feb/2014:13:50:54 +0100] "GET /robots.txt HTTP/1.1" 404 1256 "-" "Mozilla/5.0 (compatible; CareerBot/1.1; +http://www.career-x.de/bot.html)"
178.77.126.55 - - [04/Feb/2014:13:50:54 +0100] "GET / HTTP/1.1" 302 - "-" "Mozilla/5.0 (compatible; CareerBot/1.1; +http://www.career-x.de/bot.html)"
69.73.197.229 - - [04/Feb/2014:16:07:51 +0100] "GET / HTTP/1.1" 302 - "-" "Java/1.7.0_45"
69.73.197.229 - - [04/Feb/2014:16:07:52 +0100] "GET /fls_1_aktuelles.php HTTP/1.1" 404 1256 "-" "Java/1.7.0_45"
69.73.197.229 - - [04/Feb/2014:16:07:53 +0100] "GET /fls_2_fremdsprachensekr.php HTTP/1.1" 404 1256 "-" "Java/1.7.0_45"
69.73.197.229 - - [04/Feb/2014:16:07:53 +0100] "GET /fls_3_fls_international.php HTTP/1.1" 404 1256 "-" "Java/1.7.0_45"
69.73.197.229 - - [04/Feb/2014:16:07:53 +0100] "GET /fls_4_faq.php HTTP/1.1" 404 1256 "-" "Java/1.7.0_45"
69.73.197.229 - - [04/Feb/2014:16:07:54 +0100] "GET /fls_4_impressum.php HTTP/1.1" 404 1256 "-" "Java/1.7.0_45"
69.73.197.229 - - [04/Feb/2014:16:07:54 +0100] "GET /fls_4_kontakt_anmeldung.php HTTP/1.1" 404 1256 "-" "Java/1.7.0_45"
69.73.197.229 - - [04/Feb/2014:16:07:55 +0100] "GET /index.php HTTP/1.1" 302 - "-" "Java/1.7.0_45"
69.73.197.229 - - [04/Feb/2014:16:07:56 +0100] "GET /index_en.php HTTP/1.1" 404 1256 "-" "Java/1.7.0_45"
69.73.197.229 - - [04/Feb/2014:16:07:56 +0100] "GET /index_fr.php HTTP/1.1" 404 1256 "-" "Java/1.7.0_45"
69.73.197.229 - - [04/Feb/2014:16:07:57 +0100] "GET /index_sp.php HTTP/1.1" 404 1256 "-" "Java/1.7.0_45"
69.73.197.229 - - [04/Feb/2014:16:07:57 +0100] "GET /& HTTP/1.1" 404 1256 "-" "Java/1.7.0_45"
69.73.197.229 - - [04/Feb/2014:16:07:57 +0100] "GET /& HTTP/1.1" 404 1256 "-" "Java/1.7.0_45"
69.73.197.229 - - [04/Feb/2014:16:07:58 +0100] "GET /& HTTP/1.1" 404 1256 "-" "Java/1.7.0_45"
69.73.197.229 - - [04/Feb/2014:16:07:58 +0100] "GET /& HTTP/1.1" 404 1256 "-" "Java/1.7.0_45"
69.73.197.229 - - [04/Feb/2014:16:07:59 +0100] "GET /& HTTP/1.1" 404 1256 "-" "Java/1.7.0_45"
69.73.197.229 - - [04/Feb/2014:16:07:59 +0100] "GET /& HTTP/1.1" 404 1256 "-" "Java/1.7.0_45"
69.73.197.229 - - [04/Feb/2014:16:07:59 +0100] "GET /& HTTP/1.1" 404 1256 "-" "Java/1.7.0_45"
69.73.197.229 - - [04/Feb/2014:16:08:00 +0100] "GET /& HTTP/1.1" 404 1256 "-" "Java/1.7.0_45"
69.73.197.229 - - [04/Feb/2014:16:08:00 +0100] "GET /& HTTP/1.1" 404 1256 "-" "Java/1.7.0_45"
69.73.197.229 - - [04/Feb/2014:16:08:00 +0100] "GET /& HTTP/1.1" 404 1256 "-" "Java/1.7.0_45"
69.73.197.229 - - [04/Feb/2014:16:08:01 +0100] "GET /& HTTP/1.1" 404 1256 "-" "Java/1.7.0_45"
69.73.197.229 - - [04/Feb/2014:16:08:01 +0100] "GET /& HTTP/1.1" 404 1256 "-" "Java/1.7.0_45"
69.73.197.229 - - [04/Feb/2014:16:08:02 +0100] "GET /& HTTP/1.1" 404 1256 "-" "Java/1.7.0_45"
69.73.197.229 - - [04/Feb/2014:16:08:02 +0100] "GET /& HTTP/1.1" 404 1256 "-" "Java/1.7.0_45"
69.73.197.229 - - [04/Feb/2014:16:08:02 +0100] "GET /& HTTP/1.1" 404 1256 "-" "Java/1.7.0_45"
69.73.197.229 - - [04/Feb/2014:16:08:03 +0100] "GET /& HTTP/1.1" 404 1256 "-" "Java/1.7.0_45"
69.73.197.229 - - [04/Feb/2014:16:08:03 +0100] "GET /& HTTP/1.1" 404 1256 "-" "Java/1.7.0_45"
69.73.197.229 - - [04/Feb/2014:16:08:04 +0100] "GET /& HTTP/1.1" 404 1256 "-" "Java/1.7.0_45"
69.73.197.229 - - [04/Feb/2014:16:08:04 +0100] "GET /& HTTP/1.1" 404 1256 "-" "Java/1.7.0_45"
69.73.197.229 - - [04/Feb/2014:16:08:08 +0100] "GET /& HTTP/1.1" 404 1256 "-" "Java/1.7.0_45"
157.55.32.108 - - [04/Feb/2014:16:08:29 +0100] "GET /robots.txt HTTP/1.1" 404 1256 "-" "Mozilla/5.0 (compatible; bingbot/2.0; +http://www.bing.com/bingbot.htm)"
182.118.20.217 - - [04/Feb/2014:16:10:06 +0100] "GET /robots.txt HTTP/1.1" 404 1256 "http://www.friedrich-list-berlin.de/robots.txt" "Mozilla/5.0 (Windows; U; Windows NT 5.1; zh-CN; ) Firefox/1.5.0.11; 360Spider"
157.55.32.108 - - [04/Feb/2014:16:16:45 +0100] "GET /?&nid=21 HTTP/1.1" 302 - "-" "Mozilla/5.0 (compatible; bingbot/2.0; +http://www.bing.com/bingbot.htm)"
188.165.195.156 - - [04/Feb/2014:17:16:37 +0100] "HEAD / HTTP/1.1" 302 - "-" "Mozilla/4.0 (compatible; MSIE 5.01; Windows NT 5.0)"
88.75.60.186 - - [04/Feb/2014:20:12:06 +0100] "GET / HTTP/1.1" 302 - "http://domino2.berufsschulen.de/db/berufsschulen.nsf/Berlin?OpenView" "Mozilla/5.0 (Linux; U; en-gb; KFAPWI Build/JDQ39) AppleWebKit/535.19 (KHTML, like Gecko) Silk/3.12 Safari/535.19 Silk-Accelerated=true"
128.131.102.100 - - [04/Feb/2014:20:17:20 +0100] "GET / HTTP/1.0" 302 - "-" "Mozilla/5.0 (KeepRight OpenStreetMap Checker; http://keepright.at) Gecko/20100101 Firefox/22.0"
46.5.108.214 - - [04/Feb/2014:20:48:19 +0100] "GET / HTTP/1.1" 302 - "-" "Mozilla/4.0 (compatible; MSIE 8.0; Windows NT 5.1; Trident/4.0; .NET CLR 1.1.4322; .NET CLR 2.0.50727; .NET CLR 3.0.4506.2152; .NET CLR 3.5.30729; .NET4.0C)"
141.8.147.12 - - [04/Feb/2014:21:56:14 +0100] "GET /robots.txt HTTP/1.1" 404 1256 "-" "Mozilla/5.0 (compatible; YandexBot/3.0; +http://yandex.com/bots)"
141.8.147.12 - - [04/Feb/2014:22:31:23 +0100] "GET / HTTP/1.1" 302 - "-" "Mozilla/5.0 (compatible; YandexBot/3.0; +http://yandex.com/bots)"
141.8.147.12 - - [04/Feb/2014:22:57:26 +0100] "GET /robots.txt HTTP/1.1" 404 1256 "-" "Mozilla/5.0 (compatible; YandexBot/3.0; +http://yandex.com/bots)"
141.8.147.12 - - [04/Feb/2014:22:57:29 +0100] "GET / HTTP/1.1" 302 - "-" "Mozilla/5.0 (compatible; YandexBot/3.0; +http://yandex.com/bots)"
188.138.41.109 - - [05/Feb/2014:00:17:28 +0100] "GET /robots.txt HTTP/1.1" 404 1256 "-" "Mozilla/5.0 (X11; U; Linux i686; de; rv:1.9.0.1; compatible; iCjobs Stellenangebote Jobs; http://www.icjobs.de) Gecko/20100401 iCjobs/3.2.3"
188.138.41.109 - - [05/Feb/2014:00:17:28 +0100] "GET / HTTP/1.1" 302 - "-" "Mozilla/5.0 (X11; U; Linux i686; de; rv:1.9.0.1; compatible; iCjobs Stellenangebote Jobs; http://www.icjobs.de) Gecko/20100401 iCjobs/3.2.3"
188.138.41.109 - - [05/Feb/2014:00:17:29 +0100] "GET / HTTP/1.1" 302 - "-" "Mozilla/5.0 (X11; U; Linux i686; de; rv:1.9.0.1; compatible; iCjobs Stellenangebote Jobs; http://www.icjobs.de) Gecko/20100401 iCjobs/3.2.3"
208.115.111.69 - - [05/Feb/2014:01:35:25 +0100] "GET /robots.txt HTTP/1.1" 404 1256 "-" "Mozilla/5.0 (compatible; Ezooms/1.0; help@moz.com)"
208.115.111.69 - - [05/Feb/2014:03:23:19 +0100] "GET /?path=content&contentid=47&nid=17 HTTP/1.1" 302 - "-" "Mozilla/5.0 (compatible; Ezooms/1.0; help@moz.com)"
208.115.113.85 - - [05/Feb/2014:03:59:37 +0100] "GET /robots.txt HTTP/1.1" 404 1256 "-" "Mozilla/5.0 (compatible; Ezooms/1.0; help@moz.com)"
208.115.111.69 - - [05/Feb/2014:05:37:23 +0100] "GET /robots.txt HTTP/1.1" 404 1256 "-" "Mozilla/5.0 (compatible; Ezooms/1.0; help@moz.com)"
85.214.103.181 - - [05/Feb/2014:05:53:24 +0100] "GET / HTTP/1.1" 302 - "http://www.friedrich-list-berlin.de" "Mozilla/5.0 (Windows NT 6.3; WOW64) AppleWebKit/537.3 (KHTML, like Gecko) Chrome/30.0.1599.101 Safari/537.36"
85.214.103.181 - - [05/Feb/2014:05:53:25 +0100] "GET / HTTP/1.1" 302 - "http://www.friedrich-list-berlin.de" "Mozilla/5.0 (Windows NT 6.3; WOW64) AppleWebKit/537.3 (KHTML, like Gecko) Chrome/30.0.1599.101 Safari/537.36"
85.214.103.181 - - [05/Feb/2014:05:53:25 +0100] "GET /index.php HTTP/1.1" 302 - "http://www.friedrich-list-berlin.de/index.php" "Mozilla/5.0 (Windows NT 6.3; WOW64) AppleWebKit/537.3 (KHTML, like Gecko) Chrome/30.0.1599.101 Safari/537.36"
85.214.103.181 - - [05/Feb/2014:05:53:25 +0100] "GET /index.php HTTP/1.1" 302 - "http://www.friedrich-list-berlin.de/index.php" "Mozilla/5.0 (Windows NT 6.3; WOW64) AppleWebKit/537.3 (KHTML, like Gecko) Chrome/30.0.1599.101 Safari/537.36"
85.214.103.181 - - [05/Feb/2014:05:53:25 +0100] "GET /index_en.php HTTP/1.1" 404 1256 "http://www.friedrich-list-berlin.de/index_en.php" "Mozilla/5.0 (Windows NT 6.3; WOW64) AppleWebKit/537.3 (KHTML, like Gecko) Chrome/30.0.1599.101 Safari/537.36"
85.214.103.181 - - [05/Feb/2014:05:53:25 +0100] "GET /index_fr.php HTTP/1.1" 404 1256 "http://www.friedrich-list-berlin.de/index_fr.php" "Mozilla/5.0 (Windows NT 6.3; WOW64) AppleWebKit/537.3 (KHTML, like Gecko) Chrome/30.0.1599.101 Safari/537.36"
85.214.103.181 - - [05/Feb/2014:05:53:25 +0100] "GET /index_sp.php HTTP/1.1" 404 1256 "http://www.friedrich-list-berlin.de/index_sp.php" "Mozilla/5.0 (Windows NT 6.3; WOW64) AppleWebKit/537.3 (KHTML, like Gecko) Chrome/30.0.1599.101 Safari/537.36"
85.214.103.181 - - [05/Feb/2014:05:53:25 +0100] "GET /fls_1_aktuelles.php HTTP/1.1" 404 1256 "http://www.friedrich-list-berlin.de/fls_1_aktuelles.php" "Mozilla/5.0 (Windows NT 6.3; WOW64) AppleWebKit/537.3 (KHTML, like Gecko) Chrome/30.0.1599.101 Safari/537.36"
85.214.103.181 - - [05/Feb/2014:05:53:25 +0100] "GET /fls_2_fremdsprachensekr.php HTTP/1.1" 404 1256 "http://www.friedrich-list-berlin.de/fls_2_fremdsprachensekr.php" "Mozilla/5.0 (Windows NT 6.3; WOW64) AppleWebKit/537.3 (KHTML, like Gecko) Chrome/30.0.1599.101 Safari/537.36"
85.214.103.181 - - [05/Feb/2014:05:53:25 +0100] "GET /fls_3_fls_international.php HTTP/1.1" 404 1256 "http://www.friedrich-list-berlin.de/fls_3_fls_international.php" "Mozilla/5.0 (Windows NT 6.3; WOW64) AppleWebKit/537.3 (KHTML, like Gecko) Chrome/30.0.1599.101 Safari/537.36"
85.214.103.181 - - [05/Feb/2014:05:53:25 +0100] "GET /fls_4_kontakt_anmeldung.php HTTP/1.1" 404 1256 "http://www.friedrich-list-berlin.de/fls_4_kontakt_anmeldung.php" "Mozilla/5.0 (Windows NT 6.3; WOW64) AppleWebKit/537.3 (KHTML, like Gecko) Chrome/30.0.1599.101 Safari/537.36"
85.214.103.181 - - [05/Feb/2014:05:53:25 +0100] "GET /fls_4_faq.php HTTP/1.1" 404 1256 "http://www.friedrich-list-berlin.de/fls_4_faq.php" "Mozilla/5.0 (Windows NT 6.3; WOW64) AppleWebKit/537.3 (KHTML, like Gecko) Chrome/30.0.1599.101 Safari/537.36"
85.214.103.181 - - [05/Feb/2014:05:53:25 +0100] "GET /fls_4_impressum.php HTTP/1.1" 404 1256 "http://www.friedrich-list-berlin.de/fls_4_impressum.php" "Mozilla/5.0 (Windows NT 6.3; WOW64) AppleWebKit/537.3 (KHTML, like Gecko) Chrome/30.0.1599.101 Safari/537.36"
208.115.113.85 - - [05/Feb/2014:06:10:37 +0100] "GET /include.php?path=contentarchive&type=3&letter=Z&catid=0&themeid=0&searchtext=&entries=0&order= HTTP/1.1" 404 1256 "-" "Mozilla/5.0 (compatible; Ezooms/1.0; help@moz.com)"
208.115.111.69 - - [05/Feb/2014:07:24:47 +0100] "GET /include.php?path=contentarchive&type=2&letter=U&catid=0&themeid=0&searchtext=&entries=0&order=title HTTP/1.1" 404 1256 "-" "Mozilla/5.0 (compatible; Ezooms/1.0; help@moz.com)"
208.115.113.85 - - [05/Feb/2014:07:54:03 +0100] "GET /robots.txt HTTP/1.1" 404 1256 "-" "Mozilla/5.0 (compatible; Ezooms/1.0; help@moz.com)"
208.115.111.69 - - [05/Feb/2014:09:38:02 +0100] "GET /robots.txt HTTP/1.1" 404 1256 "-" "Mozilla/5.0 (compatible; Ezooms/1.0; help@moz.com)"
208.115.113.85 - - [05/Feb/2014:10:04:40 +0100] "GET /include.php?path=contentarchive&type=2&letter=S&catid=0&themeid=0&searchtext=&entries=0&order=&nid=21 HTTP/1.1" 404 1256 "-" "Mozilla/5.0 (compatible; Ezooms/1.0; help@moz.com)"
208.115.111.69 - - [05/Feb/2014:11:22:05 +0100] "GET /?path=contentarchive&type=2&letter=F&catid=0&themeid=0&searchtext=&entries=0&order= HTTP/1.1" 302 - "-" "Mozilla/5.0 (compatible; Ezooms/1.0; help@moz.com)"
84.185.164.45 - - [05/Feb/2014:12:08:38 +0100] "GET / HTTP/1.1" 302 - "http://www.google.de/search?ei=RhvyUs3OEYjJtQa6jYGoAg&q=friedrich+list+schule+berlin&oq=friedrich+list+schule+be&gs_l=mobile-gws-serp.1.0.0l3j0i22i30l2.16260.17596.0.18805.3.3.0.0.0.0.174.494.0j3.3.0....0...1c.1.34.mobile-gws-serp..0.3.490.ACaXxE3hPCY" "Mozilla/5.0 (Linux; U; Android 4.1.2; de-de; SAMSUNG GT-I8190/I8190XXAME1 Build/JZO54K) AppleWebKit/534.30 (KHTML, like Gecko) Version/4.0 Mobile Safari/534.30"
208.115.111.69 - - [05/Feb/2014:13:37:24 +0100] "GET /robots.txt HTTP/1.1" 404 1256 "-" "Mozilla/5.0 (compatible; Ezooms/1.0; help@moz.com)"
208.115.111.69 - - [05/Feb/2014:15:27:57 +0100] "GET /include.php?path=contentarchive&type=2&letter=alle&catid=0&themeid=0&searchtext=&entries=0&order= HTTP/1.1" 404 1256 "-" "Mozilla/5.0 (compatible; Ezooms/1.0; help@moz.com)"
208.115.113.85 - - [05/Feb/2014:15:58:21 +0100] "GET /robots.txt HTTP/1.1" 404 1256 "-" "Mozilla/5.0 (compatible; Ezooms/1.0; help@moz.com)"
208.115.111.69 - - [05/Feb/2014:17:36:37 +0100] "GET /robots.txt HTTP/1.1" 404 1256 "-" "Mozilla/5.0 (compatible; Ezooms/1.0; help@moz.com)"
141.8.147.12 - - [05/Feb/2014:17:49:58 +0100] "GET /robots.txt HTTP/1.1" 404 1256 "-" "Mozilla/5.0 (compatible; YandexBot/3.0; +http://yandex.com/bots)"
141.8.147.12 - - [05/Feb/2014:17:49:59 +0100] "GET /robots.txt HTTP/1.1" 404 1256 "-" "Mozilla/5.0 (compatible; YandexBot/3.0; +http://yandex.com/bots)"
141.8.147.12 - - [05/Feb/2014:17:50:00 +0100] "GET / HTTP/1.1" 302 - "-" "Mozilla/5.0 (compatible; YandexBot/3.0; +http://yandex.com/bots)"
141.8.147.12 - - [05/Feb/2014:17:50:01 +0100] "GET / HTTP/1.1" 302 - "-" "Mozilla/5.0 (compatible; YandexBot/3.0; +http://yandex.com/bots)"
208.115.113.85 - - [05/Feb/2014:18:06:04 +0100] "GET /include.php?path=contentarchive&type=3&letter=P&catid=0&themeid=0&searchtext=&entries=0&order= HTTP/1.1" 404 1256 "-" "Mozilla/5.0 (compatible; Ezooms/1.0; help@moz.com)"
208.115.111.69 - - [05/Feb/2014:19:23:46 +0100] "GET /include.php?path=content&contentid=81&nid=2 HTTP/1.1" 404 1256 "-" "Mozilla/5.0 (compatible; Ezooms/1.0; help@moz.com)"
208.115.111.69 - - [05/Feb/2014:19:23:49 +0100] "GET /include.php?path=contentarchive&type=2&letter=P&catid=0&themeid=0&searchtext=&entries=0&order=&nid=32 HTTP/1.1" 404 1256 "-" "Mozilla/5.0 (compatible; Ezooms/1.0; help@moz.com)"
208.115.113.85 - - [05/Feb/2014:19:58:25 +0100] "GET /robots.txt HTTP/1.1" 404 1256 "-" "Mozilla/5.0 (compatible; Ezooms/1.0; help@moz.com)"
208.115.113.85 - - [05/Feb/2014:21:32:41 +0100] "GET /include.php?path=contentarchive&type=2&letter=E&catid=0&themeid=0&searchtext=&entries=0&order=title HTTP/1.1" 404 1256 "-" "Mozilla/5.0 (compatible; Ezooms/1.0; help@moz.com)"
208.115.111.69 - - [05/Feb/2014:21:38:35 +0100] "GET /robots.txt HTTP/1.1" 404 1256 "-" "Mozilla/5.0 (compatible; Ezooms/1.0; help@moz.com)"
208.115.111.69 - - [05/Feb/2014:23:25:02 +0100] "GET /include.php?path=contentarchive&type=3&letter=K&catid=0&themeid=0&searchtext=&entries=0&order= HTTP/1.1" 404 1256 "-" "Mozilla/5.0 (compatible; Ezooms/1.0; help@moz.com)"
208.115.111.69 - - [05/Feb/2014:23:25:05 +0100] "GET /include.php?path=contentarchive&type=3&letter=N&catid=0&themeid=0&searchtext=&entries=0&order= HTTP/1.1" 404 1256 "-" "Mozilla/5.0 (compatible; Ezooms/1.0; help@moz.com)"
208.115.113.85 - - [05/Feb/2014:23:57:07 +0100] "GET /robots.txt HTTP/1.1" 404 1256 "-" "Mozilla/5.0 (compatible; Ezooms/1.0; help@moz.com)"
208.115.113.85 - - [06/Feb/2014:02:05:45 +0100] "GET /include.php?path=contentarchive&type=2&letter=C&catid=0&themeid=0&searchtext=&entries=0&order=title HTTP/1.1" 404 1256 "-" "Mozilla/5.0 (compatible; Ezooms/1.0; help@moz.com)"
208.115.113.85 - - [06/Feb/2014:02:05:50 +0100] "GET /include.php?path=contentarchive&type=3&letter=L&catid=0&themeid=0&searchtext=&entries=0&order= HTTP/1.1" 404 1256 "-" "Mozilla/5.0 (compatible; Ezooms/1.0; help@moz.com)"
80.58.250.88 - - [06/Feb/2014:03:27:49 +0100] "GET / HTTP/1.1" 302 - "-" "Mozilla/4.0 (compatible; MSIE 8.0; Windows NT 5.1; Trident/4.0; GTB7.5; .NET CLR 2.0.50727; .NET CLR 1.1.4322; .NET CLR 3.0.4506.2152; .NET CLR 3.5.30729)"
66.249.78.115 - - [06/Feb/2014:05:34:25 +0100] "GET /robots.txt HTTP/1.1" 404 1256 "-" "Mozilla/5.0 (compatible; Googlebot/2.1; +http://www.google.com/bot.html)"
66.249.78.115 - - [06/Feb/2014:05:34:25 +0100] "GET / HTTP/1.1" 302 - "-" "Mozilla/5.0 (compatible; Googlebot/2.1; +http://www.google.com/bot.html)"
208.115.113.85 - - [06/Feb/2014:07:56:26 +0100] "GET /robots.txt HTTP/1.1" 404 1256 "-" "Mozilla/5.0 (compatible; Ezooms/1.0; help@moz.com)"
162.210.196.130 - - [06/Feb/2014:08:12:02 +0100] "GET /robots.txt HTTP/1.0" 404 1256 "-" "Mozilla/5.0 (compatible; MJ12bot/v1.4.4; http://www.majestic12.co.uk/bot.php?+)"
162.210.196.130 - - [06/Feb/2014:08:12:04 +0100] "GET / HTTP/1.0" 302 - "-" "Mozilla/5.0 (compatible; MJ12bot/v1.4.4; http://www.majestic12.co.uk/bot.php?+)"
208.115.113.85 - - [06/Feb/2014:10:06:40 +0100] "GET /include.php?path=contentarchive&type=2&letter=C&catid=0&themeid=0&searchtext=&entries=0&order= HTTP/1.1" 404 1256 "-" "Mozilla/5.0 (compatible; Ezooms/1.0; help@moz.com)"
162.210.196.100 - - [06/Feb/2014:10:26:09 +0100] "GET /robots.txt HTTP/1.0" 404 1256 "-" "Mozilla/5.0 (compatible; MJ12bot/v1.4.4; http://www.majestic12.co.uk/bot.php?+)"
162.210.196.100 - - [06/Feb/2014:10:26:10 +0100] "GET / HTTP/1.0" 302 - "-" "Mozilla/5.0 (compatible; MJ12bot/v1.4.4; http://www.majestic12.co.uk/bot.php?+)"
144.76.115.179 - - [06/Feb/2014:11:18:25 +0100] "GET / HTTP/1.1" 302 - "http://www.b030-das-berlin-verzeichnis.de/schoeneberg/schulen.php" "Mozilla/5.0 (Windows NT 6.1; WOW64; rv:26.0) Gecko/20100101 Firefox/26.0"
93.220.211.134 - - [06/Feb/2014:11:34:16 +0100] "GET / HTTP/1.1" 302 - "-" "Mozilla/4.0 (compatible; MSIE 7.0; Windows NT 6.0; WOW64; SLCC1; .NET CLR 2.0.50727; .NET CLR 1.1.4322; .NET CLR 3.5.21022; .NET CLR 3.0.04506)"
217.91.38.110 - - [06/Feb/2014:11:41:45 +0100] "GET / HTTP/1.1" 302 - "http://www.google.de/url?sa=t&rct=j&q=&esrc=s&source=web&cd=1&ved=0CC4QFjAA&url=http%3A%2F%2Fwww.friedrich-list-berlin.de%2F&ei=uGbzUuHvA-jL4AT524DwBA&usg=AFQjCNGsKs3TvBQ4z91zrYvo9_SfKi5nug&bvm=bv.60983673,d.bGE" "Mozilla/5.0 (Windows NT 5.1; rv:26.0) Gecko/20100101 Firefox/26.0"
208.115.113.85 - - [06/Feb/2014:11:57:53 +0100] "GET /robots.txt HTTP/1.1" 404 1256 "-" "Mozilla/5.0 (compatible; Ezooms/1.0; help@moz.com)"
77.12.127.25 - - [06/Feb/2014:12:50:43 +0100] "GET / HTTP/1.1" 302 - "http://www.google.com/url?sa=D&q=http://www.friedrich-list-berlin.de/&usg=AFQjCNEzwJg1Tfw7G3BlVecmK3Kmh_Rohw" "Mozilla/5.0 (Windows NT 6.1; WOW64; Trident/7.0; rv:11.0) like Gecko"
162.243.193.219 - - [06/Feb/2014:13:29:50 +0100] "GET /robots.txt HTTP/1.1" 404 1256 "-" "Mozilla/5.0 (compatible; spbot/4.0.7; +http://OpenLinkProfiler.org/bot )"
162.243.193.219 - - [06/Feb/2014:13:29:56 +0100] "GET / HTTP/1.1" 302 - "-" "Mozilla/5.0 (compatible; spbot/4.0.7; +http://OpenLinkProfiler.org/bot )"
208.115.113.85 - - [06/Feb/2014:14:02:25 +0100] "GET /include.php?path=content&contentid=47&nid=17 HTTP/1.1" 404 1256 "-" "Mozilla/5.0 (compatible; Ezooms/1.0; help@moz.com)"
208.115.113.85 - - [06/Feb/2014:14:02:27 +0100] "GET /include.php?path=contentarchive&type=2&letter=G&catid=0&themeid=0&searchtext=&entries=0&order=title HTTP/1.1" 404 1256 "-" "Mozilla/5.0 (compatible; Ezooms/1.0; help@moz.com)"
217.91.109.49 - - [06/Feb/2014:14:31:34 +0100] "GET / HTTP/1.1" 302 - "-" "Mozilla/5.0 (Windows NT 6.1; WOW64; rv:26.0) Gecko/20100101 Firefox/26.0"
88.65.133.186 - - [06/Feb/2014:15:36:55 +0100] "GET / HTTP/1.1" 302 - "http://www.regional.planet-beruf.de/details.jsp?roid=157&oid=100400100&tid=1&eid=3026" "Mozilla/5.0 (Windows NT 6.1; WOW64) AppleWebKit/537.36 (KHTML, like Gecko) Chrome/32.0.1700.107 Safari/537.36"
78.158.11.226 - - [06/Feb/2014:16:30:59 +0100] "GET / HTTP/1.1" 302 - "http://evuln.com/tools/malware-scanner/www.friedrich-list-berlin.de/" "Lynx/2.8.5rel.1 libwww-FM/2.15FC SSL-MM/1.4.1c OpenSSL/0.9.7e-dev"
208.115.111.69 - - [06/Feb/2014:17:40:52 +0100] "GET /robots.txt HTTP/1.1" 404 1256 "-" "Mozilla/5.0 (compatible; Ezooms/1.0; help@moz.com)"
85.100.199.167 - - [06/Feb/2014:18:36:58 +0100] "GET / HTTP/1.1" 302 - "https://www.google.com.tr/" "Mozilla/5.0 (Windows NT 6.1; WOW64) AppleWebKit/537.36 (KHTML, like Gecko) Chrome/32.0.1700.107 Safari/537.36"
66.249.78.236 - - [06/Feb/2014:18:45:14 +0100] "GET /robots.txt HTTP/1.1" 404 1256 "-" "Mozilla/5.0 (compatible; Googlebot/2.1; +http://www.google.com/bot.html)"
66.249.75.240 - - [06/Feb/2014:18:45:14 +0100] "GET / HTTP/1.1" 302 - "-" "DoCoMo/2.0 N905i(c100;TB;W24H16) (compatible; Googlebot-Mobile/2.1; +http://www.google.com/bot.html)"
208.115.111.69 - - [06/Feb/2014:19:25:17 +0100] "GET /include.php?path=contentarchive&type=2 HTTP/1.1" 404 1256 "-" "Mozilla/5.0 (compatible; Ezooms/1.0; help@moz.com)"
208.115.111.69 - - [06/Feb/2014:19:25:19 +0100] "GET /include.php?path=contentarchive&type=3&letter=Q&catid=0&themeid=0&searchtext=&entries=0&order= HTTP/1.1" 404 1256 "-" "Mozilla/5.0 (compatible; Ezooms/1.0; help@moz.com)"
