208.115.111.69 - - [20/Feb/2014:09:46:51 +0100] "GET /robots.txt HTTP/1.1" 404 1256 "-" "Mozilla/5.0 (compatible; Ezooms/1.0; help@moz.com)"
213.23.84.208 - - [20/Feb/2014:10:25:30 +0100] "GET / HTTP/1.1" 302 - "http://www.google.com/url?sa=t&rct=j&q=&esrc=s&frm=1&source=web&cd=1&ved=0CCoQFjAA&url=http%3A%2F%2Fwww.friedrich-list-berlin.de%2F&ei=1MkFU4DgEcq9ygO9r4CoBA&usg=AFQjCNGsKs3TvBQ4z91zrYvo9_SfKi5nug&bvm=bv.61725948,d.bGQ" "Mozilla/4.0 (compatible; MSIE 8.0; Windows NT 5.1; Trident/4.0; .NET CLR 2.0.50727; .NET CLR 3.0.4506.2152; .NET CLR 3.5.30729; .NET4.0C; InfoPath.1; OfficeLiveConnector.1.5; OfficeLivePatch.1.3)"
199.192.207.146 - - [20/Feb/2014:10:27:46 +0100] "GET /robots.txt HTTP/1.0" 404 1256 "-" "Mozilla/5.0 (compatible; MJ12bot/v1.4.4; http://www.majestic12.co.uk/bot.php?+)"
199.192.207.146 - - [20/Feb/2014:10:27:48 +0100] "GET / HTTP/1.0" 302 - "-" "Mozilla/5.0 (compatible; MJ12bot/v1.4.4; http://www.majestic12.co.uk/bot.php?+)"
93.220.193.152 - - [20/Feb/2014:11:12:21 +0100] "GET / HTTP/1.1" 302 - "-" "Mozilla/4.0 (compatible; MSIE 8.0; Windows NT 6.0; .NET CLR 1.0.3705; .NET CLR 1.1.4322; Media Center PC 4.0; .NET CLR 2.0.50727)"
66.249.78.236 - - [20/Feb/2014:11:25:00 +0100] "GET /robots.txt HTTP/1.1" 404 1256 "-" "Mozilla/5.0 (compatible; Googlebot/2.1; +http://www.google.com/bot.html)"
66.249.78.236 - - [20/Feb/2014:11:25:00 +0100] "GET /include.php?path=contentarchive&type=2&catid=0&letter=X&entries=0&searchtext=&order=title HTTP/1.1" 404 1256 "-" "Mozilla/5.0 (compatible; Googlebot/2.1; +http://www.google.com/bot.html)"
94.134.223.225 - - [20/Feb/2014:11:25:43 +0100] "GET / HTTP/1.1" 302 - "-" "Mozilla/5.0 (Windows NT 6.1; WOW64; rv:27.0) Gecko/20100101 Firefox/27.0"
208.115.111.69 - - [20/Feb/2014:11:39:12 +0100] "GET /include.php?path=contentarchive&type=3&letter=I&catid=0&themeid=0&searchtext=&entries=0&order= HTTP/1.1" 404 1256 "-" "Mozilla/5.0 (compatible; Ezooms/1.0; help@moz.com)"
92.211.61.195 - - [20/Feb/2014:11:46:27 +0100] "GET / HTTP/1.1" 302 - "http://www.berlin.de/sen/bildung/schulverzeichnis_und_portraets/anwendung/Schulportrait.aspx?IDSchulzweig=11651" "Mozilla/5.0 (X11; Ubuntu; Linux i686; rv:26.0) Gecko/20100101 Firefox/26.0"
92.85.32.242 - - [20/Feb/2014:12:12:03 +0100] "GET / HTTP/1.1" 302 - "-" "Java/1.6.0_04"
92.85.32.242 - - [20/Feb/2014:12:12:04 +0100] "GET /fls_1_aktuelles.php HTTP/1.1" 404 1256 "-" "Java/1.6.0_04"
92.85.32.242 - - [20/Feb/2014:12:12:04 +0100] "GET /fls_2_fremdsprachensekr.php HTTP/1.1" 404 1256 "-" "Java/1.6.0_04"
92.85.32.242 - - [20/Feb/2014:12:12:04 +0100] "GET /fls_3_fls_international.php HTTP/1.1" 404 1256 "-" "Java/1.6.0_04"
92.85.32.242 - - [20/Feb/2014:12:12:04 +0100] "GET /fls_4_faq.php HTTP/1.1" 404 1256 "-" "Java/1.6.0_04"
92.85.32.242 - - [20/Feb/2014:12:12:04 +0100] "GET /fls_4_impressum.php HTTP/1.1" 404 1256 "-" "Java/1.6.0_04"
92.85.32.242 - - [20/Feb/2014:12:12:04 +0100] "GET /fls_4_kontakt_anmeldung.php HTTP/1.1" 404 1256 "-" "Java/1.6.0_04"
92.85.32.242 - - [20/Feb/2014:12:12:05 +0100] "GET /index.php HTTP/1.1" 302 - "-" "Java/1.6.0_04"
92.85.32.242 - - [20/Feb/2014:12:12:05 +0100] "GET /index_en.php HTTP/1.1" 404 1256 "-" "Java/1.6.0_04"
92.85.32.242 - - [20/Feb/2014:12:12:05 +0100] "GET /index_fr.php HTTP/1.1" 404 1256 "-" "Java/1.6.0_04"
92.85.32.242 - - [20/Feb/2014:12:12:05 +0100] "GET /index_sp.php HTTP/1.1" 404 1256 "-" "Java/1.6.0_04"
92.85.32.242 - - [20/Feb/2014:12:12:06 +0100] "GET /& HTTP/1.1" 404 1256 "-" "Java/1.6.0_04"
92.85.32.242 - - [20/Feb/2014:12:12:06 +0100] "GET /& HTTP/1.1" 404 1256 "-" "Java/1.6.0_04"
92.85.32.242 - - [20/Feb/2014:12:12:06 +0100] "GET /& HTTP/1.1" 404 1256 "-" "Java/1.6.0_04"
92.85.32.242 - - [20/Feb/2014:12:12:06 +0100] "GET /& HTTP/1.1" 404 1256 "-" "Java/1.6.0_04"
92.85.32.242 - - [20/Feb/2014:12:12:06 +0100] "GET /& HTTP/1.1" 404 1256 "-" "Java/1.6.0_04"
92.85.32.242 - - [20/Feb/2014:12:12:06 +0100] "GET /& HTTP/1.1" 404 1256 "-" "Java/1.6.0_04"
92.85.32.242 - - [20/Feb/2014:12:12:07 +0100] "GET /& HTTP/1.1" 404 1256 "-" "Java/1.6.0_04"
92.85.32.242 - - [20/Feb/2014:12:12:07 +0100] "GET /& HTTP/1.1" 404 1256 "-" "Java/1.6.0_04"
92.85.32.242 - - [20/Feb/2014:12:12:07 +0100] "GET /& HTTP/1.1" 404 1256 "-" "Java/1.6.0_04"
92.85.32.242 - - [20/Feb/2014:12:12:07 +0100] "GET /& HTTP/1.1" 404 1256 "-" "Java/1.6.0_04"
92.85.32.242 - - [20/Feb/2014:12:12:07 +0100] "GET /& HTTP/1.1" 404 1256 "-" "Java/1.6.0_04"
92.85.32.242 - - [20/Feb/2014:12:12:08 +0100] "GET /& HTTP/1.1" 404 1256 "-" "Java/1.6.0_04"
92.85.32.242 - - [20/Feb/2014:12:12:08 +0100] "GET /& HTTP/1.1" 404 1256 "-" "Java/1.6.0_04"
92.85.32.242 - - [20/Feb/2014:12:12:08 +0100] "GET /& HTTP/1.1" 404 1256 "-" "Java/1.6.0_04"
92.85.32.242 - - [20/Feb/2014:12:12:08 +0100] "GET /& HTTP/1.1" 404 1256 "-" "Java/1.6.0_04"
92.85.32.242 - - [20/Feb/2014:12:12:08 +0100] "GET /& HTTP/1.1" 404 1256 "-" "Java/1.6.0_04"
92.85.32.242 - - [20/Feb/2014:12:12:08 +0100] "GET /& HTTP/1.1" 404 1256 "-" "Java/1.6.0_04"
92.85.32.242 - - [20/Feb/2014:12:12:08 +0100] "GET /& HTTP/1.1" 404 1256 "-" "Java/1.6.0_04"
92.85.32.242 - - [20/Feb/2014:12:12:09 +0100] "GET /& HTTP/1.1" 404 1256 "-" "Java/1.6.0_04"
92.85.32.242 - - [20/Feb/2014:12:12:09 +0100] "GET /& HTTP/1.1" 404 1256 "-" "Java/1.6.0_04"
141.8.147.12 - - [20/Feb/2014:12:45:21 +0100] "GET /robots.txt HTTP/1.1" 404 1256 "-" "Mozilla/5.0 (compatible; YandexBot/3.0; +http://yandex.com/bots)"
141.8.147.12 - - [20/Feb/2014:12:45:23 +0100] "GET / HTTP/1.1" 302 - "-" "Mozilla/5.0 (compatible; YandexBot/3.0; +http://yandex.com/bots)"
66.249.78.236 - - [20/Feb/2014:12:59:46 +0100] "GET /include.php?path=contentarchive&type=2&letter=0-9&catid=9&themeid=0&searchtext=&entries=0&order=titled&nid=4 HTTP/1.1" 404 1256 "-" "Mozilla/5.0 (compatible; Googlebot/2.1; +http://www.google.com/bot.html)"
66.249.78.236 - - [20/Feb/2014:13:31:21 +0100] "GET /include.php?path=contentarchive&type=2&letter=O&catid=9&themeid=0&searchtext=&entries=0&order=dated HTTP/1.1" 404 1256 "-" "Mozilla/5.0 (compatible; Googlebot/2.1; +http://www.google.com/bot.html)"
108.59.8.80 - - [20/Feb/2014:14:59:54 +0100] "GET /robots.txt HTTP/1.0" 404 1256 "-" "Mozilla/5.0 (compatible; MJ12bot/v1.4.4; http://www.majestic12.co.uk/bot.php?+)"
108.59.8.80 - - [20/Feb/2014:14:59:56 +0100] "GET / HTTP/1.0" 302 - "-" "Mozilla/5.0 (compatible; MJ12bot/v1.4.4; http://www.majestic12.co.uk/bot.php?+)"
46.115.131.158 - - [20/Feb/2014:15:21:15 +0100] "GET / HTTP/1.1" 302 - "http://www.google.com/search?client=ms-android-samsung&source=android-home&site=webhp&source=hp&ei=mw4GU-aaJY7P4QSnloCoAw&q=friedrich-list-berlin.de&oq=friedrich-list-berlin.de&gs_l=mobile-gws-hp.3..0i30.19354.111633.0.116531.39.30.10.15.16.0.2032.18582.2-7j8j5j4j1j0j4j1.30.0....0...1c.1.35.mobile-gws-hp..5.34.10772.n71SpwNt-28" "Mozilla/5.0 (Linux; U; Android 4.1.2; de-de; GT-I8190 Build/JZO54K) AppleWebKit/534.30 (KHTML, like Gecko) Version/4.0 Mobile Safari/534.30"
199.83.185.245 - - [20/Feb/2014:15:53:35 +0100] "GET / HTTP/1.1" 302 - "-" "Java/1.7.0_51"
199.83.185.245 - - [20/Feb/2014:15:53:37 +0100] "GET /fls_1_aktuelles.php HTTP/1.1" 404 1256 "-" "Java/1.7.0_51"
199.83.185.245 - - [20/Feb/2014:15:53:37 +0100] "GET /fls_2_fremdsprachensekr.php HTTP/1.1" 404 1256 "-" "Java/1.7.0_51"
199.83.185.245 - - [20/Feb/2014:15:53:37 +0100] "GET /fls_3_fls_international.php HTTP/1.1" 404 1256 "-" "Java/1.7.0_51"
199.83.185.245 - - [20/Feb/2014:15:53:37 +0100] "GET /fls_4_faq.php HTTP/1.1" 404 1256 "-" "Java/1.7.0_51"
199.83.185.245 - - [20/Feb/2014:15:53:38 +0100] "GET /fls_4_impressum.php HTTP/1.1" 404 1256 "-" "Java/1.7.0_51"
199.83.185.245 - - [20/Feb/2014:15:53:38 +0100] "GET /fls_4_kontakt_anmeldung.php HTTP/1.1" 404 1256 "-" "Java/1.7.0_51"
199.83.185.245 - - [20/Feb/2014:15:53:38 +0100] "GET /index.php HTTP/1.1" 302 - "-" "Java/1.7.0_51"
199.83.185.245 - - [20/Feb/2014:15:53:39 +0100] "GET /index_en.php HTTP/1.1" 404 1256 "-" "Java/1.7.0_51"
199.83.185.245 - - [20/Feb/2014:15:53:39 +0100] "GET /index_fr.php HTTP/1.1" 404 1256 "-" "Java/1.7.0_51"
199.83.185.245 - - [20/Feb/2014:15:53:40 +0100] "GET /index_sp.php HTTP/1.1" 404 1256 "-" "Java/1.7.0_51"
199.83.185.245 - - [20/Feb/2014:15:53:40 +0100] "GET /& HTTP/1.1" 404 1256 "-" "Java/1.7.0_51"
199.83.185.245 - - [20/Feb/2014:15:53:40 +0100] "GET /& HTTP/1.1" 404 1256 "-" "Java/1.7.0_51"
199.83.185.245 - - [20/Feb/2014:15:53:41 +0100] "GET /& HTTP/1.1" 404 1256 "-" "Java/1.7.0_51"
199.83.185.245 - - [20/Feb/2014:15:53:41 +0100] "GET /& HTTP/1.1" 404 1256 "-" "Java/1.7.0_51"
199.83.185.245 - - [20/Feb/2014:15:53:41 +0100] "GET /& HTTP/1.1" 404 1256 "-" "Java/1.7.0_51"
199.83.185.245 - - [20/Feb/2014:15:53:41 +0100] "GET /& HTTP/1.1" 404 1256 "-" "Java/1.7.0_51"
199.83.185.245 - - [20/Feb/2014:15:53:42 +0100] "GET /& HTTP/1.1" 404 1256 "-" "Java/1.7.0_51"
199.83.185.245 - - [20/Feb/2014:15:53:42 +0100] "GET /& HTTP/1.1" 404 1256 "-" "Java/1.7.0_51"
199.83.185.245 - - [20/Feb/2014:15:53:42 +0100] "GET /& HTTP/1.1" 404 1256 "-" "Java/1.7.0_51"
199.83.185.245 - - [20/Feb/2014:15:53:43 +0100] "GET /& HTTP/1.1" 404 1256 "-" "Java/1.7.0_51"
199.83.185.245 - - [20/Feb/2014:15:53:43 +0100] "GET /& HTTP/1.1" 404 1256 "-" "Java/1.7.0_51"
199.83.185.245 - - [20/Feb/2014:15:53:43 +0100] "GET /& HTTP/1.1" 404 1256 "-" "Java/1.7.0_51"
199.83.185.245 - - [20/Feb/2014:15:53:43 +0100] "GET /& HTTP/1.1" 404 1256 "-" "Java/1.7.0_51"
199.83.185.245 - - [20/Feb/2014:15:53:44 +0100] "GET /& HTTP/1.1" 404 1256 "-" "Java/1.7.0_51"
199.83.185.245 - - [20/Feb/2014:15:53:44 +0100] "GET /& HTTP/1.1" 404 1256 "-" "Java/1.7.0_51"
199.83.185.245 - - [20/Feb/2014:15:53:44 +0100] "GET /& HTTP/1.1" 404 1256 "-" "Java/1.7.0_51"
199.83.185.245 - - [20/Feb/2014:15:53:45 +0100] "GET /& HTTP/1.1" 404 1256 "-" "Java/1.7.0_51"
199.83.185.245 - - [20/Feb/2014:15:53:45 +0100] "GET /& HTTP/1.1" 404 1256 "-" "Java/1.7.0_51"
199.83.185.245 - - [20/Feb/2014:15:53:45 +0100] "GET /& HTTP/1.1" 404 1256 "-" "Java/1.7.0_51"
199.83.185.245 - - [20/Feb/2014:15:53:45 +0100] "GET /& HTTP/1.1" 404 1256 "-" "Java/1.7.0_51"
66.249.78.236 - - [20/Feb/2014:16:21:55 +0100] "GET /include.php?path=contentarchive&type=4&letter=Q&catid=8&themeid=0&searchtext=&entries=0&order=&nid=21 HTTP/1.1" 404 1256 "-" "Mozilla/5.0 (compatible; Googlebot/2.1; +http://www.google.com/bot.html)"
198.143.187.114 - - [20/Feb/2014:21:15:48 +0100] "GET / HTTP/1.1" 302 - "-" "Mozilla/5.0 (compatible; BLEXBot/1.0; +http://webmeup-crawler.com/)"
66.249.78.199 - - [20/Feb/2014:21:31:28 +0100] "GET /include.php?path=contentarchive&type=2&letter=alle&catid=9&themeid=0&searchtext=&entries=0&order=titled HTTP/1.1" 404 1256 "-" "Mozilla/5.0 (compatible; Googlebot/2.1; +http://www.google.com/bot.html)"
46.182.92.133 - - [20/Feb/2014:21:56:30 +0100] "GET / HTTP/1.1" 302 - "-" "Java/1.7.0_45"
66.249.78.169 - - [20/Feb/2014:22:09:22 +0100] "GET /include.php?path=contentarchive&type=2&catid=9&letter=P&entries=0&searchtext=&order=title HTTP/1.1" 404 1256 "-" "Mozilla/5.0 (compatible; Googlebot/2.1; +http://www.google.com/bot.html)"
87.142.119.113 - - [20/Feb/2014:22:12:55 +0100] "GET / HTTP/1.1" 302 - "http://www.google.de/url?sa=t&rct=j&q=&esrc=s&frm=1&source=web&cd=1&ved=0CCYQFjAA&url=http%3A%2F%2Fwww.friedrich-list-berlin.de%2F&ei=nm8GU-WjNMnBtQbHjYGIAw&usg=AFQjCNGsKs3TvBQ4z91zrYvo9_SfKi5nug&bvm=bv.61725948,d.Yms" "Mozilla/5.0 (compatible; MSIE 10.0; Windows NT 6.1; WOW64; Trident/6.0)"
208.115.111.69 - - [21/Feb/2014:01:37:20 +0100] "GET /robots.txt HTTP/1.1" 404 1256 "-" "Mozilla/5.0 (compatible; Ezooms/1.0; help@moz.com)"
193.175.194.33 - - [21/Feb/2014:02:23:06 +0100] "GET / HTTP/1.1" 302 - "-" "Bildungsserver-Linkchecker DBS 0.9 (http://www.bildungsserver.de)"
208.115.111.69 - - [21/Feb/2014:03:25:15 +0100] "GET /?path=content&contentid=47&nid=17 HTTP/1.1" 302 - "-" "Mozilla/5.0 (compatible; Ezooms/1.0; help@moz.com)"
208.115.113.85 - - [21/Feb/2014:07:50:41 +0100] "GET /robots.txt HTTP/1.1" 404 1256 "-" "Mozilla/5.0 (compatible; Ezooms/1.0; help@moz.com)"
66.249.78.236 - - [21/Feb/2014:08:42:12 +0100] "GET /robots.txt HTTP/1.1" 404 1256 "-" "Mozilla/5.0 (compatible; Googlebot/2.1; +http://www.google.com/bot.html)"
66.249.78.236 - - [21/Feb/2014:08:42:12 +0100] "GET /include.php?path=contentarchive&type=2&letter=B&catid=1&themeid=0&searchtext=&entries=0&order=title HTTP/1.1" 404 1256 "-" "Mozilla/5.0 (compatible; Googlebot/2.1; +http://www.google.com/bot.html)"
91.64.111.55 - - [21/Feb/2014:09:33:26 +0100] "GET / HTTP/1.1" 302 - "-" "Mozilla/5.0 (Windows NT 6.1; WOW64; rv:27.0) Gecko/20100101 Firefox/27.0"
208.115.111.69 - - [21/Feb/2014:09:38:02 +0100] "GET /robots.txt HTTP/1.1" 404 1256 "-" "Mozilla/5.0 (compatible; Ezooms/1.0; help@moz.com)"
66.249.78.236 - - [21/Feb/2014:10:00:14 +0100] "GET /include.php?path=contentarchive&type=2&catid=1&letter=T&entries=0&searchtext=&order=dated HTTP/1.1" 404 1256 "-" "Mozilla/5.0 (compatible; Googlebot/2.1; +http://www.google.com/bot.html)"
208.115.113.85 - - [21/Feb/2014:10:01:38 +0100] "GET /include.php?path=contentarchive&type=3&letter=Z&catid=0&themeid=0&searchtext=&entries=0&order= HTTP/1.1" 404 1256 "-" "Mozilla/5.0 (compatible; Ezooms/1.0; help@moz.com)"
66.249.78.236 - - [21/Feb/2014:10:09:31 +0100] "GET / HTTP/1.1" 302 - "-" "Mozilla/5.0 (iPhone; CPU iPhone OS 6_0 like Mac OS X) AppleWebKit/536.26 (KHTML, like Gecko) Version/6.0 Mobile/10A5376e Safari/8536.25 (compatible; Googlebot/2.1; +http://www.google.com/bot.html)"
141.8.147.12 - - [21/Feb/2014:10:47:25 +0100] "GET /robots.txt HTTP/1.1" 404 1256 "-" "Mozilla/5.0 (compatible; YandexBot/3.0; +http://yandex.com/bots)"
208.115.111.69 - - [21/Feb/2014:11:30:05 +0100] "GET /?path=contentarchive&type=2&letter=F&catid=0&themeid=0&searchtext=&entries=0&order= HTTP/1.1" 302 - "-" "Mozilla/5.0 (compatible; Ezooms/1.0; help@moz.com)"
95.91.241.151 - - [21/Feb/2014:11:45:03 +0100] "GET / HTTP/1.1" 302 - "http://www.google.de/url?sa=t&rct=j&q=&esrc=s&source=web&cd=10&ved=0CJ0BEKACMAk&url=http%3A%2F%2Fwww.friedrich-list-berlin.de%2F&ei=qSoHU7KRPMPNtQb5yICwBA&usg=AFQjCNGsKs3TvBQ4z91zrYvo9_SfKi5nug&bvm=bv.61725948,d.Yms" "Mozilla/5.0 (Windows NT 6.1; WOW64; rv:27.0) Gecko/20100101 Firefox/27.0"
66.249.78.236 - - [21/Feb/2014:11:47:37 +0100] "GET /include.php?path=login&mode=lostpassword&nid=19 HTTP/1.1" 404 1256 "-" "Mozilla/5.0 (compatible; Googlebot/2.1; +http://www.google.com/bot.html)"
208.115.113.85 - - [21/Feb/2014:11:57:19 +0100] "GET /robots.txt HTTP/1.1" 404 1256 "-" "Mozilla/5.0 (compatible; Ezooms/1.0; help@moz.com)"
178.255.215.70 - - [21/Feb/2014:12:04:25 +0100] "GET /robots.txt HTTP/1.1" 404 1256 "-" "Mozilla/5.0 (compatible; Exabot/3.0; +http://www.exabot.com/go/robot)"
178.255.215.70 - - [21/Feb/2014:12:04:25 +0100] "GET /?path=content&contentid=31 HTTP/1.1" 302 - "-" "Mozilla/5.0 (compatible; Exabot/3.0; +http://www.exabot.com/go/robot)"
178.255.215.70 - - [21/Feb/2014:12:24:47 +0100] "GET /?path=content&contentid=40 HTTP/1.1" 302 - "-" "Mozilla/5.0 (compatible; Exabot/3.0; +http://www.exabot.com/go/robot)"
66.249.78.236 - - [21/Feb/2014:13:18:19 +0100] "GET /include.php?path=contentarchive&type=2&catid=1&letter=I&entries=0&searchtext=&order=title HTTP/1.1" 404 1256 "-" "Mozilla/5.0 (compatible; Googlebot/2.1; +http://www.google.com/bot.html)"
208.115.111.69 - - [21/Feb/2014:13:39:01 +0100] "GET /robots.txt HTTP/1.1" 404 1256 "-" "Mozilla/5.0 (compatible; Ezooms/1.0; help@moz.com)"
188.138.41.109 - - [21/Feb/2014:14:01:31 +0100] "GET /robots.txt HTTP/1.1" 404 1256 "-" "Mozilla/5.0 (X11; U; Linux i686; de; rv:1.9.0.1; compatible; iCjobs Stellenangebote Jobs; http://www.icjobs.de) Gecko/20100401 iCjobs/3.2.3"
188.138.41.109 - - [21/Feb/2014:14:01:31 +0100] "GET / HTTP/1.1" 302 - "-" "Mozilla/5.0 (X11; U; Linux i686; de; rv:1.9.0.1; compatible; iCjobs Stellenangebote Jobs; http://www.icjobs.de) Gecko/20100401 iCjobs/3.2.3"
188.138.41.109 - - [21/Feb/2014:14:01:32 +0100] "GET / HTTP/1.1" 302 - "-" "Mozilla/5.0 (X11; U; Linux i686; de; rv:1.9.0.1; compatible; iCjobs Stellenangebote Jobs; http://www.icjobs.de) Gecko/20100401 iCjobs/3.2.3"
208.115.113.85 - - [21/Feb/2014:14:12:32 +0100] "GET /include.php?path=contentarchive&type=2&letter=S&catid=0&themeid=0&searchtext=&entries=0&order=&nid=21 HTTP/1.1" 404 1256 "-" "Mozilla/5.0 (compatible; Ezooms/1.0; help@moz.com)"
141.8.147.12 - - [21/Feb/2014:14:47:36 +0100] "GET /robots.txt HTTP/1.1" 404 1256 "-" "Mozilla/5.0 (compatible; YandexBot/3.0; +http://yandex.com/bots)"
141.8.147.12 - - [21/Feb/2014:14:47:38 +0100] "GET / HTTP/1.1" 302 - "-" "Mozilla/5.0 (compatible; YandexBot/3.0; +http://yandex.com/bots)"
66.249.78.236 - - [21/Feb/2014:14:51:11 +0100] "GET /include.php?path=contentarchive&type=2&catid=1&letter=P&entries=0&searchtext=&order=titled HTTP/1.1" 404 1256 "-" "Mozilla/5.0 (compatible; Googlebot/2.1; +http://www.google.com/bot.html)"
141.8.147.12 - - [21/Feb/2014:15:25:09 +0100] "GET / HTTP/1.1" 302 - "-" "Mozilla/5.0 (compatible; YandexBot/3.0; +http://yandex.com/bots)"
208.115.111.69 - - [21/Feb/2014:15:33:37 +0100] "GET /include.php?path=contentarchive&type=2&letter=alle&catid=0&themeid=0&searchtext=&entries=0&order= HTTP/1.1" 404 1256 "-" "Mozilla/5.0 (compatible; Ezooms/1.0; help@moz.com)"
66.249.78.236 - - [21/Feb/2014:16:30:30 +0100] "GET /include.php?path=contentarchive&type=2&catid=1&letter=Y&entries=0&searchtext=&order=date HTTP/1.1" 404 1256 "-" "Mozilla/5.0 (compatible; Googlebot/2.1; +http://www.google.com/bot.html)"
101.226.168.235 - - [21/Feb/2014:17:32:01 +0100] "GET /robots.txt HTTP/1.1" 404 1256 "http://www.friedrich-list-berlin.de/robots.txt" "Mozilla/4.0 (compatible; MSIE 8.0; Windows NT 6.1; Trident/4.0; SLCC2; .NET CLR 2.0.50727; .NET CLR 3.5.30729; .NET CLR 3.0.30729; Media Center PC 6.0; MDDR; .NET4.0C; .NET4.0E; .NET CLR 1.1.4322; Tablet PC 2.0); 360Spider"
208.115.111.69 - - [21/Feb/2014:17:38:16 +0100] "GET /robots.txt HTTP/1.1" 404 1256 "-" "Mozilla/5.0 (compatible; Ezooms/1.0; help@moz.com)"
188.102.143.151 - - [21/Feb/2014:17:58:22 +0100] "GET / HTTP/1.1" 302 - "http://www.berlin.de/sen/bildung/schulverzeichnis_und_portraets/anwendung/Schulportrait.aspx?IDSchulzweig=11651" "Mozilla/5.0 (compatible; MSIE 9.0; Windows NT 6.0; Trident/5.0)"
208.115.111.69 - - [21/Feb/2014:19:28:06 +0100] "GET /include.php?path=content&contentid=81&nid=2 HTTP/1.1" 404 1256 "-" "Mozilla/5.0 (compatible; Ezooms/1.0; help@moz.com)"
208.115.111.69 - - [21/Feb/2014:19:28:09 +0100] "GET /include.php?path=contentarchive&type=2&letter=P&catid=0&themeid=0&searchtext=&entries=0&order=&nid=32 HTTP/1.1" 404 1256 "-" "Mozilla/5.0 (compatible; Ezooms/1.0; help@moz.com)"
208.115.113.85 - - [21/Feb/2014:19:56:07 +0100] "GET /robots.txt HTTP/1.1" 404 1256 "-" "Mozilla/5.0 (compatible; Ezooms/1.0; help@moz.com)"
65.55.215.234 - - [21/Feb/2014:20:42:43 +0100] "GET / HTTP/1.1" 302 - "-" "Mozilla/4.0 (compatible; MSIE 7.0; Windows NT 5.2; SLCC1; .NET CLR 1.1.4325; .NET CLR 2.0.40607; .NET CLR 3.0.04506.648)"
121.170.101.1 - - [21/Feb/2014:20:48:45 +0100] "GET / HTTP/1.1" 302 - "-" "Java/1.7.0_45"
121.170.101.1 - - [21/Feb/2014:20:48:47 +0100] "GET /fls_1_aktuelles.php HTTP/1.1" 404 1256 "-" "Java/1.7.0_45"
121.170.101.1 - - [21/Feb/2014:20:48:48 +0100] "GET /fls_2_fremdsprachensekr.php HTTP/1.1" 404 1256 "-" "Java/1.7.0_45"
121.170.101.1 - - [21/Feb/2014:20:48:49 +0100] "GET /fls_3_fls_international.php HTTP/1.1" 404 1256 "-" "Java/1.7.0_45"
121.170.101.1 - - [21/Feb/2014:20:48:49 +0100] "GET /fls_4_faq.php HTTP/1.1" 404 1256 "-" "Java/1.7.0_45"
121.170.101.1 - - [21/Feb/2014:20:48:50 +0100] "GET /fls_4_impressum.php HTTP/1.1" 404 1256 "-" "Java/1.7.0_45"
121.170.101.1 - - [21/Feb/2014:20:48:51 +0100] "GET /fls_4_kontakt_anmeldung.php HTTP/1.1" 404 1256 "-" "Java/1.7.0_45"
121.170.101.1 - - [21/Feb/2014:20:48:51 +0100] "GET /index.php HTTP/1.1" 302 - "-" "Java/1.7.0_45"
121.170.101.1 - - [21/Feb/2014:20:48:54 +0100] "GET /index_en.php HTTP/1.1" 404 1256 "-" "Java/1.7.0_45"
121.170.101.1 - - [21/Feb/2014:20:48:54 +0100] "GET /index_fr.php HTTP/1.1" 404 1256 "-" "Java/1.7.0_45"
121.170.101.1 - - [21/Feb/2014:20:48:55 +0100] "GET /index_sp.php HTTP/1.1" 404 1256 "-" "Java/1.7.0_45"
121.170.101.1 - - [21/Feb/2014:20:48:55 +0100] "GET /& HTTP/1.1" 404 1256 "-" "Java/1.7.0_45"
121.170.101.1 - - [21/Feb/2014:20:48:56 +0100] "GET /& HTTP/1.1" 404 1256 "-" "Java/1.7.0_45"
121.170.101.1 - - [21/Feb/2014:20:48:57 +0100] "GET /& HTTP/1.1" 404 1256 "-" "Java/1.7.0_45"
121.170.101.1 - - [21/Feb/2014:20:48:57 +0100] "GET /& HTTP/1.1" 404 1256 "-" "Java/1.7.0_45"
121.170.101.1 - - [21/Feb/2014:20:48:58 +0100] "GET /& HTTP/1.1" 404 1256 "-" "Java/1.7.0_45"
121.170.101.1 - - [21/Feb/2014:20:48:59 +0100] "GET /& HTTP/1.1" 404 1256 "-" "Java/1.7.0_45"
121.170.101.1 - - [21/Feb/2014:20:48:59 +0100] "GET /& HTTP/1.1" 404 1256 "-" "Java/1.7.0_45"
121.170.101.1 - - [21/Feb/2014:20:49:00 +0100] "GET /& HTTP/1.1" 404 1256 "-" "Java/1.7.0_45"
121.170.101.1 - - [21/Feb/2014:20:49:01 +0100] "GET /& HTTP/1.1" 404 1256 "-" "Java/1.7.0_45"
121.170.101.1 - - [21/Feb/2014:20:49:01 +0100] "GET /& HTTP/1.1" 404 1256 "-" "Java/1.7.0_45"
121.170.101.1 - - [21/Feb/2014:20:49:02 +0100] "GET /& HTTP/1.1" 404 1256 "-" "Java/1.7.0_45"
121.170.101.1 - - [21/Feb/2014:20:49:02 +0100] "GET /& HTTP/1.1" 404 1256 "-" "Java/1.7.0_45"
121.170.101.1 - - [21/Feb/2014:20:49:03 +0100] "GET /& HTTP/1.1" 404 1256 "-" "Java/1.7.0_45"
121.170.101.1 - - [21/Feb/2014:20:49:04 +0100] "GET /& HTTP/1.1" 404 1256 "-" "Java/1.7.0_45"
121.170.101.1 - - [21/Feb/2014:20:49:04 +0100] "GET /& HTTP/1.1" 404 1256 "-" "Java/1.7.0_45"
121.170.101.1 - - [21/Feb/2014:20:49:05 +0100] "GET /& HTTP/1.1" 404 1256 "-" "Java/1.7.0_45"
121.170.101.1 - - [21/Feb/2014:20:49:06 +0100] "GET /& HTTP/1.1" 404 1256 "-" "Java/1.7.0_45"
121.170.101.1 - - [21/Feb/2014:20:49:06 +0100] "GET /& HTTP/1.1" 404 1256 "-" "Java/1.7.0_45"
121.170.101.1 - - [21/Feb/2014:20:49:07 +0100] "GET /& HTTP/1.1" 404 1256 "-" "Java/1.7.0_45"
121.170.101.1 - - [21/Feb/2014:20:49:07 +0100] "GET /& HTTP/1.1" 404 1256 "-" "Java/1.7.0_45"
178.77.126.55 - - [21/Feb/2014:21:31:29 +0100] "GET /robots.txt HTTP/1.1" 404 1256 "-" "Mozilla/5.0 (compatible; CareerBot/1.1; +http://www.career-x.de/bot.html)"
178.77.126.55 - - [21/Feb/2014:21:31:29 +0100] "GET / HTTP/1.1" 302 - "-" "Mozilla/5.0 (compatible; CareerBot/1.1; +http://www.career-x.de/bot.html)"
208.115.111.69 - - [21/Feb/2014:21:37:59 +0100] "GET /robots.txt HTTP/1.1" 404 1256 "-" "Mozilla/5.0 (compatible; Ezooms/1.0; help@moz.com)"
208.115.113.85 - - [21/Feb/2014:22:03:57 +0100] "GET /include.php?path=contentarchive&type=3&letter=P&catid=0&themeid=0&searchtext=&entries=0&order= HTTP/1.1" 404 1256 "-" "Mozilla/5.0 (compatible; Ezooms/1.0; help@moz.com)"
208.184.81.101 - - [21/Feb/2014:22:47:06 +0100] "GET /robots.txt HTTP/1.1" 404 1256 "-" "Mozilla/5.0 (compatible; Ezooms/1.0; help@moz.com)"
141.8.147.12 - - [21/Feb/2014:23:28:44 +0100] "GET /robots.txt HTTP/1.1" 404 1256 "-" "Mozilla/5.0 (compatible; YandexBot/3.0; +http://yandex.com/bots)"
208.115.111.69 - - [21/Feb/2014:23:29:28 +0100] "GET /include.php?path=contentarchive&type=3&letter=K&catid=0&themeid=0&searchtext=&entries=0&order= HTTP/1.1" 404 1256 "-" "Mozilla/5.0 (compatible; Ezooms/1.0; help@moz.com)"
208.115.111.69 - - [21/Feb/2014:23:29:31 +0100] "GET /include.php?path=contentarchive&type=3&letter=N&catid=0&themeid=0&searchtext=&entries=0&order= HTTP/1.1" 404 1256 "-" "Mozilla/5.0 (compatible; Ezooms/1.0; help@moz.com)"
208.115.113.85 - - [21/Feb/2014:23:51:23 +0100] "GET /robots.txt HTTP/1.1" 404 1256 "-" "Mozilla/5.0 (compatible; Ezooms/1.0; help@moz.com)"
66.249.78.236 - - [22/Feb/2014:00:12:30 +0100] "GET /robots.txt HTTP/1.1" 404 1256 "-" "Mozilla/5.0 (compatible; Googlebot/2.1; +http://www.google.com/bot.html)"
66.249.78.236 - - [22/Feb/2014:00:12:30 +0100] "GET /?path=contentarchive&type=2&letter=R&catid=0&themeid=0&searchtext=&entries=0&order=&nid=21 HTTP/1.1" 302 - "-" "Mozilla/5.0 (compatible; Googlebot/2.1; +http://www.google.com/bot.html)"
82.119.0.138 - - [22/Feb/2014:00:43:06 +0100] "GET / HTTP/1.1" 302 - "https://www.google.de/" "Mozilla/5.0 (Linux; Android 4.3; SM-N9005 Build/JSS15J) AppleWebKit/537.36 (KHTML, like Gecko) Chrome/32.0.1700.99 Mobile Safari/537.36"
84.215.176.221 - - [22/Feb/2014:00:56:03 +0100] "GET / HTTP/1.1" 302 - "-" "Java/1.4.1_04"
84.215.176.221 - - [22/Feb/2014:00:56:04 +0100] "GET /fls_1_aktuelles.php HTTP/1.1" 404 1256 "-" "Java/1.4.1_04"
84.215.176.221 - - [22/Feb/2014:00:56:04 +0100] "GET /fls_2_fremdsprachensekr.php HTTP/1.1" 404 1256 "-" "Java/1.4.1_04"
84.215.176.221 - - [22/Feb/2014:00:56:05 +0100] "GET /fls_3_fls_international.php HTTP/1.1" 404 1256 "-" "Java/1.4.1_04"
84.215.176.221 - - [22/Feb/2014:00:56:05 +0100] "GET /fls_4_faq.php HTTP/1.1" 404 1256 "-" "Java/1.4.1_04"
84.215.176.221 - - [22/Feb/2014:00:56:05 +0100] "GET /fls_4_impressum.php HTTP/1.1" 404 1256 "-" "Java/1.4.1_04"
84.215.176.221 - - [22/Feb/2014:00:56:05 +0100] "GET /fls_4_kontakt_anmeldung.php HTTP/1.1" 404 1256 "-" "Java/1.4.1_04"
84.215.176.221 - - [22/Feb/2014:00:56:05 +0100] "GET /index.php HTTP/1.1" 302 - "-" "Java/1.4.1_04"
84.215.176.221 - - [22/Feb/2014:00:56:07 +0100] "GET /index_en.php HTTP/1.1" 404 1256 "-" "Java/1.4.1_04"
84.215.176.221 - - [22/Feb/2014:00:56:07 +0100] "GET /index_fr.php HTTP/1.1" 404 1256 "-" "Java/1.4.1_04"
84.215.176.221 - - [22/Feb/2014:00:56:07 +0100] "GET /index_sp.php HTTP/1.1" 404 1256 "-" "Java/1.4.1_04"
84.215.176.221 - - [22/Feb/2014:00:56:07 +0100] "GET /& HTTP/1.1" 404 1256 "-" "Java/1.4.1_04"
84.215.176.221 - - [22/Feb/2014:00:56:07 +0100] "GET /& HTTP/1.1" 404 1256 "-" "Java/1.4.1_04"
84.215.176.221 - - [22/Feb/2014:00:56:08 +0100] "GET /& HTTP/1.1" 404 1256 "-" "Java/1.4.1_04"
84.215.176.221 - - [22/Feb/2014:00:56:08 +0100] "GET /& HTTP/1.1" 404 1256 "-" "Java/1.4.1_04"
84.215.176.221 - - [22/Feb/2014:00:56:08 +0100] "GET /& HTTP/1.1" 404 1256 "-" "Java/1.4.1_04"
84.215.176.221 - - [22/Feb/2014:00:56:08 +0100] "GET /& HTTP/1.1" 404 1256 "-" "Java/1.4.1_04"
84.215.176.221 - - [22/Feb/2014:00:56:08 +0100] "GET /& HTTP/1.1" 404 1256 "-" "Java/1.4.1_04"
84.215.176.221 - - [22/Feb/2014:00:56:08 +0100] "GET /& HTTP/1.1" 404 1256 "-" "Java/1.4.1_04"
84.215.176.221 - - [22/Feb/2014:00:56:09 +0100] "GET /& HTTP/1.1" 404 1256 "-" "Java/1.4.1_04"
84.215.176.221 - - [22/Feb/2014:00:56:09 +0100] "GET /& HTTP/1.1" 404 1256 "-" "Java/1.4.1_04"
84.215.176.221 - - [22/Feb/2014:00:56:09 +0100] "GET /& HTTP/1.1" 404 1256 "-" "Java/1.4.1_04"
84.215.176.221 - - [22/Feb/2014:00:56:09 +0100] "GET /& HTTP/1.1" 404 1256 "-" "Java/1.4.1_04"
84.215.176.221 - - [22/Feb/2014:00:56:09 +0100] "GET /& HTTP/1.1" 404 1256 "-" "Java/1.4.1_04"
84.215.176.221 - - [22/Feb/2014:00:56:09 +0100] "GET /& HTTP/1.1" 404 1256 "-" "Java/1.4.1_04"
84.215.176.221 - - [22/Feb/2014:00:56:10 +0100] "GET /& HTTP/1.1" 404 1256 "-" "Java/1.4.1_04"
84.215.176.221 - - [22/Feb/2014:00:56:10 +0100] "GET /& HTTP/1.1" 404 1256 "-" "Java/1.4.1_04"
84.215.176.221 - - [22/Feb/2014:00:56:10 +0100] "GET /& HTTP/1.1" 404 1256 "-" "Java/1.4.1_04"
84.215.176.221 - - [22/Feb/2014:00:56:10 +0100] "GET /& HTTP/1.1" 404 1256 "-" "Java/1.4.1_04"
84.215.176.221 - - [22/Feb/2014:00:56:10 +0100] "GET /& HTTP/1.1" 404 1256 "-" "Java/1.4.1_04"
84.215.176.221 - - [22/Feb/2014:00:56:11 +0100] "GET /& HTTP/1.1" 404 1256 "-" "Java/1.4.1_04"
208.115.113.94 - - [22/Feb/2014:01:40:55 +0100] "GET /robots.txt HTTP/1.1" 404 1256 "-" "Mozilla/5.0 (compatible; Ezooms/1.0; help@moz.com)"
208.115.113.85 - - [22/Feb/2014:01:58:37 +0100] "GET /include.php?path=contentarchive&type=2&letter=E&catid=0&themeid=0&searchtext=&entries=0&order=title HTTP/1.1" 404 1256 "-" "Mozilla/5.0 (compatible; Ezooms/1.0; help@moz.com)"
208.115.113.85 - - [22/Feb/2014:03:57:04 +0100] "GET /robots.txt HTTP/1.1" 404 1256 "-" "Mozilla/5.0 (compatible; Ezooms/1.0; help@moz.com)"
208.115.113.85 - - [22/Feb/2014:06:07:24 +0100] "GET /include.php?path=contentarchive&type=2&letter=C&catid=0&themeid=0&searchtext=&entries=0&order=title HTTP/1.1" 404 1256 "-" "Mozilla/5.0 (compatible; Ezooms/1.0; help@moz.com)"
208.115.113.85 - - [22/Feb/2014:06:07:32 +0100] "GET /include.php?path=contentarchive&type=3&letter=L&catid=0&themeid=0&searchtext=&entries=0&order= HTTP/1.1" 404 1256 "-" "Mozilla/5.0 (compatible; Ezooms/1.0; help@moz.com)"
178.255.215.70 - - [22/Feb/2014:07:23:30 +0100] "GET /?path=content&contentid=39&nid=4 HTTP/1.1" 302 - "-" "Mozilla/5.0 (compatible; Exabot/3.0; +http://www.exabot.com/go/robot)"
80.237.234.132 - - [22/Feb/2014:11:11:40 +0100] "GET / HTTP/1.1" 302 - "http://www.google.com/url?sa=t&rct=j&q=friedrich-list-berlin.de&source=web&cd=1&ved=0CCcQFjAA&url=http%3A%2F%2Fwww.friedrich-list-berlin.de%2F&ei=gncIU_2VIIGNtAaY84HgAQ&usg=AFQjCNGsKs3TvBQ4z91zrYvo9_SfKi5nug&bvm=bv.61725948,d.Yms" "Mozilla/4.0 (compatible; MSIE 8.0; Windows NT 6.1; Trident/4.0; GTB7.5; SLCC2; .NET CLR 2.0.50727; .NET CLR 3.5.30729; .NET CLR 3.0.30729; eSobiSubscriber 2.0.4.16; InfoPath.2)"
208.115.113.85 - - [22/Feb/2014:11:52:28 +0100] "GET /robots.txt HTTP/1.1" 404 1256 "-" "Mozilla/5.0 (compatible; Ezooms/1.0; help@moz.com)"
85.178.155.115 - - [22/Feb/2014:11:54:21 +0100] "GET / HTTP/1.1" 302 - "https://www.google.de/" "Mozilla/5.0 (Linux; U; Android 4.1.1; de-de; HTC_Desire_X Build/JRO03C) AppleWebKit/534.30 (KHTML, like Gecko) Version/4.0 Mobile Safari/534.30"
46.37.69.188 - - [22/Feb/2014:13:27:35 +0100] "GET / HTTP/1.1" 302 - "-" "Java/1.4.1_04"
77.185.91.56 - - [22/Feb/2014:13:31:26 +0100] "GET / HTTP/1.1" 302 - "http://www.google.de/url?sa=t&rct=j&q=technikerschule%20berlin&source=web&cd=12&ved=0CFAQ_BcwCw&url=http%3A%2F%2Fwww.friedrich-list-berlin.de%2F&ei=NZgIU5zLI8iqtAar-IF4&usg=AFQjCNGsKs3TvBQ4z91zrYvo9_SfKi5nug&bvm=bv.61725948,d.Yms" "Mozilla/5.0 (Linux; U; Android 4.2.2; de-de; GT-P5210 Build/JDQ39) AppleWebKit/534.30 (KHTML, like Gecko) Version/4.0 Safari/534.30"
208.115.113.85 - - [22/Feb/2014:13:53:42 +0100] "GET /include.php?path=contentarchive&type=2&letter=C&catid=0&themeid=0&searchtext=&entries=0&order= HTTP/1.1" 404 1256 "-" "Mozilla/5.0 (compatible; Ezooms/1.0; help@moz.com)"
212.227.97.6 - - [22/Feb/2014:14:48:26 +0100] "GET / HTTP/1.1" 302 - "-" "Mozilla/4.0 (Compatible; Windows NT 5.1; MSIE 6.0) (compatible; MSIE 6.0; Windows NT 5.1; .NET CLR 1.1.4322; .NET CLR 2.0.50727)"
212.227.97.6 - - [22/Feb/2014:14:48:27 +0100] "GET /fls_4_impressum.php HTTP/1.1" 404 1256 "-" "Mozilla/4.0 (Compatible; Windows NT 5.1; MSIE 6.0) (compatible; MSIE 6.0; Windows NT 5.1; .NET CLR 1.1.4322; .NET CLR 2.0.50727)"
66.249.74.100 - - [22/Feb/2014:15:11:29 +0100] "GET /robots.txt HTTP/1.1" 404 1256 "-" "Mozilla/5.0 (compatible; Googlebot/2.1; +http://www.google.com/bot.html)"
66.249.78.236 - - [22/Feb/2014:15:11:29 +0100] "GET /include.php?path=contentarchive&type=2&catid=9&letter=T&entries=0&searchtext=&order=dated&nid=32 HTTP/1.1" 404 1256 "-" "Mozilla/5.0 (compatible; Googlebot/2.1; +http://www.google.com/bot.html)"
208.115.113.85 - - [22/Feb/2014:15:54:22 +0100] "GET /robots.txt HTTP/1.1" 404 1256 "-" "Mozilla/5.0 (compatible; Ezooms/1.0; help@moz.com)"
66.249.78.236 - - [22/Feb/2014:16:30:54 +0100] "GET /include.php?path=contentarchive&type=1&letter=Q&catid=10&themeid=0&searchtext=&entries=0&order=titled&nid=19 HTTP/1.1" 404 1256 "-" "Mozilla/5.0 (compatible; Googlebot/2.1; +http://www.google.com/bot.html)"
141.8.147.12 - - [22/Feb/2014:16:58:24 +0100] "GET /robots.txt HTTP/1.1" 404 1256 "-" "Mozilla/5.0 (compatible; YandexBot/3.0; +http://yandex.com/bots)"
208.115.111.69 - - [22/Feb/2014:17:38:08 +0100] "GET /robots.txt HTTP/1.1" 404 1256 "-" "Mozilla/5.0 (compatible; Ezooms/1.0; help@moz.com)"
208.115.113.85 - - [22/Feb/2014:18:06:29 +0100] "GET /include.php?path=content&contentid=47&nid=17 HTTP/1.1" 404 1256 "-" "Mozilla/5.0 (compatible; Ezooms/1.0; help@moz.com)"
208.115.113.85 - - [22/Feb/2014:18:06:31 +0100] "GET /include.php?path=contentarchive&type=2&letter=G&catid=0&themeid=0&searchtext=&entries=0&order=title HTTP/1.1" 404 1256 "-" "Mozilla/5.0 (compatible; Ezooms/1.0; help@moz.com)"
208.115.111.69 - - [22/Feb/2014:19:28:42 +0100] "GET /include.php?path=contentarchive&type=2 HTTP/1.1" 404 1256 "-" "Mozilla/5.0 (compatible; Ezooms/1.0; help@moz.com)"
208.115.111.69 - - [22/Feb/2014:19:28:48 +0100] "GET /include.php?path=contentarchive&type=3&letter=Q&catid=0&themeid=0&searchtext=&entries=0&order= HTTP/1.1" 404 1256 "-" "Mozilla/5.0 (compatible; Ezooms/1.0; help@moz.com)"
46.115.54.124 - - [22/Feb/2014:19:46:25 +0100] "GET / HTTP/1.1" 302 - "-" "Mozilla/5.0 (SAMSUNG; SAMSUNG-GT-S8530/S8530XXKE1; U; Bada/1.2; de-de) AppleWebKit/533.1 (KHTML, like Gecko) Dolfin/2.2 Mobile WVGA SMM-MMS/1.2.0 OPN-B"
208.115.113.85 - - [22/Feb/2014:19:57:42 +0100] "GET /robots.txt HTTP/1.1" 404 1256 "-" "Mozilla/5.0 (compatible; Ezooms/1.0; help@moz.com)"
66.249.74.100 - - [22/Feb/2014:20:08:00 +0100] "GET /include.php?path=contentarchive&type=1&catid=10&letter=U&entries=0&searchtext=&order=titled HTTP/1.1" 404 1256 "-" "Mozilla/5.0 (compatible; Googlebot/2.1; +http://www.google.com/bot.html)"
141.8.147.12 - - [22/Feb/2014:21:09:46 +0100] "GET / HTTP/1.1" 302 - "-" "Mozilla/5.0 (compatible; YandexBot/3.0; +http://yandex.com/bots)"
208.115.111.69 - - [22/Feb/2014:21:35:02 +0100] "GET /robots.txt HTTP/1.1" 404 1256 "-" "Mozilla/5.0 (compatible; Ezooms/1.0; help@moz.com)"
66.249.78.115 - - [22/Feb/2014:21:38:02 +0100] "GET /robots.txt HTTP/1.1" 404 1256 "-" "Mozilla/5.0 (compatible; Googlebot/2.1; +http://www.google.com/bot.html)"
66.249.78.115 - - [22/Feb/2014:21:38:02 +0100] "GET / HTTP/1.1" 302 - "-" "Mozilla/5.0 (compatible; Googlebot/2.1; +http://www.google.com/bot.html)"
208.115.113.85 - - [22/Feb/2014:22:01:41 +0100] "GET /include.php?path=start HTTP/1.1" 404 1256 "-" "Mozilla/5.0 (compatible; Ezooms/1.0; help@moz.com)"
5.10.83.47 - - [22/Feb/2014:22:46:09 +0100] "GET / HTTP/1.1" 302 - "-" "Mozilla/5.0 (compatible; AhrefsBot/5.0; +http://ahrefs.com/robot/)"
208.115.111.69 - - [22/Feb/2014:23:20:54 +0100] "GET /include.php?path=contentarchive&type=2&letter=R&catid=0&themeid=0&searchtext=&entries=0&order=title HTTP/1.1" 404 1256 "-" "Mozilla/5.0 (compatible; Ezooms/1.0; help@moz.com)"
208.115.111.69 - - [22/Feb/2014:23:21:00 +0100] "GET /include.php?path=search HTTP/1.1" 404 1256 "-" "Mozilla/5.0 (compatible; Ezooms/1.0; help@moz.com)"
84.159.211.87 - - [22/Feb/2014:23:37:11 +0100] "GET / HTTP/1.1" 302 - "https://www.google.de/" "Mozilla/5.0 (Linux; U; Android 4.3; de-de; GT-I9300 Build/JSS15J) AppleWebKit/534.30 (KHTML, like Gecko) Version/4.0 Mobile Safari/534.30"
208.115.113.85 - - [22/Feb/2014:23:52:13 +0100] "GET /robots.txt HTTP/1.1" 404 1256 "-" "Mozilla/5.0 (compatible; Ezooms/1.0; help@moz.com)"
80.153.101.65 - - [23/Feb/2014:00:16:37 +0100] "GET / HTTP/1.1" 302 - "-" "Mozilla/4.0 (Compatible; Windows NT 5.1; MSIE 6.0) (compatible; MSIE 6.0; Windows NT 5.1; .NET CLR 1.1.4322; .NET CLR 2.0.50727)"
80.153.101.65 - - [23/Feb/2014:00:16:37 +0100] "GET /fls_4_impressum.php HTTP/1.1" 404 1256 "-" "Mozilla/4.0 (Compatible; Windows NT 5.1; MSIE 6.0) (compatible; MSIE 6.0; Windows NT 5.1; .NET CLR 1.1.4322; .NET CLR 2.0.50727)"
91.64.128.52 - - [23/Feb/2014:01:12:56 +0100] "GET / HTTP/1.1" 302 - "http://maps.google.de/local_url?dq=&q=http://www.friedrich-list-berlin.de/&oi=miw&sa=X&ct=miw_link&cd=1&cad=homepage,cid:15796106503487596536&ei=ojwJU-y5OKOuiQbO54DACg&s=ANYYN7lhubp9GmkgoIyaONzLv_7K3p9Dnw" "Mozilla/5.0 (Windows NT 5.1; rv:27.0) Gecko/20100101 Firefox/27.0"
5.9.42.111 - - [23/Feb/2014:01:23:12 +0100] "GET /robots.txt HTTP/1.1" 404 1256 "-" "Mozilla/5.0 (X11; Ubuntu; Linux x86_64; rv:15.0) Gecko/20100101 Firefox/15.0.1"
5.9.42.111 - - [23/Feb/2014:01:23:12 +0100] "GET / HTTP/1.1" 302 - "-" "Mozilla/5.0 (X11; Ubuntu; Linux x86_64; rv:15.0) Gecko/20100101 Firefox/15.0.1"
208.115.111.69 - - [23/Feb/2014:01:37:03 +0100] "GET /robots.txt HTTP/1.1" 404 1256 "-" "Mozilla/5.0 (compatible; Ezooms/1.0; help@moz.com)"
141.8.147.12 - - [23/Feb/2014:01:52:43 +0100] "GET /fls_4_impressum.php HTTP/1.1" 404 1256 "-" "Mozilla/5.0 (compatible; YandexBot/3.0; +http://yandex.com/bots)"
141.8.147.12 - - [23/Feb/2014:01:52:46 +0100] "GET /fls_2_fremdsprachenkorr.php HTTP/1.1" 404 1256 "-" "Mozilla/5.0 (compatible; YandexBot/3.0; +http://yandex.com/bots)"
141.8.147.12 - - [23/Feb/2014:01:52:48 +0100] "GET /fls_4_kontakt_anmeldung.php HTTP/1.1" 404 1256 "-" "Mozilla/5.0 (compatible; YandexBot/3.0; +http://yandex.com/bots)"
141.8.147.12 - - [23/Feb/2014:01:52:50 +0100] "GET /fls_2_kurs_ecbm_london.php HTTP/1.1" 404 1256 "-" "Mozilla/5.0 (compatible; YandexBot/3.0; +http://yandex.com/bots)"
141.8.147.12 - - [23/Feb/2014:01:52:53 +0100] "GET /index_fr.php HTTP/1.1" 404 1256 "-" "Mozilla/5.0 (compatible; YandexBot/3.0; +http://yandex.com/bots)"
141.8.147.12 - - [23/Feb/2014:01:52:55 +0100] "GET /fls_3_fls_international.php HTTP/1.1" 404 1256 "-" "Mozilla/5.0 (compatible; YandexBot/3.0; +http://yandex.com/bots)"
141.8.147.12 - - [23/Feb/2014:01:52:57 +0100] "GET /fls_2_berufsfachschule.php HTTP/1.1" 404 1256 "-" "Mozilla/5.0 (compatible; YandexBot/3.0; +http://yandex.com/bots)"
141.8.147.12 - - [23/Feb/2014:01:52:59 +0100] "GET /fls_2_fremdsprachensekr.php HTTP/1.1" 404 1256 "-" "Mozilla/5.0 (compatible; YandexBot/3.0; +http://yandex.com/bots)"
141.8.147.12 - - [23/Feb/2014:01:53:01 +0100] "GET /fls_2_europakorr.php HTTP/1.1" 404 1256 "-" "Mozilla/5.0 (compatible; YandexBot/3.0; +http://yandex.com/bots)"
141.8.147.12 - - [23/Feb/2014:01:53:03 +0100] "GET /fls_1_aktuelles.php HTTP/1.1" 404 1256 "-" "Mozilla/5.0 (compatible; YandexBot/3.0; +http://yandex.com/bots)"
141.8.147.12 - - [23/Feb/2014:01:53:05 +0100] "GET /index_en.php HTTP/1.1" 404 1256 "-" "Mozilla/5.0 (compatible; YandexBot/3.0; +http://yandex.com/bots)"
141.8.147.12 - - [23/Feb/2014:01:53:07 +0100] "GET /index_sp.php HTTP/1.1" 404 1256 "-" "Mozilla/5.0 (compatible; YandexBot/3.0; +http://yandex.com/bots)"
208.115.113.85 - - [23/Feb/2014:02:00:38 +0100] "GET /include.php?path=contentarchive&type=3&letter=A&catid=0&themeid=0&searchtext=&entries=0&order= HTTP/1.1" 404 1256 "-" "Mozilla/5.0 (compatible; Ezooms/1.0; help@moz.com)"
66.249.78.236 - - [23/Feb/2014:02:39:52 +0100] "GET /include.php?path=contentarchive&type=4&catid=8&letter=B&entries=0&searchtext=&order=title&nid=21 HTTP/1.1" 404 1256 "-" "Mozilla/5.0 (compatible; Googlebot/2.1; +http://www.google.com/bot.html)"
208.115.111.69 - - [23/Feb/2014:03:24:02 +0100] "GET /?path=contentarchive&type=2&letter=Y&catid=0&themeid=0&searchtext=&entries=0&order= HTTP/1.1" 302 - "-" "Mozilla/5.0 (compatible; Ezooms/1.0; help@moz.com)"
208.115.111.69 - - [23/Feb/2014:03:24:05 +0100] "GET /include.php?path=contentarchive&type=3&letter=M&catid=0&themeid=0&searchtext=&entries=0&order= HTTP/1.1" 404 1256 "-" "Mozilla/5.0 (compatible; Ezooms/1.0; help@moz.com)"
208.115.113.85 - - [23/Feb/2014:03:49:54 +0100] "GET /robots.txt HTTP/1.1" 404 1256 "-" "Mozilla/5.0 (compatible; Ezooms/1.0; help@moz.com)"
66.249.78.236 - - [23/Feb/2014:03:54:00 +0100] "GET /robots.txt HTTP/1.1" 404 1256 "-" "Mozilla/5.0 (compatible; Googlebot/2.1; +http://www.google.com/bot.html)"
66.249.78.236 - - [23/Feb/2014:03:54:00 +0100] "GET /include.php?path=contentarchive&type=4&letter=A&catid=12&themeid=0&searchtext=&entries=0&order=&nid=4 HTTP/1.1" 404 1256 "-" "Mozilla/5.0 (compatible; Googlebot/2.1; +http://www.google.com/bot.html)"
66.249.78.236 - - [23/Feb/2014:05:02:50 +0100] "GET /include.php?path=contentarchive&type=2&letter=P&catid=9&themeid=0&searchtext=&entries=0&order=&nid=32 HTTP/1.1" 404 1256 "-" "Mozilla/5.0 (compatible; Googlebot/2.1; +http://www.google.com/bot.html)"
66.249.78.236 - - [23/Feb/2014:05:25:35 +0100] "GET /include.php?path=login&mode=lostpassword&nid=19 HTTP/1.1" 404 1256 "-" "Mozilla/5.0 (compatible; Googlebot/2.1; +http://www.google.com/bot.html)"
208.115.113.85 - - [23/Feb/2014:05:56:10 +0100] "GET /?path=content&contentid=39&nid=15 HTTP/1.1" 302 - "-" "Mozilla/5.0 (compatible; Ezooms/1.0; help@moz.com)"
66.249.78.236 - - [23/Feb/2014:06:38:09 +0100] "GET /include.php?path=contentarchive&type=1&catid=0&letter=F&entries=0&searchtext=&order=date&nid=32 HTTP/1.1" 404 1256 "-" "Mozilla/5.0 (compatible; Googlebot/2.1; +http://www.google.com/bot.html)"
66.249.78.236 - - [23/Feb/2014:07:41:42 +0100] "GET /include.php?path=contentarchive&type=4&letter=M&catid=0&themeid=0&searchtext=&entries=0&order= HTTP/1.1" 404 1256 "-" "Mozilla/5.0 (compatible; Googlebot/2.1; +http://www.google.com/bot.html)"
66.249.78.236 - - [23/Feb/2014:08:17:55 +0100] "GET /include.php?path=contentarchive&type=2&catid=1&letter=P&entries=0&searchtext=&order=titled HTTP/1.1" 404 1256 "-" "Mozilla/5.0 (compatible; Googlebot/2.1; +http://www.google.com/bot.html)"
66.249.78.236 - - [23/Feb/2014:08:50:32 +0100] "GET /include.php?path=contentarchive&type=2&letter=F&catid=0&themeid=0&searchtext=&entries=8&order=titled&nid=21 HTTP/1.1" 404 1256 "-" "Mozilla/5.0 (compatible; Googlebot/2.1; +http://www.google.com/bot.html)"
66.249.78.236 - - [23/Feb/2014:09:48:47 +0100] "GET /include.php?path=contentarchive&type=2&letter=0-9&catid=9&themeid=0&searchtext=&entries=0&order=&nid=32 HTTP/1.1" 404 1256 "-" "Mozilla/5.0 (compatible; Googlebot/2.1; +http://www.google.com/bot.html)"
66.249.78.236 - - [23/Feb/2014:11:45:17 +0100] "GET /include.php?path=contentarchive&type=2&letter=B&catid=9&themeid=0&searchtext=&entries=0&order=&nid=4 HTTP/1.1" 404 1256 "-" "Mozilla/5.0 (compatible; Googlebot/2.1; +http://www.google.com/bot.html)"
208.115.113.85 - - [23/Feb/2014:11:55:27 +0100] "GET /robots.txt HTTP/1.1" 404 1256 "-" "Mozilla/5.0 (compatible; Ezooms/1.0; help@moz.com)"
141.8.147.12 - - [23/Feb/2014:11:58:13 +0100] "GET /robots.txt HTTP/1.1" 404 1256 "-" "Mozilla/5.0 (compatible; YandexBot/3.0; +http://yandex.com/bots)"
141.8.147.12 - - [23/Feb/2014:11:58:15 +0100] "GET / HTTP/1.1" 302 - "-" "Mozilla/5.0 (compatible; YandexBot/3.0; +http://yandex.com/bots)"
64.246.165.200 - - [23/Feb/2014:12:16:16 +0100] "GET /robots.txt HTTP/1.0" 404 1256 "-" "Mozilla/5.0 (Windows; U; Windows NT 5.1; en; rv:1.9.0.13) Gecko/2009073022 Firefox/3.5.2 (.NET CLR 3.5.30729) SurveyBot/2.3 (DomainTools)"
64.246.165.200 - - [23/Feb/2014:12:16:16 +0100] "GET / HTTP/1.1" 302 - "http://whois.domaintools.com/fls-berlin.de" "Mozilla/5.0 (Windows; U; Windows NT 5.1; en; rv:1.9.0.13) Gecko/2009073022 Firefox/3.5.2 (.NET CLR 3.5.30729) SurveyBot/2.3 (DomainTools)"
66.249.78.236 - - [23/Feb/2014:13:41:49 +0100] "GET /robots.txt HTTP/1.1" 404 1256 "-" "Mozilla/5.0 (compatible; Googlebot/2.1; +http://www.google.com/bot.html)"
66.249.78.236 - - [23/Feb/2014:13:41:49 +0100] "GET /include.php?path=contentarchive&type=2&catid=8&letter=P&entries=0&searchtext=&order=dated&nid=19 HTTP/1.1" 404 1256 "-" "Mozilla/5.0 (compatible; Googlebot/2.1; +http://www.google.com/bot.html)"
162.210.196.97 - - [23/Feb/2014:13:44:49 +0100] "GET /robots.txt HTTP/1.0" 404 1256 "-" "Mozilla/5.0 (compatible; MJ12bot/v1.4.4; http://www.majestic12.co.uk/bot.php?+)"
162.210.196.97 - - [23/Feb/2014:13:44:50 +0100] "GET / HTTP/1.0" 302 - "-" "Mozilla/5.0 (compatible; MJ12bot/v1.4.4; http://www.majestic12.co.uk/bot.php?+)"
208.115.113.85 - - [23/Feb/2014:14:01:24 +0100] "GET /include.php?path=content&contentid=39&nid=15 HTTP/1.1" 404 1256 "-" "Mozilla/5.0 (compatible; Ezooms/1.0; help@moz.com)"
208.115.113.85 - - [23/Feb/2014:14:01:30 +0100] "GET /include.php?path=contentarchive&type=3 HTTP/1.1" 404 1256 "-" "Mozilla/5.0 (compatible; Ezooms/1.0; help@moz.com)"
108.59.8.70 - - [23/Feb/2014:14:02:17 +0100] "GET /robots.txt HTTP/1.0" 404 1256 "-" "Mozilla/5.0 (compatible; MJ12bot/v1.4.4; http://www.majestic12.co.uk/bot.php?+)"
108.59.8.70 - - [23/Feb/2014:14:02:18 +0100] "GET / HTTP/1.0" 302 - "-" "Mozilla/5.0 (compatible; MJ12bot/v1.4.4; http://www.majestic12.co.uk/bot.php?+)"
66.249.78.236 - - [23/Feb/2014:14:24:08 +0100] "GET /include.php?path=contentarchive&type=1&letter=A&catid=10&themeid=0&searchtext=&entries=0&order=&nid=19 HTTP/1.1" 404 1256 "-" "Mozilla/5.0 (compatible; Googlebot/2.1; +http://www.google.com/bot.html)"
64.246.161.30 - - [23/Feb/2014:14:52:50 +0100] "GET /robots.txt HTTP/1.0" 404 1256 "-" "Mozilla/5.0 (Windows; U; Windows NT 5.1; en; rv:1.9.0.13) Gecko/2009073022 Firefox/3.5.2 (.NET CLR 3.5.30729) SurveyBot/2.3 (DomainTools)"
64.246.161.30 - - [23/Feb/2014:14:52:50 +0100] "GET / HTTP/1.1" 302 - "http://whois.domaintools.com/friedrich-list-berlin.de" "Mozilla/5.0 (Windows; U; Windows NT 5.1; en; rv:1.9.0.13) Gecko/2009073022 Firefox/3.5.2 (.NET CLR 3.5.30729) SurveyBot/2.3 (DomainTools)"
66.249.78.236 - - [23/Feb/2014:15:54:09 +0100] "GET /include.php?path=contentarchive&type=4&catid=7&letter=C&entries=0&searchtext=&order=dated HTTP/1.1" 404 1256 "-" "Mozilla/5.0 (compatible; Googlebot/2.1; +http://www.google.com/bot.html)"
66.249.78.236 - - [23/Feb/2014:17:41:39 +0100] "GET /include.php?path=contentarchive&type=1&catid=10&letter=B&entries=0&searchtext=&order=title&nid=21 HTTP/1.1" 404 1256 "-" "Mozilla/5.0 (compatible; Googlebot/2.1; +http://www.google.com/bot.html)"
62.212.77.227 - - [23/Feb/2014:18:16:29 +0100] "GET / HTTP/1.1" 302 - "-" "Mozilla/5.0 (compatible; Lipperhey SEO Service; http://www.lipperhey.com/)"
66.249.78.236 - - [23/Feb/2014:18:23:44 +0100] "GET /robots.txt HTTP/1.1" 404 1256 "-" "Mozilla/5.0 (compatible; Googlebot/2.1; +http://www.google.com/bot.html)"
66.249.76.188 - - [23/Feb/2014:18:23:44 +0100] "GET /include.php?path=contentarchive&type=1&letter=F&catid=9&themeid=0&searchtext=&entries=0&order=titled&nid=19 HTTP/1.1" 404 1256 "-" "Mozilla/5.0 (compatible; Googlebot/2.1; +http://www.google.com/bot.html)"
66.249.78.236 - - [23/Feb/2014:19:10:30 +0100] "GET /include.php?catid=bntlvakbofm&nid=21 HTTP/1.1" 404 1256 "-" "Mozilla/5.0 (compatible; Googlebot/2.1; +http://www.google.com/bot.html)"
79.193.164.96 - - [23/Feb/2014:19:58:53 +0100] "GET / HTTP/1.1" 302 - "-" "Mozilla/5.0 (Windows NT 6.1; rv:27.0) Gecko/20100101 Firefox/27.0"
66.249.78.236 - - [23/Feb/2014:20:01:56 +0100] "GET /include.php?path=contentarchive&type=4&letter=N&catid=0&themeid=0&searchtext=&entries=0&order=&nid=19 HTTP/1.1" 404 1256 "-" "Mozilla/5.0 (compatible; Googlebot/2.1; +http://www.google.com/bot.html)"
66.249.81.115 - - [23/Feb/2014:20:26:41 +0100] "GET / HTTP/1.1" 302 - "-" "Mozilla/5.0 (Windows NT 6.2; WOW64; rv:27.0) Gecko/20100101 Firefox/27.0,gzip(gfe)"
66.249.75.240 - - [23/Feb/2014:20:58:03 +0100] "GET /include.php?path=contentarchive&type=4&catid=6&letter=B&entries=0&searchtext=&order=titled HTTP/1.1" 404 1256 "-" "Mozilla/5.0 (compatible; Googlebot/2.1; +http://www.google.com/bot.html)"
173.254.219.243 - - [23/Feb/2014:21:22:41 +0100] "GET / HTTP/1.1" 302 - "http://www.collegenewswire.net/" "Mozilla/4.0 (compatible; MSIE 5.5; Windows NT 4.0.11802)"
66.249.78.236 - - [23/Feb/2014:21:54:10 +0100] "GET /include.php?path=contentarchive&type=4&catid=6&letter=B&entries=0&searchtext=&order=date&nid=19 HTTP/1.1" 404 1256 "-" "Mozilla/5.0 (compatible; Googlebot/2.1; +http://www.google.com/bot.html)"
66.249.78.236 - - [23/Feb/2014:22:17:33 +0100] "GET /include.php?path=contentarchive&type=1&letter=V&catid=10&themeid=0&searchtext=&entries=0&order=dated&nid=21 HTTP/1.1" 404 1256 "-" "Mozilla/5.0 (compatible; Googlebot/2.1; +http://www.google.com/bot.html)"
66.249.78.236 - - [23/Feb/2014:22:22:14 +0100] "GET /include.php?path=contentarchive&type=1&letter=X&catid=9&themeid=0&searchtext=&entries=0&order=title&nid=4 HTTP/1.1" 404 1256 "-" "Mozilla/5.0 (compatible; Googlebot/2.1; +http://www.google.com/bot.html)"
66.249.78.236 - - [23/Feb/2014:22:31:35 +0100] "GET /include.php?path=contentarchive&type=1&catid=9&letter=K&entries=0&searchtext=&order=titled&nid=13 HTTP/1.1" 404 1256 "-" "Mozilla/5.0 (compatible; Googlebot/2.1; +http://www.google.com/bot.html)"
66.249.78.236 - - [23/Feb/2014:23:23:01 +0100] "GET /include.php?path=contentarchive&type=1&letter=E&catid=0&themeid=0&searchtext=&entries=0&order=dated&nid=13 HTTP/1.1" 404 1256 "-" "Mozilla/5.0 (compatible; Googlebot/2.1; +http://www.google.com/bot.html)"
66.249.78.236 - - [23/Feb/2014:23:27:42 +0100] "GET /include.php?path=contentarchive&type=1&catid=10&letter=H&entries=0&searchtext=&order=titled&nid=4 HTTP/1.1" 404 1256 "-" "Mozilla/5.0 (compatible; Googlebot/2.1; +http://www.google.com/bot.html)"
208.115.113.85 - - [23/Feb/2014:23:50:41 +0100] "GET /robots.txt HTTP/1.1" 404 1256 "-" "Mozilla/5.0 (compatible; Ezooms/1.0; help@moz.com)"
66.249.78.236 - - [24/Feb/2014:00:00:26 +0100] "GET /include.php?path=contentarchive&type=1&letter=L&catid=10&themeid=0&searchtext=&entries=0&order=titled&nid=21 HTTP/1.1" 404 1256 "-" "Mozilla/5.0 (compatible; Googlebot/2.1; +http://www.google.com/bot.html)"
66.249.78.236 - - [24/Feb/2014:00:14:28 +0100] "GET /include.php?path=contentarchive&type=1&catid=9&letter=C&entries=0&searchtext=&order=date HTTP/1.1" 404 1256 "-" "Mozilla/5.0 (compatible; Googlebot/2.1; +http://www.google.com/bot.html)"
66.249.78.236 - - [24/Feb/2014:00:19:08 +0100] "GET /include.php?path=contentarchive&type=1&catid=9&letter=K&entries=0&searchtext=&order=titled HTTP/1.1" 404 1256 "-" "Mozilla/5.0 (compatible; Googlebot/2.1; +http://www.google.com/bot.html)"
66.249.78.236 - - [24/Feb/2014:01:01:13 +0100] "GET /include.php?path=contentarchive&type=4&catid=6&letter=D&entries=0&searchtext=&order=date&nid=32 HTTP/1.1" 404 1256 "-" "Mozilla/5.0 (compatible; Googlebot/2.1; +http://www.google.com/bot.html)"
66.249.78.236 - - [24/Feb/2014:01:10:35 +0100] "GET /include.php?path=contentarchive&type=4&letter=U&catid=7&themeid=0&searchtext=&entries=0&order=&nid=21 HTTP/1.1" 404 1256 "-" "Mozilla/5.0 (compatible; Googlebot/2.1; +http://www.google.com/bot.html)"
66.249.78.236 - - [24/Feb/2014:01:19:56 +0100] "GET /include.php?path=contentarchive&type=1&catid=10&letter=Y&entries=0&searchtext=&order=title&nid=19 HTTP/1.1" 404 1256 "-" "Mozilla/5.0 (compatible; Googlebot/2.1; +http://www.google.com/bot.html)"
