46.115.138.189 - - [06/Feb/2014:19:51:45 +0100] "GET / HTTP/1.1" 302 - "http://maps.google.de/local_url?dq=berlin+technikerschule&q=http://www.friedrich-list-berlin.de/&oi=miw&sa=X&ct=miw_link&cd=1&cad=homepage,cid:15796106503487596536&ei=b9nzUtjPLomziQbU2IHQDA&s=ANYYN7mWsZtoR7gNqDsQWnIgIilRiMLppg" "Mozilla/5.0 (Windows NT 5.1) AppleWebKit/537.36 (KHTML, like Gecko) Chrome/32.0.1700.107 Safari/537.36"
208.115.113.85 - - [06/Feb/2014:19:55:45 +0100] "GET /robots.txt HTTP/1.1" 404 1256 "-" "Mozilla/5.0 (compatible; Ezooms/1.0; help@moz.com)"
94.10.98.153 - - [06/Feb/2014:20:31:25 +0100] "GET / HTTP/1.1" 302 - "http://www.google.de/search?site=&source=hp&ei=kuLzUvrADOi80QWw44HICg&q=friedrich+list+schule+berlin&oq=Friedrich+list+Schule+b&gs_l=mobile-gws-hp.1.0.0j0i22i30l4.5712.22127.0.24030.24.23.0.13.13.0.283.4012.0j19j4.23.0....0...1c.1.34.mobile-gws-hp..0.24.2252.ywVe1lLnNGs" "Mozilla/5.0 (Linux; U; Android 4.1.2; en-ie; SonyLT22i Build/6.2.A.1.100) AppleWebKit/534.30 (KHTML, like Gecko) Version/4.0 Mobile Safari/534.30"
208.115.113.85 - - [06/Feb/2014:21:31:27 +0100] "GET /include.php?path=start HTTP/1.1" 404 1256 "-" "Mozilla/5.0 (compatible; Ezooms/1.0; help@moz.com)"
208.115.111.69 - - [06/Feb/2014:21:43:34 +0100] "GET /robots.txt HTTP/1.1" 404 1256 "-" "Mozilla/5.0 (compatible; Ezooms/1.0; help@moz.com)"
66.249.78.115 - - [06/Feb/2014:21:49:32 +0100] "GET /robots.txt HTTP/1.1" 404 1256 "-" "Mozilla/5.0 (compatible; Googlebot/2.1; +http://www.google.com/bot.html)"
66.249.75.9 - - [06/Feb/2014:21:49:33 +0100] "GET / HTTP/1.1" 302 - "-" "DoCoMo/2.0 N905i(c100;TB;W24H16) (compatible; Googlebot-Mobile/2.1; +http://www.google.com/bot.html)"
180.76.5.95 - - [06/Feb/2014:22:14:06 +0100] "GET /robots.txt HTTP/1.1" 404 1256 "-" "Mozilla/5.0 (Windows NT 5.1; rv:6.0.2) Gecko/20100101 Firefox/6.0.2"
208.115.111.69 - - [06/Feb/2014:23:27:26 +0100] "GET /include.php?path=search HTTP/1.1" 404 1256 "-" "Mozilla/5.0 (compatible; Ezooms/1.0; help@moz.com)"
208.115.111.69 - - [06/Feb/2014:23:27:29 +0100] "GET /include.php?path=contentarchive&type=2&letter=R&catid=0&themeid=0&searchtext=&entries=0&order=title HTTP/1.1" 404 1256 "-" "Mozilla/5.0 (compatible; Ezooms/1.0; help@moz.com)"
208.115.113.85 - - [06/Feb/2014:23:56:53 +0100] "GET /robots.txt HTTP/1.1" 404 1256 "-" "Mozilla/5.0 (compatible; Ezooms/1.0; help@moz.com)"
208.115.111.69 - - [07/Feb/2014:01:35:30 +0100] "GET /robots.txt HTTP/1.1" 404 1256 "-" "Mozilla/5.0 (compatible; Ezooms/1.0; help@moz.com)"
208.115.113.85 - - [07/Feb/2014:01:58:17 +0100] "GET /include.php?path=contentarchive&type=3&letter=A&catid=0&themeid=0&searchtext=&entries=0&order= HTTP/1.1" 404 1256 "-" "Mozilla/5.0 (compatible; Ezooms/1.0; help@moz.com)"
193.175.194.33 - - [07/Feb/2014:02:23:05 +0100] "GET / HTTP/1.1" 302 - "-" "Bildungsserver-Linkchecker DBS 0.9 (http://www.bildungsserver.de)"
208.115.111.69 - - [07/Feb/2014:03:18:45 +0100] "GET /?path=contentarchive&type=2&letter=Y&catid=0&themeid=0&searchtext=&entries=0&order= HTTP/1.1" 302 - "-" "Mozilla/5.0 (compatible; Ezooms/1.0; help@moz.com)"
208.115.111.69 - - [07/Feb/2014:03:18:48 +0100] "GET /include.php?path=contentarchive&type=3&letter=M&catid=0&themeid=0&searchtext=&entries=0&order= HTTP/1.1" 404 1256 "-" "Mozilla/5.0 (compatible; Ezooms/1.0; help@moz.com)"
208.115.113.85 - - [07/Feb/2014:03:56:38 +0100] "GET /robots.txt HTTP/1.1" 404 1256 "-" "Mozilla/5.0 (compatible; Ezooms/1.0; help@moz.com)"
87.106.131.73 - - [07/Feb/2014:04:28:21 +0100] "GET / HTTP/1.1" 302 - "-" "Wget/ (linux-gnu)"
141.8.147.12 - - [07/Feb/2014:06:04:58 +0100] "GET /robots.txt HTTP/1.1" 404 1256 "-" "Mozilla/5.0 (compatible; YandexBot/3.0; +http://yandex.com/bots)"
141.8.147.12 - - [07/Feb/2014:06:05:01 +0100] "GET / HTTP/1.1" 302 - "-" "Mozilla/5.0 (compatible; YandexBot/3.0; +http://yandex.com/bots)"
208.115.113.85 - - [07/Feb/2014:06:06:40 +0100] "GET /?path=content&contentid=39&nid=15 HTTP/1.1" 302 - "-" "Mozilla/5.0 (compatible; Ezooms/1.0; help@moz.com)"
195.88.117.28 - - [07/Feb/2014:09:00:50 +0100] "GET / HTTP/1.1" 302 - "-" "-"
195.88.117.28 - - [07/Feb/2014:09:00:50 +0100] "GET / HTTP/1.1" 302 - "-" "Mozilla/5.0 (compatible; MSIE 9.0; Windows NT 6.1; WOW64; Trident/5.0)"
150.70.97.96 - - [07/Feb/2014:09:02:47 +0100] "GET / HTTP/1.1" 302 - "-" "Mozilla/4.0 (compatible; MSIE 8.0; Windows NT 5.1; Trident/4.0)"
150.70.75.28 - - [07/Feb/2014:09:06:59 +0100] "GET / HTTP/1.0" 302 - "-" "Mozilla/4.0 (compatible; MSIE 6.0; Windows NT 5.1)"
150.70.75.212 - - [07/Feb/2014:09:13:39 +0100] "GET / HTTP/1.1" 302 - "-" "Mozilla/4.0 (compatible; MSIE 8.0; Windows NT 5.1; Trident/4.0)"
87.178.245.182 - - [07/Feb/2014:11:12:24 +0100] "GET / HTTP/1.1" 302 - "-" "Apache-HttpClient/4.3.1 (java 1.5)"
87.178.245.182 - - [07/Feb/2014:11:12:24 +0100] "GET /fls_4_impressum.php HTTP/1.1" 404 1256 "-" "Apache-HttpClient/4.3.1 (java 1.5)"
87.178.245.182 - - [07/Feb/2014:11:12:24 +0100] "GET /fls_4_impressum.php HTTP/1.1" 404 1256 "-" "Apache-HttpClient/4.3.1 (java 1.5)"
87.178.245.182 - - [07/Feb/2014:11:12:24 +0100] "GET / HTTP/1.1" 302 - "-" "Apache-HttpClient/4.3.1 (java 1.5)"
87.178.245.182 - - [07/Feb/2014:11:12:25 +0100] "GET /fls_4_kontakt_anmeldung.php HTTP/1.1" 404 1256 "-" "Apache-HttpClient/4.3.1 (java 1.5)"
87.178.245.182 - - [07/Feb/2014:11:12:25 +0100] "GET /fls_4_kontakt_anmeldung.php HTTP/1.1" 404 1256 "-" "Apache-HttpClient/4.3.1 (java 1.5)"
87.178.245.182 - - [07/Feb/2014:11:12:25 +0100] "GET /fls_4_kontakt_anmeldung.php HTTP/1.1" 404 1256 "-" "Apache-HttpClient/4.3.1 (java 1.5)"
87.178.245.182 - - [07/Feb/2014:11:12:25 +0100] "GET / HTTP/1.1" 302 - "-" "Apache-HttpClient/4.3.1 (java 1.5)"
208.115.113.85 - - [07/Feb/2014:11:53:26 +0100] "GET /robots.txt HTTP/1.1" 404 1256 "-" "Mozilla/5.0 (compatible; Ezooms/1.0; help@moz.com)"
162.243.205.45 - - [07/Feb/2014:14:02:55 +0100] "GET / HTTP/1.0" 302 - "-" "Mozilla/5.0 (compatible; NetcraftSurveyAgent/1.0; +info@netcraft.com)"
208.115.113.85 - - [07/Feb/2014:14:04:58 +0100] "GET /include.php?path=content&contentid=39&nid=15 HTTP/1.1" 404 1256 "-" "Mozilla/5.0 (compatible; Ezooms/1.0; help@moz.com)"
208.115.113.85 - - [07/Feb/2014:14:05:04 +0100] "GET /include.php?path=contentarchive&type=3 HTTP/1.1" 404 1256 "-" "Mozilla/5.0 (compatible; Ezooms/1.0; help@moz.com)"
144.76.95.39 - - [07/Feb/2014:14:20:40 +0100] "GET /robots.txt HTTP/1.0" 404 1256 "-" "Mozilla/5.0 (compatible; MJ12bot/v1.4.4; http://www.majestic12.co.uk/bot.php?+)"
144.76.95.39 - - [07/Feb/2014:14:20:42 +0100] "GET / HTTP/1.0" 302 - "-" "Mozilla/5.0 (compatible; MJ12bot/v1.4.4; http://www.majestic12.co.uk/bot.php?+)"
178.77.126.55 - - [07/Feb/2014:15:37:06 +0100] "GET /robots.txt HTTP/1.1" 404 1256 "-" "Mozilla/5.0 (compatible; CareerBot/1.1; +http://www.career-x.de/bot.html)"
178.77.126.55 - - [07/Feb/2014:15:37:06 +0100] "GET / HTTP/1.1" 302 - "-" "Mozilla/5.0 (compatible; CareerBot/1.1; +http://www.career-x.de/bot.html)"
178.255.215.68 - - [07/Feb/2014:17:16:30 +0100] "GET /robots.txt HTTP/1.1" 404 1256 "-" "Mozilla/5.0 (compatible; Exabot/3.0; +http://www.exabot.com/go/robot)"
178.255.215.68 - - [07/Feb/2014:17:16:30 +0100] "GET / HTTP/1.1" 302 - "-" "Mozilla/5.0 (compatible; Exabot/3.0; +http://www.exabot.com/go/robot)"
88.198.1.77 - - [07/Feb/2014:17:30:33 +0100] "GET /robots.txt HTTP/1.1" 404 1256 "http://www.sitedomain.de/" "Sitedomain-Bot(Sitedomain-Bot 1.0, http://www.sitedomain.de/sitedomain-bot/)"
180.76.6.47 - - [07/Feb/2014:18:33:37 +0100] "GET / HTTP/1.1" 302 - "-" "Mozilla/5.0 (compatible; Baiduspider/2.0; +http://www.baidu.com/search/spider.html)"
88.198.1.77 - - [07/Feb/2014:20:34:13 +0100] "GET /robots.txt HTTP/1.1" 404 1256 "http://www.sitedomain.de/" "Sitedomain-Bot(Sitedomain-Bot 1.0, http://www.sitedomain.de/sitedomain-bot/)"
79.194.77.97 - - [07/Feb/2014:21:33:13 +0100] "GET / HTTP/1.1" 302 - "http://www.berlin.de/sen/bildung/schulverzeichnis_und_portraets/anwendung/Schulportrait.aspx?IDSchulzweig=11652" "Mozilla/5.0 (Windows NT 6.0; WOW64; rv:26.0) Gecko/20100101 Firefox/26.0"
141.8.147.12 - - [07/Feb/2014:21:43:56 +0100] "GET /robots.txt HTTP/1.1" 404 1256 "-" "Mozilla/5.0 (compatible; YandexBot/3.0; +http://yandex.com/bots)"
208.115.113.85 - - [07/Feb/2014:23:57:23 +0100] "GET /robots.txt HTTP/1.1" 404 1256 "-" "Mozilla/5.0 (compatible; Ezooms/1.0; help@moz.com)"
141.8.147.12 - - [08/Feb/2014:00:27:45 +0100] "GET / HTTP/1.1" 302 - "-" "Mozilla/5.0 (compatible; YandexBot/3.0; +http://yandex.com/bots)"
208.115.113.85 - - [08/Feb/2014:02:05:28 +0100] "GET /include.php?path=contentarchive&type=2&letter=F&catid=0&themeid=0&searchtext=&entries=0&order=title HTTP/1.1" 404 1256 "-" "Mozilla/5.0 (compatible; Ezooms/1.0; help@moz.com)"
208.115.113.85 - - [08/Feb/2014:02:05:37 +0100] "GET /include.php?path=contentarchive&type=3&letter=S&catid=0&themeid=0&searchtext=&entries=0&order= HTTP/1.1" 404 1256 "-" "Mozilla/5.0 (compatible; Ezooms/1.0; help@moz.com)"
208.115.113.85 - - [08/Feb/2014:03:51:41 +0100] "GET /robots.txt HTTP/1.1" 404 1256 "-" "Mozilla/5.0 (compatible; Ezooms/1.0; help@moz.com)"
188.138.41.108 - - [08/Feb/2014:05:32:29 +0100] "GET /robots.txt HTTP/1.1" 404 1256 "-" "Mozilla/5.0 (X11; U; Linux i686; de; rv:1.9.0.1; compatible; iCjobs Stellenangebote Jobs; http://www.icjobs.de) Gecko/20100401 iCjobs/3.2.3"
188.138.41.108 - - [08/Feb/2014:05:32:29 +0100] "GET / HTTP/1.1" 302 - "-" "Mozilla/5.0 (X11; U; Linux i686; de; rv:1.9.0.1; compatible; iCjobs Stellenangebote Jobs; http://www.icjobs.de) Gecko/20100401 iCjobs/3.2.3"
188.138.41.108 - - [08/Feb/2014:05:32:30 +0100] "GET / HTTP/1.1" 302 - "-" "Mozilla/5.0 (X11; U; Linux i686; de; rv:1.9.0.1; compatible; iCjobs Stellenangebote Jobs; http://www.icjobs.de) Gecko/20100401 iCjobs/3.2.3"
208.115.113.85 - - [08/Feb/2014:06:00:11 +0100] "GET /?path=contentarchive&type=2&letter=I&catid=0&themeid=0&searchtext=&entries=0&order= HTTP/1.1" 302 - "-" "Mozilla/5.0 (compatible; Ezooms/1.0; help@moz.com)"
5.10.83.78 - - [08/Feb/2014:07:13:46 +0100] "GET / HTTP/1.1" 302 - "-" "Mozilla/5.0 (compatible; AhrefsBot/5.0; +http://ahrefs.com/robot/)"
208.115.113.85 - - [08/Feb/2014:07:52:09 +0100] "GET /robots.txt HTTP/1.1" 404 1256 "-" "Mozilla/5.0 (compatible; Ezooms/1.0; help@moz.com)"
66.249.78.115 - - [08/Feb/2014:09:07:51 +0100] "GET /robots.txt HTTP/1.1" 404 1256 "-" "Mozilla/5.0 (compatible; Googlebot/2.1; +http://www.google.com/bot.html)"
66.249.78.115 - - [08/Feb/2014:09:07:51 +0100] "GET / HTTP/1.1" 302 - "-" "Mozilla/5.0 (compatible; Googlebot/2.1; +http://www.google.com/bot.html)"
208.115.111.69 - - [08/Feb/2014:09:35:27 +0100] "GET /robots.txt HTTP/1.1" 404 1256 "-" "Mozilla/5.0 (compatible; Ezooms/1.0; help@moz.com)"
208.115.113.85 - - [08/Feb/2014:10:03:33 +0100] "GET /include.php?path=contentarchive&type=3&letter=O&catid=0&themeid=0&searchtext=&entries=0&order= HTTP/1.1" 404 1256 "-" "Mozilla/5.0 (compatible; Ezooms/1.0; help@moz.com)"
178.255.215.70 - - [08/Feb/2014:10:38:38 +0100] "GET /robots.txt HTTP/1.1" 404 1256 "-" "Mozilla/5.0 (compatible; Exabot/3.0; +http://www.exabot.com/go/robot)"
178.255.215.70 - - [08/Feb/2014:10:38:38 +0100] "GET /?path=start HTTP/1.1" 302 - "-" "Mozilla/5.0 (compatible; Exabot/3.0; +http://www.exabot.com/go/robot)"
208.115.111.69 - - [08/Feb/2014:11:20:54 +0100] "GET /include.php?path=contentarchive&type=2&letter=I&catid=0&themeid=0&searchtext=&entries=0&order= HTTP/1.1" 404 1256 "-" "Mozilla/5.0 (compatible; Ezooms/1.0; help@moz.com)"
208.115.113.85 - - [08/Feb/2014:11:53:17 +0100] "GET /robots.txt HTTP/1.1" 404 1256 "-" "Mozilla/5.0 (compatible; Ezooms/1.0; help@moz.com)"
66.249.78.236 - - [08/Feb/2014:12:28:28 +0100] "GET /robots.txt HTTP/1.1" 404 1256 "-" "Mozilla/5.0 (compatible; Googlebot/2.1; +http://www.google.com/bot.html)"
66.249.78.236 - - [08/Feb/2014:12:28:29 +0100] "GET /include.php?path=contentarchive&type=1&letter=W&catid=1&themeid=0&searchtext=&entries=0&order=dated&nid=19 HTTP/1.1" 404 1256 "-" "Mozilla/5.0 (compatible; Googlebot/2.1; +http://www.google.com/bot.html)"
66.249.74.100 - - [08/Feb/2014:12:30:27 +0100] "GET /?path=content&contentid=47&nid=2 HTTP/1.1" 302 - "-" "Mozilla/5.0 (compatible; Googlebot/2.1; +http://www.google.com/bot.html)"
66.249.74.100 - - [08/Feb/2014:12:33:37 +0100] "GET /include.php?path=comment&comcat=cont&subid=63 HTTP/1.1" 404 1256 "-" "Mozilla/5.0 (compatible; Googlebot/2.1; +http://www.google.com/bot.html)"
66.249.74.100 - - [08/Feb/2014:13:55:55 +0100] "GET /include.php?path=contentarchive&type=1&catid=1&letter=V&entries=0&searchtext=&order=titled&nid=21 HTTP/1.1" 404 1256 "-" "Mozilla/5.0 (compatible; Googlebot/2.1; +http://www.google.com/bot.html)"
208.115.113.85 - - [08/Feb/2014:13:56:25 +0100] "GET /include.php?path=contentarchive&type=2&letter=Z&catid=0&themeid=0&searchtext=&entries=0&order=title HTTP/1.1" 404 1256 "-" "Mozilla/5.0 (compatible; Ezooms/1.0; help@moz.com)"
66.249.78.115 - - [08/Feb/2014:14:01:04 +0100] "GET /robots.txt HTTP/1.1" 404 1256 "-" "Mozilla/5.0 (compatible; Googlebot/2.1; +http://www.google.com/bot.html)"
66.249.78.115 - - [08/Feb/2014:14:01:04 +0100] "GET / HTTP/1.1" 302 - "-" "Mozilla/5.0 (compatible; Googlebot/2.1; +http://www.google.com/bot.html)"
66.249.78.236 - - [08/Feb/2014:15:13:05 +0100] "GET /include.php?path=comment&comcat=cont&subid=55&nid=19 HTTP/1.1" 404 1256 "-" "Mozilla/5.0 (compatible; Googlebot/2.1; +http://www.google.com/bot.html)"
66.249.78.236 - - [08/Feb/2014:16:09:40 +0100] "GET /include.php?path=comment&comcat=cont&subid=55&nid=2 HTTP/1.1" 404 1256 "-" "Mozilla/5.0 (compatible; Googlebot/2.1; +http://www.google.com/bot.html)"
93.214.246.178 - - [08/Feb/2014:16:29:48 +0100] "GET / HTTP/1.1" 302 - "http://www.google.de/url?sa=t&rct=j&q=&esrc=s&source=web&cd=1&sqi=2&ved=0CD8QFjAA&url=http%3A%2F%2Fwww.friedrich-list-berlin.de%2F&ei=FE32UpDSLsXetAbTz4C4Cg&usg=AFQjCNGsKs3TvBQ4z91zrYvo9_SfKi5nug&bvm=bv.60983673,d.Yms" "Mozilla/5.0 (Windows NT 5.1; rv:25.0) Gecko/20100101 Firefox/25.0"
141.8.147.12 - - [08/Feb/2014:17:04:55 +0100] "GET /robots.txt HTTP/1.1" 404 1256 "-" "Mozilla/5.0 (compatible; YandexBot/3.0; +http://yandex.com/bots)"
66.249.78.236 - - [08/Feb/2014:17:11:23 +0100] "GET /include.php?path=content&contentid=59 HTTP/1.1" 404 1256 "-" "Mozilla/5.0 (compatible; Googlebot/2.1; +http://www.google.com/bot.html)"
66.249.74.100 - - [08/Feb/2014:18:07:58 +0100] "GET /include.php?path=contentarchive&type=1&letter=M&catid=1&themeid=0&searchtext=&entries=0&order=titled&nid=19 HTTP/1.1" 404 1256 "-" "Mozilla/5.0 (compatible; Googlebot/2.1; +http://www.google.com/bot.html)"
93.220.88.166 - - [08/Feb/2014:18:08:24 +0100] "GET / HTTP/1.1" 302 - "http://www.google.de/url?sa=t&rct=j&q=&esrc=s&source=web&cd=1&ved=0CC4QFjAA&url=http%3A%2F%2Fwww.friedrich-list-berlin.de%2F&ei=KmT2UqqoHoLoswb-j4GYCg&usg=AFQjCNGsKs3TvBQ4z91zrYvo9_SfKi5nug&bvm=bv.60983673,d.Yms" "Mozilla/5.0 (Windows NT 6.1; WOW64; rv:27.0) Gecko/20100101 Firefox/27.0"
157.56.93.84 - - [08/Feb/2014:18:28:58 +0100] "GET /robots.txt HTTP/1.1" 404 1256 "-" "Mozilla/5.0 (compatible; bingbot/2.0; +http://www.bing.com/bingbot.htm)"
157.56.93.84 - - [08/Feb/2014:18:44:00 +0100] "GET / HTTP/1.1" 302 - "-" "Mozilla/5.0 (compatible; bingbot/2.0; +http://www.bing.com/bingbot.htm)"
66.249.78.236 - - [08/Feb/2014:19:04:33 +0100] "GET /include.php?path=contentarchive&type=2&letter=C&catid=1&themeid=0&searchtext=&entries=0&order=dated&nid=32 HTTP/1.1" 404 1256 "-" "Mozilla/5.0 (compatible; Googlebot/2.1; +http://www.google.com/bot.html)"
91.231.70.61 - - [08/Feb/2014:19:10:51 +0100] "GET / HTTP/1.1" 302 - "-" "libwww-perl/6.04"
176.8.89.144 - - [08/Feb/2014:19:43:34 +0100] "GET /include.php?path=content&contentid=8 HTTP/1.0" 404 1256 "http://www.fls-berlin.de/include.php?path=content&contentid=8" "Opera/9.80 (Windows NT 6.1; WOW64; Edition Yx) Presto/2.12.388 Version/12.10"
176.8.89.144 - - [08/Feb/2014:19:43:34 +0100] "GET / HTTP/1.0" 302 - "http://www.fls-berlin.de/" "Opera/9.80 (Windows NT 6.1; WOW64; Edition Yx) Presto/2.12.388 Version/12.10"
66.249.78.236 - - [08/Feb/2014:20:06:17 +0100] "GET /include.php?path=contentarchive&type=4&catid=0&letter=F&entries=0&searchtext=&order=dated&nid=21 HTTP/1.1" 404 1256 "-" "Mozilla/5.0 (compatible; Googlebot/2.1; +http://www.google.com/bot.html)"
162.243.35.62 - - [08/Feb/2014:20:50:23 +0100] "GET / HTTP/1.0" 302 - "-" "Mozilla/5.0 (compatible; NetcraftSurveyAgent/1.0; +info@netcraft.com)"
141.8.147.12 - - [08/Feb/2014:21:07:22 +0100] "GET / HTTP/1.1" 302 - "-" "Mozilla/5.0 (compatible; YandexBot/3.0; +http://yandex.com/bots)"
80.153.101.65 - - [08/Feb/2014:21:21:29 +0100] "GET /fls_4_impressum.php HTTP/1.1" 404 1256 "-" "Mozilla/4.0 (Compatible; Windows NT 5.1; MSIE 6.0) (compatible; MSIE 6.0; Windows NT 5.1; .NET CLR 1.1.4322; .NET CLR 2.0.50727)"
178.255.215.70 - - [08/Feb/2014:21:51:11 +0100] "GET /?nid=19 HTTP/1.1" 302 - "-" "Mozilla/5.0 (compatible; Exabot/3.0; +http://www.exabot.com/go/robot)"
92.109.94.25 - - [08/Feb/2014:22:00:30 +0100] "GET / HTTP/1.1" 302 - "-" "Java/1.4.1_04"
92.109.94.25 - - [08/Feb/2014:22:00:30 +0100] "GET /fls_1_aktuelles.php HTTP/1.1" 404 1256 "-" "Java/1.4.1_04"
92.109.94.25 - - [08/Feb/2014:22:00:30 +0100] "GET /fls_2_fremdsprachensekr.php HTTP/1.1" 404 1256 "-" "Java/1.4.1_04"
92.109.94.25 - - [08/Feb/2014:22:00:31 +0100] "GET /fls_3_fls_international.php HTTP/1.1" 404 1256 "-" "Java/1.4.1_04"
92.109.94.25 - - [08/Feb/2014:22:00:31 +0100] "GET /fls_4_faq.php HTTP/1.1" 404 1256 "-" "Java/1.4.1_04"
92.109.94.25 - - [08/Feb/2014:22:00:31 +0100] "GET /fls_4_impressum.php HTTP/1.1" 404 1256 "-" "Java/1.4.1_04"
92.109.94.25 - - [08/Feb/2014:22:00:31 +0100] "GET /fls_4_kontakt_anmeldung.php HTTP/1.1" 404 1256 "-" "Java/1.4.1_04"
92.109.94.25 - - [08/Feb/2014:22:00:31 +0100] "GET /index.php HTTP/1.1" 302 - "-" "Java/1.4.1_04"
92.109.94.25 - - [08/Feb/2014:22:00:31 +0100] "GET /index_en.php HTTP/1.1" 404 1256 "-" "Java/1.4.1_04"
92.109.94.25 - - [08/Feb/2014:22:00:31 +0100] "GET /index_fr.php HTTP/1.1" 404 1256 "-" "Java/1.4.1_04"
92.109.94.25 - - [08/Feb/2014:22:00:31 +0100] "GET /index_sp.php HTTP/1.1" 404 1256 "-" "Java/1.4.1_04"
92.109.94.25 - - [08/Feb/2014:22:00:32 +0100] "GET /& HTTP/1.1" 404 1256 "-" "Java/1.4.1_04"
92.109.94.25 - - [08/Feb/2014:22:00:32 +0100] "GET /& HTTP/1.1" 404 1256 "-" "Java/1.4.1_04"
92.109.94.25 - - [08/Feb/2014:22:00:32 +0100] "GET /& HTTP/1.1" 404 1256 "-" "Java/1.4.1_04"
92.109.94.25 - - [08/Feb/2014:22:00:32 +0100] "GET /& HTTP/1.1" 404 1256 "-" "Java/1.4.1_04"
92.109.94.25 - - [08/Feb/2014:22:00:32 +0100] "GET /& HTTP/1.1" 404 1256 "-" "Java/1.4.1_04"
92.109.94.25 - - [08/Feb/2014:22:00:32 +0100] "GET /& HTTP/1.1" 404 1256 "-" "Java/1.4.1_04"
92.109.94.25 - - [08/Feb/2014:22:00:32 +0100] "GET /& HTTP/1.1" 404 1256 "-" "Java/1.4.1_04"
92.109.94.25 - - [08/Feb/2014:22:00:32 +0100] "GET /& HTTP/1.1" 404 1256 "-" "Java/1.4.1_04"
92.109.94.25 - - [08/Feb/2014:22:00:32 +0100] "GET /& HTTP/1.1" 404 1256 "-" "Java/1.4.1_04"
92.109.94.25 - - [08/Feb/2014:22:00:32 +0100] "GET /& HTTP/1.1" 404 1256 "-" "Java/1.4.1_04"
92.109.94.25 - - [08/Feb/2014:22:00:32 +0100] "GET /& HTTP/1.1" 404 1256 "-" "Java/1.4.1_04"
92.109.94.25 - - [08/Feb/2014:22:00:32 +0100] "GET /& HTTP/1.1" 404 1256 "-" "Java/1.4.1_04"
92.109.94.25 - - [08/Feb/2014:22:00:33 +0100] "GET /& HTTP/1.1" 404 1256 "-" "Java/1.4.1_04"
92.109.94.25 - - [08/Feb/2014:22:00:33 +0100] "GET /& HTTP/1.1" 404 1256 "-" "Java/1.4.1_04"
92.109.94.25 - - [08/Feb/2014:22:00:33 +0100] "GET /& HTTP/1.1" 404 1256 "-" "Java/1.4.1_04"
92.109.94.25 - - [08/Feb/2014:22:00:33 +0100] "GET /& HTTP/1.1" 404 1256 "-" "Java/1.4.1_04"
92.109.94.25 - - [08/Feb/2014:22:00:33 +0100] "GET /& HTTP/1.1" 404 1256 "-" "Java/1.4.1_04"
92.109.94.25 - - [08/Feb/2014:22:00:33 +0100] "GET /& HTTP/1.1" 404 1256 "-" "Java/1.4.1_04"
92.109.94.25 - - [08/Feb/2014:22:00:33 +0100] "GET /& HTTP/1.1" 404 1256 "-" "Java/1.4.1_04"
92.109.94.25 - - [08/Feb/2014:22:00:33 +0100] "GET /& HTTP/1.1" 404 1256 "-" "Java/1.4.1_04"
66.249.78.236 - - [08/Feb/2014:22:56:03 +0100] "GET /include.php?path=contentarchive&type=4&catid=0&letter=N&entries=0&searchtext=&order=titled&nid=21 HTTP/1.1" 404 1256 "-" "Mozilla/5.0 (compatible; Googlebot/2.1; +http://www.google.com/bot.html)"
208.115.113.85 - - [08/Feb/2014:23:54:11 +0100] "GET /robots.txt HTTP/1.1" 404 1256 "-" "Mozilla/5.0 (compatible; Ezooms/1.0; help@moz.com)"
66.249.78.236 - - [09/Feb/2014:00:08:03 +0100] "GET /?path=content&contentid=14&nid=4 HTTP/1.1" 302 - "-" "Mozilla/5.0 (compatible; Googlebot/2.1; +http://www.google.com/bot.html)"
157.55.32.144 - - [09/Feb/2014:00:46:39 +0100] "GET /robots.txt HTTP/1.1" 404 1256 "-" "Mozilla/5.0 (compatible; bingbot/2.0; +http://www.bing.com/bingbot.htm)"
157.55.32.144 - - [09/Feb/2014:00:47:06 +0100] "GET /include.php?path=start HTTP/1.1" 404 1256 "-" "Mozilla/5.0 (compatible; bingbot/2.0; +http://www.bing.com/bingbot.htm)"
66.249.78.236 - - [09/Feb/2014:00:49:12 +0100] "GET /robots.txt HTTP/1.1" 404 1256 "-" "Mozilla/5.0 (compatible; Googlebot/2.1; +http://www.google.com/bot.html)"
66.249.78.236 - - [09/Feb/2014:00:49:12 +0100] "GET /?path=faq&catid=2&nid=32 HTTP/1.1" 302 - "-" "Mozilla/5.0 (compatible; Googlebot/2.1; +http://www.google.com/bot.html)"
66.249.78.115 - - [09/Feb/2014:01:03:49 +0100] "GET / HTTP/1.1" 302 - "-" "SAMSUNG-SGH-E250/1.0 Profile/MIDP-2.0 Configuration/CLDC-1.1 UP.Browser/6.2.3.3.c.1.101 (GUI) MMP/2.0 (compatible; Googlebot-Mobile/2.1; +http://www.google.com/bot.html)"
208.115.113.85 - - [09/Feb/2014:01:59:23 +0100] "GET /include.php?path=contentarchive&type=2&letter=K&catid=0&themeid=0&searchtext=&entries=0&order= HTTP/1.1" 404 1256 "-" "Mozilla/5.0 (compatible; Ezooms/1.0; help@moz.com)"
5.9.20.44 - - [09/Feb/2014:05:29:37 +0100] "GET /robots.txt HTTP/1.1" 404 1256 "-" "Mozilla/5.0 (X11; Ubuntu; Linux x86_64; rv:15.0) Gecko/20100101 Firefox/15.0.1"
5.9.20.44 - - [09/Feb/2014:05:29:37 +0100] "GET / HTTP/1.1" 302 - "-" "Mozilla/5.0 (X11; Ubuntu; Linux x86_64; rv:15.0) Gecko/20100101 Firefox/15.0.1"
66.249.74.100 - - [09/Feb/2014:05:58:17 +0100] "GET /include.php?path=contentarchive&type=2&letter=F&catid=1&themeid=0&searchtext=&entries=0&order=titled&nid=19 HTTP/1.1" 404 1256 "-" "Mozilla/5.0 (compatible; Googlebot/2.1; +http://www.google.com/bot.html)"
66.249.74.100 - - [09/Feb/2014:06:05:47 +0100] "GET /include.php?path=contentarchive&type=4&catid=7&letter=X&entries=0&searchtext=&order=titled&nid=19 HTTP/1.1" 404 1256 "-" "Mozilla/5.0 (compatible; Googlebot/2.1; +http://www.google.com/bot.html)"
84.38.65.176 - - [09/Feb/2014:08:23:43 +0100] "GET / HTTP/1.1" 302 - "http://www.sumaja.de/" "Mozilla/4.0 (compatible; MSIE 8.0; Windows NT 6.0; Trident/4.0; GTB0.0; SLCC1; .NET CLR 2.0.50727; Media Center PC 5.0; .NET CLR 3.5.30729; .NET CLR 3.0.30729; .NET4.0C)"
141.8.147.12 - - [09/Feb/2014:09:08:02 +0100] "GET /robots.txt HTTP/1.1" 404 1256 "-" "Mozilla/5.0 (compatible; YandexBot/3.0; +http://yandex.com/bots)"
141.8.147.12 - - [09/Feb/2014:09:08:02 +0100] "GET /robots.txt HTTP/1.1" 404 1256 "-" "Mozilla/5.0 (compatible; YandexBot/3.0; +http://yandex.com/bots)"
141.8.147.12 - - [09/Feb/2014:09:08:04 +0100] "GET /fls_1_aktuelles.php?artid=39 HTTP/1.1" 404 1256 "-" "Mozilla/5.0 (compatible; YandexBot/3.0; +http://yandex.com/bots)"
141.8.147.12 - - [09/Feb/2014:09:08:05 +0100] "GET /fls_1_aktuelles.php?artid=39 HTTP/1.1" 404 1256 "-" "Mozilla/5.0 (compatible; YandexBot/3.0; +http://yandex.com/bots)"
141.8.147.12 - - [09/Feb/2014:09:08:06 +0100] "GET /index_fr.php HTTP/1.1" 404 1256 "-" "Mozilla/5.0 (compatible; YandexBot/3.0; +http://yandex.com/bots)"
141.8.147.12 - - [09/Feb/2014:09:08:07 +0100] "GET /index_en.php HTTP/1.1" 404 1256 "-" "Mozilla/5.0 (compatible; YandexBot/3.0; +http://yandex.com/bots)"
141.8.147.12 - - [09/Feb/2014:09:08:08 +0100] "GET /fls_4_kontakt_anmeldung.php HTTP/1.1" 404 1256 "-" "Mozilla/5.0 (compatible; YandexBot/3.0; +http://yandex.com/bots)"
141.8.147.12 - - [09/Feb/2014:09:08:09 +0100] "GET /fls_1_aktuelles.php HTTP/1.1" 404 1256 "-" "Mozilla/5.0 (compatible; YandexBot/3.0; +http://yandex.com/bots)"
141.8.147.12 - - [09/Feb/2014:09:08:10 +0100] "GET /fls_2_fremdsprachensekr.php HTTP/1.1" 404 1256 "-" "Mozilla/5.0 (compatible; YandexBot/3.0; +http://yandex.com/bots)"
141.8.147.12 - - [09/Feb/2014:09:08:11 +0100] "GET /fls_4_kontakt_anmeldung.php HTTP/1.1" 404 1256 "-" "Mozilla/5.0 (compatible; YandexBot/3.0; +http://yandex.com/bots)"
141.8.147.12 - - [09/Feb/2014:09:08:12 +0100] "GET /fls_2_kurs_ecbm_london.php HTTP/1.1" 404 1256 "-" "Mozilla/5.0 (compatible; YandexBot/3.0; +http://yandex.com/bots)"
141.8.147.12 - - [09/Feb/2014:09:08:13 +0100] "GET /fls_2_fremdsprachenkorr.php HTTP/1.1" 404 1256 "-" "Mozilla/5.0 (compatible; YandexBot/3.0; +http://yandex.com/bots)"
141.8.147.12 - - [09/Feb/2014:09:08:14 +0100] "GET /fls_2_berufsfachschule.php HTTP/1.1" 404 1256 "-" "Mozilla/5.0 (compatible; YandexBot/3.0; +http://yandex.com/bots)"
141.8.147.12 - - [09/Feb/2014:09:08:15 +0100] "GET /fls_2_fremdsprachensekr.php HTTP/1.1" 404 1256 "-" "Mozilla/5.0 (compatible; YandexBot/3.0; +http://yandex.com/bots)"
141.8.147.12 - - [09/Feb/2014:09:08:16 +0100] "GET /fls_4_impressum.php HTTP/1.1" 404 1256 "-" "Mozilla/5.0 (compatible; YandexBot/3.0; +http://yandex.com/bots)"
141.8.147.12 - - [09/Feb/2014:09:08:17 +0100] "GET /fls_2_europakorr.php HTTP/1.1" 404 1256 "-" "Mozilla/5.0 (compatible; YandexBot/3.0; +http://yandex.com/bots)"
141.8.147.12 - - [09/Feb/2014:09:08:18 +0100] "GET /fls_1_aktuelles.php HTTP/1.1" 404 1256 "-" "Mozilla/5.0 (compatible; YandexBot/3.0; +http://yandex.com/bots)"
141.8.147.12 - - [09/Feb/2014:09:08:19 +0100] "GET /index_fr.php HTTP/1.1" 404 1256 "-" "Mozilla/5.0 (compatible; YandexBot/3.0; +http://yandex.com/bots)"
141.8.147.12 - - [09/Feb/2014:09:08:20 +0100] "GET /fls_2_europakorr.php HTTP/1.1" 404 1256 "-" "Mozilla/5.0 (compatible; YandexBot/3.0; +http://yandex.com/bots)"
141.8.147.12 - - [09/Feb/2014:09:08:21 +0100] "GET /fls_3_fls_international.php HTTP/1.1" 404 1256 "-" "Mozilla/5.0 (compatible; YandexBot/3.0; +http://yandex.com/bots)"
141.8.147.12 - - [09/Feb/2014:09:08:23 +0100] "GET /index_en.php HTTP/1.1" 404 1256 "-" "Mozilla/5.0 (compatible; YandexBot/3.0; +http://yandex.com/bots)"
141.8.147.12 - - [09/Feb/2014:09:08:23 +0100] "GET /fls_2_kurs_ecbm_london.php HTTP/1.1" 404 1256 "-" "Mozilla/5.0 (compatible; YandexBot/3.0; +http://yandex.com/bots)"
141.8.147.12 - - [09/Feb/2014:09:08:25 +0100] "GET /fls_2_fremdsprachenkorr.php HTTP/1.1" 404 1256 "-" "Mozilla/5.0 (compatible; YandexBot/3.0; +http://yandex.com/bots)"
141.8.147.12 - - [09/Feb/2014:09:08:25 +0100] "GET /fls_2_berufsfachschule.php HTTP/1.1" 404 1256 "-" "Mozilla/5.0 (compatible; YandexBot/3.0; +http://yandex.com/bots)"
141.8.147.12 - - [09/Feb/2014:09:08:27 +0100] "GET /fls_3_fls_international.php HTTP/1.1" 404 1256 "-" "Mozilla/5.0 (compatible; YandexBot/3.0; +http://yandex.com/bots)"
141.8.147.12 - - [09/Feb/2014:09:08:28 +0100] "GET /fls_4_impressum.php HTTP/1.1" 404 1256 "-" "Mozilla/5.0 (compatible; YandexBot/3.0; +http://yandex.com/bots)"
66.249.74.100 - - [09/Feb/2014:09:25:59 +0100] "GET /include.php?path=contentarchive&type=2&letter=A&catid=9&themeid=0&searchtext=&entries=0&order=titled&nid=32 HTTP/1.1" 404 1256 "-" "Mozilla/5.0 (compatible; Googlebot/2.1; +http://www.google.com/bot.html)"
208.115.111.69 - - [09/Feb/2014:09:40:14 +0100] "GET /robots.txt HTTP/1.1" 404 1256 "-" "Mozilla/5.0 (compatible; Ezooms/1.0; help@moz.com)"
141.8.147.12 - - [09/Feb/2014:09:41:32 +0100] "GET / HTTP/1.1" 302 - "-" "Mozilla/5.0 (compatible; YandexBot/3.0; +http://yandex.com/bots)"
66.249.78.236 - - [09/Feb/2014:10:17:25 +0100] "GET /include.php?path=contentarchive&type=2&letter=L&catid=1&themeid=0&searchtext=&entries=0&order=title&nid=21 HTTP/1.1" 404 1256 "-" "Mozilla/5.0 (compatible; Googlebot/2.1; +http://www.google.com/bot.html)"
66.249.78.236 - - [09/Feb/2014:10:36:14 +0100] "GET /include.php?path=contentarchive&type=1&letter=0-9&catid=9&themeid=0&searchtext=&entries=0&order=titled&nid=19 HTTP/1.1" 404 1256 "-" "Mozilla/5.0 (compatible; Googlebot/2.1; +http://www.google.com/bot.html)"
66.249.78.236 - - [09/Feb/2014:11:08:51 +0100] "GET /include.php?path=contentarchive&type=2&letter=S&catid=1&themeid=0&searchtext=&entries=0&order=titled&nid=4 HTTP/1.1" 404 1256 "-" "Mozilla/5.0 (compatible; Googlebot/2.1; +http://www.google.com/bot.html)"
66.249.78.236 - - [09/Feb/2014:11:15:04 +0100] "GET /include.php?path=contentarchive&type=2&letter=N&catid=9&themeid=0&searchtext=&entries=0&order=&nid=19 HTTP/1.1" 404 1256 "-" "Mozilla/5.0 (compatible; Googlebot/2.1; +http://www.google.com/bot.html)"
208.115.111.69 - - [09/Feb/2014:11:32:37 +0100] "GET /?path=contentarchive&type=2&letter=M&catid=0&themeid=0&searchtext=&entries=0&order= HTTP/1.1" 302 - "-" "Mozilla/5.0 (compatible; Ezooms/1.0; help@moz.com)"
77.184.75.232 - - [09/Feb/2014:11:48:47 +0100] "GET / HTTP/1.1" 302 - "-" "Mozilla/5.0 (compatible; MSIE 9.0; Windows Phone OS 7.5; Trident/5.0; IEMobile/9.0; NOKIA; Lumia 800)"
31.13.99.116 - - [09/Feb/2014:12:08:35 +0100] "GET / HTTP/1.1" 302 - "-" "facebookexternalhit/1.1 (+http://www.facebook.com/externalhit_uatext.php)"
66.249.78.236 - - [09/Feb/2014:12:08:42 +0100] "GET /include.php?path=contentarchive&type=2&letter=Y&catid=9&themeid=0&searchtext=&entries=0&order=&nid=4 HTTP/1.1" 404 1256 "-" "Mozilla/5.0 (compatible; Googlebot/2.1; +http://www.google.com/bot.html)"
66.249.78.236 - - [09/Feb/2014:12:24:02 +0100] "GET /include.php?path=contact&mode=suggest&suggest_path=path%3Darticle%26contentid%3D74%26page%3D HTTP/1.1" 404 1256 "-" "Mozilla/5.0 (compatible; Googlebot/2.1; +http://www.google.com/bot.html)"
66.249.78.236 - - [09/Feb/2014:12:35:41 +0100] "GET /include.php?path=content&mode=vote&contentid=114&type=4&content_vote=6&action=Go&nid=4 HTTP/1.1" 404 1256 "-" "Mozilla/5.0 (compatible; Googlebot/2.1; +http://www.google.com/bot.html)"
66.249.78.236 - - [09/Feb/2014:13:02:29 +0100] "GET /robots.txt HTTP/1.1" 404 1256 "-" "Mozilla/5.0 (compatible; Googlebot/2.1; +http://www.google.com/bot.html)"
66.249.78.236 - - [09/Feb/2014:13:02:30 +0100] "GET /include.php?path=contentarchive&type=1&letter=R&catid=10&themeid=0&searchtext=&entries=0&order=title&nid=21 HTTP/1.1" 404 1256 "-" "Mozilla/5.0 (compatible; Googlebot/2.1; +http://www.google.com/bot.html)"
66.249.78.236 - - [09/Feb/2014:13:11:31 +0100] "GET /include.php?path=contentarchive&type=2&letter=N&catid=0&themeid=0&searchtext=&entries=8&order=dated&nid=4 HTTP/1.1" 404 1256 "-" "Mozilla/5.0 (compatible; Googlebot/2.1; +http://www.google.com/bot.html)"
66.249.78.236 - - [09/Feb/2014:13:29:18 +0100] "GET /include.php?path=contentarchive&type=1&letter=L&catid=0&themeid=0&searchtext=&entries=5&order=title&nid=21 HTTP/1.1" 404 1256 "-" "Mozilla/5.0 (compatible; Googlebot/2.1; +http://www.google.com/bot.html)"
208.115.111.69 - - [09/Feb/2014:13:41:52 +0100] "GET /robots.txt HTTP/1.1" 404 1256 "-" "Mozilla/5.0 (compatible; Ezooms/1.0; help@moz.com)"
66.249.78.236 - - [09/Feb/2014:13:56:04 +0100] "GET /include.php?path=contentarchive&type=1&letter=W&catid=10&themeid=0&searchtext=&entries=0&order=dated&nid=19 HTTP/1.1" 404 1256 "-" "Mozilla/5.0 (compatible; Googlebot/2.1; +http://www.google.com/bot.html)"
66.249.78.236 - - [09/Feb/2014:14:22:55 +0100] "GET /include.php?path=contentarchive&type=2&letter=C&catid=0&themeid=0&searchtext=&entries=8&order=titled&nid=19 HTTP/1.1" 404 1256 "-" "Mozilla/5.0 (compatible; Googlebot/2.1; +http://www.google.com/bot.html)"
66.249.78.236 - - [09/Feb/2014:14:49:46 +0100] "GET /include.php?path=contentarchive&type=1&catid=10&letter=H&entries=0&searchtext=&order=title&nid=13 HTTP/1.1" 404 1256 "-" "Mozilla/5.0 (compatible; Googlebot/2.1; +http://www.google.com/bot.html)"
178.255.215.70 - - [09/Feb/2014:14:59:20 +0100] "GET /robots.txt HTTP/1.1" 404 1256 "-" "Mozilla/5.0 (compatible; Exabot/3.0; +http://www.exabot.com/go/robot)"
178.255.215.70 - - [09/Feb/2014:14:59:20 +0100] "GET /?path=content&contentid=8 HTTP/1.1" 302 - "-" "Mozilla/5.0 (compatible; Exabot/3.0; +http://www.exabot.com/go/robot)"
66.249.74.100 - - [09/Feb/2014:15:16:37 +0100] "GET /include.php?path=contentarchive&type=4&letter=Z&catid=12&themeid=0&searchtext=&entries=0&order=titled&nid=4 HTTP/1.1" 404 1256 "-" "Mozilla/5.0 (compatible; Googlebot/2.1; +http://www.google.com/bot.html)"
208.115.111.69 - - [09/Feb/2014:15:32:49 +0100] "GET /?path=contentarchive&type=2&letter=Q&catid=0&themeid=0&searchtext=&entries=0&order= HTTP/1.1" 302 - "-" "Mozilla/5.0 (compatible; Ezooms/1.0; help@moz.com)"
208.115.111.69 - - [09/Feb/2014:15:32:56 +0100] "GET /include.php?path=contentarchive&type=2&letter=B&catid=0&themeid=0&searchtext=&entries=0&order=title HTTP/1.1" 404 1256 "-" "Mozilla/5.0 (compatible; Ezooms/1.0; help@moz.com)"
66.249.78.236 - - [09/Feb/2014:15:43:33 +0100] "GET /include.php?path=contentarchive&type=1&catid=10&letter=Y&entries=0&searchtext=&order=title&nid=21 HTTP/1.1" 404 1256 "-" "Mozilla/5.0 (compatible; Googlebot/2.1; +http://www.google.com/bot.html)"
188.138.41.175 - - [09/Feb/2014:16:04:56 +0100] "GET / HTTP/1.1" 302 - "-" "Mozilla/5.0 (X11; U; Linux i686; en-US; rv:1.9.0.1) Gecko/2008070206 Firefox/3.0.1"
188.138.41.175 - - [09/Feb/2014:16:04:58 +0100] "GET / HTTP/1.1" 302 - "-" "Mozilla/5.0 (X11; U; Linux i686; en-US; rv:1.9.0.1) Gecko/2008070206 Firefox/3.0.1"
188.138.41.175 - - [09/Feb/2014:16:04:58 +0100] "GET /?path=content&contentid=81&nid=2 HTTP/1.1" 302 - "-" "Mozilla/5.0 (X11; U; Linux i686; en-US; rv:1.9.0.1) Gecko/2008070206 Firefox/3.0.1"
66.249.78.236 - - [09/Feb/2014:16:10:20 +0100] "GET /include.php?path=contentarchive&type=1&letter=X&catid=0&themeid=0&searchtext=&entries=0&order=&nid=19 HTTP/1.1" 404 1256 "-" "Mozilla/5.0 (compatible; Googlebot/2.1; +http://www.google.com/bot.html)"
66.249.78.236 - - [09/Feb/2014:16:37:12 +0100] "GET /include.php?path=contentarchive&type=4&catid=6&letter=S&entries=0&searchtext=&order=title&nid=21 HTTP/1.1" 404 1256 "-" "Mozilla/5.0 (compatible; Googlebot/2.1; +http://www.google.com/bot.html)"
66.249.78.236 - - [09/Feb/2014:17:00:02 +0100] "GET / HTTP/1.1" 302 - "-" "SAMSUNG-SGH-E250/1.0 Profile/MIDP-2.0 Configuration/CLDC-1.1 UP.Browser/6.2.3.3.c.1.101 (GUI) MMP/2.0 (compatible; Googlebot-Mobile/2.1; +http://www.google.com/bot.html)"
66.249.74.100 - - [09/Feb/2014:17:04:13 +0100] "GET /include.php?path=contentarchive&type=1&letter=N&catid=0&themeid=0&searchtext=&entries=0&order=titled&nid=13 HTTP/1.1" 404 1256 "-" "Mozilla/5.0 (compatible; Googlebot/2.1; +http://www.google.com/bot.html)"
188.138.41.175 - - [09/Feb/2014:17:07:35 +0100] "GET / HTTP/1.1" 302 - "-" "Mozilla/5.0 (X11; U; Linux i686; en-US; rv:1.9.0.1) Gecko/2008070206 Firefox/3.0.1"
188.138.41.175 - - [09/Feb/2014:17:07:38 +0100] "GET / HTTP/1.1" 302 - "-" "Mozilla/5.0 (X11; U; Linux i686; en-US; rv:1.9.0.1) Gecko/2008070206 Firefox/3.0.1"
188.138.41.175 - - [09/Feb/2014:17:07:39 +0100] "GET /?path=content&contentid=81&nid=2 HTTP/1.1" 302 - "-" "Mozilla/5.0 (X11; U; Linux i686; en-US; rv:1.9.0.1) Gecko/2008070206 Firefox/3.0.1"
66.249.78.236 - - [09/Feb/2014:17:31:00 +0100] "GET /include.php?path=contentarchive&type=1&catid=10&letter=V&entries=0&searchtext=&order=title&nid=19 HTTP/1.1" 404 1256 "-" "Mozilla/5.0 (compatible; Googlebot/2.1; +http://www.google.com/bot.html)"
208.115.111.69 - - [09/Feb/2014:17:38:02 +0100] "GET /robots.txt HTTP/1.1" 404 1256 "-" "Mozilla/5.0 (compatible; Ezooms/1.0; help@moz.com)"
66.249.78.236 - - [09/Feb/2014:17:57:46 +0100] "GET /include.php?path=contentarchive&type=2&letter=I&catid=8&themeid=0&searchtext=&entries=0&order=&nid=19 HTTP/1.1" 404 1256 "-" "Mozilla/5.0 (compatible; Googlebot/2.1; +http://www.google.com/bot.html)"
188.138.41.175 - - [09/Feb/2014:18:21:05 +0100] "GET / HTTP/1.1" 302 - "-" "Mozilla/5.0 (X11; U; Linux i686; en-US; rv:1.9.0.1) Gecko/2008070206 Firefox/3.0.1"
188.138.41.175 - - [09/Feb/2014:18:21:07 +0100] "GET / HTTP/1.1" 302 - "-" "Mozilla/5.0 (X11; U; Linux i686; en-US; rv:1.9.0.1) Gecko/2008070206 Firefox/3.0.1"
188.138.41.175 - - [09/Feb/2014:18:21:07 +0100] "GET /?path=content&contentid=81&nid=2 HTTP/1.1" 302 - "-" "Mozilla/5.0 (X11; U; Linux i686; en-US; rv:1.9.0.1) Gecko/2008070206 Firefox/3.0.1"
208.115.111.69 - - [09/Feb/2014:19:25:38 +0100] "GET /include.php?path=contentarchive&type=2&letter=S&catid=0&themeid=0&searchtext=&entries=0&order= HTTP/1.1" 404 1256 "-" "Mozilla/5.0 (compatible; Ezooms/1.0; help@moz.com)"
208.115.111.69 - - [09/Feb/2014:19:25:43 +0100] "GET /include.php?path=contentarchive&type=2&letter=Y&catid=0&themeid=0&searchtext=&entries=0&order=title HTTP/1.1" 404 1256 "-" "Mozilla/5.0 (compatible; Ezooms/1.0; help@moz.com)"
66.249.78.236 - - [09/Feb/2014:19:45:15 +0100] "GET /include.php?path=contentarchive&type=1&letter=Z&catid=10&themeid=0&searchtext=&entries=0&order=titled&nid=19 HTTP/1.1" 404 1256 "-" "Mozilla/5.0 (compatible; Googlebot/2.1; +http://www.google.com/bot.html)"
208.115.113.85 - - [09/Feb/2014:19:55:23 +0100] "GET /robots.txt HTTP/1.1" 404 1256 "-" "Mozilla/5.0 (compatible; Ezooms/1.0; help@moz.com)"
217.69.133.223 - - [09/Feb/2014:20:48:36 +0100] "GET /robots.txt HTTP/1.1" 404 1256 "-" "Mozilla/5.0 (compatible; Linux x86_64; Mail.RU_Bot/2.0; +http://go.mail.ru/help/robots)"
217.69.133.68 - - [09/Feb/2014:20:48:37 +0100] "GET / HTTP/1.1" 302 - "-" "Mozilla/5.0 (compatible; Linux x86_64; Mail.RU_Bot/2.0; +http://go.mail.ru/help/robots)"
208.115.113.85 - - [09/Feb/2014:22:07:42 +0100] "GET /include.php?path=contentarchive&type=3&letter=U&catid=0&themeid=0&searchtext=&entries=0&order= HTTP/1.1" 404 1256 "-" "Mozilla/5.0 (compatible; Ezooms/1.0; help@moz.com)"
94.222.248.67 - - [09/Feb/2014:22:51:11 +0100] "GET / HTTP/1.1" 302 - "http://www.regional.planet-beruf.de/details.jsp?roid=157&oid=100400200&tid=1&eid=3026" "Mozilla/5.0 (Windows NT 6.1; WOW64) AppleWebKit/537.36 (KHTML, like Gecko) Chrome/32.0.1700.102 Safari/537.36"
208.115.113.85 - - [09/Feb/2014:23:54:37 +0100] "GET /robots.txt HTTP/1.1" 404 1256 "-" "Mozilla/5.0 (compatible; Ezooms/1.0; help@moz.com)"
5.10.83.92 - - [10/Feb/2014:01:01:34 +0100] "GET / HTTP/1.1" 302 - "-" "Mozilla/5.0 (compatible; AhrefsBot/5.0; +http://ahrefs.com/robot/)"
208.115.111.69 - - [10/Feb/2014:01:37:34 +0100] "GET /robots.txt HTTP/1.1" 404 1256 "-" "Mozilla/5.0 (compatible; Ezooms/1.0; help@moz.com)"
208.115.113.85 - - [10/Feb/2014:01:59:15 +0100] "GET /?path=contentarchive&type=2&letter=X&catid=0&themeid=0&searchtext=&entries=0&order= HTTP/1.1" 302 - "-" "Mozilla/5.0 (compatible; Ezooms/1.0; help@moz.com)"
208.115.111.69 - - [10/Feb/2014:03:24:42 +0100] "GET /include.php?path=contentarchive&type=2&letter=O&catid=0&themeid=0&searchtext=&entries=0&order= HTTP/1.1" 404 1256 "-" "Mozilla/5.0 (compatible; Ezooms/1.0; help@moz.com)"
128.131.102.100 - - [10/Feb/2014:06:51:46 +0100] "GET / HTTP/1.0" 302 - "-" "Mozilla/5.0 (KeepRight OpenStreetMap Checker; http://keepright.at) Gecko/20100101 Firefox/22.0"
141.64.46.137 - - [10/Feb/2014:08:48:22 +0100] "GET / HTTP/1.1" 302 - "-" "Mozilla/5.0 (Windows NT 6.1; WOW64; rv:26.0) Gecko/20100101 Firefox/26.0"
141.8.147.12 - - [10/Feb/2014:09:48:07 +0100] "GET /robots.txt HTTP/1.1" 404 1256 "-" "Mozilla/5.0 (compatible; YandexBot/3.0; +http://yandex.com/bots)"
141.8.147.12 - - [10/Feb/2014:09:48:08 +0100] "GET /robots.txt HTTP/1.1" 404 1256 "-" "Mozilla/5.0 (compatible; YandexBot/3.0; +http://yandex.com/bots)"
141.8.147.12 - - [10/Feb/2014:09:48:09 +0100] "GET / HTTP/1.1" 302 - "-" "Mozilla/5.0 (compatible; YandexBot/3.0; +http://yandex.com/bots)"
141.8.147.12 - - [10/Feb/2014:09:48:10 +0100] "GET / HTTP/1.1" 302 - "-" "Mozilla/5.0 (compatible; YandexBot/3.0; +http://yandex.com/bots)"
46.115.129.156 - - [10/Feb/2014:10:52:50 +0100] "GET / HTTP/1.1" 302 - "https://www.google.de/" "Mozilla/5.0 (iPhone; CPU iPhone OS 7_0_4 like Mac OS X) AppleWebKit/537.51.1 (KHTML, like Gecko) Version/7.0 Mobile/11B554a Safari/9537.53"
79.204.102.91 - - [10/Feb/2014:11:09:23 +0100] "GET / HTTP/1.1" 302 - "http://www.google.de/url?sa=t&rct=j&q=&esrc=s&source=web&cd=1&ved=0CCwQFjAA&url=http%3A%2F%2Fwww.friedrich-list-berlin.de%2F&ei=16T4UpTiAc3Isgbv_IGQDw&usg=AFQjCNGsKs3TvBQ4z91zrYvo9_SfKi5nug&bvm=bv.60983673,d.Yms" "Mozilla/5.0 (Windows NT 6.0; WOW64; rv:27.0) Gecko/20100101 Firefox/27.0"
64.246.161.190 - - [10/Feb/2014:12:06:23 +0100] "GET /robots.txt HTTP/1.0" 404 1256 "-" "Mozilla/5.0 (Windows; U; Windows NT 5.1; en; rv:1.9.0.13) Gecko/2009073022 Firefox/3.5.2 (.NET CLR 3.5.30729) SurveyBot/2.3 (DomainTools)"
64.246.161.190 - - [10/Feb/2014:12:06:23 +0100] "GET / HTTP/1.1" 302 - "http://whois.domaintools.com/fls-berlin.de" "Mozilla/5.0 (Windows; U; Windows NT 5.1; en; rv:1.9.0.13) Gecko/2009073022 Firefox/3.5.2 (.NET CLR 3.5.30729) SurveyBot/2.3 (DomainTools)"
87.187.8.226 - - [10/Feb/2014:12:41:30 +0100] "GET / HTTP/1.1" 302 - "http://www.bing.com/local/details.aspx?lid=YN6741x262028031&q=Friedrich-List-Schule+Berlin+Berlin&FORM=LARE" "Mozilla/5.0 (Windows NT 5.1; rv:26.0) Gecko/20100101 Firefox/26.0"
87.98.234.14 - - [10/Feb/2014:12:54:07 +0100] "GET / HTTP/1.1" 302 - "-" "Mozilla/5.0 (compatible; WebThumbnail/3.x; Website Thumbnail Generator; +http://webthumbnail.org)"
87.98.234.14 - - [10/Feb/2014:12:54:10 +0100] "GET / HTTP/1.1" 302 - "-" "Mozilla/5.0 (compatible; WebThumbnail/3.x; Website Thumbnail Generator; +http://webthumbnail.org)"
64.246.161.42 - - [10/Feb/2014:13:21:47 +0100] "GET /robots.txt HTTP/1.0" 404 1256 "-" "Mozilla/5.0 (Windows; U; Windows NT 5.1; en; rv:1.9.0.13) Gecko/2009073022 Firefox/3.5.2 (.NET CLR 3.5.30729) SurveyBot/2.3 (DomainTools)"
64.246.161.42 - - [10/Feb/2014:13:21:47 +0100] "GET / HTTP/1.1" 302 - "http://whois.domaintools.com/friedrich-list-berlin.de" "Mozilla/5.0 (Windows; U; Windows NT 5.1; en; rv:1.9.0.13) Gecko/2009073022 Firefox/3.5.2 (.NET CLR 3.5.30729) SurveyBot/2.3 (DomainTools)"
66.249.78.236 - - [10/Feb/2014:14:32:14 +0100] "GET /robots.txt HTTP/1.1" 404 1256 "-" "Mozilla/5.0 (compatible; Googlebot/2.1; +http://www.google.com/bot.html)"
66.249.78.236 - - [10/Feb/2014:14:32:15 +0100] "GET /include.php?path=contentarchive&type=1&letter=D&catid=0&themeid=0&searchtext=&entries=0&order=&nid=19 HTTP/1.1" 404 1256 "-" "Mozilla/5.0 (compatible; Googlebot/2.1; +http://www.google.com/bot.html)"
66.249.78.236 - - [10/Feb/2014:15:02:12 +0100] "GET /include.php?path=contentarchive&type=1&catid=0&letter=K&entries=0&searchtext=&order=titled&nid=13 HTTP/1.1" 404 1256 "-" "Mozilla/5.0 (compatible; Googlebot/2.1; +http://www.google.com/bot.html)"
66.249.78.236 - - [10/Feb/2014:16:02:40 +0100] "GET /include.php?path=contentarchive&type=1&catid=10&letter=B&entries=0&searchtext=&order=dated&nid=4 HTTP/1.1" 404 1256 "-" "Mozilla/5.0 (compatible; Googlebot/2.1; +http://www.google.com/bot.html)"
87.123.97.115 - - [10/Feb/2014:16:29:33 +0100] "GET / HTTP/1.1" 302 - "-" "Mozilla/5.0 (Windows NT 6.2; WOW64; rv:21.0) Gecko/20100101 Firefox/21.0"
91.64.139.77 - - [10/Feb/2014:19:03:08 +0100] "GET / HTTP/1.1" 302 - "http://maps.google.de/local_url?dq=handelsschulen+berlin&q=http://www.friedrich-list-berlin.de/&oi=miw&sa=X&ct=miw_link&cd=1&cad=homepage,cid:15796106503487596536&ei=wxP5Utf2B8KTiwaCgoHAAQ&s=ANYYN7njxkCzDM32b2Ku_Mwan5_f30RTEw" "Mozilla/5.0 (Windows NT 6.0; rv:26.0) Gecko/20100101 Firefox/26.0"
208.115.111.69 - - [10/Feb/2014:21:47:54 +0100] "GET /robots.txt HTTP/1.1" 404 1256 "-" "Mozilla/5.0 (compatible; Ezooms/1.0; help@moz.com)"
208.115.111.69 - - [10/Feb/2014:23:34:46 +0100] "GET /include.php?path=contentarchive&type=2&nid=13 HTTP/1.1" 404 1256 "-" "Mozilla/5.0 (compatible; Ezooms/1.0; help@moz.com)"
208.115.113.85 - - [10/Feb/2014:23:41:27 +0100] "GET /robots.txt HTTP/1.1" 404 1256 "-" "Mozilla/5.0 (compatible; Ezooms/1.0; help@moz.com)"
81.169.188.167 - - [11/Feb/2014:01:30:27 +0100] "GET / HTTP/1.1" 302 - "-" "Mozilla/5.0 (Windows NT 6.1; rv:14.0) Gecko/20120405 Firefox/14.0a1"
81.169.188.167 - - [11/Feb/2014:01:30:28 +0100] "GET / HTTP/1.1" 302 - "-" "Mozilla/4.0 (compatible; MSIE 8.0; Windows NT 5.1; Trident/4.0; .NET CLR 2.0.50727; InfoPath.2)"
81.169.188.167 - - [11/Feb/2014:01:30:38 +0100] "GET / HTTP/1.1" 302 - "-" "Mozilla/5.0 (X11; Mageia; Linux x86_64; rv:10.0.9) Gecko/20100101 Firefox/10.0.9"
81.169.231.59 - - [11/Feb/2014:01:39:51 +0100] "GET / HTTP/1.1" 302 - "-" "Mozilla/5.0 (Windows NT 6.1; rv:12.0) Gecko/20120403211507 Firefox/12.0"
81.169.231.59 - - [11/Feb/2014:01:39:52 +0100] "GET / HTTP/1.1" 302 - "-" "Mozilla/5.0 (X11; Linux x86_64) AppleWebKit/535.24 (KHTML, like Gecko) Chrome/19.0.1055.1 Safari/535.24"
81.169.231.59 - - [11/Feb/2014:01:40:01 +0100] "GET / HTTP/1.1" 302 - "-" "Mozilla/4.0 (compatible; MSIE 8.0; Windows NT 6.1; de) Opera 11.01"
208.115.113.85 - - [11/Feb/2014:01:43:33 +0100] "GET /include.php?path=contentarchive&type=2&letter=B&catid=0&themeid=0&searchtext=&entries=0&order= HTTP/1.1" 404 1256 "-" "Mozilla/5.0 (compatible; Ezooms/1.0; help@moz.com)"
178.77.126.55 - - [11/Feb/2014:03:25:26 +0100] "GET /robots.txt HTTP/1.1" 404 1256 "-" "Mozilla/5.0 (compatible; CareerBot/1.1; +http://www.career-x.de/bot.html)"
178.77.126.55 - - [11/Feb/2014:03:25:26 +0100] "GET / HTTP/1.1" 302 - "-" "Mozilla/5.0 (compatible; CareerBot/1.1; +http://www.career-x.de/bot.html)"
85.13.210.26 - - [11/Feb/2014:03:41:31 +0100] "GET / HTTP/1.1" 302 - "-" "Java/1.7.0_45"
85.13.210.26 - - [11/Feb/2014:03:41:32 +0100] "GET /fls_1_aktuelles.php HTTP/1.1" 404 1256 "-" "Java/1.7.0_45"
85.13.210.26 - - [11/Feb/2014:03:41:32 +0100] "GET /fls_2_fremdsprachensekr.php HTTP/1.1" 404 1256 "-" "Java/1.7.0_45"
85.13.210.26 - - [11/Feb/2014:03:41:32 +0100] "GET /fls_3_fls_international.php HTTP/1.1" 404 1256 "-" "Java/1.7.0_45"
85.13.210.26 - - [11/Feb/2014:03:41:32 +0100] "GET /fls_4_faq.php HTTP/1.1" 404 1256 "-" "Java/1.7.0_45"
85.13.210.26 - - [11/Feb/2014:03:41:32 +0100] "GET /fls_4_impressum.php HTTP/1.1" 404 1256 "-" "Java/1.7.0_45"
85.13.210.26 - - [11/Feb/2014:03:41:32 +0100] "GET /fls_4_kontakt_anmeldung.php HTTP/1.1" 404 1256 "-" "Java/1.7.0_45"
85.13.210.26 - - [11/Feb/2014:03:41:33 +0100] "GET /index.php HTTP/1.1" 302 - "-" "Java/1.7.0_45"
85.13.210.26 - - [11/Feb/2014:03:41:33 +0100] "GET /index_en.php HTTP/1.1" 404 1256 "-" "Java/1.7.0_45"
85.13.210.26 - - [11/Feb/2014:03:41:33 +0100] "GET /index_fr.php HTTP/1.1" 404 1256 "-" "Java/1.7.0_45"
85.13.210.26 - - [11/Feb/2014:03:41:33 +0100] "GET /index_sp.php HTTP/1.1" 404 1256 "-" "Java/1.7.0_45"
85.13.210.26 - - [11/Feb/2014:03:41:34 +0100] "GET /& HTTP/1.1" 404 1256 "-" "Java/1.7.0_45"
85.13.210.26 - - [11/Feb/2014:03:41:34 +0100] "GET /& HTTP/1.1" 404 1256 "-" "Java/1.7.0_45"
85.13.210.26 - - [11/Feb/2014:03:41:34 +0100] "GET /& HTTP/1.1" 404 1256 "-" "Java/1.7.0_45"
85.13.210.26 - - [11/Feb/2014:03:41:34 +0100] "GET /& HTTP/1.1" 404 1256 "-" "Java/1.7.0_45"
85.13.210.26 - - [11/Feb/2014:03:41:34 +0100] "GET /& HTTP/1.1" 404 1256 "-" "Java/1.7.0_45"
85.13.210.26 - - [11/Feb/2014:03:41:34 +0100] "GET /& HTTP/1.1" 404 1256 "-" "Java/1.7.0_45"
85.13.210.26 - - [11/Feb/2014:03:41:34 +0100] "GET /& HTTP/1.1" 404 1256 "-" "Java/1.7.0_45"
85.13.210.26 - - [11/Feb/2014:03:41:35 +0100] "GET /& HTTP/1.1" 404 1256 "-" "Java/1.7.0_45"
85.13.210.26 - - [11/Feb/2014:03:41:35 +0100] "GET /& HTTP/1.1" 404 1256 "-" "Java/1.7.0_45"
85.13.210.26 - - [11/Feb/2014:03:41:35 +0100] "GET /& HTTP/1.1" 404 1256 "-" "Java/1.7.0_45"
85.13.210.26 - - [11/Feb/2014:03:41:35 +0100] "GET /& HTTP/1.1" 404 1256 "-" "Java/1.7.0_45"
85.13.210.26 - - [11/Feb/2014:03:41:35 +0100] "GET /& HTTP/1.1" 404 1256 "-" "Java/1.7.0_45"
85.13.210.26 - - [11/Feb/2014:03:41:35 +0100] "GET /& HTTP/1.1" 404 1256 "-" "Java/1.7.0_45"
85.13.210.26 - - [11/Feb/2014:03:41:35 +0100] "GET /& HTTP/1.1" 404 1256 "-" "Java/1.7.0_45"
85.13.210.26 - - [11/Feb/2014:03:41:35 +0100] "GET /& HTTP/1.1" 404 1256 "-" "Java/1.7.0_45"
85.13.210.26 - - [11/Feb/2014:03:41:36 +0100] "GET /& HTTP/1.1" 404 1256 "-" "Java/1.7.0_45"
85.13.210.26 - - [11/Feb/2014:03:41:36 +0100] "GET /& HTTP/1.1" 404 1256 "-" "Java/1.7.0_45"
85.13.210.26 - - [11/Feb/2014:03:41:36 +0100] "GET /& HTTP/1.1" 404 1256 "-" "Java/1.7.0_45"
85.13.210.26 - - [11/Feb/2014:03:41:36 +0100] "GET /& HTTP/1.1" 404 1256 "-" "Java/1.7.0_45"
85.13.210.26 - - [11/Feb/2014:03:41:36 +0100] "GET /& HTTP/1.1" 404 1256 "-" "Java/1.7.0_45"
208.115.113.85 - - [11/Feb/2014:03:45:43 +0100] "GET /robots.txt HTTP/1.1" 404 1256 "-" "Mozilla/5.0 (compatible; Ezooms/1.0; help@moz.com)"
54.245.33.250 - - [11/Feb/2014:05:10:54 +0100] "GET / HTTP/1.1" 302 - "http://www.agentur-hoedl.com" "Mozilla/5.0 (Windows NT 6.1; Win64; x64; rv:25.0) Gecko/20100101 Firefox/25.0"
208.115.111.69 - - [11/Feb/2014:05:35:08 +0100] "GET /robots.txt HTTP/1.1" 404 1256 "-" "Mozilla/5.0 (compatible; Ezooms/1.0; help@moz.com)"
208.115.113.85 - - [11/Feb/2014:05:52:18 +0100] "GET /include.php?path=contentarchive&type=2&letter=Q&catid=0&themeid=0&searchtext=&entries=0&order= HTTP/1.1" 404 1256 "-" "Mozilla/5.0 (compatible; Ezooms/1.0; help@moz.com)"
141.8.147.12 - - [11/Feb/2014:06:53:37 +0100] "GET /robots.txt HTTP/1.1" 404 1256 "-" "Mozilla/5.0 (compatible; YandexBot/3.0; +http://yandex.com/bots)"
141.8.147.12 - - [11/Feb/2014:06:53:39 +0100] "GET / HTTP/1.1" 302 - "-" "Mozilla/5.0 (compatible; YandexBot/3.0; +http://yandex.com/bots)"
162.210.196.100 - - [11/Feb/2014:06:56:06 +0100] "GET /robots.txt HTTP/1.0" 404 1256 "-" "Mozilla/5.0 (compatible; MJ12bot/v1.4.4; http://www.majestic12.co.uk/bot.php?+)"
162.210.196.100 - - [11/Feb/2014:06:56:07 +0100] "GET / HTTP/1.0" 302 - "-" "Mozilla/5.0 (compatible; MJ12bot/v1.4.4; http://www.majestic12.co.uk/bot.php?+)"
208.115.111.69 - - [11/Feb/2014:07:26:29 +0100] "GET /include.php?path=contentarchive&type=2&letter=V&catid=0&themeid=0&searchtext=&entries=0&order=dated HTTP/1.1" 404 1256 "-" "Mozilla/5.0 (compatible; Ezooms/1.0; help@moz.com)"
208.115.113.85 - - [11/Feb/2014:07:43:00 +0100] "GET /robots.txt HTTP/1.1" 404 1256 "-" "Mozilla/5.0 (compatible; Ezooms/1.0; help@moz.com)"
62.8.217.146 - - [11/Feb/2014:08:11:38 +0100] "GET / HTTP/1.1" 302 - "-" "Mozilla/5.0 (Windows NT 5.1; rv:26.0) Gecko/20100101 Firefox/26.0"
