188.138.41.108 - - [14/Feb/2014:23:56:33 +0100] "GET / HTTP/1.1" 302 - "-" "Mozilla/5.0 (X11; U; Linux i686; de; rv:1.9.0.1; compatible; iCjobs Stellenangebote Jobs; http://www.icjobs.de) Gecko/20100401 iCjobs/3.2.3"
208.115.113.85 - - [15/Feb/2014:01:40:19 +0100] "GET /include.php?path=contentarchive&type=2&letter=H&catid=0&themeid=0&searchtext=&entries=0&order=title HTTP/1.1" 404 1256 "-" "Mozilla/5.0 (compatible; Ezooms/1.0; help@moz.com)"
208.115.111.69 - - [15/Feb/2014:01:50:49 +0100] "GET /robots.txt HTTP/1.1" 404 1256 "-" "Mozilla/5.0 (compatible; Ezooms/1.0; help@moz.com)"
208.115.113.85 - - [15/Feb/2014:03:46:53 +0100] "GET /robots.txt HTTP/1.1" 404 1256 "-" "Mozilla/5.0 (compatible; Ezooms/1.0; help@moz.com)"
208.115.111.69 - - [15/Feb/2014:03:51:42 +0100] "GET /include.php?path=contentarchive&type=2&letter=N&catid=0&themeid=0&searchtext=&entries=0&order= HTTP/1.1" 404 1256 "-" "Mozilla/5.0 (compatible; Ezooms/1.0; help@moz.com)"
141.8.147.12 - - [15/Feb/2014:05:16:35 +0100] "GET /robots.txt HTTP/1.1" 404 1256 "-" "Mozilla/5.0 (compatible; YandexBot/3.0; +http://yandex.com/bots)"
208.115.113.85 - - [15/Feb/2014:05:42:12 +0100] "GET /include.php?path=contentarchive&type=2&letter=M&catid=0&themeid=0&searchtext=&entries=0&order= HTTP/1.1" 404 1256 "-" "Mozilla/5.0 (compatible; Ezooms/1.0; help@moz.com)"
208.115.113.85 - - [15/Feb/2014:05:42:18 +0100] "GET /include.php?path=contentarchive&type=2&letter=P&catid=0&themeid=0&searchtext=&entries=0&order= HTTP/1.1" 404 1256 "-" "Mozilla/5.0 (compatible; Ezooms/1.0; help@moz.com)"
141.8.147.12 - - [15/Feb/2014:09:17:46 +0100] "GET / HTTP/1.1" 302 - "-" "Mozilla/5.0 (compatible; YandexBot/3.0; +http://yandex.com/bots)"
141.8.147.12 - - [15/Feb/2014:09:17:48 +0100] "GET / HTTP/1.1" 302 - "-" "Mozilla/5.0 (compatible; YandexBot/3.0; +http://yandex.com/bots)"
208.115.111.69 - - [15/Feb/2014:09:59:06 +0100] "GET /robots.txt HTTP/1.1" 404 1256 "-" "Mozilla/5.0 (compatible; Ezooms/1.0; help@moz.com)"
208.115.111.69 - - [15/Feb/2014:12:08:39 +0100] "GET /?path=contentarchive&type=2&letter=E&catid=0&themeid=0&searchtext=&entries=0&order= HTTP/1.1" 302 - "-" "Mozilla/5.0 (compatible; Ezooms/1.0; help@moz.com)"
208.115.111.69 - - [15/Feb/2014:12:08:42 +0100] "GET /include.php?path=contentarchive&type=2&letter=S&catid=0&themeid=0&searchtext=&entries=0&order=&nid=32 HTTP/1.1" 404 1256 "-" "Mozilla/5.0 (compatible; Ezooms/1.0; help@moz.com)"
141.8.147.12 - - [15/Feb/2014:12:46:20 +0100] "GET /robots.txt HTTP/1.1" 404 1256 "-" "Mozilla/5.0 (compatible; YandexBot/3.0; +http://yandex.com/bots)"
141.8.147.12 - - [15/Feb/2014:12:46:22 +0100] "GET / HTTP/1.1" 302 - "-" "Mozilla/5.0 (compatible; YandexBot/3.0; +http://yandex.com/bots)"
77.186.3.197 - - [15/Feb/2014:12:52:43 +0100] "GET / HTTP/1.1" 302 - "http://www.google.de/url?sa=t&rct=j&q=&esrc=s&source=web&cd=8&ved=0CE8QFjAH&url=http%3A%2F%2Fwww.friedrich-list-berlin.de%2F&ei=tVT_Uv28LIfYtAaN1oCgDw&usg=AFQjCNGsKs3TvBQ4z91zrYvo9_SfKi5nug&bvm=bv.61535280,d.Yms" "Mozilla/5.0 (Windows NT 5.1; rv:27.0) Gecko/20100101 Firefox/27.0"
208.115.111.69 - - [15/Feb/2014:13:53:27 +0100] "GET /robots.txt HTTP/1.1" 404 1256 "-" "Mozilla/5.0 (compatible; Ezooms/1.0; help@moz.com)"
208.115.111.69 - - [15/Feb/2014:15:54:25 +0100] "GET /?path=contentarchive&type=2&letter=N&catid=0&themeid=0&searchtext=&entries=0&order= HTTP/1.1" 302 - "-" "Mozilla/5.0 (compatible; Ezooms/1.0; help@moz.com)"
208.115.113.85 - - [15/Feb/2014:17:47:35 +0100] "GET /robots.txt HTTP/1.1" 404 1256 "-" "Mozilla/5.0 (compatible; Ezooms/1.0; help@moz.com)"
208.115.111.69 - - [15/Feb/2014:18:30:58 +0100] "GET /robots.txt HTTP/1.1" 404 1256 "-" "Mozilla/5.0 (compatible; Ezooms/1.0; help@moz.com)"
66.249.78.115 - - [15/Feb/2014:19:48:47 +0100] "GET /robots.txt HTTP/1.1" 404 1256 "-" "Mozilla/5.0 (compatible; Googlebot/2.1; +http://www.google.com/bot.html)"
66.249.78.115 - - [15/Feb/2014:19:48:47 +0100] "GET / HTTP/1.1" 302 - "-" "Mozilla/5.0 (compatible; Googlebot/2.1; +http://www.google.com/bot.html)"
137.248.218.58 - - [15/Feb/2014:20:37:20 +0100] "GET / HTTP/1.1" 302 - "http://www.google.de/url?sa=t&rct=j&q=&esrc=s&source=web&cd=8&sqi=2&ved=0CFIQFjAH&url=http%3A%2F%2Fwww.friedrich-list-berlin.de%2F&ei=mcH_Uvj5IoTetAaHn4HwDw&usg=AFQjCNGsKs3TvBQ4z91zrYvo9_SfKi5nug&sig2=LnsZTUtOGnCuUkP-E-xwzA&bvm=bv.61535280,d.Yms" "Mozilla/5.0 (Windows NT 5.1; rv:24.0) Gecko/20100101 Firefox/24.0"
208.115.113.85 - - [15/Feb/2014:21:22:51 +0100] "GET /include.php?path=contentarchive&type=2&letter=W&catid=0&themeid=0&searchtext=&entries=0&order=title HTTP/1.1" 404 1256 "-" "Mozilla/5.0 (compatible; Ezooms/1.0; help@moz.com)"
208.115.111.69 - - [15/Feb/2014:21:44:35 +0100] "GET /robots.txt HTTP/1.1" 404 1256 "-" "Mozilla/5.0 (compatible; Ezooms/1.0; help@moz.com)"
208.115.111.69 - - [15/Feb/2014:23:47:44 +0100] "GET /include.php?path=content&contentid=36 HTTP/1.1" 404 1256 "-" "Mozilla/5.0 (compatible; Ezooms/1.0; help@moz.com)"
208.115.111.69 - - [16/Feb/2014:01:49:31 +0100] "GET /robots.txt HTTP/1.1" 404 1256 "-" "Mozilla/5.0 (compatible; Ezooms/1.0; help@moz.com)"
208.115.111.69 - - [16/Feb/2014:03:48:37 +0100] "GET /include.php?path=contentarchive&type=2&letter=Z&catid=0&themeid=0&searchtext=&entries=0&order= HTTP/1.1" 404 1256 "-" "Mozilla/5.0 (compatible; Ezooms/1.0; help@moz.com)"
88.198.40.163 - - [16/Feb/2014:04:11:04 +0100] "GET /robots.txt HTTP/1.1" 404 1256 "-" "Mozilla/5.0 (compatible; SISTRIX Crawler; http://crawler.sistrix.net/)"
88.198.40.163 - - [16/Feb/2014:04:11:04 +0100] "GET / HTTP/1.1" 302 - "-" "Mozilla/5.0 (compatible; SISTRIX Crawler; http://crawler.sistrix.net/)"
208.115.113.85 - - [16/Feb/2014:10:12:11 +0100] "GET /robots.txt HTTP/1.1" 404 1256 "-" "Mozilla/5.0 (compatible; Ezooms/1.0; help@moz.com)"
5.9.213.129 - - [16/Feb/2014:10:27:32 +0100] "GET / HTTP/1.1" 302 - "-" "Mozilla/5.0 (Windows; U; Windows NT 5.1; en-US; rv:1.8.1.13) Gecko/20080311 Firefox/2.0.0.13"
5.9.213.129 - - [16/Feb/2014:10:27:32 +0100] "GET / HTTP/1.1" 302 - "-" "Mozilla/5.0 (Windows; U; Windows NT 5.1; en-US; rv:1.8.1.13) Gecko/20080311 Firefox/2.0.0.13"
5.9.213.129 - - [16/Feb/2014:10:27:32 +0100] "GET / HTTP/1.1" 302 - "-" "Mozilla/5.0 (Windows; U; Windows NT 5.1; en-US; rv:1.8.1.13) Gecko/20080311 Firefox/2.0.0.13"
5.9.213.129 - - [16/Feb/2014:10:27:32 +0100] "GET / HTTP/1.1" 302 - "-" "Mozilla/5.0 (Windows; U; Windows NT 5.1; en-US; rv:1.8.1.13) Gecko/20080311 Firefox/2.0.0.13"
5.9.213.129 - - [16/Feb/2014:10:27:32 +0100] "GET / HTTP/1.1" 302 - "-" "Mozilla/5.0 (Windows; U; Windows NT 5.1; en-US; rv:1.8.1.13) Gecko/20080311 Firefox/2.0.0.13"
208.115.111.69 - - [16/Feb/2014:10:59:03 +0100] "GET /robots.txt HTTP/1.1" 404 1256 "-" "Mozilla/5.0 (compatible; Ezooms/1.0; help@moz.com)"
178.255.215.70 - - [16/Feb/2014:11:09:38 +0100] "GET /robots.txt HTTP/1.1" 404 1256 "-" "Mozilla/5.0 (compatible; Exabot/3.0; +http://www.exabot.com/go/robot)"
178.255.215.70 - - [16/Feb/2014:11:09:39 +0100] "GET /?path=content&contentid=35 HTTP/1.1" 302 - "-" "Mozilla/5.0 (compatible; Exabot/3.0; +http://www.exabot.com/go/robot)"
88.77.213.158 - - [16/Feb/2014:11:24:37 +0100] "GET / HTTP/1.1" 302 - "http://www.google.de/url?sa=t&rct=j&q=&esrc=s&source=web&cd=1&ved=0CDsQFjAA&url=http%3A%2F%2Fwww.friedrich-list-berlin.de%2F&ei=gpEAU6bKO-W_ywPShYDYDg&usg=AFQjCNGsKs3TvBQ4z91zrYvo9_SfKi5nug" "Mozilla/5.0 (Windows NT 6.1; WOW64; rv:26.0) Gecko/20100101 Firefox/26.0"
178.255.215.70 - - [16/Feb/2014:11:54:59 +0100] "GET /?path=content&contentid=37 HTTP/1.1" 302 - "-" "Mozilla/5.0 (compatible; Exabot/3.0; +http://www.exabot.com/go/robot)"
178.255.215.70 - - [16/Feb/2014:12:18:07 +0100] "GET /?path=content&contentid=36 HTTP/1.1" 302 - "-" "Mozilla/5.0 (compatible; Exabot/3.0; +http://www.exabot.com/go/robot)"
66.249.78.236 - - [16/Feb/2014:12:28:37 +0100] "GET /robots.txt HTTP/1.1" 404 1256 "-" "Mozilla/5.0 (compatible; Googlebot/2.1; +http://www.google.com/bot.html)"
66.249.78.236 - - [16/Feb/2014:12:28:37 +0100] "GET /include.php?path=contentarchive&type=1&catid=0&letter=E&entries=0&searchtext=&order=titled&nid=21 HTTP/1.1" 404 1256 "-" "Mozilla/5.0 (compatible; Googlebot/2.1; +http://www.google.com/bot.html)"
208.115.113.85 - - [16/Feb/2014:13:29:28 +0100] "GET /?path=contentarchive&type=2&letter=L&catid=0&themeid=0&searchtext=&entries=0&order= HTTP/1.1" 302 - "-" "Mozilla/5.0 (compatible; Ezooms/1.0; help@moz.com)"
92.229.71.15 - - [16/Feb/2014:13:59:03 +0100] "GET / HTTP/1.1" 302 - "http://www.berlin.de/sen/bildung/schulverzeichnis_und_portraets/anwendung/Schulportrait.aspx?IDSchulzweig=11651" "Mozilla/5.0 (Windows NT 6.1; WOW64; rv:27.0) Gecko/20100101 Firefox/27.0"
66.249.78.236 - - [16/Feb/2014:14:33:49 +0100] "GET /include.php?path=contentarchive&type=4&letter=O&catid=12&themeid=0&searchtext=&entries=0&order=title&nid=32 HTTP/1.1" 404 1256 "-" "Mozilla/5.0 (compatible; Googlebot/2.1; +http://www.google.com/bot.html)"
66.249.78.115 - - [16/Feb/2014:14:41:28 +0100] "GET /robots.txt HTTP/1.1" 404 1256 "-" "Mozilla/5.0 (compatible; Googlebot/2.1; +http://www.google.com/bot.html)"
193.111.141.76 - - [16/Feb/2014:15:07:32 +0100] "GET / HTTP/1.1" 302 - "http://www.google.de/url?sa=t&rct=j&q=&esrc=s&frm=1&source=web&cd=1&ved=0CDAQFjAA&url=http%3A%2F%2Fwww.friedrich-list-berlin.de%2F&ei=v8UAU7qxLofNsgbKtoHADw&usg=AFQjCNGsKs3TvBQ4z91zrYvo9_SfKi5nug&bvm=bv.61535280,d.Yms" "Mozilla/4.0 (compatible; MSIE 8.0; Windows NT 6.1; Trident/4.0; GTB7.5; SLCC2; .NET CLR 2.0.50727; .NET CLR 3.5.30729; .NET CLR 3.0.30729; eSobiSubscriber 2.0.4.16; InfoPath.2)"
208.115.111.69 - - [16/Feb/2014:15:20:46 +0100] "GET /include.php?path=contentarchive&type=2&letter=K&catid=0&themeid=0&searchtext=&entries=0&order=title HTTP/1.1" 404 1256 "-" "Mozilla/5.0 (compatible; Ezooms/1.0; help@moz.com)"
66.249.66.9 - - [16/Feb/2014:15:38:49 +0100] "GET / HTTP/1.1" 302 - "-" "DoCoMo/2.0 N905i(c100;TB;W24H16) (compatible; Googlebot-Mobile/2.1; +http://www.google.com/bot.html)"
66.249.78.236 - - [16/Feb/2014:16:39:36 +0100] "GET /include.php?path=contentarchive&type=2&letter=S&catid=9&themeid=0&searchtext=&entries=0&order=title&nid=13 HTTP/1.1" 404 1256 "-" "Mozilla/5.0 (compatible; Googlebot/2.1; +http://www.google.com/bot.html)"
208.115.113.85 - - [16/Feb/2014:18:26:58 +0100] "GET /robots.txt HTTP/1.1" 404 1256 "-" "Mozilla/5.0 (compatible; Ezooms/1.0; help@moz.com)"
109.45.3.246 - - [16/Feb/2014:18:28:09 +0100] "GET / HTTP/1.1" 302 - "http://www.google.de/search?hl=de&redir_esc=&client=ms-android-hms-vf-de&source=android-search-app&v=133247963&qsubts=1392572131813&q=osz+eisenacher+str&v=133247963" "Mozilla/5.0 (Linux; U; Android 2.3.4; de-de; SonyEricssonST18iv Build/4.0.2.A.0.42) AppleWebKit/533.1 (KHTML, like Gecko) Version/4.0 Mobile Safari/533.1"
5.10.83.99 - - [16/Feb/2014:20:16:40 +0100] "GET / HTTP/1.1" 302 - "-" "Mozilla/5.0 (compatible; AhrefsBot/5.0; +http://ahrefs.com/robot/)"
208.115.113.85 - - [16/Feb/2014:21:22:53 +0100] "GET /include.php?path=contentarchive&type=2&letter=D&catid=0&themeid=0&searchtext=&entries=0&order= HTTP/1.1" 404 1256 "-" "Mozilla/5.0 (compatible; Ezooms/1.0; help@moz.com)"
84.190.180.229 - - [16/Feb/2014:21:34:37 +0100] "GET / HTTP/1.1" 302 - "http://www.google.de/url?sa=t&rct=j&q=&esrc=s&source=web&cd=8&cad=rja&ved=0CIkBEKACMAc&url=http%3A%2F%2Fwww.friedrich-list-berlin.de%2F&ei=sBwBU5yFA83IsgahhYC4Ag&usg=AFQjCNGsKs3TvBQ4z91zrYvo9_SfKi5nug&bvm=bv.61535280,d.Yms" "Mozilla/5.0 (Windows NT 6.1; WOW64; rv:27.0) Gecko/20100101 Firefox/27.0"
66.249.66.240 - - [16/Feb/2014:22:02:15 +0100] "GET / HTTP/1.1" 302 - "-" "DoCoMo/2.0 N905i(c100;TB;W24H16) (compatible; Googlebot-Mobile/2.1; +http://www.google.com/bot.html)"
66.249.78.236 - - [16/Feb/2014:23:05:12 +0100] "GET /include.php?path=contentarchive&type=2&catid=9&letter=G&entries=0&searchtext=&order=dated&nid=13 HTTP/1.1" 404 1256 "-" "Mozilla/5.0 (compatible; Googlebot/2.1; +http://www.google.com/bot.html)"
141.8.147.12 - - [16/Feb/2014:23:39:55 +0100] "GET /robots.txt HTTP/1.1" 404 1256 "-" "Mozilla/5.0 (compatible; YandexBot/3.0; +http://yandex.com/bots)"
141.8.147.12 - - [16/Feb/2014:23:39:57 +0100] "GET / HTTP/1.1" 302 - "-" "Mozilla/5.0 (compatible; YandexBot/3.0; +http://yandex.com/bots)"
66.249.78.236 - - [17/Feb/2014:00:02:54 +0100] "GET /include.php?path=contentarchive&type=2&letter=B&catid=9&themeid=0&searchtext=&entries=0&order=title&nid=19 HTTP/1.1" 404 1256 "-" "Mozilla/5.0 (compatible; Googlebot/2.1; +http://www.google.com/bot.html)"
66.249.78.236 - - [17/Feb/2014:00:15:59 +0100] "GET /include.php?path=contentarchive&type=4&catid=6&letter=0-9&entries=0&searchtext=&order=title&nid=21 HTTP/1.1" 404 1256 "-" "Mozilla/5.0 (compatible; Googlebot/2.1; +http://www.google.com/bot.html)"
95.91.241.67 - - [17/Feb/2014:00:40:16 +0100] "GET / HTTP/1.1" 302 - "-" "Mozilla/5.0 (Linux; Android 4.2.2; de-de; SAMSUNG GT-I9195 Build/JDQ39) AppleWebKit/535.19 (KHTML, like Gecko) Version/1.0 Chrome/18.0.1025.308 Mobile Safari/535.19"
66.249.78.236 - - [17/Feb/2014:02:56:14 +0100] "GET /robots.txt HTTP/1.1" 404 1256 "-" "Mozilla/5.0 (compatible; Googlebot/2.1; +http://www.google.com/bot.html)"
66.249.78.236 - - [17/Feb/2014:02:56:14 +0100] "GET /include.php?path=contentarchive&type=2&letter=L&catid=9&themeid=0&searchtext=&entries=0&order=titled HTTP/1.1" 404 1256 "-" "Mozilla/5.0 (compatible; Googlebot/2.1; +http://www.google.com/bot.html)"
188.138.41.109 - - [17/Feb/2014:03:12:00 +0100] "GET /robots.txt HTTP/1.1" 404 1256 "-" "Mozilla/5.0 (X11; U; Linux i686; de; rv:1.9.0.1; compatible; iCjobs Stellenangebote Jobs; http://www.icjobs.de) Gecko/20100401 iCjobs/3.2.3"
188.138.41.109 - - [17/Feb/2014:03:12:01 +0100] "GET / HTTP/1.1" 302 - "-" "Mozilla/5.0 (X11; U; Linux i686; de; rv:1.9.0.1; compatible; iCjobs Stellenangebote Jobs; http://www.icjobs.de) Gecko/20100401 iCjobs/3.2.3"
188.138.41.109 - - [17/Feb/2014:03:12:02 +0100] "GET / HTTP/1.1" 302 - "-" "Mozilla/5.0 (X11; U; Linux i686; de; rv:1.9.0.1; compatible; iCjobs Stellenangebote Jobs; http://www.icjobs.de) Gecko/20100401 iCjobs/3.2.3"
208.115.113.85 - - [17/Feb/2014:07:41:36 +0100] "GET /robots.txt HTTP/1.1" 404 1256 "-" "Mozilla/5.0 (compatible; Ezooms/1.0; help@moz.com)"
217.231.232.187 - - [17/Feb/2014:09:45:24 +0100] "GET / HTTP/1.1" 302 - "-" "Mozilla/5.0 (Windows NT 6.1; WOW64; rv:26.0) Gecko/20100101 Firefox/26.0"
178.255.215.70 - - [17/Feb/2014:09:48:30 +0100] "GET /?path=content&contentid=8 HTTP/1.1" 302 - "-" "Mozilla/5.0 (compatible; Exabot/3.0; +http://www.exabot.com/go/robot)"
208.115.113.85 - - [17/Feb/2014:09:50:05 +0100] "GET /include.php?path=contentarchive&type=2&letter=V&catid=0&themeid=0&searchtext=&entries=0&order= HTTP/1.1" 404 1256 "-" "Mozilla/5.0 (compatible; Ezooms/1.0; help@moz.com)"
216.107.155.114 - - [17/Feb/2014:11:25:57 +0100] "GET /robots.txt HTTP/1.0" 404 1256 "-" "Mozilla/5.0 (compatible; MJ12bot/v1.4.4; http://www.majestic12.co.uk/bot.php?+)"
216.107.155.114 - - [17/Feb/2014:11:25:58 +0100] "GET / HTTP/1.0" 302 - "-" "Mozilla/5.0 (compatible; MJ12bot/v1.4.4; http://www.majestic12.co.uk/bot.php?+)"
66.249.78.236 - - [17/Feb/2014:12:22:42 +0100] "GET /robots.txt HTTP/1.1" 404 1256 "-" "Mozilla/5.0 (compatible; Googlebot/2.1; +http://www.google.com/bot.html)"
66.249.78.236 - - [17/Feb/2014:12:22:42 +0100] "GET /include.php?path=download&contentid=114&catid=12&themeid=0 HTTP/1.1" 404 1256 "-" "Mozilla/5.0 (compatible; Googlebot/2.1; +http://www.google.com/bot.html)"
80.61.72.211 - - [17/Feb/2014:13:04:37 +0100] "GET / HTTP/1.1" 302 - "-" "Java/1.6.0_24"
80.61.72.211 - - [17/Feb/2014:13:04:38 +0100] "GET /fls_1_aktuelles.php HTTP/1.1" 404 1256 "-" "Java/1.6.0_24"
80.61.72.211 - - [17/Feb/2014:13:04:38 +0100] "GET /fls_2_fremdsprachensekr.php HTTP/1.1" 404 1256 "-" "Java/1.6.0_24"
80.61.72.211 - - [17/Feb/2014:13:04:38 +0100] "GET /fls_3_fls_international.php HTTP/1.1" 404 1256 "-" "Java/1.6.0_24"
80.61.72.211 - - [17/Feb/2014:13:04:42 +0100] "GET /fls_4_faq.php HTTP/1.1" 404 1256 "-" "Java/1.6.0_24"
80.61.72.211 - - [17/Feb/2014:13:04:42 +0100] "GET /fls_4_impressum.php HTTP/1.1" 404 1256 "-" "Java/1.6.0_24"
80.61.72.211 - - [17/Feb/2014:13:04:42 +0100] "GET /fls_4_kontakt_anmeldung.php HTTP/1.1" 404 1256 "-" "Java/1.6.0_24"
80.61.72.211 - - [17/Feb/2014:13:04:42 +0100] "GET /index.php HTTP/1.1" 302 - "-" "Java/1.6.0_24"
80.61.72.211 - - [17/Feb/2014:13:04:42 +0100] "GET /index_en.php HTTP/1.1" 404 1256 "-" "Java/1.6.0_24"
80.61.72.211 - - [17/Feb/2014:13:04:42 +0100] "GET /index_fr.php HTTP/1.1" 404 1256 "-" "Java/1.6.0_24"
80.61.72.211 - - [17/Feb/2014:13:04:42 +0100] "GET /index_sp.php HTTP/1.1" 404 1256 "-" "Java/1.6.0_24"
80.61.72.211 - - [17/Feb/2014:13:04:46 +0100] "GET /& HTTP/1.1" 404 1256 "-" "Java/1.6.0_24"
80.61.72.211 - - [17/Feb/2014:13:04:46 +0100] "GET /& HTTP/1.1" 404 1256 "-" "Java/1.6.0_24"
80.61.72.211 - - [17/Feb/2014:13:04:46 +0100] "GET /& HTTP/1.1" 404 1256 "-" "Java/1.6.0_24"
80.61.72.211 - - [17/Feb/2014:13:04:46 +0100] "GET /& HTTP/1.1" 404 1256 "-" "Java/1.6.0_24"
80.61.72.211 - - [17/Feb/2014:13:04:46 +0100] "GET /& HTTP/1.1" 404 1256 "-" "Java/1.6.0_24"
80.61.72.211 - - [17/Feb/2014:13:04:46 +0100] "GET /& HTTP/1.1" 404 1256 "-" "Java/1.6.0_24"
80.61.72.211 - - [17/Feb/2014:13:04:46 +0100] "GET /& HTTP/1.1" 404 1256 "-" "Java/1.6.0_24"
80.61.72.211 - - [17/Feb/2014:13:04:46 +0100] "GET /& HTTP/1.1" 404 1256 "-" "Java/1.6.0_24"
80.61.72.211 - - [17/Feb/2014:13:04:47 +0100] "GET /& HTTP/1.1" 404 1256 "-" "Java/1.6.0_24"
80.61.72.211 - - [17/Feb/2014:13:04:47 +0100] "GET /& HTTP/1.1" 404 1256 "-" "Java/1.6.0_24"
80.61.72.211 - - [17/Feb/2014:13:04:47 +0100] "GET /& HTTP/1.1" 404 1256 "-" "Java/1.6.0_24"
80.61.72.211 - - [17/Feb/2014:13:04:47 +0100] "GET /& HTTP/1.1" 404 1256 "-" "Java/1.6.0_24"
80.61.72.211 - - [17/Feb/2014:13:04:47 +0100] "GET /& HTTP/1.1" 404 1256 "-" "Java/1.6.0_24"
80.61.72.211 - - [17/Feb/2014:13:04:47 +0100] "GET /& HTTP/1.1" 404 1256 "-" "Java/1.6.0_24"
80.61.72.211 - - [17/Feb/2014:13:04:47 +0100] "GET /& HTTP/1.1" 404 1256 "-" "Java/1.6.0_24"
80.61.72.211 - - [17/Feb/2014:13:04:47 +0100] "GET /& HTTP/1.1" 404 1256 "-" "Java/1.6.0_24"
80.61.72.211 - - [17/Feb/2014:13:04:48 +0100] "GET /& HTTP/1.1" 404 1256 "-" "Java/1.6.0_24"
80.61.72.211 - - [17/Feb/2014:13:04:48 +0100] "GET /& HTTP/1.1" 404 1256 "-" "Java/1.6.0_24"
80.61.72.211 - - [17/Feb/2014:13:04:48 +0100] "GET /& HTTP/1.1" 404 1256 "-" "Java/1.6.0_24"
80.61.72.211 - - [17/Feb/2014:13:04:48 +0100] "GET /& HTTP/1.1" 404 1256 "-" "Java/1.6.0_24"
5.9.42.111 - - [17/Feb/2014:13:32:28 +0100] "GET /robots.txt HTTP/1.1" 404 1256 "-" "Mozilla/5.0 (X11; Ubuntu; Linux x86_64; rv:15.0) Gecko/20100101 Firefox/15.0.1"
5.9.42.111 - - [17/Feb/2014:13:32:28 +0100] "GET / HTTP/1.1" 302 - "-" "Mozilla/5.0 (X11; Ubuntu; Linux x86_64; rv:15.0) Gecko/20100101 Firefox/15.0.1"
66.249.78.236 - - [17/Feb/2014:13:41:15 +0100] "GET /include.php?path=contentarchive&type=2&letter=I&catid=0&themeid=0&searchtext=&entries=0&order=titled&nid=32 HTTP/1.1" 404 1256 "-" "Mozilla/5.0 (compatible; Googlebot/2.1; +http://www.google.com/bot.html)"
31.13.99.114 - - [17/Feb/2014:13:48:44 +0100] "GET / HTTP/1.1" 302 - "-" "facebookexternalhit/1.1 (+http://www.facebook.com/externalhit_uatext.php)"
66.249.78.236 - - [17/Feb/2014:14:27:04 +0100] "GET /include.php?path=contentarchive&type=2&letter=S&catid=9&themeid=0&searchtext=&entries=0&order= HTTP/1.1" 404 1256 "-" "Mozilla/5.0 (compatible; Googlebot/2.1; +http://www.google.com/bot.html)"
66.249.78.236 - - [17/Feb/2014:15:32:33 +0100] "GET /include.php?path=contentarchive&type=4&letter=D&catid=8&themeid=0&searchtext=&entries=0&order=titled&nid=13 HTTP/1.1" 404 1256 "-" "Mozilla/5.0 (compatible; Googlebot/2.1; +http://www.google.com/bot.html)"
66.249.78.236 - - [17/Feb/2014:15:45:38 +0100] "GET /include.php?path=contentarchive&type=1&letter=S&catid=1&themeid=0&searchtext=&entries=0&order=title&nid=19 HTTP/1.1" 404 1256 "-" "Mozilla/5.0 (compatible; Googlebot/2.1; +http://www.google.com/bot.html)"
216.107.155.114 - - [17/Feb/2014:16:33:24 +0100] "GET /robots.txt HTTP/1.0" 404 1256 "-" "Mozilla/5.0 (compatible; MJ12bot/v1.4.4; http://www.majestic12.co.uk/bot.php?+)"
216.107.155.114 - - [17/Feb/2014:16:33:26 +0100] "GET / HTTP/1.0" 302 - "-" "Mozilla/5.0 (compatible; MJ12bot/v1.4.4; http://www.majestic12.co.uk/bot.php?+)"
185.25.49.180 - - [17/Feb/2014:16:45:10 +0100] "GET / HTTP/1.1" 302 - "-" "Mozilla/4.0 (compatible; MSIE 8.0; Windows NT 5.1; Trident/4.0; .NET CLR 1.1.4322; .NET CLR 2.0.50727; .NET CLR 3.0.4506.2152; .NET CLR 3.5.30729; .NET4.0C)"
66.249.78.236 - - [17/Feb/2014:17:03:18 +0100] "GET /include.php?path=download&contentid=55&nid=19 HTTP/1.1" 404 1256 "-" "Mozilla/5.0 (compatible; Googlebot/2.1; +http://www.google.com/bot.html)"
46.115.121.133 - - [17/Feb/2014:18:56:47 +0100] "GET / HTTP/1.1" 302 - "http://www.google.de/url?sa=t&rct=j&q=&esrc=s&frm=1&source=web&cd=1&ved=0CDAQFjAA&url=http%3A%2F%2Fwww.friedrich-list-berlin.de%2F&ei=5UwCU6PWHKqZ0QWz8YC4CA&usg=AFQjCNGsKs3TvBQ4z91zrYvo9_SfKi5nug&bvm=bv.61535280,d.d2k" "Mozilla/4.0 (compatible; MSIE 8.0; Windows NT 6.1; Trident/4.0; GTB7.5; SLCC2; .NET CLR 2.0.50727; .NET CLR 3.5.30729; .NET CLR 3.0.30729; eSobiSubscriber 2.0.4.16; InfoPath.2)"
95.91.246.67 - - [17/Feb/2014:19:12:39 +0100] "GET / HTTP/1.1" 302 - "-" "Mozilla/5.0 (Linux; U; Android 4.2.2; de-de; GT-P5210 Build/JDQ39) AppleWebKit/534.30 (KHTML, like Gecko) Version/4.0 Safari/534.30"
208.115.113.85 - - [17/Feb/2014:19:43:23 +0100] "GET /robots.txt HTTP/1.1" 404 1256 "-" "Mozilla/5.0 (compatible; Ezooms/1.0; help@moz.com)"
31.3.233.120 - - [17/Feb/2014:21:21:33 +0100] "GET / HTTP/1.1" 302 - "-" "-"
208.115.113.85 - - [17/Feb/2014:21:46:42 +0100] "GET /?path=contentarchive&type=2&letter=B&catid=0&themeid=0&searchtext=&entries=0&order= HTTP/1.1" 302 - "-" "Mozilla/5.0 (compatible; Ezooms/1.0; help@moz.com)"
208.115.111.69 - - [17/Feb/2014:21:55:04 +0100] "GET /robots.txt HTTP/1.1" 404 1256 "-" "Mozilla/5.0 (compatible; Ezooms/1.0; help@moz.com)"
94.223.113.8 - - [17/Feb/2014:22:00:54 +0100] "GET / HTTP/1.1" 302 - "https://www.google.de/" "Mozilla/5.0 (Windows NT 6.1; WOW64) AppleWebKit/537.36 (KHTML, like Gecko) Chrome/32.0.1700.107 Safari/537.36"
79.221.79.126 - - [17/Feb/2014:23:01:23 +0100] "GET / HTTP/1.1" 302 - "-" "Mozilla/5.0 (Windows NT 6.1; WOW64; rv:27.0) Gecko/20100101 Firefox/27.0"
208.115.111.69 - - [17/Feb/2014:23:54:51 +0100] "GET /include.php?path=contentarchive&type=3&letter=0-9&catid=0&themeid=0&searchtext=&entries=0&order= HTTP/1.1" 404 1256 "-" "Mozilla/5.0 (compatible; Ezooms/1.0; help@moz.com)"
208.115.111.69 - - [17/Feb/2014:23:54:55 +0100] "GET /include.php?path=contentarchive&type=2&letter=L&catid=0&themeid=0&searchtext=&entries=0&order=title HTTP/1.1" 404 1256 "-" "Mozilla/5.0 (compatible; Ezooms/1.0; help@moz.com)"
46.229.164.100 - - [18/Feb/2014:00:43:05 +0100] "GET /robots.txt HTTP/1.1" 404 1256 "-" "Mozilla/5.0 (compatible; SemrushBot/0.97; +http://www.semrush.com/bot.html)"
46.24.129.202 - - [18/Feb/2014:01:04:35 +0100] "GET / HTTP/1.1" 302 - "-" "Java/1.7.0_51"
46.24.129.202 - - [18/Feb/2014:01:04:39 +0100] "GET /fls_1_aktuelles.php HTTP/1.1" 404 1256 "-" "Java/1.7.0_51"
46.24.129.202 - - [18/Feb/2014:01:04:43 +0100] "GET /fls_2_fremdsprachensekr.php HTTP/1.1" 404 1256 "-" "Java/1.7.0_51"
46.24.129.202 - - [18/Feb/2014:01:04:43 +0100] "GET /fls_3_fls_international.php HTTP/1.1" 404 1256 "-" "Java/1.7.0_51"
46.24.129.202 - - [18/Feb/2014:01:04:44 +0100] "GET /fls_4_faq.php HTTP/1.1" 404 1256 "-" "Java/1.7.0_51"
46.24.129.202 - - [18/Feb/2014:01:04:44 +0100] "GET /fls_4_impressum.php HTTP/1.1" 404 1256 "-" "Java/1.7.0_51"
46.24.129.202 - - [18/Feb/2014:01:04:44 +0100] "GET /fls_4_kontakt_anmeldung.php HTTP/1.1" 404 1256 "-" "Java/1.7.0_51"
46.24.129.202 - - [18/Feb/2014:01:04:44 +0100] "GET /index.php HTTP/1.1" 302 - "-" "Java/1.7.0_51"
46.24.129.202 - - [18/Feb/2014:01:04:47 +0100] "GET /index_en.php HTTP/1.1" 404 1256 "-" "Java/1.7.0_51"
46.24.129.202 - - [18/Feb/2014:01:04:48 +0100] "GET /index_fr.php HTTP/1.1" 404 1256 "-" "Java/1.7.0_51"
46.24.129.202 - - [18/Feb/2014:01:04:48 +0100] "GET /index_sp.php HTTP/1.1" 404 1256 "-" "Java/1.7.0_51"
46.24.129.202 - - [18/Feb/2014:01:04:48 +0100] "GET /& HTTP/1.1" 404 1256 "-" "Java/1.7.0_51"
46.24.129.202 - - [18/Feb/2014:01:04:48 +0100] "GET /& HTTP/1.1" 404 1256 "-" "Java/1.7.0_51"
46.24.129.202 - - [18/Feb/2014:01:04:48 +0100] "GET /& HTTP/1.1" 404 1256 "-" "Java/1.7.0_51"
46.24.129.202 - - [18/Feb/2014:01:04:49 +0100] "GET /& HTTP/1.1" 404 1256 "-" "Java/1.7.0_51"
46.24.129.202 - - [18/Feb/2014:01:04:49 +0100] "GET /& HTTP/1.1" 404 1256 "-" "Java/1.7.0_51"
46.24.129.202 - - [18/Feb/2014:01:04:49 +0100] "GET /& HTTP/1.1" 404 1256 "-" "Java/1.7.0_51"
46.24.129.202 - - [18/Feb/2014:01:04:49 +0100] "GET /& HTTP/1.1" 404 1256 "-" "Java/1.7.0_51"
46.24.129.202 - - [18/Feb/2014:01:04:49 +0100] "GET /& HTTP/1.1" 404 1256 "-" "Java/1.7.0_51"
46.24.129.202 - - [18/Feb/2014:01:04:49 +0100] "GET /& HTTP/1.1" 404 1256 "-" "Java/1.7.0_51"
46.24.129.202 - - [18/Feb/2014:01:04:49 +0100] "GET /& HTTP/1.1" 404 1256 "-" "Java/1.7.0_51"
46.24.129.202 - - [18/Feb/2014:01:04:50 +0100] "GET /& HTTP/1.1" 404 1256 "-" "Java/1.7.0_51"
46.24.129.202 - - [18/Feb/2014:01:04:51 +0100] "GET /& HTTP/1.1" 404 1256 "-" "Java/1.7.0_51"
46.24.129.202 - - [18/Feb/2014:01:04:51 +0100] "GET /& HTTP/1.1" 404 1256 "-" "Java/1.7.0_51"
46.24.129.202 - - [18/Feb/2014:01:04:51 +0100] "GET /& HTTP/1.1" 404 1256 "-" "Java/1.7.0_51"
46.24.129.202 - - [18/Feb/2014:01:04:51 +0100] "GET /& HTTP/1.1" 404 1256 "-" "Java/1.7.0_51"
46.24.129.202 - - [18/Feb/2014:01:04:51 +0100] "GET /& HTTP/1.1" 404 1256 "-" "Java/1.7.0_51"
46.24.129.202 - - [18/Feb/2014:01:04:51 +0100] "GET /& HTTP/1.1" 404 1256 "-" "Java/1.7.0_51"
46.24.129.202 - - [18/Feb/2014:01:04:52 +0100] "GET /& HTTP/1.1" 404 1256 "-" "Java/1.7.0_51"
46.24.129.202 - - [18/Feb/2014:01:04:54 +0100] "GET /& HTTP/1.1" 404 1256 "-" "Java/1.7.0_51"
46.24.129.202 - - [18/Feb/2014:01:04:54 +0100] "GET /& HTTP/1.1" 404 1256 "-" "Java/1.7.0_51"
141.8.147.12 - - [18/Feb/2014:02:31:13 +0100] "GET /robots.txt HTTP/1.1" 404 1256 "-" "Mozilla/5.0 (compatible; YandexBot/3.0; +http://yandex.com/bots)"
141.8.147.12 - - [18/Feb/2014:02:31:15 +0100] "GET /fls_2_berufsfachschule.php HTTP/1.1" 404 1256 "-" "Mozilla/5.0 (compatible; YandexBot/3.0; +http://yandex.com/bots)"
141.8.147.12 - - [18/Feb/2014:02:31:17 +0100] "GET /fls_4_impressum.php HTTP/1.1" 404 1256 "-" "Mozilla/5.0 (compatible; YandexBot/3.0; +http://yandex.com/bots)"
141.8.147.12 - - [18/Feb/2014:02:31:20 +0100] "GET /fls_2_fremdsprachensekr.php HTTP/1.1" 404 1256 "-" "Mozilla/5.0 (compatible; YandexBot/3.0; +http://yandex.com/bots)"
141.8.147.12 - - [18/Feb/2014:02:31:22 +0100] "GET /fls_1_aktuelles.php HTTP/1.1" 404 1256 "-" "Mozilla/5.0 (compatible; YandexBot/3.0; +http://yandex.com/bots)"
141.8.147.12 - - [18/Feb/2014:02:31:24 +0100] "GET /fls_4_kontakt_anmeldung.php HTTP/1.1" 404 1256 "-" "Mozilla/5.0 (compatible; YandexBot/3.0; +http://yandex.com/bots)"
141.8.147.12 - - [18/Feb/2014:02:31:26 +0100] "GET /index_sp.php HTTP/1.1" 404 1256 "-" "Mozilla/5.0 (compatible; YandexBot/3.0; +http://yandex.com/bots)"
141.8.147.12 - - [18/Feb/2014:02:31:28 +0100] "GET /index_en.php HTTP/1.1" 404 1256 "-" "Mozilla/5.0 (compatible; YandexBot/3.0; +http://yandex.com/bots)"
141.8.147.12 - - [18/Feb/2014:02:31:30 +0100] "GET /index_fr.php HTTP/1.1" 404 1256 "-" "Mozilla/5.0 (compatible; YandexBot/3.0; +http://yandex.com/bots)"
141.8.147.12 - - [18/Feb/2014:02:31:32 +0100] "GET /fls_3_fls_international.php HTTP/1.1" 404 1256 "-" "Mozilla/5.0 (compatible; YandexBot/3.0; +http://yandex.com/bots)"
141.8.147.12 - - [18/Feb/2014:02:31:34 +0100] "GET /fls_2_kurs_ecbm_london.php HTTP/1.1" 404 1256 "-" "Mozilla/5.0 (compatible; YandexBot/3.0; +http://yandex.com/bots)"
141.8.147.12 - - [18/Feb/2014:02:31:36 +0100] "GET /fls_2_europakorr.php HTTP/1.1" 404 1256 "-" "Mozilla/5.0 (compatible; YandexBot/3.0; +http://yandex.com/bots)"
141.8.147.12 - - [18/Feb/2014:02:31:38 +0100] "GET /fls_2_fremdsprachenkorr.php HTTP/1.1" 404 1256 "-" "Mozilla/5.0 (compatible; YandexBot/3.0; +http://yandex.com/bots)"
178.77.126.55 - - [18/Feb/2014:02:34:22 +0100] "GET /robots.txt HTTP/1.1" 404 1256 "-" "Mozilla/5.0 (compatible; CareerBot/1.1; +http://www.career-x.de/bot.html)"
178.77.126.55 - - [18/Feb/2014:02:34:22 +0100] "GET / HTTP/1.1" 302 - "-" "Mozilla/5.0 (compatible; CareerBot/1.1; +http://www.career-x.de/bot.html)"
103.31.200.92 - - [18/Feb/2014:06:50:13 +0100] "GET /robots.txt HTTP/1.0" 404 1256 "http://www.friedrich-list-berlin.de/robots.txt" "Mozilla/4.0 (compatible; MSIE 8.0; Windows NT 5.1; Trident/4.0; .NET CLR 2.0.50727; .NET CLR 3.0.4506.2152; .NET CLR 3.5.30729)"
103.31.200.92 - - [18/Feb/2014:06:50:16 +0100] "GET / HTTP/1.0" 302 - "http://www.friedrich-list-berlin.de/" "Mozilla/4.0 (compatible; MSIE 8.0; Windows NT 5.1; Trident/4.0; .NET CLR 2.0.50727; .NET CLR 3.0.4506.2152; .NET CLR 3.5.30729)"
141.8.147.12 - - [18/Feb/2014:07:54:05 +0100] "GET / HTTP/1.1" 302 - "-" "Mozilla/5.0 (compatible; YandexBot/3.0; +http://yandex.com/bots)"
208.115.111.69 - - [18/Feb/2014:09:53:41 +0100] "GET /robots.txt HTTP/1.1" 404 1256 "-" "Mozilla/5.0 (compatible; Ezooms/1.0; help@moz.com)"
208.115.111.69 - - [18/Feb/2014:11:23:45 +0100] "GET /include.php?path=contentarchive&type=2&letter=F&catid=0&themeid=0&searchtext=&entries=0&order= HTTP/1.1" 404 1256 "-" "Mozilla/5.0 (compatible; Ezooms/1.0; help@moz.com)"
199.19.249.196 - - [18/Feb/2014:11:35:09 +0100] "GET / HTTP/1.1" 302 - "-" "Mozilla/4.0 (compatible; MSIE 7.0; Windows NT 5.1; InfoPath.1; .NET CLR 2.0.50727; .NET CLR 1.1.4322; MS-RTC LM 8; .NET CLR 3.0.4506.2152; .NET CLR 3.5.30729)"
141.6.11.14 - - [18/Feb/2014:11:35:09 +0100] "GET / HTTP/1.1" 302 - "http://maps.google.de/local_url?dq=sprachschule+berlin&q=http://www.friedrich-list-berlin.de/&oi=miw&sa=X&ct=miw_link&cd=1&cad=homepage,cid:15796106503487596536&ei=qTYDU8mPDuP3iAbI9oG4AQ&s=ANYYN7nYseyJW96ARw4dEsV4QHde-Y-ZnQ" "Mozilla/5.0 (Windows NT 6.1; WOW64; rv:27.0) Gecko/20100101 Firefox/27.0"
208.115.113.85 - - [18/Feb/2014:11:39:50 +0100] "GET /robots.txt HTTP/1.1" 404 1256 "-" "Mozilla/5.0 (compatible; Ezooms/1.0; help@moz.com)"
79.192.177.153 - - [18/Feb/2014:11:46:44 +0100] "GET / HTTP/1.1" 302 - "http://vlw-berlin.de/web/schulen.html" "Mozilla/5.0 (Windows NT 6.1; WOW64; Trident/7.0; rv:11.0) like Gecko"
95.91.243.239 - - [18/Feb/2014:11:55:39 +0100] "GET / HTTP/1.1" 302 - "https://www.google.gr/" "Mozilla/5.0 (iPhone; CPU iPhone OS 7_0_4 like Mac OS X) AppleWebKit/537.51.1 (KHTML, like Gecko) Version/7.0 Mobile/11B554a Safari/9537.53"
217.86.138.252 - - [18/Feb/2014:13:29:54 +0100] "GET / HTTP/1.1" 302 - "http://www.google.de/url?sa=t&rct=j&q=&esrc=s&source=web&cd=8&ved=0CE8QFjAH&url=http%3A%2F%2Fwww.friedrich-list-berlin.de%2F&ei=MFIDU9i_FMHdtAbM-4DoBg&usg=AFQjCNGsKs3TvBQ4z91zrYvo9_SfKi5nug&bvm=bv.61535280,d.Yms" "Mozilla/5.0 (Windows NT 6.1; WOW64; rv:27.0) Gecko/20100101 Firefox/27.0"
150.70.97.97 - - [18/Feb/2014:13:32:20 +0100] "GET / HTTP/1.1" 302 - "-" "Mozilla/4.0 (compatible; MSIE 8.0; Windows NT 5.1; Trident/4.0)"
150.70.75.28 - - [18/Feb/2014:13:34:52 +0100] "GET / HTTP/1.0" 302 - "-" "Mozilla/4.0 (compatible; MSIE 6.0; Windows NT 5.1)"
208.115.113.85 - - [18/Feb/2014:13:40:53 +0100] "GET /include.php?path=contentarchive&type=3&letter=R&catid=0&themeid=0&searchtext=&entries=0&order= HTTP/1.1" 404 1256 "-" "Mozilla/5.0 (compatible; Ezooms/1.0; help@moz.com)"
150.70.75.212 - - [18/Feb/2014:13:41:52 +0100] "GET / HTTP/1.1" 302 - "-" "Mozilla/4.0 (compatible; MSIE 8.0; Windows NT 5.1; Trident/4.0)"
146.120.158.237 - - [18/Feb/2014:13:54:35 +0100] "GET /fls_4_kontakt_anmeldung.php HTTP/1.1" 404 1256 "-" "Mozilla/5.0 (Windows NT 6.1; rv:2.0b7pre) Gecko/20100921 Firefox/4.0b7pre"
144.76.156.212 - - [18/Feb/2014:14:12:19 +0100] "GET /?path=content&mode=print&contentid=4 HTTP/1.1" 302 - "-" "Mozilla/5.0"
91.37.142.7 - - [18/Feb/2014:14:17:54 +0100] "GET / HTTP/1.1" 302 - "http://www.berlin.de/sen/bildung/schulverzeichnis_und_portraets/anwendung/Schulportrait.aspx" "Mozilla/5.0 (Windows NT 6.1; rv:27.0) Gecko/20100101 Firefox/27.0"
66.249.78.115 - - [18/Feb/2014:14:33:34 +0100] "GET /robots.txt HTTP/1.1" 404 1256 "-" "Mozilla/5.0 (compatible; Googlebot/2.1; +http://www.google.com/bot.html)"
66.249.78.115 - - [18/Feb/2014:14:33:35 +0100] "GET / HTTP/1.1" 302 - "-" "SAMSUNG-SGH-E250/1.0 Profile/MIDP-2.0 Configuration/CLDC-1.1 UP.Browser/6.2.3.3.c.1.101 (GUI) MMP/2.0 (compatible; Googlebot-Mobile/2.1; +http://www.google.com/bot.html)"
92.225.128.43 - - [18/Feb/2014:14:43:13 +0100] "GET / HTTP/1.1" 302 - "http://www.google.de/url?sa=t&rct=j&q=&esrc=s&source=web&cd=8&ved=0CGcQoAIwBw&url=http%3A%2F%2Fwww.friedrich-list-berlin.de%2F&ei=81sDU7z6NIWJtQbe1IDADw&usg=AFQjCNGsKs3TvBQ4z91zrYvo9_SfKi5nug" "Mozilla/5.0 (Windows NT 5.1; rv:27.0) Gecko/20100101 Firefox/27.0"
208.115.113.85 - - [18/Feb/2014:15:40:06 +0100] "GET /robots.txt HTTP/1.1" 404 1256 "-" "Mozilla/5.0 (compatible; Ezooms/1.0; help@moz.com)"
87.142.104.1 - - [18/Feb/2014:15:55:32 +0100] "GET / HTTP/1.1" 302 - "http://www.bing.com/search?q=osz+fremdsprachen+berlin&form=APMCS1" "Mozilla/5.0 (Macintosh; Intel Mac OS X 10_6_8) AppleWebKit/534.59.10 (KHTML, like Gecko) Version/5.1.9 Safari/534.59.10"
141.8.147.12 - - [18/Feb/2014:16:11:43 +0100] "GET /robots.txt HTTP/1.1" 404 1256 "-" "Mozilla/5.0 (compatible; YandexBot/3.0; +http://yandex.com/bots)"
141.8.147.12 - - [18/Feb/2014:16:11:45 +0100] "GET / HTTP/1.1" 302 - "-" "Mozilla/5.0 (compatible; YandexBot/3.0; +http://yandex.com/bots)"
208.115.113.85 - - [18/Feb/2014:17:39:32 +0100] "GET /include.php?path=contentarchive&type=2&letter=Q&catid=0&themeid=0&searchtext=&entries=0&order=title HTTP/1.1" 404 1256 "-" "Mozilla/5.0 (compatible; Ezooms/1.0; help@moz.com)"
208.115.113.85 - - [18/Feb/2014:17:39:35 +0100] "GET /include.php?path=contentarchive&type=2&letter=X&catid=0&themeid=0&searchtext=&entries=0&order= HTTP/1.1" 404 1256 "-" "Mozilla/5.0 (compatible; Ezooms/1.0; help@moz.com)"
94.222.108.131 - - [18/Feb/2014:17:52:57 +0100] "GET / HTTP/1.1" 302 - "https://www.google.de/" "Mozilla/5.0 (Linux; U; Android 4.1.2; de-de; SAMSUNG GT-N8020/N8020XXBMF2 Build/JZO54K) AppleWebKit/534.30 (KHTML, like Gecko) Version/4.0 Safari/534.30"
174.129.237.157 - - [18/Feb/2014:18:40:40 +0100] "GET /robots.txt HTTP/1.0" 404 1256 "-" "ia_archiver (+http://www.alexa.com/site/help/webmasters; crawler@alexa.com)"
174.129.237.157 - - [18/Feb/2014:18:40:41 +0100] "GET / HTTP/1.0" 302 - "-" "ia_archiver (+http://www.alexa.com/site/help/webmasters; crawler@alexa.com)"
68.68.99.198 - - [18/Feb/2014:18:56:15 +0100] "GET / HTTP/1.1" 302 - "http://www.berlin.de/sen/bildung/schulverzeichnis_und_portraets/anwendung/Schulportrait.aspx?IDSchulzweig=11652" "Mozilla/5.0 (Macintosh; Intel Mac OS X 10_9_1) AppleWebKit/537.73.11 (KHTML, like Gecko) Version/7.0.1 Safari/537.73.11"
80.237.234.132 - - [18/Feb/2014:19:20:46 +0100] "GET / HTTP/1.1" 302 - "http://www.google.de/search?hl=de&source=hp&q=friedrich+schulel+berlin&gbv=2&oq=friedrich+schulel+berlin&gs_l=heirloom-hp.3..0i22i30l8j0i22i10i30j0i22i30.1949.16295.0.16447.24.20.0.3.3.0.1251.6648.1j8j2j1j0j2j0j3.17.0....0...1ac.1.34.heirloom-hp..10.14.2096.JRpxGxTgTTE" "Mozilla/5.0 (Windows; U; Windows NT 6.1; de; rv:1.9.2.25) Gecko/20111212 Firefox/3.6.25"
66.249.78.236 - - [18/Feb/2014:20:38:04 +0100] "GET /robots.txt HTTP/1.1" 404 1256 "-" "Mozilla/5.0 (compatible; Googlebot/2.1; +http://www.google.com/bot.html)"
66.249.78.236 - - [18/Feb/2014:20:38:04 +0100] "GET / HTTP/1.1" 302 - "-" "SAMSUNG-SGH-E250/1.0 Profile/MIDP-2.0 Configuration/CLDC-1.1 UP.Browser/6.2.3.3.c.1.101 (GUI) MMP/2.0 (compatible; Googlebot-Mobile/2.1; +http://www.google.com/bot.html)"
94.134.215.156 - - [18/Feb/2014:21:24:43 +0100] "GET / HTTP/1.1" 302 - "http://www.google.de/url?sa=t&rct=j&q=&esrc=s&source=web&cd=8&ved=0CE0QFjAH&url=http%3A%2F%2Fwww.friedrich-list-berlin.de%2F&ei=dMEDU923EeWu4ATBuIHYBA&usg=AFQjCNGsKs3TvBQ4z91zrYvo9_SfKi5nug&bvm=bv.61535280,d.bGE" "Mozilla/5.0 (Windows NT 6.1; rv:27.0) Gecko/20100101 Firefox/27.0"
208.115.111.69 - - [18/Feb/2014:21:49:38 +0100] "GET /robots.txt HTTP/1.1" 404 1256 "-" "Mozilla/5.0 (compatible; Ezooms/1.0; help@moz.com)"
208.115.113.85 - - [18/Feb/2014:23:40:09 +0100] "GET /robots.txt HTTP/1.1" 404 1256 "-" "Mozilla/5.0 (compatible; Ezooms/1.0; help@moz.com)"
208.115.111.69 - - [18/Feb/2014:23:47:22 +0100] "GET /?path=contentarchive&type=2&letter=G&catid=0&themeid=0&searchtext=&entries=0&order= HTTP/1.1" 302 - "-" "Mozilla/5.0 (compatible; Ezooms/1.0; help@moz.com)"
208.115.111.69 - - [18/Feb/2014:23:47:24 +0100] "GET /include.php?path=contentarchive&type=2&letter=T&catid=0&themeid=0&searchtext=&entries=0&order= HTTP/1.1" 404 1256 "-" "Mozilla/5.0 (compatible; Ezooms/1.0; help@moz.com)"
195.14.244.88 - - [19/Feb/2014:00:17:34 +0100] "GET / HTTP/1.1" 302 - "http://www.google.de/url?sa=t&rct=j&q=&esrc=s&source=web&cd=1&ved=0CC4QFjAA&url=http%3A%2F%2Fwww.friedrich-list-berlin.de%2F&ei=-OkDU-KDEMmPtQab94DQBA&usg=AFQjCNGsKs3TvBQ4z91zrYvo9_SfKi5nug&bvm=bv.61535280,d.Yms" "Mozilla/5.0 (Windows NT 6.1; rv:27.0) Gecko/20100101 Firefox/27.0"
207.241.226.232 - - [19/Feb/2014:00:31:13 +0100] "GET /robots.txt HTTP/1.1" 404 1256 "-" "Mozilla/5.0 (compatible; archive.org_bot; Wayback Machine Live Record; +http://archive.org/details/archive.org_bot)"
208.115.113.85 - - [19/Feb/2014:01:36:00 +0100] "GET /?path=contentarchive&type=2&letter=V&catid=0&themeid=0&searchtext=&entries=0&order= HTTP/1.1" 302 - "-" "Mozilla/5.0 (compatible; Ezooms/1.0; help@moz.com)"
208.115.113.85 - - [19/Feb/2014:01:36:03 +0100] "GET /include.php?path=contentarchive&type=2&letter=0-9&catid=0&themeid=0&searchtext=&entries=0&order=title HTTP/1.1" 404 1256 "-" "Mozilla/5.0 (compatible; Ezooms/1.0; help@moz.com)"
95.91.243.189 - - [19/Feb/2014:01:50:44 +0100] "GET / HTTP/1.1" 302 - "http://www.google.de/url?sa=t&rct=j&q=&esrc=s&source=web&cd=1&sqi=2&ved=0CCwQFjAA&url=http%3A%2F%2Fwww.friedrich-list-berlin.de%2F&ei=xP8DU7maOMSQswbAkYA4&usg=AFQjCNGsKs3TvBQ4z91zrYvo9_SfKi5nug&bvm=bv.61535280,d.Yms" "Mozilla/5.0 (Windows NT 6.1; rv:27.0) Gecko/20100101 Firefox/27.0"
69.58.178.57 - - [19/Feb/2014:03:52:07 +0100] "GET /robots.txt HTTP/1.1" 404 1256 "-" "BlackBerry9000/4.6.0.167 Profile/MIDP-2.0 Configuration/CLDC-1.1 VendorID/102 ips-agent"
69.58.178.57 - - [19/Feb/2014:03:52:08 +0100] "GET / HTTP/1.1" 302 - "-" "Mozilla/5.0 (X11; Ubuntu; Linux i686; rv:14.0; ips-agent) Gecko/20100101 Firefox/14.0.1"
188.138.41.109 - - [19/Feb/2014:05:04:03 +0100] "GET /robots.txt HTTP/1.1" 404 1256 "-" "Mozilla/5.0 (X11; U; Linux i686; de; rv:1.9.0.1; compatible; iCjobs Stellenangebote Jobs; http://www.icjobs.de) Gecko/20100401 iCjobs/3.2.3"
188.138.41.109 - - [19/Feb/2014:05:04:03 +0100] "GET / HTTP/1.1" 302 - "-" "Mozilla/5.0 (X11; U; Linux i686; de; rv:1.9.0.1; compatible; iCjobs Stellenangebote Jobs; http://www.icjobs.de) Gecko/20100401 iCjobs/3.2.3"
188.138.41.109 - - [19/Feb/2014:05:04:06 +0100] "GET / HTTP/1.1" 302 - "-" "Mozilla/5.0 (X11; U; Linux i686; de; rv:1.9.0.1; compatible; iCjobs Stellenangebote Jobs; http://www.icjobs.de) Gecko/20100401 iCjobs/3.2.3"
208.115.113.85 - - [19/Feb/2014:07:56:42 +0100] "GET /robots.txt HTTP/1.1" 404 1256 "-" "Mozilla/5.0 (compatible; Ezooms/1.0; help@moz.com)"
195.88.117.28 - - [19/Feb/2014:08:13:57 +0100] "GET / HTTP/1.1" 302 - "-" "-"
195.88.117.28 - - [19/Feb/2014:08:13:58 +0100] "GET / HTTP/1.1" 302 - "http://regional.abi.de/details.jsp?roid=159&oid=100400100&tid=1&eid=3026" "Mozilla/5.0 (compatible; MSIE 9.0; Windows NT 6.1; WOW64; Trident/5.0)"
150.70.173.43 - - [19/Feb/2014:08:14:37 +0100] "GET / HTTP/1.1" 302 - "-" "Mozilla/4.0 (compatible; MSIE 8.0; Windows NT 5.1; Trident/4.0)"
150.70.172.206 - - [19/Feb/2014:08:19:01 +0100] "GET / HTTP/1.0" 302 - "-" "Mozilla/4.0 (compatible; MSIE 6.0; Windows NT 5.1)"
150.70.173.39 - - [19/Feb/2014:08:22:34 +0100] "GET / HTTP/1.1" 302 - "-" "Mozilla/4.0 (compatible; MSIE 8.0; Windows NT 5.1; Trident/4.0)"
84.191.175.39 - - [19/Feb/2014:10:23:09 +0100] "GET / HTTP/1.0" 302 - "http://www.google.com/url?sa=t&rct=j&q=&esrc=s&frm=1&source=web&cd=1&ved=0CCcQFjAA&url=http%3A%2F%2Fwww.friedrich-list-berlin.de%2F&ei=4ncEU8jzFYaXtQaAv4Ag&usg=AFQjCNGsKs3TvBQ4z91zrYvo9_SfKi5nug&bvm=bv.61535280,d.Yms" "Mozilla/5.0 (compatible; MSIE 9.0; Windows NT 6.1; WOW64; Trident/5.0)"
84.191.175.39 - - [19/Feb/2014:10:30:25 +0100] "GET / HTTP/1.0" 302 - "http://www.google.com/url?sa=t&rct=j&q=&esrc=s&frm=1&source=web&cd=1&ved=0CCoQFjAA&url=http%3A%2F%2Fwww.friedrich-list-berlin.de%2F&ei=lXkEU-2AKMfMtQao2ICQAw&usg=AFQjCNGsKs3TvBQ4z91zrYvo9_SfKi5nug&bvm=bv.61535280,d.Yms" "Mozilla/5.0 (compatible; MSIE 9.0; Windows NT 6.1; WOW64; Trident/5.0)"
84.119.73.239 - - [19/Feb/2014:10:50:36 +0100] "GET / HTTP/1.1" 302 - "http://www.google.de/url?sa=t&rct=j&q=&esrc=s&source=web&cd=15&ved=0CJQBEKACMA4&url=http%3A%2F%2Fwww.friedrich-list-berlin.de%2F&ei=b30EU9LHCrGw7Abb4oHADA&usg=AFQjCNGsKs3TvBQ4z91zrYvo9_SfKi5nug" "Mozilla/5.0 (Windows NT 6.0; WOW64; rv:15.0; WUID=a8803bad9cedba15f6f8e6bbe5a73029; WTB=8032) Gecko/20100101 Firefox/15.0.1"
79.193.140.66 - - [19/Feb/2014:11:39:01 +0100] "GET / HTTP/1.1" 302 - "-" "Mozilla/5.0 (Macintosh; Intel Mac OS X 10.9; rv:27.0) Gecko/20100101 Firefox/27.0"
80.187.97.9 - - [19/Feb/2014:12:19:50 +0100] "GET / HTTP/1.1" 302 - "-" "Mozilla/5.0 (Linux; U; Android 4.1.2; de-de; LG-P700 Build/JZO54K) AppleWebKit/534.30 (KHTML, like Gecko) Version/4.0 Mobile Safari/534.30"
80.187.97.9 - - [19/Feb/2014:12:20:02 +0100] "GET / HTTP/1.1" 302 - "-" "Mozilla/5.0 (Linux; U; Android 4.1.2; de-de; LG-P700 Build/JZO54K) AppleWebKit/534.30 (KHTML, like Gecko) Version/4.0 Mobile Safari/534.30"
77.185.221.147 - - [19/Feb/2014:12:30:14 +0100] "GET / HTTP/1.1" 302 - "https://www.google.de/" "Mozilla/5.0 (Windows NT 6.1; WOW64) AppleWebKit/537.36 (KHTML, like Gecko) Chrome/32.0.1700.107 Safari/537.36"
208.115.111.69 - - [19/Feb/2014:13:49:23 +0100] "GET /robots.txt HTTP/1.1" 404 1256 "-" "Mozilla/5.0 (compatible; Ezooms/1.0; help@moz.com)"
80.187.97.9 - - [19/Feb/2014:14:16:12 +0100] "GET / HTTP/1.1" 302 - "-" "Mozilla/5.0 (Linux; U; Android 4.1.2; de-de; LG-P700 Build/JZO54K) AppleWebKit/534.30 (KHTML, like Gecko) Version/4.0 Mobile Safari/534.30"
85.183.55.26 - - [19/Feb/2014:14:59:54 +0100] "GET / HTTP/1.1" 302 - "http://vlw-berlin.de/schulen/schulen.html" "Mozilla/5.0 (Windows NT 6.1; WOW64; rv:27.0) Gecko/20100101 Firefox/27.0"
85.183.55.26 - - [19/Feb/2014:15:07:22 +0100] "GET / HTTP/1.1" 302 - "http://vlw-berlin.de/schulen/schulen.html" "Mozilla/5.0 (Windows NT 6.1; WOW64; rv:27.0) Gecko/20100101 Firefox/27.0"
141.8.147.12 - - [19/Feb/2014:15:34:22 +0100] "GET /robots.txt HTTP/1.1" 404 1256 "-" "Mozilla/5.0 (compatible; YandexBot/3.0; +http://yandex.com/bots)"
141.8.147.12 - - [19/Feb/2014:15:34:24 +0100] "GET / HTTP/1.1" 302 - "-" "Mozilla/5.0 (compatible; YandexBot/3.0; +http://yandex.com/bots)"
208.115.113.85 - - [19/Feb/2014:15:53:38 +0100] "GET /robots.txt HTTP/1.1" 404 1256 "-" "Mozilla/5.0 (compatible; Ezooms/1.0; help@moz.com)"
208.115.111.69 - - [19/Feb/2014:15:54:50 +0100] "GET /include.php?path=contentarchive&type=3&letter=B&catid=0&themeid=0&searchtext=&entries=0&order= HTTP/1.1" 404 1256 "-" "Mozilla/5.0 (compatible; Ezooms/1.0; help@moz.com)"
66.249.78.115 - - [19/Feb/2014:16:04:05 +0100] "GET /robots.txt HTTP/1.1" 404 1256 "-" "Mozilla/5.0 (compatible; Googlebot/2.1; +http://www.google.com/bot.html)"
66.249.78.115 - - [19/Feb/2014:16:04:06 +0100] "GET / HTTP/1.1" 302 - "-" "Mozilla/5.0 (compatible; Googlebot/2.1; +http://www.google.com/bot.html)"
213.98.164.197 - - [19/Feb/2014:17:45:54 +0100] "GET / HTTP/1.1" 302 - "http://www.educacion.gob.es/exterior/al/es/espaniol/ele_berlin2012.pdf" "Mozilla/5.0 (Windows NT 6.2; WOW64) AppleWebKit/537.36 (KHTML, like Gecko) Chrome/32.0.1700.107 Safari/537.36"
213.98.164.197 - - [19/Feb/2014:17:46:38 +0100] "GET / HTTP/1.1" 302 - "http://www.educacion.gob.es/exterior/al/es/espaniol/ele_berlin2012.pdf" "Mozilla/5.0 (Windows NT 6.2; WOW64) AppleWebKit/537.36 (KHTML, like Gecko) Chrome/32.0.1700.107 Safari/537.36"
208.115.111.69 - - [19/Feb/2014:17:53:38 +0100] "GET /robots.txt HTTP/1.1" 404 1256 "-" "Mozilla/5.0 (compatible; Ezooms/1.0; help@moz.com)"
208.115.111.69 - - [19/Feb/2014:17:53:39 +0100] "GET /robots.txt HTTP/1.1" 404 1256 "-" "Mozilla/5.0 (compatible; Ezooms/1.0; help@moz.com)"
208.115.113.85 - - [19/Feb/2014:18:03:50 +0100] "GET /?path=contentarchive&type=2&letter=D&catid=0&themeid=0&searchtext=&entries=0&order= HTTP/1.1" 302 - "-" "Mozilla/5.0 (compatible; Ezooms/1.0; help@moz.com)"
208.115.113.85 - - [19/Feb/2014:18:03:54 +0100] "GET /include.php?path=contentarchive&type=3&letter=C&catid=0&themeid=0&searchtext=&entries=0&order= HTTP/1.1" 404 1256 "-" "Mozilla/5.0 (compatible; Ezooms/1.0; help@moz.com)"
208.115.113.85 - - [19/Feb/2014:18:03:58 +0100] "GET /include.php?path=contentarchive&type=3&letter=F&catid=0&themeid=0&searchtext=&entries=0&order= HTTP/1.1" 404 1256 "-" "Mozilla/5.0 (compatible; Ezooms/1.0; help@moz.com)"
208.115.111.69 - - [19/Feb/2014:18:19:11 +0100] "GET / HTTP/1.1" 302 - "-" "Mozilla/5.0 (compatible; Ezooms/1.0; help@moz.com)"
178.255.215.68 - - [19/Feb/2014:18:32:34 +0100] "GET /robots.txt HTTP/1.1" 404 1256 "-" "Mozilla/5.0 (compatible; Exabot/3.0; +http://www.exabot.com/go/robot)"
178.255.215.68 - - [19/Feb/2014:18:32:34 +0100] "GET / HTTP/1.1" 302 - "-" "Mozilla/5.0 (compatible; Exabot/3.0; +http://www.exabot.com/go/robot)"
208.115.111.69 - - [19/Feb/2014:19:50:43 +0100] "GET /include.php?path=contentarchive&type=2&letter=T&catid=0&themeid=0&searchtext=&entries=0&order=title HTTP/1.1" 404 1256 "-" "Mozilla/5.0 (compatible; Ezooms/1.0; help@moz.com)"
208.115.111.69 - - [19/Feb/2014:19:50:45 +0100] "GET /include.php?path=contentarchive&type=3&letter=H&catid=0&themeid=0&searchtext=&entries=0&order= HTTP/1.1" 404 1256 "-" "Mozilla/5.0 (compatible; Ezooms/1.0; help@moz.com)"
208.115.113.85 - - [19/Feb/2014:19:51:08 +0100] "GET /robots.txt HTTP/1.1" 404 1256 "-" "Mozilla/5.0 (compatible; Ezooms/1.0; help@moz.com)"
208.115.113.85 - - [19/Feb/2014:21:55:39 +0100] "GET /include.php?path=contentarchive&type=2&letter=L&catid=0&themeid=0&searchtext=&entries=0&order= HTTP/1.1" 404 1256 "-" "Mozilla/5.0 (compatible; Ezooms/1.0; help@moz.com)"
208.115.113.85 - - [19/Feb/2014:21:55:42 +0100] "GET /include.php?path=contentarchive&type=2&letter=P&catid=0&themeid=0&searchtext=&entries=0&order=title HTTP/1.1" 404 1256 "-" "Mozilla/5.0 (compatible; Ezooms/1.0; help@moz.com)"
92.226.63.103 - - [19/Feb/2014:22:36:11 +0100] "GET / HTTP/1.1" 302 - "http://www.berlin.de/sen/bildung/schulverzeichnis_und_portraets/anwendung/Schulportrait.aspx?IDSchulzweig=11651" "Mozilla/5.0 (Windows NT 6.2; WOW64; rv:27.0) Gecko/20100101 Firefox/27.0"
66.249.78.236 - - [19/Feb/2014:22:59:38 +0100] "GET /robots.txt HTTP/1.1" 404 1256 "-" "Mozilla/5.0 (compatible; Googlebot/2.1; +http://www.google.com/bot.html)"
66.249.78.236 - - [19/Feb/2014:22:59:38 +0100] "GET /include.php?path=contentarchive&type=4&catid=8&letter=F&entries=0&searchtext=&order=dated&nid=21 HTTP/1.1" 404 1256 "-" "Mozilla/5.0 (compatible; Googlebot/2.1; +http://www.google.com/bot.html)"
46.229.170.197 - - [19/Feb/2014:23:45:51 +0100] "GET / HTTP/1.1" 302 - "-" "Mozilla/5.0 (X11; U; Linux x86_64; en-US; rv:1.9.2a1pre) Gecko/20090405 Firefox/3.6a1pre"
178.255.215.70 - - [20/Feb/2014:02:14:58 +0100] "GET /robots.txt HTTP/1.1" 404 1256 "-" "Mozilla/5.0 (compatible; Exabot/3.0; +http://www.exabot.com/go/robot)"
178.255.215.70 - - [20/Feb/2014:02:14:58 +0100] "GET /?path=content&contentid=38&nid=21 HTTP/1.1" 302 - "-" "Mozilla/5.0 (compatible; Exabot/3.0; +http://www.exabot.com/go/robot)"
66.249.78.236 - - [20/Feb/2014:02:48:50 +0100] "GET /include.php?path=contentarchive&type=2&letter=X&catid=0&themeid=0&searchtext=&entries=0&order=&nid=19 HTTP/1.1" 404 1256 "-" "Mozilla/5.0 (compatible; Googlebot/2.1; +http://www.google.com/bot.html)"
128.131.102.100 - - [20/Feb/2014:04:14:33 +0100] "GET / HTTP/1.0" 302 - "-" "Mozilla/5.0 (KeepRight OpenStreetMap Checker; http://keepright.at) Gecko/20100101 Firefox/22.0"
182.118.21.235 - - [20/Feb/2014:04:49:53 +0100] "GET /robots.txt HTTP/1.1" 404 1256 "http://www.friedrich-list-berlin.de/robots.txt" "Mozilla/5.0 (Windows; U; Windows NT 5.1; zh-CN; ) Firefox/1.5.0.11; 360Spider"
80.153.101.65 - - [20/Feb/2014:07:22:03 +0100] "GET / HTTP/1.1" 302 - "-" "Mozilla/4.0 (Compatible; Windows NT 5.1; MSIE 6.0) (compatible; MSIE 6.0; Windows NT 5.1; .NET CLR 1.1.4322; .NET CLR 2.0.50727)"
80.153.101.65 - - [20/Feb/2014:07:22:03 +0100] "GET /fls_4_impressum.php HTTP/1.1" 404 1256 "-" "Mozilla/4.0 (Compatible; Windows NT 5.1; MSIE 6.0) (compatible; MSIE 6.0; Windows NT 5.1; .NET CLR 1.1.4322; .NET CLR 2.0.50727)"
91.64.111.55 - - [20/Feb/2014:07:48:13 +0100] "GET / HTTP/1.1" 302 - "-" "Mozilla/5.0 (Windows NT 6.1; WOW64; rv:27.0) Gecko/20100101 Firefox/27.0"
93.220.112.227 - - [20/Feb/2014:08:42:47 +0100] "GET / HTTP/1.1" 302 - "http://maps.google.es/local_url?dq=sprachschule+hauptstra%C3%9Fe+berlin&q=http://www.friedrich-list-berlin.de/&oi=miw&sa=X&ct=miw_link&cd=1&cad=homepage,cid:15796106503487596536&ei=wbEFU7fjF8ng8gPXlIHwCQ&s=ANYYN7mBwxEd8q4gh0i37KfN6M4KWWfaHQ" "Mozilla/5.0 (Macintosh; Intel Mac OS X 10_6_8) AppleWebKit/537.36 (KHTML, like Gecko) Chrome/32.0.1700.107 Safari/537.36"
85.183.193.234 - - [20/Feb/2014:08:44:22 +0100] "GET / HTTP/1.0" 302 - "http://www.google.de/url?sa=t&rct=j&q=&esrc=s&source=web&cd=1&ved=0CCwQFjAA&url=http%3A%2F%2Fwww.friedrich-list-berlin.de%2F&ei=KLIFU7y0LcqctAbJ7YDoAQ&usg=AFQjCNGsKs3TvBQ4z91zrYvo9_SfKi5nug&bvm=bv.61725948,d.Yms" "Mozilla/5.0 (Windows NT 6.1; WOW64; rv:27.0) Gecko/20100101 Firefox/27.0"
94.134.223.225 - - [20/Feb/2014:09:29:35 +0100] "GET / HTTP/1.1" 302 - "-" "Mozilla/5.0 (Windows NT 6.1; WOW64; rv:27.0) Gecko/20100101 Firefox/27.0"
