208.115.111.69 - - [11/Feb/2014:09:38:39 +0100] "GET /robots.txt HTTP/1.1" 404 1256 "-" "Mozilla/5.0 (compatible; Ezooms/1.0; help@moz.com)"
208.115.113.85 - - [11/Feb/2014:09:53:17 +0100] "GET /?path=content&contentid=36 HTTP/1.1" 302 - "-" "Mozilla/5.0 (compatible; Ezooms/1.0; help@moz.com)"
208.115.113.85 - - [11/Feb/2014:09:53:22 +0100] "GET /?path=contentarchive&type=2&letter=K&catid=0&themeid=0&searchtext=&entries=0&order= HTTP/1.1" 302 - "-" "Mozilla/5.0 (compatible; Ezooms/1.0; help@moz.com)"
208.115.113.85 - - [11/Feb/2014:09:53:26 +0100] "GET /include.php?path=contentarchive&type=2&letter=E&catid=0&themeid=0&searchtext=&entries=0&order= HTTP/1.1" 404 1256 "-" "Mozilla/5.0 (compatible; Ezooms/1.0; help@moz.com)"
5.10.83.36 - - [11/Feb/2014:10:36:50 +0100] "GET /robots.txt HTTP/1.1" 404 1256 "-" "Mozilla/5.0 (compatible; AhrefsBot/5.0; +http://ahrefs.com/robot/)"
84.190.32.163 - - [11/Feb/2014:10:55:02 +0100] "GET / HTTP/1.1" 302 - "http://www.google.de/url?sa=t&rct=j&q=&esrc=s&source=web&cd=1&ved=0CCwQFjAA&url=http%3A%2F%2Fwww.friedrich-list-berlin.de%2F&ei=X_P5UriTAYLYtQaMxIGYCw&usg=AFQjCNGsKs3TvBQ4z91zrYvo9_SfKi5nug&bvm=bv.61190604,d.Yms" "Mozilla/5.0 (Windows NT 5.1; rv:17.0) Gecko/20100101 Firefox/17.0"
195.37.24.161 - - [11/Feb/2014:11:19:13 +0100] "GET / HTTP/1.1" 302 - "http://www.google.de/url?sa=t&rct=j&q=&esrc=s&source=web&cd=1&ved=0CC4QFjAA&url=http%3A%2F%2Fwww.friedrich-list-berlin.de%2F&ei=Fvn5UuTDJYmHtAap9IDgAg&usg=AFQjCNGsKs3TvBQ4z91zrYvo9_SfKi5nug&bvm=bv.61190604,d.Yms" "Mozilla/5.0 (Windows NT 6.1; rv:26.0) Gecko/20100101 Firefox/26.0"
109.45.1.183 - - [11/Feb/2014:11:27:26 +0100] "GET / HTTP/1.1" 302 - "http://m.yelp.co.uk/biz_redir?url=http%3A%2F%2Fwww.friedrich-list-berlin.de&src_bizid=fSHiYxGQm1Z5g7TwC8oc_A&cachebuster=1392114432&s=94c370e6d2c5b2785d4f48121782cda6bd4cbad6f64a132e1450709dbb234fd8" "Mozilla/5.0 (iPhone; CPU iPhone OS 7_0_4 like Mac OS X) AppleWebKit/537.51.1 (KHTML, like Gecko) Version/7.0 Mobile/11B554a Safari/9537.53"
93.220.56.33 - - [11/Feb/2014:11:32:16 +0100] "GET / HTTP/1.1" 302 - "-" "Mozilla/5.0 (Linux; U; Android 4.1.2; de-US; B1-710 Build/JZO54K) AppleWebKit/534.30 (KHTML, like Gecko) Version/4.1 Safari/534.30"
208.115.111.69 - - [11/Feb/2014:11:37:40 +0100] "GET /include.php?path=news&contentid=122 HTTP/1.1" 404 1256 "-" "Mozilla/5.0 (compatible; Ezooms/1.0; help@moz.com)"
208.115.113.85 - - [11/Feb/2014:11:47:27 +0100] "GET /robots.txt HTTP/1.1" 404 1256 "-" "Mozilla/5.0 (compatible; Ezooms/1.0; help@moz.com)"
193.175.207.34 - - [11/Feb/2014:12:08:41 +0100] "GET / HTTP/1.1" 302 - "http://www.berlin.de/sen/bildung/schulverzeichnis_und_portraets/anwendung/Schulportrait.aspx?IDSchulzweig=11651" "Mozilla/5.0 (compatible; MSIE 10.0; Windows NT 6.1; WOW64; Trident/6.0)"
193.175.207.34 - - [11/Feb/2014:12:18:34 +0100] "GET / HTTP/1.1" 302 - "http://www.berlin.de/sen/bildung/schulverzeichnis_und_portraets/anwendung/Schulportrait.aspx?IDSchulzweig=11652" "Mozilla/5.0 (compatible; MSIE 10.0; Windows NT 6.1; WOW64; Trident/6.0)"
193.175.207.34 - - [11/Feb/2014:12:24:36 +0100] "GET / HTTP/1.1" 302 - "http://www.berlin.de/sen/bildung/schulverzeichnis_und_portraets/anwendung/Schulportrait.aspx?IDSchulzweig=11651" "Mozilla/5.0 (compatible; MSIE 10.0; Windows NT 6.1; WOW64; Trident/6.0)"
5.10.83.36 - - [11/Feb/2014:13:14:12 +0100] "GET /robots.txt HTTP/1.1" 404 1256 "-" "Mozilla/5.0 (compatible; AhrefsBot/5.0; +http://ahrefs.com/robot/)"
208.115.111.69 - - [11/Feb/2014:13:40:33 +0100] "GET /robots.txt HTTP/1.1" 404 1256 "-" "Mozilla/5.0 (compatible; Ezooms/1.0; help@moz.com)"
208.115.113.85 - - [11/Feb/2014:13:53:30 +0100] "GET /?path=contentarchive&type=2&letter=C&catid=0&themeid=0&searchtext=&entries=0&order= HTTP/1.1" 302 - "-" "Mozilla/5.0 (compatible; Ezooms/1.0; help@moz.com)"
208.115.113.85 - - [11/Feb/2014:13:53:33 +0100] "GET /include.php?path=contentarchive&type=2&letter=O&catid=0&themeid=0&searchtext=&entries=0&order=title HTTP/1.1" 404 1256 "-" "Mozilla/5.0 (compatible; Ezooms/1.0; help@moz.com)"
208.115.111.69 - - [11/Feb/2014:15:37:48 +0100] "GET /include.php?path=contentarchive&type=2&nid=4 HTTP/1.1" 404 1256 "-" "Mozilla/5.0 (compatible; Ezooms/1.0; help@moz.com)"
208.115.111.69 - - [11/Feb/2014:15:37:51 +0100] "GET /include.php?path=contentarchive&type=3&letter=E&catid=0&themeid=0&searchtext=&entries=0&order= HTTP/1.1" 404 1256 "-" "Mozilla/5.0 (compatible; Ezooms/1.0; help@moz.com)"
208.115.113.85 - - [11/Feb/2014:15:41:09 +0100] "GET /robots.txt HTTP/1.1" 404 1256 "-" "Mozilla/5.0 (compatible; Ezooms/1.0; help@moz.com)"
88.75.189.98 - - [11/Feb/2014:17:09:40 +0100] "GET / HTTP/1.1" 302 - "https://www.google.de/" "Mozilla/5.0 (Windows NT 6.0) AppleWebKit/537.36 (KHTML, like Gecko) Chrome/32.0.1700.107 Safari/537.36"
182.118.20.216 - - [11/Feb/2014:17:15:28 +0100] "GET /robots.txt HTTP/1.1" 404 1256 "http://www.friedrich-list-berlin.de/robots.txt" "Mozilla/5.0 (Windows; U; Windows NT 5.1; zh-CN; ) Firefox/1.5.0.11; 360Spider"
208.115.113.85 - - [11/Feb/2014:17:43:34 +0100] "GET /?path=contentarchive&type=2&letter=W&catid=0&themeid=0&searchtext=&entries=0&order= HTTP/1.1" 302 - "-" "Mozilla/5.0 (compatible; Ezooms/1.0; help@moz.com)"
208.115.113.85 - - [11/Feb/2014:17:43:41 +0100] "GET /include.php?path=contentarchive&type=2&letter=N&catid=0&themeid=0&searchtext=&entries=0&order=title HTTP/1.1" 404 1256 "-" "Mozilla/5.0 (compatible; Ezooms/1.0; help@moz.com)"
77.12.1.242 - - [11/Feb/2014:18:11:25 +0100] "GET / HTTP/1.1" 302 - "http://maps.google.de/local_url?dq=OSZ+Berlin&q=http://www.friedrich-list-berlin.de/&oi=miw&sa=X&ct=miw_link&cd=1&cad=homepage,cid:15796106503487596536&ei=hln6UpiFAYfuiQaa6ID4Bw&s=ANYYN7kQPBAg6IWW3RKY9KvSC80JIbQS6Q" "Mozilla/5.0 (Windows NT 6.1; WOW64) AppleWebKit/537.36 (KHTML, like Gecko) Chrome/32.0.1700.107 Safari/537.36"
87.230.17.72 - - [11/Feb/2014:19:25:26 +0100] "GET / HTTP/1.1" 302 - "-" "ImplisenseBot 1.0"
87.230.17.72 - - [11/Feb/2014:19:25:27 +0100] "GET / HTTP/1.1" 302 - "-" "ImplisenseBot 1.0"
87.230.17.72 - - [11/Feb/2014:19:25:39 +0100] "GET /robots.txt HTTP/1.1" 404 1256 "-" "ImplisenseBot 1.0"
188.138.41.108 - - [11/Feb/2014:19:31:08 +0100] "GET /robots.txt HTTP/1.1" 404 1256 "-" "Mozilla/5.0 (X11; U; Linux i686; de; rv:1.9.0.1; compatible; iCjobs Stellenangebote Jobs; http://www.icjobs.de) Gecko/20100401 iCjobs/3.2.3"
188.138.41.108 - - [11/Feb/2014:19:31:08 +0100] "GET / HTTP/1.1" 302 - "-" "Mozilla/5.0 (X11; U; Linux i686; de; rv:1.9.0.1; compatible; iCjobs Stellenangebote Jobs; http://www.icjobs.de) Gecko/20100401 iCjobs/3.2.3"
188.138.41.108 - - [11/Feb/2014:19:31:08 +0100] "GET / HTTP/1.1" 302 - "-" "Mozilla/5.0 (X11; U; Linux i686; de; rv:1.9.0.1; compatible; iCjobs Stellenangebote Jobs; http://www.icjobs.de) Gecko/20100401 iCjobs/3.2.3"
180.76.6.42 - - [11/Feb/2014:19:33:18 +0100] "GET /robots.txt HTTP/1.1" 404 1256 "-" "Mozilla/5.0 (Windows NT 5.1; rv:6.0.2) Gecko/20100101 Firefox/6.0.2"
208.115.113.85 - - [11/Feb/2014:19:47:52 +0100] "GET /robots.txt HTTP/1.1" 404 1256 "-" "Mozilla/5.0 (compatible; Ezooms/1.0; help@moz.com)"
77.12.194.176 - - [11/Feb/2014:19:56:09 +0100] "GET / HTTP/1.1" 302 - "http://www.berlin.de/sen/bildung/schulverzeichnis_und_portraets/anwendung/Schulportrait.aspx?IDSchulzweig=11651" "Mozilla/5.0 (Windows NT 6.1; WOW64; rv:27.0) Gecko/20100101 Firefox/27.0"
83.149.126.98 - - [11/Feb/2014:21:23:09 +0100] "GET /robots.txt HTTP/1.0" 404 1256 "-" "Mozilla/5.0 (compatible; MJ12bot/v1.4.4; http://www.majestic12.co.uk/bot.php?+)"
83.149.126.98 - - [11/Feb/2014:21:23:11 +0100] "GET / HTTP/1.0" 302 - "-" "Mozilla/5.0 (compatible; MJ12bot/v1.4.4; http://www.majestic12.co.uk/bot.php?+)"
208.115.113.85 - - [11/Feb/2014:21:53:14 +0100] "GET /?path=contentarchive&type=2&letter=A&catid=0&themeid=0&searchtext=&entries=0&order= HTTP/1.1" 302 - "-" "Mozilla/5.0 (compatible; Ezooms/1.0; help@moz.com)"
141.8.147.12 - - [12/Feb/2014:00:00:08 +0100] "GET /robots.txt HTTP/1.1" 404 1256 "-" "Mozilla/5.0 (compatible; YandexBot/3.0; +http://yandex.com/bots)"
141.8.147.12 - - [12/Feb/2014:00:00:13 +0100] "GET / HTTP/1.1" 302 - "-" "Mozilla/5.0 (compatible; YandexBot/3.0; +http://yandex.com/bots)"
213.220.156.205 - - [12/Feb/2014:00:26:34 +0100] "GET / HTTP/1.1" 302 - "-" "Mozilla/5.0 (Linux; U; Android 4.1.2; de-de; GT-I9100 Build/JZO54K) AppleWebKit/534.30 (KHTML, like Gecko) Version/4.0 Mobile Safari/534.30"
89.217.112.33 - - [12/Feb/2014:00:48:59 +0100] "GET / HTTP/1.1" 302 - "http://www.google.ch/url?sa=t&rct=j&q=handelsschule%20berlin&source=web&cd=9&ved=0CHsQoAIwCA&url=http%3A%2F%2Fwww.friedrich-list-berlin.de%2F&ei=tbb6UszaBpHT7AbknIHgDw&usg=AFQjCNGsKs3TvBQ4z91zrYvo9_SfKi5nug" "Mozilla/5.0 (Macintosh; Intel Mac OS X 10_6_8) AppleWebKit/534.57.2 (KHTML, like Gecko) Version/5.1.7 Safari/534.57.2"
208.115.113.85 - - [12/Feb/2014:03:40:20 +0100] "GET /robots.txt HTTP/1.1" 404 1256 "-" "Mozilla/5.0 (compatible; Ezooms/1.0; help@moz.com)"
91.64.172.143 - - [12/Feb/2014:04:23:57 +0100] "GET / HTTP/1.1" 302 - "http://maps.google.de/local_url?dq=Friedrich-List-Schule&q=http://www.friedrich-list-berlin.de/&oi=miw&sa=X&ct=miw_link&cd=1&cad=homepage,cid:15796106503487596536&ei=OOn6Uun1Aef4igbK0IHwCw&s=ANYYN7kG3Vq_a9reTV-YRo5P43mAaPLuFg" "Mozilla/5.0 (Windows NT 6.1; WOW64; rv:26.0) Gecko/20100101 Firefox/26.0"
208.115.111.69 - - [12/Feb/2014:05:40:26 +0100] "GET /robots.txt HTTP/1.1" 404 1256 "-" "Mozilla/5.0 (compatible; Ezooms/1.0; help@moz.com)"
208.115.113.85 - - [12/Feb/2014:05:43:21 +0100] "GET /?path=contentarchive&type=2&letter=P&catid=0&themeid=0&searchtext=&entries=0&order= HTTP/1.1" 302 - "-" "Mozilla/5.0 (compatible; Ezooms/1.0; help@moz.com)"
208.115.113.85 - - [12/Feb/2014:05:43:26 +0100] "GET /?path=contentarchive&type=2&letter=U&catid=0&themeid=0&searchtext=&entries=0&order= HTTP/1.1" 302 - "-" "Mozilla/5.0 (compatible; Ezooms/1.0; help@moz.com)"
208.115.111.69 - - [12/Feb/2014:07:27:10 +0100] "GET /?path=contentarchive&type=2&letter=Z&catid=0&themeid=0&searchtext=&entries=0&order= HTTP/1.1" 302 - "-" "Mozilla/5.0 (compatible; Ezooms/1.0; help@moz.com)"
208.115.111.69 - - [12/Feb/2014:07:27:18 +0100] "GET /include.php?path=contentarchive&type=2&letter=H&catid=0&themeid=0&searchtext=&entries=0&order= HTTP/1.1" 404 1256 "-" "Mozilla/5.0 (compatible; Ezooms/1.0; help@moz.com)"
208.115.111.69 - - [12/Feb/2014:09:40:52 +0100] "GET /robots.txt HTTP/1.1" 404 1256 "-" "Mozilla/5.0 (compatible; Ezooms/1.0; help@moz.com)"
208.115.111.69 - - [12/Feb/2014:11:36:05 +0100] "GET /include.php?path=contentarchive&type=3&letter=W&catid=0&themeid=0&searchtext=&entries=0&order= HTTP/1.1" 404 1256 "-" "Mozilla/5.0 (compatible; Ezooms/1.0; help@moz.com)"
78.130.115.198 - - [12/Feb/2014:11:44:21 +0100] "GET / HTTP/1.1" 302 - "http://www.google.de/url?sa=t&rct=j&q=&esrc=s&source=web&cd=1&cad=rja&ved=0CCwQFjAA&url=http%3A%2F%2Fwww.friedrich-list-berlin.de%2F&ei=U1D7Uve5KMad7Qb474H4CQ&usg=AFQjCNGsKs3TvBQ4z91zrYvo9_SfKi5nug&bvm=bv.61190604,d.Yms" "Mozilla/5.0 (Windows NT 6.2; WOW64; rv:27.0) Gecko/20100101 Firefox/27.0"
91.64.111.55 - - [12/Feb/2014:11:44:31 +0100] "GET / HTTP/1.1" 302 - "-" "Mozilla/5.0 (Windows NT 6.1; WOW64; rv:26.0) Gecko/20100101 Firefox/26.0"
78.130.115.198 - - [12/Feb/2014:12:31:31 +0100] "GET / HTTP/1.1" 302 - "http://www.google.de/url?sa=t&rct=j&q=&esrc=s&source=web&cd=1&cad=rja&ved=0CCwQFjAA&url=http%3A%2F%2Fwww.friedrich-list-berlin.de%2F&ei=dlv7Us-MGurH7AaYmICgDA&usg=AFQjCNGsKs3TvBQ4z91zrYvo9_SfKi5nug&bvm=bv.61190604,d.Yms" "Mozilla/5.0 (Windows NT 6.2; WOW64; rv:27.0) Gecko/20100101 Firefox/27.0"
66.249.81.115 - - [12/Feb/2014:12:44:14 +0100] "GET / HTTP/1.1" 302 - "-" "Mozilla/5.0 (en-us) AppleWebKit/534.14 (KHTML, like Gecko; Google Wireless Transcoder) Chrome/9.0.597 Safari/534.14"
66.249.81.115 - - [12/Feb/2014:12:44:14 +0100] "GET /css/style1.css HTTP/1.1" 404 1256 "http://www.friedrich-list-berlin.de/" "Mozilla/5.0 (en-us) AppleWebKit/534.14 (KHTML, like Gecko; Google Wireless Transcoder) Chrome/9.0.597 Safari/534.14"
66.249.81.115 - - [12/Feb/2014:12:44:14 +0100] "GET /ddlevelsfiles/ddlevelsmenu-topbar.css HTTP/1.1" 404 1256 "http://www.friedrich-list-berlin.de/" "Mozilla/5.0 (en-us) AppleWebKit/534.14 (KHTML, like Gecko; Google Wireless Transcoder) Chrome/9.0.597 Safari/534.14"
66.249.81.115 - - [12/Feb/2014:12:44:14 +0100] "GET /images/index/index_fls_int.jpg HTTP/1.1" 404 1256 "http://www.friedrich-list-berlin.de/" "Mozilla/5.0 (en-us) AppleWebKit/534.14 (KHTML, like Gecko; Google Wireless Transcoder) Chrome/9.0.597 Safari/534.14"
66.249.81.115 - - [12/Feb/2014:12:44:14 +0100] "GET /images/index/index_kontakt.jpg HTTP/1.1" 404 1256 "http://www.friedrich-list-berlin.de/" "Mozilla/5.0 (en-us) AppleWebKit/534.14 (KHTML, like Gecko; Google Wireless Transcoder) Chrome/9.0.597 Safari/534.14"
66.249.81.115 - - [12/Feb/2014:12:44:14 +0100] "GET /ddlevelsfiles/ddlevelsmenu-base.css HTTP/1.1" 404 1256 "http://www.friedrich-list-berlin.de/" "Mozilla/5.0 (en-us) AppleWebKit/534.14 (KHTML, like Gecko; Google Wireless Transcoder) Chrome/9.0.597 Safari/534.14"
66.249.81.115 - - [12/Feb/2014:12:44:14 +0100] "GET /images/index/index_unsere_schule.jpg HTTP/1.1" 404 1256 "http://www.friedrich-list-berlin.de/" "Mozilla/5.0 (en-us) AppleWebKit/534.14 (KHTML, like Gecko; Google Wireless Transcoder) Chrome/9.0.597 Safari/534.14"
66.249.81.115 - - [12/Feb/2014:12:44:14 +0100] "GET /images/logo_dunkel_150.jpg HTTP/1.1" 404 1256 "http://www.friedrich-list-berlin.de/" "Mozilla/5.0 (en-us) AppleWebKit/534.14 (KHTML, like Gecko; Google Wireless Transcoder) Chrome/9.0.597 Safari/534.14"
66.249.81.115 - - [12/Feb/2014:12:44:14 +0100] "GET /images/flaggen/Frankreich.gif HTTP/1.1" 404 1256 "http://www.friedrich-list-berlin.de/" "Mozilla/5.0 (en-us) AppleWebKit/534.14 (KHTML, like Gecko; Google Wireless Transcoder) Chrome/9.0.597 Safari/534.14"
66.249.81.115 - - [12/Feb/2014:12:44:14 +0100] "GET /css/css_.css HTTP/1.1" 404 1256 "http://www.friedrich-list-berlin.de/" "Mozilla/5.0 (en-us) AppleWebKit/534.14 (KHTML, like Gecko; Google Wireless Transcoder) Chrome/9.0.597 Safari/534.14"
66.249.81.115 - - [12/Feb/2014:12:44:14 +0100] "GET /images/flaggen/Grossbritannien.gif HTTP/1.1" 404 1256 "http://www.friedrich-list-berlin.de/" "Mozilla/5.0 (en-us) AppleWebKit/534.14 (KHTML, like Gecko; Google Wireless Transcoder) Chrome/9.0.597 Safari/534.14"
66.249.81.115 - - [12/Feb/2014:12:44:14 +0100] "GET /css/lightwindow.css HTTP/1.1" 404 1256 "http://www.friedrich-list-berlin.de/" "Mozilla/5.0 (en-us) AppleWebKit/534.14 (KHTML, like Gecko; Google Wireless Transcoder) Chrome/9.0.597 Safari/534.14"
66.249.81.115 - - [12/Feb/2014:12:44:14 +0100] "GET /images/flaggen/Spanien.gif HTTP/1.1" 404 1256 "http://www.friedrich-list-berlin.de/" "Mozilla/5.0 (en-us) AppleWebKit/534.14 (KHTML, like Gecko; Google Wireless Transcoder) Chrome/9.0.597 Safari/534.14"
66.249.81.115 - - [12/Feb/2014:12:44:14 +0100] "GET /images/flaggen/Deutschland.gif HTTP/1.1" 404 1256 "http://www.friedrich-list-berlin.de/" "Mozilla/5.0 (en-us) AppleWebKit/534.14 (KHTML, like Gecko; Google Wireless Transcoder) Chrome/9.0.597 Safari/534.14"
66.249.81.115 - - [12/Feb/2014:12:44:14 +0100] "GET /images/index/index_ausbildung.jpg HTTP/1.1" 404 1256 "http://www.friedrich-list-berlin.de/" "Mozilla/5.0 (en-us) AppleWebKit/534.14 (KHTML, like Gecko; Google Wireless Transcoder) Chrome/9.0.597 Safari/534.14"
66.249.81.115 - - [12/Feb/2014:12:44:55 +0100] "GET / HTTP/1.1" 302 - "-" "Mozilla/5.0 (en-us) AppleWebKit/534.14 (KHTML, like Gecko; Google Wireless Transcoder) Chrome/9.0.597 Safari/534.14"
66.249.81.115 - - [12/Feb/2014:12:44:55 +0100] "GET /css/lightwindow.css HTTP/1.1" 404 1256 "http://www.friedrich-list-berlin.de/" "Mozilla/5.0 (en-us) AppleWebKit/534.14 (KHTML, like Gecko; Google Wireless Transcoder) Chrome/9.0.597 Safari/534.14"
66.249.81.115 - - [12/Feb/2014:12:44:55 +0100] "GET /css/style1.css HTTP/1.1" 404 1256 "http://www.friedrich-list-berlin.de/" "Mozilla/5.0 (en-us) AppleWebKit/534.14 (KHTML, like Gecko; Google Wireless Transcoder) Chrome/9.0.597 Safari/534.14"
66.249.81.115 - - [12/Feb/2014:12:44:55 +0100] "GET /ddlevelsfiles/ddlevelsmenu-base.css HTTP/1.1" 404 1256 "http://www.friedrich-list-berlin.de/" "Mozilla/5.0 (en-us) AppleWebKit/534.14 (KHTML, like Gecko; Google Wireless Transcoder) Chrome/9.0.597 Safari/534.14"
66.249.81.115 - - [12/Feb/2014:12:44:55 +0100] "GET /css/css_.css HTTP/1.1" 404 1256 "http://www.friedrich-list-berlin.de/" "Mozilla/5.0 (en-us) AppleWebKit/534.14 (KHTML, like Gecko; Google Wireless Transcoder) Chrome/9.0.597 Safari/534.14"
66.249.81.115 - - [12/Feb/2014:12:44:55 +0100] "GET /ddlevelsfiles/ddlevelsmenu-topbar.css HTTP/1.1" 404 1256 "http://www.friedrich-list-berlin.de/" "Mozilla/5.0 (en-us) AppleWebKit/534.14 (KHTML, like Gecko; Google Wireless Transcoder) Chrome/9.0.597 Safari/534.14"
66.249.81.115 - - [12/Feb/2014:12:44:55 +0100] "GET /images/index/index_unsere_schule.jpg HTTP/1.1" 404 1256 "http://www.friedrich-list-berlin.de/" "Mozilla/5.0 (en-us) AppleWebKit/534.14 (KHTML, like Gecko; Google Wireless Transcoder) Chrome/9.0.597 Safari/534.14"
66.249.81.115 - - [12/Feb/2014:12:44:55 +0100] "GET /images/flaggen/Grossbritannien.gif HTTP/1.1" 404 1256 "http://www.friedrich-list-berlin.de/" "Mozilla/5.0 (en-us) AppleWebKit/534.14 (KHTML, like Gecko; Google Wireless Transcoder) Chrome/9.0.597 Safari/534.14"
66.249.81.115 - - [12/Feb/2014:12:44:55 +0100] "GET /images/flaggen/Deutschland.gif HTTP/1.1" 404 1256 "http://www.friedrich-list-berlin.de/" "Mozilla/5.0 (en-us) AppleWebKit/534.14 (KHTML, like Gecko; Google Wireless Transcoder) Chrome/9.0.597 Safari/534.14"
66.249.81.115 - - [12/Feb/2014:12:44:55 +0100] "GET /images/flaggen/Spanien.gif HTTP/1.1" 404 1256 "http://www.friedrich-list-berlin.de/" "Mozilla/5.0 (en-us) AppleWebKit/534.14 (KHTML, like Gecko; Google Wireless Transcoder) Chrome/9.0.597 Safari/534.14"
66.249.81.115 - - [12/Feb/2014:12:44:55 +0100] "GET /images/flaggen/Frankreich.gif HTTP/1.1" 404 1256 "http://www.friedrich-list-berlin.de/" "Mozilla/5.0 (en-us) AppleWebKit/534.14 (KHTML, like Gecko; Google Wireless Transcoder) Chrome/9.0.597 Safari/534.14"
66.249.81.115 - - [12/Feb/2014:12:44:55 +0100] "GET /images/index/index_fls_int.jpg HTTP/1.1" 404 1256 "http://www.friedrich-list-berlin.de/" "Mozilla/5.0 (en-us) AppleWebKit/534.14 (KHTML, like Gecko; Google Wireless Transcoder) Chrome/9.0.597 Safari/534.14"
66.249.81.115 - - [12/Feb/2014:12:44:56 +0100] "GET /images/index/index_kontakt.jpg HTTP/1.1" 404 1256 "http://www.friedrich-list-berlin.de/" "Mozilla/5.0 (en-us) AppleWebKit/534.14 (KHTML, like Gecko; Google Wireless Transcoder) Chrome/9.0.597 Safari/534.14"
66.249.81.115 - - [12/Feb/2014:12:44:56 +0100] "GET /images/index/index_ausbildung.jpg HTTP/1.1" 404 1256 "http://www.friedrich-list-berlin.de/" "Mozilla/5.0 (en-us) AppleWebKit/534.14 (KHTML, like Gecko; Google Wireless Transcoder) Chrome/9.0.597 Safari/534.14"
66.249.81.115 - - [12/Feb/2014:12:44:57 +0100] "GET /images/logo_dunkel_150.jpg HTTP/1.1" 404 1256 "http://www.friedrich-list-berlin.de/" "Mozilla/5.0 (en-us) AppleWebKit/534.14 (KHTML, like Gecko; Google Wireless Transcoder) Chrome/9.0.597 Safari/534.14"
95.91.243.180 - - [12/Feb/2014:12:51:16 +0100] "GET / HTTP/1.1" 302 - "https://www.google.com.tr/" "Mozilla/5.0 (Windows NT 6.1) AppleWebKit/537.36 (KHTML, like Gecko) Chrome/32.0.1700.107 Safari/537.36"
182.118.22.212 - - [12/Feb/2014:13:10:46 +0100] "GET /robots.txt HTTP/1.1" 404 1256 "http://www.friedrich-list-berlin.de/robots.txt" "Mozilla/5.0 (Windows; U; Windows NT 5.1; zh-CN; ) Firefox/1.5.0.11; 360Spider"
208.115.111.69 - - [12/Feb/2014:13:38:07 +0100] "GET /robots.txt HTTP/1.1" 404 1256 "-" "Mozilla/5.0 (compatible; Ezooms/1.0; help@moz.com)"
84.190.23.225 - - [12/Feb/2014:14:51:32 +0100] "GET / HTTP/1.1" 302 - "http://www.google.de/url?sa=t&rct=j&q=&esrc=s&source=web&cd=4&ved=0CEgQoAIwAw&url=http%3A%2F%2Fwww.friedrich-list-berlin.de%2F&ei=L3z7Us3wO4KztAa804DYAQ&usg=AFQjCNGsKs3TvBQ4z91zrYvo9_SfKi5nug&bvm=bv.61190604,d.Yms" "Mozilla/5.0 (Macintosh; Intel Mac OS X 10_9) AppleWebKit/537.71 (KHTML, like Gecko) Version/7.0 Safari/537.71"
193.175.207.232 - - [12/Feb/2014:15:23:13 +0100] "GET / HTTP/1.1" 302 - "http://www.google.de/url?sa=t&rct=j&q=&esrc=s&frm=1&source=web&cd=1&ved=0CCwQFjAA&url=http%3A%2F%2Fwww.friedrich-list-berlin.de%2F&ei=tIP7Uo2DEMictAb2-YHICQ&usg=AFQjCNGsKs3TvBQ4z91zrYvo9_SfKi5nug&bvm=bv.61190604,d.Yms" "Mozilla/5.0 (compatible; MSIE 10.0; Windows NT 6.1; WOW64; Trident/6.0)"
208.115.111.69 - - [12/Feb/2014:15:36:22 +0100] "GET /include.php?path=comment&comcat=cont&subid=34 HTTP/1.1" 404 1256 "-" "Mozilla/5.0 (compatible; Ezooms/1.0; help@moz.com)"
208.115.113.85 - - [12/Feb/2014:15:42:19 +0100] "GET /robots.txt HTTP/1.1" 404 1256 "-" "Mozilla/5.0 (compatible; Ezooms/1.0; help@moz.com)"
162.243.87.94 - - [12/Feb/2014:16:11:34 +0100] "GET /robots.txt HTTP/1.1" 404 1256 "-" "Mozilla/5.0 (compatible; spbot/4.0.7; +http://OpenLinkProfiler.org/bot )"
162.243.87.94 - - [12/Feb/2014:16:11:40 +0100] "GET / HTTP/1.1" 302 - "-" "Mozilla/5.0 (compatible; spbot/4.0.7; +http://OpenLinkProfiler.org/bot )"
208.115.113.85 - - [12/Feb/2014:17:41:27 +0100] "GET /include.php?path=contentarchive&type=2&letter=W&catid=0&themeid=0&searchtext=&entries=0&order= HTTP/1.1" 404 1256 "-" "Mozilla/5.0 (compatible; Ezooms/1.0; help@moz.com)"
66.249.78.115 - - [12/Feb/2014:17:52:00 +0100] "GET /robots.txt HTTP/1.1" 404 1256 "-" "Mozilla/5.0 (compatible; Googlebot/2.1; +http://www.google.com/bot.html)"
66.249.75.9 - - [12/Feb/2014:17:52:01 +0100] "GET / HTTP/1.1" 302 - "-" "Mozilla/5.0 (compatible; Googlebot/2.1; +http://www.google.com/bot.html)"
208.115.113.85 - - [12/Feb/2014:19:39:24 +0100] "GET /robots.txt HTTP/1.1" 404 1256 "-" "Mozilla/5.0 (compatible; Ezooms/1.0; help@moz.com)"
92.206.2.225 - - [12/Feb/2014:19:42:17 +0100] "GET / HTTP/1.1" 302 - "http://www.google.de/url?sa=t&rct=j&q=&esrc=s&source=web&cd=1&ved=0CCwQFjAA&url=http%3A%2F%2Fwww.friedrich-list-berlin.de%2F&ei=acD7Uo7CMsPQygPTrYGoDQ&usg=AFQjCNGsKs3TvBQ4z91zrYvo9_SfKi5nug&bvm=bv.61190604,d.bGQ" "Mozilla/5.0 (Windows NT 6.1; WOW64; rv:26.0) Gecko/20100101 Firefox/26.0"
178.255.215.68 - - [12/Feb/2014:19:51:51 +0100] "GET /robots.txt HTTP/1.1" 404 1256 "-" "Mozilla/5.0 (compatible; Exabot/3.0; +http://www.exabot.com/go/robot)"
178.255.215.68 - - [12/Feb/2014:19:51:51 +0100] "GET / HTTP/1.1" 302 - "-" "Mozilla/5.0 (compatible; Exabot/3.0; +http://www.exabot.com/go/robot)"
208.115.113.85 - - [12/Feb/2014:21:38:07 +0100] "GET /include.php?path=contentarchive&type=2&letter=J&catid=0&themeid=0&searchtext=&entries=0&order= HTTP/1.1" 404 1256 "-" "Mozilla/5.0 (compatible; Ezooms/1.0; help@moz.com)"
208.115.111.69 - - [12/Feb/2014:21:56:27 +0100] "GET /robots.txt HTTP/1.1" 404 1256 "-" "Mozilla/5.0 (compatible; Ezooms/1.0; help@moz.com)"
208.43.255.30 - - [12/Feb/2014:23:31:50 +0100] "GET /robots.txt HTTP/1.1" 404 1256 "-" "Mozilla/5.0 (compatible; MSIE 9.0; Windows NT 6.1; WOW64; Trident/5.0; chromeframe/19.0.1084.52)"
208.43.255.30 - - [12/Feb/2014:23:31:55 +0100] "GET / HTTP/1.1" 302 - "-" "Mozilla/5.0 (compatible; MSIE 9.0; Windows NT 6.1; WOW64; Trident/5.0; chromeframe/19.0.1084.52)"
208.115.111.69 - - [12/Feb/2014:23:59:32 +0100] "GET /include.php?path=contentarchive&type=2&letter=A&catid=0&themeid=0&searchtext=&entries=0&order= HTTP/1.1" 404 1256 "-" "Mozilla/5.0 (compatible; Ezooms/1.0; help@moz.com)"
91.23.29.55 - - [13/Feb/2014:01:14:10 +0100] "GET / HTTP/1.1" 302 - "-" "Mozilla/5.0 (Windows NT 6.1; WOW64; rv:24.0) Gecko/20100101 Firefox/24.0"
208.115.113.93 - - [13/Feb/2014:01:29:21 +0100] "GET /robots.txt HTTP/1.1" 404 1256 "-" "Mozilla/5.0 (compatible; Ezooms/1.0; help@moz.com)"
208.115.111.69 - - [13/Feb/2014:01:48:39 +0100] "GET /robots.txt HTTP/1.1" 404 1256 "-" "Mozilla/5.0 (compatible; Ezooms/1.0; help@moz.com)"
208.115.113.85 - - [13/Feb/2014:03:39:04 +0100] "GET /robots.txt HTTP/1.1" 404 1256 "-" "Mozilla/5.0 (compatible; Ezooms/1.0; help@moz.com)"
208.115.111.69 - - [13/Feb/2014:03:54:28 +0100] "GET /?path=contentarchive&type=2&letter=H&catid=0&themeid=0&searchtext=&entries=0&order= HTTP/1.1" 302 - "-" "Mozilla/5.0 (compatible; Ezooms/1.0; help@moz.com)"
208.115.111.69 - - [13/Feb/2014:03:54:30 +0100] "GET /include.php?path=contentarchive&type=2&letter=M&catid=0&themeid=0&searchtext=&entries=0&order=title HTTP/1.1" 404 1256 "-" "Mozilla/5.0 (compatible; Ezooms/1.0; help@moz.com)"
208.115.113.85 - - [13/Feb/2014:05:50:10 +0100] "GET /?path=contentarchive&type=2&letter=alle&catid=0&themeid=0&searchtext=&entries=0&order= HTTP/1.1" 302 - "-" "Mozilla/5.0 (compatible; Ezooms/1.0; help@moz.com)"
208.115.113.85 - - [13/Feb/2014:05:50:13 +0100] "GET /include.php?path=contentarchive&type=2&letter=Y&catid=0&themeid=0&searchtext=&entries=0&order= HTTP/1.1" 404 1256 "-" "Mozilla/5.0 (compatible; Ezooms/1.0; help@moz.com)"
208.115.113.85 - - [13/Feb/2014:05:50:16 +0100] "GET /include.php?path=contentarchive&type=3&letter=alle&catid=0&themeid=0&searchtext=&entries=0&order= HTTP/1.1" 404 1256 "-" "Mozilla/5.0 (compatible; Ezooms/1.0; help@moz.com)"
208.115.111.69 - - [13/Feb/2014:05:57:37 +0100] "GET /robots.txt HTTP/1.1" 404 1256 "-" "Mozilla/5.0 (compatible; Ezooms/1.0; help@moz.com)"
141.8.147.12 - - [13/Feb/2014:06:20:30 +0100] "GET /robots.txt HTTP/1.1" 404 1256 "-" "Mozilla/5.0 (compatible; YandexBot/3.0; +http://yandex.com/bots)"
141.8.147.12 - - [13/Feb/2014:06:20:32 +0100] "GET / HTTP/1.1" 302 - "-" "Mozilla/5.0 (compatible; YandexBot/3.0; +http://yandex.com/bots)"
176.9.48.201 - - [13/Feb/2014:07:58:25 +0100] "GET /robots.txt HTTP/1.1" 404 1256 "-" "Mozilla/5.0 (X11; Ubuntu; Linux x86_64; rv:15.0) Gecko/20100101 Firefox/15.0.1"
176.9.48.201 - - [13/Feb/2014:07:58:25 +0100] "GET / HTTP/1.1" 302 - "-" "Mozilla/5.0 (X11; Ubuntu; Linux x86_64; rv:15.0) Gecko/20100101 Firefox/15.0.1"
208.115.111.69 - - [13/Feb/2014:08:01:41 +0100] "GET /?path=contentarchive&type=2&letter=T&catid=0&themeid=0&searchtext=&entries=0&order= HTTP/1.1" 302 - "-" "Mozilla/5.0 (compatible; Ezooms/1.0; help@moz.com)"
180.76.5.175 - - [13/Feb/2014:08:29:46 +0100] "GET /robots.txt HTTP/1.1" 404 1256 "-" "Mozilla/5.0 (Windows NT 5.1; rv:6.0.2) Gecko/20100101 Firefox/6.0.2"
93.220.64.95 - - [13/Feb/2014:09:24:57 +0100] "GET / HTTP/1.1" 302 - "-" "Mozilla/5.0 (iPod; CPU iPhone OS 6_1_5 like Mac OS X) AppleWebKit/536.26 (KHTML, like Gecko) Mobile/10B400"
208.115.111.69 - - [13/Feb/2014:09:57:12 +0100] "GET /robots.txt HTTP/1.1" 404 1256 "-" "Mozilla/5.0 (compatible; Ezooms/1.0; help@moz.com)"
46.115.36.49 - - [13/Feb/2014:11:42:44 +0100] "GET / HTTP/1.1" 302 - "http://www.google.de/search?client=ms-android-samsung&source=android-home&sky=mrdr&site=webhp&source=hp&ei=PKH8UqeQI4KF4ASYyYHACw&q=osz+friedrich+list&oq=osz+friedr&gs_l=mobile-gws-hp.1.0.0l2j0i22i30l3.3433.6959.0.8534.12.12.0.5.5.0.888.6505.0j1j1j1j4j1j4.12.0....0...1c.1.35.mobile-gws-hp..0.12.4459.ipgvytAGckg" "Mozilla/5.0 (Linux; U; Android 2.3.3; de-de; GT-I9001 Build/GINGERBREAD) AppleWebKit/533.1 (KHTML, like Gecko) Version/4.0 Mobile Safari/533.1"
208.115.113.85 - - [13/Feb/2014:11:43:23 +0100] "GET /robots.txt HTTP/1.1" 404 1256 "-" "Mozilla/5.0 (compatible; Ezooms/1.0; help@moz.com)"
141.15.33.1 - - [13/Feb/2014:12:55:38 +0100] "GET / HTTP/1.1" 302 - "http://maps.google.de/local_url?dq=&q=http://www.friedrich-list-berlin.de/&oi=miw&sa=X&ct=miw_link&cd=1&cad=homepage,cid:15796106503487596536&ei=jrL8UpnTE8ediQbdp4FY&s=ANYYN7nOJkF5Pz312GQV3otS2O2ffMfKsw" "Mozilla/5.0 (Windows NT 5.1; rv:12.0) Gecko/20100101 Firefox/12.0"
141.83.125.133 - - [13/Feb/2014:13:28:44 +0100] "GET / HTTP/1.1" 302 - "http://maps.google.de/local_url?dq=Friedrich+List+Gymnasium+in+Berlin+Pankow&q=http://www.friedrich-list-berlin.de/&ved=0CB0Q5AQ&sa=X&ei=QLr8Uo-oEMSTywPivYKwDg&s=ANYYN7naKBIy9Rdx9lQwpclwtWZHov1N7w" "Opera/9.80 (Windows NT 6.1; WOW64) Presto/2.12.388 Version/12.16"
208.115.111.69 - - [13/Feb/2014:13:49:21 +0100] "GET /robots.txt HTTP/1.1" 404 1256 "-" "Mozilla/5.0 (compatible; Ezooms/1.0; help@moz.com)"
208.115.113.85 - - [13/Feb/2014:13:54:14 +0100] "GET /include.php?path=contentarchive&type=2&letter=I&catid=0&themeid=0&searchtext=&entries=0&order=title HTTP/1.1" 404 1256 "-" "Mozilla/5.0 (compatible; Ezooms/1.0; help@moz.com)"
208.115.113.85 - - [13/Feb/2014:13:54:22 +0100] "GET /include.php?path=contentarchive&type=2&nid=30 HTTP/1.1" 404 1256 "-" "Mozilla/5.0 (compatible; Ezooms/1.0; help@moz.com)"
92.78.246.44 - - [13/Feb/2014:14:37:06 +0100] "OPTIONS / HTTP/1.1" 302 - "-" "Microsoft Office Protocol Discovery"
92.78.246.44 - - [13/Feb/2014:14:37:08 +0100] "GET / HTTP/1.1" 302 - "-" "Mozilla/4.0 (compatible; MSIE 7.0; Windows NT 6.0; Trident/5.0; SLCC1; .NET CLR 2.0.50727; Media Center PC 5.0; .NET CLR 3.5.30729; .NET4.0C; .NET4.0E; InfoPath.3; .NET CLR 3.0.30729; ms-office)"
208.115.113.85 - - [13/Feb/2014:15:43:46 +0100] "GET /robots.txt HTTP/1.1" 404 1256 "-" "Mozilla/5.0 (compatible; Ezooms/1.0; help@moz.com)"
208.115.111.69 - - [13/Feb/2014:15:57:01 +0100] "GET /?path=content&contentid=81&nid=2 HTTP/1.1" 302 - "-" "Mozilla/5.0 (compatible; Ezooms/1.0; help@moz.com)"
80.187.100.38 - - [13/Feb/2014:16:01:06 +0100] "GET / HTTP/1.1" 302 - "http://web2.cylex.de/reviews/viewcompanywebsite.aspx?firmaName=osz-wirtschaftssprachen-friedrich--list--schule-kompetenzzentrum-fuer-internationale-beziehungen&companyId=6274919" "Mozilla/5.0 (Linux; U; Android 4.2.2; de-de; GT-N5100 Build/JDQ39) AppleWebKit/534.30 (KHTML, like Gecko) Version/4.0 Safari/534.30"
92.226.180.243 - - [13/Feb/2014:16:03:36 +0100] "GET / HTTP/1.1" 302 - "-" "Mozilla/5.0 (iPhone; CPU iPhone OS 7_0_4 like Mac OS X) AppleWebKit/537.51.1 (KHTML, like Gecko) CriOS/32.0.1700.21 Mobile/11B554a Safari/9537.53"
93.220.230.185 - - [13/Feb/2014:16:53:42 +0100] "GET / HTTP/1.1" 302 - "-" "Mozilla/4.0 (compatible; MSIE 8.0; Windows NT 6.0; .NET CLR 1.1.4322; .NET CLR 2.0.50110; InfoPath.1)"
70.199.7.168 - - [13/Feb/2014:17:00:09 +0100] "GET / HTTP/1.1" 302 - "http://www.google.com/search?q=friedrich+list+schule+berlin+sch%C3%B6neberg&lr=lang_en&sa=X&ei=d-v8UueMB4f90wHXuoH4DA&ved=0CCIQuAE&biw=533&bih=295" "Mozilla/5.0 (Linux; U; Android 4.1.2; en-us; ADR910L 4G Build/JZO54K) AppleWebKit/534.30 (KHTML, like Gecko) Version/4.0 Mobile Safari/534.30"
208.115.113.85 - - [13/Feb/2014:17:43:22 +0100] "GET /?path=start HTTP/1.1" 302 - "-" "Mozilla/5.0 (compatible; Ezooms/1.0; help@moz.com)"
208.115.113.85 - - [13/Feb/2014:17:43:27 +0100] "GET /include.php?path=content&contentid=35 HTTP/1.1" 404 1256 "-" "Mozilla/5.0 (compatible; Ezooms/1.0; help@moz.com)"
208.115.111.69 - - [13/Feb/2014:18:00:06 +0100] "GET /robots.txt HTTP/1.1" 404 1256 "-" "Mozilla/5.0 (compatible; Ezooms/1.0; help@moz.com)"
208.115.111.69 - - [13/Feb/2014:18:35:32 +0100] "GET / HTTP/1.1" 302 - "-" "Mozilla/5.0 (compatible; Ezooms/1.0; help@moz.com)"
77.185.33.179 - - [13/Feb/2014:19:04:15 +0100] "GET / HTTP/1.1" 302 - "http://vlw-berlin.de/web/schulen.html" "Mozilla/5.0 (Windows NT 6.2; WOW64; rv:26.0) Gecko/20100101 Firefox/26.0"
77.185.33.179 - - [13/Feb/2014:19:04:15 +0100] "GET / HTTP/1.1" 302 - "http://vlw-berlin.de/web/schulen.html" "Mozilla/5.0 (Windows NT 6.2; WOW64; rv:26.0) Gecko/20100101 Firefox/26.0"
208.115.113.85 - - [13/Feb/2014:19:41:11 +0100] "GET /robots.txt HTTP/1.1" 404 1256 "-" "Mozilla/5.0 (compatible; Ezooms/1.0; help@moz.com)"
77.188.63.233 - - [13/Feb/2014:21:27:54 +0100] "GET / HTTP/1.1" 302 - "http://maps.google.de/local_url?dq=osz&q=http://www.friedrich-list-berlin.de/&oi=miw&sa=X&ct=miw_link&cd=1&cad=homepage,cid:15796106503487596536&ei=hir9Utj-L-Ociwb8jYDIBQ&s=ANYYN7m38hKrmDiz1x-LgF273xa-1gd-Gg" "Mozilla/5.0 (Windows NT 6.3; WOW64) AppleWebKit/537.36 (KHTML, like Gecko) Chrome/32.0.1700.107 Safari/537.36"
208.115.113.85 - - [13/Feb/2014:21:39:49 +0100] "GET /?path=contentarchive&type=2&letter=J&catid=0&themeid=0&searchtext=&entries=0&order= HTTP/1.1" 302 - "-" "Mozilla/5.0 (compatible; Ezooms/1.0; help@moz.com)"
79.221.79.126 - - [13/Feb/2014:22:28:51 +0100] "GET / HTTP/1.1" 302 - "-" "Mozilla/5.0 (Windows NT 6.1; WOW64; rv:26.0) Gecko/20100101 Firefox/26.0"
208.115.113.85 - - [13/Feb/2014:23:36:55 +0100] "GET /robots.txt HTTP/1.1" 404 1256 "-" "Mozilla/5.0 (compatible; Ezooms/1.0; help@moz.com)"
5.10.83.15 - - [14/Feb/2014:00:07:54 +0100] "GET / HTTP/1.1" 302 - "-" "Mozilla/5.0 (compatible; AhrefsBot/5.0; +http://ahrefs.com/robot/)"
208.115.111.69 - - [14/Feb/2014:02:22:07 +0100] "GET /robots.txt HTTP/1.1" 404 1256 "-" "Mozilla/5.0 (compatible; Ezooms/1.0; help@moz.com)"
193.175.194.33 - - [14/Feb/2014:02:22:54 +0100] "GET / HTTP/1.1" 302 - "-" "Bildungsserver-Linkchecker DBS 0.9 (http://www.bildungsserver.de)"
87.230.17.72 - - [14/Feb/2014:02:46:28 +0100] "GET / HTTP/1.1" 302 - "-" "ImplisenseBot 1.0"
5.9.112.66 - - [14/Feb/2014:04:16:14 +0100] "GET /robots.txt HTTP/1.1" 404 1256 "-" "Mozilla/5.0 (compatible; SISTRIX Crawler; http://crawler.sistrix.net/)"
5.9.112.66 - - [14/Feb/2014:04:16:14 +0100] "GET / HTTP/1.1" 302 - "-" "Mozilla/5.0 (compatible; SISTRIX Crawler; http://crawler.sistrix.net/)"
141.8.147.12 - - [14/Feb/2014:05:10:41 +0100] "GET /robots.txt HTTP/1.1" 404 1256 "-" "Mozilla/5.0 (compatible; YandexBot/3.0; +http://yandex.com/bots)"
141.8.147.12 - - [14/Feb/2014:05:10:41 +0100] "GET /robots.txt HTTP/1.1" 404 1256 "-" "Mozilla/5.0 (compatible; YandexBot/3.0; +http://yandex.com/bots)"
141.8.147.12 - - [14/Feb/2014:05:10:43 +0100] "GET /index_fr.php HTTP/1.1" 404 1256 "-" "Mozilla/5.0 (compatible; YandexBot/3.0; +http://yandex.com/bots)"
141.8.147.12 - - [14/Feb/2014:05:10:43 +0100] "GET /fls_2_fremdsprachensekr.php HTTP/1.1" 404 1256 "-" "Mozilla/5.0 (compatible; YandexBot/3.0; +http://yandex.com/bots)"
141.8.147.12 - - [14/Feb/2014:05:10:46 +0100] "GET /fls_1_aktuelles.php?artid=39 HTTP/1.1" 404 1256 "-" "Mozilla/5.0 (compatible; YandexBot/3.0; +http://yandex.com/bots)"
141.8.147.12 - - [14/Feb/2014:05:10:46 +0100] "GET /fls_4_kontakt_anmeldung.php HTTP/1.1" 404 1256 "-" "Mozilla/5.0 (compatible; YandexBot/3.0; +http://yandex.com/bots)"
141.8.147.12 - - [14/Feb/2014:05:10:48 +0100] "GET /fls_4_kontakt_anmeldung.php HTTP/1.1" 404 1256 "-" "Mozilla/5.0 (compatible; YandexBot/3.0; +http://yandex.com/bots)"
141.8.147.12 - - [14/Feb/2014:05:10:48 +0100] "GET /fls_1_aktuelles.php?artid=39 HTTP/1.1" 404 1256 "-" "Mozilla/5.0 (compatible; YandexBot/3.0; +http://yandex.com/bots)"
141.8.147.12 - - [14/Feb/2014:05:10:50 +0100] "GET /fls_2_fremdsprachensekr.php HTTP/1.1" 404 1256 "-" "Mozilla/5.0 (compatible; YandexBot/3.0; +http://yandex.com/bots)"
141.8.147.12 - - [14/Feb/2014:05:10:50 +0100] "GET /fls_1_aktuelles.php HTTP/1.1" 404 1256 "-" "Mozilla/5.0 (compatible; YandexBot/3.0; +http://yandex.com/bots)"
141.8.147.12 - - [14/Feb/2014:05:10:52 +0100] "GET /fls_1_aktuelles.php HTTP/1.1" 404 1256 "-" "Mozilla/5.0 (compatible; YandexBot/3.0; +http://yandex.com/bots)"
141.8.147.12 - - [14/Feb/2014:05:10:52 +0100] "GET /index_en.php HTTP/1.1" 404 1256 "-" "Mozilla/5.0 (compatible; YandexBot/3.0; +http://yandex.com/bots)"
141.8.147.12 - - [14/Feb/2014:05:10:54 +0100] "GET /fls_2_kurs_ecbm_london.php HTTP/1.1" 404 1256 "-" "Mozilla/5.0 (compatible; YandexBot/3.0; +http://yandex.com/bots)"
141.8.147.12 - - [14/Feb/2014:05:10:55 +0100] "GET /fls_2_europakorr.php HTTP/1.1" 404 1256 "-" "Mozilla/5.0 (compatible; YandexBot/3.0; +http://yandex.com/bots)"
141.8.147.12 - - [14/Feb/2014:05:10:56 +0100] "GET /fls_2_berufsfachschule.php HTTP/1.1" 404 1256 "-" "Mozilla/5.0 (compatible; YandexBot/3.0; +http://yandex.com/bots)"
141.8.147.12 - - [14/Feb/2014:05:10:57 +0100] "GET /fls_2_kurs_ecbm_london.php HTTP/1.1" 404 1256 "-" "Mozilla/5.0 (compatible; YandexBot/3.0; +http://yandex.com/bots)"
141.8.147.12 - - [14/Feb/2014:05:10:58 +0100] "GET /fls_4_impressum.php HTTP/1.1" 404 1256 "-" "Mozilla/5.0 (compatible; YandexBot/3.0; +http://yandex.com/bots)"
141.8.147.12 - - [14/Feb/2014:05:10:59 +0100] "GET /index_fr.php HTTP/1.1" 404 1256 "-" "Mozilla/5.0 (compatible; YandexBot/3.0; +http://yandex.com/bots)"
141.8.147.12 - - [14/Feb/2014:05:11:00 +0100] "GET /fls_2_europakorr.php HTTP/1.1" 404 1256 "-" "Mozilla/5.0 (compatible; YandexBot/3.0; +http://yandex.com/bots)"
141.8.147.12 - - [14/Feb/2014:05:11:01 +0100] "GET /fls_3_fls_international.php HTTP/1.1" 404 1256 "-" "Mozilla/5.0 (compatible; YandexBot/3.0; +http://yandex.com/bots)"
141.8.147.12 - - [14/Feb/2014:05:11:02 +0100] "GET /fls_2_fremdsprachenkorr.php HTTP/1.1" 404 1256 "-" "Mozilla/5.0 (compatible; YandexBot/3.0; +http://yandex.com/bots)"
141.8.147.12 - - [14/Feb/2014:05:11:03 +0100] "GET /fls_2_fremdsprachenkorr.php HTTP/1.1" 404 1256 "-" "Mozilla/5.0 (compatible; YandexBot/3.0; +http://yandex.com/bots)"
141.8.147.12 - - [14/Feb/2014:05:11:04 +0100] "GET /index_en.php HTTP/1.1" 404 1256 "-" "Mozilla/5.0 (compatible; YandexBot/3.0; +http://yandex.com/bots)"
141.8.147.12 - - [14/Feb/2014:05:11:05 +0100] "GET /fls_4_impressum.php HTTP/1.1" 404 1256 "-" "Mozilla/5.0 (compatible; YandexBot/3.0; +http://yandex.com/bots)"
141.8.147.12 - - [14/Feb/2014:05:11:06 +0100] "GET /fls_3_fls_international.php HTTP/1.1" 404 1256 "-" "Mozilla/5.0 (compatible; YandexBot/3.0; +http://yandex.com/bots)"
141.8.147.12 - - [14/Feb/2014:05:11:07 +0100] "GET /fls_2_berufsfachschule.php HTTP/1.1" 404 1256 "-" "Mozilla/5.0 (compatible; YandexBot/3.0; +http://yandex.com/bots)"
182.68.212.112 - - [14/Feb/2014:05:53:09 +0100] "GET / HTTP/1.1" 302 - "-" "-"
145.129.96.75 - - [14/Feb/2014:06:09:31 +0100] "GET / HTTP/1.1" 302 - "-" "Java/1.4.1_04"
145.129.96.75 - - [14/Feb/2014:06:09:32 +0100] "GET /fls_1_aktuelles.php HTTP/1.1" 404 1256 "-" "Java/1.4.1_04"
145.129.96.75 - - [14/Feb/2014:06:09:32 +0100] "GET /fls_2_fremdsprachensekr.php HTTP/1.1" 404 1256 "-" "Java/1.4.1_04"
145.129.96.75 - - [14/Feb/2014:06:09:33 +0100] "GET /fls_3_fls_international.php HTTP/1.1" 404 1256 "-" "Java/1.4.1_04"
145.129.96.75 - - [14/Feb/2014:06:09:33 +0100] "GET /fls_4_faq.php HTTP/1.1" 404 1256 "-" "Java/1.4.1_04"
145.129.96.75 - - [14/Feb/2014:06:09:33 +0100] "GET /fls_4_impressum.php HTTP/1.1" 404 1256 "-" "Java/1.4.1_04"
145.129.96.75 - - [14/Feb/2014:06:09:33 +0100] "GET /fls_4_kontakt_anmeldung.php HTTP/1.1" 404 1256 "-" "Java/1.4.1_04"
145.129.96.75 - - [14/Feb/2014:06:09:33 +0100] "GET /index.php HTTP/1.1" 302 - "-" "Java/1.4.1_04"
145.129.96.75 - - [14/Feb/2014:06:09:34 +0100] "GET /index_en.php HTTP/1.1" 404 1256 "-" "Java/1.4.1_04"
145.129.96.75 - - [14/Feb/2014:06:09:34 +0100] "GET /index_fr.php HTTP/1.1" 404 1256 "-" "Java/1.4.1_04"
145.129.96.75 - - [14/Feb/2014:06:09:34 +0100] "GET /index_sp.php HTTP/1.1" 404 1256 "-" "Java/1.4.1_04"
145.129.96.75 - - [14/Feb/2014:06:09:35 +0100] "GET /& HTTP/1.1" 404 1256 "-" "Java/1.4.1_04"
145.129.96.75 - - [14/Feb/2014:06:09:35 +0100] "GET /& HTTP/1.1" 404 1256 "-" "Java/1.4.1_04"
145.129.96.75 - - [14/Feb/2014:06:09:35 +0100] "GET /& HTTP/1.1" 404 1256 "-" "Java/1.4.1_04"
145.129.96.75 - - [14/Feb/2014:06:09:35 +0100] "GET /& HTTP/1.1" 404 1256 "-" "Java/1.4.1_04"
145.129.96.75 - - [14/Feb/2014:06:09:35 +0100] "GET /& HTTP/1.1" 404 1256 "-" "Java/1.4.1_04"
145.129.96.75 - - [14/Feb/2014:06:09:36 +0100] "GET /& HTTP/1.1" 404 1256 "-" "Java/1.4.1_04"
145.129.96.75 - - [14/Feb/2014:06:09:36 +0100] "GET /& HTTP/1.1" 404 1256 "-" "Java/1.4.1_04"
145.129.96.75 - - [14/Feb/2014:06:09:36 +0100] "GET /& HTTP/1.1" 404 1256 "-" "Java/1.4.1_04"
145.129.96.75 - - [14/Feb/2014:06:09:36 +0100] "GET /& HTTP/1.1" 404 1256 "-" "Java/1.4.1_04"
145.129.96.75 - - [14/Feb/2014:06:09:36 +0100] "GET /& HTTP/1.1" 404 1256 "-" "Java/1.4.1_04"
145.129.96.75 - - [14/Feb/2014:06:09:36 +0100] "GET /& HTTP/1.1" 404 1256 "-" "Java/1.4.1_04"
145.129.96.75 - - [14/Feb/2014:06:09:36 +0100] "GET /& HTTP/1.1" 404 1256 "-" "Java/1.4.1_04"
145.129.96.75 - - [14/Feb/2014:06:09:36 +0100] "GET /& HTTP/1.1" 404 1256 "-" "Java/1.4.1_04"
145.129.96.75 - - [14/Feb/2014:06:09:37 +0100] "GET /& HTTP/1.1" 404 1256 "-" "Java/1.4.1_04"
145.129.96.75 - - [14/Feb/2014:06:09:37 +0100] "GET /& HTTP/1.1" 404 1256 "-" "Java/1.4.1_04"
145.129.96.75 - - [14/Feb/2014:06:09:37 +0100] "GET /& HTTP/1.1" 404 1256 "-" "Java/1.4.1_04"
145.129.96.75 - - [14/Feb/2014:06:09:37 +0100] "GET /& HTTP/1.1" 404 1256 "-" "Java/1.4.1_04"
145.129.96.75 - - [14/Feb/2014:06:09:37 +0100] "GET /& HTTP/1.1" 404 1256 "-" "Java/1.4.1_04"
145.129.96.75 - - [14/Feb/2014:06:09:37 +0100] "GET /& HTTP/1.1" 404 1256 "-" "Java/1.4.1_04"
145.129.96.75 - - [14/Feb/2014:06:09:38 +0100] "GET /& HTTP/1.1" 404 1256 "-" "Java/1.4.1_04"
208.115.111.69 - - [14/Feb/2014:07:33:25 +0100] "GET /?path=content&contentid=35 HTTP/1.1" 302 - "-" "Mozilla/5.0 (compatible; Ezooms/1.0; help@moz.com)"
208.115.111.69 - - [14/Feb/2014:07:33:27 +0100] "GET /include.php?path=contentarchive&type=2&letter=G&catid=0&themeid=0&searchtext=&entries=0&order= HTTP/1.1" 404 1256 "-" "Mozilla/5.0 (compatible; Ezooms/1.0; help@moz.com)"
208.115.111.69 - - [14/Feb/2014:07:33:35 +0100] "GET /include.php?path=contentarchive&type=2&letter=X&catid=0&themeid=0&searchtext=&entries=0&order=title HTTP/1.1" 404 1256 "-" "Mozilla/5.0 (compatible; Ezooms/1.0; help@moz.com)"
208.115.111.69 - - [14/Feb/2014:07:33:37 +0100] "GET /include.php?path=contentarchive&type=2&letter=alle&catid=0&themeid=0&searchtext=&entries=0&order=title HTTP/1.1" 404 1256 "-" "Mozilla/5.0 (compatible; Ezooms/1.0; help@moz.com)"
199.19.249.196 - - [14/Feb/2014:07:48:45 +0100] "GET / HTTP/1.1" 302 - "-" "Mozilla/4.0 (compatible; MSIE 7.0; Windows NT 5.1; InfoPath.1; .NET CLR 2.0.50727; .NET CLR 1.1.4322; MS-RTC LM 8; .NET CLR 3.0.4506.2152; .NET CLR 3.5.30729)"
141.6.11.19 - - [14/Feb/2014:07:48:45 +0100] "GET / HTTP/1.1" 302 - "http://www.google.de/url?sa=t&rct=j&q=&esrc=s&frm=1&source=web&cd=8&sqi=2&ved=0CGcQoAIwBw&url=http%3A%2F%2Fwww.friedrich-list-berlin.de%2F&ei=YLD9Uqa3BMGQhQev1YCAAQ&usg=AFQjCNGsKs3TvBQ4z91zrYvo9_SfKi5nug" "Mozilla/5.0 (compatible; MSIE 9.0; Windows NT 6.1; WOW64; Trident/5.0)"
91.64.111.245 - - [14/Feb/2014:09:00:16 +0100] "GET / HTTP/1.1" 302 - "http://www.google.de/url?sa=t&rct=j&q=&esrc=s&source=web&cd=1&ved=0CC8QFjAA&url=http%3A%2F%2Fwww.friedrich-list-berlin.de%2F&ei=zcz9UqXhOZHHsgb0yoD4Cg&usg=AFQjCNGsKs3TvBQ4z91zrYvo9_SfKi5nug&bvm=bv.61190604,d.Yms" "Mozilla/5.0 (Windows NT 6.3; WOW64; rv:26.0) Gecko/20100101 Firefox/26.0"
199.192.207.146 - - [14/Feb/2014:09:14:17 +0100] "GET /robots.txt HTTP/1.0" 404 1256 "-" "Mozilla/5.0 (compatible; MJ12bot/v1.4.4; http://www.majestic12.co.uk/bot.php?+)"
199.192.207.146 - - [14/Feb/2014:09:14:18 +0100] "GET / HTTP/1.0" 302 - "-" "Mozilla/5.0 (compatible; MJ12bot/v1.4.4; http://www.majestic12.co.uk/bot.php?+)"
208.115.111.69 - - [14/Feb/2014:09:44:16 +0100] "GET /robots.txt HTTP/1.1" 404 1256 "-" "Mozilla/5.0 (compatible; Ezooms/1.0; help@moz.com)"
208.115.113.85 - - [14/Feb/2014:10:12:04 +0100] "GET /robots.txt HTTP/1.1" 404 1256 "-" "Mozilla/5.0 (compatible; Ezooms/1.0; help@moz.com)"
208.115.113.93 - - [14/Feb/2014:11:00:36 +0100] "GET /include.php?path=contentarchive&type=2&letter=A&catid=0&themeid=0&searchtext=&entries=0&order= HTTP/1.1" 404 1256 "-" "Mozilla/5.0 (compatible; Ezooms/1.0; help@moz.com)"
208.115.111.69 - - [14/Feb/2014:11:49:38 +0100] "GET /?path=contentarchive&type=2&letter=R&catid=0&themeid=0&searchtext=&entries=0&order= HTTP/1.1" 302 - "-" "Mozilla/5.0 (compatible; Ezooms/1.0; help@moz.com)"
208.115.111.69 - - [14/Feb/2014:11:49:41 +0100] "GET /include.php?path=contentarchive&type=2&letter=U&catid=0&themeid=0&searchtext=&entries=0&order= HTTP/1.1" 404 1256 "-" "Mozilla/5.0 (compatible; Ezooms/1.0; help@moz.com)"
162.243.241.238 - - [14/Feb/2014:12:02:25 +0100] "GET /robots.txt HTTP/1.1" 404 1256 "-" "Mozilla/5.0 (compatible; spbot/4.0.7; +http://OpenLinkProfiler.org/bot )"
162.243.241.238 - - [14/Feb/2014:12:02:31 +0100] "GET / HTTP/1.1" 302 - "-" "Mozilla/5.0 (compatible; spbot/4.0.7; +http://OpenLinkProfiler.org/bot )"
91.64.111.55 - - [14/Feb/2014:12:09:58 +0100] "GET / HTTP/1.1" 302 - "-" "Mozilla/5.0 (Windows NT 5.1; rv:8.0.1) Gecko/20100101 Firefox/8.0.1"
84.175.74.185 - - [14/Feb/2014:13:02:08 +0100] "GET / HTTP/1.1" 302 - "http://www.google.de/url?sa=t&rct=j&q=&esrc=s&source=web&cd=2&ved=0CDIQFjAB&url=http%3A%2F%2Fwww.friedrich-list-berlin.de%2F&ei=dwX-UrfJFYTpswbY4YGADw&usg=AFQjCNGsKs3TvBQ4z91zrYvo9_SfKi5nug&bvm=bv.61190604,d.Yms" "Mozilla/5.0 (Windows NT 6.1; WOW64; rv:26.0) Gecko/20100101 Firefox/26.0"
208.115.113.85 - - [14/Feb/2014:13:24:10 +0100] "GET /include.php?path=contentarchive&type=2&letter=0-9&catid=0&themeid=0&searchtext=&entries=0&order= HTTP/1.1" 404 1256 "-" "Mozilla/5.0 (compatible; Ezooms/1.0; help@moz.com)"
162.210.196.100 - - [14/Feb/2014:13:26:57 +0100] "GET /robots.txt HTTP/1.0" 404 1256 "-" "Mozilla/5.0 (compatible; MJ12bot/v1.4.4; http://www.majestic12.co.uk/bot.php?+)"
162.210.196.100 - - [14/Feb/2014:13:26:59 +0100] "GET / HTTP/1.0" 302 - "-" "Mozilla/5.0 (compatible; MJ12bot/v1.4.4; http://www.majestic12.co.uk/bot.php?+)"
208.115.111.69 - - [14/Feb/2014:13:54:55 +0100] "GET /robots.txt HTTP/1.1" 404 1256 "-" "Mozilla/5.0 (compatible; Ezooms/1.0; help@moz.com)"
95.91.243.166 - - [14/Feb/2014:15:51:37 +0100] "GET / HTTP/1.1" 302 - "http://www.berlin.de/sen/bildung/schulverzeichnis_und_portraets/anwendung/Schulportrait.aspx?IDSchulzweig=11652" "Mozilla/5.0 (iPhone; CPU iPhone OS 7_0_4 like Mac OS X) AppleWebKit/537.51.1 (KHTML, like Gecko) Version/7.0 Mobile/11B554a Safari/9537.53"
208.115.111.69 - - [14/Feb/2014:16:04:11 +0100] "GET /?path=contentarchive&type=2&letter=0-9&catid=0&themeid=0&searchtext=&entries=0&order= HTTP/1.1" 302 - "-" "Mozilla/5.0 (compatible; Ezooms/1.0; help@moz.com)"
208.115.111.69 - - [14/Feb/2014:16:04:16 +0100] "GET /include.php?path=contentarchive&type=2&letter=R&catid=0&themeid=0&searchtext=&entries=0&order= HTTP/1.1" 404 1256 "-" "Mozilla/5.0 (compatible; Ezooms/1.0; help@moz.com)"
208.115.111.69 - - [14/Feb/2014:16:04:17 +0100] "GET /include.php?path=contentarchive&type=2&letter=S&catid=0&themeid=0&searchtext=&entries=0&order=title HTTP/1.1" 404 1256 "-" "Mozilla/5.0 (compatible; Ezooms/1.0; help@moz.com)"
66.249.64.25 - - [14/Feb/2014:16:55:30 +0100] "GET /robots.txt HTTP/1.1" 404 1256 "-" "Mozilla/5.0 (compatible; Googlebot/2.1; +http://www.google.com/bot.html)"
66.249.64.23 - - [14/Feb/2014:16:55:30 +0100] "GET / HTTP/1.1" 302 - "-" "Mozilla/5.0 (compatible; Googlebot/2.1; +http://www.google.com/bot.html)"
88.74.107.149 - - [14/Feb/2014:17:34:31 +0100] "GET / HTTP/1.1" 302 - "-" "Mozilla/5.0 (Windows NT 6.1; rv:26.0) Gecko/20100101 Firefox/26.0"
88.74.107.149 - - [14/Feb/2014:17:35:45 +0100] "GET / HTTP/1.1" 302 - "-" "Mozilla/5.0 (Windows NT 6.1; rv:26.0) Gecko/20100101 Firefox/26.0"
88.74.107.149 - - [14/Feb/2014:17:37:54 +0100] "GET / HTTP/1.1" 302 - "-" "Mozilla/5.0 (Windows NT 6.1; rv:26.0) Gecko/20100101 Firefox/26.0"
66.249.64.23 - - [14/Feb/2014:18:25:31 +0100] "GET /include.php?path=contentarchive&type=4&catid=0&letter=F&entries=0&searchtext=&order=dated&nid=21 HTTP/1.1" 404 1256 "-" "Mozilla/5.0 (compatible; Googlebot/2.1; +http://www.google.com/bot.html)"
87.142.119.69 - - [14/Feb/2014:18:33:47 +0100] "GET / HTTP/1.1" 302 - "http://web2.cylex.de/reviews/viewcompanywebsite.aspx?firmaName=osz-wirtschaftssprachen-friedrich--list--schule-kompetenzzentrum-fuer-internationale-beziehungen&companyId=6274919" "Mozilla/5.0 (Macintosh; Intel Mac OS X 10_6_8) AppleWebKit/534.59.10 (KHTML, like Gecko) Version/5.1.9 Safari/534.59.10"
66.249.64.23 - - [14/Feb/2014:19:25:31 +0100] "GET /include.php?path=contentarchive&type=4&catid=0&letter=N&entries=0&searchtext=&order=titled&nid=21 HTTP/1.1" 404 1256 "-" "Mozilla/5.0 (compatible; Googlebot/2.1; +http://www.google.com/bot.html)"
178.12.204.91 - - [14/Feb/2014:19:29:27 +0100] "GET / HTTP/1.1" 302 - "http://maps.google.com/local_url?dq=technikerschule+berlin&q=http://www.friedrich-list-berlin.de/&oi=miw&sa=X&ct=miw_link&cd=1&cad=homepage,cid:15796106503487596536&ei=Pl_-UuGDNcn-iAbZrIHQAQ&s=ANYYN7naWowR_1hFoYrzqEKX70RjW51RPA" "Mozilla/5.0 (Macintosh; Intel Mac OS X 10_8_5) AppleWebKit/537.36 (KHTML, like Gecko) Chrome/27.0.1453.116 Safari/537.36"
178.77.126.55 - - [14/Feb/2014:19:56:01 +0100] "GET /robots.txt HTTP/1.1" 404 1256 "-" "Mozilla/5.0 (compatible; CareerBot/1.1; +http://www.career-x.de/bot.html)"
178.77.126.55 - - [14/Feb/2014:19:56:01 +0100] "GET / HTTP/1.1" 302 - "-" "Mozilla/5.0 (compatible; CareerBot/1.1; +http://www.career-x.de/bot.html)"
117.78.13.29 - - [14/Feb/2014:22:29:55 +0100] "GET /robots.txt HTTP/1.0" 404 1256 "-" "nutch-1.4/Nutch-1.4"
117.78.13.29 - - [14/Feb/2014:22:29:56 +0100] "GET / HTTP/1.0" 302 - "-" "nutch-1.4/Nutch-1.4"
208.115.113.93 - - [14/Feb/2014:23:03:31 +0100] "GET /robots.txt HTTP/1.1" 404 1256 "-" "Mozilla/5.0 (compatible; Ezooms/1.0; help@moz.com)"
208.184.81.101 - - [14/Feb/2014:23:05:22 +0100] "GET /robots.txt HTTP/1.1" 404 1256 "-" "Mozilla/5.0 (compatible; Ezooms/1.0; help@moz.com)"
92.231.229.54 - - [14/Feb/2014:23:12:31 +0100] "GET / HTTP/1.1" 302 - "http://www.facebook.com/l.php?u=http%3A%2F%2Fwww.friedrich-list-berlin.de%2F&h=LAQHOnOYh&enc=AZPI7-_0LQqLaHUiqUinrjDibmHc9WU5SAMfQm_hAa6rUPtjbJAWgQrUvh8D4-NkXeWZo3wdBIPa1cn-l3lyYORUV7EdIB_DR2a484BBMIPr4Q&s=1" "Mozilla/5.0 (Windows NT 6.3; WOW64; rv:26.0) Gecko/20100101 Firefox/26.0"
208.115.113.85 - - [14/Feb/2014:23:40:09 +0100] "GET /robots.txt HTTP/1.1" 404 1256 "-" "Mozilla/5.0 (compatible; Ezooms/1.0; help@moz.com)"
188.138.41.108 - - [14/Feb/2014:23:56:33 +0100] "GET /robots.txt HTTP/1.1" 404 1256 "-" "Mozilla/5.0 (X11; U; Linux i686; de; rv:1.9.0.1; compatible; iCjobs Stellenangebote Jobs; http://www.icjobs.de) Gecko/20100401 iCjobs/3.2.3"
188.138.41.108 - - [14/Feb/2014:23:56:33 +0100] "GET / HTTP/1.1" 302 - "-" "Mozilla/5.0 (X11; U; Linux i686; de; rv:1.9.0.1; compatible; iCjobs Stellenangebote Jobs; http://www.icjobs.de) Gecko/20100401 iCjobs/3.2.3"
