87.185.138.95 - - [15/Jan/2014:18:36:44 +0100] "GET / HTTP/1.1" 302 - "http://www.google.de/url?sa=t&rct=j&q=&esrc=s&source=web&cd=6&ved=0CEgQFjAF&url=http%3A%2F%2Fwww.friedrich-list-berlin.de%2F&ei=6cbWUt3OD-qhyQPnq4HwAQ&usg=AFQjCNGsKs3TvBQ4z91zrYvo9_SfKi5nug&bvm=bv.59378465,d.bGQ" "Mozilla/5.0 (Windows NT 6.1; rv:26.0) Gecko/20100101 Firefox/26.0"
66.249.78.236 - - [15/Jan/2014:19:10:56 +0100] "GET /robots.txt HTTP/1.1" 404 1256 "-" "Mozilla/5.0 (compatible; Googlebot/2.1; +http://www.google.com/bot.html)"
66.249.78.236 - - [15/Jan/2014:19:10:56 +0100] "GET /content/download/Info%20CAREforVET+.pdf HTTP/1.1" 404 1256 "-" "Mozilla/5.0 (compatible; Googlebot/2.1; +http://www.google.com/bot.html)"
208.115.111.69 - - [15/Jan/2014:19:53:12 +0100] "GET /include.php?path=contentarchive&type=2&letter=Z&catid=0&themeid=0&searchtext=&entries=0&order= HTTP/1.1" 404 1256 "-" "Mozilla/5.0 (compatible; Ezooms/1.0; help@moz.com)"
46.229.164.99 - - [15/Jan/2014:20:26:06 +0100] "GET /robots.txt HTTP/1.1" 404 1256 "-" "Mozilla/5.0 (compatible; SemrushBot/0.97; +http://www.semrush.com/bot.html)"
88.198.110.130 - - [15/Jan/2014:21:29:28 +0100] "GET /?path=content&contentid=32&nid=19 HTTP/1.1" 302 - "-" "Mozilla/4.0 (compatible; MSIE 6.0; Windows 98; Win 9x4.90)"
88.198.110.130 - - [15/Jan/2014:23:13:27 +0100] "GET /include.php?path=search HTTP/1.1" 404 1256 "-" "Mozilla/4.0 (compatible; MSIE 6.0; Windows 98; Win 9x4.90)"
46.37.70.64 - - [15/Jan/2014:23:22:15 +0100] "GET / HTTP/1.1" 302 - "http://m.facebook.com/l.php?u=http%3A%2F%2Fwww.friedrich-list-berlin.de%2F&h=1AQG5qjwq&s=1" "Mozilla/5.0 (iPhone; CPU iPhone OS 7_0_4 like Mac OS X) AppleWebKit/537.51.1 (KHTML, like Gecko) Version/7.0 Mobile/11B554a Safari/9537.53"
208.115.113.85 - - [15/Jan/2014:23:43:44 +0100] "GET /robots.txt HTTP/1.1" 404 1256 "-" "Mozilla/5.0 (compatible; Ezooms/1.0; help@moz.com)"
141.8.147.12 - - [16/Jan/2014:00:04:44 +0100] "GET / HTTP/1.1" 302 - "-" "Mozilla/5.0 (compatible; YandexBot/3.0; +http://yandex.com/bots)"
157.55.35.36 - - [16/Jan/2014:01:00:37 +0100] "GET /robots.txt HTTP/1.1" 404 1256 "-" "Mozilla/5.0 (compatible; bingbot/2.0; +http://www.bing.com/bingbot.htm)"
157.55.35.36 - - [16/Jan/2014:01:01:49 +0100] "GET /?&nid=4 HTTP/1.1" 302 - "-" "Mozilla/5.0 (compatible; bingbot/2.0; +http://www.bing.com/bingbot.htm)"
208.115.113.85 - - [16/Jan/2014:01:38:09 +0100] "GET /include.php?path=contentarchive&type=2&letter=D&catid=0&themeid=0&searchtext=&entries=0&order= HTTP/1.1" 404 1256 "-" "Mozilla/5.0 (compatible; Ezooms/1.0; help@moz.com)"
208.115.111.69 - - [16/Jan/2014:01:48:14 +0100] "GET /robots.txt HTTP/1.1" 404 1256 "-" "Mozilla/5.0 (compatible; Ezooms/1.0; help@moz.com)"
208.115.111.69 - - [16/Jan/2014:03:45:35 +0100] "GET /include.php?path=contentarchive&type=2&letter=K&catid=0&themeid=0&searchtext=&entries=0&order=title HTTP/1.1" 404 1256 "-" "Mozilla/5.0 (compatible; Ezooms/1.0; help@moz.com)"
157.55.35.83 - - [16/Jan/2014:04:12:54 +0100] "GET /robots.txt HTTP/1.1" 404 1256 "-" "Mozilla/5.0 (compatible; bingbot/2.0; +http://www.bing.com/bingbot.htm)"
157.55.35.83 - - [16/Jan/2014:04:23:39 +0100] "GET /?&nid=13 HTTP/1.1" 302 - "-" "Mozilla/5.0 (compatible; bingbot/2.0; +http://www.bing.com/bingbot.htm)"
37.14.114.26 - - [16/Jan/2014:07:11:42 +0100] "GET / HTTP/1.1" 302 - "http://forum.schulweb.de" "Mozilla/5.0 (Windows NT 5.0; rv:5.0) Gecko/20100101 Firefox/5.0"
66.249.78.236 - - [16/Jan/2014:08:32:36 +0100] "GET /robots.txt HTTP/1.1" 404 1256 "-" "Mozilla/5.0 (compatible; Googlebot/2.1; +http://www.google.com/bot.html)"
66.249.78.236 - - [16/Jan/2014:08:32:37 +0100] "GET /include.php?path=contentarchive&type=1&letter=alle&catid=1&themeid=0&searchtext=&entries=0&order=titled HTTP/1.1" 404 1256 "-" "Mozilla/5.0 (compatible; Googlebot/2.1; +http://www.google.com/bot.html)"
84.190.8.148 - - [16/Jan/2014:10:48:37 +0100] "GET / HTTP/1.1" 302 - "http://www.google.de/url?sa=t&rct=j&q=&esrc=s&source=web&cd=6&ved=0CE0QFjAF&url=http%3A%2F%2Fwww.friedrich-list-berlin.de%2F&ei=iqrXUq74MsHoswa9v4GQCg&usg=AFQjCNGsKs3TvBQ4z91zrYvo9_SfKi5nug&sig2=M1uQmAK7GZMb7v7OZAfnbw&bvm=bv.59568121,d.Yms" "Mozilla/5.0 (Windows NT 6.1; rv:26.0) Gecko/20100101 Firefox/26.0"
62.157.32.15 - - [16/Jan/2014:10:59:31 +0100] "GET / HTTP/1.1" 302 - "http://www.google.de/url?sa=t&rct=j&q=&esrc=s&source=web&cd=4&ved=0CFIQoAIwAw&url=http%3A%2F%2Fwww.friedrich-list-berlin.de%2F&ei=Fa3XUpC9OsjCswbWwIHADA&usg=AFQjCNGsKs3TvBQ4z91zrYvo9_SfKi5nug&sig2=Khl9BEjLZ4pndtzvzm8W2Q&bvm=bv.59568121,d.Yms" "Mozilla/5.0 (Macintosh; Intel Mac OS X 10_7_5) AppleWebKit/536.30.1 (KHTML, like Gecko) Version/6.0.5 Safari/536.30.1"
66.249.78.236 - - [16/Jan/2014:11:26:58 +0100] "GET /include.php?path=contentarchive&type=4&letter=L&catid=8&themeid=0&searchtext=&entries=0&order=titled&nid=32 HTTP/1.1" 404 1256 "-" "Mozilla/5.0 (compatible; Googlebot/2.1; +http://www.google.com/bot.html)"
208.115.113.85 - - [16/Jan/2014:11:42:37 +0100] "GET /robots.txt HTTP/1.1" 404 1256 "-" "Mozilla/5.0 (compatible; Ezooms/1.0; help@moz.com)"
5.10.83.100 - - [16/Jan/2014:12:16:57 +0100] "GET / HTTP/1.1" 302 - "-" "Mozilla/5.0 (compatible; AhrefsBot/5.0; +http://ahrefs.com/robot/)"
80.194.255.140 - - [16/Jan/2014:12:48:08 +0100] "GET / HTTP/1.0" 302 - "http://www.google.co.uk/url?sa=t&rct=j&q=&esrc=s&frm=1&source=web&cd=1&ved=0CDAQFjAA&url=http%3A%2F%2Fwww.friedrich-list-berlin.de%2F&ei=xcbXUquBLcSlyAPX1YAQ&usg=AFQjCNGsKs3TvBQ4z91zrYvo9_SfKi5nug&bvm=bv.59568121,d.d2k" "Mozilla/5.0 (compatible; MSIE 9.0; Windows NT 6.1; Trident/5.0)"
208.115.113.85 - - [16/Jan/2014:13:41:33 +0100] "GET /include.php?path=contentarchive&type=2&letter=V&catid=0&themeid=0&searchtext=&entries=0&order= HTTP/1.1" 404 1256 "-" "Mozilla/5.0 (compatible; Ezooms/1.0; help@moz.com)"
208.115.113.85 - - [16/Jan/2014:13:41:37 +0100] "GET /include.php?path=contentarchive&type=2&letter=V&catid=0&themeid=0&searchtext=&entries=0&order=title HTTP/1.1" 404 1256 "-" "Mozilla/5.0 (compatible; Ezooms/1.0; help@moz.com)"
66.249.78.236 - - [16/Jan/2014:14:07:24 +0100] "GET /robots.txt HTTP/1.1" 404 1256 "-" "Mozilla/5.0 (compatible; Googlebot/2.1; +http://www.google.com/bot.html)"
66.249.78.236 - - [16/Jan/2014:14:07:24 +0100] "GET /include.php?path=contentarchive&type=4&letter=C&catid=8&themeid=0&searchtext=&entries=0&order=titled&nid=32 HTTP/1.1" 404 1256 "-" "Mozilla/5.0 (compatible; Googlebot/2.1; +http://www.google.com/bot.html)"
157.55.33.179 - - [16/Jan/2014:14:22:40 +0100] "GET /robots.txt HTTP/1.1" 404 1256 "-" "Mozilla/5.0 (compatible; bingbot/2.0; +http://www.bing.com/bingbot.htm)"
157.55.33.179 - - [16/Jan/2014:14:24:05 +0100] "GET /?path=start HTTP/1.1" 302 - "-" "Mozilla/5.0 (compatible; bingbot/2.0; +http://www.bing.com/bingbot.htm)"
85.25.100.239 - - [16/Jan/2014:14:27:41 +0100] "GET /include.php?path=contentarchive&type=2&letter=Y&catid=0&themeid=0&searchtext=&entries=0&order=dated HTTP/1.1" 404 1256 "-" "Mozilla/4.0 (compatible; MSIE 6.0; Windows 98; Win 9x4.90)"
5.10.83.73 - - [16/Jan/2014:14:28:16 +0100] "GET / HTTP/1.1" 302 - "-" "Mozilla/5.0 (compatible; AhrefsBot/5.0; +http://ahrefs.com/robot/)"
91.64.111.55 - - [16/Jan/2014:14:30:53 +0100] "GET / HTTP/1.1" 302 - "-" "Mozilla/5.0 (Windows NT 6.1; WOW64; rv:25.0) Gecko/20100101 Firefox/25.0"
66.249.78.236 - - [16/Jan/2014:14:43:02 +0100] "GET /include.php?path=contentarchive&type=4&catid=8&letter=Y&entries=0&searchtext=&order=dated HTTP/1.1" 404 1256 "-" "Mozilla/5.0 (compatible; Googlebot/2.1; +http://www.google.com/bot.html)"
91.64.111.55 - - [16/Jan/2014:14:44:34 +0100] "GET / HTTP/1.1" 302 - "-" "Mozilla/5.0 (Windows NT 6.1; WOW64; rv:25.0) Gecko/20100101 Firefox/25.0"
94.134.221.255 - - [16/Jan/2014:14:51:29 +0100] "GET / HTTP/1.1" 302 - "-" "Mozilla/5.0 (Windows NT 6.1; WOW64; rv:25.0) Gecko/20100101 Firefox/25.0"
78.53.7.219 - - [16/Jan/2014:15:08:57 +0100] "GET / HTTP/1.1" 302 - "https://www.google.de/" "Mozilla/5.0 (Windows NT 6.1; WOW64) AppleWebKit/537.36 (KHTML, like Gecko) Chrome/31.0.1650.63 Safari/537.36"
66.249.78.236 - - [16/Jan/2014:16:08:08 +0100] "GET /include.php?path=contentarchive&type=4&catid=8&letter=S&entries=0&searchtext=&order=titled HTTP/1.1" 404 1256 "-" "Mozilla/5.0 (compatible; Googlebot/2.1; +http://www.google.com/bot.html)"
157.55.34.97 - - [16/Jan/2014:16:51:16 +0100] "GET /robots.txt HTTP/1.1" 404 1256 "-" "Mozilla/5.0 (compatible; bingbot/2.0; +http://www.bing.com/bingbot.htm)"
66.249.78.236 - - [16/Jan/2014:16:58:31 +0100] "GET /robots.txt HTTP/1.1" 404 1256 "-" "Mozilla/5.0 (compatible; Googlebot/2.1; +http://www.google.com/bot.html)"
66.249.66.240 - - [16/Jan/2014:16:58:31 +0100] "GET /include.php?path=contentarchive&type=4&letter=Y&catid=8&themeid=0&searchtext=&entries=0&order=dated&nid=32 HTTP/1.1" 404 1256 "-" "Mozilla/5.0 (compatible; Googlebot/2.1; +http://www.google.com/bot.html)"
157.55.34.97 - - [16/Jan/2014:17:00:32 +0100] "GET /?path=content&contentid=44 HTTP/1.1" 302 - "-" "Mozilla/5.0 (compatible; bingbot/2.0; +http://www.bing.com/bingbot.htm)"
2.245.209.184 - - [16/Jan/2014:17:16:45 +0100] "GET / HTTP/1.1" 302 - "-" "Mozilla/5.0 (Windows NT 6.1; rv:26.0) Gecko/20100101 Firefox/26.0"
141.8.147.12 - - [16/Jan/2014:18:32:06 +0100] "GET /robots.txt HTTP/1.1" 404 1256 "-" "Mozilla/5.0 (compatible; YandexBot/3.0; +http://yandex.com/bots)"
208.115.113.85 - - [16/Jan/2014:19:41:22 +0100] "GET /robots.txt HTTP/1.1" 404 1256 "-" "Mozilla/5.0 (compatible; Ezooms/1.0; help@moz.com)"
144.76.95.232 - - [16/Jan/2014:19:41:52 +0100] "GET /robots.txt HTTP/1.0" 404 1256 "-" "Mozilla/5.0 (compatible; MJ12bot/v1.4.4; http://www.majestic12.co.uk/bot.php?+)"
144.76.95.232 - - [16/Jan/2014:19:41:54 +0100] "GET / HTTP/1.0" 302 - "-" "Mozilla/5.0 (compatible; MJ12bot/v1.4.4; http://www.majestic12.co.uk/bot.php?+)"
66.249.78.236 - - [16/Jan/2014:19:42:30 +0100] "GET /include.php?path=contentarchive&type=4&letter=H&catid=8&themeid=0&searchtext=&entries=0&order=dated&nid=13 HTTP/1.1" 404 1256 "-" "Mozilla/5.0 (compatible; Googlebot/2.1; +http://www.google.com/bot.html)"
66.249.78.115 - - [16/Jan/2014:20:04:11 +0100] "GET /robots.txt HTTP/1.1" 404 1256 "-" "Mozilla/5.0 (compatible; Googlebot/2.1; +http://www.google.com/bot.html)"
66.249.78.115 - - [16/Jan/2014:20:04:11 +0100] "GET / HTTP/1.1" 302 - "-" "Mozilla/5.0 (compatible; Googlebot/2.1; +http://www.google.com/bot.html)"
208.115.113.85 - - [16/Jan/2014:21:43:17 +0100] "GET /?path=contentarchive&type=2&letter=B&catid=0&themeid=0&searchtext=&entries=0&order= HTTP/1.1" 302 - "-" "Mozilla/5.0 (compatible; Ezooms/1.0; help@moz.com)"
141.8.147.12 - - [16/Jan/2014:22:00:03 +0100] "GET / HTTP/1.1" 302 - "-" "Mozilla/5.0 (compatible; YandexBot/3.0; +http://yandex.com/bots)"
95.91.243.116 - - [16/Jan/2014:22:15:36 +0100] "GET / HTTP/1.1" 302 - "http://www.facebook.com/" "Mozilla/5.0 (Windows NT 6.1; WOW64) AppleWebKit/537.36 (KHTML, like Gecko) Chrome/32.0.1700.76 Safari/537.36"
88.73.96.85 - - [16/Jan/2014:22:35:31 +0100] "GET / HTTP/1.1" 302 - "http://avira.search.ask.com/web?locale=de_DE&o=APN10261&gct=bar&q=www.fls-berlin.de&tpr=6&ots=1389908068374" "Mozilla/5.0 (Windows NT 6.1; WOW64; rv:26.0) Gecko/20100101 Firefox/26.0"
66.249.78.236 - - [16/Jan/2014:22:44:19 +0100] "GET /include.php?path=contentarchive&type=4&letter=R&catid=8&themeid=0&searchtext=&entries=0&order=title&nid=32 HTTP/1.1" 404 1256 "-" "Mozilla/5.0 (compatible; Googlebot/2.1; +http://www.google.com/bot.html)"
84.175.66.63 - - [16/Jan/2014:22:52:28 +0100] "GET / HTTP/1.1" 302 - "https://www.google.de/" "Mozilla/5.0 (Windows NT 6.1; WOW64) AppleWebKit/537.36 (KHTML, like Gecko) Chrome/31.0.1650.63 Safari/537.36"
66.249.78.236 - - [17/Jan/2014:00:09:53 +0100] "GET /include.php?path=contentarchive&type=4&letter=H&catid=8&themeid=0&searchtext=&entries=0&order=dated&nid=4 HTTP/1.1" 404 1256 "-" "Mozilla/5.0 (compatible; Googlebot/2.1; +http://www.google.com/bot.html)"
87.122.30.158 - - [17/Jan/2014:00:49:01 +0100] "HEAD / HTTP/1.1" 302 - "-" "Mozilla/4.0 (compatible; MSIE 6.0; Windows NT 5.1)"
87.122.30.158 - - [17/Jan/2014:00:49:02 +0100] "GET / HTTP/1.1" 302 - "-" "curl/7.19.0 (i686-suse-linux-gnu) libcurl/7.19.0 OpenSSL/0.9.8h zlib/1.2.3 libidn/1.10"
188.138.41.140 - - [17/Jan/2014:01:06:20 +0100] "GET /robots.txt HTTP/1.1" 404 1256 "-" "Mozilla/5.0 (X11; U; Linux i686; de; rv:1.9.0.1; compatible; iCjobs Stellenangebote Jobs; http://www.icjobs.de) Gecko/20100401 iCjobs/3.2.3"
188.138.41.140 - - [17/Jan/2014:01:06:20 +0100] "GET / HTTP/1.1" 302 - "-" "Mozilla/5.0 (X11; U; Linux i686; de; rv:1.9.0.1; compatible; iCjobs Stellenangebote Jobs; http://www.icjobs.de) Gecko/20100401 iCjobs/3.2.3"
188.138.41.140 - - [17/Jan/2014:01:06:20 +0100] "GET / HTTP/1.1" 302 - "-" "Mozilla/5.0 (X11; U; Linux i686; de; rv:1.9.0.1; compatible; iCjobs Stellenangebote Jobs; http://www.icjobs.de) Gecko/20100401 iCjobs/3.2.3"
66.249.78.236 - - [17/Jan/2014:01:10:29 +0100] "GET /include.php?path=contentarchive&type=4&letter=L&catid=8&themeid=0&searchtext=&entries=0&order=title&nid=19 HTTP/1.1" 404 1256 "-" "Mozilla/5.0 (compatible; Googlebot/2.1; +http://www.google.com/bot.html)"
66.249.78.236 - - [17/Jan/2014:01:17:37 +0100] "GET /include.php?path=contentarchive&type=4&letter=K&catid=8&themeid=0&searchtext=&entries=0&order=&nid=4 HTTP/1.1" 404 1256 "-" "Mozilla/5.0 (compatible; Googlebot/2.1; +http://www.google.com/bot.html)"
66.249.78.236 - - [17/Jan/2014:01:21:11 +0100] "GET /include.php?path=contentarchive&type=2&letter=J&catid=9&themeid=0&searchtext=&entries=0&order=&nid=13 HTTP/1.1" 404 1256 "-" "Mozilla/5.0 (compatible; Googlebot/2.1; +http://www.google.com/bot.html)"
176.9.148.197 - - [17/Jan/2014:01:34:02 +0100] "GET /robots.txt HTTP/1.1" 404 1256 "-" "Mozilla/5.0 (compatible; SISTRIX Crawler; http://crawler.sistrix.net/)"
176.9.148.197 - - [17/Jan/2014:01:34:02 +0100] "GET / HTTP/1.1" 302 - "-" "Mozilla/5.0 (compatible; SISTRIX Crawler; http://crawler.sistrix.net/)"
208.115.111.69 - - [17/Jan/2014:01:49:13 +0100] "GET /robots.txt HTTP/1.1" 404 1256 "-" "Mozilla/5.0 (compatible; Ezooms/1.0; help@moz.com)"
176.9.50.43 - - [17/Jan/2014:02:07:30 +0100] "GET /include.php?path=contentarchive&type=2&letter=W&catid=0&themeid=0&searchtext=&entries=0&order=dated HTTP/1.1" 404 1256 "-" "Mozilla/4.0 (compatible; MSIE 6.0; Windows 98; Win 9x4.90)"
66.249.78.236 - - [17/Jan/2014:02:11:05 +0100] "GET /include.php?path=contentarchive&type=2&letter=A&catid=0&themeid=0&searchtext=&entries=8&order=&nid=13 HTTP/1.1" 404 1256 "-" "Mozilla/5.0 (compatible; Googlebot/2.1; +http://www.google.com/bot.html)"
193.175.194.33 - - [17/Jan/2014:02:22:48 +0100] "GET / HTTP/1.1" 302 - "-" "Bildungsserver-Linkchecker DBS 0.9 (http://www.bildungsserver.de)"
66.249.78.236 - - [17/Jan/2014:02:53:52 +0100] "GET /include.php?path=contentarchive&type=1&catid=10&letter=V&entries=0&searchtext=&order=titled&nid=21 HTTP/1.1" 404 1256 "-" "Mozilla/5.0 (compatible; Googlebot/2.1; +http://www.google.com/bot.html)"
66.249.78.236 - - [17/Jan/2014:03:14:01 +0100] "GET /include.php?path=contentarchive&type=1&letter=W&catid=9&themeid=0&searchtext=&entries=0&order=title&nid=21 HTTP/1.1" 404 1256 "-" "Mozilla/5.0 (compatible; Googlebot/2.1; +http://www.google.com/bot.html)"
66.249.78.236 - - [17/Jan/2014:03:47:21 +0100] "GET /include.php?path=contentarchive&type=1&catid=0&letter=W&entries=0&searchtext=&order=dated&nid=13 HTTP/1.1" 404 1256 "-" "Mozilla/5.0 (compatible; Googlebot/2.1; +http://www.google.com/bot.html)"
208.115.111.69 - - [17/Jan/2014:03:52:58 +0100] "GET /include.php?path=contentarchive&type=2&letter=L&catid=0&themeid=0&searchtext=&entries=0&order=title HTTP/1.1" 404 1256 "-" "Mozilla/5.0 (compatible; Ezooms/1.0; help@moz.com)"
208.115.111.69 - - [17/Jan/2014:03:53:04 +0100] "GET /include.php?path=contentarchive&type=3&letter=0-9&catid=0&themeid=0&searchtext=&entries=0&order= HTTP/1.1" 404 1256 "-" "Mozilla/5.0 (compatible; Ezooms/1.0; help@moz.com)"
66.249.78.236 - - [17/Jan/2014:04:15:52 +0100] "GET /include.php?path=contentarchive&type=1&letter=O&catid=0&themeid=0&searchtext=&entries=5&order=title&nid=4 HTTP/1.1" 404 1256 "-" "Mozilla/5.0 (compatible; Googlebot/2.1; +http://www.google.com/bot.html)"
66.249.78.236 - - [17/Jan/2014:04:19:26 +0100] "GET /include.php?path=contentarchive&type=1&letter=N&catid=9&themeid=0&searchtext=&entries=0&order=dated&nid=4 HTTP/1.1" 404 1256 "-" "Mozilla/5.0 (compatible; Googlebot/2.1; +http://www.google.com/bot.html)"
88.198.110.130 - - [17/Jan/2014:04:44:54 +0100] "GET /?path=contentarchive&type=2&letter=F&catid=0&themeid=0&searchtext=&entries=0&order= HTTP/1.1" 302 - "-" "Mozilla/4.0 (compatible; MSIE 6.0; Windows 98; Win 9x4.90)"
66.249.78.236 - - [17/Jan/2014:05:02:13 +0100] "GET /robots.txt HTTP/1.1" 404 1256 "-" "Mozilla/5.0 (compatible; Googlebot/2.1; +http://www.google.com/bot.html)"
66.249.78.236 - - [17/Jan/2014:05:02:13 +0100] "GET /include.php?path=contentarchive&type=1&letter=0-9&catid=9&themeid=0&searchtext=&entries=0&order=dated&nid=21 HTTP/1.1" 404 1256 "-" "Mozilla/5.0 (compatible; Googlebot/2.1; +http://www.google.com/bot.html)"
66.249.78.236 - - [17/Jan/2014:05:05:47 +0100] "GET /include.php?path=content&mode=vote&contentid=114&type=4&content_vote=9&action=Go&nid=21 HTTP/1.1" 404 1256 "-" "Mozilla/5.0 (compatible; Googlebot/2.1; +http://www.google.com/bot.html)"
208.115.111.69 - - [17/Jan/2014:05:51:58 +0100] "GET /robots.txt HTTP/1.1" 404 1256 "-" "Mozilla/5.0 (compatible; Ezooms/1.0; help@moz.com)"
66.249.78.236 - - [17/Jan/2014:06:24:12 +0100] "GET /include.php?path=contentarchive&type=1&letter=A&catid=0&themeid=0&searchtext=&entries=5&order=title&nid=13 HTTP/1.1" 404 1256 "-" "Mozilla/5.0 (compatible; Googlebot/2.1; +http://www.google.com/bot.html)"
66.249.78.236 - - [17/Jan/2014:07:10:33 +0100] "GET /include.php?path=contentarchive&type=4&catid=6&letter=X&entries=0&searchtext=&order=title&nid=4 HTTP/1.1" 404 1256 "-" "Mozilla/5.0 (compatible; Googlebot/2.1; +http://www.google.com/bot.html)"
66.249.78.236 - - [17/Jan/2014:07:21:15 +0100] "GET /include.php?path=contentarchive&type=2&letter=G&catid=0&themeid=0&searchtext=&entries=8&order=dated HTTP/1.1" 404 1256 "-" "Mozilla/5.0 (compatible; Googlebot/2.1; +http://www.google.com/bot.html)"
66.249.78.236 - - [17/Jan/2014:07:46:12 +0100] "GET /include.php?path=contentarchive&type=1&catid=0&letter=A&entries=0&searchtext=&order=titled&nid=19 HTTP/1.1" 404 1256 "-" "Mozilla/5.0 (compatible; Googlebot/2.1; +http://www.google.com/bot.html)"
208.115.111.69 - - [17/Jan/2014:07:50:46 +0100] "GET /include.php?path=content&contentid=76&nid=27 HTTP/1.1" 404 1256 "-" "Mozilla/5.0 (compatible; Ezooms/1.0; help@moz.com)"
94.134.197.133 - - [17/Jan/2014:07:51:41 +0100] "GET / HTTP/1.1" 302 - "-" "Mozilla/5.0 (Windows NT 5.1; rv:26.0) Gecko/20100101 Firefox/26.0"
85.25.154.14 - - [17/Jan/2014:07:55:15 +0100] "GET /?path=contentarchive&type=2&letter=P&catid=0&themeid=0&searchtext=&entries=0&order= HTTP/1.1" 302 - "-" "Mozilla/4.0 (compatible; MSIE 6.0; Windows 98; Win 9x4.90)"
66.249.78.236 - - [17/Jan/2014:08:14:43 +0100] "GET /include.php?path=contentarchive&type=2&catid=0&letter=W&entries=0&searchtext=&order=dated&nid=13 HTTP/1.1" 404 1256 "-" "Mozilla/5.0 (compatible; Googlebot/2.1; +http://www.google.com/bot.html)"
5.135.151.180 - - [17/Jan/2014:08:17:40 +0100] "GET / HTTP/1.1" 302 - "-" "Java/1.4.1_04"
5.135.151.180 - - [17/Jan/2014:08:17:41 +0100] "GET /fls_1_aktuelles.php HTTP/1.1" 404 1256 "-" "Java/1.4.1_04"
5.135.151.180 - - [17/Jan/2014:08:17:41 +0100] "GET /fls_2_fremdsprachensekr.php HTTP/1.1" 404 1256 "-" "Java/1.4.1_04"
5.135.151.180 - - [17/Jan/2014:08:17:41 +0100] "GET /fls_3_fls_international.php HTTP/1.1" 404 1256 "-" "Java/1.4.1_04"
5.135.151.180 - - [17/Jan/2014:08:17:41 +0100] "GET /fls_4_faq.php HTTP/1.1" 404 1256 "-" "Java/1.4.1_04"
5.135.151.180 - - [17/Jan/2014:08:17:42 +0100] "GET /fls_4_impressum.php HTTP/1.1" 404 1256 "-" "Java/1.4.1_04"
5.135.151.180 - - [17/Jan/2014:08:17:42 +0100] "GET /fls_4_kontakt_anmeldung.php HTTP/1.1" 404 1256 "-" "Java/1.4.1_04"
5.135.151.180 - - [17/Jan/2014:08:17:42 +0100] "GET /index.php HTTP/1.1" 302 - "-" "Java/1.4.1_04"
5.135.151.180 - - [17/Jan/2014:08:17:43 +0100] "GET /index_en.php HTTP/1.1" 404 1256 "-" "Java/1.4.1_04"
5.135.151.180 - - [17/Jan/2014:08:17:43 +0100] "GET /index_fr.php HTTP/1.1" 404 1256 "-" "Java/1.4.1_04"
5.135.151.180 - - [17/Jan/2014:08:17:43 +0100] "GET /index_sp.php HTTP/1.1" 404 1256 "-" "Java/1.4.1_04"
5.135.151.180 - - [17/Jan/2014:08:17:43 +0100] "GET /& HTTP/1.1" 404 1256 "-" "Java/1.4.1_04"
5.135.151.180 - - [17/Jan/2014:08:17:43 +0100] "GET /& HTTP/1.1" 404 1256 "-" "Java/1.4.1_04"
5.135.151.180 - - [17/Jan/2014:08:17:43 +0100] "GET /& HTTP/1.1" 404 1256 "-" "Java/1.4.1_04"
5.135.151.180 - - [17/Jan/2014:08:17:43 +0100] "GET /& HTTP/1.1" 404 1256 "-" "Java/1.4.1_04"
5.135.151.180 - - [17/Jan/2014:08:17:43 +0100] "GET /& HTTP/1.1" 404 1256 "-" "Java/1.4.1_04"
5.135.151.180 - - [17/Jan/2014:08:17:43 +0100] "GET /& HTTP/1.1" 404 1256 "-" "Java/1.4.1_04"
5.135.151.180 - - [17/Jan/2014:08:17:43 +0100] "GET /& HTTP/1.1" 404 1256 "-" "Java/1.4.1_04"
5.135.151.180 - - [17/Jan/2014:08:17:43 +0100] "GET /& HTTP/1.1" 404 1256 "-" "Java/1.4.1_04"
5.135.151.180 - - [17/Jan/2014:08:17:44 +0100] "GET /& HTTP/1.1" 404 1256 "-" "Java/1.4.1_04"
5.135.151.180 - - [17/Jan/2014:08:17:44 +0100] "GET /& HTTP/1.1" 404 1256 "-" "Java/1.4.1_04"
5.135.151.180 - - [17/Jan/2014:08:17:44 +0100] "GET /& HTTP/1.1" 404 1256 "-" "Java/1.4.1_04"
5.135.151.180 - - [17/Jan/2014:08:17:44 +0100] "GET /& HTTP/1.1" 404 1256 "-" "Java/1.4.1_04"
5.135.151.180 - - [17/Jan/2014:08:17:44 +0100] "GET /& HTTP/1.1" 404 1256 "-" "Java/1.4.1_04"
5.135.151.180 - - [17/Jan/2014:08:17:44 +0100] "GET /& HTTP/1.1" 404 1256 "-" "Java/1.4.1_04"
5.135.151.180 - - [17/Jan/2014:08:17:44 +0100] "GET /& HTTP/1.1" 404 1256 "-" "Java/1.4.1_04"
5.135.151.180 - - [17/Jan/2014:08:17:44 +0100] "GET /& HTTP/1.1" 404 1256 "-" "Java/1.4.1_04"
5.135.151.180 - - [17/Jan/2014:08:17:44 +0100] "GET /& HTTP/1.1" 404 1256 "-" "Java/1.4.1_04"
5.135.151.180 - - [17/Jan/2014:08:17:45 +0100] "GET /& HTTP/1.1" 404 1256 "-" "Java/1.4.1_04"
5.135.151.180 - - [17/Jan/2014:08:17:45 +0100] "GET /& HTTP/1.1" 404 1256 "-" "Java/1.4.1_04"
5.135.151.180 - - [17/Jan/2014:08:17:45 +0100] "GET /& HTTP/1.1" 404 1256 "-" "Java/1.4.1_04"
77.75.77.32 - - [17/Jan/2014:08:25:23 +0100] "GET /robots.txt HTTP/1.1" 404 1256 "-" "SeznamBot/3.0 (+http://fulltext.sblog.cz/)"
77.75.77.32 - - [17/Jan/2014:08:25:23 +0100] "GET / HTTP/1.1" 302 - "-" "SeznamBot/3.0 (+http://fulltext.sblog.cz/)"
66.249.78.236 - - [17/Jan/2014:08:50:22 +0100] "GET /include.php?path=contentarchive&type=4&letter=H&catid=0&themeid=0&searchtext=&entries=0&order=dated&nid=21 HTTP/1.1" 404 1256 "-" "Mozilla/5.0 (compatible; Googlebot/2.1; +http://www.google.com/bot.html)"
66.249.78.236 - - [17/Jan/2014:08:53:56 +0100] "GET /include.php?path=contentarchive&type=4&letter=O&catid=0&themeid=0&searchtext=&entries=0&order=title&nid=19 HTTP/1.1" 404 1256 "-" "Mozilla/5.0 (compatible; Googlebot/2.1; +http://www.google.com/bot.html)"
66.249.78.236 - - [17/Jan/2014:09:15:20 +0100] "GET /include.php?path=contentarchive&type=4&letter=S&catid=0&themeid=0&searchtext=&entries=0&order=title&nid=19 HTTP/1.1" 404 1256 "-" "Mozilla/5.0 (compatible; Googlebot/2.1; +http://www.google.com/bot.html)"
144.76.34.109 - - [17/Jan/2014:09:16:02 +0100] "GET /include.php?path=contentarchive&type=2&catid=0&letter=&entries=0&searchtext=&order=dated&nid=4 HTTP/1.1" 404 1256 "-" "Mozilla/4.0 (compatible; MSIE 6.0; Windows 98; Win 9x4.90)"
144.76.34.109 - - [17/Jan/2014:09:23:56 +0100] "GET /include.php?path=contentarchive&type=2&letter=I&catid=0&themeid=0&searchtext=&entries=0&order=dated HTTP/1.1" 404 1256 "-" "Mozilla/4.0 (compatible; MSIE 6.0; Windows 98; Win 9x4.90)"
66.249.78.236 - - [17/Jan/2014:09:50:59 +0100] "GET /include.php?path=contentarchive&type=4&letter=M&catid=0&themeid=0&searchtext=&entries=0&order=titled&nid=4 HTTP/1.1" 404 1256 "-" "Mozilla/5.0 (compatible; Googlebot/2.1; +http://www.google.com/bot.html)"
66.249.66.240 - - [17/Jan/2014:09:58:07 +0100] "GET /include.php?path=contentarchive&type=4&letter=M&catid=0&themeid=0&searchtext=&entries=0&order=titled&nid=19 HTTP/1.1" 404 1256 "-" "Mozilla/5.0 (compatible; Googlebot/2.1; +http://www.google.com/bot.html)"
66.249.78.236 - - [17/Jan/2014:10:08:49 +0100] "GET /include.php?path=contentarchive&type=1&catid=10&letter=R&entries=0&searchtext=&order=dated&nid=19 HTTP/1.1" 404 1256 "-" "Mozilla/5.0 (compatible; Googlebot/2.1; +http://www.google.com/bot.html)"
145.129.98.154 - - [17/Jan/2014:10:16:20 +0100] "GET / HTTP/1.1" 302 - "-" "Java/1.6.0_20"
145.129.98.154 - - [17/Jan/2014:10:16:21 +0100] "GET /fls_1_aktuelles.php HTTP/1.1" 404 1256 "-" "Java/1.6.0_20"
145.129.98.154 - - [17/Jan/2014:10:16:21 +0100] "GET /fls_2_fremdsprachensekr.php HTTP/1.1" 404 1256 "-" "Java/1.6.0_20"
145.129.98.154 - - [17/Jan/2014:10:16:21 +0100] "GET /fls_3_fls_international.php HTTP/1.1" 404 1256 "-" "Java/1.6.0_20"
145.129.98.154 - - [17/Jan/2014:10:16:21 +0100] "GET /fls_4_faq.php HTTP/1.1" 404 1256 "-" "Java/1.6.0_20"
145.129.98.154 - - [17/Jan/2014:10:16:21 +0100] "GET /fls_4_impressum.php HTTP/1.1" 404 1256 "-" "Java/1.6.0_20"
145.129.98.154 - - [17/Jan/2014:10:16:21 +0100] "GET /fls_4_kontakt_anmeldung.php HTTP/1.1" 404 1256 "-" "Java/1.6.0_20"
145.129.98.154 - - [17/Jan/2014:10:16:22 +0100] "GET /index.php HTTP/1.1" 302 - "-" "Java/1.6.0_20"
145.129.98.154 - - [17/Jan/2014:10:16:22 +0100] "GET /index_en.php HTTP/1.1" 404 1256 "-" "Java/1.6.0_20"
145.129.98.154 - - [17/Jan/2014:10:16:22 +0100] "GET /index_fr.php HTTP/1.1" 404 1256 "-" "Java/1.6.0_20"
145.129.98.154 - - [17/Jan/2014:10:16:22 +0100] "GET /index_sp.php HTTP/1.1" 404 1256 "-" "Java/1.6.0_20"
145.129.98.154 - - [17/Jan/2014:10:16:22 +0100] "GET /& HTTP/1.1" 404 1256 "-" "Java/1.6.0_20"
145.129.98.154 - - [17/Jan/2014:10:16:22 +0100] "GET /& HTTP/1.1" 404 1256 "-" "Java/1.6.0_20"
145.129.98.154 - - [17/Jan/2014:10:16:22 +0100] "GET /& HTTP/1.1" 404 1256 "-" "Java/1.6.0_20"
145.129.98.154 - - [17/Jan/2014:10:16:22 +0100] "GET /& HTTP/1.1" 404 1256 "-" "Java/1.6.0_20"
145.129.98.154 - - [17/Jan/2014:10:16:23 +0100] "GET /& HTTP/1.1" 404 1256 "-" "Java/1.6.0_20"
145.129.98.154 - - [17/Jan/2014:10:16:23 +0100] "GET /& HTTP/1.1" 404 1256 "-" "Java/1.6.0_20"
145.129.98.154 - - [17/Jan/2014:10:16:23 +0100] "GET /& HTTP/1.1" 404 1256 "-" "Java/1.6.0_20"
145.129.98.154 - - [17/Jan/2014:10:16:23 +0100] "GET /& HTTP/1.1" 404 1256 "-" "Java/1.6.0_20"
145.129.98.154 - - [17/Jan/2014:10:16:23 +0100] "GET /& HTTP/1.1" 404 1256 "-" "Java/1.6.0_20"
145.129.98.154 - - [17/Jan/2014:10:16:23 +0100] "GET /& HTTP/1.1" 404 1256 "-" "Java/1.6.0_20"
145.129.98.154 - - [17/Jan/2014:10:16:23 +0100] "GET /& HTTP/1.1" 404 1256 "-" "Java/1.6.0_20"
145.129.98.154 - - [17/Jan/2014:10:16:23 +0100] "GET /& HTTP/1.1" 404 1256 "-" "Java/1.6.0_20"
145.129.98.154 - - [17/Jan/2014:10:16:23 +0100] "GET /& HTTP/1.1" 404 1256 "-" "Java/1.6.0_20"
145.129.98.154 - - [17/Jan/2014:10:16:23 +0100] "GET /& HTTP/1.1" 404 1256 "-" "Java/1.6.0_20"
145.129.98.154 - - [17/Jan/2014:10:16:23 +0100] "GET /& HTTP/1.1" 404 1256 "-" "Java/1.6.0_20"
145.129.98.154 - - [17/Jan/2014:10:16:24 +0100] "GET /& HTTP/1.1" 404 1256 "-" "Java/1.6.0_20"
145.129.98.154 - - [17/Jan/2014:10:16:24 +0100] "GET /& HTTP/1.1" 404 1256 "-" "Java/1.6.0_20"
145.129.98.154 - - [17/Jan/2014:10:16:24 +0100] "GET /& HTTP/1.1" 404 1256 "-" "Java/1.6.0_20"
145.129.98.154 - - [17/Jan/2014:10:16:24 +0100] "GET /& HTTP/1.1" 404 1256 "-" "Java/1.6.0_20"
145.129.98.154 - - [17/Jan/2014:10:16:24 +0100] "GET /& HTTP/1.1" 404 1256 "-" "Java/1.6.0_20"
85.43.145.90 - - [17/Jan/2014:10:49:31 +0100] "GET / HTTP/1.1" 302 - "http://www.google.com/url?sa=D&q=http://www.friedrich-list-berlin.de/&usg=AFQjCNEzwJg1Tfw7G3BlVecmK3Kmh_Rohw" "Mozilla/5.0 (Windows NT 5.1) AppleWebKit/537.36 (KHTML, like Gecko) Chrome/32.0.1700.76 Safari/537.36"
66.249.78.236 - - [17/Jan/2014:10:58:43 +0100] "GET /include.php?path=contentarchive&type=1&letter=V&catid=10&themeid=0&searchtext=&entries=0&order=titled&nid=13 HTTP/1.1" 404 1256 "-" "Mozilla/5.0 (compatible; Googlebot/2.1; +http://www.google.com/bot.html)"
66.249.78.236 - - [17/Jan/2014:11:05:51 +0100] "GET /include.php?path=contentarchive&type=1&letter=O&catid=0&themeid=0&searchtext=&entries=0&order=dated&nid=32 HTTP/1.1" 404 1256 "-" "Mozilla/5.0 (compatible; Googlebot/2.1; +http://www.google.com/bot.html)"
66.249.78.236 - - [17/Jan/2014:11:12:58 +0100] "GET /include.php?path=contentarchive&type=4&catid=6&letter=W&entries=0&searchtext=&order=title&nid=19 HTTP/1.1" 404 1256 "-" "Mozilla/5.0 (compatible; Googlebot/2.1; +http://www.google.com/bot.html)"
66.249.78.236 - - [17/Jan/2014:11:23:40 +0100] "GET /include.php?path=contentarchive&type=4&letter=H&catid=7&themeid=0&searchtext=&entries=0&order=&nid=19 HTTP/1.1" 404 1256 "-" "Mozilla/5.0 (compatible; Googlebot/2.1; +http://www.google.com/bot.html)"
66.249.78.236 - - [17/Jan/2014:11:55:45 +0100] "GET /include.php?path=contentarchive&type=2&letter=C&catid=9&themeid=0&searchtext=&entries=0&order=&nid=13 HTTP/1.1" 404 1256 "-" "Mozilla/5.0 (compatible; Googlebot/2.1; +http://www.google.com/bot.html)"
66.249.78.236 - - [17/Jan/2014:12:06:27 +0100] "GET /include.php?path=contentarchive&type=2&catid=0&letter=S&entries=0&searchtext=&order=dated&nid=19 HTTP/1.1" 404 1256 "-" "Mozilla/5.0 (compatible; Googlebot/2.1; +http://www.google.com/bot.html)"
66.249.78.236 - - [17/Jan/2014:12:17:09 +0100] "GET /include.php?path=contentarchive&type=4&letter=U&catid=0&themeid=0&searchtext=&entries=0&order=title&nid=19 HTTP/1.1" 404 1256 "-" "Mozilla/5.0 (compatible; Googlebot/2.1; +http://www.google.com/bot.html)"
66.249.78.236 - - [17/Jan/2014:12:20:43 +0100] "GET /include.php?path=contentarchive&type=1&catid=10&letter=R&entries=0&searchtext=&order=titled&nid=21 HTTP/1.1" 404 1256 "-" "Mozilla/5.0 (compatible; Googlebot/2.1; +http://www.google.com/bot.html)"
141.8.147.12 - - [17/Jan/2014:12:24:41 +0100] "GET /robots.txt HTTP/1.1" 404 1256 "-" "Mozilla/5.0 (compatible; YandexBot/3.0; +http://yandex.com/bots)"
141.8.147.12 - - [17/Jan/2014:12:24:43 +0100] "GET / HTTP/1.1" 302 - "-" "Mozilla/5.0 (compatible; YandexBot/3.0; +http://yandex.com/bots)"
66.249.78.236 - - [17/Jan/2014:12:59:55 +0100] "GET /include.php?path=contentarchive&type=1&letter=V&catid=9&themeid=0&searchtext=&entries=0&order=titled&nid=4 HTTP/1.1" 404 1256 "-" "Mozilla/5.0 (compatible; Googlebot/2.1; +http://www.google.com/bot.html)"
66.249.66.240 - - [17/Jan/2014:13:07:03 +0100] "GET /include.php?path=contentarchive&type=4&letter=A&catid=6&themeid=0&searchtext=&entries=0&order=&nid=32 HTTP/1.1" 404 1256 "-" "Mozilla/5.0 (compatible; Googlebot/2.1; +http://www.google.com/bot.html)"
66.249.78.236 - - [17/Jan/2014:13:10:37 +0100] "GET /include.php?path=contentarchive&type=1&letter=alle&catid=10&themeid=0&searchtext=&entries=0&order=title&nid=4 HTTP/1.1" 404 1256 "-" "Mozilla/5.0 (compatible; Googlebot/2.1; +http://www.google.com/bot.html)"
66.249.78.236 - - [17/Jan/2014:13:17:45 +0100] "GET /include.php?path=contentarchive&type=2&letter=R&catid=0&themeid=0&searchtext=&entries=8&order=dated&nid=13 HTTP/1.1" 404 1256 "-" "Mozilla/5.0 (compatible; Googlebot/2.1; +http://www.google.com/bot.html)"
208.115.111.69 - - [17/Jan/2014:13:51:20 +0100] "GET /robots.txt HTTP/1.1" 404 1256 "-" "Mozilla/5.0 (compatible; Ezooms/1.0; help@moz.com)"
66.249.78.236 - - [17/Jan/2014:14:31:37 +0100] "GET /include.php?path=contentarchive&type=1&letter=O&catid=9&themeid=0&searchtext=&entries=0&order=&nid=21 HTTP/1.1" 404 1256 "-" "Mozilla/5.0 (compatible; Googlebot/2.1; +http://www.google.com/bot.html)"
66.249.78.236 - - [17/Jan/2014:14:36:41 +0100] "GET /include.php?path=contentarchive&type=4&letter=Z&catid=0&themeid=0&searchtext=&entries=0&order=&nid=19 HTTP/1.1" 404 1256 "-" "Mozilla/5.0 (compatible; Googlebot/2.1; +http://www.google.com/bot.html)"
66.249.78.236 - - [17/Jan/2014:14:41:51 +0100] "GET /include.php?path=contentarchive&type=1&letter=J&catid=1&themeid=0&searchtext=&entries=5&order=titled&nid=4 HTTP/1.1" 404 1256 "-" "Mozilla/5.0 (compatible; Googlebot/2.1; +http://www.google.com/bot.html)"
66.249.78.236 - - [17/Jan/2014:14:47:10 +0100] "GET /include.php?path=contentarchive&type=1&letter=N&catid=0&themeid=0&searchtext=&entries=5&order=title&nid=19 HTTP/1.1" 404 1256 "-" "Mozilla/5.0 (compatible; Googlebot/2.1; +http://www.google.com/bot.html)"
66.249.78.236 - - [17/Jan/2014:14:52:21 +0100] "GET /include.php?path=contentarchive&type=2&letter=Q&catid=8&themeid=0&searchtext=&entries=0&order=&nid=4 HTTP/1.1" 404 1256 "-" "Mozilla/5.0 (compatible; Googlebot/2.1; +http://www.google.com/bot.html)"
66.249.78.236 - - [17/Jan/2014:14:57:52 +0100] "GET /include.php?path=contentarchive&type=2&letter=U&catid=1&themeid=0&searchtext=&entries=0&order=dated&nid=32 HTTP/1.1" 404 1256 "-" "Mozilla/5.0 (compatible; Googlebot/2.1; +http://www.google.com/bot.html)"
66.249.78.236 - - [17/Jan/2014:15:15:30 +0100] "GET /include.php?path=contentarchive&type=1&letter=V&catid=1&themeid=0&searchtext=&entries=0&order=title HTTP/1.1" 404 1256 "-" "Mozilla/5.0 (compatible; Googlebot/2.1; +http://www.google.com/bot.html)"
208.115.113.85 - - [17/Jan/2014:15:42:38 +0100] "GET /robots.txt HTTP/1.1" 404 1256 "-" "Mozilla/5.0 (compatible; Ezooms/1.0; help@moz.com)"
208.115.111.69 - - [17/Jan/2014:15:53:38 +0100] "GET /include.php?path=contentarchive&type=2&letter=F&catid=0&themeid=0&searchtext=&entries=0&order= HTTP/1.1" 404 1256 "-" "Mozilla/5.0 (compatible; Ezooms/1.0; help@moz.com)"
66.249.78.236 - - [17/Jan/2014:16:10:18 +0100] "GET /include.php?path=contentarchive&type=1&letter=S&catid=10&themeid=0&searchtext=&entries=0&order=title&nid=4 HTTP/1.1" 404 1256 "-" "Mozilla/5.0 (compatible; Googlebot/2.1; +http://www.google.com/bot.html)"
66.249.78.236 - - [17/Jan/2014:16:16:52 +0100] "GET /include.php?path=contentarchive&type=2&letter=K&catid=0&themeid=0&searchtext=&entries=8&order=dated&nid=4 HTTP/1.1" 404 1256 "-" "Mozilla/5.0 (compatible; Googlebot/2.1; +http://www.google.com/bot.html)"
66.249.78.236 - - [17/Jan/2014:16:23:40 +0100] "GET /include.php?path=contentarchive&type=1&catid=10&letter=H&entries=0&searchtext=&order=date&nid=4 HTTP/1.1" 404 1256 "-" "Mozilla/5.0 (compatible; Googlebot/2.1; +http://www.google.com/bot.html)"
66.249.78.236 - - [17/Jan/2014:16:30:13 +0100] "GET /include.php?path=contentarchive&type=2&letter=Z&catid=0&themeid=0&searchtext=&entries=8&order=titled&nid=13 HTTP/1.1" 404 1256 "-" "Mozilla/5.0 (compatible; Googlebot/2.1; +http://www.google.com/bot.html)"
66.249.78.236 - - [17/Jan/2014:16:37:21 +0100] "GET /include.php?path=contentarchive&type=2&letter=K&catid=0&themeid=0&searchtext=&entries=8&order=dated&nid=19 HTTP/1.1" 404 1256 "-" "Mozilla/5.0 (compatible; Googlebot/2.1; +http://www.google.com/bot.html)"
88.198.110.130 - - [17/Jan/2014:16:58:43 +0100] "GET /include.php?path=article&contentid=78 HTTP/1.1" 404 1256 "-" "Mozilla/4.0 (compatible; MSIE 6.0; Windows 98; Win 9x4.90)"
78.52.226.61 - - [17/Jan/2014:17:13:29 +0100] "GET / HTTP/1.1" 302 - "http://maps.google.de/local_url?dq=friedrich+list+schule&q=http://www.friedrich-list-berlin.de/&oi=miw&sa=X&ct=miw_link&cd=1&cad=homepage,cid:15796106503487596536&ei=QFbZUsznO7SaiQb2qID4Ag&s=ANYYN7kO5yxQSP4GCNcCbBEPSDqQWMoi_A" "Mozilla/5.0 (Windows NT 6.1; WOW64) AppleWebKit/537.36 (KHTML, like Gecko) Chrome/31.0.1650.63 Safari/537.36 OPR/18.0.1284.68"
208.115.113.85 - - [17/Jan/2014:17:40:59 +0100] "GET /include.php?path=contentarchive&type=2&letter=Q&catid=0&themeid=0&searchtext=&entries=0&order=title HTTP/1.1" 404 1256 "-" "Mozilla/5.0 (compatible; Ezooms/1.0; help@moz.com)"
208.115.113.85 - - [17/Jan/2014:17:41:03 +0100] "GET /include.php?path=contentarchive&type=2&letter=X&catid=0&themeid=0&searchtext=&entries=0&order= HTTP/1.1" 404 1256 "-" "Mozilla/5.0 (compatible; Ezooms/1.0; help@moz.com)"
66.249.78.236 - - [17/Jan/2014:17:45:34 +0100] "GET /robots.txt HTTP/1.1" 404 1256 "-" "Mozilla/5.0 (compatible; Googlebot/2.1; +http://www.google.com/bot.html)"
66.249.78.236 - - [17/Jan/2014:17:45:35 +0100] "GET /include.php?path=contentarchive&type=1&letter=J&catid=10&themeid=0&searchtext=&entries=0&order=titled HTTP/1.1" 404 1256 "-" "Mozilla/5.0 (compatible; Googlebot/2.1; +http://www.google.com/bot.html)"
66.249.78.236 - - [17/Jan/2014:17:52:44 +0100] "GET /include.php?path=contentarchive&type=1&catid=10&letter=K&entries=0&searchtext=&order=title&nid=13 HTTP/1.1" 404 1256 "-" "Mozilla/5.0 (compatible; Googlebot/2.1; +http://www.google.com/bot.html)"
176.9.50.42 - - [17/Jan/2014:17:55:25 +0100] "GET /include.php?path=contentarchive&type=2&letter=T&catid=0&themeid=0&searchtext=&entries=0&order=dated HTTP/1.1" 404 1256 "-" "Mozilla/4.0 (compatible; MSIE 6.0; Windows 98; Win 9x4.90)"
37.49.126.33 - - [17/Jan/2014:18:06:53 +0100] "GET / HTTP/1.1" 302 - "https://www.google.de/" "Mozilla/5.0 (Windows NT 6.0) AppleWebKit/537.36 (KHTML, like Gecko) Chrome/32.0.1700.76 Safari/537.36"
66.249.66.240 - - [17/Jan/2014:18:11:41 +0100] "GET /include.php?path=contentarchive&type=1&catid=10&letter=R&entries=0&searchtext=&order=dated&nid=13 HTTP/1.1" 404 1256 "-" "Mozilla/5.0 (compatible; Googlebot/2.1; +http://www.google.com/bot.html)"
66.249.78.236 - - [17/Jan/2014:18:18:46 +0100] "GET /include.php?path=contentarchive&type=1&catid=10&letter=R&entries=0&searchtext=&order=titled&nid=4 HTTP/1.1" 404 1256 "-" "Mozilla/5.0 (compatible; Googlebot/2.1; +http://www.google.com/bot.html)"
66.249.78.236 - - [17/Jan/2014:18:25:15 +0100] "GET /include.php?path=contentarchive&type=2&catid=1&letter=R&entries=0&searchtext=&order=title&nid=13 HTTP/1.1" 404 1256 "-" "Mozilla/5.0 (compatible; Googlebot/2.1; +http://www.google.com/bot.html)"
66.249.78.236 - - [17/Jan/2014:18:34:25 +0100] "GET /include.php?path=contentarchive&type=2&letter=D&catid=0&themeid=0&searchtext=&entries=8&order=&nid=19 HTTP/1.1" 404 1256 "-" "Mozilla/5.0 (compatible; Googlebot/2.1; +http://www.google.com/bot.html)"
66.249.78.236 - - [17/Jan/2014:19:43:52 +0100] "GET /include.php?comcat=gbxdkbzcvnrsl HTTP/1.1" 404 1256 "-" "Mozilla/5.0 (compatible; Googlebot/2.1; +http://www.google.com/bot.html)"
141.8.147.12 - - [17/Jan/2014:20:45:04 +0100] "GET /robots.txt HTTP/1.1" 404 1256 "-" "Mozilla/5.0 (compatible; YandexBot/3.0; +http://yandex.com/bots)"
141.8.147.12 - - [17/Jan/2014:20:45:07 +0100] "GET /index_en.php HTTP/1.1" 404 1256 "-" "Mozilla/5.0 (compatible; YandexBot/3.0; +http://yandex.com/bots)"
141.8.147.12 - - [17/Jan/2014:20:45:09 +0100] "GET /index_fr.php HTTP/1.1" 404 1256 "-" "Mozilla/5.0 (compatible; YandexBot/3.0; +http://yandex.com/bots)"
141.8.147.12 - - [17/Jan/2014:20:45:11 +0100] "GET /fls_2_kurs_ecbm_london.php HTTP/1.1" 404 1256 "-" "Mozilla/5.0 (compatible; YandexBot/3.0; +http://yandex.com/bots)"
141.8.147.12 - - [17/Jan/2014:20:45:13 +0100] "GET /fls_2_fremdsprachenkorr.php HTTP/1.1" 404 1256 "-" "Mozilla/5.0 (compatible; YandexBot/3.0; +http://yandex.com/bots)"
141.8.147.12 - - [17/Jan/2014:20:45:15 +0100] "GET /fls_2_fremdsprachensekr.php HTTP/1.1" 404 1256 "-" "Mozilla/5.0 (compatible; YandexBot/3.0; +http://yandex.com/bots)"
141.8.147.12 - - [17/Jan/2014:20:45:17 +0100] "GET /fls_4_impressum.php HTTP/1.1" 404 1256 "-" "Mozilla/5.0 (compatible; YandexBot/3.0; +http://yandex.com/bots)"
141.8.147.12 - - [17/Jan/2014:20:45:19 +0100] "GET /fls_1_aktuelles.php?artid=39 HTTP/1.1" 404 1256 "-" "Mozilla/5.0 (compatible; YandexBot/3.0; +http://yandex.com/bots)"
141.8.147.12 - - [17/Jan/2014:20:45:21 +0100] "GET /fls_3_fls_international.php HTTP/1.1" 404 1256 "-" "Mozilla/5.0 (compatible; YandexBot/3.0; +http://yandex.com/bots)"
141.8.147.12 - - [17/Jan/2014:20:45:23 +0100] "GET /fls_2_europakorr.php HTTP/1.1" 404 1256 "-" "Mozilla/5.0 (compatible; YandexBot/3.0; +http://yandex.com/bots)"
141.8.147.12 - - [17/Jan/2014:20:45:25 +0100] "GET /fls_1_aktuelles.php HTTP/1.1" 404 1256 "-" "Mozilla/5.0 (compatible; YandexBot/3.0; +http://yandex.com/bots)"
141.8.147.12 - - [17/Jan/2014:20:45:27 +0100] "GET /fls_2_berufsfachschule.php HTTP/1.1" 404 1256 "-" "Mozilla/5.0 (compatible; YandexBot/3.0; +http://yandex.com/bots)"
141.8.147.12 - - [17/Jan/2014:20:45:29 +0100] "GET /fls_4_kontakt_anmeldung.php HTTP/1.1" 404 1256 "-" "Mozilla/5.0 (compatible; YandexBot/3.0; +http://yandex.com/bots)"
66.249.66.240 - - [17/Jan/2014:22:08:24 +0100] "GET / HTTP/1.1" 302 - "-" "DoCoMo/2.0 N905i(c100;TB;W24H16) (compatible; Googlebot-Mobile/2.1; +http://www.google.com/bot.html)"
128.131.102.100 - - [17/Jan/2014:22:48:25 +0100] "GET / HTTP/1.0" 302 - "-" "Mozilla/5.0 (KeepRight OpenStreetMap Checker; http://keepright.at) Gecko/20100101 Firefox/22.0"
176.9.50.42 - - [17/Jan/2014:23:09:59 +0100] "GET /?path=contentarchive&type=2&letter=W&catid=0&themeid=0&searchtext=&entries=0&order= HTTP/1.1" 302 - "-" "Mozilla/4.0 (compatible; MSIE 6.0; Windows 98; Win 9x4.90)"
79.193.139.217 - - [17/Jan/2014:23:20:11 +0100] "GET / HTTP/1.1" 302 - "http://www.google.de/url?sa=t&rct=j&q=&esrc=s&source=web&cd=1&cad=rja&ved=0CDIQFjAA&url=http%3A%2F%2Fwww.friedrich-list-berlin.de%2F&ei=V6zZUsK3JYjnswbZ2oDoCA&usg=AFQjCNGsKs3TvBQ4z91zrYvo9_SfKi5nug&sig2=HERh6DyE2TnyxLyiliKx7g&bvm=bv.59568121,d.Yms" "Mozilla/5.0 (Windows NT 6.0; WOW64; rv:26.0) Gecko/20100101 Firefox/26.0"
208.115.113.85 - - [17/Jan/2014:23:42:18 +0100] "GET /robots.txt HTTP/1.1" 404 1256 "-" "Mozilla/5.0 (compatible; Ezooms/1.0; help@moz.com)"
178.77.126.55 - - [18/Jan/2014:00:01:55 +0100] "GET /robots.txt HTTP/1.1" 404 1256 "-" "Mozilla/5.0 (compatible; CareerBot/1.1; +http://www.career-x.de/bot.html)"
178.77.126.55 - - [18/Jan/2014:00:01:55 +0100] "GET / HTTP/1.1" 302 - "-" "Mozilla/5.0 (compatible; CareerBot/1.1; +http://www.career-x.de/bot.html)"
185.3.40.132 - - [18/Jan/2014:01:41:05 +0100] "HEAD / HTTP/1.1" 302 - "-" "Mozilla/5.0 (Windows; U; Windows NT 6.1; en-US; rv:1.9.1.6) Gecko/20091201 Firefox/3.5.6 (.NET CLR 3.5.30729)"
185.3.40.132 - - [18/Jan/2014:01:41:05 +0100] "HEAD / HTTP/1.1" 302 - "-" "Mozilla/5.0 (Windows; U; Windows NT 6.1; en-US; rv:1.9.1.6) Gecko/20091201 Firefox/3.5.6 (.NET CLR 3.5.30729)"
185.3.40.132 - - [18/Jan/2014:01:41:05 +0100] "HEAD / HTTP/1.1" 302 - "-" "Mozilla/5.0 (Windows; U; Windows NT 6.1; en-US; rv:1.9.1.6) Gecko/20091201 Firefox/3.5.6 (.NET CLR 3.5.30729)"
93.180.157.59 - - [18/Jan/2014:01:41:22 +0100] "GET / HTTP/1.1" 302 - "-" "Mozilla/5.0 (Unknown; Linux x86_64) AppleWebKit/534.34 (KHTML, like Gecko) PhantomJS/1.9.2 Safari/534.34"
208.115.113.85 - - [18/Jan/2014:01:43:02 +0100] "GET /?path=contentarchive&type=2&letter=V&catid=0&themeid=0&searchtext=&entries=0&order= HTTP/1.1" 302 - "-" "Mozilla/5.0 (compatible; Ezooms/1.0; help@moz.com)"
208.115.113.85 - - [18/Jan/2014:01:43:05 +0100] "GET /include.php?path=contentarchive&type=2&letter=0-9&catid=0&themeid=0&searchtext=&entries=0&order=title HTTP/1.1" 404 1256 "-" "Mozilla/5.0 (compatible; Ezooms/1.0; help@moz.com)"
176.9.50.42 - - [18/Jan/2014:01:52:21 +0100] "GET /include.php?path=contentarchive&type=2&catid=0&letter=&entries=0&searchtext=&order=dated&nid=19 HTTP/1.1" 404 1256 "-" "Mozilla/4.0 (compatible; MSIE 6.0; Windows 98; Win 9x4.90)"
208.115.111.69 - - [18/Jan/2014:02:02:10 +0100] "GET /robots.txt HTTP/1.1" 404 1256 "-" "Mozilla/5.0 (compatible; Ezooms/1.0; help@moz.com)"
208.115.111.69 - - [18/Jan/2014:04:05:23 +0100] "GET /?path=contentarchive&type=2&letter=G&catid=0&themeid=0&searchtext=&entries=0&order= HTTP/1.1" 302 - "-" "Mozilla/5.0 (compatible; Ezooms/1.0; help@moz.com)"
208.115.111.69 - - [18/Jan/2014:04:05:28 +0100] "GET /include.php?path=contentarchive&type=2&letter=T&catid=0&themeid=0&searchtext=&entries=0&order= HTTP/1.1" 404 1256 "-" "Mozilla/5.0 (compatible; Ezooms/1.0; help@moz.com)"
101.226.167.251 - - [18/Jan/2014:05:10:17 +0100] "GET /robots.txt HTTP/1.1" 404 1256 "http://www.friedrich-list-berlin.de/robots.txt" "Mozilla/4.0 (compatible; MSIE 8.0; Windows NT 6.1; Trident/4.0; SLCC2; .NET CLR 2.0.50727; .NET CLR 3.5.30729; .NET CLR 3.0.30729; Media Center PC 6.0; MDDR; .NET4.0C; .NET4.0E; .NET CLR 1.1.4322; Tablet PC 2.0); 360Spider"
66.249.66.240 - - [18/Jan/2014:05:26:48 +0100] "GET /?path=content&contentid=47&nid=2 HTTP/1.1" 302 - "-" "Mozilla/5.0 (compatible; Googlebot/2.1; +http://www.google.com/bot.html)"
208.115.111.69 - - [18/Jan/2014:05:49:25 +0100] "GET /robots.txt HTTP/1.1" 404 1256 "-" "Mozilla/5.0 (compatible; Ezooms/1.0; help@moz.com)"
66.249.78.115 - - [18/Jan/2014:07:04:17 +0100] "GET /robots.txt HTTP/1.1" 404 1256 "-" "Mozilla/5.0 (compatible; Googlebot/2.1; +http://www.google.com/bot.html)"
66.249.66.9 - - [18/Jan/2014:07:04:17 +0100] "GET / HTTP/1.1" 302 - "-" "DoCoMo/2.0 N905i(c100;TB;W24H16) (compatible; Googlebot-Mobile/2.1; +http://www.google.com/bot.html)"
208.115.113.85 - - [18/Jan/2014:07:39:31 +0100] "GET /robots.txt HTTP/1.1" 404 1256 "-" "Mozilla/5.0 (compatible; Ezooms/1.0; help@moz.com)"
208.115.111.69 - - [18/Jan/2014:07:46:41 +0100] "GET /?path=contentarchive&type=2 HTTP/1.1" 302 - "-" "Mozilla/5.0 (compatible; Ezooms/1.0; help@moz.com)"
208.115.113.85 - - [18/Jan/2014:09:44:29 +0100] "GET /include.php?path=contentarchive&catid=1&type=3 HTTP/1.1" 404 1256 "-" "Mozilla/5.0 (compatible; Ezooms/1.0; help@moz.com)"
208.115.113.85 - - [18/Jan/2014:09:44:38 +0100] "GET /include.php?path=contentarchive&type=3&letter=D&catid=0&themeid=0&searchtext=&entries=0&order= HTTP/1.1" 404 1256 "-" "Mozilla/5.0 (compatible; Ezooms/1.0; help@moz.com)"
85.25.110.112 - - [18/Jan/2014:10:11:04 +0100] "GET /include.php?path=contentarchive&type=2&catid=0&letter=V&entries=0&searchtext=&order=titled HTTP/1.1" 404 1256 "-" "Mozilla/4.0 (compatible; MSIE 6.0; Windows 98; Win 9x4.90)"
66.249.78.236 - - [18/Jan/2014:10:28:45 +0100] "GET /robots.txt HTTP/1.1" 404 1256 "-" "Mozilla/5.0 (compatible; Googlebot/2.1; +http://www.google.com/bot.html)"
46.115.45.49 - - [18/Jan/2014:10:47:35 +0100] "GET / HTTP/1.1" 302 - "https://www.google.de/" "Mozilla/5.0 (Linux; U; Android 4.3; de-de; GT-I9300 Build/JSS15J) AppleWebKit/534.30 (KHTML, like Gecko) Version/4.0 Mobile Safari/534.30"
89.204.137.74 - - [18/Jan/2014:12:05:03 +0100] "GET / HTTP/1.1" 302 - "-" "Mozilla/5.0 (iPhone; CPU iPhone OS 7_0_4 like Mac OS X) AppleWebKit/537.51.1 (KHTML, like Gecko) Mobile/11B554a"
66.249.78.236 - - [18/Jan/2014:12:10:35 +0100] "GET /robots.txt HTTP/1.1" 404 1256 "-" "Mozilla/5.0 (compatible; Googlebot/2.1; +http://www.google.com/bot.html)"
66.249.78.236 - - [18/Jan/2014:12:10:36 +0100] "GET /content/download/Projektskizzenformular.doc HTTP/1.1" 404 1256 "-" "Mozilla/5.0 (compatible; Googlebot/2.1; +http://www.google.com/bot.html)"
162.210.196.130 - - [18/Jan/2014:12:57:06 +0100] "GET /robots.txt HTTP/1.0" 404 1256 "-" "Mozilla/5.0 (compatible; MJ12bot/v1.4.4; http://www.majestic12.co.uk/bot.php?+)"
162.210.196.130 - - [18/Jan/2014:12:57:08 +0100] "GET / HTTP/1.0" 302 - "-" "Mozilla/5.0 (compatible; MJ12bot/v1.4.4; http://www.majestic12.co.uk/bot.php?+)"
176.9.50.42 - - [18/Jan/2014:13:37:16 +0100] "GET /include.php?path=contentarchive&type=2&catid=0&letter=N&entries=0&searchtext=&order=titled HTTP/1.1" 404 1256 "-" "Mozilla/4.0 (compatible; MSIE 6.0; Windows 98; Win 9x4.90)"
188.102.166.60 - - [18/Jan/2014:14:28:07 +0100] "GET / HTTP/1.1" 302 - "https://www.google.de/" "Mozilla/5.0 (Windows NT 6.1; WOW64) AppleWebKit/537.36 (KHTML, like Gecko) Chrome/32.0.1700.76 Safari/537.36"
103.31.200.92 - - [18/Jan/2014:14:53:27 +0100] "GET /robots.txt HTTP/1.0" 404 1256 "http://www.friedrich-list-berlin.de/robots.txt" "Mozilla/4.0 (compatible; MSIE 8.0; Windows NT 5.1; Trident/4.0; .NET CLR 2.0.50727; .NET CLR 3.0.4506.2152; .NET CLR 3.5.30729)"
103.31.200.92 - - [18/Jan/2014:14:53:28 +0100] "GET / HTTP/1.0" 302 - "http://www.friedrich-list-berlin.de/" "Mozilla/4.0 (compatible; MSIE 8.0; Windows NT 5.1; Trident/4.0; .NET CLR 2.0.50727; .NET CLR 3.0.4506.2152; .NET CLR 3.5.30729)"
208.115.113.85 - - [18/Jan/2014:15:40:59 +0100] "GET /robots.txt HTTP/1.1" 404 1256 "-" "Mozilla/5.0 (compatible; Ezooms/1.0; help@moz.com)"
87.123.127.121 - - [18/Jan/2014:16:47:28 +0100] "GET / HTTP/1.1" 302 - "http://www.berlin.de/sen/bildung/schulverzeichnis_und_portraets/anwendung/Schulportrait.aspx?IDSchulzweig=11652" "Mozilla/5.0 (Macintosh; Intel Mac OS X 10_8_4) AppleWebKit/536.30.1 (KHTML, like Gecko) Version/6.0.5 Safari/536.30.1"
208.115.113.85 - - [18/Jan/2014:17:41:43 +0100] "GET /?path=contentarchive&type=2&letter=D&catid=0&themeid=0&searchtext=&entries=0&order= HTTP/1.1" 302 - "-" "Mozilla/5.0 (compatible; Ezooms/1.0; help@moz.com)"
208.115.113.85 - - [18/Jan/2014:17:41:46 +0100] "GET /include.php?path=contentarchive&type=3&letter=F&catid=0&themeid=0&searchtext=&entries=0&order= HTTP/1.1" 404 1256 "-" "Mozilla/5.0 (compatible; Ezooms/1.0; help@moz.com)"
193.164.132.195 - - [18/Jan/2014:17:48:39 +0100] "GET / HTTP/1.1" 302 - "-" "Java/1.6.0_04"
193.164.132.195 - - [18/Jan/2014:17:50:11 +0100] "GET /fls_1_aktuelles.php HTTP/1.1" 404 1256 "-" "Java/1.6.0_04"
193.164.132.195 - - [18/Jan/2014:17:50:28 +0100] "GET /fls_2_fremdsprachensekr.php HTTP/1.1" 404 1256 "-" "Java/1.6.0_04"
193.164.132.195 - - [18/Jan/2014:17:52:09 +0100] "GET /fls_3_fls_international.php HTTP/1.1" 404 1256 "-" "Java/1.6.0_04"
208.115.111.69 - - [18/Jan/2014:17:52:53 +0100] "GET /robots.txt HTTP/1.1" 404 1256 "-" "Mozilla/5.0 (compatible; Ezooms/1.0; help@moz.com)"
193.164.132.195 - - [18/Jan/2014:17:53:00 +0100] "GET /fls_4_faq.php HTTP/1.1" 404 1256 "-" "Java/1.6.0_04"
193.164.132.195 - - [18/Jan/2014:17:53:12 +0100] "GET /fls_4_impressum.php HTTP/1.1" 404 1256 "-" "Java/1.6.0_04"
193.164.132.195 - - [18/Jan/2014:17:53:41 +0100] "GET /fls_4_kontakt_anmeldung.php HTTP/1.1" 404 1256 "-" "Java/1.6.0_04"
193.164.132.195 - - [18/Jan/2014:17:54:01 +0100] "GET /index.php HTTP/1.1" 302 - "-" "Java/1.6.0_04"
193.164.132.195 - - [18/Jan/2014:17:54:32 +0100] "GET /index_en.php HTTP/1.1" 404 1256 "-" "Java/1.6.0_04"
193.164.132.195 - - [18/Jan/2014:17:55:39 +0100] "GET /index_fr.php HTTP/1.1" 404 1256 "-" "Java/1.6.0_04"
