208.115.113.85 - - [01/Jan/2014:03:53:21 +0100] "GET /robots.txt HTTP/1.1" 404 1256 "-" "Mozilla/5.0 (compatible; Ezooms/1.0; help@moz.com)"
66.249.78.236 - - [01/Jan/2014:04:16:36 +0100] "GET /include.php?path=contentarchive&type=4&letter=R&catid=7&themeid=0&searchtext=&entries=0&order=&nid=13 HTTP/1.1" 404 1256 "-" "Mozilla/5.0 (compatible; Googlebot/2.1; +http://www.google.com/bot.html)"
208.115.111.69 - - [01/Jan/2014:05:50:02 +0100] "GET /robots.txt HTTP/1.1" 404 1256 "-" "Mozilla/5.0 (compatible; Ezooms/1.0; help@moz.com)"
208.115.113.85 - - [01/Jan/2014:05:59:51 +0100] "GET /include.php?path=contentarchive&catid=1&type=3 HTTP/1.1" 404 1256 "-" "Mozilla/5.0 (compatible; Ezooms/1.0; help@moz.com)"
208.115.113.85 - - [01/Jan/2014:05:59:55 +0100] "GET /include.php?path=contentarchive&type=3&letter=D&catid=0&themeid=0&searchtext=&entries=0&order= HTTP/1.1" 404 1256 "-" "Mozilla/5.0 (compatible; Ezooms/1.0; help@moz.com)"
66.249.78.236 - - [01/Jan/2014:06:14:48 +0100] "GET /include.php?path=contentarchive&type=4&letter=V&catid=7&themeid=0&searchtext=&entries=0&order= HTTP/1.1" 404 1256 "-" "Mozilla/5.0 (compatible; Googlebot/2.1; +http://www.google.com/bot.html)"
141.8.147.12 - - [01/Jan/2014:06:22:04 +0100] "GET /robots.txt HTTP/1.1" 404 1256 "-" "Mozilla/5.0 (compatible; YandexBot/3.0; +http://yandex.com/bots)"
66.249.78.236 - - [01/Jan/2014:06:52:25 +0100] "GET /include.php?path=contentarchive&type=4&letter=N&catid=7&themeid=0&searchtext=&entries=0&order= HTTP/1.1" 404 1256 "-" "Mozilla/5.0 (compatible; Googlebot/2.1; +http://www.google.com/bot.html)"
208.115.111.69 - - [01/Jan/2014:07:51:30 +0100] "GET /?path=contentarchive&type=2&letter=G&catid=0&themeid=0&searchtext=&entries=0&order= HTTP/1.1" 302 - "-" "Mozilla/5.0 (compatible; Ezooms/1.0; help@moz.com)"
208.115.111.69 - - [01/Jan/2014:07:51:33 +0100] "GET /include.php?path=contentarchive&type=2&letter=T&catid=0&themeid=0&searchtext=&entries=0&order= HTTP/1.1" 404 1256 "-" "Mozilla/5.0 (compatible; Ezooms/1.0; help@moz.com)"
208.115.111.69 - - [01/Jan/2014:09:48:24 +0100] "GET /robots.txt HTTP/1.1" 404 1256 "-" "Mozilla/5.0 (compatible; Ezooms/1.0; help@moz.com)"
157.55.34.177 - - [01/Jan/2014:09:49:37 +0100] "GET /robots.txt HTTP/1.1" 404 1256 "-" "Mozilla/5.0 (compatible; bingbot/2.0; +http://www.bing.com/bingbot.htm)"
157.55.34.177 - - [01/Jan/2014:09:54:06 +0100] "GET /include.php?path=content&contentid=68&nid=30&nid=31 HTTP/1.1" 404 1256 "-" "Mozilla/5.0 (compatible; bingbot/2.0; +http://www.bing.com/bingbot.htm)"
208.115.111.69 - - [01/Jan/2014:11:46:05 +0100] "GET /?path=contentarchive&type=2 HTTP/1.1" 302 - "-" "Mozilla/5.0 (compatible; Ezooms/1.0; help@moz.com)"
208.115.113.85 - - [01/Jan/2014:11:52:13 +0100] "GET /robots.txt HTTP/1.1" 404 1256 "-" "Mozilla/5.0 (compatible; Ezooms/1.0; help@moz.com)"
5.10.83.36 - - [01/Jan/2014:13:10:29 +0100] "GET /robots.txt HTTP/1.1" 404 1256 "-" "Mozilla/5.0 (compatible; AhrefsBot/5.0; +http://ahrefs.com/robot/)"
5.10.83.36 - - [01/Jan/2014:13:52:15 +0100] "GET /robots.txt HTTP/1.1" 404 1256 "-" "Mozilla/5.0 (compatible; AhrefsBot/5.0; +http://ahrefs.com/robot/)"
208.115.113.85 - - [01/Jan/2014:13:58:18 +0100] "GET /?path=contentarchive&type=2&letter=D&catid=0&themeid=0&searchtext=&entries=0&order= HTTP/1.1" 302 - "-" "Mozilla/5.0 (compatible; Ezooms/1.0; help@moz.com)"
208.115.113.85 - - [01/Jan/2014:13:58:21 +0100] "GET /include.php?path=contentarchive&type=3&letter=C&catid=0&themeid=0&searchtext=&entries=0&order= HTTP/1.1" 404 1256 "-" "Mozilla/5.0 (compatible; Ezooms/1.0; help@moz.com)"
208.115.113.85 - - [01/Jan/2014:13:58:32 +0100] "GET /include.php?path=contentarchive&type=3&letter=F&catid=0&themeid=0&searchtext=&entries=0&order= HTTP/1.1" 404 1256 "-" "Mozilla/5.0 (compatible; Ezooms/1.0; help@moz.com)"
208.115.113.85 - - [01/Jan/2014:15:56:57 +0100] "GET /robots.txt HTTP/1.1" 404 1256 "-" "Mozilla/5.0 (compatible; Ezooms/1.0; help@moz.com)"
5.9.95.3 - - [01/Jan/2014:17:18:19 +0100] "GET /robots.txt HTTP/1.1" 404 1256 "http://fls-berlin.de/" "Mozilla/5.0 (compatible; ltbot/1.3; bot@language-tools.com)"
5.9.95.3 - - [01/Jan/2014:17:18:19 +0100] "GET / HTTP/1.1" 302 - "http://fls-berlin.de/" "Mozilla/5.0 (compatible; ltbot/1.3; bot@language-tools.com)"
5.9.95.3 - - [01/Jan/2014:17:18:21 +0100] "GET / HTTP/1.1" 302 - "http://fls-berlin.de/" "Mozilla/5.0 (compatible; ltbot/1.3; bot@language-tools.com)"
208.115.113.85 - - [01/Jan/2014:18:04:38 +0100] "GET /include.php?path=contentarchive&type=2&letter=L&catid=0&themeid=0&searchtext=&entries=0&order= HTTP/1.1" 404 1256 "-" "Mozilla/5.0 (compatible; Ezooms/1.0; help@moz.com)"
208.115.113.85 - - [01/Jan/2014:18:04:41 +0100] "GET /include.php?path=contentarchive&type=2&letter=P&catid=0&themeid=0&searchtext=&entries=0&order=title HTTP/1.1" 404 1256 "-" "Mozilla/5.0 (compatible; Ezooms/1.0; help@moz.com)"
192.99.9.164 - - [01/Jan/2014:18:56:32 +0100] "GET / HTTP/1.1" 302 - "-" "Mozilla/5.0 (Macintosh; Intel Mac OS X 10_8_4) AppleWebKit/537.36 (KHTML, like Gecko) Chrome/27.0.1453.110 Safari/537.36"
182.118.20.234 - - [01/Jan/2014:19:19:39 +0100] "GET /robots.txt HTTP/1.1" 404 1256 "http://www.friedrich-list-berlin.de/robots.txt" "Mozilla/5.0 (Windows; U; Windows NT 5.1; zh-CN; ) Firefox/1.5.0.11; 360Spider"
66.249.78.236 - - [01/Jan/2014:20:58:02 +0100] "GET /robots.txt HTTP/1.1" 404 1256 "-" "Mozilla/5.0 (compatible; Googlebot/2.1; +http://www.google.com/bot.html)"
66.249.78.236 - - [01/Jan/2014:20:58:02 +0100] "GET /include.php?path=contentarchive&type=2&catid=9&letter=H&entries=0&searchtext=&order=titled HTTP/1.1" 404 1256 "-" "Mozilla/5.0 (compatible; Googlebot/2.1; +http://www.google.com/bot.html)"
208.115.111.69 - - [01/Jan/2014:21:31:34 +0100] "GET /robots.txt HTTP/1.1" 404 1256 "-" "Mozilla/5.0 (compatible; Ezooms/1.0; help@moz.com)"
208.115.111.69 - - [01/Jan/2014:23:16:29 +0100] "GET /include.php?path=contentarchive&type=3&letter=B&catid=0&themeid=0&searchtext=&entries=0&order= HTTP/1.1" 404 1256 "-" "Mozilla/5.0 (compatible; Ezooms/1.0; help@moz.com)"
66.249.78.115 - - [01/Jan/2014:23:30:17 +0100] "GET /robots.txt HTTP/1.1" 404 1256 "-" "Mozilla/5.0 (compatible; Googlebot/2.1; +http://www.google.com/bot.html)"
66.249.78.115 - - [01/Jan/2014:23:30:17 +0100] "GET / HTTP/1.1" 302 - "-" "Mozilla/5.0 (compatible; Googlebot/2.1; +http://www.google.com/bot.html)"
208.115.111.69 - - [02/Jan/2014:01:33:54 +0100] "GET /robots.txt HTTP/1.1" 404 1256 "-" "Mozilla/5.0 (compatible; Ezooms/1.0; help@moz.com)"
208.115.111.69 - - [02/Jan/2014:01:33:55 +0100] "GET /robots.txt HTTP/1.1" 404 1256 "-" "Mozilla/5.0 (compatible; Ezooms/1.0; help@moz.com)"
141.8.147.12 - - [02/Jan/2014:01:45:56 +0100] "GET /robots.txt HTTP/1.1" 404 1256 "-" "Mozilla/5.0 (compatible; YandexBot/3.0; +http://yandex.com/bots)"
208.115.111.69 - - [02/Jan/2014:01:55:44 +0100] "GET / HTTP/1.1" 302 - "-" "Mozilla/5.0 (compatible; Ezooms/1.0; help@moz.com)"
217.114.217.235 - - [02/Jan/2014:02:53:01 +0100] "HEAD /feed/ HTTP/1.1" 404 - "-" "Ruby"
217.114.217.235 - - [02/Jan/2014:02:53:01 +0100] "GET / HTTP/1.1" 302 - "-" "\"manhattan-tool\""
208.115.111.69 - - [02/Jan/2014:03:22:04 +0100] "GET /include.php?path=contentarchive&type=2&letter=T&catid=0&themeid=0&searchtext=&entries=0&order=title HTTP/1.1" 404 1256 "-" "Mozilla/5.0 (compatible; Ezooms/1.0; help@moz.com)"
208.115.111.69 - - [02/Jan/2014:03:22:06 +0100] "GET /include.php?path=contentarchive&type=3&letter=H&catid=0&themeid=0&searchtext=&entries=0&order= HTTP/1.1" 404 1256 "-" "Mozilla/5.0 (compatible; Ezooms/1.0; help@moz.com)"
141.8.147.12 - - [02/Jan/2014:03:49:11 +0100] "GET / HTTP/1.1" 302 - "-" "Mozilla/5.0 (compatible; YandexBot/3.0; +http://yandex.com/bots)"
5.10.83.14 - - [02/Jan/2014:05:15:40 +0100] "GET / HTTP/1.1" 302 - "-" "Mozilla/5.0 (compatible; AhrefsBot/5.0; +http://ahrefs.com/robot/)"
199.58.86.209 - - [02/Jan/2014:09:10:55 +0100] "GET /robots.txt HTTP/1.0" 404 1256 "-" "Mozilla/5.0 (compatible; MJ12bot/v1.4.4; http://www.majestic12.co.uk/bot.php?+)"
199.58.86.209 - - [02/Jan/2014:09:10:58 +0100] "GET / HTTP/1.0" 302 - "-" "Mozilla/5.0 (compatible; MJ12bot/v1.4.4; http://www.majestic12.co.uk/bot.php?+)"
93.206.51.95 - - [02/Jan/2014:10:36:20 +0100] "GET / HTTP/1.1" 302 - "http://www.google.de/search?hl=en-GB&redir_esc=&client=ms-android-samsung&source=android-search-app&v=133247963&qsubts=1388654874221&q=language+school+in+berlin+sch%C3%B6neberg&v=133247963#mldd=6" "Mozilla/5.0 (Linux; U; Android 2.3.6; en-gb; GT-N7000 Build/GINGERBREAD) AppleWebKit/533.1 (KHTML, like Gecko) Version/4.0 Mobile Safari/533.1"
157.55.36.36 - - [02/Jan/2014:12:10:44 +0100] "GET /robots.txt HTTP/1.1" 404 1256 "-" "Mozilla/5.0 (compatible; bingbot/2.0; +http://www.bing.com/bingbot.htm)"
157.55.36.36 - - [02/Jan/2014:12:11:58 +0100] "GET /include.php?path=content&contentid=68&nid=30&nid=31 HTTP/1.1" 404 1256 "-" "Mozilla/5.0 (compatible; bingbot/2.0; +http://www.bing.com/bingbot.htm)"
87.162.84.184 - - [02/Jan/2014:12:12:07 +0100] "GET / HTTP/1.1" 302 - "-" "Mozilla/5.0 (Windows NT 6.1; WOW64; rv:26.0) Gecko/20100101 Firefox/26.0"
62.220.29.154 - - [02/Jan/2014:12:42:59 +0100] "GET / HTTP/1.1" 302 - "http://www.google.de/url?sa=t&rct=j&q=&esrc=s&source=web&cd=5&ved=0CFMQoAIwBA&url=http%3A%2F%2Fwww.friedrich-list-berlin.de%2F&ei=uVDFUuf7DYfWswaL-YHYCA&usg=AFQjCNGsKs3TvBQ4z91zrYvo9_SfKi5nug&bvm=bv.58187178,d.Yms" "Mozilla/5.0 (Windows NT 6.1; WOW64; rv:26.0) Gecko/20100101 Firefox/26.0"
78.94.140.86 - - [02/Jan/2014:13:00:49 +0100] "GET / HTTP/1.1" 302 - "-" "Mozilla/5.0 (Windows NT 6.1; WOW64; rv:26.0) Gecko/20100101 Firefox/26.0"
64.246.165.190 - - [02/Jan/2014:13:37:31 +0100] "GET /robots.txt HTTP/1.0" 404 1256 "-" "Mozilla/5.0 (Windows; U; Windows NT 5.1; en; rv:1.9.0.13) Gecko/2009073022 Firefox/3.5.2 (.NET CLR 3.5.30729) SurveyBot/2.3 (DomainTools)"
64.246.165.190 - - [02/Jan/2014:13:37:32 +0100] "GET / HTTP/1.1" 302 - "http://whois.domaintools.com/fls-berlin.de" "Mozilla/5.0 (Windows; U; Windows NT 5.1; en; rv:1.9.0.13) Gecko/2009073022 Firefox/3.5.2 (.NET CLR 3.5.30729) SurveyBot/2.3 (DomainTools)"
85.25.108.64 - - [02/Jan/2014:13:45:05 +0100] "GET /include.php?path=article&contentid=78&nid=19 HTTP/1.1" 404 1256 "-" "Mozilla/4.0 (compatible; MSIE 6.0; Windows 98; Win 9x4.90)"
128.131.102.100 - - [02/Jan/2014:14:02:17 +0100] "GET / HTTP/1.0" 302 - "-" "Mozilla/5.0 (KeepRight OpenStreetMap Checker; http://keepright.at) Gecko/20100101 Firefox/22.0"
64.246.161.42 - - [02/Jan/2014:14:37:45 +0100] "GET /robots.txt HTTP/1.0" 404 1256 "-" "Mozilla/5.0 (Windows; U; Windows NT 5.1; en; rv:1.9.0.13) Gecko/2009073022 Firefox/3.5.2 (.NET CLR 3.5.30729) SurveyBot/2.3 (DomainTools)"
64.246.161.42 - - [02/Jan/2014:14:37:45 +0100] "GET / HTTP/1.1" 302 - "http://whois.domaintools.com/friedrich-list-berlin.de" "Mozilla/5.0 (Windows; U; Windows NT 5.1; en; rv:1.9.0.13) Gecko/2009073022 Firefox/3.5.2 (.NET CLR 3.5.30729) SurveyBot/2.3 (DomainTools)"
144.76.42.76 - - [02/Jan/2014:15:40:16 +0100] "GET / HTTP/1.1" 302 - "-" "Mozilla/5.0 (Macintosh; Intel Mac OS X 10_8_2) AppleWebKit/537.17 (KHTML, like Gecko) Chrome/24.0.1312.52 Safari/537.17"
193.158.211.124 - - [02/Jan/2014:15:43:29 +0100] "GET / HTTP/1.0" 302 - "-" "Mozilla/5.0 (compatible; MSIE 9.0; Windows NT 6.1; WOW64; Trident/5.0)"
93.220.249.179 - - [02/Jan/2014:17:19:34 +0100] "GET / HTTP/1.1" 302 - "-" "Mozilla/5.0 (Windows; U; Windows NT 5.1; de; rv:1.9.0.10) Gecko/2009042316 Firefox/3.0.10 (.NET CLR 3.5.30729)"
208.115.111.69 - - [02/Jan/2014:17:37:01 +0100] "GET /robots.txt HTTP/1.1" 404 1256 "-" "Mozilla/5.0 (compatible; Ezooms/1.0; help@moz.com)"
182.118.20.215 - - [02/Jan/2014:18:22:36 +0100] "GET /robots.txt HTTP/1.1" 404 1256 "http://www.friedrich-list-berlin.de/robots.txt" "Mozilla/5.0 (Windows; U; Windows NT 5.1; zh-CN; ) Firefox/1.5.0.11; 360Spider"
87.162.84.184 - - [02/Jan/2014:19:17:42 +0100] "GET / HTTP/1.1" 302 - "-" "Mozilla/5.0 (Windows NT 6.1; WOW64; rv:26.0) Gecko/20100101 Firefox/26.0"
208.115.111.69 - - [02/Jan/2014:19:22:41 +0100] "GET /include.php?path=contentarchive&type=3&letter=I&catid=0&themeid=0&searchtext=&entries=0&order= HTTP/1.1" 404 1256 "-" "Mozilla/5.0 (compatible; Ezooms/1.0; help@moz.com)"
85.25.154.15 - - [02/Jan/2014:19:35:53 +0100] "GET /?path=contentarchive&type=2 HTTP/1.1" 302 - "-" "Mozilla/4.0 (compatible; MSIE 6.0; Windows 98; Win 9x4.90)"
5.10.83.95 - - [02/Jan/2014:19:47:57 +0100] "GET / HTTP/1.1" 302 - "-" "Mozilla/5.0 (compatible; AhrefsBot/5.0; +http://ahrefs.com/robot/)"
141.8.147.12 - - [02/Jan/2014:22:38:34 +0100] "GET /robots.txt HTTP/1.1" 404 1256 "-" "Mozilla/5.0 (compatible; YandexBot/3.0; +http://yandex.com/bots)"
141.8.147.12 - - [02/Jan/2014:22:38:36 +0100] "GET /fls_4_kontakt_anmeldung.php HTTP/1.1" 404 1256 "-" "Mozilla/5.0 (compatible; YandexBot/3.0; +http://yandex.com/bots)"
141.8.147.12 - - [02/Jan/2014:22:38:39 +0100] "GET /index_en.php HTTP/1.1" 404 1256 "-" "Mozilla/5.0 (compatible; YandexBot/3.0; +http://yandex.com/bots)"
141.8.147.12 - - [02/Jan/2014:22:38:41 +0100] "GET /index_fr.php HTTP/1.1" 404 1256 "-" "Mozilla/5.0 (compatible; YandexBot/3.0; +http://yandex.com/bots)"
141.8.147.12 - - [02/Jan/2014:22:38:43 +0100] "GET /fls_2_europakorr.php HTTP/1.1" 404 1256 "-" "Mozilla/5.0 (compatible; YandexBot/3.0; +http://yandex.com/bots)"
141.8.147.12 - - [02/Jan/2014:22:38:45 +0100] "GET /fls_1_aktuelles.php HTTP/1.1" 404 1256 "-" "Mozilla/5.0 (compatible; YandexBot/3.0; +http://yandex.com/bots)"
141.8.147.12 - - [02/Jan/2014:22:38:47 +0100] "GET /fls_2_fremdsprachenkorr.php HTTP/1.1" 404 1256 "-" "Mozilla/5.0 (compatible; YandexBot/3.0; +http://yandex.com/bots)"
141.8.147.12 - - [02/Jan/2014:22:38:49 +0100] "GET /fls_2_berufsfachschule.php HTTP/1.1" 404 1256 "-" "Mozilla/5.0 (compatible; YandexBot/3.0; +http://yandex.com/bots)"
141.8.147.12 - - [02/Jan/2014:22:38:51 +0100] "GET /fls_2_fremdsprachensekr.php HTTP/1.1" 404 1256 "-" "Mozilla/5.0 (compatible; YandexBot/3.0; +http://yandex.com/bots)"
141.8.147.12 - - [02/Jan/2014:22:38:54 +0100] "GET /fls_4_impressum.php HTTP/1.1" 404 1256 "-" "Mozilla/5.0 (compatible; YandexBot/3.0; +http://yandex.com/bots)"
141.8.147.12 - - [02/Jan/2014:22:38:56 +0100] "GET /fls_3_fls_international.php HTTP/1.1" 404 1256 "-" "Mozilla/5.0 (compatible; YandexBot/3.0; +http://yandex.com/bots)"
141.8.147.12 - - [02/Jan/2014:22:38:58 +0100] "GET /fls_1_aktuelles.php?artid=39 HTTP/1.1" 404 1256 "-" "Mozilla/5.0 (compatible; YandexBot/3.0; +http://yandex.com/bots)"
141.8.147.12 - - [02/Jan/2014:22:39:00 +0100] "GET /fls_2_kurs_ecbm_london.php HTTP/1.1" 404 1256 "-" "Mozilla/5.0 (compatible; YandexBot/3.0; +http://yandex.com/bots)"
144.76.137.226 - - [02/Jan/2014:22:47:49 +0100] "GET /robots.txt HTTP/1.0" 404 1256 "-" "Mozilla/5.0 (compatible; MJ12bot/v1.4.4; http://www.majestic12.co.uk/bot.php?+)"
144.76.137.226 - - [02/Jan/2014:22:47:52 +0100] "GET / HTTP/1.0" 302 - "-" "Mozilla/5.0 (compatible; MJ12bot/v1.4.4; http://www.majestic12.co.uk/bot.php?+)"
193.175.194.33 - - [03/Jan/2014:02:22:20 +0100] "GET / HTTP/1.1" 302 - "-" "Bildungsserver-Linkchecker DBS 0.9 (http://www.bildungsserver.de)"
93.35.10.8 - - [03/Jan/2014:02:53:23 +0100] "GET / HTTP/1.1" 302 - "http://maps.google.it/local_url?dq=sprachschule+berlin&q=http://www.friedrich-list-berlin.de/&ved=0CJgBEOQE&sa=X&ei=sRbGUorMIcy48APSg4GACg&s=ANYYN7kHzb0IG4kfCKpSNBrYRcdgnShVoA" "Mozilla/5.0 (Windows NT 6.1; WOW64) AppleWebKit/537.36 (KHTML, like Gecko) Chrome/31.0.1650.63 Safari/537.36"
208.115.113.85 - - [03/Jan/2014:03:37:55 +0100] "GET /robots.txt HTTP/1.1" 404 1256 "-" "Mozilla/5.0 (compatible; Ezooms/1.0; help@moz.com)"
178.1.11.57 - - [03/Jan/2014:03:41:18 +0100] "GET / HTTP/1.1" 302 - "-" "Java/1.7.0_45"
178.1.11.57 - - [03/Jan/2014:03:41:19 +0100] "GET /fls_1_aktuelles.php HTTP/1.1" 404 1256 "-" "Java/1.7.0_45"
178.1.11.57 - - [03/Jan/2014:03:41:19 +0100] "GET /fls_2_fremdsprachensekr.php HTTP/1.1" 404 1256 "-" "Java/1.7.0_45"
178.1.11.57 - - [03/Jan/2014:03:41:20 +0100] "GET /fls_3_fls_international.php HTTP/1.1" 404 1256 "-" "Java/1.7.0_45"
178.1.11.57 - - [03/Jan/2014:03:41:20 +0100] "GET /fls_4_faq.php HTTP/1.1" 404 1256 "-" "Java/1.7.0_45"
178.1.11.57 - - [03/Jan/2014:03:41:20 +0100] "GET /fls_4_impressum.php HTTP/1.1" 404 1256 "-" "Java/1.7.0_45"
178.1.11.57 - - [03/Jan/2014:03:41:20 +0100] "GET /fls_4_kontakt_anmeldung.php HTTP/1.1" 404 1256 "-" "Java/1.7.0_45"
178.1.11.57 - - [03/Jan/2014:03:41:21 +0100] "GET /index.php HTTP/1.1" 302 - "-" "Java/1.7.0_45"
178.1.11.57 - - [03/Jan/2014:03:41:21 +0100] "GET /index_en.php HTTP/1.1" 404 1256 "-" "Java/1.7.0_45"
178.1.11.57 - - [03/Jan/2014:03:41:22 +0100] "GET /index_fr.php HTTP/1.1" 404 1256 "-" "Java/1.7.0_45"
178.1.11.57 - - [03/Jan/2014:03:41:22 +0100] "GET /index_sp.php HTTP/1.1" 404 1256 "-" "Java/1.7.0_45"
178.1.11.57 - - [03/Jan/2014:03:41:22 +0100] "GET /& HTTP/1.1" 404 1256 "-" "Java/1.7.0_45"
178.1.11.57 - - [03/Jan/2014:03:41:23 +0100] "GET /& HTTP/1.1" 404 1256 "-" "Java/1.7.0_45"
178.1.11.57 - - [03/Jan/2014:03:41:23 +0100] "GET /& HTTP/1.1" 404 1256 "-" "Java/1.7.0_45"
178.1.11.57 - - [03/Jan/2014:03:41:23 +0100] "GET /& HTTP/1.1" 404 1256 "-" "Java/1.7.0_45"
178.1.11.57 - - [03/Jan/2014:03:41:24 +0100] "GET /& HTTP/1.1" 404 1256 "-" "Java/1.7.0_45"
178.1.11.57 - - [03/Jan/2014:03:41:24 +0100] "GET /& HTTP/1.1" 404 1256 "-" "Java/1.7.0_45"
178.1.11.57 - - [03/Jan/2014:03:41:24 +0100] "GET /& HTTP/1.1" 404 1256 "-" "Java/1.7.0_45"
178.1.11.57 - - [03/Jan/2014:03:41:25 +0100] "GET /& HTTP/1.1" 404 1256 "-" "Java/1.7.0_45"
178.1.11.57 - - [03/Jan/2014:03:41:25 +0100] "GET /& HTTP/1.1" 404 1256 "-" "Java/1.7.0_45"
178.1.11.57 - - [03/Jan/2014:03:41:25 +0100] "GET /& HTTP/1.1" 404 1256 "-" "Java/1.7.0_45"
178.1.11.57 - - [03/Jan/2014:03:41:26 +0100] "GET /& HTTP/1.1" 404 1256 "-" "Java/1.7.0_45"
178.1.11.57 - - [03/Jan/2014:03:41:26 +0100] "GET /& HTTP/1.1" 404 1256 "-" "Java/1.7.0_45"
178.1.11.57 - - [03/Jan/2014:03:41:26 +0100] "GET /& HTTP/1.1" 404 1256 "-" "Java/1.7.0_45"
178.1.11.57 - - [03/Jan/2014:03:41:27 +0100] "GET /& HTTP/1.1" 404 1256 "-" "Java/1.7.0_45"
178.1.11.57 - - [03/Jan/2014:03:41:27 +0100] "GET /& HTTP/1.1" 404 1256 "-" "Java/1.7.0_45"
178.1.11.57 - - [03/Jan/2014:03:41:27 +0100] "GET /& HTTP/1.1" 404 1256 "-" "Java/1.7.0_45"
178.1.11.57 - - [03/Jan/2014:03:41:27 +0100] "GET /& HTTP/1.1" 404 1256 "-" "Java/1.7.0_45"
178.1.11.57 - - [03/Jan/2014:03:41:28 +0100] "GET /& HTTP/1.1" 404 1256 "-" "Java/1.7.0_45"
178.1.11.57 - - [03/Jan/2014:03:41:28 +0100] "GET /& HTTP/1.1" 404 1256 "-" "Java/1.7.0_45"
178.1.11.57 - - [03/Jan/2014:03:41:28 +0100] "GET /& HTTP/1.1" 404 1256 "-" "Java/1.7.0_45"
144.76.71.140 - - [03/Jan/2014:04:40:56 +0100] "GET /robots.txt HTTP/1.1" 404 1256 "-" "Mozilla/5.0 (compatible; SISTRIX Crawler; http://crawler.sistrix.net/)"
144.76.71.140 - - [03/Jan/2014:04:40:56 +0100] "GET / HTTP/1.1" 302 - "-" "Mozilla/5.0 (compatible; SISTRIX Crawler; http://crawler.sistrix.net/)"
208.115.113.85 - - [03/Jan/2014:05:44:24 +0100] "GET /include.php?path=contentarchive&type=3&letter=Z&catid=0&themeid=0&searchtext=&entries=0&order= HTTP/1.1" 404 1256 "-" "Mozilla/5.0 (compatible; Ezooms/1.0; help@moz.com)"
178.77.126.55 - - [03/Jan/2014:06:47:38 +0100] "GET /robots.txt HTTP/1.1" 404 1256 "-" "Mozilla/5.0 (compatible; CareerBot/1.1; +http://www.career-x.de/bot.html)"
178.77.126.55 - - [03/Jan/2014:06:47:38 +0100] "GET / HTTP/1.1" 302 - "-" "Mozilla/5.0 (compatible; CareerBot/1.1; +http://www.career-x.de/bot.html)"
109.170.134.131 - - [03/Jan/2014:07:01:48 +0100] "GET / HTTP/1.1" 302 - "-" "Java/1.4.1_04"
109.170.134.131 - - [03/Jan/2014:07:01:49 +0100] "GET /fls_1_aktuelles.php HTTP/1.1" 404 1256 "-" "Java/1.4.1_04"
109.170.134.131 - - [03/Jan/2014:07:01:49 +0100] "GET /fls_2_fremdsprachensekr.php HTTP/1.1" 404 1256 "-" "Java/1.4.1_04"
109.170.134.131 - - [03/Jan/2014:07:01:50 +0100] "GET /fls_3_fls_international.php HTTP/1.1" 404 1256 "-" "Java/1.4.1_04"
109.170.134.131 - - [03/Jan/2014:07:01:50 +0100] "GET /fls_4_faq.php HTTP/1.1" 404 1256 "-" "Java/1.4.1_04"
109.170.134.131 - - [03/Jan/2014:07:01:50 +0100] "GET /fls_4_impressum.php HTTP/1.1" 404 1256 "-" "Java/1.4.1_04"
109.170.134.131 - - [03/Jan/2014:07:01:50 +0100] "GET /fls_4_kontakt_anmeldung.php HTTP/1.1" 404 1256 "-" "Java/1.4.1_04"
109.170.134.131 - - [03/Jan/2014:07:01:50 +0100] "GET /index.php HTTP/1.1" 302 - "-" "Java/1.4.1_04"
109.170.134.131 - - [03/Jan/2014:07:01:51 +0100] "GET /index_en.php HTTP/1.1" 404 1256 "-" "Java/1.4.1_04"
109.170.134.131 - - [03/Jan/2014:07:01:52 +0100] "GET /index_fr.php HTTP/1.1" 404 1256 "-" "Java/1.4.1_04"
109.170.134.131 - - [03/Jan/2014:07:01:52 +0100] "GET /index_sp.php HTTP/1.1" 404 1256 "-" "Java/1.4.1_04"
109.170.134.131 - - [03/Jan/2014:07:01:52 +0100] "GET /& HTTP/1.1" 404 1256 "-" "Java/1.4.1_04"
109.170.134.131 - - [03/Jan/2014:07:01:52 +0100] "GET /& HTTP/1.1" 404 1256 "-" "Java/1.4.1_04"
109.170.134.131 - - [03/Jan/2014:07:01:52 +0100] "GET /& HTTP/1.1" 404 1256 "-" "Java/1.4.1_04"
109.170.134.131 - - [03/Jan/2014:07:01:53 +0100] "GET /& HTTP/1.1" 404 1256 "-" "Java/1.4.1_04"
109.170.134.131 - - [03/Jan/2014:07:01:53 +0100] "GET /& HTTP/1.1" 404 1256 "-" "Java/1.4.1_04"
109.170.134.131 - - [03/Jan/2014:07:01:53 +0100] "GET /& HTTP/1.1" 404 1256 "-" "Java/1.4.1_04"
109.170.134.131 - - [03/Jan/2014:07:01:54 +0100] "GET /& HTTP/1.1" 404 1256 "-" "Java/1.4.1_04"
109.170.134.131 - - [03/Jan/2014:07:01:54 +0100] "GET /& HTTP/1.1" 404 1256 "-" "Java/1.4.1_04"
109.170.134.131 - - [03/Jan/2014:07:01:54 +0100] "GET /& HTTP/1.1" 404 1256 "-" "Java/1.4.1_04"
109.170.134.131 - - [03/Jan/2014:07:01:54 +0100] "GET /& HTTP/1.1" 404 1256 "-" "Java/1.4.1_04"
109.170.134.131 - - [03/Jan/2014:07:01:54 +0100] "GET /& HTTP/1.1" 404 1256 "-" "Java/1.4.1_04"
109.170.134.131 - - [03/Jan/2014:07:01:54 +0100] "GET /& HTTP/1.1" 404 1256 "-" "Java/1.4.1_04"
109.170.134.131 - - [03/Jan/2014:07:01:55 +0100] "GET /& HTTP/1.1" 404 1256 "-" "Java/1.4.1_04"
109.170.134.131 - - [03/Jan/2014:07:01:55 +0100] "GET /& HTTP/1.1" 404 1256 "-" "Java/1.4.1_04"
109.170.134.131 - - [03/Jan/2014:07:01:55 +0100] "GET /& HTTP/1.1" 404 1256 "-" "Java/1.4.1_04"
109.170.134.131 - - [03/Jan/2014:07:01:55 +0100] "GET /& HTTP/1.1" 404 1256 "-" "Java/1.4.1_04"
109.170.134.131 - - [03/Jan/2014:07:01:55 +0100] "GET /& HTTP/1.1" 404 1256 "-" "Java/1.4.1_04"
109.170.134.131 - - [03/Jan/2014:07:01:55 +0100] "GET /& HTTP/1.1" 404 1256 "-" "Java/1.4.1_04"
109.170.134.131 - - [03/Jan/2014:07:01:55 +0100] "GET /& HTTP/1.1" 404 1256 "-" "Java/1.4.1_04"
109.170.134.131 - - [03/Jan/2014:07:01:56 +0100] "GET /& HTTP/1.1" 404 1256 "-" "Java/1.4.1_04"
208.115.113.85 - - [03/Jan/2014:07:41:47 +0100] "GET /robots.txt HTTP/1.1" 404 1256 "-" "Mozilla/5.0 (compatible; Ezooms/1.0; help@moz.com)"
66.249.78.236 - - [03/Jan/2014:08:40:42 +0100] "GET /robots.txt HTTP/1.1" 404 1256 "-" "Mozilla/5.0 (compatible; Googlebot/2.1; +http://www.google.com/bot.html)"
66.249.78.236 - - [03/Jan/2014:08:40:42 +0100] "GET /?path=content&contentid=39&nid=13 HTTP/1.1" 302 - "-" "Mozilla/5.0 (compatible; Googlebot/2.1; +http://www.google.com/bot.html)"
176.57.141.254 - - [03/Jan/2014:09:17:55 +0100] "GET / HTTP/1.1" 302 - "-" "Mozilla/5.0 (X11; Linux i686; rv:6.0) Gecko/20100101 Firefox/6.0"
208.115.111.69 - - [03/Jan/2014:09:32:23 +0100] "GET /robots.txt HTTP/1.1" 404 1256 "-" "Mozilla/5.0 (compatible; Ezooms/1.0; help@moz.com)"
208.115.113.85 - - [03/Jan/2014:09:45:08 +0100] "GET /include.php?path=contentarchive&type=2&letter=S&catid=0&themeid=0&searchtext=&entries=0&order=&nid=21 HTTP/1.1" 404 1256 "-" "Mozilla/5.0 (compatible; Ezooms/1.0; help@moz.com)"
141.8.147.12 - - [03/Jan/2014:10:26:32 +0100] "GET /robots.txt HTTP/1.1" 404 1256 "-" "Mozilla/5.0 (compatible; YandexBot/3.0; +http://yandex.com/bots)"
141.8.147.12 - - [03/Jan/2014:10:26:34 +0100] "GET / HTTP/1.1" 302 - "-" "Mozilla/5.0 (compatible; YandexBot/3.0; +http://yandex.com/bots)"
188.138.41.108 - - [03/Jan/2014:10:59:36 +0100] "GET /robots.txt HTTP/1.1" 404 1256 "-" "Mozilla/5.0 (X11; U; Linux i686; de; rv:1.9.0.1; compatible; iCjobs Stellenangebote Jobs; http://www.icjobs.de) Gecko/20100401 iCjobs/3.2.3"
188.138.41.108 - - [03/Jan/2014:10:59:36 +0100] "GET / HTTP/1.1" 302 - "-" "Mozilla/5.0 (X11; U; Linux i686; de; rv:1.9.0.1; compatible; iCjobs Stellenangebote Jobs; http://www.icjobs.de) Gecko/20100401 iCjobs/3.2.3"
188.138.41.108 - - [03/Jan/2014:10:59:36 +0100] "GET / HTTP/1.1" 302 - "-" "Mozilla/5.0 (X11; U; Linux i686; de; rv:1.9.0.1; compatible; iCjobs Stellenangebote Jobs; http://www.icjobs.de) Gecko/20100401 iCjobs/3.2.3"
208.115.111.69 - - [03/Jan/2014:11:17:59 +0100] "GET /?path=content&contentid=47&nid=17 HTTP/1.1" 302 - "-" "Mozilla/5.0 (compatible; Ezooms/1.0; help@moz.com)"
79.197.219.186 - - [03/Jan/2014:12:03:01 +0100] "GET / HTTP/1.1" 302 - "http://www.google.de/url?sa=t&rct=j&q=&esrc=s&source=web&cd=4&ved=0CEUQFjAD&url=http%3A%2F%2Fwww.friedrich-list-berlin.de%2F&ei=3ZjGUsWPIIWPtQbd3oHwDA&usg=AFQjCNGsKs3TvBQ4z91zrYvo9_SfKi5nug&bvm=bv.58187178,d.Yms" "Mozilla/5.0 (Macintosh; Intel Mac OS X 10_9_1) AppleWebKit/537.73.11 (KHTML, like Gecko) Version/7.0.1 Safari/537.73.11"
85.25.110.109 - - [03/Jan/2014:14:38:25 +0100] "GET /include.php?path=contentarchive&type=2&letter=D&catid=0&themeid=0&searchtext=&entries=0&order=dated HTTP/1.1" 404 1256 "-" "Mozilla/4.0 (compatible; MSIE 6.0; Windows 98; Win 9x4.90)"
94.145.30.32 - - [03/Jan/2014:15:34:15 +0100] "GET / HTTP/1.1" 302 - "http://www.google.dk/url?sa=t&rct=j&q=&esrc=s&source=web&cd=8&ved=0CFEQFjAH&url=http%3A%2F%2Fwww.friedrich-list-berlin.de%2F&ei=XcrGUquHKMWK4wS8_oGgDw&usg=AFQjCNGsKs3TvBQ4z91zrYvo9_SfKi5nug&bvm=bv.58187178,d.bGE" "Mozilla/5.0 (Windows NT 6.1; Trident/7.0; rv:11.0) like Gecko"
208.115.113.85 - - [03/Jan/2014:15:41:00 +0100] "GET /robots.txt HTTP/1.1" 404 1256 "-" "Mozilla/5.0 (compatible; Ezooms/1.0; help@moz.com)"
157.55.32.93 - - [03/Jan/2014:15:45:35 +0100] "GET /robots.txt HTTP/1.1" 404 1256 "-" "Mozilla/5.0 (compatible; bingbot/2.0; +http://www.bing.com/bingbot.htm)"
157.55.32.93 - - [03/Jan/2014:16:16:01 +0100] "GET /include.php?path=content&contentid=8 HTTP/1.1" 404 1256 "-" "Mozilla/5.0 (compatible; bingbot/2.0; +http://www.bing.com/bingbot.htm)"
77.185.220.46 - - [03/Jan/2014:17:01:33 +0100] "GET / HTTP/1.1" 302 - "http://maps.google.de/local_url?dq=&q=http://www.friedrich-list-berlin.de/&oi=miw&sa=X&ct=miw_link&cd=1&cad=homepage,cid:15796106503487596536&ei=2t7GUq2APaabjAb03oH4Bg&s=ANYYN7kUEs1jDkAavvzCIawSykV4T7V4FQ" "Mozilla/5.0 (Windows NT 6.1; WOW64) AppleWebKit/537.36 (KHTML, like Gecko) Chrome/31.0.1650.63 Safari/537.36"
208.115.111.69 - - [03/Jan/2014:17:37:47 +0100] "GET /robots.txt HTTP/1.1" 404 1256 "-" "Mozilla/5.0 (compatible; Ezooms/1.0; help@moz.com)"
208.115.113.85 - - [03/Jan/2014:17:39:53 +0100] "GET /include.php?path=contentarchive&type=3&letter=P&catid=0&themeid=0&searchtext=&entries=0&order= HTTP/1.1" 404 1256 "-" "Mozilla/5.0 (compatible; Ezooms/1.0; help@moz.com)"
87.162.84.184 - - [03/Jan/2014:19:01:49 +0100] "GET / HTTP/1.1" 302 - "-" "Mozilla/5.0 (iPad; CPU OS 7_0_4 like Mac OS X) AppleWebKit/537.51.1 (KHTML, like Gecko) Version/7.0 Mobile/11B554a Safari/9537.53"
208.115.111.69 - - [03/Jan/2014:19:24:32 +0100] "GET /?path=contentarchive&type=2&letter=F&catid=0&themeid=0&searchtext=&entries=0&order= HTTP/1.1" 302 - "-" "Mozilla/5.0 (compatible; Ezooms/1.0; help@moz.com)"
208.115.113.85 - - [03/Jan/2014:19:39:02 +0100] "GET /robots.txt HTTP/1.1" 404 1256 "-" "Mozilla/5.0 (compatible; Ezooms/1.0; help@moz.com)"
208.115.113.85 - - [03/Jan/2014:21:05:51 +0100] "GET /robots.txt HTTP/1.1" 404 1256 "-" "Mozilla/5.0 (compatible; Ezooms/1.0; help@moz.com)"
208.115.111.69 - - [03/Jan/2014:21:40:20 +0100] "GET /robots.txt HTTP/1.1" 404 1256 "-" "Mozilla/5.0 (compatible; Ezooms/1.0; help@moz.com)"
31.13.99.113 - - [03/Jan/2014:22:46:16 +0100] "GET / HTTP/1.1" 302 - "-" "facebookexternalhit/1.1 (+http://www.facebook.com/externalhit_uatext.php)"
5.9.42.111 - - [03/Jan/2014:22:57:02 +0100] "GET /robots.txt HTTP/1.1" 404 1256 "-" "Mozilla/5.0 (X11; Ubuntu; Linux x86_64; rv:15.0) Gecko/20100101 Firefox/15.0.1"
5.9.42.111 - - [03/Jan/2014:22:57:02 +0100] "GET / HTTP/1.1" 302 - "-" "Mozilla/5.0 (X11; Ubuntu; Linux x86_64; rv:15.0) Gecko/20100101 Firefox/15.0.1"
195.37.189.82 - - [03/Jan/2014:23:18:28 +0100] "GET /robots.txt HTTP/1.0" 404 1256 "-" "Mozilla/5.0 (compatible; kdslbot/3.1.1.0 +http://www.kdsl.tu-darmstadt.de/de/kdsl/research-program/crawling-and-semantic-structuring/)"
195.37.189.82 - - [03/Jan/2014:23:18:29 +0100] "GET / HTTP/1.0" 302 - "http://www.schulweb.de/schule.html?id=1082300" "Mozilla/5.0 (compatible; kdslbot/3.1.1.0 +http://www.kdsl.tu-darmstadt.de/de/kdsl/research-program/crawling-and-semantic-structuring/)"
195.37.189.82 - - [03/Jan/2014:23:18:30 +0100] "GET /favicon.ico HTTP/1.0" 404 1256 "http://www.friedrich-list-berlin.de/" "Mozilla/5.0 (compatible; kdslbot/3.1.1.0 +http://www.kdsl.tu-darmstadt.de/de/kdsl/research-program/crawling-and-semantic-structuring/)"
208.115.111.69 - - [03/Jan/2014:23:23:54 +0100] "GET /include.php?path=contentarchive&type=2&letter=alle&catid=0&themeid=0&searchtext=&entries=0&order= HTTP/1.1" 404 1256 "-" "Mozilla/5.0 (compatible; Ezooms/1.0; help@moz.com)"
208.115.113.85 - - [04/Jan/2014:01:28:24 +0100] "GET /include.php?path=contentarchive&type=2&letter=E&catid=0&themeid=0&searchtext=&entries=0&order=title HTTP/1.1" 404 1256 "-" "Mozilla/5.0 (compatible; Ezooms/1.0; help@moz.com)"
208.115.111.69 - - [04/Jan/2014:01:35:14 +0100] "GET /robots.txt HTTP/1.1" 404 1256 "-" "Mozilla/5.0 (compatible; Ezooms/1.0; help@moz.com)"
66.249.78.115 - - [04/Jan/2014:02:27:09 +0100] "GET /robots.txt HTTP/1.1" 404 1256 "-" "Mozilla/5.0 (compatible; Googlebot/2.1; +http://www.google.com/bot.html)"
66.249.78.115 - - [04/Jan/2014:02:27:09 +0100] "GET / HTTP/1.1" 302 - "-" "Mozilla/5.0 (iPhone; CPU iPhone OS 6_0 like Mac OS X) AppleWebKit/536.26 (KHTML, like Gecko) Version/6.0 Mobile/10A5376e Safari/8536.25 (compatible; Googlebot-Mobile/2.1; +http://www.google.com/bot.html)"
208.115.111.69 - - [04/Jan/2014:03:22:13 +0100] "GET /include.php?path=content&contentid=81&nid=2 HTTP/1.1" 404 1256 "-" "Mozilla/5.0 (compatible; Ezooms/1.0; help@moz.com)"
208.115.111.69 - - [04/Jan/2014:03:22:17 +0100] "GET /include.php?path=contentarchive&type=2&letter=P&catid=0&themeid=0&searchtext=&entries=0&order=&nid=32 HTTP/1.1" 404 1256 "-" "Mozilla/5.0 (compatible; Ezooms/1.0; help@moz.com)"
208.115.113.85 - - [04/Jan/2014:03:42:45 +0100] "GET /robots.txt HTTP/1.1" 404 1256 "-" "Mozilla/5.0 (compatible; Ezooms/1.0; help@moz.com)"
66.249.78.236 - - [04/Jan/2014:04:37:27 +0100] "GET /robots.txt HTTP/1.1" 404 1256 "-" "Mozilla/5.0 (compatible; Googlebot/2.1; +http://www.google.com/bot.html)"
66.249.78.236 - - [04/Jan/2014:04:37:27 +0100] "GET /?path=content&contentid=42&nid=2 HTTP/1.1" 302 - "-" "Mozilla/5.0 (compatible; Googlebot/2.1; +http://www.google.com/bot.html)"
66.249.78.236 - - [04/Jan/2014:05:35:50 +0100] "GET /?path=faq&catid=2&nid=32 HTTP/1.1" 302 - "-" "Mozilla/5.0 (compatible; Googlebot/2.1; +http://www.google.com/bot.html)"
208.115.111.69 - - [04/Jan/2014:05:37:22 +0100] "GET /robots.txt HTTP/1.1" 404 1256 "-" "Mozilla/5.0 (compatible; Ezooms/1.0; help@moz.com)"
208.115.113.85 - - [04/Jan/2014:05:47:15 +0100] "GET /include.php?path=contentarchive&type=2&letter=C&catid=0&themeid=0&searchtext=&entries=0&order=title HTTP/1.1" 404 1256 "-" "Mozilla/5.0 (compatible; Ezooms/1.0; help@moz.com)"
208.115.113.85 - - [04/Jan/2014:05:47:18 +0100] "GET /include.php?path=contentarchive&type=3&letter=L&catid=0&themeid=0&searchtext=&entries=0&order= HTTP/1.1" 404 1256 "-" "Mozilla/5.0 (compatible; Ezooms/1.0; help@moz.com)"
208.115.111.69 - - [04/Jan/2014:07:23:36 +0100] "GET /include.php?path=contentarchive&type=3&letter=K&catid=0&themeid=0&searchtext=&entries=0&order= HTTP/1.1" 404 1256 "-" "Mozilla/5.0 (compatible; Ezooms/1.0; help@moz.com)"
208.115.111.69 - - [04/Jan/2014:07:23:40 +0100] "GET /include.php?path=contentarchive&type=3&letter=N&catid=0&themeid=0&searchtext=&entries=0&order= HTTP/1.1" 404 1256 "-" "Mozilla/5.0 (compatible; Ezooms/1.0; help@moz.com)"
162.210.196.100 - - [04/Jan/2014:10:10:57 +0100] "GET /robots.txt HTTP/1.0" 404 1256 "-" "Mozilla/5.0 (compatible; MJ12bot/v1.4.4; http://www.majestic12.co.uk/bot.php?+)"
162.210.196.100 - - [04/Jan/2014:10:10:59 +0100] "GET / HTTP/1.0" 302 - "-" "Mozilla/5.0 (compatible; MJ12bot/v1.4.4; http://www.majestic12.co.uk/bot.php?+)"
208.115.113.85 - - [04/Jan/2014:11:39:46 +0100] "GET /robots.txt HTTP/1.1" 404 1256 "-" "Mozilla/5.0 (compatible; Ezooms/1.0; help@moz.com)"
208.115.113.85 - - [04/Jan/2014:13:36:15 +0100] "GET /include.php?path=contentarchive&type=2&letter=C&catid=0&themeid=0&searchtext=&entries=0&order= HTTP/1.1" 404 1256 "-" "Mozilla/5.0 (compatible; Ezooms/1.0; help@moz.com)"
188.192.99.4 - - [04/Jan/2014:15:24:27 +0100] "GET / HTTP/1.1" 302 - "https://www.facebook.com/" "Mozilla/5.0 (Windows NT 6.2; WOW64) AppleWebKit/537.36 (KHTML, like Gecko) Chrome/31.0.1650.63 Safari/537.36"
208.115.113.85 - - [04/Jan/2014:15:39:52 +0100] "GET /robots.txt HTTP/1.1" 404 1256 "-" "Mozilla/5.0 (compatible; Ezooms/1.0; help@moz.com)"
93.219.184.204 - - [04/Jan/2014:16:29:44 +0100] "GET / HTTP/1.1" 302 - "http://www.google.com/url?sa=t&rct=j&q=&esrc=s&source=web&cd=6&ved=0CFoQFjAF&url=http%3A%2F%2Fwww.friedrich-list-berlin.de%2F&ei=3CjIUtm8EISatAa62IG4Dg&usg=AFQjCNGsKs3TvBQ4z91zrYvo9_SfKi5nug&sig2=nCnwGMygDVXN7Yp3bYX-dw&bvm=bv.58187178,d.Yms" "Mozilla/5.0 (Windows NT 5.1; rv:25.0) Gecko/20100101 Firefox/25.0"
208.115.113.85 - - [04/Jan/2014:17:35:34 +0100] "GET /include.php?path=content&contentid=47&nid=17 HTTP/1.1" 404 1256 "-" "Mozilla/5.0 (compatible; Ezooms/1.0; help@moz.com)"
208.115.113.85 - - [04/Jan/2014:17:35:37 +0100] "GET /include.php?path=contentarchive&type=2&letter=G&catid=0&themeid=0&searchtext=&entries=0&order=title HTTP/1.1" 404 1256 "-" "Mozilla/5.0 (compatible; Ezooms/1.0; help@moz.com)"
141.8.147.12 - - [04/Jan/2014:18:51:49 +0100] "GET /robots.txt HTTP/1.1" 404 1256 "-" "Mozilla/5.0 (compatible; YandexBot/3.0; +http://yandex.com/bots)"
141.8.147.12 - - [04/Jan/2014:19:15:30 +0100] "GET / HTTP/1.1" 302 - "-" "Mozilla/5.0 (compatible; YandexBot/3.0; +http://yandex.com/bots)"
77.172.234.83 - - [04/Jan/2014:20:49:31 +0100] "GET / HTTP/1.1" 302 - "-" "Java/1.6.0_04"
77.172.234.83 - - [04/Jan/2014:20:49:31 +0100] "GET /fls_1_aktuelles.php HTTP/1.1" 404 1256 "-" "Java/1.6.0_04"
77.172.234.83 - - [04/Jan/2014:20:49:31 +0100] "GET /fls_2_fremdsprachensekr.php HTTP/1.1" 404 1256 "-" "Java/1.6.0_04"
77.172.234.83 - - [04/Jan/2014:20:49:31 +0100] "GET /fls_3_fls_international.php HTTP/1.1" 404 1256 "-" "Java/1.6.0_04"
77.172.234.83 - - [04/Jan/2014:20:49:31 +0100] "GET /fls_4_faq.php HTTP/1.1" 404 1256 "-" "Java/1.6.0_04"
77.172.234.83 - - [04/Jan/2014:20:49:31 +0100] "GET /fls_4_impressum.php HTTP/1.1" 404 1256 "-" "Java/1.6.0_04"
77.172.234.83 - - [04/Jan/2014:20:49:32 +0100] "GET /fls_4_kontakt_anmeldung.php HTTP/1.1" 404 1256 "-" "Java/1.6.0_04"
77.172.234.83 - - [04/Jan/2014:20:49:32 +0100] "GET /index.php HTTP/1.1" 302 - "-" "Java/1.6.0_04"
77.172.234.83 - - [04/Jan/2014:20:49:32 +0100] "GET /index_en.php HTTP/1.1" 404 1256 "-" "Java/1.6.0_04"
77.172.234.83 - - [04/Jan/2014:20:49:32 +0100] "GET /index_fr.php HTTP/1.1" 404 1256 "-" "Java/1.6.0_04"
77.172.234.83 - - [04/Jan/2014:20:49:32 +0100] "GET /index_sp.php HTTP/1.1" 404 1256 "-" "Java/1.6.0_04"
77.172.234.83 - - [04/Jan/2014:20:49:32 +0100] "GET /& HTTP/1.1" 404 1256 "-" "Java/1.6.0_04"
77.172.234.83 - - [04/Jan/2014:20:49:32 +0100] "GET /& HTTP/1.1" 404 1256 "-" "Java/1.6.0_04"
77.172.234.83 - - [04/Jan/2014:20:49:32 +0100] "GET /& HTTP/1.1" 404 1256 "-" "Java/1.6.0_04"
77.172.234.83 - - [04/Jan/2014:20:49:32 +0100] "GET /& HTTP/1.1" 404 1256 "-" "Java/1.6.0_04"
77.172.234.83 - - [04/Jan/2014:20:49:33 +0100] "GET /& HTTP/1.1" 404 1256 "-" "Java/1.6.0_04"
77.172.234.83 - - [04/Jan/2014:20:49:33 +0100] "GET /& HTTP/1.1" 404 1256 "-" "Java/1.6.0_04"
77.172.234.83 - - [04/Jan/2014:20:49:33 +0100] "GET /& HTTP/1.1" 404 1256 "-" "Java/1.6.0_04"
77.172.234.83 - - [04/Jan/2014:20:49:33 +0100] "GET /& HTTP/1.1" 404 1256 "-" "Java/1.6.0_04"
77.172.234.83 - - [04/Jan/2014:20:49:33 +0100] "GET /& HTTP/1.1" 404 1256 "-" "Java/1.6.0_04"
77.172.234.83 - - [04/Jan/2014:20:49:33 +0100] "GET /& HTTP/1.1" 404 1256 "-" "Java/1.6.0_04"
77.172.234.83 - - [04/Jan/2014:20:49:33 +0100] "GET /& HTTP/1.1" 404 1256 "-" "Java/1.6.0_04"
77.172.234.83 - - [04/Jan/2014:20:49:33 +0100] "GET /& HTTP/1.1" 404 1256 "-" "Java/1.6.0_04"
77.172.234.83 - - [04/Jan/2014:20:49:33 +0100] "GET /& HTTP/1.1" 404 1256 "-" "Java/1.6.0_04"
77.172.234.83 - - [04/Jan/2014:20:49:33 +0100] "GET /& HTTP/1.1" 404 1256 "-" "Java/1.6.0_04"
77.172.234.83 - - [04/Jan/2014:20:49:33 +0100] "GET /& HTTP/1.1" 404 1256 "-" "Java/1.6.0_04"
77.172.234.83 - - [04/Jan/2014:20:49:33 +0100] "GET /& HTTP/1.1" 404 1256 "-" "Java/1.6.0_04"
77.172.234.83 - - [04/Jan/2014:20:49:33 +0100] "GET /& HTTP/1.1" 404 1256 "-" "Java/1.6.0_04"
77.172.234.83 - - [04/Jan/2014:20:49:33 +0100] "GET /& HTTP/1.1" 404 1256 "-" "Java/1.6.0_04"
77.172.234.83 - - [04/Jan/2014:20:49:34 +0100] "GET /& HTTP/1.1" 404 1256 "-" "Java/1.6.0_04"
77.172.234.83 - - [04/Jan/2014:20:49:34 +0100] "GET /& HTTP/1.1" 404 1256 "-" "Java/1.6.0_04"
141.8.147.12 - - [04/Jan/2014:22:44:47 +0100] "GET / HTTP/1.1" 302 - "-" "Mozilla/5.0 (compatible; YandexBot/3.0; +http://yandex.com/bots)"
207.241.226.232 - - [04/Jan/2014:22:54:49 +0100] "GET /robots.txt HTTP/1.1" 404 1256 "-" "Mozilla/5.0 (compatible; archive.org_bot; Wayback Machine Live Record; +http://archive.org/details/archive.org_bot)"
208.115.113.85 - - [04/Jan/2014:23:40:56 +0100] "GET /robots.txt HTTP/1.1" 404 1256 "-" "Mozilla/5.0 (compatible; Ezooms/1.0; help@moz.com)"
144.76.4.165 - - [05/Jan/2014:00:42:20 +0100] "GET /robots.txt HTTP/1.1" 404 1256 "-" "Mozilla/5.0 (compatible; SISTRIX Crawler; http://crawler.sistrix.net/)"
144.76.4.165 - - [05/Jan/2014:00:42:20 +0100] "GET / HTTP/1.1" 302 - "-" "Mozilla/5.0 (compatible; SISTRIX Crawler; http://crawler.sistrix.net/)"
176.9.76.43 - - [05/Jan/2014:01:12:11 +0100] "GET /robots.txt HTTP/1.1" 404 1256 "-" "Mozilla/5.0 (X11; Ubuntu; Linux x86_64; rv:15.0) Gecko/20100101 Firefox/15.0.1"
176.9.76.43 - - [05/Jan/2014:01:12:11 +0100] "GET / HTTP/1.1" 302 - "-" "Mozilla/5.0 (X11; Ubuntu; Linux x86_64; rv:15.0) Gecko/20100101 Firefox/15.0.1"
208.115.111.69 - - [05/Jan/2014:01:36:53 +0100] "GET /robots.txt HTTP/1.1" 404 1256 "-" "Mozilla/5.0 (compatible; Ezooms/1.0; help@moz.com)"
208.115.113.85 - - [05/Jan/2014:01:41:22 +0100] "GET /include.php?path=start HTTP/1.1" 404 1256 "-" "Mozilla/5.0 (compatible; Ezooms/1.0; help@moz.com)"
176.9.76.43 - - [05/Jan/2014:01:55:03 +0100] "GET /robots.txt HTTP/1.1" 404 1256 "-" "Mozilla/5.0 (X11; Ubuntu; Linux x86_64; rv:15.0) Gecko/20100101 Firefox/15.0.1"
176.9.76.43 - - [05/Jan/2014:01:55:03 +0100] "GET / HTTP/1.1" 302 - "-" "Mozilla/5.0 (X11; Ubuntu; Linux x86_64; rv:15.0) Gecko/20100101 Firefox/15.0.1"
93.219.10.151 - - [05/Jan/2014:02:06:41 +0100] "GET / HTTP/1.1" 302 - "http://www.yelp.com/biz_redir?url=http%3A%2F%2Fwww.friedrich-list-berlin.de&src_bizid=fSHiYxGQm1Z5g7TwC8oc_A&cachebuster=1388857315&s=b9260269b747249cb632d8400bd15551828b9ac2385f1073f96ccd31ddece937" "Mozilla/5.0 (Macintosh; Intel Mac OS X 10_8_5) AppleWebKit/537.71 (KHTML, like Gecko) Version/6.1 Safari/537.71"
88.67.97.189 - - [05/Jan/2014:02:36:24 +0100] "GET / HTTP/1.1" 302 - "https://www.google.de/" "Mozilla/5.0 (Windows NT 6.1; WOW64) AppleWebKit/537.36 (KHTML, like Gecko) Chrome/31.0.1650.63 Safari/537.36"
208.115.111.69 - - [05/Jan/2014:03:23:29 +0100] "GET /include.php?path=contentarchive&type=2 HTTP/1.1" 404 1256 "-" "Mozilla/5.0 (compatible; Ezooms/1.0; help@moz.com)"
208.115.111.69 - - [05/Jan/2014:03:23:32 +0100] "GET /include.php?path=contentarchive&type=3&letter=Q&catid=0&themeid=0&searchtext=&entries=0&order= HTTP/1.1" 404 1256 "-" "Mozilla/5.0 (compatible; Ezooms/1.0; help@moz.com)"
208.115.113.85 - - [05/Jan/2014:03:41:06 +0100] "GET /robots.txt HTTP/1.1" 404 1256 "-" "Mozilla/5.0 (compatible; Ezooms/1.0; help@moz.com)"
66.249.78.236 - - [05/Jan/2014:04:34:43 +0100] "GET /robots.txt HTTP/1.1" 404 1256 "-" "Mozilla/5.0 (compatible; Googlebot/2.1; +http://www.google.com/bot.html)"
66.249.78.236 - - [05/Jan/2014:04:34:43 +0100] "GET /?path=content&contentid=44 HTTP/1.1" 302 - "-" "Mozilla/5.0 (compatible; Googlebot/2.1; +http://www.google.com/bot.html)"
176.57.141.193 - - [05/Jan/2014:05:04:54 +0100] "GET / HTTP/1.1" 302 - "-" "Mozilla/5.0 (X11; Linux i686; rv:6.0) Gecko/20100101 Firefox/6.0"
208.115.111.69 - - [05/Jan/2014:05:37:31 +0100] "GET /robots.txt HTTP/1.1" 404 1256 "-" "Mozilla/5.0 (compatible; Ezooms/1.0; help@moz.com)"
208.115.113.85 - - [05/Jan/2014:05:39:30 +0100] "GET /include.php?path=contentarchive&type=3&letter=A&catid=0&themeid=0&searchtext=&entries=0&order= HTTP/1.1" 404 1256 "-" "Mozilla/5.0 (compatible; Ezooms/1.0; help@moz.com)"
208.115.111.69 - - [05/Jan/2014:07:25:16 +0100] "GET /include.php?path=contentarchive&type=2&letter=R&catid=0&themeid=0&searchtext=&entries=0&order=title HTTP/1.1" 404 1256 "-" "Mozilla/5.0 (compatible; Ezooms/1.0; help@moz.com)"
208.115.111.69 - - [05/Jan/2014:07:25:19 +0100] "GET /include.php?path=search HTTP/1.1" 404 1256 "-" "Mozilla/5.0 (compatible; Ezooms/1.0; help@moz.com)"
208.115.113.85 - - [05/Jan/2014:07:42:43 +0100] "GET /robots.txt HTTP/1.1" 404 1256 "-" "Mozilla/5.0 (compatible; Ezooms/1.0; help@moz.com)"
103.31.200.170 - - [05/Jan/2014:08:22:23 +0100] "GET /robots.txt HTTP/1.0" 404 1256 "http://www.friedrich-list-berlin.de/robots.txt" "Mozilla/4.0 (compatible; MSIE 8.0; Windows NT 5.1; Trident/4.0; .NET CLR 2.0.50727; .NET CLR 3.0.4506.2152; .NET CLR 3.5.30729)"
103.31.200.170 - - [05/Jan/2014:08:22:30 +0100] "GET / HTTP/1.0" 302 - "http://www.friedrich-list-berlin.de/" "Mozilla/4.0 (compatible; MSIE 8.0; Windows NT 5.1; Trident/4.0; .NET CLR 2.0.50727; .NET CLR 3.0.4506.2152; .NET CLR 3.5.30729)"
66.249.78.115 - - [05/Jan/2014:09:04:24 +0100] "GET /robots.txt HTTP/1.1" 404 1256 "-" "Mozilla/5.0 (compatible; Googlebot/2.1; +http://www.google.com/bot.html)"
66.249.78.115 - - [05/Jan/2014:09:04:24 +0100] "GET / HTTP/1.1" 302 - "-" "Mozilla/5.0 (compatible; Googlebot/2.1; +http://www.google.com/bot.html)"
208.115.113.85 - - [05/Jan/2014:09:43:22 +0100] "GET /?path=content&contentid=39&nid=15 HTTP/1.1" 302 - "-" "Mozilla/5.0 (compatible; Ezooms/1.0; help@moz.com)"
141.8.147.12 - - [05/Jan/2014:12:03:00 +0100] "GET /robots.txt HTTP/1.1" 404 1256 "-" "Mozilla/5.0 (compatible; YandexBot/3.0; +http://yandex.com/bots)"
141.8.147.12 - - [05/Jan/2014:12:03:02 +0100] "GET / HTTP/1.1" 302 - "-" "Mozilla/5.0 (compatible; YandexBot/3.0; +http://yandex.com/bots)"
93.219.201.49 - - [05/Jan/2014:13:17:22 +0100] "GET / HTTP/1.1" 302 - "-" "Mozilla/4.0 (compatible; MSIE 8.0; Windows NT 5.1; Trident/4.0; .NET CLR 2.0.50727; .NET CLR 3.0.4506.2152; .NET CLR 3.5.30729)"
37.24.152.210 - - [05/Jan/2014:17:06:26 +0100] "GET / HTTP/1.1" 302 - "-" "Java/1.7.0_21"
37.24.152.210 - - [05/Jan/2014:17:06:27 +0100] "GET /fls_1_aktuelles.php HTTP/1.1" 404 1256 "-" "Java/1.7.0_21"
37.24.152.210 - - [05/Jan/2014:17:06:27 +0100] "GET /fls_2_fremdsprachensekr.php HTTP/1.1" 404 1256 "-" "Java/1.7.0_21"
37.24.152.210 - - [05/Jan/2014:17:06:27 +0100] "GET /fls_3_fls_international.php HTTP/1.1" 404 1256 "-" "Java/1.7.0_21"
37.24.152.210 - - [05/Jan/2014:17:06:27 +0100] "GET /fls_4_faq.php HTTP/1.1" 404 1256 "-" "Java/1.7.0_21"
37.24.152.210 - - [05/Jan/2014:17:06:27 +0100] "GET /fls_4_impressum.php HTTP/1.1" 404 1256 "-" "Java/1.7.0_21"
37.24.152.210 - - [05/Jan/2014:17:06:27 +0100] "GET /fls_4_kontakt_anmeldung.php HTTP/1.1" 404 1256 "-" "Java/1.7.0_21"
37.24.152.210 - - [05/Jan/2014:17:06:27 +0100] "GET /index.php HTTP/1.1" 302 - "-" "Java/1.7.0_21"
37.24.152.210 - - [05/Jan/2014:17:06:28 +0100] "GET /index_en.php HTTP/1.1" 404 1256 "-" "Java/1.7.0_21"
37.24.152.210 - - [05/Jan/2014:17:06:28 +0100] "GET /index_fr.php HTTP/1.1" 404 1256 "-" "Java/1.7.0_21"
37.24.152.210 - - [05/Jan/2014:17:06:28 +0100] "GET /index_sp.php HTTP/1.1" 404 1256 "-" "Java/1.7.0_21"
37.24.152.210 - - [05/Jan/2014:17:06:28 +0100] "GET /& HTTP/1.1" 404 1256 "-" "Java/1.7.0_21"
37.24.152.210 - - [05/Jan/2014:17:06:28 +0100] "GET /& HTTP/1.1" 404 1256 "-" "Java/1.7.0_21"
37.24.152.210 - - [05/Jan/2014:17:06:28 +0100] "GET /& HTTP/1.1" 404 1256 "-" "Java/1.7.0_21"
37.24.152.210 - - [05/Jan/2014:17:06:28 +0100] "GET /& HTTP/1.1" 404 1256 "-" "Java/1.7.0_21"
37.24.152.210 - - [05/Jan/2014:17:06:28 +0100] "GET /& HTTP/1.1" 404 1256 "-" "Java/1.7.0_21"
37.24.152.210 - - [05/Jan/2014:17:06:29 +0100] "GET /& HTTP/1.1" 404 1256 "-" "Java/1.7.0_21"
37.24.152.210 - - [05/Jan/2014:17:06:29 +0100] "GET /& HTTP/1.1" 404 1256 "-" "Java/1.7.0_21"
37.24.152.210 - - [05/Jan/2014:17:06:29 +0100] "GET /& HTTP/1.1" 404 1256 "-" "Java/1.7.0_21"
37.24.152.210 - - [05/Jan/2014:17:06:29 +0100] "GET /& HTTP/1.1" 404 1256 "-" "Java/1.7.0_21"
37.24.152.210 - - [05/Jan/2014:17:06:29 +0100] "GET /& HTTP/1.1" 404 1256 "-" "Java/1.7.0_21"
37.24.152.210 - - [05/Jan/2014:17:06:29 +0100] "GET /& HTTP/1.1" 404 1256 "-" "Java/1.7.0_21"
37.24.152.210 - - [05/Jan/2014:17:06:29 +0100] "GET /& HTTP/1.1" 404 1256 "-" "Java/1.7.0_21"
37.24.152.210 - - [05/Jan/2014:17:06:29 +0100] "GET /& HTTP/1.1" 404 1256 "-" "Java/1.7.0_21"
37.24.152.210 - - [05/Jan/2014:17:06:29 +0100] "GET /& HTTP/1.1" 404 1256 "-" "Java/1.7.0_21"
37.24.152.210 - - [05/Jan/2014:17:06:29 +0100] "GET /& HTTP/1.1" 404 1256 "-" "Java/1.7.0_21"
37.24.152.210 - - [05/Jan/2014:17:06:30 +0100] "GET /& HTTP/1.1" 404 1256 "-" "Java/1.7.0_21"
37.24.152.210 - - [05/Jan/2014:17:06:30 +0100] "GET /& HTTP/1.1" 404 1256 "-" "Java/1.7.0_21"
37.24.152.210 - - [05/Jan/2014:17:06:30 +0100] "GET /& HTTP/1.1" 404 1256 "-" "Java/1.7.0_21"
37.24.152.210 - - [05/Jan/2014:17:06:30 +0100] "GET /& HTTP/1.1" 404 1256 "-" "Java/1.7.0_21"
37.24.152.210 - - [05/Jan/2014:17:06:30 +0100] "GET /& HTTP/1.1" 404 1256 "-" "Java/1.7.0_21"
65.55.52.97 - - [05/Jan/2014:18:42:47 +0100] "GET /robots.txt HTTP/1.1" 404 1256 "-" "Mozilla/5.0 (compatible; bingbot/2.0; +http://www.bing.com/bingbot.htm)"
66.249.78.236 - - [05/Jan/2014:18:53:43 +0100] "GET /robots.txt HTTP/1.1" 404 1256 "-" "Mozilla/5.0 (compatible; Googlebot/2.1; +http://www.google.com/bot.html)"
66.249.78.236 - - [05/Jan/2014:18:53:43 +0100] "GET /?path=content&contentid=39&nid=13 HTTP/1.1" 302 - "-" "Mozilla/5.0 (compatible; Googlebot/2.1; +http://www.google.com/bot.html)"
65.55.52.97 - - [05/Jan/2014:18:58:34 +0100] "GET / HTTP/1.1" 302 - "-" "Mozilla/5.0 (compatible; bingbot/2.0; +http://www.bing.com/bingbot.htm)"
37.152.152.12 - - [05/Jan/2014:20:01:08 +0100] "GET / HTTP/1.1" 302 - "-" "Java/1.7.0_15"
37.152.152.12 - - [05/Jan/2014:20:01:28 +0100] "GET /fls_1_aktuelles.php HTTP/1.1" 404 1256 "-" "Java/1.7.0_15"
37.152.152.12 - - [05/Jan/2014:20:01:33 +0100] "GET /fls_2_fremdsprachensekr.php HTTP/1.1" 404 1256 "-" "Java/1.7.0_15"
37.152.152.12 - - [05/Jan/2014:20:01:34 +0100] "GET /fls_3_fls_international.php HTTP/1.1" 404 1256 "-" "Java/1.7.0_15"
37.152.152.12 - - [05/Jan/2014:20:01:35 +0100] "GET /fls_4_faq.php HTTP/1.1" 404 1256 "-" "Java/1.7.0_15"
37.152.152.12 - - [05/Jan/2014:20:02:03 +0100] "GET /fls_4_impressum.php HTTP/1.1" 404 1256 "-" "Java/1.7.0_15"
37.152.152.12 - - [05/Jan/2014:20:02:06 +0100] "GET /fls_4_kontakt_anmeldung.php HTTP/1.1" 404 1256 "-" "Java/1.7.0_15"
37.152.152.12 - - [05/Jan/2014:20:02:07 +0100] "GET /index.php HTTP/1.1" 302 - "-" "Java/1.7.0_15"
37.152.152.12 - - [05/Jan/2014:20:02:45 +0100] "GET /index_en.php HTTP/1.1" 404 1256 "-" "Java/1.7.0_15"
37.152.152.12 - - [05/Jan/2014:20:02:47 +0100] "GET /index_fr.php HTTP/1.1" 404 1256 "-" "Java/1.7.0_15"
37.152.152.12 - - [05/Jan/2014:20:02:50 +0100] "GET /index_sp.php HTTP/1.1" 404 1256 "-" "Java/1.7.0_15"
37.152.152.12 - - [05/Jan/2014:20:02:54 +0100] "GET /& HTTP/1.1" 404 1256 "-" "Java/1.7.0_15"
37.152.152.12 - - [05/Jan/2014:20:03:19 +0100] "GET /& HTTP/1.1" 404 1256 "-" "Java/1.7.0_15"
37.152.152.12 - - [05/Jan/2014:20:03:24 +0100] "GET /& HTTP/1.1" 404 1256 "-" "Java/1.7.0_15"
37.152.152.12 - - [05/Jan/2014:20:03:25 +0100] "GET /& HTTP/1.1" 404 1256 "-" "Java/1.7.0_15"
37.152.152.12 - - [05/Jan/2014:20:03:29 +0100] "GET /& HTTP/1.1" 404 1256 "-" "Java/1.7.0_15"
37.152.152.12 - - [05/Jan/2014:20:03:36 +0100] "GET /& HTTP/1.1" 404 1256 "-" "Java/1.7.0_15"
37.152.152.12 - - [05/Jan/2014:20:03:41 +0100] "GET /& HTTP/1.1" 404 1256 "-" "Java/1.7.0_15"
37.152.152.12 - - [05/Jan/2014:20:03:43 +0100] "GET /& HTTP/1.1" 404 1256 "-" "Java/1.7.0_15"
37.152.152.12 - - [05/Jan/2014:20:03:47 +0100] "GET /& HTTP/1.1" 404 1256 "-" "Java/1.7.0_15"
37.152.152.12 - - [05/Jan/2014:20:03:52 +0100] "GET /& HTTP/1.1" 404 1256 "-" "Java/1.7.0_15"
37.152.152.12 - - [05/Jan/2014:20:03:53 +0100] "GET /& HTTP/1.1" 404 1256 "-" "Java/1.7.0_15"
37.152.152.12 - - [05/Jan/2014:20:03:57 +0100] "GET /& HTTP/1.1" 404 1256 "-" "Java/1.7.0_15"
37.152.152.12 - - [05/Jan/2014:20:04:03 +0100] "GET /& HTTP/1.1" 404 1256 "-" "Java/1.7.0_15"
37.152.152.12 - - [05/Jan/2014:20:04:08 +0100] "GET /& HTTP/1.1" 404 1256 "-" "Java/1.7.0_15"
37.152.152.12 - - [05/Jan/2014:20:04:12 +0100] "GET /& HTTP/1.1" 404 1256 "-" "Java/1.7.0_15"
37.152.152.12 - - [05/Jan/2014:20:04:14 +0100] "GET /& HTTP/1.1" 404 1256 "-" "Java/1.7.0_15"
37.152.152.12 - - [05/Jan/2014:20:04:17 +0100] "GET /& HTTP/1.1" 404 1256 "-" "Java/1.7.0_15"
37.152.152.12 - - [05/Jan/2014:20:04:18 +0100] "GET /& HTTP/1.1" 404 1256 "-" "Java/1.7.0_15"
37.152.152.12 - - [05/Jan/2014:20:04:19 +0100] "GET /& HTTP/1.1" 404 1256 "-" "Java/1.7.0_15"
37.152.152.12 - - [05/Jan/2014:20:04:20 +0100] "GET /& HTTP/1.1" 404 1256 "-" "Java/1.7.0_15"
66.249.78.236 - - [05/Jan/2014:20:45:08 +0100] "GET /?path=content&contentid=42&nid=2 HTTP/1.1" 302 - "-" "Mozilla/5.0 (compatible; Googlebot/2.1; +http://www.google.com/bot.html)"
