83.58.93.35 - - [10/Jan/2014:12:52:43 +0100] "GET / HTTP/1.1" 302 - "https://www.google.de/" "Mozilla/5.0 (Windows NT 6.1) AppleWebKit/537.36 (KHTML, like Gecko) Chrome/31.0.1650.63 Safari/537.36"
5.9.95.7 - - [10/Jan/2014:13:02:47 +0100] "GET /robots.txt HTTP/1.1" 404 1256 "http://fls-berlin.de/" "Mozilla/5.0 (compatible; ltbot/1.3; bot@language-tools.com)"
5.9.95.7 - - [10/Jan/2014:13:02:49 +0100] "GET / HTTP/1.1" 302 - "http://fls-berlin.de/" "Mozilla/5.0 (compatible; ltbot/1.3; bot@language-tools.com)"
5.9.95.7 - - [10/Jan/2014:13:02:52 +0100] "GET / HTTP/1.1" 302 - "http://fls-berlin.de/" "Mozilla/5.0 (compatible; ltbot/1.3; bot@language-tools.com)"
176.9.50.43 - - [10/Jan/2014:15:00:57 +0100] "GET /include.php?path=contentarchive&catid=1 HTTP/1.1" 404 1256 "-" "Mozilla/4.0 (compatible; MSIE 6.0; Windows 98; Win 9x4.90)"
85.25.110.111 - - [10/Jan/2014:15:24:50 +0100] "GET /include.php?path=contentarchive&type=2&catid=0&letter=&entries=0&searchtext=&order=dated&nid=21 HTTP/1.1" 404 1256 "-" "Mozilla/4.0 (compatible; MSIE 6.0; Windows 98; Win 9x4.90)"
176.9.50.43 - - [10/Jan/2014:17:22:15 +0100] "GET /include.php?path=contentarchive&type=2&letter=H&catid=0&themeid=0&searchtext=&entries=0&order=dated HTTP/1.1" 404 1256 "-" "Mozilla/4.0 (compatible; MSIE 6.0; Windows 98; Win 9x4.90)"
199.189.87.151 - - [10/Jan/2014:17:41:21 +0100] "GET /?path=content&contentid=36 HTTP/1.1" 302 - "-" "Mozilla/4.0 (compatible; MSIE 6.0; Windows 98; Win 9x4.90)"
5.10.83.84 - - [10/Jan/2014:18:09:45 +0100] "GET / HTTP/1.1" 302 - "-" "Mozilla/5.0 (compatible; AhrefsBot/5.0; +http://ahrefs.com/robot/)"
195.37.189.82 - - [10/Jan/2014:20:03:04 +0100] "GET /robots.txt HTTP/1.0" 404 1256 "-" "Mozilla/5.0 (compatible; kdslbot/3.1.1.2 +http://www.kdsl.tu-darmstadt.de/de/kdsl/research-program/crawling-and-semantic-structuring/)"
195.37.189.82 - - [10/Jan/2014:20:03:04 +0100] "GET / HTTP/1.0" 302 - "http://www.schulweb.de/schule.html?id=1082300" "Mozilla/5.0 (compatible; kdslbot/3.1.1.2 +http://www.kdsl.tu-darmstadt.de/de/kdsl/research-program/crawling-and-semantic-structuring/)"
195.37.189.82 - - [10/Jan/2014:20:03:04 +0100] "GET /favicon.ico HTTP/1.0" 404 1256 "http://www.friedrich-list-berlin.de/" "Mozilla/5.0 (compatible; kdslbot/3.1.1.2 +http://www.kdsl.tu-darmstadt.de/de/kdsl/research-program/crawling-and-semantic-structuring/)"
208.115.111.69 - - [10/Jan/2014:21:42:30 +0100] "GET /robots.txt HTTP/1.1" 404 1256 "-" "Mozilla/5.0 (compatible; Ezooms/1.0; help@moz.com)"
144.76.34.109 - - [10/Jan/2014:22:47:54 +0100] "GET /include.php?path=contentarchive&type=2&letter=alle&catid=0&themeid=0&searchtext=&entries=0&order=dated HTTP/1.1" 404 1256 "-" "Mozilla/4.0 (compatible; MSIE 6.0; Windows 98; Win 9x4.90)"
208.115.111.69 - - [10/Jan/2014:23:48:07 +0100] "GET /include.php?path=contentarchive&type=2&nid=13 HTTP/1.1" 404 1256 "-" "Mozilla/5.0 (compatible; Ezooms/1.0; help@moz.com)"
66.249.78.236 - - [10/Jan/2014:23:50:18 +0100] "GET /robots.txt HTTP/1.1" 404 1256 "-" "Mozilla/5.0 (compatible; Googlebot/2.1; +http://www.google.com/bot.html)"
66.249.78.236 - - [10/Jan/2014:23:50:18 +0100] "GET / HTTP/1.1" 302 - "-" "SAMSUNG-SGH-E250/1.0 Profile/MIDP-2.0 Configuration/CLDC-1.1 UP.Browser/6.2.3.3.c.1.101 (GUI) MMP/2.0 (compatible; Googlebot-Mobile/2.1; +http://www.google.com/bot.html)"
66.249.75.240 - - [11/Jan/2014:01:08:04 +0100] "GET /?path=content&contentid=42&nid=2 HTTP/1.1" 302 - "-" "Mozilla/5.0 (compatible; Googlebot/2.1; +http://www.google.com/bot.html)"
66.249.78.236 - - [11/Jan/2014:01:15:59 +0100] "GET /include.php?path=content&contentid=42&nid=2 HTTP/1.1" 404 1256 "-" "Mozilla/5.0 (compatible; Googlebot/2.1; +http://www.google.com/bot.html)"
66.249.78.236 - - [11/Jan/2014:02:16:03 +0100] "GET /?path=faq&catid=2&nid=32 HTTP/1.1" 302 - "-" "Mozilla/5.0 (compatible; Googlebot/2.1; +http://www.google.com/bot.html)"
85.186.103.66 - - [11/Jan/2014:02:45:50 +0100] "GET / HTTP/1.1" 302 - "-" "Mozilla/5.0 (Windows NT 6.1; WOW64) AppleWebKit/537.36 (KHTML, like Gecko) Chrome/30.0.1599.69 Safari/537.36 OPR/17.0.1241.45"
85.186.103.66 - - [11/Jan/2014:02:45:51 +0100] "GET /fls_4_kontakt_anmeldung.php HTTP/1.1" 404 1256 "-" "Mozilla/5.0 (Windows; U; Windows NT 5.1; en-US; rv:1.8.1.1) Gecko/20061204 Firefox/2.0.0.1"
208.115.113.85 - - [11/Jan/2014:03:40:09 +0100] "GET /robots.txt HTTP/1.1" 404 1256 "-" "Mozilla/5.0 (compatible; Ezooms/1.0; help@moz.com)"
208.115.111.69 - - [11/Jan/2014:05:37:31 +0100] "GET /robots.txt HTTP/1.1" 404 1256 "-" "Mozilla/5.0 (compatible; Ezooms/1.0; help@moz.com)"
208.115.113.85 - - [11/Jan/2014:05:38:58 +0100] "GET /include.php?path=contentarchive&type=2&letter=B&catid=0&themeid=0&searchtext=&entries=0&order= HTTP/1.1" 404 1256 "-" "Mozilla/5.0 (compatible; Ezooms/1.0; help@moz.com)"
66.249.78.115 - - [11/Jan/2014:06:38:18 +0100] "GET /robots.txt HTTP/1.1" 404 1256 "-" "Mozilla/5.0 (compatible; Googlebot/2.1; +http://www.google.com/bot.html)"
66.249.78.115 - - [11/Jan/2014:06:38:18 +0100] "GET / HTTP/1.1" 302 - "-" "Mozilla/5.0 (compatible; Googlebot/2.1; +http://www.google.com/bot.html)"
208.115.111.69 - - [11/Jan/2014:07:24:26 +0100] "GET /include.php?path=contentarchive&type=2&letter=V&catid=0&themeid=0&searchtext=&entries=0&order=dated HTTP/1.1" 404 1256 "-" "Mozilla/5.0 (compatible; Ezooms/1.0; help@moz.com)"
66.249.75.240 - - [11/Jan/2014:07:25:59 +0100] "GET /?path=content&contentid=47&nid=2 HTTP/1.1" 302 - "-" "Mozilla/5.0 (compatible; Googlebot/2.1; +http://www.google.com/bot.html)"
208.115.113.85 - - [11/Jan/2014:07:39:52 +0100] "GET /robots.txt HTTP/1.1" 404 1256 "-" "Mozilla/5.0 (compatible; Ezooms/1.0; help@moz.com)"
62.212.73.211 - - [11/Jan/2014:08:00:06 +0100] "GET /robots.txt HTTP/1.0" 404 1256 "-" "Mozilla/5.0 (compatible; MJ12bot/v1.4.4; http://www.majestic12.co.uk/bot.php?+)"
62.212.73.211 - - [11/Jan/2014:08:00:07 +0100] "GET / HTTP/1.0" 302 - "-" "Mozilla/5.0 (compatible; MJ12bot/v1.4.4; http://www.majestic12.co.uk/bot.php?+)"
208.115.111.69 - - [11/Jan/2014:09:33:53 +0100] "GET /robots.txt HTTP/1.1" 404 1256 "-" "Mozilla/5.0 (compatible; Ezooms/1.0; help@moz.com)"
208.115.113.85 - - [11/Jan/2014:09:37:02 +0100] "GET /include.php?path=contentarchive&type=2&letter=Q&catid=0&themeid=0&searchtext=&entries=0&order= HTTP/1.1" 404 1256 "-" "Mozilla/5.0 (compatible; Ezooms/1.0; help@moz.com)"
92.226.43.194 - - [11/Jan/2014:10:06:12 +0100] "GET / HTTP/1.1" 302 - "http://www.google.de/url?sa=t&rct=j&q=&esrc=s&source=web&cd=2&ved=0CDwQFjAB&url=http%3A%2F%2Fwww.friedrich-list-berlin.de%2F&ei=NgnRUrudBondtAa944CoAw&usg=AFQjCNGsKs3TvBQ4z91zrYvo9_SfKi5nug&bvm=bv.59026428,d.Yms" "Mozilla/5.0 (Windows NT 6.1; WOW64; rv:26.0) Gecko/20100101 Firefox/26.0"
182.118.25.221 - - [11/Jan/2014:10:37:26 +0100] "GET /robots.txt HTTP/1.1" 404 1256 "http://www.friedrich-list-berlin.de/robots.txt" "Mozilla/5.0 (Windows; U; Windows NT 5.1; zh-CN; ) Firefox/1.5.0.11; 360Spider"
208.115.111.69 - - [11/Jan/2014:11:19:05 +0100] "GET /include.php?path=news&contentid=122 HTTP/1.1" 404 1256 "-" "Mozilla/5.0 (compatible; Ezooms/1.0; help@moz.com)"
208.115.113.85 - - [11/Jan/2014:11:40:06 +0100] "GET /robots.txt HTTP/1.1" 404 1256 "-" "Mozilla/5.0 (compatible; Ezooms/1.0; help@moz.com)"
208.115.113.85 - - [11/Jan/2014:13:37:21 +0100] "GET /?path=content&contentid=36 HTTP/1.1" 302 - "-" "Mozilla/5.0 (compatible; Ezooms/1.0; help@moz.com)"
208.115.113.85 - - [11/Jan/2014:13:37:23 +0100] "GET /?path=contentarchive&type=2&letter=K&catid=0&themeid=0&searchtext=&entries=0&order= HTTP/1.1" 302 - "-" "Mozilla/5.0 (compatible; Ezooms/1.0; help@moz.com)"
208.115.113.85 - - [11/Jan/2014:13:37:26 +0100] "GET /include.php?path=contentarchive&type=2&letter=E&catid=0&themeid=0&searchtext=&entries=0&order= HTTP/1.1" 404 1256 "-" "Mozilla/5.0 (compatible; Ezooms/1.0; help@moz.com)"
208.115.111.69 - - [11/Jan/2014:13:38:06 +0100] "GET /robots.txt HTTP/1.1" 404 1256 "-" "Mozilla/5.0 (compatible; Ezooms/1.0; help@moz.com)"
141.8.147.12 - - [11/Jan/2014:14:07:48 +0100] "GET /robots.txt HTTP/1.1" 404 1256 "-" "Mozilla/5.0 (compatible; YandexBot/3.0; +http://yandex.com/bots)"
141.8.147.12 - - [11/Jan/2014:14:07:50 +0100] "GET / HTTP/1.1" 302 - "-" "Mozilla/5.0 (compatible; YandexBot/3.0; +http://yandex.com/bots)"
208.115.111.69 - - [11/Jan/2014:15:26:37 +0100] "GET /include.php?path=contentarchive&type=2&nid=4 HTTP/1.1" 404 1256 "-" "Mozilla/5.0 (compatible; Ezooms/1.0; help@moz.com)"
208.115.113.85 - - [11/Jan/2014:15:41:56 +0100] "GET /robots.txt HTTP/1.1" 404 1256 "-" "Mozilla/5.0 (compatible; Ezooms/1.0; help@moz.com)"
208.115.113.85 - - [11/Jan/2014:17:34:20 +0100] "GET /?path=contentarchive&type=2&letter=C&catid=0&themeid=0&searchtext=&entries=0&order= HTTP/1.1" 302 - "-" "Mozilla/5.0 (compatible; Ezooms/1.0; help@moz.com)"
208.115.113.85 - - [11/Jan/2014:17:34:23 +0100] "GET /include.php?path=contentarchive&type=2&letter=O&catid=0&themeid=0&searchtext=&entries=0&order=title HTTP/1.1" 404 1256 "-" "Mozilla/5.0 (compatible; Ezooms/1.0; help@moz.com)"
85.25.110.104 - - [11/Jan/2014:18:28:11 +0100] "GET /include.php?path=contentarchive&type=2&letter=L&catid=0&themeid=0&searchtext=&entries=0&order=dated HTTP/1.1" 404 1256 "-" "Mozilla/4.0 (compatible; MSIE 6.0; Windows 98; Win 9x4.90)"
85.25.100.239 - - [11/Jan/2014:18:37:43 +0100] "GET /include.php?path=contentarchive&type=2&letter=A&catid=0&themeid=0&searchtext=&entries=0&order=dated HTTP/1.1" 404 1256 "-" "Mozilla/4.0 (compatible; MSIE 6.0; Windows 98; Win 9x4.90)"
208.115.113.85 - - [11/Jan/2014:19:40:50 +0100] "GET /robots.txt HTTP/1.1" 404 1256 "-" "Mozilla/5.0 (compatible; Ezooms/1.0; help@moz.com)"
103.31.200.170 - - [11/Jan/2014:21:31:37 +0100] "GET /robots.txt HTTP/1.0" 404 1256 "http://www.friedrich-list-berlin.de/robots.txt" "Mozilla/4.0 (compatible; MSIE 8.0; Windows NT 5.1; Trident/4.0; .NET CLR 2.0.50727; .NET CLR 3.0.4506.2152; .NET CLR 3.5.30729)"
103.31.200.170 - - [11/Jan/2014:21:31:39 +0100] "GET / HTTP/1.0" 302 - "http://www.friedrich-list-berlin.de/" "Mozilla/4.0 (compatible; MSIE 8.0; Windows NT 5.1; Trident/4.0; .NET CLR 2.0.50727; .NET CLR 3.0.4506.2152; .NET CLR 3.5.30729)"
208.115.113.85 - - [11/Jan/2014:21:48:03 +0100] "GET /?path=contentarchive&type=2&letter=W&catid=0&themeid=0&searchtext=&entries=0&order= HTTP/1.1" 302 - "-" "Mozilla/5.0 (compatible; Ezooms/1.0; help@moz.com)"
208.115.113.85 - - [11/Jan/2014:21:48:05 +0100] "GET /include.php?path=contentarchive&type=2&letter=N&catid=0&themeid=0&searchtext=&entries=0&order=title HTTP/1.1" 404 1256 "-" "Mozilla/5.0 (compatible; Ezooms/1.0; help@moz.com)"
89.247.93.95 - - [11/Jan/2014:23:00:58 +0100] "GET / HTTP/1.1" 302 - "http://www.google.de/url?sa=t&rct=j&q=&esrc=s&frm=1&source=web&cd=4&ved=0CFIQFjAD&url=http%3A%2F%2Fwww.friedrich-list-berlin.de%2F&ei=sr7RUq6wDsHNywOGloHoDQ&usg=AFQjCNGsKs3TvBQ4z91zrYvo9_SfKi5nug&sig2=wGV-WgeZDooiCbNC0RimbQ&bvm=bv.59026428,d.bGE" "Mozilla/5.0 (compatible; MSIE 10.0; Windows NT 6.2; WOW64; Trident/6.0; MATMJS)"
208.115.113.85 - - [11/Jan/2014:23:37:37 +0100] "GET /robots.txt HTTP/1.1" 404 1256 "-" "Mozilla/5.0 (compatible; Ezooms/1.0; help@moz.com)"
208.115.113.85 - - [12/Jan/2014:01:37:33 +0100] "GET /?path=contentarchive&type=2&letter=A&catid=0&themeid=0&searchtext=&entries=0&order= HTTP/1.1" 302 - "-" "Mozilla/5.0 (compatible; Ezooms/1.0; help@moz.com)"
66.249.73.188 - - [12/Jan/2014:01:37:35 +0100] "GET /robots.txt HTTP/1.1" 404 1256 "-" "Mozilla/5.0 (compatible; Googlebot/2.1; +http://www.google.com/bot.html)"
66.249.73.188 - - [12/Jan/2014:01:37:35 +0100] "GET /content/download/Projektskizzenformular.doc HTTP/1.1" 404 1256 "-" "Mozilla/5.0 (compatible; Googlebot/2.1; +http://www.google.com/bot.html)"
66.249.73.188 - - [12/Jan/2014:01:46:01 +0100] "GET /include.php?path=download&contentid=17&download=go HTTP/1.1" 404 1256 "-" "Mozilla/5.0 (compatible; Googlebot/2.1; +http://www.google.com/bot.html)"
208.115.111.69 - - [12/Jan/2014:01:47:14 +0100] "GET /robots.txt HTTP/1.1" 404 1256 "-" "Mozilla/5.0 (compatible; Ezooms/1.0; help@moz.com)"
66.249.73.188 - - [12/Jan/2014:01:49:03 +0100] "GET /include.php?path=download&contentid=62&download=go HTTP/1.1" 404 1256 "-" "Mozilla/5.0 (compatible; Googlebot/2.1; +http://www.google.com/bot.html)"
66.249.73.188 - - [12/Jan/2014:01:57:46 +0100] "GET /include.php?path=download&contentid=17&download=go&mirror=1 HTTP/1.1" 404 1256 "-" "Mozilla/5.0 (compatible; Googlebot/2.1; +http://www.google.com/bot.html)"
208.115.111.69 - - [12/Jan/2014:03:47:37 +0100] "GET /?path=contentarchive&type=2&letter=Z&catid=0&themeid=0&searchtext=&entries=0&order= HTTP/1.1" 302 - "-" "Mozilla/5.0 (compatible; Ezooms/1.0; help@moz.com)"
208.115.111.69 - - [12/Jan/2014:03:47:40 +0100] "GET /include.php?path=contentarchive&type=2&letter=H&catid=0&themeid=0&searchtext=&entries=0&order= HTTP/1.1" 404 1256 "-" "Mozilla/5.0 (compatible; Ezooms/1.0; help@moz.com)"
144.76.34.109 - - [12/Jan/2014:05:03:13 +0100] "GET /include.php?path=contentarchive&type=2&catid=0&letter=&entries=0&searchtext=&order=title HTTP/1.1" 404 1256 "-" "Mozilla/4.0 (compatible; MSIE 6.0; Windows 98; Win 9x4.90)"
178.77.126.55 - - [12/Jan/2014:05:37:31 +0100] "GET /robots.txt HTTP/1.1" 404 1256 "-" "Mozilla/5.0 (compatible; CareerBot/1.1; +http://www.career-x.de/bot.html)"
178.77.126.55 - - [12/Jan/2014:05:37:31 +0100] "GET / HTTP/1.1" 302 - "-" "Mozilla/5.0 (compatible; CareerBot/1.1; +http://www.career-x.de/bot.html)"
208.115.111.69 - - [12/Jan/2014:05:48:09 +0100] "GET /robots.txt HTTP/1.1" 404 1256 "-" "Mozilla/5.0 (compatible; Ezooms/1.0; help@moz.com)"
144.76.34.109 - - [12/Jan/2014:06:59:25 +0100] "GET /include.php?path=content&contentid=47&nid=17 HTTP/1.1" 404 1256 "-" "Mozilla/4.0 (compatible; MSIE 6.0; Windows 98; Win 9x4.90)"
208.115.113.85 - - [12/Jan/2014:07:37:33 +0100] "GET /robots.txt HTTP/1.1" 404 1256 "-" "Mozilla/5.0 (compatible; Ezooms/1.0; help@moz.com)"
208.115.111.69 - - [12/Jan/2014:07:39:14 +0100] "GET /include.php?path=contentarchive&type=3&letter=W&catid=0&themeid=0&searchtext=&entries=0&order= HTTP/1.1" 404 1256 "-" "Mozilla/5.0 (compatible; Ezooms/1.0; help@moz.com)"
162.242.229.128 - - [12/Jan/2014:07:41:08 +0100] "GET / HTTP/1.1" 302 - "-" "Java/1.6.0_04"
162.242.229.128 - - [12/Jan/2014:07:41:09 +0100] "GET /fls_1_aktuelles.php HTTP/1.1" 404 1256 "-" "Java/1.6.0_04"
162.242.229.128 - - [12/Jan/2014:07:41:09 +0100] "GET /fls_2_fremdsprachensekr.php HTTP/1.1" 404 1256 "-" "Java/1.6.0_04"
162.242.229.128 - - [12/Jan/2014:07:41:09 +0100] "GET /fls_3_fls_international.php HTTP/1.1" 404 1256 "-" "Java/1.6.0_04"
162.242.229.128 - - [12/Jan/2014:07:41:09 +0100] "GET /fls_4_faq.php HTTP/1.1" 404 1256 "-" "Java/1.6.0_04"
162.242.229.128 - - [12/Jan/2014:07:41:10 +0100] "GET /fls_4_impressum.php HTTP/1.1" 404 1256 "-" "Java/1.6.0_04"
162.242.229.128 - - [12/Jan/2014:07:41:10 +0100] "GET /fls_4_kontakt_anmeldung.php HTTP/1.1" 404 1256 "-" "Java/1.6.0_04"
162.242.229.128 - - [12/Jan/2014:07:41:10 +0100] "GET /index.php HTTP/1.1" 302 - "-" "Java/1.6.0_04"
162.242.229.128 - - [12/Jan/2014:07:41:11 +0100] "GET /index_en.php HTTP/1.1" 404 1256 "-" "Java/1.6.0_04"
162.242.229.128 - - [12/Jan/2014:07:41:11 +0100] "GET /index_fr.php HTTP/1.1" 404 1256 "-" "Java/1.6.0_04"
162.242.229.128 - - [12/Jan/2014:07:41:11 +0100] "GET /index_sp.php HTTP/1.1" 404 1256 "-" "Java/1.6.0_04"
162.242.229.128 - - [12/Jan/2014:07:41:11 +0100] "GET /& HTTP/1.1" 404 1256 "-" "Java/1.6.0_04"
162.242.229.128 - - [12/Jan/2014:07:41:11 +0100] "GET /& HTTP/1.1" 404 1256 "-" "Java/1.6.0_04"
162.242.229.128 - - [12/Jan/2014:07:41:12 +0100] "GET /& HTTP/1.1" 404 1256 "-" "Java/1.6.0_04"
162.242.229.128 - - [12/Jan/2014:07:41:12 +0100] "GET /& HTTP/1.1" 404 1256 "-" "Java/1.6.0_04"
162.242.229.128 - - [12/Jan/2014:07:41:12 +0100] "GET /& HTTP/1.1" 404 1256 "-" "Java/1.6.0_04"
162.242.229.128 - - [12/Jan/2014:07:41:12 +0100] "GET /& HTTP/1.1" 404 1256 "-" "Java/1.6.0_04"
162.242.229.128 - - [12/Jan/2014:07:41:12 +0100] "GET /& HTTP/1.1" 404 1256 "-" "Java/1.6.0_04"
162.242.229.128 - - [12/Jan/2014:07:41:13 +0100] "GET /& HTTP/1.1" 404 1256 "-" "Java/1.6.0_04"
162.242.229.128 - - [12/Jan/2014:07:41:13 +0100] "GET /& HTTP/1.1" 404 1256 "-" "Java/1.6.0_04"
162.242.229.128 - - [12/Jan/2014:07:41:13 +0100] "GET /& HTTP/1.1" 404 1256 "-" "Java/1.6.0_04"
162.242.229.128 - - [12/Jan/2014:07:41:13 +0100] "GET /& HTTP/1.1" 404 1256 "-" "Java/1.6.0_04"
162.242.229.128 - - [12/Jan/2014:07:41:13 +0100] "GET /& HTTP/1.1" 404 1256 "-" "Java/1.6.0_04"
162.242.229.128 - - [12/Jan/2014:07:41:14 +0100] "GET /& HTTP/1.1" 404 1256 "-" "Java/1.6.0_04"
162.242.229.128 - - [12/Jan/2014:07:41:14 +0100] "GET /& HTTP/1.1" 404 1256 "-" "Java/1.6.0_04"
162.242.229.128 - - [12/Jan/2014:07:41:15 +0100] "GET /& HTTP/1.1" 404 1256 "-" "Java/1.6.0_04"
162.242.229.128 - - [12/Jan/2014:07:41:16 +0100] "GET /& HTTP/1.1" 404 1256 "-" "Java/1.6.0_04"
162.242.229.128 - - [12/Jan/2014:07:41:17 +0100] "GET /& HTTP/1.1" 404 1256 "-" "Java/1.6.0_04"
162.242.229.128 - - [12/Jan/2014:07:41:18 +0100] "GET /& HTTP/1.1" 404 1256 "-" "Java/1.6.0_04"
162.242.229.128 - - [12/Jan/2014:07:41:18 +0100] "GET /& HTTP/1.1" 404 1256 "-" "Java/1.6.0_04"
162.242.229.128 - - [12/Jan/2014:07:41:18 +0100] "GET /& HTTP/1.1" 404 1256 "-" "Java/1.6.0_04"
162.242.229.128 - - [12/Jan/2014:07:41:19 +0100] "GET /& HTTP/1.1" 404 1256 "-" "Java/1.6.0_04"
162.242.229.128 - - [12/Jan/2014:07:41:19 +0100] "GET /& HTTP/1.1" 404 1256 "-" "Java/1.6.0_04"
162.242.229.128 - - [12/Jan/2014:07:41:19 +0100] "GET /& HTTP/1.1" 404 1256 "-" "Java/1.6.0_04"
162.242.229.128 - - [12/Jan/2014:07:41:19 +0100] "GET /& HTTP/1.1" 404 1256 "-" "Java/1.6.0_04"
162.242.229.128 - - [12/Jan/2014:07:41:20 +0100] "GET /& HTTP/1.1" 404 1256 "-" "Java/1.6.0_04"
162.242.229.128 - - [12/Jan/2014:07:41:20 +0100] "GET /& HTTP/1.1" 404 1256 "-" "Java/1.6.0_04"
162.242.229.128 - - [12/Jan/2014:07:41:20 +0100] "GET /& HTTP/1.1" 404 1256 "-" "Java/1.6.0_04"
162.242.229.128 - - [12/Jan/2014:07:41:20 +0100] "GET /& HTTP/1.1" 404 1256 "-" "Java/1.6.0_04"
162.242.229.128 - - [12/Jan/2014:07:41:20 +0100] "GET /& HTTP/1.1" 404 1256 "-" "Java/1.6.0_04"
162.242.229.128 - - [12/Jan/2014:07:41:21 +0100] "GET /& HTTP/1.1" 404 1256 "-" "Java/1.6.0_04"
162.242.229.128 - - [12/Jan/2014:07:41:21 +0100] "GET /& HTTP/1.1" 404 1256 "-" "Java/1.6.0_04"
162.242.229.128 - - [12/Jan/2014:07:41:21 +0100] "GET /& HTTP/1.1" 404 1256 "-" "Java/1.6.0_04"
162.242.229.128 - - [12/Jan/2014:07:41:21 +0100] "GET /& HTTP/1.1" 404 1256 "-" "Java/1.6.0_04"
162.242.229.128 - - [12/Jan/2014:07:41:21 +0100] "GET /& HTTP/1.1" 404 1256 "-" "Java/1.6.0_04"
162.242.229.128 - - [12/Jan/2014:07:41:21 +0100] "GET /& HTTP/1.1" 404 1256 "-" "Java/1.6.0_04"
162.242.229.128 - - [12/Jan/2014:07:41:22 +0100] "GET /& HTTP/1.1" 404 1256 "-" "Java/1.6.0_04"
162.242.229.128 - - [12/Jan/2014:07:41:22 +0100] "GET /& HTTP/1.1" 404 1256 "-" "Java/1.6.0_04"
162.242.229.128 - - [12/Jan/2014:07:41:22 +0100] "GET /ddlevelsfiles/ddlevelsmenu.js HTTP/1.1" 404 1256 "-" "Java/1.6.0_04"
162.242.229.128 - - [12/Jan/2014:07:41:22 +0100] "GET /js/lightwindow.js HTTP/1.1" 404 1256 "-" "Java/1.6.0_04"
162.242.229.128 - - [12/Jan/2014:07:41:22 +0100] "GET /js/prototype.js HTTP/1.1" 404 1256 "-" "Java/1.6.0_04"
162.242.229.128 - - [12/Jan/2014:07:41:23 +0100] "GET /js/scriptaculous.js?load=effects HTTP/1.1" 404 1256 "-" "Java/1.6.0_04"
62.212.73.211 - - [12/Jan/2014:08:17:25 +0100] "GET /robots.txt HTTP/1.0" 404 1256 "-" "Mozilla/5.0 (compatible; MJ12bot/v1.4.4; http://www.majestic12.co.uk/bot.php?+)"
62.212.73.211 - - [12/Jan/2014:08:17:26 +0100] "GET / HTTP/1.0" 302 - "-" "Mozilla/5.0 (compatible; MJ12bot/v1.4.4; http://www.majestic12.co.uk/bot.php?+)"
66.249.73.188 - - [12/Jan/2014:08:28:45 +0100] "GET /include.php?path=contentarchive&type=4&letter=V&catid=7&themeid=0&searchtext=&entries=0&order=dated HTTP/1.1" 404 1256 "-" "Mozilla/5.0 (compatible; Googlebot/2.1; +http://www.google.com/bot.html)"
66.249.73.188 - - [12/Jan/2014:08:44:48 +0100] "GET /include.php?path=contentarchive&type=4&letter=Z&catid=8&themeid=0&searchtext=&entries=0&order=title HTTP/1.1" 404 1256 "-" "Mozilla/5.0 (compatible; Googlebot/2.1; +http://www.google.com/bot.html)"
66.249.73.188 - - [12/Jan/2014:08:47:05 +0100] "GET /include.php?path=contentarchive&type=1&letter=D&catid=0&themeid=0&searchtext=&entries=5&order=dated&nid=13 HTTP/1.1" 404 1256 "-" "Mozilla/5.0 (compatible; Googlebot/2.1; +http://www.google.com/bot.html)"
66.249.73.188 - - [12/Jan/2014:08:49:23 +0100] "GET /include.php?path=contentarchive&type=2&letter=A&catid=9&themeid=0&searchtext=&entries=0&order=&nid=32 HTTP/1.1" 404 1256 "-" "Mozilla/5.0 (compatible; Googlebot/2.1; +http://www.google.com/bot.html)"
66.249.73.188 - - [12/Jan/2014:09:35:15 +0100] "GET /include.php?path=contentarchive&type=1&letter=E&catid=10&themeid=0&searchtext=&entries=0&order=&nid=21 HTTP/1.1" 404 1256 "-" "Mozilla/5.0 (compatible; Googlebot/2.1; +http://www.google.com/bot.html)"
199.189.87.151 - - [12/Jan/2014:09:37:36 +0100] "GET /include.php?path=content&contentid=35 HTTP/1.1" 404 1256 "-" "Mozilla/4.0 (compatible; MSIE 6.0; Windows 98; Win 9x4.90)"
208.115.113.85 - - [12/Jan/2014:09:38:04 +0100] "GET /?path=contentarchive&type=2&letter=P&catid=0&themeid=0&searchtext=&entries=0&order= HTTP/1.1" 302 - "-" "Mozilla/5.0 (compatible; Ezooms/1.0; help@moz.com)"
208.115.113.85 - - [12/Jan/2014:09:38:13 +0100] "GET /?path=contentarchive&type=2&letter=U&catid=0&themeid=0&searchtext=&entries=0&order= HTTP/1.1" 302 - "-" "Mozilla/5.0 (compatible; Ezooms/1.0; help@moz.com)"
66.249.73.188 - - [12/Jan/2014:09:44:26 +0100] "GET /include.php?path=contentarchive&type=1&letter=T&catid=10&themeid=0&searchtext=&entries=0&order=dated&nid=4 HTTP/1.1" 404 1256 "-" "Mozilla/5.0 (compatible; Googlebot/2.1; +http://www.google.com/bot.html)"
66.249.73.188 - - [12/Jan/2014:09:46:43 +0100] "GET /include.php?path=contentarchive&type=4&catid=6&letter=J&entries=0&searchtext=&order=titled&nid=21 HTTP/1.1" 404 1256 "-" "Mozilla/5.0 (compatible; Googlebot/2.1; +http://www.google.com/bot.html)"
208.115.111.69 - - [12/Jan/2014:09:48:11 +0100] "GET /robots.txt HTTP/1.1" 404 1256 "-" "Mozilla/5.0 (compatible; Ezooms/1.0; help@moz.com)"
66.249.73.188 - - [12/Jan/2014:09:51:18 +0100] "GET /include.php?path=contentarchive&type=2&letter=J&catid=9&themeid=0&searchtext=&entries=0&order=&nid=19 HTTP/1.1" 404 1256 "-" "Mozilla/5.0 (compatible; Googlebot/2.1; +http://www.google.com/bot.html)"
66.249.73.188 - - [12/Jan/2014:09:53:36 +0100] "GET /include.php?path=contentarchive&type=1&letter=X&catid=10&themeid=0&searchtext=&entries=0&order=dated&nid=21 HTTP/1.1" 404 1256 "-" "Mozilla/5.0 (compatible; Googlebot/2.1; +http://www.google.com/bot.html)"
66.249.73.188 - - [12/Jan/2014:09:55:54 +0100] "GET /include.php?path=contentarchive&type=1&catid=0&letter=F&entries=0&searchtext=&order=title&nid=32 HTTP/1.1" 404 1256 "-" "Mozilla/5.0 (compatible; Googlebot/2.1; +http://www.google.com/bot.html)"
66.249.73.188 - - [12/Jan/2014:10:34:53 +0100] "GET /include.php?path=contentarchive&type=2&letter=M&catid=9&themeid=0&searchtext=&entries=0&order=&nid=32 HTTP/1.1" 404 1256 "-" "Mozilla/5.0 (compatible; Googlebot/2.1; +http://www.google.com/bot.html)"
66.249.73.188 - - [12/Jan/2014:10:41:46 +0100] "GET /include.php?path=contentarchive&type=2&letter=L&catid=9&themeid=0&searchtext=&entries=0&order=&nid=13 HTTP/1.1" 404 1256 "-" "Mozilla/5.0 (compatible; Googlebot/2.1; +http://www.google.com/bot.html)"
66.249.73.188 - - [12/Jan/2014:10:44:03 +0100] "GET /include.php?path=contentarchive&type=2&letter=O&catid=9&themeid=0&searchtext=&entries=0&order=&nid=21 HTTP/1.1" 404 1256 "-" "Mozilla/5.0 (compatible; Googlebot/2.1; +http://www.google.com/bot.html)"
66.249.73.188 - - [12/Jan/2014:10:46:21 +0100] "GET /include.php?path=contentarchive&type=1&letter=G&catid=10&themeid=0&searchtext=&entries=0&order=dated&nid=4 HTTP/1.1" 404 1256 "-" "Mozilla/5.0 (compatible; Googlebot/2.1; +http://www.google.com/bot.html)"
66.249.73.188 - - [12/Jan/2014:10:48:39 +0100] "GET /include.php?path=contentarchive&type=2&catid=9&letter=W&entries=0&searchtext=&order=date HTTP/1.1" 404 1256 "-" "Mozilla/5.0 (compatible; Googlebot/2.1; +http://www.google.com/bot.html)"
66.249.73.188 - - [12/Jan/2014:11:02:24 +0100] "GET /include.php?path=contentarchive&type=2&catid=9&letter=A&entries=0&searchtext=&order=title&nid=32 HTTP/1.1" 404 1256 "-" "Mozilla/5.0 (compatible; Googlebot/2.1; +http://www.google.com/bot.html)"
66.249.73.188 - - [12/Jan/2014:11:32:13 +0100] "GET /include.php?path=contentarchive&type=1&letter=M&catid=0&themeid=0&searchtext=&entries=5&order=title&nid=32 HTTP/1.1" 404 1256 "-" "Mozilla/5.0 (compatible; Googlebot/2.1; +http://www.google.com/bot.html)"
66.249.73.188 - - [12/Jan/2014:11:41:24 +0100] "GET /include.php?path=contentarchive&type=2&letter=G&catid=9&themeid=0&searchtext=&entries=0&order=&nid=19 HTTP/1.1" 404 1256 "-" "Mozilla/5.0 (compatible; Googlebot/2.1; +http://www.google.com/bot.html)"
208.115.111.69 - - [12/Jan/2014:11:46:01 +0100] "GET /include.php?path=comment&comcat=cont&subid=34 HTTP/1.1" 404 1256 "-" "Mozilla/5.0 (compatible; Ezooms/1.0; help@moz.com)"
66.249.73.188 - - [12/Jan/2014:11:48:16 +0100] "GET /include.php?path=contentarchive&type=1&letter=D&catid=10&themeid=0&searchtext=&entries=0&order=dated&nid=21 HTTP/1.1" 404 1256 "-" "Mozilla/5.0 (compatible; Googlebot/2.1; +http://www.google.com/bot.html)"
66.249.73.188 - - [12/Jan/2014:11:50:34 +0100] "GET /include.php?path=contentarchive&type=2&letter=J&catid=9&themeid=0&searchtext=&entries=0&order=&nid=32 HTTP/1.1" 404 1256 "-" "Mozilla/5.0 (compatible; Googlebot/2.1; +http://www.google.com/bot.html)"
66.249.73.188 - - [12/Jan/2014:11:52:52 +0100] "GET /include.php?path=contentarchive&type=2&letter=P&catid=8&themeid=0&searchtext=&entries=0&order=titled&nid=4 HTTP/1.1" 404 1256 "-" "Mozilla/5.0 (compatible; Googlebot/2.1; +http://www.google.com/bot.html)"
66.249.73.188 - - [12/Jan/2014:11:55:09 +0100] "GET /include.php?path=contentarchive&type=1&letter=D&catid=10&themeid=0&searchtext=&entries=0&order=dated&nid=13 HTTP/1.1" 404 1256 "-" "Mozilla/5.0 (compatible; Googlebot/2.1; +http://www.google.com/bot.html)"
66.249.73.188 - - [12/Jan/2014:11:57:27 +0100] "GET /include.php?path=contentarchive&type=2&catid=9&letter=X&entries=0&searchtext=&order=titled HTTP/1.1" 404 1256 "-" "Mozilla/5.0 (compatible; Googlebot/2.1; +http://www.google.com/bot.html)"
66.249.64.25 - - [12/Jan/2014:12:29:34 +0100] "GET /robots.txt HTTP/1.1" 404 1256 "-" "Mozilla/5.0 (compatible; Googlebot/2.1; +http://www.google.com/bot.html)"
66.249.76.212 - - [12/Jan/2014:12:29:34 +0100] "GET /include.php?path=contentarchive&type=1&letter=L&catid=0&themeid=0&searchtext=&entries=5&order=title&nid=4 HTTP/1.1" 404 1256 "-" "Mozilla/5.0 (compatible; Googlebot/2.1; +http://www.google.com/bot.html)"
66.249.64.23 - - [12/Jan/2014:12:31:51 +0100] "GET /include.php?path=contentarchive&type=4&letter=X&catid=8&themeid=0&searchtext=&entries=0&order=titled&nid=13 HTTP/1.1" 404 1256 "-" "Mozilla/5.0 (compatible; Googlebot/2.1; +http://www.google.com/bot.html)"
66.249.64.25 - - [12/Jan/2014:12:36:26 +0100] "GET /include.php?path=contentarchive&type=4&letter=N&catid=8&themeid=0&searchtext=&entries=0&order=titled&nid=4 HTTP/1.1" 404 1256 "-" "Mozilla/5.0 (compatible; Googlebot/2.1; +http://www.google.com/bot.html)"
66.249.64.24 - - [12/Jan/2014:12:43:19 +0100] "GET /include.php?path=contentarchive&type=2&letter=W&catid=9&themeid=0&searchtext=&entries=0&order=&nid=19 HTTP/1.1" 404 1256 "-" "Mozilla/5.0 (compatible; Googlebot/2.1; +http://www.google.com/bot.html)"
66.249.64.23 - - [12/Jan/2014:12:47:54 +0100] "GET /include.php?path=contentarchive&type=2&catid=9&letter=F&entries=0&searchtext=&order=titled&nid=32 HTTP/1.1" 404 1256 "-" "Mozilla/5.0 (compatible; Googlebot/2.1; +http://www.google.com/bot.html)"
66.249.64.24 - - [12/Jan/2014:12:52:29 +0100] "GET /include.php?path=contentarchive&type=4&catid=7&letter=C&entries=0&searchtext=&order=dated&nid=19 HTTP/1.1" 404 1256 "-" "Mozilla/5.0 (compatible; Googlebot/2.1; +http://www.google.com/bot.html)"
66.249.64.23 - - [12/Jan/2014:12:54:47 +0100] "GET /include.php?path=contentarchive&type=2&letter=B&catid=9&themeid=0&searchtext=&entries=0&order=title&nid=13 HTTP/1.1" 404 1256 "-" "Mozilla/5.0 (compatible; Googlebot/2.1; +http://www.google.com/bot.html)"
66.249.64.23 - - [12/Jan/2014:12:57:05 +0100] "GET /include.php?path=contentarchive&type=2&letter=J&catid=9&themeid=0&searchtext=&entries=0&order=title&nid=4 HTTP/1.1" 404 1256 "-" "Mozilla/5.0 (compatible; Googlebot/2.1; +http://www.google.com/bot.html)"
176.9.50.43 - - [12/Jan/2014:13:21:16 +0100] "GET /include.php?path=contentarchive&type=2&catid=0&letter=V&entries=0&searchtext=&order=dated HTTP/1.1" 404 1256 "-" "Mozilla/4.0 (compatible; MSIE 6.0; Windows 98; Win 9x4.90)"
66.249.64.23 - - [12/Jan/2014:13:26:54 +0100] "GET /include.php?path=contentarchive&type=1&letter=0-9&catid=10&themeid=0&searchtext=&entries=0&order=dated&nid=21 HTTP/1.1" 404 1256 "-" "Mozilla/5.0 (compatible; Googlebot/2.1; +http://www.google.com/bot.html)"
66.249.64.24 - - [12/Jan/2014:13:40:39 +0100] "GET /include.php?path=contentarchive&type=4&letter=T&catid=0&themeid=0&searchtext=&entries=0&order=&nid=13 HTTP/1.1" 404 1256 "-" "Mozilla/5.0 (compatible; Googlebot/2.1; +http://www.google.com/bot.html)"
66.249.64.25 - - [12/Jan/2014:13:42:57 +0100] "GET /include.php?path=contentarchive&type=1&catid=0&letter=D&entries=0&searchtext=&order=dated&nid=19 HTTP/1.1" 404 1256 "-" "Mozilla/5.0 (compatible; Googlebot/2.1; +http://www.google.com/bot.html)"
66.249.64.23 - - [12/Jan/2014:13:49:50 +0100] "GET /include.php?path=contentarchive&type=4&letter=F&catid=0&themeid=0&searchtext=&entries=0&order=&nid=4 HTTP/1.1" 404 1256 "-" "Mozilla/5.0 (compatible; Googlebot/2.1; +http://www.google.com/bot.html)"
66.249.64.25 - - [12/Jan/2014:13:52:07 +0100] "GET /include.php?path=contentarchive&type=1&letter=F&catid=10&themeid=0&searchtext=&entries=0&order=&nid=21 HTTP/1.1" 404 1256 "-" "Mozilla/5.0 (compatible; Googlebot/2.1; +http://www.google.com/bot.html)"
66.249.64.25 - - [12/Jan/2014:13:54:25 +0100] "GET /include.php?path=contentarchive&type=1&letter=R&catid=10&themeid=0&searchtext=&entries=0&order=&nid=19 HTTP/1.1" 404 1256 "-" "Mozilla/5.0 (compatible; Googlebot/2.1; +http://www.google.com/bot.html)"
66.249.64.23 - - [12/Jan/2014:13:56:42 +0100] "GET /include.php?path=contentarchive&type=2&catid=0&letter=Y&entries=0&searchtext=&order=dated&nid=4 HTTP/1.1" 404 1256 "-" "Mozilla/5.0 (compatible; Googlebot/2.1; +http://www.google.com/bot.html)"
66.249.64.25 - - [12/Jan/2014:14:24:14 +0100] "GET /include.php?path=contentarchive&type=1&catid=1&letter=Y&entries=0&searchtext=&order=dated&nid=19 HTTP/1.1" 404 1256 "-" "Mozilla/5.0 (compatible; Googlebot/2.1; +http://www.google.com/bot.html)"
66.249.64.23 - - [12/Jan/2014:14:33:24 +0100] "GET /include.php?path=contentarchive&type=4&letter=O&catid=7&themeid=0&searchtext=&entries=0&order=title&nid=32 HTTP/1.1" 404 1256 "-" "Mozilla/5.0 (compatible; Googlebot/2.1; +http://www.google.com/bot.html)"
66.249.64.23 - - [12/Jan/2014:14:42:35 +0100] "GET /include.php?path=contentarchive&type=4&letter=X&catid=7&themeid=0&searchtext=&entries=0&order=title&nid=19 HTTP/1.1" 404 1256 "-" "Mozilla/5.0 (compatible; Googlebot/2.1; +http://www.google.com/bot.html)"
66.249.64.23 - - [12/Jan/2014:14:44:52 +0100] "GET /include.php?path=contentarchive&type=4&letter=I&catid=7&themeid=0&searchtext=&entries=0&order=title&nid=32 HTTP/1.1" 404 1256 "-" "Mozilla/5.0 (compatible; Googlebot/2.1; +http://www.google.com/bot.html)"
66.249.64.25 - - [12/Jan/2014:14:47:10 +0100] "GET /include.php?path=contentarchive&type=4&letter=F&catid=7&themeid=0&searchtext=&entries=0&order=title&nid=4 HTTP/1.1" 404 1256 "-" "Mozilla/5.0 (compatible; Googlebot/2.1; +http://www.google.com/bot.html)"
66.249.64.24 - - [12/Jan/2014:14:49:27 +0100] "GET /include.php?path=contentarchive&type=4&letter=P&catid=7&themeid=0&searchtext=&entries=0&order=title&nid=4 HTTP/1.1" 404 1256 "-" "Mozilla/5.0 (compatible; Googlebot/2.1; +http://www.google.com/bot.html)"
66.249.64.25 - - [12/Jan/2014:14:51:45 +0100] "GET /include.php?path=contentarchive&type=4&catid=7&letter=0-9&entries=0&searchtext=&order=titled&nid=13 HTTP/1.1" 404 1256 "-" "Mozilla/5.0 (compatible; Googlebot/2.1; +http://www.google.com/bot.html)"
66.249.64.25 - - [12/Jan/2014:14:54:03 +0100] "GET /include.php?path=contentarchive&type=4&letter=alle&catid=7&themeid=0&searchtext=&entries=0&order=title&nid=13 HTTP/1.1" 404 1256 "-" "Mozilla/5.0 (compatible; Googlebot/2.1; +http://www.google.com/bot.html)"
66.249.64.24 - - [12/Jan/2014:15:23:51 +0100] "GET /include.php?path=contentarchive&type=4&catid=7&letter=F&entries=0&searchtext=&order=titled&nid=19 HTTP/1.1" 404 1256 "-" "Mozilla/5.0 (compatible; Googlebot/2.1; +http://www.google.com/bot.html)"
66.249.64.23 - - [12/Jan/2014:15:35:20 +0100] "GET /include.php?path=contentarchive&type=4&letter=T&catid=7&themeid=0&searchtext=&entries=0&order=title&nid=4 HTTP/1.1" 404 1256 "-" "Mozilla/5.0 (compatible; Googlebot/2.1; +http://www.google.com/bot.html)"
66.249.64.25 - - [12/Jan/2014:15:39:55 +0100] "GET /include.php?path=contentarchive&type=4&letter=P&catid=7&themeid=0&searchtext=&entries=0&order=title&nid=13 HTTP/1.1" 404 1256 "-" "Mozilla/5.0 (compatible; Googlebot/2.1; +http://www.google.com/bot.html)"
66.249.64.24 - - [12/Jan/2014:15:42:12 +0100] "GET /include.php?path=contentarchive&type=4&letter=M&catid=7&themeid=0&searchtext=&entries=0&order=dated&nid=19 HTTP/1.1" 404 1256 "-" "Mozilla/5.0 (compatible; Googlebot/2.1; +http://www.google.com/bot.html)"
66.249.64.23 - - [12/Jan/2014:15:44:30 +0100] "GET /include.php?path=contentarchive&type=4&letter=E&catid=7&themeid=0&searchtext=&entries=0&order=titled&nid=32 HTTP/1.1" 404 1256 "-" "Mozilla/5.0 (compatible; Googlebot/2.1; +http://www.google.com/bot.html)"
66.249.64.25 - - [12/Jan/2014:15:46:48 +0100] "GET /include.php?path=contentarchive&type=4&letter=V&catid=7&themeid=0&searchtext=&entries=0&order=dated&nid=4 HTTP/1.1" 404 1256 "-" "Mozilla/5.0 (compatible; Googlebot/2.1; +http://www.google.com/bot.html)"
66.249.64.24 - - [12/Jan/2014:15:49:05 +0100] "GET /include.php?path=contentarchive&type=4&letter=P&catid=7&themeid=0&searchtext=&entries=0&order=dated&nid=21 HTTP/1.1" 404 1256 "-" "Mozilla/5.0 (compatible; Googlebot/2.1; +http://www.google.com/bot.html)"
66.249.64.23 - - [12/Jan/2014:15:51:23 +0100] "GET /include.php?path=contentarchive&type=4&catid=7&letter=O&entries=0&searchtext=&order=date&nid=21 HTTP/1.1" 404 1256 "-" "Mozilla/5.0 (compatible; Googlebot/2.1; +http://www.google.com/bot.html)"
66.249.64.23 - - [12/Jan/2014:15:53:40 +0100] "GET /include.php?path=contentarchive&type=4&letter=K&catid=7&themeid=0&searchtext=&entries=0&order=titled&nid=19 HTTP/1.1" 404 1256 "-" "Mozilla/5.0 (compatible; Googlebot/2.1; +http://www.google.com/bot.html)"
66.249.64.23 - - [12/Jan/2014:16:28:05 +0100] "GET /include.php?path=contentarchive&type=4&catid=7&letter=K&entries=0&searchtext=&order=dated HTTP/1.1" 404 1256 "-" "Mozilla/5.0 (compatible; Googlebot/2.1; +http://www.google.com/bot.html)"
66.249.64.25 - - [12/Jan/2014:16:34:57 +0100] "GET /include.php?path=contentarchive&type=4&letter=I&catid=7&themeid=0&searchtext=&entries=0&order=titled&nid=19 HTTP/1.1" 404 1256 "-" "Mozilla/5.0 (compatible; Googlebot/2.1; +http://www.google.com/bot.html)"
66.249.64.24 - - [12/Jan/2014:16:39:33 +0100] "GET /include.php?path=contentarchive&type=4&letter=F&catid=7&themeid=0&searchtext=&entries=0&order=titled&nid=32 HTTP/1.1" 404 1256 "-" "Mozilla/5.0 (compatible; Googlebot/2.1; +http://www.google.com/bot.html)"
66.249.64.23 - - [12/Jan/2014:16:41:50 +0100] "GET /include.php?path=contentarchive&type=4&catid=7&letter=Y&entries=0&searchtext=&order=title&nid=4 HTTP/1.1" 404 1256 "-" "Mozilla/5.0 (compatible; Googlebot/2.1; +http://www.google.com/bot.html)"
66.249.64.24 - - [12/Jan/2014:16:44:08 +0100] "GET /include.php?path=contentarchive&type=4&catid=7&letter=P&entries=0&searchtext=&order=dated&nid=13 HTTP/1.1" 404 1256 "-" "Mozilla/5.0 (compatible; Googlebot/2.1; +http://www.google.com/bot.html)"
66.249.64.25 - - [12/Jan/2014:16:46:25 +0100] "GET /include.php?path=contentarchive&type=4&catid=7&letter=I&entries=0&searchtext=&order=titled&nid=21 HTTP/1.1" 404 1256 "-" "Mozilla/5.0 (compatible; Googlebot/2.1; +http://www.google.com/bot.html)"
66.249.64.25 - - [12/Jan/2014:16:48:43 +0100] "GET /include.php?path=contentarchive&type=4&catid=7&letter=Y&entries=0&searchtext=&order=titled&nid=4 HTTP/1.1" 404 1256 "-" "Mozilla/5.0 (compatible; Googlebot/2.1; +http://www.google.com/bot.html)"
66.249.64.23 - - [12/Jan/2014:16:51:01 +0100] "GET /include.php?path=contentarchive&type=4&catid=7&letter=M&entries=0&searchtext=&order=title&nid=13 HTTP/1.1" 404 1256 "-" "Mozilla/5.0 (compatible; Googlebot/2.1; +http://www.google.com/bot.html)"
66.249.64.23 - - [12/Jan/2014:17:23:07 +0100] "GET /include.php?path=contentarchive&type=4&catid=7&letter=R&entries=0&searchtext=&order=titled&nid=13 HTTP/1.1" 404 1256 "-" "Mozilla/5.0 (compatible; Googlebot/2.1; +http://www.google.com/bot.html)"
66.249.64.25 - - [12/Jan/2014:17:25:25 +0100] "GET /include.php?path=contentarchive&type=4&catid=7&letter=P&entries=0&searchtext=&order=titled&nid=19 HTTP/1.1" 404 1256 "-" "Mozilla/5.0 (compatible; Googlebot/2.1; +http://www.google.com/bot.html)"
66.249.64.23 - - [12/Jan/2014:17:27:42 +0100] "GET /include.php?path=contentarchive&type=4&catid=7&letter=B&entries=0&searchtext=&order=titled&nid=21 HTTP/1.1" 404 1256 "-" "Mozilla/5.0 (compatible; Googlebot/2.1; +http://www.google.com/bot.html)"
66.249.64.24 - - [12/Jan/2014:17:32:18 +0100] "GET /include.php?path=contentarchive&type=4&letter=G&catid=7&themeid=0&searchtext=&entries=0&order=&nid=13 HTTP/1.1" 404 1256 "-" "Mozilla/5.0 (compatible; Googlebot/2.1; +http://www.google.com/bot.html)"
66.249.64.23 - - [12/Jan/2014:17:34:35 +0100] "GET /include.php?path=contentarchive&type=4&catid=7&letter=L&entries=0&searchtext=&order=titled&nid=4 HTTP/1.1" 404 1256 "-" "Mozilla/5.0 (compatible; Googlebot/2.1; +http://www.google.com/bot.html)"
176.9.50.42 - - [12/Jan/2014:17:35:56 +0100] "GET /include.php?path=contentarchive&type=2&nid=30 HTTP/1.1" 404 1256 "-" "Mozilla/4.0 (compatible; MSIE 6.0; Windows 98; Win 9x4.90)"
66.249.64.25 - - [12/Jan/2014:17:36:53 +0100] "GET /include.php?path=contentarchive&type=4&letter=G&catid=7&themeid=0&searchtext=&entries=0&order=&nid=21 HTTP/1.1" 404 1256 "-" "Mozilla/5.0 (compatible; Googlebot/2.1; +http://www.google.com/bot.html)"
66.249.76.208 - - [12/Jan/2014:17:39:10 +0100] "GET /include.php?path=contentarchive&type=4&letter=Y&catid=7&themeid=0&searchtext=&entries=0&order=&nid=21 HTTP/1.1" 404 1256 "-" "Mozilla/5.0 (compatible; Googlebot/2.1; +http://www.google.com/bot.html)"
208.115.111.69 - - [12/Jan/2014:17:47:38 +0100] "GET /robots.txt HTTP/1.1" 404 1256 "-" "Mozilla/5.0 (compatible; Ezooms/1.0; help@moz.com)"
66.249.64.25 - - [12/Jan/2014:17:48:21 +0100] "GET /include.php?path=contentarchive&type=4&letter=I&catid=7&themeid=0&searchtext=&entries=0&order=&nid=4 HTTP/1.1" 404 1256 "-" "Mozilla/5.0 (compatible; Googlebot/2.1; +http://www.google.com/bot.html)"
66.249.64.24 - - [12/Jan/2014:17:50:38 +0100] "GET /include.php?path=contentarchive&type=4&letter=G&catid=7&themeid=0&searchtext=&entries=0&order=&nid=19 HTTP/1.1" 404 1256 "-" "Mozilla/5.0 (compatible; Googlebot/2.1; +http://www.google.com/bot.html)"
66.249.64.23 - - [12/Jan/2014:18:22:45 +0100] "GET /include.php?path=contentarchive&type=4&letter=H&catid=7&themeid=0&searchtext=&entries=0&order=&nid=32 HTTP/1.1" 404 1256 "-" "Mozilla/5.0 (compatible; Googlebot/2.1; +http://www.google.com/bot.html)"
66.249.64.24 - - [12/Jan/2014:18:29:38 +0100] "GET /include.php?path=contentarchive&type=4&catid=7&letter=N&entries=0&searchtext=&order=titled&nid=13 HTTP/1.1" 404 1256 "-" "Mozilla/5.0 (compatible; Googlebot/2.1; +http://www.google.com/bot.html)"
66.249.64.25 - - [12/Jan/2014:18:38:48 +0100] "GET /include.php?path=contentarchive&type=4&catid=7&letter=A&entries=0&searchtext=&order=titled&nid=19 HTTP/1.1" 404 1256 "-" "Mozilla/5.0 (compatible; Googlebot/2.1; +http://www.google.com/bot.html)"
66.249.64.25 - - [12/Jan/2014:18:41:06 +0100] "GET /include.php?path=contentarchive&type=4&catid=7&letter=W&entries=0&searchtext=&order=dated&nid=32 HTTP/1.1" 404 1256 "-" "Mozilla/5.0 (compatible; Googlebot/2.1; +http://www.google.com/bot.html)"
66.249.64.24 - - [12/Jan/2014:18:43:23 +0100] "GET /include.php?path=contentarchive&type=4&catid=7&letter=G&entries=0&searchtext=&order=titled&nid=32 HTTP/1.1" 404 1256 "-" "Mozilla/5.0 (compatible; Googlebot/2.1; +http://www.google.com/bot.html)"
66.249.64.24 - - [12/Jan/2014:18:45:41 +0100] "GET /include.php?path=contentarchive&type=1&catid=1&letter=U&entries=0&searchtext=&order=dated&nid=21 HTTP/1.1" 404 1256 "-" "Mozilla/5.0 (compatible; Googlebot/2.1; +http://www.google.com/bot.html)"
66.249.64.25 - - [12/Jan/2014:18:47:59 +0100] "GET /include.php?path=contentarchive&type=1&letter=B&catid=1&themeid=0&searchtext=&entries=0&order=title&nid=32 HTTP/1.1" 404 1256 "-" "Mozilla/5.0 (compatible; Googlebot/2.1; +http://www.google.com/bot.html)"
66.249.64.23 - - [12/Jan/2014:18:50:16 +0100] "GET /include.php?path=contentarchive&type=1&letter=E&catid=1&themeid=0&searchtext=&entries=0&order=title&nid=21 HTTP/1.1" 404 1256 "-" "Mozilla/5.0 (compatible; Googlebot/2.1; +http://www.google.com/bot.html)"
66.249.64.23 - - [12/Jan/2014:19:29:16 +0100] "GET /include.php?path=contentarchive&type=1&letter=H&catid=1&themeid=0&searchtext=&entries=0&order=dated&nid=13 HTTP/1.1" 404 1256 "-" "Mozilla/5.0 (compatible; Googlebot/2.1; +http://www.google.com/bot.html)"
66.249.76.224 - - [12/Jan/2014:19:36:08 +0100] "GET /include.php?path=contentarchive&type=1&catid=1&letter=M&entries=0&searchtext=&order=dated&nid=21 HTTP/1.1" 404 1256 "-" "Mozilla/5.0 (compatible; Googlebot/2.1; +http://www.google.com/bot.html)"
208.115.113.85 - - [12/Jan/2014:19:37:25 +0100] "GET /robots.txt HTTP/1.1" 404 1256 "-" "Mozilla/5.0 (compatible; Ezooms/1.0; help@moz.com)"
66.249.64.25 - - [12/Jan/2014:19:40:44 +0100] "GET /include.php?path=contentarchive&type=1&catid=1&letter=0-9&entries=0&searchtext=&order=date&nid=19 HTTP/1.1" 404 1256 "-" "Mozilla/5.0 (compatible; Googlebot/2.1; +http://www.google.com/bot.html)"
66.249.64.25 - - [12/Jan/2014:19:43:01 +0100] "GET /include.php?path=contentarchive&type=1&catid=1&letter=U&entries=0&searchtext=&order=title&nid=32 HTTP/1.1" 404 1256 "-" "Mozilla/5.0 (compatible; Googlebot/2.1; +http://www.google.com/bot.html)"
208.115.111.69 - - [12/Jan/2014:19:44:49 +0100] "GET /include.php?path=contentarchive&type=2&letter=A&catid=0&themeid=0&searchtext=&entries=0&order= HTTP/1.1" 404 1256 "-" "Mozilla/5.0 (compatible; Ezooms/1.0; help@moz.com)"
66.249.76.202 - - [12/Jan/2014:19:45:19 +0100] "GET /include.php?path=contentarchive&type=1&letter=L&catid=1&themeid=0&searchtext=&entries=0&order=dated&nid=4 HTTP/1.1" 404 1256 "-" "Mozilla/5.0 (compatible; Googlebot/2.1; +http://www.google.com/bot.html)"
66.249.64.24 - - [12/Jan/2014:19:47:36 +0100] "GET /include.php?path=contentarchive&type=1&letter=N&catid=1&themeid=0&searchtext=&entries=0&order=title&nid=13 HTTP/1.1" 404 1256 "-" "Mozilla/5.0 (compatible; Googlebot/2.1; +http://www.google.com/bot.html)"
5.42.141.72 - - [12/Jan/2014:20:07:29 +0100] "GET / HTTP/1.1" 302 - "https://www.google.de/" "Mozilla/5.0 (iPhone; CPU iPhone OS 7_0_4 like Mac OS X) AppleWebKit/537.51.1 (KHTML, like Gecko) Version/7.0 Mobile/11B554a Safari/9537.53"
66.249.64.25 - - [12/Jan/2014:20:17:24 +0100] "GET /include.php?path=contentarchive&type=1&letter=N&catid=1&themeid=0&searchtext=&entries=0&order=titled&nid=21 HTTP/1.1" 404 1256 "-" "Mozilla/5.0 (compatible; Googlebot/2.1; +http://www.google.com/bot.html)"
66.249.64.24 - - [12/Jan/2014:20:20:19 +0100] "GET /include.php?path=contentarchive&type=1&catid=1&letter=R&entries=0&searchtext=&order=titled&nid=13 HTTP/1.1" 404 1256 "-" "Mozilla/5.0 (compatible; Googlebot/2.1; +http://www.google.com/bot.html)"
66.249.64.24 - - [12/Jan/2014:20:23:17 +0100] "GET /include.php?path=contentarchive&type=1&letter=0-9&catid=1&themeid=0&searchtext=&entries=0&order=titled&nid=21 HTTP/1.1" 404 1256 "-" "Mozilla/5.0 (compatible; Googlebot/2.1; +http://www.google.com/bot.html)"
66.249.64.25 - - [12/Jan/2014:20:26:14 +0100] "GET /include.php?path=contentarchive&type=1&letter=U&catid=1&themeid=0&searchtext=&entries=0&order=titled&nid=32 HTTP/1.1" 404 1256 "-" "Mozilla/5.0 (compatible; Googlebot/2.1; +http://www.google.com/bot.html)"
66.249.64.24 - - [12/Jan/2014:20:29:15 +0100] "GET /include.php?path=contentarchive&type=1&catid=1&letter=Z&entries=0&searchtext=&order=dated&nid=4 HTTP/1.1" 404 1256 "-" "Mozilla/5.0 (compatible; Googlebot/2.1; +http://www.google.com/bot.html)"
66.249.64.25 - - [12/Jan/2014:20:32:15 +0100] "GET /include.php?path=contentarchive&type=1&catid=1&letter=H&entries=0&searchtext=&order=titled&nid=32 HTTP/1.1" 404 1256 "-" "Mozilla/5.0 (compatible; Googlebot/2.1; +http://www.google.com/bot.html)"
66.249.64.25 - - [12/Jan/2014:20:35:15 +0100] "GET /include.php?path=contentarchive&type=1&letter=U&catid=1&themeid=0&searchtext=&entries=0&order=title&nid=32 HTTP/1.1" 404 1256 "-" "Mozilla/5.0 (compatible; Googlebot/2.1; +http://www.google.com/bot.html)"
66.249.64.24 - - [12/Jan/2014:20:38:19 +0100] "GET /include.php?path=contentarchive&type=1&letter=T&catid=1&themeid=0&searchtext=&entries=0&order=title&nid=32 HTTP/1.1" 404 1256 "-" "Mozilla/5.0 (compatible; Googlebot/2.1; +http://www.google.com/bot.html)"
66.249.64.25 - - [12/Jan/2014:20:41:23 +0100] "GET /include.php?path=contentarchive&type=1&letter=T&catid=1&themeid=0&searchtext=&entries=0&order=title&nid=13 HTTP/1.1" 404 1256 "-" "Mozilla/5.0 (compatible; Googlebot/2.1; +http://www.google.com/bot.html)"
66.249.64.24 - - [12/Jan/2014:20:43:04 +0100] "GET /include.php?path=contentarchive&type=1&letter=M&catid=0&themeid=0&searchtext=&entries=0&order=dated&nid=21 HTTP/1.1" 404 1256 "-" "Mozilla/5.0 (compatible; Googlebot/2.1; +http://www.google.com/bot.html)"
66.249.64.24 - - [12/Jan/2014:20:45:27 +0100] "GET /include.php?path=contentarchive&type=1&letter=O&catid=9&themeid=0&searchtext=&entries=0&order=titled&nid=13 HTTP/1.1" 404 1256 "-" "Mozilla/5.0 (compatible; Googlebot/2.1; +http://www.google.com/bot.html)"
66.249.76.188 - - [12/Jan/2014:20:47:56 +0100] "GET /include.php?path=contentarchive&type=1&letter=O&catid=1&themeid=0&searchtext=&entries=5&order=titled&nid=21 HTTP/1.1" 404 1256 "-" "Mozilla/5.0 (compatible; Googlebot/2.1; +http://www.google.com/bot.html)"
66.249.64.23 - - [12/Jan/2014:20:50:24 +0100] "GET /include.php?path=contentarchive&type=1&catid=0&letter=N&entries=0&searchtext=&order=dated&nid=13 HTTP/1.1" 404 1256 "-" "Mozilla/5.0 (compatible; Googlebot/2.1; +http://www.google.com/bot.html)"
66.249.64.24 - - [12/Jan/2014:20:52:56 +0100] "GET /include.php?path=contentarchive&type=1&catid=9&letter=Y&entries=0&searchtext=&order=title&nid=4 HTTP/1.1" 404 1256 "-" "Mozilla/5.0 (compatible; Googlebot/2.1; +http://www.google.com/bot.html)"
66.249.64.24 - - [12/Jan/2014:20:55:27 +0100] "GET /include.php?path=contentarchive&type=1&letter=E&catid=9&themeid=0&searchtext=&entries=0&order=&nid=4 HTTP/1.1" 404 1256 "-" "Mozilla/5.0 (compatible; Googlebot/2.1; +http://www.google.com/bot.html)"
66.249.64.24 - - [12/Jan/2014:20:58:03 +0100] "GET /include.php?path=contentarchive&type=1&letter=N&catid=9&themeid=0&searchtext=&entries=0&order=titled&nid=13 HTTP/1.1" 404 1256 "-" "Mozilla/5.0 (compatible; Googlebot/2.1; +http://www.google.com/bot.html)"
141.8.147.12 - - [12/Jan/2014:21:17:17 +0100] "GET /robots.txt HTTP/1.1" 404 1256 "-" "Mozilla/5.0 (compatible; YandexBot/3.0; +http://yandex.com/bots)"
141.8.147.12 - - [12/Jan/2014:21:17:20 +0100] "GET /fls_1_aktuelles.php?artid=39 HTTP/1.1" 404 1256 "-" "Mozilla/5.0 (compatible; YandexBot/3.0; +http://yandex.com/bots)"
141.8.147.12 - - [12/Jan/2014:21:17:22 +0100] "GET /fls_4_kontakt_anmeldung.php HTTP/1.1" 404 1256 "-" "Mozilla/5.0 (compatible; YandexBot/3.0; +http://yandex.com/bots)"
141.8.147.12 - - [12/Jan/2014:21:17:24 +0100] "GET /fls_2_fremdsprachensekr.php HTTP/1.1" 404 1256 "-" "Mozilla/5.0 (compatible; YandexBot/3.0; +http://yandex.com/bots)"
141.8.147.12 - - [12/Jan/2014:21:17:26 +0100] "GET /fls_1_aktuelles.php HTTP/1.1" 404 1256 "-" "Mozilla/5.0 (compatible; YandexBot/3.0; +http://yandex.com/bots)"
141.8.147.12 - - [12/Jan/2014:21:17:28 +0100] "GET /fls_2_berufsfachschule.php HTTP/1.1" 404 1256 "-" "Mozilla/5.0 (compatible; YandexBot/3.0; +http://yandex.com/bots)"
141.8.147.12 - - [12/Jan/2014:21:17:30 +0100] "GET /fls_2_fremdsprachenkorr.php HTTP/1.1" 404 1256 "-" "Mozilla/5.0 (compatible; YandexBot/3.0; +http://yandex.com/bots)"
141.8.147.12 - - [12/Jan/2014:21:17:32 +0100] "GET /fls_4_impressum.php HTTP/1.1" 404 1256 "-" "Mozilla/5.0 (compatible; YandexBot/3.0; +http://yandex.com/bots)"
141.8.147.12 - - [12/Jan/2014:21:17:34 +0100] "GET /index_en.php HTTP/1.1" 404 1256 "-" "Mozilla/5.0 (compatible; YandexBot/3.0; +http://yandex.com/bots)"
141.8.147.12 - - [12/Jan/2014:21:17:36 +0100] "GET /fls_3_fls_international.php HTTP/1.1" 404 1256 "-" "Mozilla/5.0 (compatible; YandexBot/3.0; +http://yandex.com/bots)"
141.8.147.12 - - [12/Jan/2014:21:17:38 +0100] "GET /index_fr.php HTTP/1.1" 404 1256 "-" "Mozilla/5.0 (compatible; YandexBot/3.0; +http://yandex.com/bots)"
141.8.147.12 - - [12/Jan/2014:21:17:40 +0100] "GET /fls_2_kurs_ecbm_london.php HTTP/1.1" 404 1256 "-" "Mozilla/5.0 (compatible; YandexBot/3.0; +http://yandex.com/bots)"
141.8.147.12 - - [12/Jan/2014:21:17:42 +0100] "GET /fls_2_europakorr.php HTTP/1.1" 404 1256 "-" "Mozilla/5.0 (compatible; YandexBot/3.0; +http://yandex.com/bots)"
