176.9.50.42 - - [05/Jan/2014:20:57:54 +0100] "GET /?path=contentarchive&type=2&letter=0-9&catid=0&themeid=0&searchtext=&entries=0&order= HTTP/1.1" 302 - "-" "Mozilla/4.0 (compatible; MSIE 6.0; Windows 98; Win 9x4.90)"
178.255.215.70 - - [05/Jan/2014:21:22:23 +0100] "GET /robots.txt HTTP/1.1" 404 1256 "-" "Mozilla/5.0 (compatible; Exabot/3.0; +http://www.exabot.com/go/robot)"
178.255.215.70 - - [05/Jan/2014:21:22:23 +0100] "GET /?nid=21 HTTP/1.1" 302 - "-" "Mozilla/5.0 (compatible; Exabot/3.0; +http://www.exabot.com/go/robot)"
188.138.41.175 - - [05/Jan/2014:22:13:33 +0100] "GET / HTTP/1.1" 302 - "-" "Mozilla/5.0 (X11; U; Linux i686; en-US; rv:1.9.0.1) Gecko/2008070206 Firefox/3.0.1"
188.138.41.175 - - [05/Jan/2014:22:13:35 +0100] "GET / HTTP/1.1" 302 - "-" "Mozilla/5.0 (X11; U; Linux i686; en-US; rv:1.9.0.1) Gecko/2008070206 Firefox/3.0.1"
188.138.41.175 - - [05/Jan/2014:22:13:35 +0100] "GET /?path=content&contentid=81&nid=2 HTTP/1.1" 302 - "-" "Mozilla/5.0 (X11; U; Linux i686; en-US; rv:1.9.0.1) Gecko/2008070206 Firefox/3.0.1"
66.249.78.236 - - [05/Jan/2014:22:36:34 +0100] "GET /?path=faq&catid=2&nid=32 HTTP/1.1" 302 - "-" "Mozilla/5.0 (compatible; Googlebot/2.1; +http://www.google.com/bot.html)"
66.249.78.236 - - [06/Jan/2014:00:39:34 +0100] "GET / HTTP/1.1" 302 - "-" "Mozilla/5.0 (compatible; Googlebot/2.1; +http://www.google.com/bot.html)"
162.243.89.84 - - [06/Jan/2014:01:10:29 +0100] "GET /robots.txt HTTP/1.1" 404 1256 "-" "Mozilla/5.0 (compatible; spbot/4.0.5; +http://www.seoprofiler.com/bot )"
162.243.89.84 - - [06/Jan/2014:01:10:35 +0100] "GET / HTTP/1.1" 302 - "-" "Mozilla/5.0 (compatible; spbot/4.0.5; +http://www.seoprofiler.com/bot )"
141.8.147.12 - - [06/Jan/2014:01:13:32 +0100] "GET /robots.txt HTTP/1.1" 404 1256 "-" "Mozilla/5.0 (compatible; YandexBot/3.0; +http://yandex.com/bots)"
178.77.126.55 - - [06/Jan/2014:02:05:47 +0100] "GET /robots.txt HTTP/1.1" 404 1256 "-" "Mozilla/5.0 (compatible; CareerBot/1.1; +http://www.career-x.de/bot.html)"
178.77.126.55 - - [06/Jan/2014:02:05:47 +0100] "GET / HTTP/1.1" 302 - "-" "Mozilla/5.0 (compatible; CareerBot/1.1; +http://www.career-x.de/bot.html)"
141.8.147.12 - - [06/Jan/2014:04:54:28 +0100] "GET / HTTP/1.1" 302 - "-" "Mozilla/5.0 (compatible; YandexBot/3.0; +http://yandex.com/bots)"
85.25.110.112 - - [06/Jan/2014:07:24:07 +0100] "GET /?path=contentarchive&type=2&letter=V&catid=0&themeid=0&searchtext=&entries=0&order= HTTP/1.1" 302 - "-" "Mozilla/4.0 (compatible; MSIE 6.0; Windows 98; Win 9x4.90)"
66.249.78.236 - - [06/Jan/2014:08:03:00 +0100] "GET /robots.txt HTTP/1.1" 404 1256 "-" "Mozilla/5.0 (compatible; Googlebot/2.1; +http://www.google.com/bot.html)"
66.249.78.236 - - [06/Jan/2014:08:03:00 +0100] "GET /include.php?path=contentarchive&type=1&letter=K&catid=1&themeid=0&searchtext=&entries=0&order=titled&nid=32 HTTP/1.1" 404 1256 "-" "Mozilla/5.0 (compatible; Googlebot/2.1; +http://www.google.com/bot.html)"
66.249.78.236 - - [06/Jan/2014:09:13:54 +0100] "GET /include.php?path=contentarchive&type=4&letter=O&catid=7&themeid=0&searchtext=&entries=0&order= HTTP/1.1" 404 1256 "-" "Mozilla/5.0 (compatible; Googlebot/2.1; +http://www.google.com/bot.html)"
66.249.78.236 - - [06/Jan/2014:09:52:28 +0100] "GET /include.php?path=contentarchive&type=4&letter=0-9&catid=7&themeid=0&searchtext=&entries=0&order= HTTP/1.1" 404 1256 "-" "Mozilla/5.0 (compatible; Googlebot/2.1; +http://www.google.com/bot.html)"
213.61.229.154 - - [06/Jan/2014:10:03:08 +0100] "GET / HTTP/1.1" 302 - "http://www.google.de/url?sa=t&rct=j&q=&esrc=s&source=web&cd=10&sqi=2&ved=0CKwBEKACMAk&url=http%3A%2F%2Fwww.friedrich-list-berlin.de%2F&ei=4W_KUv_BMIGhtAbB6YHwBA&usg=AFQjCNGsKs3TvBQ4z91zrYvo9_SfKi5nug&sig2=fAIgRdAAX1WrN9uIUguRUw&bvm=bv.58187178,d.Yms&cad=rja" "Mozilla/5.0 (Windows NT 6.1; WOW64; rv:26.0) Gecko/20100101 Firefox/26.0"
150.70.173.43 - - [06/Jan/2014:10:04:18 +0100] "GET / HTTP/1.1" 302 - "-" "Mozilla/4.0 (compatible; MSIE 8.0; Windows NT 5.1; Trident/4.0)"
150.70.172.206 - - [06/Jan/2014:10:09:20 +0100] "GET / HTTP/1.0" 302 - "-" "Mozilla/4.0 (compatible; MSIE 6.0; Windows NT 5.1)"
150.70.173.39 - - [06/Jan/2014:10:12:02 +0100] "GET / HTTP/1.1" 302 - "-" "Mozilla/4.0 (compatible; MSIE 8.0; Windows NT 5.1; Trident/4.0)"
213.61.229.154 - - [06/Jan/2014:10:20:36 +0100] "GET / HTTP/1.1" 302 - "http://maps.google.de/local_url?dq=sprachschule+berlin+schoeneberg&q=http://www.friedrich-list-berlin.de/&oi=miw&sa=X&ct=miw_link&cd=1&cad=homepage,cid:15796106503487596536&ei=B3TKUtqIK86h8AOpjoDABw&s=ANYYN7mZaaIMkXM4qLwOHNqsFLAqpti_Ew" "Mozilla/5.0 (Windows NT 6.1; WOW64; rv:26.0) Gecko/20100101 Firefox/26.0"
85.25.100.239 - - [06/Jan/2014:11:04:21 +0100] "GET /?path=contentarchive&type=2&letter=N&catid=0&themeid=0&searchtext=&entries=0&order= HTTP/1.1" 302 - "-" "Mozilla/4.0 (compatible; MSIE 6.0; Windows 98; Win 9x4.90)"
66.249.78.236 - - [06/Jan/2014:11:09:37 +0100] "GET /include.php?path=contentarchive&type=1&letter=X&catid=10&themeid=0&searchtext=&entries=0&order=dated HTTP/1.1" 404 1256 "-" "Mozilla/5.0 (compatible; Googlebot/2.1; +http://www.google.com/bot.html)"
46.165.197.141 - - [06/Jan/2014:11:52:59 +0100] "GET /robots.txt HTTP/1.0" 404 1256 "-" "Mozilla/5.0 (compatible; MJ12bot/v1.4.4; http://www.majestic12.co.uk/bot.php?+)"
46.165.197.141 - - [06/Jan/2014:11:53:01 +0100] "GET / HTTP/1.0" 302 - "-" "Mozilla/5.0 (compatible; MJ12bot/v1.4.4; http://www.majestic12.co.uk/bot.php?+)"
94.134.220.147 - - [06/Jan/2014:11:59:31 +0100] "GET / HTTP/1.1" 302 - "-" "Mozilla/5.0 (Windows NT 6.1; WOW64; rv:25.0) Gecko/20100101 Firefox/25.0"
188.165.195.156 - - [06/Jan/2014:12:06:46 +0100] "HEAD / HTTP/1.1" 302 - "-" "Mozilla/4.0 (compatible; MSIE 5.01; Windows NT 5.0)"
94.134.220.147 - - [06/Jan/2014:12:24:22 +0100] "GET / HTTP/1.1" 302 - "-" "Mozilla/5.0 (Windows NT 6.1; WOW64; rv:24.0) Gecko/20100101 Firefox/24.0"
5.10.83.8 - - [06/Jan/2014:12:36:58 +0100] "GET / HTTP/1.1" 302 - "-" "Mozilla/5.0 (compatible; AhrefsBot/5.0; +http://ahrefs.com/robot/)"
88.198.110.130 - - [06/Jan/2014:13:16:57 +0100] "GET /?path=contentarchive&type=2&letter=N&catid=0&themeid=0&searchtext=&entries=0&order=&nid=21 HTTP/1.1" 302 - "-" "Mozilla/4.0 (compatible; MSIE 6.0; Windows 98; Win 9x4.90)"
66.249.78.236 - - [06/Jan/2014:13:35:20 +0100] "GET /include.php?path=contentarchive&type=1&letter=J&catid=10&themeid=0&searchtext=&entries=0&order=&nid=4 HTTP/1.1" 404 1256 "-" "Mozilla/5.0 (compatible; Googlebot/2.1; +http://www.google.com/bot.html)"
66.249.78.236 - - [06/Jan/2014:14:09:37 +0100] "GET /include.php?path=contentarchive&type=4&letter=Q&catid=7&themeid=0&searchtext=&entries=0&order= HTTP/1.1" 404 1256 "-" "Mozilla/5.0 (compatible; Googlebot/2.1; +http://www.google.com/bot.html)"
66.249.78.236 - - [06/Jan/2014:15:18:11 +0100] "GET /include.php?path=contentarchive&type=1&letter=E&catid=10&themeid=0&searchtext=&entries=0&order=dated&nid=13 HTTP/1.1" 404 1256 "-" "Mozilla/5.0 (compatible; Googlebot/2.1; +http://www.google.com/bot.html)"
141.15.33.1 - - [06/Jan/2014:15:33:52 +0100] "GET / HTTP/1.1" 302 - "http://www.google.de/url?sa=t&rct=j&q=&esrc=s&frm=1&source=web&cd=1&ved=0CDMQFjAA&url=http%3A%2F%2Fwww.friedrich-list-berlin.de%2F&ei=x77KUr6KKIeqtAb_noHwAw&usg=AFQjCNGsKs3TvBQ4z91zrYvo9_SfKi5nug" "Mozilla/4.0 (compatible; MSIE 8.0; Windows NT 5.1; Trident/4.0; .NET CLR 1.1.4322; .NET CLR 2.0.50727; .NET CLR 3.0.4506.2152; .NET CLR 3.5.30729)"
66.249.78.236 - - [06/Jan/2014:15:43:54 +0100] "GET /include.php?path=contentarchive&type=4&letter=I&catid=7&themeid=0&searchtext=&entries=0&order=dated&nid=19 HTTP/1.1" 404 1256 "-" "Mozilla/5.0 (compatible; Googlebot/2.1; +http://www.google.com/bot.html)"
5.10.83.25 - - [06/Jan/2014:16:04:40 +0100] "GET / HTTP/1.1" 302 - "-" "Mozilla/5.0 (compatible; AhrefsBot/5.0; +http://ahrefs.com/robot/)"
180.210.228.84 - - [06/Jan/2014:16:08:16 +0100] "GET /robots.txt HTTP/1.0" 404 1256 "-" "nutch-1.4/Nutch-1.4"
180.210.228.84 - - [06/Jan/2014:16:08:18 +0100] "GET / HTTP/1.0" 302 - "-" "nutch-1.4/Nutch-1.4"
66.249.78.236 - - [06/Jan/2014:17:22:28 +0100] "GET /include.php?path=contentarchive&type=2&letter=Y&catid=0&themeid=0&searchtext=&entries=0&order=title&nid=4 HTTP/1.1" 404 1256 "-" "Mozilla/5.0 (compatible; Googlebot/2.1; +http://www.google.com/bot.html)"
84.131.78.186 - - [06/Jan/2014:18:08:54 +0100] "GET / HTTP/1.1" 302 - "http://www.berlin.de/sen/bildung/schulverzeichnis_und_portraets/anwendung/Schulportrait.aspx?IDSchulzweig=11651" "Mozilla/5.0 (Windows NT 6.1; WOW64; rv:26.0) Gecko/20100101 Firefox/26.0"
66.249.78.236 - - [06/Jan/2014:18:22:28 +0100] "GET /include.php?path=contentarchive&type=4&catid=6&letter=W&entries=0&searchtext=&order=titled&nid=32 HTTP/1.1" 404 1256 "-" "Mozilla/5.0 (compatible; Googlebot/2.1; +http://www.google.com/bot.html)"
85.25.152.28 - - [06/Jan/2014:18:59:52 +0100] "GET /include.php?path=contentarchive&type=2&letter=G&catid=0&themeid=0&searchtext=&entries=0&order=dated HTTP/1.1" 404 1256 "-" "Mozilla/4.0 (compatible; MSIE 6.0; Windows 98; Win 9x4.90)"
66.249.78.236 - - [06/Jan/2014:19:09:37 +0100] "GET /include.php?path=contentarchive&type=4&letter=H&catid=8&themeid=0&searchtext=&entries=0&order= HTTP/1.1" 404 1256 "-" "Mozilla/5.0 (compatible; Googlebot/2.1; +http://www.google.com/bot.html)"
86.41.47.25 - - [06/Jan/2014:20:11:01 +0100] "GET / HTTP/1.1" 302 - "http://www.google.ie/search?client=ms-android-samsung&hl=en-GB&source=android-launcher-widget&v=133247963&ei=Lv_KUuToItSP7AbO8oGwBw&q=osz+berlin+franz+list&oq=osz+berlin+franz+list&gs_l=mobile-gws-serp.3...111772.122045.0.123734.17.14.1.0.0.1.610.3198.1j5j7j5-1.14.0....0...1c.1.32.mobile-gws-serp..15.2.542.aG2IA3snrIY" "Mozilla/5.0 (Linux; U; Android 2.3.3; en-gb; GT-I9000 Build/GINGERBREAD) AppleWebKit/533.1 (KHTML, like Gecko) Version/4.0 Mobile Safari/533.1"
66.249.78.236 - - [06/Jan/2014:20:31:03 +0100] "GET /robots.txt HTTP/1.1" 404 1256 "-" "Mozilla/5.0 (compatible; Googlebot/2.1; +http://www.google.com/bot.html)"
66.249.78.236 - - [06/Jan/2014:20:31:03 +0100] "GET /include.php?path=contentarchive&type=2&catid=9&letter=T&entries=0&searchtext=&order=title&nid=21 HTTP/1.1" 404 1256 "-" "Mozilla/5.0 (compatible; Googlebot/2.1; +http://www.google.com/bot.html)"
79.214.163.16 - - [06/Jan/2014:20:38:49 +0100] "GET /robots.txt HTTP/1.1" 404 1256 "-" "-"
208.115.111.69 - - [06/Jan/2014:22:00:19 +0100] "GET /robots.txt HTTP/1.1" 404 1256 "-" "Mozilla/5.0 (compatible; Ezooms/1.0; help@moz.com)"
66.249.78.236 - - [06/Jan/2014:22:04:38 +0100] "GET /include.php?path=contentarchive&type=4&letter=E&catid=7&themeid=0&searchtext=&entries=0&order=titled HTTP/1.1" 404 1256 "-" "Mozilla/5.0 (compatible; Googlebot/2.1; +http://www.google.com/bot.html)"
208.115.111.69 - - [06/Jan/2014:23:43:35 +0100] "GET /?path=contentarchive&type=2&letter=Y&catid=0&themeid=0&searchtext=&entries=0&order= HTTP/1.1" 302 - "-" "Mozilla/5.0 (compatible; Ezooms/1.0; help@moz.com)"
208.115.111.69 - - [06/Jan/2014:23:43:38 +0100] "GET /include.php?path=contentarchive&type=3&letter=M&catid=0&themeid=0&searchtext=&entries=0&order= HTTP/1.1" 404 1256 "-" "Mozilla/5.0 (compatible; Ezooms/1.0; help@moz.com)"
66.249.78.236 - - [06/Jan/2014:23:44:39 +0100] "GET /include.php?path=contentarchive&type=4&letter=X&catid=0&themeid=0&searchtext=&entries=0&order=&nid=19 HTTP/1.1" 404 1256 "-" "Mozilla/5.0 (compatible; Googlebot/2.1; +http://www.google.com/bot.html)"
66.249.78.236 - - [07/Jan/2014:00:36:46 +0100] "GET /include.php?path=contentarchive&type=4&letter=S&catid=8&themeid=0&searchtext=&entries=0&order=titled HTTP/1.1" 404 1256 "-" "Mozilla/5.0 (compatible; Googlebot/2.1; +http://www.google.com/bot.html)"
188.138.41.140 - - [07/Jan/2014:00:57:35 +0100] "GET /robots.txt HTTP/1.1" 404 1256 "-" "Mozilla/5.0 (X11; U; Linux i686; de; rv:1.9.0.1; compatible; iCjobs Stellenangebote Jobs; http://www.icjobs.de) Gecko/20100401 iCjobs/3.2.3"
188.138.41.140 - - [07/Jan/2014:00:57:35 +0100] "GET / HTTP/1.1" 302 - "-" "Mozilla/5.0 (X11; U; Linux i686; de; rv:1.9.0.1; compatible; iCjobs Stellenangebote Jobs; http://www.icjobs.de) Gecko/20100401 iCjobs/3.2.3"
188.138.41.140 - - [07/Jan/2014:00:57:35 +0100] "GET / HTTP/1.1" 302 - "-" "Mozilla/5.0 (X11; U; Linux i686; de; rv:1.9.0.1; compatible; iCjobs Stellenangebote Jobs; http://www.icjobs.de) Gecko/20100401 iCjobs/3.2.3"
208.115.113.85 - - [07/Jan/2014:01:45:36 +0100] "GET /robots.txt HTTP/1.1" 404 1256 "-" "Mozilla/5.0 (compatible; Ezooms/1.0; help@moz.com)"
141.8.147.12 - - [07/Jan/2014:01:53:49 +0100] "GET /robots.txt HTTP/1.1" 404 1256 "-" "Mozilla/5.0 (compatible; YandexBot/3.0; +http://yandex.com/bots)"
66.249.78.236 - - [07/Jan/2014:01:54:09 +0100] "GET /include.php?path=contentarchive&type=4&letter=O&catid=8&themeid=0&searchtext=&entries=0&order=title HTTP/1.1" 404 1256 "-" "Mozilla/5.0 (compatible; Googlebot/2.1; +http://www.google.com/bot.html)"
117.78.13.18 - - [07/Jan/2014:03:25:23 +0100] "GET /robots.txt HTTP/1.0" 404 1256 "-" "nutch-1.4/Nutch-1.4"
117.78.13.18 - - [07/Jan/2014:03:25:33 +0100] "GET / HTTP/1.0" 302 - "-" "nutch-1.4/Nutch-1.4"
176.9.50.42 - - [07/Jan/2014:04:40:54 +0100] "GET /?path=contentarchive&type=2&letter=alle&catid=0&themeid=0&searchtext=&entries=0&order= HTTP/1.1" 302 - "-" "Mozilla/4.0 (compatible; MSIE 6.0; Windows 98; Win 9x4.90)"
46.4.113.114 - - [07/Jan/2014:05:12:56 +0100] "GET /?path=content&contentid=32&nid=32 HTTP/1.1" 302 - "-" "Mozilla/4.0 (compatible; MSIE 6.0; Windows 98; Win 9x4.90)"
208.115.113.85 - - [07/Jan/2014:05:22:46 +0100] "GET /?path=content&contentid=39&nid=15 HTTP/1.1" 302 - "-" "Mozilla/5.0 (compatible; Ezooms/1.0; help@moz.com)"
141.8.147.12 - - [07/Jan/2014:06:16:12 +0100] "GET / HTTP/1.1" 302 - "-" "Mozilla/5.0 (compatible; YandexBot/3.0; +http://yandex.com/bots)"
54.202.181.79 - - [07/Jan/2014:08:30:46 +0100] "GET / HTTP/1.1" 302 - "http://www.ausergrubhof.info" "Mozilla/5.0 (Windows NT 6.1; Win64; x64; rv:25.0) Gecko/20100101 Firefox/25.0"
144.76.34.109 - - [07/Jan/2014:08:43:03 +0100] "GET /?path=contentarchive&type=2&letter=X&catid=0&themeid=0&searchtext=&entries=0&order= HTTP/1.1" 302 - "-" "Mozilla/4.0 (compatible; MSIE 6.0; Windows 98; Win 9x4.90)"
46.4.113.114 - - [07/Jan/2014:08:45:14 +0100] "GET /?path=contentarchive&type=2&letter=V&catid=0&themeid=0&searchtext=&entries=0&order=&nid=19 HTTP/1.1" 302 - "-" "Mozilla/4.0 (compatible; MSIE 6.0; Windows 98; Win 9x4.90)"
195.88.117.28 - - [07/Jan/2014:09:37:36 +0100] "GET / HTTP/1.1" 302 - "-" "-"
195.88.117.28 - - [07/Jan/2014:09:37:36 +0100] "GET / HTTP/1.1" 302 - "http://www.regional.planet-beruf.de/details.jsp?roid=157&oid=100400200&tid=1&eid=3026" "Mozilla/5.0 (compatible; MSIE 9.0; Windows NT 6.1; WOW64; Trident/5.0)"
150.70.173.46 - - [07/Jan/2014:09:39:22 +0100] "GET / HTTP/1.1" 302 - "-" "Mozilla/4.0 (compatible; MSIE 8.0; Windows NT 5.1; Trident/4.0)"
150.70.172.201 - - [07/Jan/2014:09:43:20 +0100] "GET / HTTP/1.0" 302 - "-" "Mozilla/4.0 (compatible; MSIE 6.0; Windows NT 5.1)"
46.19.35.74 - - [07/Jan/2014:09:56:56 +0100] "GET /FileManager/FileManagerData/note.gif HTTP/1.1" 404 1256 "-" "-"
46.19.35.74 - - [07/Jan/2014:09:56:56 +0100] "GET /FileManagerData/note.gif HTTP/1.1" 404 1256 "-" "-"
46.19.35.74 - - [07/Jan/2014:10:13:09 +0100] "GET /FileManagerData/note.gif HTTP/1.1" 404 1256 "-" "-"
46.19.35.74 - - [07/Jan/2014:10:13:09 +0100] "GET /FileManagerData/note.gif HTTP/1.1" 404 1256 "-" "-"
77.184.107.18 - - [07/Jan/2014:10:20:52 +0100] "GET / HTTP/1.1" 302 - "http://maps.google.com.au/local_url?dq=&q=http://www.friedrich-list-berlin.de/&oi=miw&sa=X&ct=miw_link&cd=1&cad=homepage,cid:15796106503487596536&ei=7MbLUvK7F8XUiAaL9oGYDw&s=ANYYN7l4GTHcEv0dbh3UBUqay7auFq0xeA" "Mozilla/5.0 (Macintosh; Intel Mac OS X 10.6; rv:12.0) Gecko/20100101 Firefox/12.0"
80.187.96.206 - - [07/Jan/2014:10:24:14 +0100] "GET / HTTP/1.1" 302 - "-" "Mozilla/5.0 (Windows NT 6.1; WOW64; rv:26.0) Gecko/20100101 Firefox/26.0"
80.187.96.206 - - [07/Jan/2014:10:27:20 +0100] "GET / HTTP/1.1" 302 - "-" "Mozilla/5.0 (Windows NT 6.1; WOW64; rv:26.0) Gecko/20100101 Firefox/26.0"
162.243.37.196 - - [07/Jan/2014:10:28:18 +0100] "GET /robots.txt HTTP/1.1" 404 1256 "-" "Mozilla/5.0 (compatible; spbot/4.0.5; +http://www.seoprofiler.com/bot )"
162.243.37.196 - - [07/Jan/2014:10:28:23 +0100] "GET / HTTP/1.1" 302 - "-" "Mozilla/5.0 (compatible; spbot/4.0.5; +http://www.seoprofiler.com/bot )"
91.66.40.180 - - [07/Jan/2014:11:03:03 +0100] "GET / HTTP/1.1" 302 - "http://maps.google.de/local_url?dq=franz+list+schule+berlin&q=http://www.friedrich-list-berlin.de/&oi=miw&sa=X&ct=miw_link&cd=1&cad=homepage,cid:15796106503487596536&ei=_c_LUufoM-vziAbx-YHABw&s=ANYYN7n11wdgyGETGCHOsbJMkYnaas7vFw" "Mozilla/5.0 (Windows NT 6.1; WOW64; rv:26.0) Gecko/20100101 Firefox/26.0"
91.64.111.55 - - [07/Jan/2014:11:37:18 +0100] "GET / HTTP/1.1" 302 - "-" "Mozilla/5.0 (Windows NT 6.1; WOW64; rv:26.0) Gecko/20100101 Firefox/26.0"
208.115.113.85 - - [07/Jan/2014:11:42:27 +0100] "GET /robots.txt HTTP/1.1" 404 1256 "-" "Mozilla/5.0 (compatible; Ezooms/1.0; help@moz.com)"
141.8.147.12 - - [07/Jan/2014:12:18:46 +0100] "GET /robots.txt HTTP/1.1" 404 1256 "-" "Mozilla/5.0 (compatible; YandexBot/3.0; +http://yandex.com/bots)"
141.8.147.12 - - [07/Jan/2014:12:18:48 +0100] "GET / HTTP/1.1" 302 - "-" "Mozilla/5.0 (compatible; YandexBot/3.0; +http://yandex.com/bots)"
91.66.40.180 - - [07/Jan/2014:13:00:32 +0100] "GET / HTTP/1.1" 302 - "http://maps.google.de/local_url?dq=franz+list+schule+berlin&q=http://www.friedrich-list-berlin.de/&oi=miw&sa=X&ct=miw_link&cd=1&cad=homepage,cid:15796106503487596536&ei=_c_LUufoM-vziAbx-YHABw&s=ANYYN7n11wdgyGETGCHOsbJMkYnaas7vFw" "Mozilla/5.0 (Windows NT 6.1; WOW64; rv:26.0) Gecko/20100101 Firefox/26.0"
87.193.172.185 - - [07/Jan/2014:13:21:54 +0100] "GET / HTTP/1.1" 302 - "http://www.google.de/url?sa=t&rct=j&q=&esrc=s&frm=1&source=web&cd=7&ved=0CHsQoAIwBg&url=http%3A%2F%2Fwww.friedrich-list-berlin.de%2F&ei=PPHLUoDbOaH_ywOH_4GoCA&usg=AFQjCNGsKs3TvBQ4z91zrYvo9_SfKi5nug" "Mozilla/4.0 (compatible; MSIE 8.0; Windows NT 5.1; Trident/4.0; .NET CLR 2.0.50727; InfoPath.1; .NET CLR 3.0.4506.2152; .NET CLR 3.5.30729)"
208.115.113.85 - - [07/Jan/2014:13:42:03 +0100] "GET /include.php?path=content&contentid=39&nid=15 HTTP/1.1" 404 1256 "-" "Mozilla/5.0 (compatible; Ezooms/1.0; help@moz.com)"
208.115.113.85 - - [07/Jan/2014:13:42:09 +0100] "GET /include.php?path=contentarchive&type=3 HTTP/1.1" 404 1256 "-" "Mozilla/5.0 (compatible; Ezooms/1.0; help@moz.com)"
91.64.111.55 - - [07/Jan/2014:14:16:51 +0100] "GET / HTTP/1.1" 302 - "http://www.google.de/url?sa=t&rct=j&q=&esrc=s&source=web&cd=3&ved=0CEgQFjAC&url=http%3A%2F%2Fwww.friedrich-list-berlin.de%2F&ei=OP7LUrqvOouUhQfttIDADg&usg=AFQjCNGsKs3TvBQ4z91zrYvo9_SfKi5nug&bvm=bv.58187178,d.ZG4" "Mozilla/5.0 (Windows NT 6.1; WOW64; rv:26.0) Gecko/20100101 Firefox/26.0"
91.64.111.55 - - [07/Jan/2014:14:49:09 +0100] "GET / HTTP/1.1" 302 - "http://www.google.de/url?sa=t&rct=j&q=&esrc=s&source=web&cd=3&ved=0CEgQFjAC&url=http%3A%2F%2Fwww.friedrich-list-berlin.de%2F&ei=OP7LUrqvOouUhQfttIDADg&usg=AFQjCNGsKs3TvBQ4z91zrYvo9_SfKi5nug&bvm=bv.58187178,d.ZG4" "Mozilla/5.0 (Windows NT 6.1; WOW64; rv:26.0) Gecko/20100101 Firefox/26.0"
141.15.33.1 - - [07/Jan/2014:15:46:47 +0100] "GET / HTTP/1.1" 302 - "http://www.berlin.de/sen/bildung/schulverzeichnis_und_portraets/anwendung/Schulportrait.aspx" "Mozilla/4.0 (compatible; MSIE 8.0; Windows NT 5.1; Trident/4.0; .NET CLR 1.1.4322; .NET CLR 2.0.50727; .NET CLR 3.0.4506.2152; .NET CLR 3.5.30729)"
46.4.113.114 - - [07/Jan/2014:16:20:45 +0100] "GET /include.php?path=contentarchive&type=2&letter=U&catid=0&themeid=0&searchtext=&entries=0&order=dated HTTP/1.1" 404 1256 "-" "Mozilla/4.0 (compatible; MSIE 6.0; Windows 98; Win 9x4.90)"
66.249.76.197 - - [07/Jan/2014:18:51:38 +0100] "GET /robots.txt HTTP/1.1" 404 1256 "-" "Mozilla/5.0 (compatible; Googlebot/2.1; +http://www.google.com/bot.html)"
66.249.76.197 - - [07/Jan/2014:18:51:38 +0100] "GET / HTTP/1.1" 302 - "-" "DoCoMo/2.0 N905i(c100;TB;W24H16) (compatible; Googlebot-Mobile/2.1; +http://www.google.com/bot.html)"
94.223.104.82 - - [07/Jan/2014:19:27:05 +0100] "GET / HTTP/1.1" 302 - "http://maps.google.es/local_url?dq=sprachen+schulen+berlin+kurf%C3%BCrstendamm&q=http://www.friedrich-list-berlin.de/&oi=miw&sa=X&ct=miw_link&cd=1&cad=homepage,cid:15796106503487596536&ei=yEbMUp_RMoOhiAbNwoDYAQ&s=ANYYN7nQ56u88VqfKa7Ecta9tcUMr4K-eA" "Mozilla/5.0 (Windows NT 6.1; WOW64; rv:26.0) Gecko/20100101 Firefox/26.0"
5.147.221.201 - - [07/Jan/2014:19:33:45 +0100] "GET / HTTP/1.1" 302 - "http://www.google.de/url?sa=t&rct=j&q=&esrc=s&source=web&cd=6&ved=0CEsQFjAF&url=http%3A%2F%2Fwww.friedrich-list-berlin.de%2F&ei=WUjMUrbJLYXNhAfItoDABA&usg=AFQjCNGsKs3TvBQ4z91zrYvo9_SfKi5nug&bvm=bv.58187178,d.bGE" "Mozilla/5.0 (Windows NT 6.0; rv:26.0) Gecko/20100101 Firefox/26.0"
128.131.102.100 - - [07/Jan/2014:19:34:12 +0100] "GET / HTTP/1.0" 302 - "-" "Mozilla/5.0 (KeepRight OpenStreetMap Checker; http://keepright.at) Gecko/20100101 Firefox/22.0"
176.9.50.43 - - [07/Jan/2014:21:35:19 +0100] "GET /?path=contentarchive&type=2&letter=N&catid=0&themeid=0&searchtext=&entries=0&order=&nid=13 HTTP/1.1" 302 - "-" "Mozilla/4.0 (compatible; MSIE 6.0; Windows 98; Win 9x4.90)"
69.171.233.117 - - [07/Jan/2014:22:13:41 +0100] "GET / HTTP/1.1" 302 - "-" "facebookexternalhit/1.1 (+http://www.facebook.com/externalhit_uatext.php)"
141.8.147.12 - - [07/Jan/2014:23:28:20 +0100] "GET /robots.txt HTTP/1.1" 404 1256 "-" "Mozilla/5.0 (compatible; YandexBot/3.0; +http://yandex.com/bots)"
141.8.147.12 - - [07/Jan/2014:23:28:22 +0100] "GET /fls_2_europakorr.php HTTP/1.1" 404 1256 "-" "Mozilla/5.0 (compatible; YandexBot/3.0; +http://yandex.com/bots)"
141.8.147.12 - - [07/Jan/2014:23:28:24 +0100] "GET /fls_4_kontakt_anmeldung.php HTTP/1.1" 404 1256 "-" "Mozilla/5.0 (compatible; YandexBot/3.0; +http://yandex.com/bots)"
141.8.147.12 - - [07/Jan/2014:23:28:26 +0100] "GET /fls_3_fls_international.php HTTP/1.1" 404 1256 "-" "Mozilla/5.0 (compatible; YandexBot/3.0; +http://yandex.com/bots)"
141.8.147.12 - - [07/Jan/2014:23:28:28 +0100] "GET /fls_2_fremdsprachensekr.php HTTP/1.1" 404 1256 "-" "Mozilla/5.0 (compatible; YandexBot/3.0; +http://yandex.com/bots)"
141.8.147.12 - - [07/Jan/2014:23:28:30 +0100] "GET /fls_4_impressum.php HTTP/1.1" 404 1256 "-" "Mozilla/5.0 (compatible; YandexBot/3.0; +http://yandex.com/bots)"
141.8.147.12 - - [07/Jan/2014:23:28:32 +0100] "GET /index_en.php HTTP/1.1" 404 1256 "-" "Mozilla/5.0 (compatible; YandexBot/3.0; +http://yandex.com/bots)"
141.8.147.12 - - [07/Jan/2014:23:28:34 +0100] "GET /fls_2_berufsfachschule.php HTTP/1.1" 404 1256 "-" "Mozilla/5.0 (compatible; YandexBot/3.0; +http://yandex.com/bots)"
141.8.147.12 - - [07/Jan/2014:23:28:36 +0100] "GET /fls_2_fremdsprachenkorr.php HTTP/1.1" 404 1256 "-" "Mozilla/5.0 (compatible; YandexBot/3.0; +http://yandex.com/bots)"
141.8.147.12 - - [07/Jan/2014:23:28:38 +0100] "GET /fls_1_aktuelles.php HTTP/1.1" 404 1256 "-" "Mozilla/5.0 (compatible; YandexBot/3.0; +http://yandex.com/bots)"
141.8.147.12 - - [07/Jan/2014:23:28:40 +0100] "GET /fls_2_kurs_ecbm_london.php HTTP/1.1" 404 1256 "-" "Mozilla/5.0 (compatible; YandexBot/3.0; +http://yandex.com/bots)"
141.8.147.12 - - [07/Jan/2014:23:28:42 +0100] "GET /index_fr.php HTTP/1.1" 404 1256 "-" "Mozilla/5.0 (compatible; YandexBot/3.0; +http://yandex.com/bots)"
141.8.147.12 - - [07/Jan/2014:23:28:44 +0100] "GET /fls_1_aktuelles.php?artid=39 HTTP/1.1" 404 1256 "-" "Mozilla/5.0 (compatible; YandexBot/3.0; +http://yandex.com/bots)"
217.114.217.235 - - [07/Jan/2014:23:48:32 +0100] "HEAD /feed/ HTTP/1.1" 404 - "-" "Ruby"
217.114.217.235 - - [07/Jan/2014:23:48:32 +0100] "GET / HTTP/1.1" 302 - "-" "\"manhattan-tool\""
5.147.199.17 - - [08/Jan/2014:00:32:11 +0100] "GET / HTTP/1.1" 302 - "http://www.google.de/url?sa=t&rct=j&q=&esrc=s&source=web&cd=6&sqi=2&ved=0CEgQFjAF&url=http%3A%2F%2Fwww.friedrich-list-berlin.de%2F&ei=UI7MUoq8NYmshQfMxYDgAQ&usg=AFQjCNGsKs3TvBQ4z91zrYvo9_SfKi5nug&bvm=bv.58187178,d.bGE" "Mozilla/5.0 (Windows NT 6.0; rv:26.0) Gecko/20100101 Firefox/26.0"
88.198.110.130 - - [08/Jan/2014:04:10:30 +0100] "GET /?path=contentarchive&type=2&letter=U&catid=0&themeid=0&searchtext=&entries=0&order= HTTP/1.1" 302 - "-" "Mozilla/4.0 (compatible; MSIE 6.0; Windows 98; Win 9x4.90)"
208.115.113.85 - - [08/Jan/2014:04:14:10 +0100] "GET /robots.txt HTTP/1.1" 404 1256 "-" "Mozilla/5.0 (compatible; Ezooms/1.0; help@moz.com)"
144.76.34.109 - - [08/Jan/2014:04:37:50 +0100] "GET /include.php?path=content&contentid=76&nid=27 HTTP/1.1" 404 1256 "-" "Mozilla/4.0 (compatible; MSIE 6.0; Windows 98; Win 9x4.90)"
66.249.76.197 - - [08/Jan/2014:05:01:05 +0100] "GET / HTTP/1.1" 302 - "-" "SAMSUNG-SGH-E250/1.0 Profile/MIDP-2.0 Configuration/CLDC-1.1 UP.Browser/6.2.3.3.c.1.101 (GUI) MMP/2.0 (compatible; Googlebot-Mobile/2.1; +http://www.google.com/bot.html)"
188.106.101.83 - - [08/Jan/2014:05:17:53 +0100] "GET / HTTP/1.1" 302 - "-" "Mozilla/5.0 (Windows NT 6.1; rv:26.0) Gecko/20100101 Firefox/26.0"
66.249.76.188 - - [08/Jan/2014:05:32:36 +0100] "GET /robots.txt HTTP/1.1" 404 1256 "-" "Mozilla/5.0 (compatible; Googlebot/2.1; +http://www.google.com/bot.html)"
66.249.76.188 - - [08/Jan/2014:05:32:36 +0100] "GET / HTTP/1.1" 302 - "-" "DoCoMo/2.0 N905i(c100;TB;W24H16) (compatible; Googlebot-Mobile/2.1; +http://www.google.com/bot.html)"
208.115.113.85 - - [08/Jan/2014:06:12:53 +0100] "GET /include.php?path=contentarchive&type=2&letter=F&catid=0&themeid=0&searchtext=&entries=0&order=title HTTP/1.1" 404 1256 "-" "Mozilla/5.0 (compatible; Ezooms/1.0; help@moz.com)"
208.115.113.85 - - [08/Jan/2014:06:12:56 +0100] "GET /include.php?path=contentarchive&type=3&letter=S&catid=0&themeid=0&searchtext=&entries=0&order= HTTP/1.1" 404 1256 "-" "Mozilla/5.0 (compatible; Ezooms/1.0; help@moz.com)"
208.115.113.85 - - [08/Jan/2014:07:36:33 +0100] "GET /robots.txt HTTP/1.1" 404 1256 "-" "Mozilla/5.0 (compatible; Ezooms/1.0; help@moz.com)"
93.220.68.162 - - [08/Jan/2014:07:42:14 +0100] "GET / HTTP/1.1" 302 - "http://www.google.de/url?sa=t&rct=j&q=&esrc=s&source=web&cd=1&ved=0CEIQFjAA&url=http%3A%2F%2Fwww.friedrich-list-berlin.de%2F&ei=CPPMUvDXNMvKswbGhIC4BA&usg=AFQjCNGsKs3TvBQ4z91zrYvo9_SfKi5nug&bvm=bv.59026428,d.Yms" "Mozilla/5.0 (Windows NT 6.1; WOW64; rv:26.0) Gecko/20100101 Firefox/26.0"
208.115.113.85 - - [08/Jan/2014:09:35:06 +0100] "GET /?path=contentarchive&type=2&letter=I&catid=0&themeid=0&searchtext=&entries=0&order= HTTP/1.1" 302 - "-" "Mozilla/5.0 (compatible; Ezooms/1.0; help@moz.com)"
208.115.111.69 - - [08/Jan/2014:09:37:16 +0100] "GET /robots.txt HTTP/1.1" 404 1256 "-" "Mozilla/5.0 (compatible; Ezooms/1.0; help@moz.com)"
144.76.34.109 - - [08/Jan/2014:09:38:32 +0100] "GET /?path=content&contentid=47&nid=17 HTTP/1.1" 302 - "-" "Mozilla/4.0 (compatible; MSIE 6.0; Windows 98; Win 9x4.90)"
208.115.111.69 - - [08/Jan/2014:11:23:05 +0100] "GET /include.php?path=contentarchive&type=2&letter=I&catid=0&themeid=0&searchtext=&entries=0&order= HTTP/1.1" 404 1256 "-" "Mozilla/5.0 (compatible; Ezooms/1.0; help@moz.com)"
208.115.113.85 - - [08/Jan/2014:11:42:17 +0100] "GET /robots.txt HTTP/1.1" 404 1256 "-" "Mozilla/5.0 (compatible; Ezooms/1.0; help@moz.com)"
145.129.98.62 - - [08/Jan/2014:11:59:41 +0100] "GET / HTTP/1.1" 302 - "-" "Java/1.4.1_04"
145.129.98.62 - - [08/Jan/2014:11:59:42 +0100] "GET /fls_1_aktuelles.php HTTP/1.1" 404 1256 "-" "Java/1.4.1_04"
145.129.98.62 - - [08/Jan/2014:11:59:42 +0100] "GET /fls_2_fremdsprachensekr.php HTTP/1.1" 404 1256 "-" "Java/1.4.1_04"
145.129.98.62 - - [08/Jan/2014:11:59:42 +0100] "GET /fls_3_fls_international.php HTTP/1.1" 404 1256 "-" "Java/1.4.1_04"
145.129.98.62 - - [08/Jan/2014:11:59:42 +0100] "GET /fls_4_faq.php HTTP/1.1" 404 1256 "-" "Java/1.4.1_04"
145.129.98.62 - - [08/Jan/2014:11:59:42 +0100] "GET /fls_4_impressum.php HTTP/1.1" 404 1256 "-" "Java/1.4.1_04"
145.129.98.62 - - [08/Jan/2014:11:59:43 +0100] "GET /fls_4_kontakt_anmeldung.php HTTP/1.1" 404 1256 "-" "Java/1.4.1_04"
145.129.98.62 - - [08/Jan/2014:11:59:43 +0100] "GET /index.php HTTP/1.1" 302 - "-" "Java/1.4.1_04"
145.129.98.62 - - [08/Jan/2014:11:59:43 +0100] "GET /index_en.php HTTP/1.1" 404 1256 "-" "Java/1.4.1_04"
145.129.98.62 - - [08/Jan/2014:11:59:43 +0100] "GET /index_fr.php HTTP/1.1" 404 1256 "-" "Java/1.4.1_04"
145.129.98.62 - - [08/Jan/2014:11:59:44 +0100] "GET /index_sp.php HTTP/1.1" 404 1256 "-" "Java/1.4.1_04"
145.129.98.62 - - [08/Jan/2014:11:59:44 +0100] "GET /& HTTP/1.1" 404 1256 "-" "Java/1.4.1_04"
145.129.98.62 - - [08/Jan/2014:11:59:44 +0100] "GET /& HTTP/1.1" 404 1256 "-" "Java/1.4.1_04"
145.129.98.62 - - [08/Jan/2014:11:59:44 +0100] "GET /& HTTP/1.1" 404 1256 "-" "Java/1.4.1_04"
145.129.98.62 - - [08/Jan/2014:11:59:44 +0100] "GET /& HTTP/1.1" 404 1256 "-" "Java/1.4.1_04"
145.129.98.62 - - [08/Jan/2014:11:59:44 +0100] "GET /& HTTP/1.1" 404 1256 "-" "Java/1.4.1_04"
145.129.98.62 - - [08/Jan/2014:11:59:44 +0100] "GET /& HTTP/1.1" 404 1256 "-" "Java/1.4.1_04"
145.129.98.62 - - [08/Jan/2014:11:59:44 +0100] "GET /& HTTP/1.1" 404 1256 "-" "Java/1.4.1_04"
145.129.98.62 - - [08/Jan/2014:11:59:44 +0100] "GET /& HTTP/1.1" 404 1256 "-" "Java/1.4.1_04"
145.129.98.62 - - [08/Jan/2014:11:59:45 +0100] "GET /& HTTP/1.1" 404 1256 "-" "Java/1.4.1_04"
145.129.98.62 - - [08/Jan/2014:11:59:45 +0100] "GET /& HTTP/1.1" 404 1256 "-" "Java/1.4.1_04"
145.129.98.62 - - [08/Jan/2014:11:59:45 +0100] "GET /& HTTP/1.1" 404 1256 "-" "Java/1.4.1_04"
145.129.98.62 - - [08/Jan/2014:11:59:45 +0100] "GET /& HTTP/1.1" 404 1256 "-" "Java/1.4.1_04"
145.129.98.62 - - [08/Jan/2014:11:59:45 +0100] "GET /& HTTP/1.1" 404 1256 "-" "Java/1.4.1_04"
145.129.98.62 - - [08/Jan/2014:11:59:45 +0100] "GET /& HTTP/1.1" 404 1256 "-" "Java/1.4.1_04"
145.129.98.62 - - [08/Jan/2014:11:59:45 +0100] "GET /& HTTP/1.1" 404 1256 "-" "Java/1.4.1_04"
145.129.98.62 - - [08/Jan/2014:11:59:45 +0100] "GET /& HTTP/1.1" 404 1256 "-" "Java/1.4.1_04"
145.129.98.62 - - [08/Jan/2014:11:59:45 +0100] "GET /& HTTP/1.1" 404 1256 "-" "Java/1.4.1_04"
145.129.98.62 - - [08/Jan/2014:11:59:45 +0100] "GET /& HTTP/1.1" 404 1256 "-" "Java/1.4.1_04"
145.129.98.62 - - [08/Jan/2014:11:59:46 +0100] "GET /& HTTP/1.1" 404 1256 "-" "Java/1.4.1_04"
145.129.98.62 - - [08/Jan/2014:11:59:46 +0100] "GET /& HTTP/1.1" 404 1256 "-" "Java/1.4.1_04"
93.220.224.102 - - [08/Jan/2014:12:40:16 +0100] "GET / HTTP/1.1" 302 - "-" "Mozilla/4.0 (compatible; MSIE 8.0; Windows NT 6.0; .NET CLR 1.1.4322; .NET CLR 1.0.3705; .NET CLR 2.0.50727; .NET CLR 3.0.04506.30; .NET CLR 3.0.04506.648; .NET CLR 3.5.21022)"
208.115.113.85 - - [08/Jan/2014:13:42:09 +0100] "GET /include.php?path=contentarchive&type=3&letter=O&catid=0&themeid=0&searchtext=&entries=0&order= HTTP/1.1" 404 1256 "-" "Mozilla/5.0 (compatible; Ezooms/1.0; help@moz.com)"
194.31.198.193 - - [08/Jan/2014:14:44:42 +0100] "GET / HTTP/1.1" 302 - "-" "Mozilla/5.0 (compatible; MSIE 9.0; Windows NT 6.1; WOW64; Trident/5.0; IAV90-00000000)"
88.198.110.130 - - [08/Jan/2014:14:49:18 +0100] "GET /?path=content&contentid=81&nid=2 HTTP/1.1" 302 - "-" "Mozilla/4.0 (compatible; MSIE 6.0; Windows 98; Win 9x4.90)"
66.249.78.115 - - [08/Jan/2014:15:01:07 +0100] "GET /robots.txt HTTP/1.1" 404 1256 "-" "Mozilla/5.0 (compatible; Googlebot/2.1; +http://www.google.com/bot.html)"
66.249.78.115 - - [08/Jan/2014:15:01:07 +0100] "GET / HTTP/1.1" 302 - "-" "Mozilla/5.0 (compatible; Googlebot/2.1; +http://www.google.com/bot.html)"
85.178.145.157 - - [08/Jan/2014:15:03:15 +0100] "GET / HTTP/1.1" 302 - "http://www.google.de/url?sa=t&rct=j&q=&esrc=s&source=web&cd=1&ved=0CEIQFjAA&url=http%3A%2F%2Fwww.friedrich-list-berlin.de%2F&ei=glrNUvTWCoWMtQbEqoGoBA&usg=AFQjCNGsKs3TvBQ4z91zrYvo9_SfKi5nug&bvm=bv.59026428,d.Yms" "Mozilla/5.0 (Windows NT 5.1; rv:26.0) Gecko/20100101 Firefox/26.0"
208.115.113.85 - - [08/Jan/2014:15:44:10 +0100] "GET /robots.txt HTTP/1.1" 404 1256 "-" "Mozilla/5.0 (compatible; Ezooms/1.0; help@moz.com)"
24.134.73.220 - - [08/Jan/2014:16:28:41 +0100] "GET / HTTP/1.1" 302 - "http://www.berlin.de/sen/bildung/schulverzeichnis_und_portraets/anwendung/Schulportrait.aspx?IDSchulzweig=11652" "Mozilla/5.0 (Macintosh; Intel Mac OS X 10_6_8) AppleWebKit/534.59.10 (KHTML, like Gecko) Version/5.1.9 Safari/534.59.10"
66.249.78.115 - - [08/Jan/2014:16:33:18 +0100] "GET / HTTP/1.1" 302 - "-" "Mozilla/5.0 (compatible; Googlebot/2.1; +http://www.google.com/bot.html)"
66.249.78.236 - - [08/Jan/2014:17:01:33 +0100] "GET /robots.txt HTTP/1.1" 404 1256 "-" "Mozilla/5.0 (compatible; Googlebot/2.1; +http://www.google.com/bot.html)"
66.249.78.236 - - [08/Jan/2014:17:01:34 +0100] "GET /include.php?path=contentarchive&type=2&catid=9&letter=D&entries=0&searchtext=&order=titled HTTP/1.1" 404 1256 "-" "Mozilla/5.0 (compatible; Googlebot/2.1; +http://www.google.com/bot.html)"
66.249.78.236 - - [08/Jan/2014:17:04:52 +0100] "GET /include.php?path=contentarchive&type=2&catid=9&letter=D&entries=0&searchtext=&order=date HTTP/1.1" 404 1256 "-" "Mozilla/5.0 (compatible; Googlebot/2.1; +http://www.google.com/bot.html)"
66.249.78.236 - - [08/Jan/2014:17:06:01 +0100] "GET /include.php?path=contentarchive&type=2&catid=9&letter=J&entries=0&searchtext=&order=date HTTP/1.1" 404 1256 "-" "Mozilla/5.0 (compatible; Googlebot/2.1; +http://www.google.com/bot.html)"
66.249.78.236 - - [08/Jan/2014:17:42:52 +0100] "GET /include.php?path=contentarchive&type=1&letter=K&catid=0&themeid=0&searchtext=&entries=0&order=title HTTP/1.1" 404 1256 "-" "Mozilla/5.0 (compatible; Googlebot/2.1; +http://www.google.com/bot.html)"
208.115.113.85 - - [08/Jan/2014:17:43:55 +0100] "GET /include.php?path=contentarchive&type=2&letter=Z&catid=0&themeid=0&searchtext=&entries=0&order=title HTTP/1.1" 404 1256 "-" "Mozilla/5.0 (compatible; Ezooms/1.0; help@moz.com)"
92.78.122.190 - - [08/Jan/2014:18:51:39 +0100] "GET / HTTP/1.1" 302 - "http://www.google.de/url?sa=t&rct=j&q=&esrc=s&source=web&cd=4&ved=0CFEQoAIwAw&url=http%3A%2F%2Fwww.friedrich-list-berlin.de%2F&ei=BpDNUrPMIMmTtQbNk4CgDg&usg=AFQjCNGsKs3TvBQ4z91zrYvo9_SfKi5nug&bvm=bv.59026428,d.Yms" "Mozilla/5.0 (Windows NT 6.1; WOW64; rv:26.0) Gecko/20100101 Firefox/26.0"
66.249.78.236 - - [08/Jan/2014:18:58:32 +0100] "GET /include.php?path=contentarchive&type=4&catid=7&letter=W&entries=0&searchtext=&order=titled HTTP/1.1" 404 1256 "-" "Mozilla/5.0 (compatible; Googlebot/2.1; +http://www.google.com/bot.html)"
66.249.78.236 - - [08/Jan/2014:19:05:30 +0100] "GET /include.php?path=contentarchive&type=4&catid=7&letter=I&entries=0&searchtext=&order=titled&nid=32 HTTP/1.1" 404 1256 "-" "Mozilla/5.0 (compatible; Googlebot/2.1; +http://www.google.com/bot.html)"
176.9.50.43 - - [08/Jan/2014:19:06:42 +0100] "GET /include.php?path=contentarchive&type=2&letter=F&catid=0&themeid=0&searchtext=&entries=0&order=dated HTTP/1.1" 404 1256 "-" "Mozilla/4.0 (compatible; MSIE 6.0; Windows 98; Win 9x4.90)"
5.147.222.112 - - [08/Jan/2014:19:29:41 +0100] "GET / HTTP/1.1" 302 - "http://www.google.de/url?sa=t&rct=j&q=&esrc=s&source=web&cd=6&ved=0CEsQFjAF&url=http%3A%2F%2Fwww.friedrich-list-berlin.de%2F&ei=z5jNUtT9DIiThQeH5oHYAQ&usg=AFQjCNGsKs3TvBQ4z91zrYvo9_SfKi5nug" "Mozilla/5.0 (Windows NT 6.0; rv:26.0) Gecko/20100101 Firefox/26.0"
178.77.126.55 - - [08/Jan/2014:21:38:26 +0100] "GET /robots.txt HTTP/1.1" 404 1256 "-" "Mozilla/5.0 (compatible; CareerBot/1.1; +http://www.career-x.de/bot.html)"
178.77.126.55 - - [08/Jan/2014:21:38:26 +0100] "GET / HTTP/1.1" 302 - "-" "Mozilla/5.0 (compatible; CareerBot/1.1; +http://www.career-x.de/bot.html)"
188.138.110.107 - - [09/Jan/2014:01:34:34 +0100] "GET /?path=start HTTP/1.1" 302 - "-" "Mozilla/4.0 (compatible; MSIE 6.0; Windows 98; Win 9x4.90)"
208.115.113.85 - - [09/Jan/2014:03:54:14 +0100] "GET /robots.txt HTTP/1.1" 404 1256 "-" "Mozilla/5.0 (compatible; Ezooms/1.0; help@moz.com)"
176.9.48.201 - - [09/Jan/2014:05:39:40 +0100] "GET /robots.txt HTTP/1.1" 404 1256 "-" "Mozilla/5.0 (X11; Ubuntu; Linux x86_64; rv:15.0) Gecko/20100101 Firefox/15.0.1"
176.9.48.201 - - [09/Jan/2014:05:39:40 +0100] "GET / HTTP/1.1" 302 - "-" "Mozilla/5.0 (X11; Ubuntu; Linux x86_64; rv:15.0) Gecko/20100101 Firefox/15.0.1"
5.9.42.111 - - [09/Jan/2014:05:40:10 +0100] "GET /robots.txt HTTP/1.1" 404 1256 "-" "Mozilla/5.0 (X11; Ubuntu; Linux x86_64; rv:15.0) Gecko/20100101 Firefox/15.0.1"
5.9.42.111 - - [09/Jan/2014:05:40:10 +0100] "GET / HTTP/1.1" 302 - "-" "Mozilla/5.0 (X11; Ubuntu; Linux x86_64; rv:15.0) Gecko/20100101 Firefox/15.0.1"
208.115.113.85 - - [09/Jan/2014:05:56:31 +0100] "GET /include.php?path=contentarchive&type=2&letter=K&catid=0&themeid=0&searchtext=&entries=0&order= HTTP/1.1" 404 1256 "-" "Mozilla/5.0 (compatible; Ezooms/1.0; help@moz.com)"
188.165.195.156 - - [09/Jan/2014:08:13:30 +0100] "HEAD / HTTP/1.1" 302 - "-" "Mozilla/4.0 (compatible; MSIE 5.01; Windows NT 5.0)"
208.115.111.69 - - [09/Jan/2014:09:34:34 +0100] "GET /robots.txt HTTP/1.1" 404 1256 "-" "Mozilla/5.0 (compatible; Ezooms/1.0; help@moz.com)"
79.226.32.31 - - [09/Jan/2014:11:16:50 +0100] "GET / HTTP/1.1" 302 - "http://www.google.de/url?sa=t&rct=j&q=&esrc=s&source=web&cd=1&ved=0CC8QFjAA&url=http%3A%2F%2Fwww.friedrich-list-berlin.de%2F&ei=yXbOUu_LIYTDtQas5YDgAQ&usg=AFQjCNGsKs3TvBQ4z91zrYvo9_SfKi5nug&bvm=bv.59026428,d.Yms" "Mozilla/5.0 (Windows NT 6.1; WOW64; rv:22.0) Gecko/20100101 Firefox/22.0"
208.115.111.69 - - [09/Jan/2014:11:22:58 +0100] "GET /?path=contentarchive&type=2&letter=M&catid=0&themeid=0&searchtext=&entries=0&order= HTTP/1.1" 302 - "-" "Mozilla/5.0 (compatible; Ezooms/1.0; help@moz.com)"
195.37.189.82 - - [09/Jan/2014:11:26:41 +0100] "GET /robots.txt HTTP/1.0" 404 1256 "-" "Mozilla/5.0 (compatible; kdslbot/3.1.1.2 +http://www.kdsl.tu-darmstadt.de/de/kdsl/research-program/crawling-and-semantic-structuring/)"
195.37.189.82 - - [09/Jan/2014:11:26:41 +0100] "GET / HTTP/1.0" 302 - "http://www.schulweb.de/schule.html?id=1082300" "Mozilla/5.0 (compatible; kdslbot/3.1.1.2 +http://www.kdsl.tu-darmstadt.de/de/kdsl/research-program/crawling-and-semantic-structuring/)"
195.37.189.82 - - [09/Jan/2014:11:26:44 +0100] "GET /favicon.ico HTTP/1.0" 404 1256 "http://www.friedrich-list-berlin.de/" "Mozilla/5.0 (compatible; kdslbot/3.1.1.2 +http://www.kdsl.tu-darmstadt.de/de/kdsl/research-program/crawling-and-semantic-structuring/)"
91.64.111.55 - - [09/Jan/2014:11:56:36 +0100] "GET / HTTP/1.1" 302 - "-" "Mozilla/5.0 (Windows NT 6.1; WOW64; rv:26.0) Gecko/20100101 Firefox/26.0"
199.58.86.206 - - [09/Jan/2014:12:23:32 +0100] "GET /robots.txt HTTP/1.0" 404 1256 "-" "Mozilla/5.0 (compatible; MJ12bot/v1.4.4; http://www.majestic12.co.uk/bot.php?+)"
199.58.86.206 - - [09/Jan/2014:12:23:34 +0100] "GET / HTTP/1.0" 302 - "-" "Mozilla/5.0 (compatible; MJ12bot/v1.4.4; http://www.majestic12.co.uk/bot.php?+)"
195.88.117.28 - - [09/Jan/2014:12:52:17 +0100] "GET / HTTP/1.1" 302 - "-" "-"
195.88.117.28 - - [09/Jan/2014:12:52:18 +0100] "GET / HTTP/1.1" 302 - "http://www.regional.planet-beruf.de/details.jsp?roid=157&oid=100400300&tid=1&eid=3026" "Mozilla/5.0 (compatible; MSIE 9.0; Windows NT 6.1; WOW64; Trident/5.0)"
150.70.173.56 - - [09/Jan/2014:12:54:04 +0100] "GET / HTTP/1.1" 302 - "-" "Mozilla/4.0 (compatible; MSIE 8.0; Windows NT 5.1; Trident/4.0)"
150.70.172.206 - - [09/Jan/2014:12:57:13 +0100] "GET / HTTP/1.0" 302 - "-" "Mozilla/4.0 (compatible; MSIE 6.0; Windows NT 5.1)"
150.70.173.39 - - [09/Jan/2014:13:03:05 +0100] "GET / HTTP/1.1" 302 - "-" "Mozilla/4.0 (compatible; MSIE 8.0; Windows NT 5.1; Trident/4.0)"
208.115.111.69 - - [09/Jan/2014:13:35:14 +0100] "GET /robots.txt HTTP/1.1" 404 1256 "-" "Mozilla/5.0 (compatible; Ezooms/1.0; help@moz.com)"
141.8.147.12 - - [09/Jan/2014:13:42:01 +0100] "GET /robots.txt HTTP/1.1" 404 1256 "-" "Mozilla/5.0 (compatible; YandexBot/3.0; +http://yandex.com/bots)"
141.8.147.12 - - [09/Jan/2014:13:42:03 +0100] "GET / HTTP/1.1" 302 - "-" "Mozilla/5.0 (compatible; YandexBot/3.0; +http://yandex.com/bots)"
85.182.187.18 - - [09/Jan/2014:13:54:32 +0100] "GET / HTTP/1.1" 302 - "http://www.google.de/url?sa=t&rct=j&q=&esrc=s&source=web&cd=5&ved=0CE4QFjAE&url=http%3A%2F%2Fwww.friedrich-list-berlin.de%2F&ei=0JvOUuKfEsyVswb-yICoBA&usg=AFQjCNGsKs3TvBQ4z91zrYvo9_SfKi5nug&bvm=bv.59026428,d.Yms" "Mozilla/5.0 (Macintosh; Intel Mac OS X 10.6; rv:17.0) Gecko/20100101 Firefox/17.0"
208.115.111.69 - - [09/Jan/2014:15:25:19 +0100] "GET /?path=contentarchive&type=2&letter=Q&catid=0&themeid=0&searchtext=&entries=0&order= HTTP/1.1" 302 - "-" "Mozilla/5.0 (compatible; Ezooms/1.0; help@moz.com)"
208.115.111.69 - - [09/Jan/2014:15:25:22 +0100] "GET /include.php?path=contentarchive&type=2&letter=B&catid=0&themeid=0&searchtext=&entries=0&order=title HTTP/1.1" 404 1256 "-" "Mozilla/5.0 (compatible; Ezooms/1.0; help@moz.com)"
162.213.42.135 - - [09/Jan/2014:15:53:00 +0100] "GET /robots.txt HTTP/1.1" 404 1256 "-" "python-requests/1.2.0 CPython/2.7.4 Linux/3.8.0-33-generic"
162.213.42.135 - - [09/Jan/2014:15:53:00 +0100] "GET / HTTP/1.1" 302 - "-" "Robosourcer/1.0"
141.8.147.12 - - [09/Jan/2014:16:03:59 +0100] "GET /robots.txt HTTP/1.1" 404 1256 "-" "Mozilla/5.0 (compatible; YandexBot/3.0; +http://yandex.com/bots)"
208.115.111.69 - - [09/Jan/2014:17:35:07 +0100] "GET /robots.txt HTTP/1.1" 404 1256 "-" "Mozilla/5.0 (compatible; Ezooms/1.0; help@moz.com)"
66.249.78.236 - - [09/Jan/2014:18:17:18 +0100] "GET /robots.txt HTTP/1.1" 404 1256 "-" "Mozilla/5.0 (compatible; Googlebot/2.1; +http://www.google.com/bot.html)"
66.249.78.236 - - [09/Jan/2014:18:17:18 +0100] "GET /include.php?path=contentarchive&type=4&catid=6&letter=R&entries=0&searchtext=&order=title&nid=13 HTTP/1.1" 404 1256 "-" "Mozilla/5.0 (compatible; Googlebot/2.1; +http://www.google.com/bot.html)"
141.8.147.12 - - [09/Jan/2014:18:19:46 +0100] "GET / HTTP/1.1" 302 - "-" "Mozilla/5.0 (compatible; YandexBot/3.0; +http://yandex.com/bots)"
208.115.111.69 - - [09/Jan/2014:19:21:07 +0100] "GET /include.php?path=contentarchive&type=2&letter=S&catid=0&themeid=0&searchtext=&entries=0&order= HTTP/1.1" 404 1256 "-" "Mozilla/5.0 (compatible; Ezooms/1.0; help@moz.com)"
208.115.111.69 - - [09/Jan/2014:19:21:10 +0100] "GET /include.php?path=contentarchive&type=2&letter=Y&catid=0&themeid=0&searchtext=&entries=0&order=title HTTP/1.1" 404 1256 "-" "Mozilla/5.0 (compatible; Ezooms/1.0; help@moz.com)"
87.169.118.180 - - [09/Jan/2014:19:24:27 +0100] "GET / HTTP/1.1" 302 - "http://www.facebook.com/pages/Friedrich-List-Schule-Berlin-offizielle-Seite/189241624422260?id=189241624422260&sk=info" "Mozilla/5.0 (Windows NT 6.1; WOW64; rv:26.0) Gecko/20100101 Firefox/26.0"
66.249.78.236 - - [09/Jan/2014:19:26:46 +0100] "GET /include.php?path=contentarchive&type=4&letter=N&catid=8&themeid=0&searchtext=&entries=0&order=title HTTP/1.1" 404 1256 "-" "Mozilla/5.0 (compatible; Googlebot/2.1; +http://www.google.com/bot.html)"
66.249.78.236 - - [09/Jan/2014:19:56:47 +0100] "GET /include.php?path=contentarchive&type=2&catid=1&letter=K&entries=0&searchtext=&order=dated&nid=19 HTTP/1.1" 404 1256 "-" "Mozilla/5.0 (compatible; Googlebot/2.1; +http://www.google.com/bot.html)"
141.8.147.12 - - [09/Jan/2014:20:34:08 +0100] "GET / HTTP/1.1" 302 - "-" "Mozilla/5.0 (compatible; YandexBot/3.0; +http://yandex.com/bots)"
23.20.171.101 - - [09/Jan/2014:22:27:06 +0100] "GET / HTTP/1.0" 302 - "-" "Mozilla/5.0 (compatible; NetcraftSurveyAgent/1.0; +info@netcraft.com)"
5.10.83.58 - - [09/Jan/2014:22:41:41 +0100] "GET / HTTP/1.1" 302 - "-" "Mozilla/5.0 (compatible; AhrefsBot/5.0; +http://ahrefs.com/robot/)"
101.226.166.209 - - [09/Jan/2014:22:55:47 +0100] "GET /robots.txt HTTP/1.1" 404 1256 "http://www.friedrich-list-berlin.de/robots.txt" "Mozilla/4.0 (compatible; MSIE 8.0; Windows NT 6.1; Trident/4.0; SLCC2; .NET CLR 2.0.50727; .NET CLR 3.5.30729; .NET CLR 3.0.30729; Media Center PC 6.0; MDDR; .NET4.0C; .NET4.0E; .NET CLR 1.1.4322; Tablet PC 2.0); 360Spider"
176.9.50.42 - - [09/Jan/2014:23:24:32 +0100] "GET /?path=contentarchive&type=2&letter=N&catid=0&themeid=0&searchtext=&entries=0&order=&nid=32 HTTP/1.1" 302 - "-" "Mozilla/4.0 (compatible; MSIE 6.0; Windows 98; Win 9x4.90)"
66.249.78.115 - - [09/Jan/2014:23:36:12 +0100] "GET /robots.txt HTTP/1.1" 404 1256 "-" "Mozilla/5.0 (compatible; Googlebot/2.1; +http://www.google.com/bot.html)"
66.249.78.115 - - [09/Jan/2014:23:36:12 +0100] "GET / HTTP/1.1" 302 - "http://www.businesseintrag.de/firmenhomepage/osz_wirtschaftssprachen_friedrich_list_schule_kompetenzzentru_berlin-01x4zxqw7.html" "Mozilla/5.0 (compatible; Googlebot/2.1; +http://www.google.com/bot.html)"
208.115.113.85 - - [09/Jan/2014:23:42:01 +0100] "GET /robots.txt HTTP/1.1" 404 1256 "-" "Mozilla/5.0 (compatible; Ezooms/1.0; help@moz.com)"
144.76.34.109 - - [10/Jan/2014:00:20:21 +0100] "GET /include.php?path=article&contentid=78&nid=32 HTTP/1.1" 404 1256 "-" "Mozilla/4.0 (compatible; MSIE 6.0; Windows 98; Win 9x4.90)"
66.249.78.236 - - [10/Jan/2014:00:46:31 +0100] "GET /include.php?path=contentarchive&type=2&letter=0-9&catid=0&themeid=0&searchtext=&entries=0&order=title HTTP/1.1" 404 1256 "-" "Mozilla/5.0 (compatible; Googlebot/2.1; +http://www.google.com/bot.html)"
46.4.113.114 - - [10/Jan/2014:01:03:11 +0100] "GET /?path=contentarchive&type=2&letter=J&catid=0&themeid=0&searchtext=&entries=0&order= HTTP/1.1" 302 - "-" "Mozilla/4.0 (compatible; MSIE 6.0; Windows 98; Win 9x4.90)"
176.9.50.42 - - [10/Jan/2014:01:13:10 +0100] "GET /include.php?path=article&contentid=78&nid=21 HTTP/1.1" 404 1256 "-" "Mozilla/4.0 (compatible; MSIE 6.0; Windows 98; Win 9x4.90)"
188.138.41.109 - - [10/Jan/2014:01:15:03 +0100] "GET /robots.txt HTTP/1.1" 404 1256 "-" "Mozilla/5.0 (X11; U; Linux i686; de; rv:1.9.0.1; compatible; iCjobs Stellenangebote Jobs; http://www.icjobs.de) Gecko/20100401 iCjobs/3.2.3"
188.138.41.109 - - [10/Jan/2014:01:15:03 +0100] "GET / HTTP/1.1" 302 - "-" "Mozilla/5.0 (X11; U; Linux i686; de; rv:1.9.0.1; compatible; iCjobs Stellenangebote Jobs; http://www.icjobs.de) Gecko/20100401 iCjobs/3.2.3"
188.138.41.109 - - [10/Jan/2014:01:15:04 +0100] "GET / HTTP/1.1" 302 - "-" "Mozilla/5.0 (X11; U; Linux i686; de; rv:1.9.0.1; compatible; iCjobs Stellenangebote Jobs; http://www.icjobs.de) Gecko/20100401 iCjobs/3.2.3"
66.249.75.240 - - [10/Jan/2014:01:34:58 +0100] "GET /include.php?path=contentarchive&type=1&letter=U&catid=10&themeid=0&searchtext=&entries=0&order=dated&nid=13 HTTP/1.1" 404 1256 "-" "Mozilla/5.0 (compatible; Googlebot/2.1; +http://www.google.com/bot.html)"
208.115.111.69 - - [10/Jan/2014:01:36:36 +0100] "GET /robots.txt HTTP/1.1" 404 1256 "-" "Mozilla/5.0 (compatible; Ezooms/1.0; help@moz.com)"
208.115.113.85 - - [10/Jan/2014:01:40:54 +0100] "GET /include.php?path=contentarchive&type=3&letter=U&catid=0&themeid=0&searchtext=&entries=0&order= HTTP/1.1" 404 1256 "-" "Mozilla/5.0 (compatible; Ezooms/1.0; help@moz.com)"
66.249.78.236 - - [10/Jan/2014:01:56:31 +0100] "GET /include.php?path=contentarchive&type=1&letter=Y&catid=1&themeid=0&searchtext=&entries=0&order=titled&nid=32 HTTP/1.1" 404 1256 "-" "Mozilla/5.0 (compatible; Googlebot/2.1; +http://www.google.com/bot.html)"
193.175.194.33 - - [10/Jan/2014:02:22:57 +0100] "GET / HTTP/1.1" 302 - "-" "Bildungsserver-Linkchecker DBS 0.9 (http://www.bildungsserver.de)"
195.37.189.82 - - [10/Jan/2014:02:42:19 +0100] "GET /robots.txt HTTP/1.0" 404 1256 "-" "Mozilla/5.0 (compatible; kdslbot/3.1.1.2 +http://www.kdsl.tu-darmstadt.de/de/kdsl/research-program/crawling-and-semantic-structuring/)"
195.37.189.82 - - [10/Jan/2014:02:42:20 +0100] "GET / HTTP/1.0" 302 - "http://www.schulweb.de/schule.html?id=1082300" "Mozilla/5.0 (compatible; kdslbot/3.1.1.2 +http://www.kdsl.tu-darmstadt.de/de/kdsl/research-program/crawling-and-semantic-structuring/)"
195.37.189.82 - - [10/Jan/2014:02:42:20 +0100] "GET /favicon.ico HTTP/1.0" 404 1256 "http://www.friedrich-list-berlin.de/" "Mozilla/5.0 (compatible; kdslbot/3.1.1.2 +http://www.kdsl.tu-darmstadt.de/de/kdsl/research-program/crawling-and-semantic-structuring/)"
66.249.78.236 - - [10/Jan/2014:02:43:41 +0100] "GET /include.php?path=contentarchive&type=1&letter=D&catid=1&themeid=0&searchtext=&entries=0&order=dated&nid=32 HTTP/1.1" 404 1256 "-" "Mozilla/5.0 (compatible; Googlebot/2.1; +http://www.google.com/bot.html)"
208.115.111.69 - - [10/Jan/2014:03:24:53 +0100] "GET /include.php?path=contentarchive&type=2&letter=O&catid=0&themeid=0&searchtext=&entries=0&order= HTTP/1.1" 404 1256 "-" "Mozilla/5.0 (compatible; Ezooms/1.0; help@moz.com)"
208.115.113.85 - - [10/Jan/2014:03:44:42 +0100] "GET /robots.txt HTTP/1.1" 404 1256 "-" "Mozilla/5.0 (compatible; Ezooms/1.0; help@moz.com)"
88.198.110.130 - - [10/Jan/2014:05:20:45 +0100] "GET /?path=contentarchive&type=2&nid=30 HTTP/1.1" 302 - "-" "Mozilla/4.0 (compatible; MSIE 6.0; Windows 98; Win 9x4.90)"
208.115.113.85 - - [10/Jan/2014:05:44:47 +0100] "GET /?path=contentarchive&type=2&letter=X&catid=0&themeid=0&searchtext=&entries=0&order= HTTP/1.1" 302 - "-" "Mozilla/5.0 (compatible; Ezooms/1.0; help@moz.com)"
85.25.110.104 - - [10/Jan/2014:05:53:35 +0100] "GET /include.php?path=contentarchive&type=2&letter=S&catid=0&themeid=0&searchtext=&entries=0&order=dated HTTP/1.1" 404 1256 "-" "Mozilla/4.0 (compatible; MSIE 6.0; Windows 98; Win 9x4.90)"
141.15.33.1 - - [10/Jan/2014:06:28:48 +0100] "GET / HTTP/1.1" 302 - "http://www.google.de/url?sa=t&rct=j&q=&esrc=s&source=web&cd=4&ved=0CEoQoAIwAw&url=http%3A%2F%2Fwww.friedrich-list-berlin.de%2F&ei=iILPUrPgFMjvswbNlYCABg&usg=AFQjCNGsKs3TvBQ4z91zrYvo9_SfKi5nug&bvm=bv.59026428,d.Yms" "Mozilla/5.0 (X11; Ubuntu; Linux x86_64; rv:16.0) Gecko/20100101 Firefox/16.0"
176.9.50.43 - - [10/Jan/2014:08:16:27 +0100] "GET /?path=contentarchive&type=2&letter=K&catid=0&themeid=0&searchtext=&entries=0&order= HTTP/1.1" 302 - "-" "Mozilla/4.0 (compatible; MSIE 6.0; Windows 98; Win 9x4.90)"
141.15.33.1 - - [10/Jan/2014:08:56:34 +0100] "GET / HTTP/1.1" 302 - "http://www.berlin.de/sen/bildung/schulverzeichnis_und_portraets/anwendung/Schulportrait.aspx?IDSchulzweig=11651" "Mozilla/4.0 (compatible; MSIE 8.0; Windows NT 5.1; Trident/4.0; .NET CLR 1.1.4322; .NET CLR 2.0.50727; .NET CLR 3.0.4506.2152; .NET CLR 3.5.30729; InfoPath.3)"
217.114.217.235 - - [10/Jan/2014:08:58:44 +0100] "HEAD /feed/ HTTP/1.1" 404 - "-" "Ruby"
217.114.217.235 - - [10/Jan/2014:08:58:44 +0100] "GET / HTTP/1.1" 302 - "-" "\"manhattan-tool\""
