85.25.154.15 - - [24/Jan/2014:00:46:38 +0100] "GET /?path=contentarchive&type=2&letter=R&catid=0&themeid=0&searchtext=&entries=0&order= HTTP/1.1" 302 - "-" "Mozilla/4.0 (compatible; MSIE 6.0; Windows 98; Win 9x4.90)"
208.115.113.85 - - [24/Jan/2014:01:40:29 +0100] "GET /include.php?path=contentarchive&type=2&letter=F&catid=0&themeid=0&searchtext=&entries=0&order=title HTTP/1.1" 404 1256 "-" "Mozilla/5.0 (compatible; Ezooms/1.0; help@moz.com)"
208.115.113.85 - - [24/Jan/2014:01:40:32 +0100] "GET /include.php?path=contentarchive&type=3&letter=S&catid=0&themeid=0&searchtext=&entries=0&order= HTTP/1.1" 404 1256 "-" "Mozilla/5.0 (compatible; Ezooms/1.0; help@moz.com)"
193.175.194.33 - - [24/Jan/2014:02:23:01 +0100] "GET / HTTP/1.1" 302 - "-" "Bildungsserver-Linkchecker DBS 0.9 (http://www.bildungsserver.de)"
208.115.113.85 - - [24/Jan/2014:03:43:46 +0100] "GET /robots.txt HTTP/1.1" 404 1256 "-" "Mozilla/5.0 (compatible; Ezooms/1.0; help@moz.com)"
208.115.111.69 - - [24/Jan/2014:05:40:02 +0100] "GET /robots.txt HTTP/1.1" 404 1256 "-" "Mozilla/5.0 (compatible; Ezooms/1.0; help@moz.com)"
208.115.113.85 - - [24/Jan/2014:05:49:23 +0100] "GET /?path=contentarchive&type=2&letter=I&catid=0&themeid=0&searchtext=&entries=0&order= HTTP/1.1" 302 - "-" "Mozilla/5.0 (compatible; Ezooms/1.0; help@moz.com)"
188.138.41.109 - - [24/Jan/2014:06:28:10 +0100] "GET /robots.txt HTTP/1.1" 404 1256 "-" "Mozilla/5.0 (X11; U; Linux i686; de; rv:1.9.0.1; compatible; iCjobs Stellenangebote Jobs; http://www.icjobs.de) Gecko/20100401 iCjobs/3.2.3"
188.138.41.109 - - [24/Jan/2014:06:28:10 +0100] "GET / HTTP/1.1" 302 - "-" "Mozilla/5.0 (X11; U; Linux i686; de; rv:1.9.0.1; compatible; iCjobs Stellenangebote Jobs; http://www.icjobs.de) Gecko/20100401 iCjobs/3.2.3"
188.138.41.109 - - [24/Jan/2014:06:28:11 +0100] "GET / HTTP/1.1" 302 - "-" "Mozilla/5.0 (X11; U; Linux i686; de; rv:1.9.0.1; compatible; iCjobs Stellenangebote Jobs; http://www.icjobs.de) Gecko/20100401 iCjobs/3.2.3"
208.115.111.69 - - [24/Jan/2014:07:24:28 +0100] "GET /include.php?path=contentarchive&type=2&letter=I&catid=0&themeid=0&searchtext=&entries=0&order= HTTP/1.1" 404 1256 "-" "Mozilla/5.0 (compatible; Ezooms/1.0; help@moz.com)"
208.115.113.85 - - [24/Jan/2014:07:42:00 +0100] "GET /robots.txt HTTP/1.1" 404 1256 "-" "Mozilla/5.0 (compatible; Ezooms/1.0; help@moz.com)"
80.86.88.174 - - [24/Jan/2014:07:42:17 +0100] "GET /?path=content&contentid=32&nid=4 HTTP/1.1" 302 - "-" "Mozilla/4.0 (compatible; MSIE 6.0; Windows 98; Win 9x4.90)"
87.162.84.184 - - [24/Jan/2014:08:46:27 +0100] "GET / HTTP/1.1" 302 - "-" "Mozilla/5.0 (Windows NT 6.1; WOW64; rv:26.0) Gecko/20100101 Firefox/26.0"
208.115.113.85 - - [24/Jan/2014:09:38:34 +0100] "GET /include.php?path=contentarchive&type=3&letter=O&catid=0&themeid=0&searchtext=&entries=0&order= HTTP/1.1" 404 1256 "-" "Mozilla/5.0 (compatible; Ezooms/1.0; help@moz.com)"
94.134.222.165 - - [24/Jan/2014:09:42:27 +0100] "GET / HTTP/1.1" 302 - "-" "Mozilla/5.0 (Windows NT 6.1; WOW64; rv:26.0) Gecko/20100101 Firefox/26.0"
66.249.78.236 - - [24/Jan/2014:09:58:19 +0100] "GET /robots.txt HTTP/1.1" 404 1256 "-" "Mozilla/5.0 (compatible; Googlebot/2.1; +http://www.google.com/bot.html)"
66.249.78.236 - - [24/Jan/2014:09:58:19 +0100] "GET / HTTP/1.1" 302 - "-" "Mozilla/5.0 (compatible; Googlebot/2.1; +http://www.google.com/bot.html)"
85.25.154.15 - - [24/Jan/2014:10:16:29 +0100] "GET /?path=contentarchive&type=2&letter=E&catid=0&themeid=0&searchtext=&entries=0&order= HTTP/1.1" 302 - "-" "Mozilla/4.0 (compatible; MSIE 6.0; Windows 98; Win 9x4.90)"
85.25.100.239 - - [24/Jan/2014:11:02:08 +0100] "GET /include.php?path=contentarchive&type=2&letter=R&catid=0&themeid=0&searchtext=&entries=0&order=dated HTTP/1.1" 404 1256 "-" "Mozilla/4.0 (compatible; MSIE 6.0; Windows 98; Win 9x4.90)"
208.115.113.85 - - [24/Jan/2014:11:39:42 +0100] "GET /robots.txt HTTP/1.1" 404 1256 "-" "Mozilla/5.0 (compatible; Ezooms/1.0; help@moz.com)"
93.220.213.151 - - [24/Jan/2014:12:40:23 +0100] "GET / HTTP/1.1" 302 - "-" "Mozilla/5.0 Gecko/2009042316 Firefox/2.0.0.x"
91.64.111.55 - - [24/Jan/2014:13:30:28 +0100] "GET / HTTP/1.1" 302 - "-" "Mozilla/5.0 (Windows NT 6.1; WOW64; rv:26.0) Gecko/20100101 Firefox/26.0"
81.7.13.161 - - [24/Jan/2014:13:41:21 +0100] "GET /include.php?path=comment&comcat=cont&subid=79 HTTP/1.1" 404 1256 "-" "Mozilla/5.0 (X11; Linux i686; rv:6.0) Gecko/20100101 Firefox/6.0"
81.7.13.161 - - [24/Jan/2014:13:41:21 +0100] "GET /?path=content&mode=print&contentid=65 HTTP/1.1" 302 - "-" "Mozilla/5.0 (X11; Linux i686; rv:6.0) Gecko/20100101 Firefox/6.0"
208.115.113.85 - - [24/Jan/2014:13:42:03 +0100] "GET /include.php?path=contentarchive&type=2&letter=A&catid=0&themeid=0&searchtext=&entries=0&order=title HTTP/1.1" 404 1256 "-" "Mozilla/5.0 (compatible; Ezooms/1.0; help@moz.com)"
208.115.113.85 - - [24/Jan/2014:13:42:14 +0100] "GET /include.php?path=contentarchive&type=2&letter=Z&catid=0&themeid=0&searchtext=&entries=0&order=title HTTP/1.1" 404 1256 "-" "Mozilla/5.0 (compatible; Ezooms/1.0; help@moz.com)"
208.115.113.85 - - [24/Jan/2014:13:42:16 +0100] "GET /include.php?path=contentarchive&type=3&letter=G&catid=0&themeid=0&searchtext=&entries=0&order= HTTP/1.1" 404 1256 "-" "Mozilla/5.0 (compatible; Ezooms/1.0; help@moz.com)"
92.229.79.113 - - [24/Jan/2014:14:05:19 +0100] "GET / HTTP/1.1" 302 - "https://www.google.de/" "Mozilla/5.0 (Linux; U; Android 4.1.2; de-de; SAMSUNG GT-I9300/I9300XXELLA Build/JZO54K) AppleWebKit/534.30 (KHTML, like Gecko) Version/4.0 Mobile Safari/534.30"
91.64.111.55 - - [24/Jan/2014:14:50:19 +0100] "GET / HTTP/1.1" 302 - "-" "Mozilla/5.0 (Windows NT 6.1; WOW64; rv:26.0) Gecko/20100101 Firefox/26.0"
150.70.75.212 - - [24/Jan/2014:16:53:00 +0100] "GET / HTTP/1.1" 302 - "-" "Mozilla/4.0 (compatible; MSIE 8.0; Windows NT 5.1; Trident/4.0)"
36.76.123.90 - - [24/Jan/2014:17:47:25 +0100] "GET / HTTP/1.1" 302 - "https://www.google.com/" "Mozilla/5.0 (Windows NT 6.1) AppleWebKit/537.36 (KHTML, like Gecko) Chrome/32.0.1700.76 Safari/537.36"
79.247.147.90 - - [24/Jan/2014:17:59:22 +0100] "GET / HTTP/1.1" 302 - "http://www.google.fr/url?sa=t&rct=j&q=&esrc=s&source=web&cd=1&ved=0CC8QFjAA&url=http%3A%2F%2Fwww.friedrich-list-berlin.de%2F&ei=nJviUo2DIcnKsgaasICICQ&usg=AFQjCNGsKs3TvBQ4z91zrYvo9_SfKi5nug&bvm=bv.59930103,d.Yms" "Mozilla/5.0 (Windows NT 6.1; WOW64; Trident/7.0; rv:11.0) like Gecko"
93.219.44.25 - - [24/Jan/2014:18:47:20 +0100] "GET / HTTP/1.1" 302 - "https://www.google.com/" "Mozilla/5.0 (Windows NT 6.1; WOW64) AppleWebKit/537.36 (KHTML, like Gecko) Chrome/32.0.1700.76 Safari/537.36"
208.115.113.85 - - [24/Jan/2014:23:44:27 +0100] "GET /robots.txt HTTP/1.1" 404 1256 "-" "Mozilla/5.0 (compatible; Ezooms/1.0; help@moz.com)"
208.115.113.85 - - [25/Jan/2014:01:43:27 +0100] "GET /include.php?path=contentarchive&type=2&letter=K&catid=0&themeid=0&searchtext=&entries=0&order= HTTP/1.1" 404 1256 "-" "Mozilla/5.0 (compatible; Ezooms/1.0; help@moz.com)"
141.8.147.12 - - [25/Jan/2014:05:38:03 +0100] "GET /robots.txt HTTP/1.1" 404 1256 "-" "Mozilla/5.0 (compatible; YandexBot/3.0; +http://yandex.com/bots)"
141.8.147.12 - - [25/Jan/2014:05:38:04 +0100] "GET /robots.txt HTTP/1.1" 404 1256 "-" "Mozilla/5.0 (compatible; YandexBot/3.0; +http://yandex.com/bots)"
141.8.147.12 - - [25/Jan/2014:05:38:05 +0100] "GET / HTTP/1.1" 302 - "-" "Mozilla/5.0 (compatible; YandexBot/3.0; +http://yandex.com/bots)"
66.249.78.236 - - [25/Jan/2014:05:48:02 +0100] "GET /robots.txt HTTP/1.1" 404 1256 "-" "Mozilla/5.0 (compatible; Googlebot/2.1; +http://www.google.com/bot.html)"
66.249.78.236 - - [25/Jan/2014:05:48:02 +0100] "GET /?path=content&contentid=47&nid=2 HTTP/1.1" 302 - "-" "Mozilla/5.0 (compatible; Googlebot/2.1; +http://www.google.com/bot.html)"
208.115.111.69 - - [25/Jan/2014:05:51:28 +0100] "GET /robots.txt HTTP/1.1" 404 1256 "-" "Mozilla/5.0 (compatible; Ezooms/1.0; help@moz.com)"
141.8.147.12 - - [25/Jan/2014:05:59:05 +0100] "GET / HTTP/1.1" 302 - "-" "Mozilla/5.0 (compatible; YandexBot/3.0; +http://yandex.com/bots)"
141.8.147.12 - - [25/Jan/2014:05:59:07 +0100] "GET / HTTP/1.1" 302 - "-" "Mozilla/5.0 (compatible; YandexBot/3.0; +http://yandex.com/bots)"
101.226.168.247 - - [25/Jan/2014:07:07:46 +0100] "GET /robots.txt HTTP/1.1" 404 1256 "http://www.friedrich-list-berlin.de/robots.txt" "Mozilla/4.0 (compatible; MSIE 8.0; Windows NT 6.1; Trident/4.0; SLCC2; .NET CLR 2.0.50727; .NET CLR 3.5.30729; .NET CLR 3.0.30729; Media Center PC 6.0; MDDR; .NET4.0C; .NET4.0E; .NET CLR 1.1.4322; Tablet PC 2.0); 360Spider"
157.55.32.221 - - [25/Jan/2014:07:24:45 +0100] "GET /robots.txt HTTP/1.1" 404 1256 "-" "Mozilla/5.0 (compatible; bingbot/2.0; +http://www.bing.com/bingbot.htm)"
157.55.32.221 - - [25/Jan/2014:07:33:59 +0100] "GET /include.php?path=content&contentid=68&nid=30&nid=31 HTTP/1.1" 404 1256 "-" "Mozilla/5.0 (compatible; bingbot/2.0; +http://www.bing.com/bingbot.htm)"
208.115.111.69 - - [25/Jan/2014:07:49:07 +0100] "GET /?path=contentarchive&type=2&letter=M&catid=0&themeid=0&searchtext=&entries=0&order= HTTP/1.1" 302 - "-" "Mozilla/5.0 (compatible; Ezooms/1.0; help@moz.com)"
80.153.101.65 - - [25/Jan/2014:07:51:21 +0100] "GET / HTTP/1.1" 302 - "-" "Mozilla/4.0 (Compatible; Windows NT 5.1; MSIE 6.0) (compatible; MSIE 6.0; Windows NT 5.1; .NET CLR 1.1.4322; .NET CLR 2.0.50727)"
46.165.197.151 - - [25/Jan/2014:08:50:09 +0100] "GET /robots.txt HTTP/1.0" 404 1256 "-" "Mozilla/5.0 (compatible; MJ12bot/v1.4.4; http://www.majestic12.co.uk/bot.php?+)"
46.165.197.151 - - [25/Jan/2014:08:50:10 +0100] "GET / HTTP/1.0" 302 - "-" "Mozilla/5.0 (compatible; MJ12bot/v1.4.4; http://www.majestic12.co.uk/bot.php?+)"
208.115.111.69 - - [25/Jan/2014:09:55:01 +0100] "GET /robots.txt HTTP/1.1" 404 1256 "-" "Mozilla/5.0 (compatible; Ezooms/1.0; help@moz.com)"
162.210.196.100 - - [25/Jan/2014:10:26:47 +0100] "GET /robots.txt HTTP/1.0" 404 1256 "-" "Mozilla/5.0 (compatible; MJ12bot/v1.4.4; http://www.majestic12.co.uk/bot.php?+)"
162.210.196.100 - - [25/Jan/2014:10:26:48 +0100] "GET / HTTP/1.0" 302 - "-" "Mozilla/5.0 (compatible; MJ12bot/v1.4.4; http://www.majestic12.co.uk/bot.php?+)"
78.52.136.230 - - [25/Jan/2014:10:45:49 +0100] "GET / HTTP/1.1" 302 - "https://www.google.de/" "Mozilla/5.0 (iPhone; CPU iPhone OS 7_0_3 like Mac OS X) AppleWebKit/537.51.1 (KHTML, like Gecko) Version/7.0 Mobile/11B511 Safari/9537.53"
212.184.133.40 - - [25/Jan/2014:10:50:05 +0100] "GET / HTTP/1.1" 302 - "http://www.google.de/url?sa=t&rct=j&q=&esrc=s&source=web&cd=5&ved=0CEkQoAIwBA&url=http%3A%2F%2Fwww.friedrich-list-berlin.de%2F&ei=UIjjUqajIsixtAbZ_4GAAg&usg=AFQjCNGsKs3TvBQ4z91zrYvo9_SfKi5nug&bvm=bv.59930103,d.Yms" "Mozilla/5.0 (Windows NT 6.1; WOW64; rv:26.0) Gecko/20100101 Firefox/26.0"
84.189.22.108 - - [25/Jan/2014:11:23:10 +0100] "GET / HTTP/1.1" 302 - "http://www.google.de/url?sa=t&rct=j&q=&esrc=s&source=web&cd=1&ved=0CD8QFjAA&url=http%3A%2F%2Fwww.friedrich-list-berlin.de%2F&ei=NJDjUv-0HMHrswbH94CwCA&usg=AFQjCNGsKs3TvBQ4z91zrYvo9_SfKi5nug&bvm=bv.59930103,d.Yms" "Mozilla/5.0 (Macintosh; Intel Mac OS X 10_8_5) AppleWebKit/537.73.11 (KHTML, like Gecko) Version/6.1.1 Safari/537.73.11"
87.162.84.184 - - [25/Jan/2014:11:30:13 +0100] "GET / HTTP/1.1" 302 - "http://www.google.de/url?sa=t&rct=j&q=&esrc=s&source=web&cd=1&ved=0CDEQFjAA&url=http%3A%2F%2Fwww.fls-berlin.de%2F&ei=2pHjUsSvNsKGtAbfnICYAw&usg=AFQjCNG4fgXtDKSWFE8hgLKnipf8LQYy-g&sig2=0Oji2oieHX2IYyBlrEFpvA&bvm=bv.59930103,d.Yms" "Mozilla/5.0 (Windows NT 6.1; WOW64; rv:26.0) Gecko/20100101 Firefox/26.0"
217.230.179.38 - - [25/Jan/2014:11:39:15 +0100] "GET / HTTP/1.1" 302 - "http://m.bigfinder.de/?c=ws&q=homepage&v=1" "Mozilla/4.0 (compatible; MSIE 8.0; Windows NT 6.0; Trident/4.0; GTB0.0; SLCC1; .NET CLR 2.0.50727; Media Center PC 5.0; .NET CLR 3.5.30729; .NET CLR 3.0.30729; .NET4.0C)"
103.31.200.92 - - [25/Jan/2014:11:43:40 +0100] "GET /robots.txt HTTP/1.0" 404 1256 "http://www.friedrich-list-berlin.de/robots.txt" "Mozilla/4.0 (compatible; MSIE 8.0; Windows NT 5.1; Trident/4.0; .NET CLR 2.0.50727; .NET CLR 3.0.4506.2152; .NET CLR 3.5.30729)"
208.115.111.69 - - [25/Jan/2014:11:49:24 +0100] "GET /?path=contentarchive&type=2&letter=Q&catid=0&themeid=0&searchtext=&entries=0&order= HTTP/1.1" 302 - "-" "Mozilla/5.0 (compatible; Ezooms/1.0; help@moz.com)"
208.115.111.69 - - [25/Jan/2014:11:49:30 +0100] "GET /include.php?path=contentarchive&type=2&letter=B&catid=0&themeid=0&searchtext=&entries=0&order=title HTTP/1.1" 404 1256 "-" "Mozilla/5.0 (compatible; Ezooms/1.0; help@moz.com)"
5.9.20.44 - - [25/Jan/2014:12:35:15 +0100] "GET /robots.txt HTTP/1.1" 404 1256 "-" "Mozilla/5.0 (X11; Ubuntu; Linux x86_64; rv:15.0) Gecko/20100101 Firefox/15.0.1"
5.9.20.44 - - [25/Jan/2014:12:35:15 +0100] "GET / HTTP/1.1" 302 - "-" "Mozilla/5.0 (X11; Ubuntu; Linux x86_64; rv:15.0) Gecko/20100101 Firefox/15.0.1"
80.144.141.16 - - [25/Jan/2014:13:02:02 +0100] "GET / HTTP/1.1" 302 - "http://www.stayfriends.de/j/ViewController?action=myPage&visitreferer=14&itdolog=true&persid=1444686&utm_source=StayFriendsMC&utm_campaign=MC_1757&utm_medium=Newsletter&crc=8047910" "Mozilla/5.0 (Windows NT 6.1; WOW64; rv:26.0) Gecko/20100101 Firefox/26.0"
80.86.88.172 - - [25/Jan/2014:13:08:52 +0100] "GET /?path=contentarchive&type=2&letter=S&catid=0&themeid=0&searchtext=&entries=0&order= HTTP/1.1" 302 - "-" "Mozilla/4.0 (compatible; MSIE 6.0; Windows 98; Win 9x4.90)"
208.115.111.69 - - [25/Jan/2014:13:51:32 +0100] "GET /robots.txt HTTP/1.1" 404 1256 "-" "Mozilla/5.0 (compatible; Ezooms/1.0; help@moz.com)"
66.249.78.236 - - [25/Jan/2014:14:09:13 +0100] "GET /robots.txt HTTP/1.1" 404 1256 "-" "Mozilla/5.0 (compatible; Googlebot/2.1; +http://www.google.com/bot.html)"
66.249.78.236 - - [25/Jan/2014:14:09:13 +0100] "GET /include.php?path=contentarchive&type=2&letter=I&catid=8&themeid=0&searchtext=&entries=0&order=&nid=4 HTTP/1.1" 404 1256 "-" "Mozilla/5.0 (compatible; Googlebot/2.1; +http://www.google.com/bot.html)"
66.249.78.236 - - [25/Jan/2014:14:15:49 +0100] "GET /include.php?path=contentarchive&type=4&letter=U&catid=0&themeid=0&searchtext=&entries=0&order=title&nid=21 HTTP/1.1" 404 1256 "-" "Mozilla/5.0 (compatible; Googlebot/2.1; +http://www.google.com/bot.html)"
208.115.111.69 - - [25/Jan/2014:15:51:07 +0100] "GET /include.php?path=contentarchive&type=2&letter=D&catid=0&themeid=0&searchtext=&entries=0&order=title HTTP/1.1" 404 1256 "-" "Mozilla/5.0 (compatible; Ezooms/1.0; help@moz.com)"
208.115.111.69 - - [25/Jan/2014:15:51:10 +0100] "GET /include.php?path=contentarchive&type=2&letter=S&catid=0&themeid=0&searchtext=&entries=0&order= HTTP/1.1" 404 1256 "-" "Mozilla/5.0 (compatible; Ezooms/1.0; help@moz.com)"
208.115.111.69 - - [25/Jan/2014:15:51:13 +0100] "GET /include.php?path=contentarchive&type=2&letter=Y&catid=0&themeid=0&searchtext=&entries=0&order=title HTTP/1.1" 404 1256 "-" "Mozilla/5.0 (compatible; Ezooms/1.0; help@moz.com)"
88.19.21.229 - - [25/Jan/2014:16:36:22 +0100] "GET / HTTP/1.1" 302 - "http://www.educacion.gob.es/exterior/al/es/espaniol/ele_berlin2012.pdf" "Mozilla/5.0 (Macintosh; Intel Mac OS X 10_8_5) AppleWebKit/537.36 (KHTML, like Gecko) Chrome/32.0.1700.77 Safari/537.36"
178.255.215.70 - - [25/Jan/2014:17:06:16 +0100] "GET /robots.txt HTTP/1.1" 404 1256 "-" "Mozilla/5.0 (compatible; Exabot/3.0; +http://www.exabot.com/go/robot)"
178.255.215.70 - - [25/Jan/2014:17:06:16 +0100] "GET /?path=content&contentid=47&nid=17 HTTP/1.1" 302 - "-" "Mozilla/5.0 (compatible; Exabot/3.0; +http://www.exabot.com/go/robot)"
66.249.78.236 - - [25/Jan/2014:18:23:32 +0100] "GET /include.php?path=contentarchive&type=2&letter=O&catid=9&themeid=0&searchtext=&entries=0&order=title&nid=4 HTTP/1.1" 404 1256 "-" "Mozilla/5.0 (compatible; Googlebot/2.1; +http://www.google.com/bot.html)"
66.249.78.236 - - [25/Jan/2014:18:39:48 +0100] "GET /include.php?path=download&contentid=124&download=go HTTP/1.1" 404 1256 "-" "Mozilla/5.0 (compatible; Googlebot/2.1; +http://www.google.com/bot.html)"
66.249.78.236 - - [25/Jan/2014:19:28:37 +0100] "GET /?path=faq&catid=2&nid=32 HTTP/1.1" 302 - "-" "Mozilla/5.0 (compatible; Googlebot/2.1; +http://www.google.com/bot.html)"
208.115.113.85 - - [25/Jan/2014:19:39:39 +0100] "GET /robots.txt HTTP/1.1" 404 1256 "-" "Mozilla/5.0 (compatible; Ezooms/1.0; help@moz.com)"
208.115.113.85 - - [25/Jan/2014:21:41:42 +0100] "GET /include.php?path=contentarchive&type=3&letter=U&catid=0&themeid=0&searchtext=&entries=0&order= HTTP/1.1" 404 1256 "-" "Mozilla/5.0 (compatible; Ezooms/1.0; help@moz.com)"
208.115.111.69 - - [25/Jan/2014:21:53:52 +0100] "GET /robots.txt HTTP/1.1" 404 1256 "-" "Mozilla/5.0 (compatible; Ezooms/1.0; help@moz.com)"
66.249.78.236 - - [25/Jan/2014:22:35:46 +0100] "GET /include.php?path=contentarchive&type=2&catid=9&letter=X&entries=0&searchtext=&order=titled&nid=19 HTTP/1.1" 404 1256 "-" "Mozilla/5.0 (compatible; Googlebot/2.1; +http://www.google.com/bot.html)"
176.57.142.28 - - [25/Jan/2014:22:47:33 +0100] "GET / HTTP/1.1" 302 - "-" "Mozilla/5.0 (X11; Linux i686; rv:6.0) Gecko/20100101 Firefox/6.0"
208.115.113.85 - - [25/Jan/2014:23:43:57 +0100] "GET /robots.txt HTTP/1.1" 404 1256 "-" "Mozilla/5.0 (compatible; Ezooms/1.0; help@moz.com)"
208.115.111.69 - - [25/Jan/2014:23:48:17 +0100] "GET /include.php?path=contentarchive&type=2&letter=O&catid=0&themeid=0&searchtext=&entries=0&order= HTTP/1.1" 404 1256 "-" "Mozilla/5.0 (compatible; Ezooms/1.0; help@moz.com)"
208.115.113.85 - - [26/Jan/2014:01:46:49 +0100] "GET /?path=contentarchive&type=2&letter=X&catid=0&themeid=0&searchtext=&entries=0&order= HTTP/1.1" 302 - "-" "Mozilla/5.0 (compatible; Ezooms/1.0; help@moz.com)"
85.25.95.50 - - [26/Jan/2014:03:06:06 +0100] "GET /include.php?path=article&contentid=78&nid=13 HTTP/1.1" 404 1256 "-" "Mozilla/4.0 (compatible; MSIE 6.0; Windows 98; Win 9x4.90)"
66.249.78.236 - - [26/Jan/2014:06:18:05 +0100] "GET /robots.txt HTTP/1.1" 404 1256 "-" "Mozilla/5.0 (compatible; Googlebot/2.1; +http://www.google.com/bot.html)"
66.249.78.236 - - [26/Jan/2014:06:18:05 +0100] "GET /?path=content&contentid=14&nid=4 HTTP/1.1" 302 - "-" "Mozilla/5.0 (compatible; Googlebot/2.1; +http://www.google.com/bot.html)"
208.43.243.244 - - [26/Jan/2014:14:31:13 +0100] "GET /robots.txt HTTP/1.1" 404 1256 "-" "Mozilla/5.0 (compatible; SiteExplorer/1.0b; +http://siteexplorer.info/)"
208.43.243.244 - - [26/Jan/2014:14:31:18 +0100] "GET / HTTP/1.1" 302 - "-" "Mozilla/5.0 (compatible; SiteExplorer/1.0b; +http://siteexplorer.info/)"
101.226.166.221 - - [26/Jan/2014:15:48:50 +0100] "GET /robots.txt HTTP/1.1" 404 1256 "http://www.friedrich-list-berlin.de/robots.txt" "Mozilla/4.0 (compatible; MSIE 8.0; Windows NT 6.1; Trident/4.0; SLCC2; .NET CLR 2.0.50727; .NET CLR 3.5.30729; .NET CLR 3.0.30729; Media Center PC 6.0; MDDR; .NET4.0C; .NET4.0E; .NET CLR 1.1.4322; Tablet PC 2.0); 360Spider"
87.123.106.143 - - [26/Jan/2014:16:43:57 +0100] "GET / HTTP/1.1" 302 - "http://www.google.de/url?sa=t&rct=j&q=&esrc=s&source=web&cd=1&ved=0CCwQFjAA&url=http%3A%2F%2Fwww.fls-berlin.de%2F&ei=yyzlUpCqE4bbsgbquIHYBg&usg=AFQjCNG4fgXtDKSWFE8hgLKnipf8LQYy-g&bvm=bv.59930103,d.Yms" "Mozilla/5.0 (Windows NT 6.1; WOW64; rv:26.0) Gecko/20100101 Firefox/26.0"
208.115.111.69 - - [26/Jan/2014:17:52:05 +0100] "GET /robots.txt HTTP/1.1" 404 1256 "-" "Mozilla/5.0 (compatible; Ezooms/1.0; help@moz.com)"
141.8.147.12 - - [26/Jan/2014:17:59:32 +0100] "GET /robots.txt HTTP/1.1" 404 1256 "-" "Mozilla/5.0 (compatible; YandexBot/3.0; +http://yandex.com/bots)"
141.8.147.12 - - [26/Jan/2014:18:04:54 +0100] "GET / HTTP/1.1" 302 - "-" "Mozilla/5.0 (compatible; YandexBot/3.0; +http://yandex.com/bots)"
208.115.111.69 - - [26/Jan/2014:19:44:34 +0100] "GET /include.php?path=contentarchive&type=2&nid=13 HTTP/1.1" 404 1256 "-" "Mozilla/5.0 (compatible; Ezooms/1.0; help@moz.com)"
178.77.126.55 - - [26/Jan/2014:23:03:47 +0100] "GET /robots.txt HTTP/1.1" 404 1256 "-" "Mozilla/5.0 (compatible; CareerBot/1.1; +http://www.career-x.de/bot.html)"
178.77.126.55 - - [26/Jan/2014:23:03:47 +0100] "GET / HTTP/1.1" 302 - "-" "Mozilla/5.0 (compatible; CareerBot/1.1; +http://www.career-x.de/bot.html)"
212.86.219.134 - - [26/Jan/2014:23:03:54 +0100] "GET /robots.txt HTTP/1.1" 404 1256 "-" "Mozilla/5.0 (Macintosh; U; Intel Mac OS X 10_5_6; en-us) AppleWebKit/528.16 (KHTML, like Gecko) Version/4.0 Safari/528.16"
212.86.219.134 - - [26/Jan/2014:23:03:54 +0100] "GET / HTTP/1.1" 302 - "-" "Mozilla/5.0 (Macintosh; U; Intel Mac OS X 10_5_6; en-us) AppleWebKit/528.16 (KHTML, like Gecko) Version/4.0 Safari/528.16"
208.115.113.85 - - [26/Jan/2014:23:40:14 +0100] "GET /robots.txt HTTP/1.1" 404 1256 "-" "Mozilla/5.0 (compatible; Ezooms/1.0; help@moz.com)"
78.129.250.17 - - [27/Jan/2014:00:25:20 +0100] "GET /robots.txt HTTP/1.1" 404 1256 "-" "Mozilla/5.0 (compatible; aiHitBot/2.8; +http://endb-consolidated.aihit.com/)"
78.129.250.17 - - [27/Jan/2014:00:25:21 +0100] "GET / HTTP/1.1" 302 - "-" "Mozilla/5.0 (compatible; aiHitBot/2.8; +http://endb-consolidated.aihit.com/)"
208.115.113.85 - - [27/Jan/2014:01:37:02 +0100] "GET /include.php?path=contentarchive&type=2&letter=B&catid=0&themeid=0&searchtext=&entries=0&order= HTTP/1.1" 404 1256 "-" "Mozilla/5.0 (compatible; Ezooms/1.0; help@moz.com)"
208.115.111.69 - - [27/Jan/2014:01:51:52 +0100] "GET /robots.txt HTTP/1.1" 404 1256 "-" "Mozilla/5.0 (compatible; Ezooms/1.0; help@moz.com)"
208.115.111.69 - - [27/Jan/2014:03:17:29 +0100] "GET /include.php?path=contentarchive&type=2&letter=V&catid=0&themeid=0&searchtext=&entries=0&order=dated HTTP/1.1" 404 1256 "-" "Mozilla/5.0 (compatible; Ezooms/1.0; help@moz.com)"
208.115.113.85 - - [27/Jan/2014:03:44:17 +0100] "GET /robots.txt HTTP/1.1" 404 1256 "-" "Mozilla/5.0 (compatible; Ezooms/1.0; help@moz.com)"
208.115.113.85 - - [27/Jan/2014:05:47:15 +0100] "GET /include.php?path=contentarchive&type=2&letter=Q&catid=0&themeid=0&searchtext=&entries=0&order= HTTP/1.1" 404 1256 "-" "Mozilla/5.0 (compatible; Ezooms/1.0; help@moz.com)"
208.115.111.69 - - [27/Jan/2014:05:51:51 +0100] "GET /robots.txt HTTP/1.1" 404 1256 "-" "Mozilla/5.0 (compatible; Ezooms/1.0; help@moz.com)"
208.115.113.85 - - [27/Jan/2014:07:45:24 +0100] "GET /robots.txt HTTP/1.1" 404 1256 "-" "Mozilla/5.0 (compatible; Ezooms/1.0; help@moz.com)"
208.115.111.69 - - [27/Jan/2014:07:46:19 +0100] "GET /include.php?path=news&contentid=122 HTTP/1.1" 404 1256 "-" "Mozilla/5.0 (compatible; Ezooms/1.0; help@moz.com)"
208.115.113.85 - - [27/Jan/2014:09:41:27 +0100] "GET /?path=content&contentid=36 HTTP/1.1" 302 - "-" "Mozilla/5.0 (compatible; Ezooms/1.0; help@moz.com)"
208.115.113.85 - - [27/Jan/2014:09:41:29 +0100] "GET /?path=contentarchive&type=2&letter=K&catid=0&themeid=0&searchtext=&entries=0&order= HTTP/1.1" 302 - "-" "Mozilla/5.0 (compatible; Ezooms/1.0; help@moz.com)"
208.115.113.85 - - [27/Jan/2014:09:41:32 +0100] "GET /include.php?path=contentarchive&type=2&letter=E&catid=0&themeid=0&searchtext=&entries=0&order= HTTP/1.1" 404 1256 "-" "Mozilla/5.0 (compatible; Ezooms/1.0; help@moz.com)"
208.115.111.69 - - [27/Jan/2014:09:54:26 +0100] "GET /robots.txt HTTP/1.1" 404 1256 "-" "Mozilla/5.0 (compatible; Ezooms/1.0; help@moz.com)"
208.115.113.85 - - [27/Jan/2014:11:41:22 +0100] "GET /robots.txt HTTP/1.1" 404 1256 "-" "Mozilla/5.0 (compatible; Ezooms/1.0; help@moz.com)"
208.115.111.69 - - [27/Jan/2014:11:53:23 +0100] "GET /include.php?path=contentarchive&type=2&nid=4 HTTP/1.1" 404 1256 "-" "Mozilla/5.0 (compatible; Ezooms/1.0; help@moz.com)"
208.115.111.69 - - [27/Jan/2014:11:53:28 +0100] "GET /include.php?path=contentarchive&type=3&letter=E&catid=0&themeid=0&searchtext=&entries=0&order= HTTP/1.1" 404 1256 "-" "Mozilla/5.0 (compatible; Ezooms/1.0; help@moz.com)"
208.115.113.85 - - [27/Jan/2014:13:43:55 +0100] "GET /?path=contentarchive&type=2&letter=C&catid=0&themeid=0&searchtext=&entries=0&order= HTTP/1.1" 302 - "-" "Mozilla/5.0 (compatible; Ezooms/1.0; help@moz.com)"
208.115.113.85 - - [27/Jan/2014:13:43:58 +0100] "GET /include.php?path=contentarchive&type=2&letter=O&catid=0&themeid=0&searchtext=&entries=0&order=title HTTP/1.1" 404 1256 "-" "Mozilla/5.0 (compatible; Ezooms/1.0; help@moz.com)"
91.64.111.55 - - [27/Jan/2014:13:57:20 +0100] "GET / HTTP/1.1" 302 - "-" "Mozilla/5.0 (Windows NT 5.1; rv:26.0) Gecko/20100101 Firefox/26.0"
66.249.78.115 - - [27/Jan/2014:14:10:56 +0100] "GET /robots.txt HTTP/1.1" 404 1256 "-" "Mozilla/5.0 (compatible; Googlebot/2.1; +http://www.google.com/bot.html)"
66.249.66.9 - - [27/Jan/2014:14:10:56 +0100] "GET / HTTP/1.1" 302 - "-" "DoCoMo/2.0 N905i(c100;TB;W24H16) (compatible; Googlebot-Mobile/2.1; +http://www.google.com/bot.html)"
195.71.187.238 - - [27/Jan/2014:15:22:10 +0100] "GET / HTTP/1.1" 302 - "http://www.google.de/url?sa=t&rct=j&q=&esrc=s&source=web&cd=1&ved=0CC4QFjAA&url=http%3A%2F%2Fwww.friedrich-list-berlin.de%2F&ei=DmvmUvyUDobctAao6ICoCA&usg=AFQjCNGsKs3TvBQ4z91zrYvo9_SfKi5nug&bvm=bv.59930103,d.Yms" "Mozilla/5.0 (Windows NT 6.1; WOW64; rv:26.0) Gecko/20100101 Firefox/26.0"
208.115.113.85 - - [27/Jan/2014:15:43:30 +0100] "GET /robots.txt HTTP/1.1" 404 1256 "-" "Mozilla/5.0 (compatible; Ezooms/1.0; help@moz.com)"
207.241.229.235 - - [27/Jan/2014:15:46:59 +0100] "GET /robots.txt HTTP/1.1" 404 1256 "-" "Mozilla/5.0 (compatible; archive.org_bot; Wayback Machine Live Record; +http://archive.org/details/archive.org_bot)"
79.215.64.116 - - [27/Jan/2014:16:54:05 +0100] "GET / HTTP/1.1" 302 - "https://www.google.de/" "Mozilla/5.0 (iPad; CPU OS 7_0_4 like Mac OS X) AppleWebKit/537.51.1 (KHTML, like Gecko) Version/7.0 Mobile/11B554a Safari/9537.53"
66.249.78.236 - - [27/Jan/2014:17:35:46 +0100] "GET /robots.txt HTTP/1.1" 404 1256 "-" "Mozilla/5.0 (compatible; Googlebot/2.1; +http://www.google.com/bot.html)"
66.249.66.240 - - [27/Jan/2014:17:35:46 +0100] "GET / HTTP/1.1" 302 - "-" "DoCoMo/2.0 N905i(c100;TB;W24H16) (compatible; Googlebot-Mobile/2.1; +http://www.google.com/bot.html)"
208.115.113.85 - - [27/Jan/2014:17:42:55 +0100] "GET /?path=contentarchive&type=2&letter=W&catid=0&themeid=0&searchtext=&entries=0&order= HTTP/1.1" 302 - "-" "Mozilla/5.0 (compatible; Ezooms/1.0; help@moz.com)"
208.115.113.85 - - [27/Jan/2014:17:42:58 +0100] "GET /include.php?path=contentarchive&type=2&letter=N&catid=0&themeid=0&searchtext=&entries=0&order=title HTTP/1.1" 404 1256 "-" "Mozilla/5.0 (compatible; Ezooms/1.0; help@moz.com)"
208.115.113.85 - - [27/Jan/2014:19:49:46 +0100] "GET /robots.txt HTTP/1.1" 404 1256 "-" "Mozilla/5.0 (compatible; Ezooms/1.0; help@moz.com)"
88.134.108.104 - - [27/Jan/2014:20:12:51 +0100] "GET / HTTP/1.1" 302 - "http://www.nollendorfplatz.com/schulen/schulen.html" "Mozilla/5.0 (Windows NT 6.1; WOW64) AppleWebKit/537.36 (KHTML, like Gecko) Chrome/32.0.1700.76 Safari/537.36"
176.57.143.60 - - [27/Jan/2014:20:16:32 +0100] "GET / HTTP/1.1" 302 - "-" "Mozilla/5.0 (X11; Linux i686; rv:6.0) Gecko/20100101 Firefox/6.0"
2.207.156.82 - - [27/Jan/2014:20:37:40 +0100] "GET / HTTP/1.1" 302 - "https://www.google.de/" "Mozilla/5.0 (Macintosh; Intel Mac OS X 10_8_5) AppleWebKit/537.36 (KHTML, like Gecko) Chrome/32.0.1700.77 Safari/537.36"
141.8.147.12 - - [27/Jan/2014:20:39:54 +0100] "GET /robots.txt HTTP/1.1" 404 1256 "-" "Mozilla/5.0 (compatible; YandexBot/3.0; +http://yandex.com/bots)"
141.8.147.12 - - [27/Jan/2014:20:39:56 +0100] "GET /fls_2_berufsfachschule.php HTTP/1.1" 404 1256 "-" "Mozilla/5.0 (compatible; YandexBot/3.0; +http://yandex.com/bots)"
141.8.147.12 - - [27/Jan/2014:20:39:58 +0100] "GET /fls_2_kurs_ecbm_london.php HTTP/1.1" 404 1256 "-" "Mozilla/5.0 (compatible; YandexBot/3.0; +http://yandex.com/bots)"
141.8.147.12 - - [27/Jan/2014:20:40:01 +0100] "GET /fls_3_fls_international.php HTTP/1.1" 404 1256 "-" "Mozilla/5.0 (compatible; YandexBot/3.0; +http://yandex.com/bots)"
141.8.147.12 - - [27/Jan/2014:20:40:03 +0100] "GET /fls_4_impressum.php HTTP/1.1" 404 1256 "-" "Mozilla/5.0 (compatible; YandexBot/3.0; +http://yandex.com/bots)"
141.8.147.12 - - [27/Jan/2014:20:40:05 +0100] "GET /fls_2_fremdsprachenkorr.php HTTP/1.1" 404 1256 "-" "Mozilla/5.0 (compatible; YandexBot/3.0; +http://yandex.com/bots)"
141.8.147.12 - - [27/Jan/2014:20:40:07 +0100] "GET /fls_4_kontakt_anmeldung.php HTTP/1.1" 404 1256 "-" "Mozilla/5.0 (compatible; YandexBot/3.0; +http://yandex.com/bots)"
141.8.147.12 - - [27/Jan/2014:20:40:09 +0100] "GET /fls_1_aktuelles.php HTTP/1.1" 404 1256 "-" "Mozilla/5.0 (compatible; YandexBot/3.0; +http://yandex.com/bots)"
141.8.147.12 - - [27/Jan/2014:20:40:11 +0100] "GET /fls_2_europakorr.php HTTP/1.1" 404 1256 "-" "Mozilla/5.0 (compatible; YandexBot/3.0; +http://yandex.com/bots)"
141.8.147.12 - - [27/Jan/2014:20:40:13 +0100] "GET /fls_1_aktuelles.php?artid=39 HTTP/1.1" 404 1256 "-" "Mozilla/5.0 (compatible; YandexBot/3.0; +http://yandex.com/bots)"
141.8.147.12 - - [27/Jan/2014:20:40:15 +0100] "GET /index_fr.php HTTP/1.1" 404 1256 "-" "Mozilla/5.0 (compatible; YandexBot/3.0; +http://yandex.com/bots)"
141.8.147.12 - - [27/Jan/2014:20:40:17 +0100] "GET /index_en.php HTTP/1.1" 404 1256 "-" "Mozilla/5.0 (compatible; YandexBot/3.0; +http://yandex.com/bots)"
141.8.147.12 - - [27/Jan/2014:20:40:19 +0100] "GET /fls_2_fremdsprachensekr.php HTTP/1.1" 404 1256 "-" "Mozilla/5.0 (compatible; YandexBot/3.0; +http://yandex.com/bots)"
208.115.113.85 - - [27/Jan/2014:21:52:41 +0100] "GET /?path=contentarchive&type=2&letter=A&catid=0&themeid=0&searchtext=&entries=0&order= HTTP/1.1" 302 - "-" "Mozilla/5.0 (compatible; Ezooms/1.0; help@moz.com)"
208.115.111.69 - - [27/Jan/2014:22:17:00 +0100] "GET /robots.txt HTTP/1.1" 404 1256 "-" "Mozilla/5.0 (compatible; Ezooms/1.0; help@moz.com)"
46.229.170.197 - - [27/Jan/2014:22:36:51 +0100] "GET / HTTP/1.1" 302 - "-" "Mozilla/5.0 (Windows NT 6.1; Win64; x64; rv:2.2a1pre) Gecko/20110208 Firefox/4.2a1pre"
208.115.111.69 - - [28/Jan/2014:00:13:37 +0100] "GET /?path=contentarchive&type=2&letter=Z&catid=0&themeid=0&searchtext=&entries=0&order= HTTP/1.1" 302 - "-" "Mozilla/5.0 (compatible; Ezooms/1.0; help@moz.com)"
208.115.111.69 - - [28/Jan/2014:00:13:42 +0100] "GET /include.php?path=contentarchive&type=2&letter=H&catid=0&themeid=0&searchtext=&entries=0&order= HTTP/1.1" 404 1256 "-" "Mozilla/5.0 (compatible; Ezooms/1.0; help@moz.com)"
66.249.78.115 - - [28/Jan/2014:00:32:22 +0100] "GET / HTTP/1.1" 302 - "-" "Mozilla/5.0 (compatible; Googlebot/2.1; +http://www.google.com/bot.html)"
113.161.71.34 - - [28/Jan/2014:00:42:13 +0100] "GET / HTTP/1.1" 302 - "-" "Java/1.6.0_18"
113.161.71.34 - - [28/Jan/2014:00:42:15 +0100] "GET /fls_1_aktuelles.php HTTP/1.1" 404 1256 "-" "Java/1.6.0_18"
113.161.71.34 - - [28/Jan/2014:00:42:16 +0100] "GET /fls_2_fremdsprachensekr.php HTTP/1.1" 404 1256 "-" "Java/1.6.0_18"
113.161.71.34 - - [28/Jan/2014:00:42:17 +0100] "GET /fls_3_fls_international.php HTTP/1.1" 404 1256 "-" "Java/1.6.0_18"
113.161.71.34 - - [28/Jan/2014:00:42:18 +0100] "GET /fls_4_faq.php HTTP/1.1" 404 1256 "-" "Java/1.6.0_18"
113.161.71.34 - - [28/Jan/2014:00:42:18 +0100] "GET /fls_4_impressum.php HTTP/1.1" 404 1256 "-" "Java/1.6.0_18"
113.161.71.34 - - [28/Jan/2014:00:42:19 +0100] "GET /fls_4_kontakt_anmeldung.php HTTP/1.1" 404 1256 "-" "Java/1.6.0_18"
113.161.71.34 - - [28/Jan/2014:00:42:20 +0100] "GET /index.php HTTP/1.1" 302 - "-" "Java/1.6.0_18"
113.161.71.34 - - [28/Jan/2014:00:42:22 +0100] "GET /index_en.php HTTP/1.1" 404 1256 "-" "Java/1.6.0_18"
113.161.71.34 - - [28/Jan/2014:00:42:23 +0100] "GET /index_fr.php HTTP/1.1" 404 1256 "-" "Java/1.6.0_18"
113.161.71.34 - - [28/Jan/2014:00:42:24 +0100] "GET /index_sp.php HTTP/1.1" 404 1256 "-" "Java/1.6.0_18"
113.161.71.34 - - [28/Jan/2014:00:42:24 +0100] "GET /& HTTP/1.1" 404 1256 "-" "Java/1.6.0_18"
113.161.71.34 - - [28/Jan/2014:00:42:25 +0100] "GET /& HTTP/1.1" 404 1256 "-" "Java/1.6.0_18"
113.161.71.34 - - [28/Jan/2014:00:42:26 +0100] "GET /& HTTP/1.1" 404 1256 "-" "Java/1.6.0_18"
113.161.71.34 - - [28/Jan/2014:00:42:27 +0100] "GET /& HTTP/1.1" 404 1256 "-" "Java/1.6.0_18"
113.161.71.34 - - [28/Jan/2014:00:42:27 +0100] "GET /& HTTP/1.1" 404 1256 "-" "Java/1.6.0_18"
113.161.71.34 - - [28/Jan/2014:00:42:28 +0100] "GET /& HTTP/1.1" 404 1256 "-" "Java/1.6.0_18"
113.161.71.34 - - [28/Jan/2014:00:42:29 +0100] "GET /& HTTP/1.1" 404 1256 "-" "Java/1.6.0_18"
113.161.71.34 - - [28/Jan/2014:00:42:30 +0100] "GET /& HTTP/1.1" 404 1256 "-" "Java/1.6.0_18"
113.161.71.34 - - [28/Jan/2014:00:42:31 +0100] "GET /& HTTP/1.1" 404 1256 "-" "Java/1.6.0_18"
113.161.71.34 - - [28/Jan/2014:00:42:31 +0100] "GET /& HTTP/1.1" 404 1256 "-" "Java/1.6.0_18"
113.161.71.34 - - [28/Jan/2014:00:42:32 +0100] "GET /& HTTP/1.1" 404 1256 "-" "Java/1.6.0_18"
113.161.71.34 - - [28/Jan/2014:00:42:33 +0100] "GET /& HTTP/1.1" 404 1256 "-" "Java/1.6.0_18"
113.161.71.34 - - [28/Jan/2014:00:42:34 +0100] "GET /& HTTP/1.1" 404 1256 "-" "Java/1.6.0_18"
113.161.71.34 - - [28/Jan/2014:00:42:34 +0100] "GET /& HTTP/1.1" 404 1256 "-" "Java/1.6.0_18"
113.161.71.34 - - [28/Jan/2014:00:42:35 +0100] "GET /& HTTP/1.1" 404 1256 "-" "Java/1.6.0_18"
113.161.71.34 - - [28/Jan/2014:00:42:36 +0100] "GET /& HTTP/1.1" 404 1256 "-" "Java/1.6.0_18"
113.161.71.34 - - [28/Jan/2014:00:42:37 +0100] "GET /& HTTP/1.1" 404 1256 "-" "Java/1.6.0_18"
113.161.71.34 - - [28/Jan/2014:00:42:38 +0100] "GET /& HTTP/1.1" 404 1256 "-" "Java/1.6.0_18"
113.161.71.34 - - [28/Jan/2014:00:42:38 +0100] "GET /& HTTP/1.1" 404 1256 "-" "Java/1.6.0_18"
113.161.71.34 - - [28/Jan/2014:00:42:39 +0100] "GET /& HTTP/1.1" 404 1256 "-" "Java/1.6.0_18"
162.243.192.190 - - [28/Jan/2014:01:45:32 +0100] "GET /robots.txt HTTP/1.1" 404 1256 "-" "Mozilla/5.0 (compatible; spbot/4.0.6; +http://www.seoprofiler.com/bot )"
162.243.192.190 - - [28/Jan/2014:01:45:38 +0100] "GET / HTTP/1.1" 302 - "-" "Mozilla/5.0 (compatible; spbot/4.0.6; +http://www.seoprofiler.com/bot )"
208.115.111.69 - - [28/Jan/2014:02:04:01 +0100] "GET /robots.txt HTTP/1.1" 404 1256 "-" "Mozilla/5.0 (compatible; Ezooms/1.0; help@moz.com)"
208.115.113.85 - - [28/Jan/2014:03:46:42 +0100] "GET /robots.txt HTTP/1.1" 404 1256 "-" "Mozilla/5.0 (compatible; Ezooms/1.0; help@moz.com)"
208.115.111.69 - - [28/Jan/2014:04:01:49 +0100] "GET /include.php?path=contentarchive&type=3&letter=W&catid=0&themeid=0&searchtext=&entries=0&order= HTTP/1.1" 404 1256 "-" "Mozilla/5.0 (compatible; Ezooms/1.0; help@moz.com)"
141.8.147.12 - - [28/Jan/2014:04:23:06 +0100] "GET /robots.txt HTTP/1.1" 404 1256 "-" "Mozilla/5.0 (compatible; YandexBot/3.0; +http://yandex.com/bots)"
141.8.147.12 - - [28/Jan/2014:04:23:08 +0100] "GET / HTTP/1.1" 302 - "-" "Mozilla/5.0 (compatible; YandexBot/3.0; +http://yandex.com/bots)"
128.131.102.100 - - [28/Jan/2014:05:18:28 +0100] "GET / HTTP/1.0" 302 - "-" "Mozilla/5.0 (KeepRight OpenStreetMap Checker; http://keepright.at) Gecko/20100101 Firefox/22.0"
208.115.113.85 - - [28/Jan/2014:05:44:30 +0100] "GET /?path=contentarchive&type=2&letter=P&catid=0&themeid=0&searchtext=&entries=0&order= HTTP/1.1" 302 - "-" "Mozilla/5.0 (compatible; Ezooms/1.0; help@moz.com)"
208.115.113.85 - - [28/Jan/2014:05:44:37 +0100] "GET /?path=contentarchive&type=2&letter=U&catid=0&themeid=0&searchtext=&entries=0&order= HTTP/1.1" 302 - "-" "Mozilla/5.0 (compatible; Ezooms/1.0; help@moz.com)"
208.115.111.69 - - [28/Jan/2014:05:59:00 +0100] "GET /robots.txt HTTP/1.1" 404 1256 "-" "Mozilla/5.0 (compatible; Ezooms/1.0; help@moz.com)"
62.212.73.211 - - [28/Jan/2014:07:50:20 +0100] "GET /robots.txt HTTP/1.0" 404 1256 "-" "Mozilla/5.0 (compatible; MJ12bot/v1.4.4; http://www.majestic12.co.uk/bot.php?+)"
62.212.73.211 - - [28/Jan/2014:07:50:22 +0100] "GET / HTTP/1.0" 302 - "-" "Mozilla/5.0 (compatible; MJ12bot/v1.4.4; http://www.majestic12.co.uk/bot.php?+)"
208.115.111.69 - - [28/Jan/2014:07:56:28 +0100] "GET /include.php?path=comment&comcat=cont&subid=34 HTTP/1.1" 404 1256 "-" "Mozilla/5.0 (compatible; Ezooms/1.0; help@moz.com)"
93.219.32.245 - - [28/Jan/2014:08:10:57 +0100] "GET / HTTP/1.1" 302 - "http://www.yelp.com.au/biz_redir?url=http%3A%2F%2Fwww.friedrich-list-berlin.de&src_bizid=fSHiYxGQm1Z5g7TwC8oc_A&cachebuster=1390893049&s=c4e9cfb3b03d216013427f86789c491ba897c298142120fd99fce7495ebf2d9a" "Mozilla/5.0 (iPad; CPU OS 7_0_4 like Mac OS X) AppleWebKit/537.51.1 (KHTML, like Gecko) Version/7.0 Mobile/11B554a Safari/9537.53"
178.39.171.187 - - [28/Jan/2014:08:57:29 +0100] "GET / HTTP/1.1" 302 - "http://www.google.ch/url?sa=t&rct=j&q=handelsschule%20berlin&source=web&cd=9&cad=rja&ved=0CH4QoAIwCA&url=http%3A%2F%2Fwww.friedrich-list-berlin.de%2F&ei=H2LnUqigL8LQtQal-oCYBw&usg=AFQjCNGsKs3TvBQ4z91zrYvo9_SfKi5nug&bvm=bv.59930103,d.Yms" "Mozilla/5.0 (Macintosh; Intel Mac OS X 10_6_8) AppleWebKit/534.57.2 (KHTML, like Gecko) Version/5.1.7 Safari/534.57.2"
94.222.29.1 - - [28/Jan/2014:09:52:39 +0100] "GET / HTTP/1.1" 302 - "https://www.google.de/" "Mozilla/5.0 (iPad; CPU OS 6_1_3 like Mac OS X) AppleWebKit/536.26 (KHTML, like Gecko) Version/6.0 Mobile/10B329 Safari/8536.25"
208.115.111.69 - - [28/Jan/2014:09:55:17 +0100] "GET /robots.txt HTTP/1.1" 404 1256 "-" "Mozilla/5.0 (compatible; Ezooms/1.0; help@moz.com)"
83.233.207.74 - - [28/Jan/2014:10:18:10 +0100] "GET / HTTP/1.1" 302 - "-" "Mozilla/4.0 (CMS Crawler: http://www.cmscrawler.com)"
91.64.111.55 - - [28/Jan/2014:10:45:25 +0100] "GET / HTTP/1.1" 302 - "-" "Mozilla/5.0 (Windows NT 6.1; rv:26.0) Gecko/20100101 Firefox/26.0"
213.23.241.170 - - [28/Jan/2014:11:42:24 +0100] "GET / HTTP/1.1" 302 - "http://www.google.de/url?sa=t&rct=j&q=&esrc=s&source=web&cd=1&ved=0CCwQFjAA&url=http%3A%2F%2Fwww.friedrich-list-berlin.de%2F&ei=iInnUoSBF8ictAaP-oDABw&usg=AFQjCNGsKs3TvBQ4z91zrYvo9_SfKi5nug" "Mozilla/5.0 (Windows NT 5.1; rv:26.0) Gecko/20100101 Firefox/26.0"
208.115.111.69 - - [28/Jan/2014:11:55:41 +0100] "GET /?path=contentarchive&type=2&letter=O&catid=0&themeid=0&searchtext=&entries=0&order= HTTP/1.1" 302 - "-" "Mozilla/5.0 (compatible; Ezooms/1.0; help@moz.com)"
91.37.140.5 - - [28/Jan/2014:12:22:19 +0100] "GET / HTTP/1.1" 302 - "-" "Mozilla/5.0 (Windows NT 6.0; WOW64) AppleWebKit/537.36 (KHTML, like Gecko) Chrome/30.0.1599.101 Safari/537.36"
216.145.5.42 - - [28/Jan/2014:12:34:45 +0100] "GET /robots.txt HTTP/1.0" 404 1256 "-" "Mozilla/5.0 (Windows; U; Windows NT 5.1; en; rv:1.9.0.13) Gecko/2009073022 Firefox/3.5.2 (.NET CLR 3.5.30729) SurveyBot/2.3 (DomainTools)"
216.145.5.42 - - [28/Jan/2014:12:34:45 +0100] "GET / HTTP/1.1" 302 - "http://whois.domaintools.com/fls-berlin.de" "Mozilla/5.0 (Windows; U; Windows NT 5.1; en; rv:1.9.0.13) Gecko/2009073022 Firefox/3.5.2 (.NET CLR 3.5.30729) SurveyBot/2.3 (DomainTools)"
93.219.84.253 - - [28/Jan/2014:13:05:05 +0100] "GET / HTTP/1.1" 302 - "-" "Mozilla/4.0 (compatible; MSIE 7.0; Windows NT 6.2; WOW64; Trident/6.0; .NET4.0E; .NET4.0C; .NET CLR 3.5.30729; .NET CLR 2.0.50727; .NET CLR 3.0.30729; InfoPath.3; MAARJS; ms-office)"
78.46.16.152 - - [28/Jan/2014:13:50:57 +0100] "GET / HTTP/1.1" 302 - "-" "Mozilla/5.0 (Unknown; Linux x86_64) AppleWebKit/534.34 (KHTML, like Gecko) CasperJS/1.1.0-beta3+PhantomJS/1.9.2 Safari/534.34"
78.46.16.152 - - [28/Jan/2014:13:50:57 +0100] "GET / HTTP/1.1" 302 - "-" "Mozilla/5.0 (Unknown; Linux x86_64) AppleWebKit/534.34 (KHTML, like Gecko) CasperJS/1.1.0-beta3+PhantomJS/1.9.2 Safari/534.34"
208.115.111.69 - - [28/Jan/2014:13:53:38 +0100] "GET /robots.txt HTTP/1.1" 404 1256 "-" "Mozilla/5.0 (compatible; Ezooms/1.0; help@moz.com)"
64.246.165.150 - - [28/Jan/2014:14:08:47 +0100] "GET /robots.txt HTTP/1.0" 404 1256 "-" "Mozilla/5.0 (Windows; U; Windows NT 5.1; en; rv:1.9.0.13) Gecko/2009073022 Firefox/3.5.2 (.NET CLR 3.5.30729) SurveyBot/2.3 (DomainTools)"
64.246.165.150 - - [28/Jan/2014:14:08:48 +0100] "GET / HTTP/1.1" 302 - "http://whois.domaintools.com/friedrich-list-berlin.de" "Mozilla/5.0 (Windows; U; Windows NT 5.1; en; rv:1.9.0.13) Gecko/2009073022 Firefox/3.5.2 (.NET CLR 3.5.30729) SurveyBot/2.3 (DomainTools)"
84.189.243.99 - - [28/Jan/2014:15:41:25 +0100] "GET / HTTP/1.1" 302 - "http://www.google.de/url?sa=t&rct=j&q=&esrc=s&source=web&cd=1&ved=0CDEQFjAA&url=http%3A%2F%2Fwww.friedrich-list-berlin.de%2F&ei=h8HnUp3gOoLMygPwvIDwDw&usg=AFQjCNGsKs3TvBQ4z91zrYvo9_SfKi5nug&bvm=bv.59930103,d.bGQ" "Mozilla/5.0 (Windows NT 6.2; WOW64; rv:26.0) Gecko/20100101 Firefox/26.0"
208.115.113.85 - - [28/Jan/2014:15:49:06 +0100] "GET /robots.txt HTTP/1.1" 404 1256 "-" "Mozilla/5.0 (compatible; Ezooms/1.0; help@moz.com)"
208.115.111.69 - - [28/Jan/2014:15:53:24 +0100] "GET /include.php?path=contentarchive&type=2&letter=A&catid=0&themeid=0&searchtext=&entries=0&order= HTTP/1.1" 404 1256 "-" "Mozilla/5.0 (compatible; Ezooms/1.0; help@moz.com)"
141.15.33.1 - - [28/Jan/2014:17:02:47 +0100] "GET / HTTP/1.1" 302 - "http://www.berlin.de/sen/bildung/schulverzeichnis_und_portraets/anwendung/Schulportrait.aspx?IDSchulzweig=11651" "Mozilla/4.0 (compatible; MSIE 8.0; Windows NT 5.1; Trident/4.0; .NET CLR 1.1.4322; .NET CLR 2.0.50727; .NET CLR 3.0.4506.2152; .NET CLR 3.5.30729; InfoPath.3)"
208.115.113.85 - - [28/Jan/2014:17:47:11 +0100] "GET /include.php?path=contentarchive&type=2&letter=W&catid=0&themeid=0&searchtext=&entries=0&order= HTTP/1.1" 404 1256 "-" "Mozilla/5.0 (compatible; Ezooms/1.0; help@moz.com)"
208.115.111.69 - - [28/Jan/2014:17:52:14 +0100] "GET /robots.txt HTTP/1.1" 404 1256 "-" "Mozilla/5.0 (compatible; Ezooms/1.0; help@moz.com)"
91.64.108.133 - - [28/Jan/2014:19:37:52 +0100] "GET / HTTP/1.1" 302 - "http://www.berlin.de/sen/bildung/schulverzeichnis_und_portraets/anwendung/Schulportrait.aspx?IDSchulzweig=11652" "Mozilla/5.0 (Macintosh; U; Intel Mac OS X 10_4_11; en) AppleWebKit/533.19.4 (KHTML, like Gecko) Version/4.1.3 Safari/533.19.4"
162.243.84.92 - - [28/Jan/2014:19:48:10 +0100] "GET /robots.txt HTTP/1.1" 404 1256 "-" "Mozilla/5.0 (compatible; spbot/4.0.6; +http://www.seoprofiler.com/bot )"
162.243.84.92 - - [28/Jan/2014:19:48:16 +0100] "GET / HTTP/1.1" 302 - "-" "Mozilla/5.0 (compatible; spbot/4.0.6; +http://www.seoprofiler.com/bot )"
208.115.111.69 - - [28/Jan/2014:19:50:10 +0100] "GET /?path=contentarchive&type=2&letter=H&catid=0&themeid=0&searchtext=&entries=0&order= HTTP/1.1" 302 - "-" "Mozilla/5.0 (compatible; Ezooms/1.0; help@moz.com)"
208.115.111.69 - - [28/Jan/2014:19:50:19 +0100] "GET /include.php?path=contentarchive&type=2&letter=M&catid=0&themeid=0&searchtext=&entries=0&order=title HTTP/1.1" 404 1256 "-" "Mozilla/5.0 (compatible; Ezooms/1.0; help@moz.com)"
185.30.176.35 - - [28/Jan/2014:20:38:29 +0100] "GET / HTTP/1.0" 302 - "http://www.friedrich-list-berlin.de/" "Mozilla/5.0 (Windows NT 6.1; WOW64; rv:18.0) Gecko/20100101 Firefox/18.0"
185.30.176.35 - - [28/Jan/2014:20:38:29 +0100] "GET / HTTP/1.0" 302 - "http://www.friedrich-list-berlin.de/" "Mozilla/5.0 (iPhone; CPU iPhone OS 5_0_1 like Mac OS X) AppleWebKit/534.46 (KHTML, like Gecko) Version/5.1 Mobile/9A405 Safari/7534.48.3"
185.30.176.35 - - [28/Jan/2014:20:38:29 +0100] "GET / HTTP/1.0" 302 - "http://www.friedrich-list-berlin.de/" "Mozilla/5.0 (Linux; U; Android 4.0.3; ko-kr; LG-L160L Build/IML74K) AppleWebkit/534.30 (KHTML, like Gecko) Version/4.0 Mobile Safari/534.30"
185.30.176.35 - - [28/Jan/2014:20:38:30 +0100] "GET //favicon.ico HTTP/1.0" 404 1256 "http://www.friedrich-list-berlin.de//favicon.ico" "Mozilla/5.0 (compatible; U; AnyEvent-HTTP/1.46; +http://software.schmorp.de/pkg/AnyEvent)"
185.30.176.35 - - [28/Jan/2014:20:38:30 +0100] "GET /favicon.ico HTTP/1.0" 404 1256 "http://www.friedrich-list-berlin.de/favicon.ico" "Mozilla/5.0 (compatible; U; AnyEvent-HTTP/1.46; +http://software.schmorp.de/pkg/AnyEvent)"
185.30.176.35 - - [28/Jan/2014:20:38:30 +0100] "GET /favicon.png HTTP/1.0" 404 1256 "http://www.friedrich-list-berlin.de/favicon.png" "Mozilla/5.0 (compatible; U; AnyEvent-HTTP/1.46; +http://software.schmorp.de/pkg/AnyEvent)"
185.30.176.35 - - [28/Jan/2014:20:38:30 +0100] "GET /favicon.gif HTTP/1.0" 404 1256 "http://www.friedrich-list-berlin.de/favicon.gif" "Mozilla/5.0 (compatible; U; AnyEvent-HTTP/1.46; +http://software.schmorp.de/pkg/AnyEvent)"
185.30.176.35 - - [28/Jan/2014:20:38:30 +0100] "GET /favicon.svg HTTP/1.0" 404 1256 "http://www.friedrich-list-berlin.de/favicon.svg" "Mozilla/5.0 (compatible; U; AnyEvent-HTTP/1.46; +http://software.schmorp.de/pkg/AnyEvent)"
185.30.176.35 - - [28/Jan/2014:20:38:30 +0100] "GET //favicon.ico HTTP/1.0" 404 1256 "http://www.friedrich-list-berlin.de//favicon.ico" "Mozilla/5.0 (compatible; U; AnyEvent-HTTP/1.46; +http://software.schmorp.de/pkg/AnyEvent)"
185.30.176.35 - - [28/Jan/2014:20:38:30 +0100] "GET /favicon.ico HTTP/1.0" 404 1256 "http://www.friedrich-list-berlin.de/favicon.ico" "Mozilla/5.0 (compatible; U; AnyEvent-HTTP/1.46; +http://software.schmorp.de/pkg/AnyEvent)"
185.30.176.35 - - [28/Jan/2014:20:38:30 +0100] "GET /favicon.gif HTTP/1.0" 404 1256 "http://www.friedrich-list-berlin.de/favicon.gif" "Mozilla/5.0 (compatible; U; AnyEvent-HTTP/1.46; +http://software.schmorp.de/pkg/AnyEvent)"
185.30.176.35 - - [28/Jan/2014:20:38:30 +0100] "GET /favicon.png HTTP/1.0" 404 1256 "http://www.friedrich-list-berlin.de/favicon.png" "Mozilla/5.0 (compatible; U; AnyEvent-HTTP/1.46; +http://software.schmorp.de/pkg/AnyEvent)"
185.30.176.35 - - [28/Jan/2014:20:38:30 +0100] "GET /favicon.svg HTTP/1.0" 404 1256 "http://www.friedrich-list-berlin.de/favicon.svg" "Mozilla/5.0 (compatible; U; AnyEvent-HTTP/1.46; +http://software.schmorp.de/pkg/AnyEvent)"
185.30.176.35 - - [28/Jan/2014:20:38:30 +0100] "GET //favicon.ico HTTP/1.0" 404 1256 "http://www.friedrich-list-berlin.de//favicon.ico" "Mozilla/5.0 (compatible; U; AnyEvent-HTTP/1.46; +http://software.schmorp.de/pkg/AnyEvent)"
185.30.176.35 - - [28/Jan/2014:20:38:30 +0100] "GET /favicon.ico HTTP/1.0" 404 1256 "http://www.friedrich-list-berlin.de/favicon.ico" "Mozilla/5.0 (compatible; U; AnyEvent-HTTP/1.46; +http://software.schmorp.de/pkg/AnyEvent)"
185.30.176.35 - - [28/Jan/2014:20:38:30 +0100] "GET /favicon.gif HTTP/1.0" 404 1256 "http://www.friedrich-list-berlin.de/favicon.gif" "Mozilla/5.0 (compatible; U; AnyEvent-HTTP/1.46; +http://software.schmorp.de/pkg/AnyEvent)"
185.30.176.35 - - [28/Jan/2014:20:38:30 +0100] "GET /favicon.png HTTP/1.0" 404 1256 "http://www.friedrich-list-berlin.de/favicon.png" "Mozilla/5.0 (compatible; U; AnyEvent-HTTP/1.46; +http://software.schmorp.de/pkg/AnyEvent)"
185.30.176.35 - - [28/Jan/2014:20:38:30 +0100] "GET /favicon.svg HTTP/1.0" 404 1256 "http://www.friedrich-list-berlin.de/favicon.svg" "Mozilla/5.0 (compatible; U; AnyEvent-HTTP/1.46; +http://software.schmorp.de/pkg/AnyEvent)"
77.20.69.118 - - [28/Jan/2014:21:05:20 +0100] "GET / HTTP/1.1" 302 - "http://www.regional.planet-beruf.de/details.jsp?roid=157&oid=100400100&tid=1&eid=3026" "Mozilla/5.0 (Windows NT 6.1; WOW64; rv:26.0) Gecko/20100101 Firefox/26.0"
87.162.91.233 - - [28/Jan/2014:21:16:00 +0100] "GET / HTTP/1.1" 302 - "-" "Mozilla/5.0 (iPad; CPU OS 7_0_4 like Mac OS X) AppleWebKit/537.51.1 (KHTML, like Gecko) Version/7.0 Mobile/11B554a Safari/9537.53"
208.115.111.69 - - [28/Jan/2014:22:01:09 +0100] "GET /robots.txt HTTP/1.1" 404 1256 "-" "Mozilla/5.0 (compatible; Ezooms/1.0; help@moz.com)"
141.8.147.12 - - [28/Jan/2014:23:00:24 +0100] "GET /robots.txt HTTP/1.1" 404 1256 "-" "Mozilla/5.0 (compatible; YandexBot/3.0; +http://yandex.com/bots)"
141.8.147.12 - - [28/Jan/2014:23:00:26 +0100] "GET /fls_1_aktuelles.php HTTP/1.1" 404 1256 "-" "Mozilla/5.0 (compatible; YandexBot/3.0; +http://yandex.com/bots)"
141.8.147.12 - - [28/Jan/2014:23:00:28 +0100] "GET /fls_2_fremdsprachensekr.php HTTP/1.1" 404 1256 "-" "Mozilla/5.0 (compatible; YandexBot/3.0; +http://yandex.com/bots)"
141.8.147.12 - - [28/Jan/2014:23:00:30 +0100] "GET /fls_1_aktuelles.php?artid=39 HTTP/1.1" 404 1256 "-" "Mozilla/5.0 (compatible; YandexBot/3.0; +http://yandex.com/bots)"
141.8.147.12 - - [28/Jan/2014:23:00:32 +0100] "GET /fls_4_impressum.php HTTP/1.1" 404 1256 "-" "Mozilla/5.0 (compatible; YandexBot/3.0; +http://yandex.com/bots)"
141.8.147.12 - - [28/Jan/2014:23:00:34 +0100] "GET /fls_2_kurs_ecbm_london.php HTTP/1.1" 404 1256 "-" "Mozilla/5.0 (compatible; YandexBot/3.0; +http://yandex.com/bots)"
141.8.147.12 - - [28/Jan/2014:23:00:36 +0100] "GET /fls_4_kontakt_anmeldung.php HTTP/1.1" 404 1256 "-" "Mozilla/5.0 (compatible; YandexBot/3.0; +http://yandex.com/bots)"
141.8.147.12 - - [28/Jan/2014:23:00:38 +0100] "GET /fls_3_fls_international.php HTTP/1.1" 404 1256 "-" "Mozilla/5.0 (compatible; YandexBot/3.0; +http://yandex.com/bots)"
141.8.147.12 - - [28/Jan/2014:23:00:40 +0100] "GET /fls_2_europakorr.php HTTP/1.1" 404 1256 "-" "Mozilla/5.0 (compatible; YandexBot/3.0; +http://yandex.com/bots)"
141.8.147.12 - - [28/Jan/2014:23:00:42 +0100] "GET /index_fr.php HTTP/1.1" 404 1256 "-" "Mozilla/5.0 (compatible; YandexBot/3.0; +http://yandex.com/bots)"
141.8.147.12 - - [28/Jan/2014:23:00:44 +0100] "GET /index_en.php HTTP/1.1" 404 1256 "-" "Mozilla/5.0 (compatible; YandexBot/3.0; +http://yandex.com/bots)"
141.8.147.12 - - [28/Jan/2014:23:00:46 +0100] "GET /fls_2_berufsfachschule.php HTTP/1.1" 404 1256 "-" "Mozilla/5.0 (compatible; YandexBot/3.0; +http://yandex.com/bots)"
141.8.147.12 - - [28/Jan/2014:23:00:48 +0100] "GET /fls_2_fremdsprachenkorr.php HTTP/1.1" 404 1256 "-" "Mozilla/5.0 (compatible; YandexBot/3.0; +http://yandex.com/bots)"
208.115.111.69 - - [28/Jan/2014:23:53:14 +0100] "GET /?path=contentarchive&type=2&letter=T&catid=0&themeid=0&searchtext=&entries=0&order= HTTP/1.1" 302 - "-" "Mozilla/5.0 (compatible; Ezooms/1.0; help@moz.com)"
66.249.78.236 - - [29/Jan/2014:01:37:09 +0100] "GET /robots.txt HTTP/1.1" 404 1256 "-" "Mozilla/5.0 (compatible; Googlebot/2.1; +http://www.google.com/bot.html)"
66.249.78.236 - - [29/Jan/2014:01:37:09 +0100] "GET /include.php?path=content&contentid=77 HTTP/1.1" 404 1256 "-" "Mozilla/5.0 (compatible; Googlebot/2.1; +http://www.google.com/bot.html)"
188.138.41.140 - - [29/Jan/2014:01:41:31 +0100] "GET /robots.txt HTTP/1.1" 404 1256 "-" "Mozilla/5.0 (X11; U; Linux i686; de; rv:1.9.0.1; compatible; iCjobs Stellenangebote Jobs; http://www.icjobs.de) Gecko/20100401 iCjobs/3.2.3"
188.138.41.140 - - [29/Jan/2014:01:41:31 +0100] "GET / HTTP/1.1" 302 - "-" "Mozilla/5.0 (X11; U; Linux i686; de; rv:1.9.0.1; compatible; iCjobs Stellenangebote Jobs; http://www.icjobs.de) Gecko/20100401 iCjobs/3.2.3"
