193.164.132.195 - - [18/Jan/2014:17:55:39 +0100] "GET /index_sp.php HTTP/1.1" 404 1256 "-" "Java/1.6.0_04"
193.164.132.195 - - [18/Jan/2014:17:55:40 +0100] "GET /& HTTP/1.1" 404 1256 "-" "Java/1.6.0_04"
193.164.132.195 - - [18/Jan/2014:17:56:01 +0100] "GET /& HTTP/1.1" 404 1256 "-" "Java/1.6.0_04"
193.164.132.195 - - [18/Jan/2014:17:56:12 +0100] "GET /& HTTP/1.1" 404 1256 "-" "Java/1.6.0_04"
193.164.132.195 - - [18/Jan/2014:17:56:13 +0100] "GET /& HTTP/1.1" 404 1256 "-" "Java/1.6.0_04"
193.164.132.195 - - [18/Jan/2014:17:56:57 +0100] "GET /& HTTP/1.1" 404 1256 "-" "Java/1.6.0_04"
193.164.132.195 - - [18/Jan/2014:17:57:01 +0100] "GET /& HTTP/1.1" 404 1256 "-" "Java/1.6.0_04"
193.164.132.195 - - [18/Jan/2014:17:57:24 +0100] "GET /& HTTP/1.1" 404 1256 "-" "Java/1.6.0_04"
193.164.132.195 - - [18/Jan/2014:17:57:33 +0100] "GET /& HTTP/1.1" 404 1256 "-" "Java/1.6.0_04"
193.164.132.195 - - [18/Jan/2014:17:57:50 +0100] "GET /& HTTP/1.1" 404 1256 "-" "Java/1.6.0_04"
193.164.132.195 - - [18/Jan/2014:17:57:58 +0100] "GET /& HTTP/1.1" 404 1256 "-" "Java/1.6.0_04"
193.164.132.195 - - [18/Jan/2014:17:58:10 +0100] "GET /& HTTP/1.1" 404 1256 "-" "Java/1.6.0_04"
193.164.132.195 - - [18/Jan/2014:17:58:17 +0100] "GET /& HTTP/1.1" 404 1256 "-" "Java/1.6.0_04"
193.164.132.195 - - [18/Jan/2014:17:58:45 +0100] "GET /& HTTP/1.1" 404 1256 "-" "Java/1.6.0_04"
193.164.132.195 - - [18/Jan/2014:17:59:29 +0100] "GET /& HTTP/1.1" 404 1256 "-" "Java/1.6.0_04"
193.164.132.195 - - [18/Jan/2014:17:59:34 +0100] "GET /& HTTP/1.1" 404 1256 "-" "Java/1.6.0_04"
193.164.132.195 - - [18/Jan/2014:18:00:11 +0100] "GET /& HTTP/1.1" 404 1256 "-" "Java/1.6.0_04"
193.164.132.195 - - [18/Jan/2014:18:00:16 +0100] "GET /& HTTP/1.1" 404 1256 "-" "Java/1.6.0_04"
193.164.132.195 - - [18/Jan/2014:18:00:32 +0100] "GET /& HTTP/1.1" 404 1256 "-" "Java/1.6.0_04"
193.164.132.195 - - [18/Jan/2014:18:00:47 +0100] "GET /& HTTP/1.1" 404 1256 "-" "Java/1.6.0_04"
193.164.132.195 - - [18/Jan/2014:18:00:47 +0100] "GET /& HTTP/1.1" 404 1256 "-" "Java/1.6.0_04"
93.219.57.41 - - [18/Jan/2014:19:31:59 +0100] "GET / HTTP/1.1" 302 - "http://berlin.kauperts.de/Strassen/Klixstrasse-10823-Berlin" "Mozilla/5.0 (Windows NT 6.1; WOW64; rv:26.0) Gecko/20100101 Firefox/26.0"
208.115.113.85 - - [18/Jan/2014:19:43:58 +0100] "GET /robots.txt HTTP/1.1" 404 1256 "-" "Mozilla/5.0 (compatible; Ezooms/1.0; help@moz.com)"
208.115.111.69 - - [18/Jan/2014:19:52:31 +0100] "GET /include.php?path=contentarchive&type=3&letter=B&catid=0&themeid=0&searchtext=&entries=0&order= HTTP/1.1" 404 1256 "-" "Mozilla/5.0 (compatible; Ezooms/1.0; help@moz.com)"
85.25.110.133 - - [18/Jan/2014:20:31:09 +0100] "GET /include.php?path=contact&mode=suggest&suggest_path=path%3Darticle%26contentid%3D78%26page%3D HTTP/1.1" 404 1256 "-" "Mozilla/4.0 (compatible; MSIE 6.0; Windows 98; Win 9x4.90)"
93.219.57.41 - - [18/Jan/2014:20:58:52 +0100] "GET / HTTP/1.1" 302 - "http://maps.google.de/local_url?dq=Friedrich-List-Schule&q=http://www.friedrich-list-berlin.de/&ved=0CBIQ5AQ&sa=X&ei=F8vaUu-fEK6Tiga90oGYBw&s=ANYYN7lU3N0OMHVbw5Up1aAUQEKVNMSvlA" "Mozilla/5.0 (Windows NT 6.1; WOW64; rv:26.0) Gecko/20100101 Firefox/26.0"
79.156.255.69 - - [18/Jan/2014:21:12:55 +0100] "GET / HTTP/1.1" 302 - "-" "Java/1.6.0_29"
79.156.255.69 - - [18/Jan/2014:21:13:12 +0100] "GET /fls_1_aktuelles.php HTTP/1.1" 404 1256 "-" "Java/1.6.0_29"
79.156.255.69 - - [18/Jan/2014:21:13:16 +0100] "GET /fls_2_fremdsprachensekr.php HTTP/1.1" 404 1256 "-" "Java/1.6.0_29"
79.156.255.69 - - [18/Jan/2014:21:13:20 +0100] "GET /fls_3_fls_international.php HTTP/1.1" 404 1256 "-" "Java/1.6.0_29"
79.156.255.69 - - [18/Jan/2014:21:13:24 +0100] "GET /fls_4_kontakt_anmeldung.php HTTP/1.1" 404 1256 "-" "Java/1.6.0_29"
79.156.255.69 - - [18/Jan/2014:21:13:28 +0100] "GET /index.php HTTP/1.1" 302 - "-" "Java/1.6.0_29"
79.156.255.69 - - [18/Jan/2014:21:13:50 +0100] "GET /index_en.php HTTP/1.1" 404 1256 "-" "Java/1.6.0_29"
79.156.255.69 - - [18/Jan/2014:21:13:54 +0100] "GET /index_fr.php HTTP/1.1" 404 1256 "-" "Java/1.6.0_29"
79.156.255.69 - - [18/Jan/2014:21:13:57 +0100] "GET /index_sp.php HTTP/1.1" 404 1256 "-" "Java/1.6.0_29"
79.156.255.69 - - [18/Jan/2014:21:14:01 +0100] "GET /ddlevelsfiles/ddlevelsmenu.js HTTP/1.1" 404 1256 "-" "Java/1.6.0_29"
79.156.255.69 - - [18/Jan/2014:21:14:09 +0100] "GET /js/lightwindow.js HTTP/1.1" 404 1256 "-" "Java/1.6.0_29"
79.156.255.69 - - [18/Jan/2014:21:14:15 +0100] "GET /js/prototype.js HTTP/1.1" 404 1256 "-" "Java/1.6.0_29"
79.156.255.69 - - [18/Jan/2014:21:14:22 +0100] "GET /js/scriptaculous.js?load=effects HTTP/1.1" 404 1256 "-" "Java/1.6.0_29"
208.115.113.85 - - [18/Jan/2014:21:44:52 +0100] "GET /include.php?path=contentarchive&type=2&letter=L&catid=0&themeid=0&searchtext=&entries=0&order= HTTP/1.1" 404 1256 "-" "Mozilla/5.0 (compatible; Ezooms/1.0; help@moz.com)"
208.115.113.85 - - [18/Jan/2014:21:44:56 +0100] "GET /include.php?path=contentarchive&type=2&letter=P&catid=0&themeid=0&searchtext=&entries=0&order=title HTTP/1.1" 404 1256 "-" "Mozilla/5.0 (compatible; Ezooms/1.0; help@moz.com)"
208.115.111.69 - - [18/Jan/2014:21:50:55 +0100] "GET /robots.txt HTTP/1.1" 404 1256 "-" "Mozilla/5.0 (compatible; Ezooms/1.0; help@moz.com)"
208.115.111.69 - - [18/Jan/2014:21:50:56 +0100] "GET /robots.txt HTTP/1.1" 404 1256 "-" "Mozilla/5.0 (compatible; Ezooms/1.0; help@moz.com)"
208.115.111.69 - - [18/Jan/2014:22:17:18 +0100] "GET / HTTP/1.1" 302 - "-" "Mozilla/5.0 (compatible; Ezooms/1.0; help@moz.com)"
92.78.1.88 - - [18/Jan/2014:22:50:09 +0100] "GET / HTTP/1.1" 302 - "-" "Mozilla/5.0 (Macintosh; U; Intel Mac OS X 10_6_3; en-us) AppleWebKit/534.30 (KHTML, like Gecko) Version/5.0 Safari/534.30"
208.115.111.69 - - [18/Jan/2014:23:50:03 +0100] "GET /include.php?path=contentarchive&type=2&letter=T&catid=0&themeid=0&searchtext=&entries=0&order=title HTTP/1.1" 404 1256 "-" "Mozilla/5.0 (compatible; Ezooms/1.0; help@moz.com)"
208.115.111.69 - - [18/Jan/2014:23:50:05 +0100] "GET /include.php?path=contentarchive&type=3&letter=H&catid=0&themeid=0&searchtext=&entries=0&order= HTTP/1.1" 404 1256 "-" "Mozilla/5.0 (compatible; Ezooms/1.0; help@moz.com)"
94.224.211.59 - - [18/Jan/2014:23:59:55 +0100] "GET / HTTP/1.1" 302 - "https://www.google.be/" "Mozilla/5.0 (iPhone; CPU iPhone OS 7_0_4 like Mac OS X) AppleWebKit/537.51.1 (KHTML, like Gecko) Version/7.0 Mobile/11B554a Safari/9537.53"
157.55.35.51 - - [19/Jan/2014:00:34:16 +0100] "GET /robots.txt HTTP/1.1" 404 1256 "-" "Mozilla/5.0 (compatible; bingbot/2.0; +http://www.bing.com/bingbot.htm)"
157.55.35.51 - - [19/Jan/2014:00:36:57 +0100] "GET /?&nid=21 HTTP/1.1" 302 - "-" "Mozilla/5.0 (compatible; bingbot/2.0; +http://www.bing.com/bingbot.htm)"
66.249.78.115 - - [19/Jan/2014:01:16:49 +0100] "GET /robots.txt HTTP/1.1" 404 1256 "-" "Mozilla/5.0 (compatible; Googlebot/2.1; +http://www.google.com/bot.html)"
66.249.78.115 - - [19/Jan/2014:01:16:50 +0100] "GET / HTTP/1.1" 302 - "-" "Mozilla/5.0 (compatible; Googlebot/2.1; +http://www.google.com/bot.html)"
66.249.78.115 - - [19/Jan/2014:01:36:36 +0100] "GET / HTTP/1.1" 302 - "-" "SAMSUNG-SGH-E250/1.0 Profile/MIDP-2.0 Configuration/CLDC-1.1 UP.Browser/6.2.3.3.c.1.101 (GUI) MMP/2.0 (compatible; Googlebot-Mobile/2.1; +http://www.google.com/bot.html)"
46.229.164.101 - - [19/Jan/2014:02:04:22 +0100] "GET / HTTP/1.1" 302 - "-" "Mozilla/5.0 (compatible; SemrushBot/0.97; +http://www.semrush.com/bot.html)"
93.228.68.168 - - [19/Jan/2014:03:11:49 +0100] "GET / HTTP/1.1" 302 - "-" "Mozilla/4.0+(compatible;+MSIE+7.0;+Windows+NT+5.1)"
88.198.40.163 - - [19/Jan/2014:03:24:45 +0100] "GET /robots.txt HTTP/1.1" 404 1256 "-" "Mozilla/5.0 (compatible; SISTRIX Crawler; http://crawler.sistrix.net/)"
88.198.40.163 - - [19/Jan/2014:03:24:45 +0100] "GET / HTTP/1.1" 302 - "-" "Mozilla/5.0 (compatible; SISTRIX Crawler; http://crawler.sistrix.net/)"
66.249.78.236 - - [19/Jan/2014:04:54:53 +0100] "GET /robots.txt HTTP/1.1" 404 1256 "-" "Mozilla/5.0 (compatible; Googlebot/2.1; +http://www.google.com/bot.html)"
66.249.78.236 - - [19/Jan/2014:04:54:53 +0100] "GET /include.php?path=comment&comcat=cont&subid=82&nid=21 HTTP/1.1" 404 1256 "-" "Mozilla/5.0 (compatible; Googlebot/2.1; +http://www.google.com/bot.html)"
66.249.78.236 - - [19/Jan/2014:04:56:11 +0100] "GET /include.php?path=comment&comcat=cont&subid=82&nid=19 HTTP/1.1" 404 1256 "-" "Mozilla/5.0 (compatible; Googlebot/2.1; +http://www.google.com/bot.html)"
66.249.78.236 - - [19/Jan/2014:05:00:36 +0100] "GET /include.php?path=comment&comcat=cont&subid=82&nid=13 HTTP/1.1" 404 1256 "-" "Mozilla/5.0 (compatible; Googlebot/2.1; +http://www.google.com/bot.html)"
66.249.78.236 - - [19/Jan/2014:06:17:17 +0100] "GET /?path=content&contentid=14&nid=4 HTTP/1.1" 302 - "-" "Mozilla/5.0 (compatible; Googlebot/2.1; +http://www.google.com/bot.html)"
176.9.50.43 - - [19/Jan/2014:06:37:22 +0100] "GET /include.php?path=login&mode=lostpassword HTTP/1.1" 404 1256 "-" "Mozilla/4.0 (compatible; MSIE 6.0; Windows 98; Win 9x4.90)"
66.249.78.236 - - [19/Jan/2014:08:20:57 +0100] "GET /?path=faq&catid=2&nid=32 HTTP/1.1" 302 - "-" "Mozilla/5.0 (compatible; Googlebot/2.1; +http://www.google.com/bot.html)"
162.210.196.98 - - [19/Jan/2014:09:14:53 +0100] "GET /robots.txt HTTP/1.0" 404 1256 "-" "Mozilla/5.0 (compatible; MJ12bot/v1.4.4; http://www.majestic12.co.uk/bot.php?+)"
162.210.196.98 - - [19/Jan/2014:09:14:54 +0100] "GET / HTTP/1.0" 302 - "-" "Mozilla/5.0 (compatible; MJ12bot/v1.4.4; http://www.majestic12.co.uk/bot.php?+)"
82.113.106.81 - - [19/Jan/2014:09:21:14 +0100] "GET / HTTP/1.1" 302 - "https://www.google.de/" "Mozilla/5.0 (iPhone; CPU iPhone OS 6_1_2 like Mac OS X) AppleWebKit/536.26 (KHTML, like Gecko) Version/6.0 Mobile/10B146 Safari/8536.25"
176.9.50.43 - - [19/Jan/2014:12:05:06 +0100] "GET /include.php?path=userinfo&id=1 HTTP/1.1" 404 1256 "-" "Mozilla/4.0 (compatible; MSIE 6.0; Windows 98; Win 9x4.90)"
193.111.141.44 - - [19/Jan/2014:12:23:31 +0100] "GET /include.php?path=comment&comcat=cont&subid=73&nid=19 HTTP/1.1" 404 1256 "-" "Mozilla/5.0 (X11; Linux i686; rv:6.0) Gecko/20100101 Firefox/6.0"
176.57.141.254 - - [19/Jan/2014:12:23:33 +0100] "GET /include.php?path=content&mode=print&contentid=25 HTTP/1.1" 404 1256 "-" "Mozilla/5.0 (X11; Linux i686; rv:6.0) Gecko/20100101 Firefox/6.0"
109.206.176.233 - - [19/Jan/2014:12:58:03 +0100] "GET /fls_4_kontakt_anmeldung.php HTTP/1.1" 404 1256 "-" "Mozilla/5.0 (X11; Linux) Gecko Firefox/5.0"
178.255.215.70 - - [19/Jan/2014:14:39:51 +0100] "GET /robots.txt HTTP/1.1" 404 1256 "-" "Mozilla/5.0 (compatible; Exabot/3.0; +http://www.exabot.com/go/robot)"
178.255.215.70 - - [19/Jan/2014:14:39:51 +0100] "GET /?path=content&contentid=81&nid=2 HTTP/1.1" 302 - "-" "Mozilla/5.0 (compatible; Exabot/3.0; +http://www.exabot.com/go/robot)"
85.25.154.15 - - [19/Jan/2014:16:47:21 +0100] "GET /include.php?path=contentarchive&type=2&catid=0&letter=&entries=0&searchtext=&order=dated&nid=13 HTTP/1.1" 404 1256 "-" "Mozilla/4.0 (compatible; MSIE 6.0; Windows 98; Win 9x4.90)"
176.9.48.201 - - [19/Jan/2014:17:53:56 +0100] "GET /robots.txt HTTP/1.1" 404 1256 "-" "Mozilla/5.0 (X11; Ubuntu; Linux x86_64; rv:15.0) Gecko/20100101 Firefox/15.0.1"
176.9.48.201 - - [19/Jan/2014:17:53:56 +0100] "GET / HTTP/1.1" 302 - "-" "Mozilla/5.0 (X11; Ubuntu; Linux x86_64; rv:15.0) Gecko/20100101 Firefox/15.0.1"
5.9.42.111 - - [19/Jan/2014:20:12:09 +0100] "GET /robots.txt HTTP/1.1" 404 1256 "-" "Mozilla/5.0 (X11; Ubuntu; Linux x86_64; rv:15.0) Gecko/20100101 Firefox/15.0.1"
5.9.42.111 - - [19/Jan/2014:20:12:09 +0100] "GET / HTTP/1.1" 302 - "-" "Mozilla/5.0 (X11; Ubuntu; Linux x86_64; rv:15.0) Gecko/20100101 Firefox/15.0.1"
69.58.178.57 - - [19/Jan/2014:20:30:35 +0100] "GET /robots.txt HTTP/1.1" 404 1256 "-" "Mozilla/5.0 (X11; Ubuntu; Linux i686; rv:14.0; ips-agent) Gecko/20100101 Firefox/14.0.1"
69.58.178.57 - - [19/Jan/2014:20:30:36 +0100] "GET / HTTP/1.1" 302 - "-" "Mozilla/5.0 (X11; Ubuntu; Linux i686; rv:14.0; ips-agent) Gecko/20100101 Firefox/14.0.1"
91.64.71.36 - - [19/Jan/2014:20:40:15 +0100] "GET / HTTP/1.1" 302 - "http://maps.google.de/local_url?dq=&q=http://www.friedrich-list-berlin.de/&oi=miw&sa=X&ct=miw_link&cd=1&cad=homepage,cid:15796106503487596536&ei=uyncUoaAAoa6iQat-YGADw&s=ANYYN7nu1jYpqwD1HQkcmGwq-q4fR2ZZ_w" "Mozilla/5.0 (Windows NT 6.1; rv:26.0) Gecko/20100101 Firefox/26.0"
79.201.120.125 - - [19/Jan/2014:23:12:30 +0100] "GET / HTTP/1.1" 302 - "-" "Mozilla/5.0 (iPad; CPU OS 7_0_4 like Mac OS X) AppleWebKit/537.51.1 (KHTML, like Gecko) Version/7.0 Mobile/11B554a Safari/9537.53"
85.25.95.50 - - [20/Jan/2014:02:24:18 +0100] "GET /include.php?path=contentarchive&type=2 HTTP/1.1" 404 1256 "-" "Mozilla/4.0 (compatible; MSIE 6.0; Windows 98; Win 9x4.90)"
85.25.152.28 - - [20/Jan/2014:02:39:59 +0100] "GET /include.php?path=contentarchive&type=2&letter=J&catid=0&themeid=0&searchtext=&entries=0&order=dated HTTP/1.1" 404 1256 "-" "Mozilla/4.0 (compatible; MSIE 6.0; Windows 98; Win 9x4.90)"
66.249.78.115 - - [20/Jan/2014:02:40:11 +0100] "GET /robots.txt HTTP/1.1" 404 1256 "-" "Mozilla/5.0 (compatible; Googlebot/2.1; +http://www.google.com/bot.html)"
66.249.78.115 - - [20/Jan/2014:02:40:11 +0100] "GET / HTTP/1.1" 302 - "-" "Mozilla/5.0 (compatible; Googlebot/2.1; +http://www.google.com/bot.html)"
208.115.111.69 - - [20/Jan/2014:05:38:32 +0100] "GET /robots.txt HTTP/1.1" 404 1256 "-" "Mozilla/5.0 (compatible; Ezooms/1.0; help@moz.com)"
88.75.136.29 - - [20/Jan/2014:08:43:58 +0100] "GET / HTTP/1.1" 302 - "http://www.google.de/url?sa=t&rct=j&q=&esrc=s&source=web&cd=1&ved=0CCoQFjAA&url=http%3A%2F%2Fwww.friedrich-list-berlin.de%2F&ei=ydHcUu-WOoncswaOtIDoDg&usg=AFQjCNGsKs3TvBQ4z91zrYvo9_SfKi5nug&bvm=bv.59568121,d.Yms" "Opera/9.80 (Windows NT 6.2; WOW64) Presto/2.12.388 Version/12.16"
176.9.50.43 - - [20/Jan/2014:09:47:27 +0100] "GET /?path=contentarchive&type=2&letter=V&catid=0&themeid=0&searchtext=&entries=0&order=&nid=4 HTTP/1.1" 302 - "-" "Mozilla/4.0 (compatible; MSIE 6.0; Windows 98; Win 9x4.90)"
176.9.50.42 - - [20/Jan/2014:10:19:38 +0100] "GET /?path=contentarchive&type=2&letter=A&catid=0&themeid=0&searchtext=&entries=0&order= HTTP/1.1" 302 - "-" "Mozilla/4.0 (compatible; MSIE 6.0; Windows 98; Win 9x4.90)"
162.243.220.250 - - [20/Jan/2014:10:26:48 +0100] "GET /robots.txt HTTP/1.1" 404 1256 "-" "Mozilla/5.0 (compatible; spbot/4.0.6; +http://www.seoprofiler.com/bot )"
162.243.220.250 - - [20/Jan/2014:10:26:53 +0100] "GET / HTTP/1.1" 302 - "-" "Mozilla/5.0 (compatible; spbot/4.0.6; +http://www.seoprofiler.com/bot )"
144.76.34.109 - - [20/Jan/2014:11:32:17 +0100] "GET /?path=contentarchive&type=2&letter=L&catid=0&themeid=0&searchtext=&entries=0&order= HTTP/1.1" 302 - "-" "Mozilla/4.0 (compatible; MSIE 6.0; Windows 98; Win 9x4.90)"
144.76.34.109 - - [20/Jan/2014:12:03:18 +0100] "GET /?path=content&contentid=35 HTTP/1.1" 302 - "-" "Mozilla/4.0 (compatible; MSIE 6.0; Windows 98; Win 9x4.90)"
91.64.111.55 - - [20/Jan/2014:14:56:31 +0100] "GET / HTTP/1.1" 302 - "-" "Mozilla/5.0 (Windows NT 6.1; WOW64; rv:26.0) Gecko/20100101 Firefox/26.0"
85.25.95.50 - - [20/Jan/2014:15:40:30 +0100] "GET /?path=content&contentid=32 HTTP/1.1" 302 - "-" "Mozilla/4.0 (compatible; MSIE 6.0; Windows 98; Win 9x4.90)"
88.198.110.130 - - [20/Jan/2014:16:09:36 +0100] "GET /include.php?path=contentarchive&type=2&catid=0&letter=V&entries=0&searchtext=&order=title HTTP/1.1" 404 1256 "-" "Mozilla/4.0 (compatible; MSIE 6.0; Windows 98; Win 9x4.90)"
66.249.78.236 - - [20/Jan/2014:16:16:53 +0100] "GET /robots.txt HTTP/1.1" 404 1256 "-" "Mozilla/5.0 (compatible; Googlebot/2.1; +http://www.google.com/bot.html)"
66.249.78.236 - - [20/Jan/2014:16:16:53 +0100] "GET / HTTP/1.1" 302 - "-" "SAMSUNG-SGH-E250/1.0 Profile/MIDP-2.0 Configuration/CLDC-1.1 UP.Browser/6.2.3.3.c.1.101 (GUI) MMP/2.0 (compatible; Googlebot-Mobile/2.1; +http://www.google.com/bot.html)"
144.76.34.109 - - [20/Jan/2014:16:42:27 +0100] "GET /?path=content&contentid=32&nid=13 HTTP/1.1" 302 - "-" "Mozilla/4.0 (compatible; MSIE 6.0; Windows 98; Win 9x4.90)"
213.87.135.247 - - [20/Jan/2014:17:48:17 +0100] "GET / HTTP/1.1" 302 - "https://m.facebook.com" "Mozilla/5.0 (iPhone; CPU iPhone OS 7_0_3 like Mac OS X) AppleWebKit/537.51.1 (KHTML, like Gecko) Mobile/11B511 [FBAN/FBIOS;FBAV/6.8;FBBV/745892;FBDV/iPhone4,1;FBMD/iPhone;FBSN/iPhone OS;FBSV/7.0.3;FBSS/2; FBCR/MobileTeleSystems;FBID/phone;FBLC/ru_RU;FBOP/5]"
79.32.192.81 - - [20/Jan/2014:18:06:29 +0100] "GET / HTTP/1.1" 302 - "-" "Java/1.7.0_45"
79.32.192.81 - - [20/Jan/2014:18:06:30 +0100] "GET /fls_1_aktuelles.php HTTP/1.1" 404 1256 "-" "Java/1.7.0_45"
79.32.192.81 - - [20/Jan/2014:18:06:30 +0100] "GET /fls_2_fremdsprachensekr.php HTTP/1.1" 404 1256 "-" "Java/1.7.0_45"
79.32.192.81 - - [20/Jan/2014:18:06:30 +0100] "GET /fls_3_fls_international.php HTTP/1.1" 404 1256 "-" "Java/1.7.0_45"
79.32.192.81 - - [20/Jan/2014:18:06:30 +0100] "GET /fls_4_faq.php HTTP/1.1" 404 1256 "-" "Java/1.7.0_45"
79.32.192.81 - - [20/Jan/2014:18:06:31 +0100] "GET /fls_4_impressum.php HTTP/1.1" 404 1256 "-" "Java/1.7.0_45"
79.32.192.81 - - [20/Jan/2014:18:06:31 +0100] "GET /fls_4_kontakt_anmeldung.php HTTP/1.1" 404 1256 "-" "Java/1.7.0_45"
79.32.192.81 - - [20/Jan/2014:18:06:31 +0100] "GET /index.php HTTP/1.1" 302 - "-" "Java/1.7.0_45"
79.32.192.81 - - [20/Jan/2014:18:06:32 +0100] "GET /index_en.php HTTP/1.1" 404 1256 "-" "Java/1.7.0_45"
79.32.192.81 - - [20/Jan/2014:18:06:32 +0100] "GET /index_fr.php HTTP/1.1" 404 1256 "-" "Java/1.7.0_45"
79.32.192.81 - - [20/Jan/2014:18:06:32 +0100] "GET /index_sp.php HTTP/1.1" 404 1256 "-" "Java/1.7.0_45"
79.32.192.81 - - [20/Jan/2014:18:06:32 +0100] "GET /& HTTP/1.1" 404 1256 "-" "Java/1.7.0_45"
79.32.192.81 - - [20/Jan/2014:18:06:32 +0100] "GET /& HTTP/1.1" 404 1256 "-" "Java/1.7.0_45"
79.32.192.81 - - [20/Jan/2014:18:06:33 +0100] "GET /& HTTP/1.1" 404 1256 "-" "Java/1.7.0_45"
79.32.192.81 - - [20/Jan/2014:18:06:33 +0100] "GET /& HTTP/1.1" 404 1256 "-" "Java/1.7.0_45"
79.32.192.81 - - [20/Jan/2014:18:06:33 +0100] "GET /& HTTP/1.1" 404 1256 "-" "Java/1.7.0_45"
79.32.192.81 - - [20/Jan/2014:18:06:33 +0100] "GET /& HTTP/1.1" 404 1256 "-" "Java/1.7.0_45"
79.32.192.81 - - [20/Jan/2014:18:06:33 +0100] "GET /& HTTP/1.1" 404 1256 "-" "Java/1.7.0_45"
79.32.192.81 - - [20/Jan/2014:18:06:33 +0100] "GET /& HTTP/1.1" 404 1256 "-" "Java/1.7.0_45"
79.32.192.81 - - [20/Jan/2014:18:06:34 +0100] "GET /& HTTP/1.1" 404 1256 "-" "Java/1.7.0_45"
79.32.192.81 - - [20/Jan/2014:18:06:34 +0100] "GET /& HTTP/1.1" 404 1256 "-" "Java/1.7.0_45"
79.32.192.81 - - [20/Jan/2014:18:06:34 +0100] "GET /& HTTP/1.1" 404 1256 "-" "Java/1.7.0_45"
79.32.192.81 - - [20/Jan/2014:18:06:34 +0100] "GET /& HTTP/1.1" 404 1256 "-" "Java/1.7.0_45"
79.32.192.81 - - [20/Jan/2014:18:06:34 +0100] "GET /& HTTP/1.1" 404 1256 "-" "Java/1.7.0_45"
79.32.192.81 - - [20/Jan/2014:18:06:34 +0100] "GET /& HTTP/1.1" 404 1256 "-" "Java/1.7.0_45"
79.32.192.81 - - [20/Jan/2014:18:06:35 +0100] "GET /& HTTP/1.1" 404 1256 "-" "Java/1.7.0_45"
79.32.192.81 - - [20/Jan/2014:18:06:35 +0100] "GET /& HTTP/1.1" 404 1256 "-" "Java/1.7.0_45"
79.32.192.81 - - [20/Jan/2014:18:06:35 +0100] "GET /& HTTP/1.1" 404 1256 "-" "Java/1.7.0_45"
79.32.192.81 - - [20/Jan/2014:18:06:35 +0100] "GET /& HTTP/1.1" 404 1256 "-" "Java/1.7.0_45"
79.32.192.81 - - [20/Jan/2014:18:06:35 +0100] "GET /& HTTP/1.1" 404 1256 "-" "Java/1.7.0_45"
79.32.192.81 - - [20/Jan/2014:18:06:35 +0100] "GET /& HTTP/1.1" 404 1256 "-" "Java/1.7.0_45"
2.207.43.117 - - [20/Jan/2014:18:42:40 +0100] "GET / HTTP/1.1" 302 - "https://www.google.de/" "Mozilla/5.0 (iPad; CPU OS 6_0_1 like Mac OS X) AppleWebKit/536.26 (KHTML, like Gecko) Version/6.0 Mobile/10A523 Safari/8536.25"
178.77.126.55 - - [20/Jan/2014:18:53:39 +0100] "GET /robots.txt HTTP/1.1" 404 1256 "-" "Mozilla/5.0 (compatible; CareerBot/1.1; +http://www.career-x.de/bot.html)"
178.77.126.55 - - [20/Jan/2014:18:53:39 +0100] "GET / HTTP/1.1" 302 - "-" "Mozilla/5.0 (compatible; CareerBot/1.1; +http://www.career-x.de/bot.html)"
188.138.41.140 - - [20/Jan/2014:18:58:20 +0100] "GET /robots.txt HTTP/1.1" 404 1256 "-" "Mozilla/5.0 (X11; U; Linux i686; de; rv:1.9.0.1; compatible; iCjobs Stellenangebote Jobs; http://www.icjobs.de) Gecko/20100401 iCjobs/3.2.3"
188.138.41.140 - - [20/Jan/2014:18:58:20 +0100] "GET / HTTP/1.1" 302 - "-" "Mozilla/5.0 (X11; U; Linux i686; de; rv:1.9.0.1; compatible; iCjobs Stellenangebote Jobs; http://www.icjobs.de) Gecko/20100401 iCjobs/3.2.3"
188.138.41.140 - - [20/Jan/2014:18:58:21 +0100] "GET / HTTP/1.1" 302 - "-" "Mozilla/5.0 (X11; U; Linux i686; de; rv:1.9.0.1; compatible; iCjobs Stellenangebote Jobs; http://www.icjobs.de) Gecko/20100401 iCjobs/3.2.3"
213.87.135.247 - - [20/Jan/2014:19:43:33 +0100] "GET / HTTP/1.1" 302 - "https://m.facebook.com" "Mozilla/5.0 (iPhone; CPU iPhone OS 7_0_3 like Mac OS X) AppleWebKit/537.51.1 (KHTML, like Gecko) Mobile/11B511 [FBAN/FBIOS;FBAV/6.8;FBBV/745892;FBDV/iPhone4,1;FBMD/iPhone;FBSN/iPhone OS;FBSV/7.0.3;FBSS/2; FBCR/MobileTeleSystems;FBID/phone;FBLC/ru_RU;FBOP/5]"
128.131.102.100 - - [20/Jan/2014:19:50:00 +0100] "GET / HTTP/1.0" 302 - "-" "Mozilla/5.0 (KeepRight OpenStreetMap Checker; http://keepright.at) Gecko/20100101 Firefox/22.0"
208.115.111.69 - - [20/Jan/2014:20:17:44 +0100] "GET /robots.txt HTTP/1.1" 404 1256 "-" "Mozilla/5.0 (compatible; Ezooms/1.0; help@moz.com)"
206.190.158.72 - - [20/Jan/2014:20:23:07 +0100] "GET / HTTP/1.1" 302 - "http://www.schulweb.de/de/schulsuche/liste.html?trefferzahlauswahl=alle&x=26&y=14&kategorie=®ion=de&auswahl_1=0&auswahl_2=0&auswahl_3=0&suchtext=" "Mozilla/5.0 (Windows NT 6.1; WOW64; rv:26.0) Gecko/20100101 Firefox/26.0"
176.34.79.203 - - [20/Jan/2014:20:27:55 +0100] "GET / HTTP/1.1" 302 - "-" "Fetcher/1.0"
37.5.43.142 - - [20/Jan/2014:22:13:21 +0100] "GET / HTTP/1.1" 302 - "http://www.yelp.de/biz_redir?url=http%3A%2F%2Fwww.friedrich-list-berlin.de&src_bizid=fSHiYxGQm1Z5g7TwC8oc_A&cachebuster=1390252286&s=15fdddeb3ebea23bac17b1baf49bb80e79b715646237735facf6527dcb0e5ec0" "Mozilla/5.0 (Windows NT 6.1; WOW64) AppleWebKit/537.36 (KHTML, like Gecko) Chrome/32.0.1700.76 Safari/537.36"
208.115.111.69 - - [20/Jan/2014:23:15:16 +0100] "GET /?path=content&contentid=47&nid=17 HTTP/1.1" 302 - "-" "Mozilla/5.0 (compatible; Ezooms/1.0; help@moz.com)"
176.9.50.42 - - [20/Jan/2014:23:57:01 +0100] "GET /include.php?path=contentarchive&type=2&letter=Q&catid=0&themeid=0&searchtext=&entries=0&order=dated HTTP/1.1" 404 1256 "-" "Mozilla/4.0 (compatible; MSIE 6.0; Windows 98; Win 9x4.90)"
31.3.233.120 - - [21/Jan/2014:00:40:36 +0100] "GET / HTTP/1.1" 302 - "-" "-"
208.115.113.85 - - [21/Jan/2014:03:44:39 +0100] "GET /robots.txt HTTP/1.1" 404 1256 "-" "Mozilla/5.0 (compatible; Ezooms/1.0; help@moz.com)"
178.255.215.70 - - [21/Jan/2014:04:42:15 +0100] "GET /robots.txt HTTP/1.1" 404 1256 "-" "Mozilla/5.0 (compatible; Exabot/3.0; +http://www.exabot.com/go/robot)"
178.255.215.70 - - [21/Jan/2014:04:42:16 +0100] "GET /?path=content&contentid=76&nid=27 HTTP/1.1" 302 - "-" "Mozilla/5.0 (compatible; Exabot/3.0; +http://www.exabot.com/go/robot)"
208.115.111.69 - - [21/Jan/2014:05:35:01 +0100] "GET /robots.txt HTTP/1.1" 404 1256 "-" "Mozilla/5.0 (compatible; Ezooms/1.0; help@moz.com)"
208.115.113.85 - - [21/Jan/2014:05:42:34 +0100] "GET /include.php?path=contentarchive&type=3&letter=Z&catid=0&themeid=0&searchtext=&entries=0&order= HTTP/1.1" 404 1256 "-" "Mozilla/5.0 (compatible; Ezooms/1.0; help@moz.com)"
162.243.99.57 - - [21/Jan/2014:06:21:50 +0100] "GET /robots.txt HTTP/1.1" 404 1256 "-" "Mozilla/5.0 (compatible; spbot/4.0.6; +http://www.seoprofiler.com/bot )"
162.243.99.57 - - [21/Jan/2014:06:21:55 +0100] "GET / HTTP/1.1" 302 - "-" "Mozilla/5.0 (compatible; spbot/4.0.6; +http://www.seoprofiler.com/bot )"
208.115.111.69 - - [21/Jan/2014:07:22:47 +0100] "GET /?path=contentarchive&type=2&letter=F&catid=0&themeid=0&searchtext=&entries=0&order= HTTP/1.1" 302 - "-" "Mozilla/5.0 (compatible; Ezooms/1.0; help@moz.com)"
208.115.113.85 - - [21/Jan/2014:07:40:03 +0100] "GET /robots.txt HTTP/1.1" 404 1256 "-" "Mozilla/5.0 (compatible; Ezooms/1.0; help@moz.com)"
208.115.111.69 - - [21/Jan/2014:09:37:19 +0100] "GET /robots.txt HTTP/1.1" 404 1256 "-" "Mozilla/5.0 (compatible; Ezooms/1.0; help@moz.com)"
208.115.113.85 - - [21/Jan/2014:09:42:02 +0100] "GET /include.php?path=contentarchive&type=2&letter=S&catid=0&themeid=0&searchtext=&entries=0&order=&nid=21 HTTP/1.1" 404 1256 "-" "Mozilla/5.0 (compatible; Ezooms/1.0; help@moz.com)"
62.128.6.5 - - [21/Jan/2014:10:04:38 +0100] "GET / HTTP/1.1" 302 - "http://www.google.com/url?sa=t&rct=j&q=&esrc=s&frm=1&source=web&cd=1&ved=0CCcQFjAA&url=http%3A%2F%2Fwww.friedrich-list-berlin.de%2F&ei=HjjeUr6fJ4XCtQbh2oDwDg&usg=AFQjCNGsKs3TvBQ4z91zrYvo9_SfKi5nug&bvm=bv.59568121,d.Yms" "Mozilla/5.0 (compatible; MSIE 9.0; Windows NT 6.1; Trident/5.0)"
141.8.147.12 - - [21/Jan/2014:10:22:37 +0100] "GET /robots.txt HTTP/1.1" 404 1256 "-" "Mozilla/5.0 (compatible; YandexBot/3.0; +http://yandex.com/bots)"
141.8.147.12 - - [21/Jan/2014:10:22:39 +0100] "GET / HTTP/1.1" 302 - "-" "Mozilla/5.0 (compatible; YandexBot/3.0; +http://yandex.com/bots)"
208.115.111.69 - - [21/Jan/2014:11:24:05 +0100] "GET /include.php?path=contentarchive&type=2&letter=alle&catid=0&themeid=0&searchtext=&entries=0&order= HTTP/1.1" 404 1256 "-" "Mozilla/5.0 (compatible; Ezooms/1.0; help@moz.com)"
77.186.67.20 - - [21/Jan/2014:12:03:34 +0100] "GET / HTTP/1.1" 302 - "http://www.google.de/url?sa=t&rct=j&q=&esrc=s&source=web&cd=8&cad=rja&ved=0CGoQoAIwBw&url=http%3A%2F%2Fwww.friedrich-list-berlin.de%2F&ei=4lPeUtuyK43Fswbm54CYCQ&usg=AFQjCNGsKs3TvBQ4z91zrYvo9_SfKi5nug&bvm=bv.59568121,d.Yms" "Mozilla/5.0 (Windows NT 6.1; WOW64; rv:26.0) Gecko/20100101 Firefox/26.0"
87.152.56.197 - - [21/Jan/2014:13:06:54 +0100] "GET / HTTP/1.1" 302 - "-" "Mozilla/4.0 (compatible; MSIE 7.0; Windows NT 6.1; WOW64; Trident/6.0; SLCC2; .NET CLR 2.0.50727; .NET CLR 3.5.30729; .NET CLR 3.0.30729; Media Center PC 6.0; .NET4.0C; .NET4.0E; MAFSJS)"
208.115.111.69 - - [21/Jan/2014:13:37:18 +0100] "GET /robots.txt HTTP/1.1" 404 1256 "-" "Mozilla/5.0 (compatible; Ezooms/1.0; help@moz.com)"
213.172.126.27 - - [21/Jan/2014:14:23:40 +0100] "GET / HTTP/1.1" 302 - "http://www.google.de/url?sa=t&rct=j&q=&esrc=s&frm=1&source=web&cd=1&ved=0CFIQFjAA&url=http%3A%2F%2Fwww.friedrich-list-berlin.de%2F&ei=w3TeUuPSI4_Gswa464CQAw&usg=AFQjCNGsKs3TvBQ4z91zrYvo9_SfKi5nug" "Mozilla/4.0 (compatible; MSIE 8.0; Windows NT 5.2; Trident/4.0; .NET CLR 1.1.4322; .NET CLR 2.0.50727; .NET CLR 3.0.4506.2152; .NET CLR 3.5.30729; .NET4.0C; .NET4.0E)"
150.70.97.113 - - [21/Jan/2014:14:25:41 +0100] "GET / HTTP/1.1" 302 - "-" "Mozilla/4.0 (compatible; MSIE 8.0; Windows NT 5.1; Trident/4.0)"
150.70.64.215 - - [21/Jan/2014:14:26:23 +0100] "GET / HTTP/1.0" 302 - "-" "Mozilla/4.0 (compatible; MSIE 6.0; Windows NT 5.1)"
85.25.152.28 - - [21/Jan/2014:14:27:23 +0100] "GET /include.php?path=contentarchive&type=2&letter=Z&catid=0&themeid=0&searchtext=&entries=0&order=dated HTTP/1.1" 404 1256 "-" "Mozilla/4.0 (compatible; MSIE 6.0; Windows 98; Win 9x4.90)"
66.249.78.115 - - [21/Jan/2014:14:46:29 +0100] "GET /robots.txt HTTP/1.1" 404 1256 "-" "Mozilla/5.0 (compatible; Googlebot/2.1; +http://www.google.com/bot.html)"
66.249.78.115 - - [21/Jan/2014:14:46:29 +0100] "GET / HTTP/1.1" 302 - "http://www.branchenspot.de/webansicht/osz_wirtschaftssprachen_friedrich_list_schule_kompetenzzentru-8xskhnoks.html" "Mozilla/5.0 (compatible; Googlebot/2.1; +http://www.google.com/bot.html)"
79.245.174.65 - - [21/Jan/2014:15:34:37 +0100] "GET / HTTP/1.1" 302 - "http://www.klicktel.de/branchenbuch/berlin/041443912B40638607/osz-wirtschaftssprachen-friedrich-list-schule-kompetenzzentrum-fuer-internationale-beziehungen.html" "Mozilla/5.0 (Windows NT 6.3; WOW64; rv:26.0) Gecko/20100101 Firefox/26.0"
208.115.111.69 - - [21/Jan/2014:15:34:42 +0100] "GET /include.php?path=content&contentid=81&nid=2 HTTP/1.1" 404 1256 "-" "Mozilla/5.0 (compatible; Ezooms/1.0; help@moz.com)"
208.115.111.69 - - [21/Jan/2014:15:34:45 +0100] "GET /include.php?path=contentarchive&type=2&letter=P&catid=0&themeid=0&searchtext=&entries=0&order=&nid=32 HTTP/1.1" 404 1256 "-" "Mozilla/5.0 (compatible; Ezooms/1.0; help@moz.com)"
208.115.113.85 - - [21/Jan/2014:15:42:26 +0100] "GET /robots.txt HTTP/1.1" 404 1256 "-" "Mozilla/5.0 (compatible; Ezooms/1.0; help@moz.com)"
80.187.106.69 - - [21/Jan/2014:15:53:14 +0100] "GET / HTTP/1.1" 302 - "https://www.google.de/" "Mozilla/5.0 (iPhone; CPU iPhone OS 7_0_4 like Mac OS X) AppleWebKit/537.51.1 (KHTML, like Gecko) Version/7.0 Mobile/11B554a Safari/9537.53"
88.198.110.130 - - [21/Jan/2014:17:16:35 +0100] "GET /?path=content&contentid=76&nid=32 HTTP/1.1" 302 - "-" "Mozilla/4.0 (compatible; MSIE 6.0; Windows 98; Win 9x4.90)"
79.6.85.11 - - [21/Jan/2014:17:32:24 +0100] "GET / HTTP/1.1" 302 - "-" "Java/1.4.1_04"
208.115.111.69 - - [21/Jan/2014:17:37:14 +0100] "GET /robots.txt HTTP/1.1" 404 1256 "-" "Mozilla/5.0 (compatible; Ezooms/1.0; help@moz.com)"
208.115.113.85 - - [21/Jan/2014:17:40:45 +0100] "GET /include.php?path=contentarchive&type=3&letter=P&catid=0&themeid=0&searchtext=&entries=0&order= HTTP/1.1" 404 1256 "-" "Mozilla/5.0 (compatible; Ezooms/1.0; help@moz.com)"
208.115.111.69 - - [21/Jan/2014:19:23:59 +0100] "GET /include.php?path=contentarchive&type=3&letter=K&catid=0&themeid=0&searchtext=&entries=0&order= HTTP/1.1" 404 1256 "-" "Mozilla/5.0 (compatible; Ezooms/1.0; help@moz.com)"
208.115.111.69 - - [21/Jan/2014:19:24:03 +0100] "GET /include.php?path=contentarchive&type=3&letter=N&catid=0&themeid=0&searchtext=&entries=0&order= HTTP/1.1" 404 1256 "-" "Mozilla/5.0 (compatible; Ezooms/1.0; help@moz.com)"
208.115.113.85 - - [21/Jan/2014:19:43:25 +0100] "GET /robots.txt HTTP/1.1" 404 1256 "-" "Mozilla/5.0 (compatible; Ezooms/1.0; help@moz.com)"
87.230.17.72 - - [21/Jan/2014:19:51:10 +0100] "GET / HTTP/1.1" 302 - "-" "ImplisenseBot 1.0"
87.230.17.72 - - [21/Jan/2014:19:51:12 +0100] "GET / HTTP/1.1" 302 - "-" "ImplisenseBot 1.0"
87.230.17.72 - - [21/Jan/2014:19:51:19 +0100] "GET /robots.txt HTTP/1.1" 404 1256 "-" "ImplisenseBot 1.0"
157.55.35.40 - - [21/Jan/2014:20:09:44 +0100] "GET /robots.txt HTTP/1.1" 404 1256 "-" "Mozilla/5.0 (compatible; bingbot/2.0; +http://www.bing.com/bingbot.htm)"
157.55.35.40 - - [21/Jan/2014:20:11:31 +0100] "GET /?&nid=13 HTTP/1.1" 302 - "-" "Mozilla/5.0 (compatible; bingbot/2.0; +http://www.bing.com/bingbot.htm)"
208.115.113.85 - - [21/Jan/2014:21:44:11 +0100] "GET /include.php?path=contentarchive&type=2&letter=E&catid=0&themeid=0&searchtext=&entries=0&order=title HTTP/1.1" 404 1256 "-" "Mozilla/5.0 (compatible; Ezooms/1.0; help@moz.com)"
208.115.113.85 - - [21/Jan/2014:23:36:35 +0100] "GET /robots.txt HTTP/1.1" 404 1256 "-" "Mozilla/5.0 (compatible; Ezooms/1.0; help@moz.com)"
95.91.242.19 - - [21/Jan/2014:23:38:52 +0100] "GET / HTTP/1.1" 302 - "http://www.berlin.de/sen/bildung/schulverzeichnis_und_portraets/anwendung/Schulportrait.aspx?IDSchulzweig=11651" "Mozilla/5.0 (Windows NT 6.2; WOW64) AppleWebKit/537.36 (KHTML, like Gecko) Chrome/32.0.1700.76 Safari/537.36"
208.115.113.85 - - [22/Jan/2014:01:36:36 +0100] "GET /include.php?path=contentarchive&type=2&letter=C&catid=0&themeid=0&searchtext=&entries=0&order=title HTTP/1.1" 404 1256 "-" "Mozilla/5.0 (compatible; Ezooms/1.0; help@moz.com)"
208.115.113.85 - - [22/Jan/2014:01:36:40 +0100] "GET /include.php?path=contentarchive&type=3&letter=L&catid=0&themeid=0&searchtext=&entries=0&order= HTTP/1.1" 404 1256 "-" "Mozilla/5.0 (compatible; Ezooms/1.0; help@moz.com)"
141.8.147.12 - - [22/Jan/2014:03:17:19 +0100] "GET /robots.txt HTTP/1.1" 404 1256 "-" "Mozilla/5.0 (compatible; YandexBot/3.0; +http://yandex.com/bots)"
188.138.41.175 - - [22/Jan/2014:04:39:51 +0100] "GET / HTTP/1.1" 302 - "-" "Mozilla/5.0 (X11; U; Linux i686; en-US; rv:1.9.0.1) Gecko/2008070206 Firefox/3.0.1"
188.138.41.175 - - [22/Jan/2014:04:39:53 +0100] "GET / HTTP/1.1" 302 - "-" "Mozilla/5.0 (X11; U; Linux i686; en-US; rv:1.9.0.1) Gecko/2008070206 Firefox/3.0.1"
188.138.41.175 - - [22/Jan/2014:04:39:53 +0100] "GET /?path=content&contentid=81&nid=2 HTTP/1.1" 302 - "-" "Mozilla/5.0 (X11; U; Linux i686; en-US; rv:1.9.0.1) Gecko/2008070206 Firefox/3.0.1"
188.138.41.175 - - [22/Jan/2014:05:41:14 +0100] "GET / HTTP/1.1" 302 - "-" "Mozilla/5.0 (X11; U; Linux i686; en-US; rv:1.9.0.1) Gecko/2008070206 Firefox/3.0.1"
188.138.41.175 - - [22/Jan/2014:05:41:16 +0100] "GET / HTTP/1.1" 302 - "-" "Mozilla/5.0 (X11; U; Linux i686; en-US; rv:1.9.0.1) Gecko/2008070206 Firefox/3.0.1"
188.138.41.175 - - [22/Jan/2014:05:41:16 +0100] "GET /?path=content&contentid=81&nid=2 HTTP/1.1" 302 - "-" "Mozilla/5.0 (X11; U; Linux i686; en-US; rv:1.9.0.1) Gecko/2008070206 Firefox/3.0.1"
85.25.110.109 - - [22/Jan/2014:06:12:15 +0100] "GET /include.php?path=contentarchive&type=2&catid=0&letter=N&entries=0&searchtext=&order=date HTTP/1.1" 404 1256 "-" "Mozilla/4.0 (compatible; MSIE 6.0; Windows 98; Win 9x4.90)"
188.138.41.175 - - [22/Jan/2014:06:54:27 +0100] "GET / HTTP/1.1" 302 - "-" "Mozilla/5.0 (X11; U; Linux i686; en-US; rv:1.9.0.1) Gecko/2008070206 Firefox/3.0.1"
188.138.41.175 - - [22/Jan/2014:06:54:28 +0100] "GET / HTTP/1.1" 302 - "-" "Mozilla/5.0 (X11; U; Linux i686; en-US; rv:1.9.0.1) Gecko/2008070206 Firefox/3.0.1"
188.138.41.175 - - [22/Jan/2014:06:54:28 +0100] "GET /?path=content&contentid=81&nid=2 HTTP/1.1" 302 - "-" "Mozilla/5.0 (X11; U; Linux i686; en-US; rv:1.9.0.1) Gecko/2008070206 Firefox/3.0.1"
85.25.95.50 - - [22/Jan/2014:07:27:48 +0100] "GET /include.php?path=contentarchive&type=2&letter=M&catid=0&themeid=0&searchtext=&entries=0&order=dated HTTP/1.1" 404 1256 "-" "Mozilla/4.0 (compatible; MSIE 6.0; Windows 98; Win 9x4.90)"
208.115.113.85 - - [22/Jan/2014:07:36:10 +0100] "GET /robots.txt HTTP/1.1" 404 1256 "-" "Mozilla/5.0 (compatible; Ezooms/1.0; help@moz.com)"
31.13.99.112 - - [22/Jan/2014:07:56:12 +0100] "GET / HTTP/1.1" 302 - "-" "facebookexternalhit/1.1 (+http://www.facebook.com/externalhit_uatext.php)"
46.165.197.142 - - [22/Jan/2014:07:56:37 +0100] "GET /robots.txt HTTP/1.0" 404 1256 "-" "Mozilla/5.0 (compatible; MJ12bot/v1.4.4; http://www.majestic12.co.uk/bot.php?+)"
46.165.197.142 - - [22/Jan/2014:07:56:39 +0100] "GET / HTTP/1.0" 302 - "-" "Mozilla/5.0 (compatible; MJ12bot/v1.4.4; http://www.majestic12.co.uk/bot.php?+)"
208.115.113.85 - - [22/Jan/2014:09:42:54 +0100] "GET /include.php?path=contentarchive&type=2&letter=C&catid=0&themeid=0&searchtext=&entries=0&order= HTTP/1.1" 404 1256 "-" "Mozilla/5.0 (compatible; Ezooms/1.0; help@moz.com)"
141.8.147.12 - - [22/Jan/2014:10:02:17 +0100] "GET / HTTP/1.1" 302 - "-" "Mozilla/5.0 (compatible; YandexBot/3.0; +http://yandex.com/bots)"
85.25.110.112 - - [22/Jan/2014:10:52:59 +0100] "GET /?path=contentarchive&type=2&letter=N&catid=0&themeid=0&searchtext=&entries=0&order=&nid=4 HTTP/1.1" 302 - "-" "Mozilla/4.0 (compatible; MSIE 6.0; Windows 98; Win 9x4.90)"
94.223.8.157 - - [22/Jan/2014:10:53:40 +0100] "GET / HTTP/1.1" 302 - "http://www.berlin.de/sen/bildung/schulverzeichnis_und_portraets/anwendung/Schulportrait.aspx?IDSchulzweig=11651" "Mozilla/5.0 (Macintosh; Intel Mac OS X 10_5_8) AppleWebKit/534.50.2 (KHTML, like Gecko) Version/5.0.6 Safari/533.22.3"
213.217.76.196 - - [22/Jan/2014:10:56:27 +0100] "GET / HTTP/1.1" 302 - "http://www.google.de/url?sa=t&rct=j&q=&esrc=s&frm=1&source=web&cd=1&ved=0CC8QFjAA&url=http%3A%2F%2Fwww.friedrich-list-berlin.de%2F&ei=qJXfUtWnFqrV4AScm4CYCA&usg=AFQjCNGsKs3TvBQ4z91zrYvo9_SfKi5nug&bvm=bv.59568121,d.bGE" "Mozilla/5.0 (compatible; MSIE 9.0; Windows NT 6.1; Trident/5.0)"
208.115.113.85 - - [22/Jan/2014:11:39:31 +0100] "GET /robots.txt HTTP/1.1" 404 1256 "-" "Mozilla/5.0 (compatible; Ezooms/1.0; help@moz.com)"
66.249.78.115 - - [22/Jan/2014:11:40:58 +0100] "GET /robots.txt HTTP/1.1" 404 1256 "-" "Mozilla/5.0 (compatible; Googlebot/2.1; +http://www.google.com/bot.html)"
66.249.78.115 - - [22/Jan/2014:11:40:58 +0100] "GET / HTTP/1.1" 302 - "-" "Mozilla/5.0 (compatible; Googlebot/2.1; +http://www.google.com/bot.html)"
91.64.111.55 - - [22/Jan/2014:11:51:54 +0100] "GET / HTTP/1.1" 302 - "http://www.google.de/url?sa=t&rct=j&q=&esrc=s&source=web&cd=4&ved=0CEgQoAIwAw&url=http%3A%2F%2Fwww.friedrich-list-berlin.de%2F&ei=p6LfUtGDD8HPtAb6voHoBg&usg=AFQjCNGsKs3TvBQ4z91zrYvo9_SfKi5nug&bvm=bv.59568121,d.Yms" "Mozilla/5.0 (Windows NT 6.1; WOW64; rv:26.0) Gecko/20100101 Firefox/26.0"
157.55.32.59 - - [22/Jan/2014:11:56:13 +0100] "GET /robots.txt HTTP/1.1" 404 1256 "-" "Mozilla/5.0 (compatible; bingbot/2.0; +http://www.bing.com/bingbot.htm)"
157.55.32.59 - - [22/Jan/2014:13:28:33 +0100] "GET / HTTP/1.1" 302 - "-" "Mozilla/5.0 (compatible; bingbot/2.0; +http://www.bing.com/bingbot.htm)"
85.25.154.15 - - [22/Jan/2014:13:29:12 +0100] "GET /include.php?path=article&contentid=78&nid=4 HTTP/1.1" 404 1256 "-" "Mozilla/4.0 (compatible; MSIE 6.0; Windows 98; Win 9x4.90)"
85.25.154.15 - - [22/Jan/2014:13:37:02 +0100] "GET /include.php?path=contentarchive&type=2&catid=0&letter=&entries=0&searchtext=&order=dated&nid=32 HTTP/1.1" 404 1256 "-" "Mozilla/4.0 (compatible; MSIE 6.0; Windows 98; Win 9x4.90)"
208.115.111.69 - - [22/Jan/2014:13:38:23 +0100] "GET /robots.txt HTTP/1.1" 404 1256 "-" "Mozilla/5.0 (compatible; Ezooms/1.0; help@moz.com)"
208.115.113.85 - - [22/Jan/2014:13:50:26 +0100] "GET /include.php?path=content&contentid=47&nid=17 HTTP/1.1" 404 1256 "-" "Mozilla/5.0 (compatible; Ezooms/1.0; help@moz.com)"
208.115.113.85 - - [22/Jan/2014:13:50:29 +0100] "GET /include.php?path=contentarchive&type=2&letter=G&catid=0&themeid=0&searchtext=&entries=0&order=title HTTP/1.1" 404 1256 "-" "Mozilla/5.0 (compatible; Ezooms/1.0; help@moz.com)"
89.246.236.74 - - [22/Jan/2014:14:02:40 +0100] "GET / HTTP/1.1" 302 - "http://schulweb.de/de/schulsuche/liste.html?kategorie=&sprache=®ion=de&list_anfang=128&trefferzahlauswahl=32&auswahl_1=5&auswahl_2=0&auswahl_3=0&suchtext=&zeigen2=&sort=" "Mozilla/5.0 (Windows NT 6.0; rv:26.0) Gecko/20100101 Firefox/26.0"
208.115.111.69 - - [22/Jan/2014:15:33:46 +0100] "GET /include.php?path=contentarchive&type=2 HTTP/1.1" 404 1256 "-" "Mozilla/5.0 (compatible; Ezooms/1.0; help@moz.com)"
208.115.111.69 - - [22/Jan/2014:15:33:50 +0100] "GET /include.php?path=contentarchive&type=3&letter=Q&catid=0&themeid=0&searchtext=&entries=0&order= HTTP/1.1" 404 1256 "-" "Mozilla/5.0 (compatible; Ezooms/1.0; help@moz.com)"
93.220.1.137 - - [22/Jan/2014:15:57:08 +0100] "GET / HTTP/1.1" 302 - "http://web2.cylex.de/reviews/viewcompanywebsite.aspx?firmaName=osz-wirtschaftssprachen-friedrich--list--schule-kompetenzzentrum-fuer-internationale-beziehungen&companyId=6274919" "Mozilla/5.0 (Linux; U; Android 4.1.1; de-de; A210 Build/JRO03H) AppleWebKit/534.30 (KHTML, like Gecko) Version/4.0 Safari/534.30"
208.115.111.69 - - [22/Jan/2014:17:42:19 +0100] "GET /robots.txt HTTP/1.1" 404 1256 "-" "Mozilla/5.0 (compatible; Ezooms/1.0; help@moz.com)"
208.115.111.69 - - [22/Jan/2014:19:29:49 +0100] "GET /include.php?path=contentarchive&type=2&letter=R&catid=0&themeid=0&searchtext=&entries=0&order=title HTTP/1.1" 404 1256 "-" "Mozilla/5.0 (compatible; Ezooms/1.0; help@moz.com)"
208.115.111.69 - - [22/Jan/2014:19:29:52 +0100] "GET /include.php?path=search HTTP/1.1" 404 1256 "-" "Mozilla/5.0 (compatible; Ezooms/1.0; help@moz.com)"
85.25.110.104 - - [22/Jan/2014:19:38:22 +0100] "GET /?path=contentarchive&type=2&letter=B&catid=0&themeid=0&searchtext=&entries=0&order= HTTP/1.1" 302 - "-" "Mozilla/4.0 (compatible; MSIE 6.0; Windows 98; Win 9x4.90)"
208.115.113.85 - - [22/Jan/2014:19:39:58 +0100] "GET /robots.txt HTTP/1.1" 404 1256 "-" "Mozilla/5.0 (compatible; Ezooms/1.0; help@moz.com)"
208.115.111.69 - - [22/Jan/2014:21:39:47 +0100] "GET /robots.txt HTTP/1.1" 404 1256 "-" "Mozilla/5.0 (compatible; Ezooms/1.0; help@moz.com)"
208.115.113.85 - - [22/Jan/2014:21:40:49 +0100] "GET /include.php?path=start HTTP/1.1" 404 1256 "-" "Mozilla/5.0 (compatible; Ezooms/1.0; help@moz.com)"
80.93.42.175 - - [22/Jan/2014:22:00:59 +0100] "GET / HTTP/1.1" 302 - "http://www.google.de/url?sa=t&rct=j&q=&esrc=s&source=web&cd=1&ved=0CC8QFjAA&url=http%3A%2F%2Fwww.friedrich-list-berlin.de%2F&ei=ZDHgUsSkLoGXyAO5tICIBA&usg=AFQjCNGsKs3TvBQ4z91zrYvo9_SfKi5nug&bvm=bv.59568121,d.bGQ" "Mozilla/5.0 (Windows NT 6.1; WOW64; rv:26.0) Gecko/20100101 Firefox/26.0"
213.87.129.163 - - [22/Jan/2014:22:30:14 +0100] "GET / HTTP/1.1" 302 - "-" "Mozilla/5.0 (iPhone; CPU iPhone OS 7_0_3 like Mac OS X) AppleWebKit/537.51.1 (KHTML, like Gecko) Version/7.0 Mobile/11B511 Safari/9537.53"
78.55.127.96 - - [22/Jan/2014:23:21:35 +0100] "GET / HTTP/1.1" 302 - "http://www.google.de/url?sa=t&rct=j&q=&esrc=s&source=web&cd=10&ved=0CJkBEKACMAk&url=http%3A%2F%2Fwww.friedrich-list-berlin.de%2F&ei=hULgUvGoOs3Rsgb2-oHoDQ&usg=AFQjCNGsKs3TvBQ4z91zrYvo9_SfKi5nug&bvm=bv.59568121,d.Yms" "Mozilla/5.0 (Windows NT 6.1; WOW64; rv:26.0) Gecko/20100101 Firefox/26.0"
208.115.111.69 - - [22/Jan/2014:23:25:33 +0100] "GET /include.php?path=contentarchive&type=3&letter=M&catid=0&themeid=0&searchtext=&entries=0&order= HTTP/1.1" 404 1256 "-" "Mozilla/5.0 (compatible; Ezooms/1.0; help@moz.com)"
208.115.111.69 - - [22/Jan/2014:23:25:39 +0100] "GET /?path=contentarchive&type=2&letter=Y&catid=0&themeid=0&searchtext=&entries=0&order= HTTP/1.1" 302 - "-" "Mozilla/5.0 (compatible; Ezooms/1.0; help@moz.com)"
208.115.113.85 - - [22/Jan/2014:23:39:13 +0100] "GET /robots.txt HTTP/1.1" 404 1256 "-" "Mozilla/5.0 (compatible; Ezooms/1.0; help@moz.com)"
128.131.102.100 - - [23/Jan/2014:00:06:02 +0100] "GET / HTTP/1.0" 302 - "-" "Mozilla/5.0 (KeepRight OpenStreetMap Checker; http://keepright.at) Gecko/20100101 Firefox/22.0"
208.115.113.85 - - [23/Jan/2014:01:40:39 +0100] "GET /include.php?path=contentarchive&type=3&letter=A&catid=0&themeid=0&searchtext=&entries=0&order= HTTP/1.1" 404 1256 "-" "Mozilla/5.0 (compatible; Ezooms/1.0; help@moz.com)"
66.249.78.236 - - [23/Jan/2014:01:56:19 +0100] "GET /robots.txt HTTP/1.1" 404 1256 "-" "Mozilla/5.0 (compatible; Googlebot/2.1; +http://www.google.com/bot.html)"
66.249.78.236 - - [23/Jan/2014:01:56:19 +0100] "GET /include.php?path=contentarchive&type=2&letter=A&catid=1&themeid=0&searchtext=&entries=0&order=dated&nid=32 HTTP/1.1" 404 1256 "-" "Mozilla/5.0 (compatible; Googlebot/2.1; +http://www.google.com/bot.html)"
208.115.113.85 - - [23/Jan/2014:03:43:10 +0100] "GET /robots.txt HTTP/1.1" 404 1256 "-" "Mozilla/5.0 (compatible; Ezooms/1.0; help@moz.com)"
66.249.78.236 - - [23/Jan/2014:04:22:28 +0100] "GET /include.php?path=contentarchive&type=1&letter=alle&catid=1&themeid=0&searchtext=&entries=0&order=titled HTTP/1.1" 404 1256 "-" "Mozilla/5.0 (compatible; Googlebot/2.1; +http://www.google.com/bot.html)"
208.115.113.85 - - [23/Jan/2014:05:42:51 +0100] "GET /?path=content&contentid=39&nid=15 HTTP/1.1" 302 - "-" "Mozilla/5.0 (compatible; Ezooms/1.0; help@moz.com)"
66.249.78.115 - - [23/Jan/2014:06:43:09 +0100] "GET /robots.txt HTTP/1.1" 404 1256 "-" "Mozilla/5.0 (compatible; Googlebot/2.1; +http://www.google.com/bot.html)"
66.249.78.115 - - [23/Jan/2014:06:43:10 +0100] "GET / HTTP/1.1" 302 - "-" "Mozilla/5.0 (compatible; Googlebot/2.1; +http://www.google.com/bot.html)"
208.115.113.85 - - [23/Jan/2014:07:41:36 +0100] "GET /robots.txt HTTP/1.1" 404 1256 "-" "Mozilla/5.0 (compatible; Ezooms/1.0; help@moz.com)"
80.39.50.116 - - [23/Jan/2014:08:31:55 +0100] "GET / HTTP/1.1" 302 - "-" "Java/1.6.0_04"
80.14.157.146 - - [23/Jan/2014:08:34:20 +0100] "GET / HTTP/1.1" 302 - "-" "Java/1.7.0_45"
80.14.157.146 - - [23/Jan/2014:08:34:21 +0100] "GET /fls_1_aktuelles.php HTTP/1.1" 404 1256 "-" "Java/1.7.0_45"
80.14.157.146 - - [23/Jan/2014:08:34:21 +0100] "GET /fls_2_fremdsprachensekr.php HTTP/1.1" 404 1256 "-" "Java/1.7.0_45"
80.14.157.146 - - [23/Jan/2014:08:34:21 +0100] "GET /fls_3_fls_international.php HTTP/1.1" 404 1256 "-" "Java/1.7.0_45"
80.14.157.146 - - [23/Jan/2014:08:34:21 +0100] "GET /fls_4_faq.php HTTP/1.1" 404 1256 "-" "Java/1.7.0_45"
80.14.157.146 - - [23/Jan/2014:08:34:21 +0100] "GET /fls_4_impressum.php HTTP/1.1" 404 1256 "-" "Java/1.7.0_45"
80.14.157.146 - - [23/Jan/2014:08:34:21 +0100] "GET /fls_4_kontakt_anmeldung.php HTTP/1.1" 404 1256 "-" "Java/1.7.0_45"
80.14.157.146 - - [23/Jan/2014:08:34:21 +0100] "GET /index.php HTTP/1.1" 302 - "-" "Java/1.7.0_45"
80.14.157.146 - - [23/Jan/2014:08:34:22 +0100] "GET /index_en.php HTTP/1.1" 404 1256 "-" "Java/1.7.0_45"
80.14.157.146 - - [23/Jan/2014:08:34:22 +0100] "GET /index_fr.php HTTP/1.1" 404 1256 "-" "Java/1.7.0_45"
80.14.157.146 - - [23/Jan/2014:08:34:22 +0100] "GET /index_sp.php HTTP/1.1" 404 1256 "-" "Java/1.7.0_45"
80.14.157.146 - - [23/Jan/2014:08:34:22 +0100] "GET /& HTTP/1.1" 404 1256 "-" "Java/1.7.0_45"
80.14.157.146 - - [23/Jan/2014:08:34:22 +0100] "GET /& HTTP/1.1" 404 1256 "-" "Java/1.7.0_45"
80.14.157.146 - - [23/Jan/2014:08:34:22 +0100] "GET /& HTTP/1.1" 404 1256 "-" "Java/1.7.0_45"
80.14.157.146 - - [23/Jan/2014:08:34:22 +0100] "GET /& HTTP/1.1" 404 1256 "-" "Java/1.7.0_45"
80.14.157.146 - - [23/Jan/2014:08:34:23 +0100] "GET /& HTTP/1.1" 404 1256 "-" "Java/1.7.0_45"
80.14.157.146 - - [23/Jan/2014:08:34:23 +0100] "GET /& HTTP/1.1" 404 1256 "-" "Java/1.7.0_45"
80.14.157.146 - - [23/Jan/2014:08:34:23 +0100] "GET /& HTTP/1.1" 404 1256 "-" "Java/1.7.0_45"
80.14.157.146 - - [23/Jan/2014:08:34:23 +0100] "GET /& HTTP/1.1" 404 1256 "-" "Java/1.7.0_45"
80.14.157.146 - - [23/Jan/2014:08:34:23 +0100] "GET /& HTTP/1.1" 404 1256 "-" "Java/1.7.0_45"
80.14.157.146 - - [23/Jan/2014:08:34:23 +0100] "GET /& HTTP/1.1" 404 1256 "-" "Java/1.7.0_45"
80.14.157.146 - - [23/Jan/2014:08:34:23 +0100] "GET /& HTTP/1.1" 404 1256 "-" "Java/1.7.0_45"
80.14.157.146 - - [23/Jan/2014:08:34:23 +0100] "GET /& HTTP/1.1" 404 1256 "-" "Java/1.7.0_45"
80.14.157.146 - - [23/Jan/2014:08:34:24 +0100] "GET /& HTTP/1.1" 404 1256 "-" "Java/1.7.0_45"
80.14.157.146 - - [23/Jan/2014:08:34:24 +0100] "GET /& HTTP/1.1" 404 1256 "-" "Java/1.7.0_45"
80.14.157.146 - - [23/Jan/2014:08:34:24 +0100] "GET /& HTTP/1.1" 404 1256 "-" "Java/1.7.0_45"
80.14.157.146 - - [23/Jan/2014:08:34:24 +0100] "GET /& HTTP/1.1" 404 1256 "-" "Java/1.7.0_45"
80.14.157.146 - - [23/Jan/2014:08:34:24 +0100] "GET /& HTTP/1.1" 404 1256 "-" "Java/1.7.0_45"
80.14.157.146 - - [23/Jan/2014:08:34:24 +0100] "GET /& HTTP/1.1" 404 1256 "-" "Java/1.7.0_45"
80.14.157.146 - - [23/Jan/2014:08:34:24 +0100] "GET /& HTTP/1.1" 404 1256 "-" "Java/1.7.0_45"
80.14.157.146 - - [23/Jan/2014:08:34:24 +0100] "GET /& HTTP/1.1" 404 1256 "-" "Java/1.7.0_45"
5.10.83.36 - - [23/Jan/2014:09:09:15 +0100] "GET /robots.txt HTTP/1.1" 404 1256 "-" "Mozilla/5.0 (compatible; AhrefsBot/5.0; +http://ahrefs.com/robot/)"
5.10.83.36 - - [23/Jan/2014:09:43:44 +0100] "GET /robots.txt HTTP/1.1" 404 1256 "-" "Mozilla/5.0 (compatible; AhrefsBot/5.0; +http://ahrefs.com/robot/)"
208.115.113.85 - - [23/Jan/2014:09:44:15 +0100] "GET /include.php?path=contentarchive&type=3&letter=T&catid=0&themeid=0&searchtext=&entries=0&order= HTTP/1.1" 404 1256 "-" "Mozilla/5.0 (compatible; Ezooms/1.0; help@moz.com)"
141.8.147.12 - - [23/Jan/2014:11:14:29 +0100] "GET /robots.txt HTTP/1.1" 404 1256 "-" "Mozilla/5.0 (compatible; YandexBot/3.0; +http://yandex.com/bots)"
141.8.147.12 - - [23/Jan/2014:11:14:32 +0100] "GET / HTTP/1.1" 302 - "-" "Mozilla/5.0 (compatible; YandexBot/3.0; +http://yandex.com/bots)"
208.115.113.85 - - [23/Jan/2014:11:41:36 +0100] "GET /robots.txt HTTP/1.1" 404 1256 "-" "Mozilla/5.0 (compatible; Ezooms/1.0; help@moz.com)"
178.0.37.160 - - [23/Jan/2014:12:31:22 +0100] "GET / HTTP/1.1" 302 - "http://maps.google.com/local_url?dq=language+schule+berlin+sch%C3%B6neberg+g%C3%BCnewaldstr.&q=http://www.friedrich-list-berlin.de/&oi=miw&sa=X&ct=miw_link&cd=1&cad=homepage,cid:15796106503487596536&ei=TP3gUsGnGqq6iQb2_IHAAw&s=ANYYN7naPvwc_hYNDe7MZglIRnsbmzEn2g" "Mozilla/5.0 (Macintosh; Intel Mac OS X 10_7_5) AppleWebKit/537.71 (KHTML, like Gecko) Version/6.1 Safari/537.71"
208.115.113.85 - - [23/Jan/2014:13:46:46 +0100] "GET /include.php?path=content&contentid=39&nid=15 HTTP/1.1" 404 1256 "-" "Mozilla/5.0 (compatible; Ezooms/1.0; help@moz.com)"
208.115.113.85 - - [23/Jan/2014:13:46:52 +0100] "GET /include.php?path=contentarchive&type=3 HTTP/1.1" 404 1256 "-" "Mozilla/5.0 (compatible; Ezooms/1.0; help@moz.com)"
91.64.111.55 - - [23/Jan/2014:14:04:38 +0100] "GET / HTTP/1.1" 302 - "-" "Mozilla/5.0 (Windows NT 6.1; WOW64; rv:26.0) Gecko/20100101 Firefox/26.0"
176.57.141.193 - - [23/Jan/2014:17:57:09 +0100] "GET / HTTP/1.1" 302 - "-" "Mozilla/5.0 (X11; Linux i686; rv:6.0) Gecko/20100101 Firefox/6.0"
89.247.67.12 - - [23/Jan/2014:18:11:11 +0100] "GET / HTTP/1.1" 302 - "http://www.google.de/url?sa=t&rct=j&q=&esrc=s&source=web&cd=1&ved=0CCwQFjAA&url=http%3A%2F%2Fwww.friedrich-list-berlin.de%2F&ei=-UzhUurdM4SQ7AbByYG4Cw&usg=AFQjCNGsKs3TvBQ4z91zrYvo9_SfKi5nug&bvm=bv.59568121,d.ZGU" "Mozilla/5.0 (Windows NT 5.1; rv:10.0.2) Gecko/20100101 Firefox/10.0.2"
88.198.110.130 - - [23/Jan/2014:21:08:29 +0100] "GET /?path=contentarchive&type=2&letter=C&catid=0&themeid=0&searchtext=&entries=0&order= HTTP/1.1" 302 - "-" "Mozilla/4.0 (compatible; MSIE 6.0; Windows 98; Win 9x4.90)"
178.77.126.55 - - [23/Jan/2014:21:31:32 +0100] "GET /robots.txt HTTP/1.1" 404 1256 "-" "Mozilla/5.0 (compatible; CareerBot/1.1; +http://www.career-x.de/bot.html)"
178.77.126.55 - - [23/Jan/2014:21:31:32 +0100] "GET / HTTP/1.1" 302 - "-" "Mozilla/5.0 (compatible; CareerBot/1.1; +http://www.career-x.de/bot.html)"
144.76.34.109 - - [23/Jan/2014:23:03:40 +0100] "GET /?path=contentarchive&type=2&letter=Y&catid=0&themeid=0&searchtext=&entries=0&order= HTTP/1.1" 302 - "-" "Mozilla/4.0 (compatible; MSIE 6.0; Windows 98; Win 9x4.90)"
178.255.215.70 - - [23/Jan/2014:23:25:25 +0100] "GET /robots.txt HTTP/1.1" 404 1256 "-" "Mozilla/5.0 (compatible; Exabot/3.0; +http://www.exabot.com/go/robot)"
178.255.215.70 - - [23/Jan/2014:23:25:25 +0100] "GET /?path=content&contentid=39&nid=13 HTTP/1.1" 302 - "-" "Mozilla/5.0 (compatible; Exabot/3.0; +http://www.exabot.com/go/robot)"
208.115.113.85 - - [23/Jan/2014:23:40:15 +0100] "GET /robots.txt HTTP/1.1" 404 1256 "-" "Mozilla/5.0 (compatible; Ezooms/1.0; help@moz.com)"
