188.138.41.140 - - [29/Jan/2014:01:41:32 +0100] "GET / HTTP/1.1" 302 - "-" "Mozilla/5.0 (X11; U; Linux i686; de; rv:1.9.0.1; compatible; iCjobs Stellenangebote Jobs; http://www.icjobs.de) Gecko/20100401 iCjobs/3.2.3"
208.115.111.69 - - [29/Jan/2014:01:52:49 +0100] "GET /robots.txt HTTP/1.1" 404 1256 "-" "Mozilla/5.0 (compatible; Ezooms/1.0; help@moz.com)"
208.115.113.85 - - [29/Jan/2014:03:42:07 +0100] "GET /robots.txt HTTP/1.1" 404 1256 "-" "Mozilla/5.0 (compatible; Ezooms/1.0; help@moz.com)"
208.115.111.69 - - [29/Jan/2014:03:47:14 +0100] "GET /?path=contentarchive&type=2&letter=S&catid=0&themeid=0&searchtext=&entries=0&order= HTTP/1.1" 302 - "-" "Mozilla/5.0 (compatible; Ezooms/1.0; help@moz.com)"
208.115.111.69 - - [29/Jan/2014:03:47:21 +0100] "GET /include.php?path=contentarchive&type=3&letter=Y&catid=0&themeid=0&searchtext=&entries=0&order= HTTP/1.1" 404 1256 "-" "Mozilla/5.0 (compatible; Ezooms/1.0; help@moz.com)"
208.115.113.85 - - [29/Jan/2014:05:41:52 +0100] "GET /?path=contentarchive&type=2&letter=alle&catid=0&themeid=0&searchtext=&entries=0&order= HTTP/1.1" 302 - "-" "Mozilla/5.0 (compatible; Ezooms/1.0; help@moz.com)"
208.115.113.85 - - [29/Jan/2014:05:41:55 +0100] "GET /include.php?path=contentarchive&type=3&letter=alle&catid=0&themeid=0&searchtext=&entries=0&order= HTTP/1.1" 404 1256 "-" "Mozilla/5.0 (compatible; Ezooms/1.0; help@moz.com)"
208.115.111.69 - - [29/Jan/2014:05:49:32 +0100] "GET /robots.txt HTTP/1.1" 404 1256 "-" "Mozilla/5.0 (compatible; Ezooms/1.0; help@moz.com)"
141.8.147.12 - - [29/Jan/2014:06:14:24 +0100] "GET /robots.txt HTTP/1.1" 404 1256 "-" "Mozilla/5.0 (compatible; YandexBot/3.0; +http://yandex.com/bots)"
141.8.147.12 - - [29/Jan/2014:06:14:26 +0100] "GET / HTTP/1.1" 302 - "-" "Mozilla/5.0 (compatible; YandexBot/3.0; +http://yandex.com/bots)"
208.115.111.69 - - [29/Jan/2014:07:43:57 +0100] "GET /?path=content&contentid=81&nid=2 HTTP/1.1" 302 - "-" "Mozilla/5.0 (compatible; Ezooms/1.0; help@moz.com)"
66.249.78.115 - - [29/Jan/2014:08:21:25 +0100] "GET /robots.txt HTTP/1.1" 404 1256 "-" "Mozilla/5.0 (compatible; Googlebot/2.1; +http://www.google.com/bot.html)"
66.249.78.115 - - [29/Jan/2014:08:21:25 +0100] "GET / HTTP/1.1" 302 - "-" "Mozilla/5.0 (compatible; Googlebot/2.1; +http://www.google.com/bot.html)"
185.30.176.35 - - [29/Jan/2014:08:39:45 +0100] "GET / HTTP/1.0" 302 - "http://www.fls-berlin.de/" "Mozilla/5.0 (Linux; U; Android 4.0.3; ko-kr; LG-L160L Build/IML74K) AppleWebkit/534.30 (KHTML, like Gecko) Version/4.0 Mobile Safari/534.30"
185.30.176.35 - - [29/Jan/2014:08:39:45 +0100] "GET / HTTP/1.0" 302 - "http://www.fls-berlin.de/" "Mozilla/5.0 (Windows NT 6.1; WOW64; rv:18.0) Gecko/20100101 Firefox/18.0"
185.30.176.35 - - [29/Jan/2014:08:39:45 +0100] "GET / HTTP/1.0" 302 - "http://www.fls-berlin.de/" "Mozilla/5.0 (iPhone; CPU iPhone OS 5_0_1 like Mac OS X) AppleWebKit/534.46 (KHTML, like Gecko) Version/5.1 Mobile/9A405 Safari/7534.48.3"
185.30.176.35 - - [29/Jan/2014:08:39:56 +0100] "GET //favicon.ico HTTP/1.0" 404 1256 "http://www.fls-berlin.de//favicon.ico" "Mozilla/5.0 (compatible; U; AnyEvent-HTTP/1.46; +http://software.schmorp.de/pkg/AnyEvent)"
185.30.176.35 - - [29/Jan/2014:08:39:56 +0100] "GET /favicon.ico HTTP/1.0" 404 1256 "http://www.fls-berlin.de/favicon.ico" "Mozilla/5.0 (compatible; U; AnyEvent-HTTP/1.46; +http://software.schmorp.de/pkg/AnyEvent)"
185.30.176.35 - - [29/Jan/2014:08:39:56 +0100] "GET /favicon.gif HTTP/1.0" 404 1256 "http://www.fls-berlin.de/favicon.gif" "Mozilla/5.0 (compatible; U; AnyEvent-HTTP/1.46; +http://software.schmorp.de/pkg/AnyEvent)"
185.30.176.35 - - [29/Jan/2014:08:39:56 +0100] "GET /favicon.png HTTP/1.0" 404 1256 "http://www.fls-berlin.de/favicon.png" "Mozilla/5.0 (compatible; U; AnyEvent-HTTP/1.46; +http://software.schmorp.de/pkg/AnyEvent)"
185.30.176.35 - - [29/Jan/2014:08:39:56 +0100] "GET /favicon.svg HTTP/1.0" 404 1256 "http://www.fls-berlin.de/favicon.svg" "Mozilla/5.0 (compatible; U; AnyEvent-HTTP/1.46; +http://software.schmorp.de/pkg/AnyEvent)"
185.30.176.35 - - [29/Jan/2014:08:39:56 +0100] "GET //favicon.ico HTTP/1.0" 404 1256 "http://www.fls-berlin.de//favicon.ico" "Mozilla/5.0 (compatible; U; AnyEvent-HTTP/1.46; +http://software.schmorp.de/pkg/AnyEvent)"
185.30.176.35 - - [29/Jan/2014:08:39:56 +0100] "GET /favicon.ico HTTP/1.0" 404 1256 "http://www.fls-berlin.de/favicon.ico" "Mozilla/5.0 (compatible; U; AnyEvent-HTTP/1.46; +http://software.schmorp.de/pkg/AnyEvent)"
185.30.176.35 - - [29/Jan/2014:08:39:56 +0100] "GET /favicon.gif HTTP/1.0" 404 1256 "http://www.fls-berlin.de/favicon.gif" "Mozilla/5.0 (compatible; U; AnyEvent-HTTP/1.46; +http://software.schmorp.de/pkg/AnyEvent)"
185.30.176.35 - - [29/Jan/2014:08:39:56 +0100] "GET /favicon.png HTTP/1.0" 404 1256 "http://www.fls-berlin.de/favicon.png" "Mozilla/5.0 (compatible; U; AnyEvent-HTTP/1.46; +http://software.schmorp.de/pkg/AnyEvent)"
185.30.176.35 - - [29/Jan/2014:08:39:56 +0100] "GET /favicon.svg HTTP/1.0" 404 1256 "http://www.fls-berlin.de/favicon.svg" "Mozilla/5.0 (compatible; U; AnyEvent-HTTP/1.46; +http://software.schmorp.de/pkg/AnyEvent)"
185.30.176.35 - - [29/Jan/2014:08:39:57 +0100] "GET //favicon.ico HTTP/1.0" 404 1256 "http://www.fls-berlin.de//favicon.ico" "Mozilla/5.0 (compatible; U; AnyEvent-HTTP/1.46; +http://software.schmorp.de/pkg/AnyEvent)"
185.30.176.35 - - [29/Jan/2014:08:39:57 +0100] "GET /favicon.ico HTTP/1.0" 404 1256 "http://www.fls-berlin.de/favicon.ico" "Mozilla/5.0 (compatible; U; AnyEvent-HTTP/1.46; +http://software.schmorp.de/pkg/AnyEvent)"
185.30.176.35 - - [29/Jan/2014:08:39:57 +0100] "GET /favicon.gif HTTP/1.0" 404 1256 "http://www.fls-berlin.de/favicon.gif" "Mozilla/5.0 (compatible; U; AnyEvent-HTTP/1.46; +http://software.schmorp.de/pkg/AnyEvent)"
185.30.176.35 - - [29/Jan/2014:08:39:57 +0100] "GET /favicon.png HTTP/1.0" 404 1256 "http://www.fls-berlin.de/favicon.png" "Mozilla/5.0 (compatible; U; AnyEvent-HTTP/1.46; +http://software.schmorp.de/pkg/AnyEvent)"
185.30.176.35 - - [29/Jan/2014:08:39:57 +0100] "GET /favicon.svg HTTP/1.0" 404 1256 "http://www.fls-berlin.de/favicon.svg" "Mozilla/5.0 (compatible; U; AnyEvent-HTTP/1.46; +http://software.schmorp.de/pkg/AnyEvent)"
91.64.111.55 - - [29/Jan/2014:09:04:14 +0100] "GET / HTTP/1.1" 302 - "-" "Mozilla/5.0 (Windows NT 6.1; WOW64; rv:26.0) Gecko/20100101 Firefox/26.0"
208.115.111.69 - - [29/Jan/2014:10:10:50 +0100] "GET /robots.txt HTTP/1.1" 404 1256 "-" "Mozilla/5.0 (compatible; Ezooms/1.0; help@moz.com)"
84.191.183.11 - - [29/Jan/2014:10:44:54 +0100] "GET / HTTP/1.0" 302 - "http://www.bing.com/search?q=friedrich+list+schule&src=IE-SearchBox&Form=IE8SRC" "Mozilla/4.0 (compatible; MSIE 8.0; Windows NT 5.1; Trident/4.0; .NET CLR 2.0.50727; .NET CLR 3.0.4506.2152; .NET CLR 3.5.30729; InfoPath.1; .NET4.0C; .NET4.0E)"
208.115.111.69 - - [29/Jan/2014:10:45:04 +0100] "GET / HTTP/1.1" 302 - "-" "Mozilla/5.0 (compatible; Ezooms/1.0; help@moz.com)"
208.115.113.85 - - [29/Jan/2014:12:18:29 +0100] "GET /robots.txt HTTP/1.1" 404 1256 "-" "Mozilla/5.0 (compatible; Ezooms/1.0; help@moz.com)"
198.143.130.90 - - [29/Jan/2014:14:13:17 +0100] "GET / HTTP/1.1" 302 - "-" "Mozilla/5.0 (compatible; BLEXBot/1.0; +http://webmeup-crawler.com/)"
208.115.113.85 - - [29/Jan/2014:14:17:34 +0100] "GET /include.php?path=contentarchive&type=2&letter=I&catid=0&themeid=0&searchtext=&entries=0&order=title HTTP/1.1" 404 1256 "-" "Mozilla/5.0 (compatible; Ezooms/1.0; help@moz.com)"
208.115.113.85 - - [29/Jan/2014:14:17:38 +0100] "GET /include.php?path=contentarchive&type=2&nid=30 HTTP/1.1" 404 1256 "-" "Mozilla/5.0 (compatible; Ezooms/1.0; help@moz.com)"
89.246.80.219 - - [29/Jan/2014:14:34:52 +0100] "GET / HTTP/1.1" 302 - "http://web2.cylex.de/reviews/viewcompanywebsite.aspx?firmaName=osz-wirtschaftssprachen-friedrich--list--schule-kompetenzzentrum-fuer-internationale-beziehungen&companyId=6274919" "Mozilla/4.0 (compatible; MSIE 8.0; Windows NT 6.1; WOW64; Trident/4.0; SLCC2; .NET CLR 2.0.50727; .NET CLR 3.5.30729; .NET CLR 3.0.30729; Media Center PC 6.0; .NET4.0C; .NET4.0E)"
66.249.78.115 - - [29/Jan/2014:14:46:11 +0100] "GET /robots.txt HTTP/1.1" 404 1256 "-" "Mozilla/5.0 (compatible; Googlebot/2.1; +http://www.google.com/bot.html)"
66.249.78.115 - - [29/Jan/2014:14:46:11 +0100] "GET / HTTP/1.1" 302 - "-" "SAMSUNG-SGH-E250/1.0 Profile/MIDP-2.0 Configuration/CLDC-1.1 UP.Browser/6.2.3.3.c.1.101 (GUI) MMP/2.0 (compatible; Googlebot-Mobile/2.1; +http://www.google.com/bot.html)"
208.115.113.85 - - [29/Jan/2014:15:41:36 +0100] "GET /robots.txt HTTP/1.1" 404 1256 "-" "Mozilla/5.0 (compatible; Ezooms/1.0; help@moz.com)"
93.219.245.214 - - [29/Jan/2014:16:32:40 +0100] "GET / HTTP/1.1" 302 - "http://www.google.de/url?sa=t&rct=j&q=&esrc=s&source=web&cd=1&ved=0CC4QFjAA&url=http%3A%2F%2Fwww.friedrich-list-berlin.de%2F&ei=-R7pUseZJ8LLtQbC9oCoBA&usg=AFQjCNGsKs3TvBQ4z91zrYvo9_SfKi5nug&bvm=bv.60157871,d.Yms" "Mozilla/5.0 (Windows NT 6.0; rv:26.0) Gecko/20100101 Firefox/26.0"
91.106.121.178 - - [29/Jan/2014:16:32:46 +0100] "GET / HTTP/1.1" 302 - "http://domino2.berufsschulen.de/db/berufsschulen.nsf/Berlin?OpenView&Start=1" "Mozilla/5.0 (Windows NT 6.1; WOW64; rv:24.0) Gecko/20131020 Firefox/24.0"
208.115.113.85 - - [29/Jan/2014:17:37:55 +0100] "GET /?path=start HTTP/1.1" 302 - "-" "Mozilla/5.0 (compatible; Ezooms/1.0; help@moz.com)"
208.115.113.85 - - [29/Jan/2014:17:37:59 +0100] "GET /include.php?path=content&contentid=35 HTTP/1.1" 404 1256 "-" "Mozilla/5.0 (compatible; Ezooms/1.0; help@moz.com)"
208.115.111.69 - - [29/Jan/2014:17:51:02 +0100] "GET /robots.txt HTTP/1.1" 404 1256 "-" "Mozilla/5.0 (compatible; Ezooms/1.0; help@moz.com)"
141.8.147.12 - - [29/Jan/2014:18:37:05 +0100] "GET /robots.txt HTTP/1.1" 404 1256 "-" "Mozilla/5.0 (compatible; YandexBot/3.0; +http://yandex.com/bots)"
178.77.126.55 - - [29/Jan/2014:18:55:07 +0100] "GET /robots.txt HTTP/1.1" 404 1256 "-" "Mozilla/5.0 (compatible; CareerBot/1.1; +http://www.career-x.de/bot.html)"
178.77.126.55 - - [29/Jan/2014:18:55:07 +0100] "GET / HTTP/1.1" 302 - "-" "Mozilla/5.0 (compatible; CareerBot/1.1; +http://www.career-x.de/bot.html)"
209.133.77.166 - - [29/Jan/2014:18:56:24 +0100] "GET / HTTP/1.1" 302 - "-" "Mozilla/4.0 (compatible; MSIE 7.0; Windows NT 5.1; .NET CLR 1.1.4322; .NET CLR 2.0.50727; .NET CLR 3.0.4506.2152; .NET CLR 3.5.30729; InfoPath.2; MS-RTC LM 8)"
141.8.147.12 - - [29/Jan/2014:19:17:18 +0100] "GET / HTTP/1.1" 302 - "-" "Mozilla/5.0 (compatible; YandexBot/3.0; +http://yandex.com/bots)"
82.49.176.137 - - [29/Jan/2014:19:37:11 +0100] "GET / HTTP/1.1" 302 - "-" "Java/1.7.0_25"
82.49.176.137 - - [29/Jan/2014:19:37:23 +0100] "GET /fls_1_aktuelles.php HTTP/1.1" 404 1256 "-" "Java/1.7.0_25"
82.49.176.137 - - [29/Jan/2014:19:37:29 +0100] "GET /fls_2_fremdsprachensekr.php HTTP/1.1" 404 1256 "-" "Java/1.7.0_25"
82.49.176.137 - - [29/Jan/2014:19:37:32 +0100] "GET /fls_3_fls_international.php HTTP/1.1" 404 1256 "-" "Java/1.7.0_25"
82.49.176.137 - - [29/Jan/2014:19:37:32 +0100] "GET /fls_4_faq.php HTTP/1.1" 404 1256 "-" "Java/1.7.0_25"
82.49.176.137 - - [29/Jan/2014:19:37:32 +0100] "GET /fls_4_impressum.php HTTP/1.1" 404 1256 "-" "Java/1.7.0_25"
82.49.176.137 - - [29/Jan/2014:19:37:32 +0100] "GET /fls_4_kontakt_anmeldung.php HTTP/1.1" 404 1256 "-" "Java/1.7.0_25"
82.49.176.137 - - [29/Jan/2014:19:37:32 +0100] "GET /index.php HTTP/1.1" 302 - "-" "Java/1.7.0_25"
82.49.176.137 - - [29/Jan/2014:19:37:36 +0100] "GET /index_en.php HTTP/1.1" 404 1256 "-" "Java/1.7.0_25"
82.49.176.137 - - [29/Jan/2014:19:37:36 +0100] "GET /index_fr.php HTTP/1.1" 404 1256 "-" "Java/1.7.0_25"
82.49.176.137 - - [29/Jan/2014:19:37:39 +0100] "GET /index_sp.php HTTP/1.1" 404 1256 "-" "Java/1.7.0_25"
82.49.176.137 - - [29/Jan/2014:19:37:39 +0100] "GET /& HTTP/1.1" 404 1256 "-" "Java/1.7.0_25"
82.49.176.137 - - [29/Jan/2014:19:37:40 +0100] "GET /& HTTP/1.1" 404 1256 "-" "Java/1.7.0_25"
82.49.176.137 - - [29/Jan/2014:19:37:40 +0100] "GET /& HTTP/1.1" 404 1256 "-" "Java/1.7.0_25"
82.49.176.137 - - [29/Jan/2014:19:37:40 +0100] "GET /& HTTP/1.1" 404 1256 "-" "Java/1.7.0_25"
82.49.176.137 - - [29/Jan/2014:19:37:40 +0100] "GET /& HTTP/1.1" 404 1256 "-" "Java/1.7.0_25"
82.49.176.137 - - [29/Jan/2014:19:37:40 +0100] "GET /& HTTP/1.1" 404 1256 "-" "Java/1.7.0_25"
82.49.176.137 - - [29/Jan/2014:19:37:41 +0100] "GET /& HTTP/1.1" 404 1256 "-" "Java/1.7.0_25"
82.49.176.137 - - [29/Jan/2014:19:37:41 +0100] "GET /& HTTP/1.1" 404 1256 "-" "Java/1.7.0_25"
82.49.176.137 - - [29/Jan/2014:19:37:41 +0100] "GET /& HTTP/1.1" 404 1256 "-" "Java/1.7.0_25"
82.49.176.137 - - [29/Jan/2014:19:37:42 +0100] "GET /& HTTP/1.1" 404 1256 "-" "Java/1.7.0_25"
82.49.176.137 - - [29/Jan/2014:19:37:42 +0100] "GET /& HTTP/1.1" 404 1256 "-" "Java/1.7.0_25"
82.49.176.137 - - [29/Jan/2014:19:37:42 +0100] "GET /& HTTP/1.1" 404 1256 "-" "Java/1.7.0_25"
82.49.176.137 - - [29/Jan/2014:19:37:42 +0100] "GET /& HTTP/1.1" 404 1256 "-" "Java/1.7.0_25"
82.49.176.137 - - [29/Jan/2014:19:37:42 +0100] "GET /& HTTP/1.1" 404 1256 "-" "Java/1.7.0_25"
82.49.176.137 - - [29/Jan/2014:19:37:43 +0100] "GET /& HTTP/1.1" 404 1256 "-" "Java/1.7.0_25"
82.49.176.137 - - [29/Jan/2014:19:37:43 +0100] "GET /& HTTP/1.1" 404 1256 "-" "Java/1.7.0_25"
82.49.176.137 - - [29/Jan/2014:19:37:43 +0100] "GET /& HTTP/1.1" 404 1256 "-" "Java/1.7.0_25"
82.49.176.137 - - [29/Jan/2014:19:37:43 +0100] "GET /& HTTP/1.1" 404 1256 "-" "Java/1.7.0_25"
82.49.176.137 - - [29/Jan/2014:19:37:43 +0100] "GET /& HTTP/1.1" 404 1256 "-" "Java/1.7.0_25"
82.49.176.137 - - [29/Jan/2014:19:37:44 +0100] "GET /& HTTP/1.1" 404 1256 "-" "Java/1.7.0_25"
208.115.113.85 - - [29/Jan/2014:19:38:11 +0100] "GET /robots.txt HTTP/1.1" 404 1256 "-" "Mozilla/5.0 (compatible; Ezooms/1.0; help@moz.com)"
208.115.111.69 - - [29/Jan/2014:19:50:40 +0100] "GET /?path=content&contentid=35 HTTP/1.1" 302 - "-" "Mozilla/5.0 (compatible; Ezooms/1.0; help@moz.com)"
208.115.111.69 - - [29/Jan/2014:19:50:42 +0100] "GET /include.php?path=contentarchive&type=2&letter=G&catid=0&themeid=0&searchtext=&entries=0&order= HTTP/1.1" 404 1256 "-" "Mozilla/5.0 (compatible; Ezooms/1.0; help@moz.com)"
208.115.111.69 - - [29/Jan/2014:19:50:48 +0100] "GET /include.php?path=contentarchive&type=2&letter=X&catid=0&themeid=0&searchtext=&entries=0&order=title HTTP/1.1" 404 1256 "-" "Mozilla/5.0 (compatible; Ezooms/1.0; help@moz.com)"
208.115.111.69 - - [29/Jan/2014:19:50:52 +0100] "GET /include.php?path=contentarchive&type=2&letter=alle&catid=0&themeid=0&searchtext=&entries=0&order=title HTTP/1.1" 404 1256 "-" "Mozilla/5.0 (compatible; Ezooms/1.0; help@moz.com)"
198.143.130.90 - - [29/Jan/2014:20:02:10 +0100] "GET / HTTP/1.1" 302 - "-" "Mozilla/5.0 (compatible; BLEXBot/1.0; +http://webmeup-crawler.com/)"
79.216.65.105 - - [29/Jan/2014:20:53:44 +0100] "GET / HTTP/1.1" 302 - "http://www.educacion.gob.es/exterior/al/es/espaniol/ele_berlin2012.pdf" "Mozilla/5.0 (Macintosh; Intel Mac OS X 10.9; rv:26.0) Gecko/20100101 Firefox/26.0"
92.225.130.166 - - [29/Jan/2014:21:20:36 +0100] "GET / HTTP/1.1" 302 - "http://www.google.de/url?sa=t&rct=j&q=friedrich%20list%20schule%20berlin&source=web&cd=6&ved=0CEcQFjAF&url=http%3A%2F%2Fwww.friedrich-list-berlin.de%2F&ei=cGLpUqKQLcTXsgahmoDwAQ&usg=AFQjCNGsKs3TvBQ4z91zrYvo9_SfKi5nug&bvm=bv.60157871,d.Yms" "Mozilla/5.0 (Macintosh; U; Intel Mac OS X 10_6_8; de-de) AppleWebKit/533.21.1 (KHTML, like Gecko) Version/5.0.5 Safari/533.21.1"
208.115.113.85 - - [29/Jan/2014:21:39:08 +0100] "GET /?path=contentarchive&type=2&letter=J&catid=0&themeid=0&searchtext=&entries=0&order= HTTP/1.1" 302 - "-" "Mozilla/5.0 (compatible; Ezooms/1.0; help@moz.com)"
208.115.111.69 - - [29/Jan/2014:21:57:28 +0100] "GET /robots.txt HTTP/1.1" 404 1256 "-" "Mozilla/5.0 (compatible; Ezooms/1.0; help@moz.com)"
208.115.113.85 - - [29/Jan/2014:23:47:35 +0100] "GET /robots.txt HTTP/1.1" 404 1256 "-" "Mozilla/5.0 (compatible; Ezooms/1.0; help@moz.com)"
208.115.111.69 - - [29/Jan/2014:23:52:34 +0100] "GET /?path=contentarchive&type=2&letter=R&catid=0&themeid=0&searchtext=&entries=0&order= HTTP/1.1" 302 - "-" "Mozilla/5.0 (compatible; Ezooms/1.0; help@moz.com)"
208.115.111.69 - - [29/Jan/2014:23:52:37 +0100] "GET /include.php?path=contentarchive&type=2&letter=U&catid=0&themeid=0&searchtext=&entries=0&order= HTTP/1.1" 404 1256 "-" "Mozilla/5.0 (compatible; Ezooms/1.0; help@moz.com)"
208.115.113.85 - - [30/Jan/2014:01:45:05 +0100] "GET /include.php?path=contentarchive&type=2&letter=0-9&catid=0&themeid=0&searchtext=&entries=0&order= HTTP/1.1" 404 1256 "-" "Mozilla/5.0 (compatible; Ezooms/1.0; help@moz.com)"
208.115.111.69 - - [30/Jan/2014:01:49:37 +0100] "GET /robots.txt HTTP/1.1" 404 1256 "-" "Mozilla/5.0 (compatible; Ezooms/1.0; help@moz.com)"
66.249.66.240 - - [30/Jan/2014:02:55:55 +0100] "GET /robots.txt HTTP/1.1" 404 1256 "-" "Mozilla/5.0 (compatible; Googlebot/2.1; +http://www.google.com/bot.html)"
66.249.66.240 - - [30/Jan/2014:02:55:55 +0100] "GET /include.php?path=contentarchive&type=1&letter=alle&catid=1&themeid=0&searchtext=&entries=0&order=titled HTTP/1.1" 404 1256 "-" "Mozilla/5.0 (compatible; Googlebot/2.1; +http://www.google.com/bot.html)"
176.9.48.201 - - [30/Jan/2014:03:15:34 +0100] "GET /robots.txt HTTP/1.1" 404 1256 "-" "Mozilla/5.0 (X11; Ubuntu; Linux x86_64; rv:15.0) Gecko/20100101 Firefox/15.0.1"
176.9.48.201 - - [30/Jan/2014:03:15:34 +0100] "GET / HTTP/1.1" 302 - "-" "Mozilla/5.0 (X11; Ubuntu; Linux x86_64; rv:15.0) Gecko/20100101 Firefox/15.0.1"
5.9.42.111 - - [30/Jan/2014:03:16:23 +0100] "GET /robots.txt HTTP/1.1" 404 1256 "-" "Mozilla/5.0 (X11; Ubuntu; Linux x86_64; rv:15.0) Gecko/20100101 Firefox/15.0.1"
5.9.42.111 - - [30/Jan/2014:03:16:23 +0100] "GET / HTTP/1.1" 302 - "-" "Mozilla/5.0 (X11; Ubuntu; Linux x86_64; rv:15.0) Gecko/20100101 Firefox/15.0.1"
208.115.111.69 - - [30/Jan/2014:03:44:57 +0100] "GET /?path=contentarchive&type=2&letter=0-9&catid=0&themeid=0&searchtext=&entries=0&order= HTTP/1.1" 302 - "-" "Mozilla/5.0 (compatible; Ezooms/1.0; help@moz.com)"
208.115.111.69 - - [30/Jan/2014:03:44:59 +0100] "GET /include.php?path=contentarchive&type=2&letter=R&catid=0&themeid=0&searchtext=&entries=0&order= HTTP/1.1" 404 1256 "-" "Mozilla/5.0 (compatible; Ezooms/1.0; help@moz.com)"
208.115.111.69 - - [30/Jan/2014:03:45:02 +0100] "GET /include.php?path=contentarchive&type=2&letter=S&catid=0&themeid=0&searchtext=&entries=0&order=title HTTP/1.1" 404 1256 "-" "Mozilla/5.0 (compatible; Ezooms/1.0; help@moz.com)"
54.202.106.11 - - [30/Jan/2014:06:02:51 +0100] "GET / HTTP/1.1" 302 - "http://www.ausergrubhof.info" "Mozilla/5.0 (Windows NT 6.1; Win64; x64; rv:25.0) Gecko/20100101 Firefox/25.0"
46.165.197.142 - - [30/Jan/2014:08:07:57 +0100] "GET /robots.txt HTTP/1.0" 404 1256 "-" "Mozilla/5.0 (compatible; MJ12bot/v1.4.4; http://www.majestic12.co.uk/bot.php?+)"
46.165.197.142 - - [30/Jan/2014:08:08:00 +0100] "GET / HTTP/1.0" 302 - "-" "Mozilla/5.0 (compatible; MJ12bot/v1.4.4; http://www.majestic12.co.uk/bot.php?+)"
54.197.54.67 - - [30/Jan/2014:08:41:59 +0100] "HEAD /robots.txt HTTP/1.1" 404 - "http://netcomber.com/fls-berlin.de?st=br2" "fls-berlin.de"
54.197.54.67 - - [30/Jan/2014:08:41:59 +0100] "GET /robots.txt HTTP/1.1" 404 1256 "http://netcomber.com/fls-berlin.de?st=br2" "fls-berlin.de"
54.197.54.67 - - [30/Jan/2014:08:42:02 +0100] "HEAD / HTTP/1.1" 302 - "http://netcomber.com/fls-berlin.de?st=br2" "fls-berlin.de"
54.197.54.67 - - [30/Jan/2014:08:42:02 +0100] "GET / HTTP/1.1" 302 - "http://netcomber.com/fls-berlin.de?st=br2" "fls-berlin.de"
66.249.78.236 - - [30/Jan/2014:10:02:05 +0100] "GET /include.php?path=contentarchive&type=1&letter=L&catid=0&themeid=0&searchtext=&entries=5&order=title&nid=4 HTTP/1.1" 404 1256 "-" "Mozilla/5.0 (compatible; Googlebot/2.1; +http://www.google.com/bot.html)"
66.249.78.236 - - [30/Jan/2014:10:25:46 +0100] "GET /include.php?path=contentarchive&type=4&letter=X&catid=8&themeid=0&searchtext=&entries=0&order=titled&nid=13 HTTP/1.1" 404 1256 "-" "Mozilla/5.0 (compatible; Googlebot/2.1; +http://www.google.com/bot.html)"
66.249.78.236 - - [30/Jan/2014:10:37:42 +0100] "GET /include.php?path=contentarchive&type=4&letter=N&catid=8&themeid=0&searchtext=&entries=0&order=titled&nid=4 HTTP/1.1" 404 1256 "-" "Mozilla/5.0 (compatible; Googlebot/2.1; +http://www.google.com/bot.html)"
141.8.147.12 - - [30/Jan/2014:11:20:00 +0100] "GET /robots.txt HTTP/1.1" 404 1256 "-" "Mozilla/5.0 (compatible; YandexBot/3.0; +http://yandex.com/bots)"
141.8.147.12 - - [30/Jan/2014:11:20:02 +0100] "GET / HTTP/1.1" 302 - "-" "Mozilla/5.0 (compatible; YandexBot/3.0; +http://yandex.com/bots)"
129.247.247.239 - - [30/Jan/2014:11:53:43 +0100] "GET / HTTP/1.1" 302 - "http://www.google.de/url?sa=t&rct=j&q=&esrc=s&frm=1&source=web&cd=1&ved=0CCwQFjAA&url=http%3A%2F%2Fwww.friedrich-list-berlin.de%2F&ei=Ci_qUv7jMsmQtQb72YG4DA&usg=AFQjCNGsKs3TvBQ4z91zrYvo9_SfKi5nug&bvm=bv.60444564,d.Yms" "Mozilla/5.0 (compatible; MSIE 9.0; Windows NT 6.1; WOW64; Trident/5.0)"
208.115.113.85 - - [30/Jan/2014:12:00:37 +0100] "GET /robots.txt HTTP/1.1" 404 1256 "-" "Mozilla/5.0 (compatible; Ezooms/1.0; help@moz.com)"
95.7.239.91 - - [30/Jan/2014:12:13:31 +0100] "GET / HTTP/1.1" 302 - "http://www.google.com.tr/url?sa=t&rct=j&q=&esrc=s&source=web&cd=1&ved=0CC0QFjAA&url=http%3A%2F%2Fwww.friedrich-list-berlin.de%2F&ei=rzPqUuO8IIPW7QbcjYHIAQ&usg=AFQjCNGsKs3TvBQ4z91zrYvo9_SfKi5nug&bvm=bv.60444564,d.ZGU" "Mozilla/5.0 (Windows NT 6.0; rv:26.0) Gecko/20100101 Firefox/26.0"
66.249.76.188 - - [30/Jan/2014:12:46:40 +0100] "GET /robots.txt HTTP/1.1" 404 1256 "-" "Mozilla/5.0 (compatible; Googlebot/2.1; +http://www.google.com/bot.html)"
66.249.76.188 - - [30/Jan/2014:12:46:40 +0100] "GET /include.php?path=contentarchive&type=2&letter=W&catid=9&themeid=0&searchtext=&entries=0&order=&nid=19 HTTP/1.1" 404 1256 "-" "Mozilla/5.0 (compatible; Googlebot/2.1; +http://www.google.com/bot.html)"
66.249.76.188 - - [30/Jan/2014:12:58:41 +0100] "GET /include.php?path=contentarchive&type=2&catid=9&letter=F&entries=0&searchtext=&order=titled&nid=32 HTTP/1.1" 404 1256 "-" "Mozilla/5.0 (compatible; Googlebot/2.1; +http://www.google.com/bot.html)"
66.249.76.188 - - [30/Jan/2014:13:10:33 +0100] "GET /include.php?path=contentarchive&type=4&catid=7&letter=C&entries=0&searchtext=&order=dated&nid=19 HTTP/1.1" 404 1256 "-" "Mozilla/5.0 (compatible; Googlebot/2.1; +http://www.google.com/bot.html)"
66.249.76.188 - - [30/Jan/2014:13:22:58 +0100] "GET /include.php?path=contentarchive&type=2&letter=B&catid=9&themeid=0&searchtext=&entries=0&order=title&nid=13 HTTP/1.1" 404 1256 "-" "Mozilla/5.0 (compatible; Googlebot/2.1; +http://www.google.com/bot.html)"
66.249.66.240 - - [30/Jan/2014:13:35:06 +0100] "GET /include.php?path=contentarchive&type=2&letter=J&catid=9&themeid=0&searchtext=&entries=0&order=title&nid=4 HTTP/1.1" 404 1256 "-" "Mozilla/5.0 (compatible; Googlebot/2.1; +http://www.google.com/bot.html)"
208.115.113.85 - - [30/Jan/2014:14:00:08 +0100] "GET /include.php?path=contentarchive&type=2&letter=H&catid=0&themeid=0&searchtext=&entries=0&order=title HTTP/1.1" 404 1256 "-" "Mozilla/5.0 (compatible; Ezooms/1.0; help@moz.com)"
208.115.111.69 - - [30/Jan/2014:14:04:44 +0100] "GET /robots.txt HTTP/1.1" 404 1256 "-" "Mozilla/5.0 (compatible; Ezooms/1.0; help@moz.com)"
188.103.161.219 - - [30/Jan/2014:14:35:40 +0100] "GET / HTTP/1.1" 302 - "http://www.berlin.de/sen/bildung/schulverzeichnis_und_portraets/anwendung/Schulportrait.aspx?IDSchulzweig=11652" "Mozilla/5.0 (Windows NT 6.1; WOW64) AppleWebKit/537.36 (KHTML, like Gecko) Chrome/32.0.1700.76 Safari/537.36"
208.115.113.85 - - [30/Jan/2014:15:42:53 +0100] "GET /robots.txt HTTP/1.1" 404 1256 "-" "Mozilla/5.0 (compatible; Ezooms/1.0; help@moz.com)"
208.115.111.69 - - [30/Jan/2014:15:57:32 +0100] "GET /include.php?path=contentarchive&type=2&letter=N&catid=0&themeid=0&searchtext=&entries=0&order= HTTP/1.1" 404 1256 "-" "Mozilla/5.0 (compatible; Ezooms/1.0; help@moz.com)"
62.157.37.197 - - [30/Jan/2014:16:03:22 +0100] "GET / HTTP/1.1" 302 - "https://www.google.de/" "Mozilla/5.0 (Windows NT 6.1; WOW64) AppleWebKit/537.36 (KHTML, like Gecko) Chrome/32.0.1700.102 Safari/537.36"
195.235.218.234 - - [30/Jan/2014:16:15:25 +0100] "GET / HTTP/1.1" 302 - "http://www.educacion.gob.es/exterior/al/es/espaniol/ele_berlin2012.pdf" "Mozilla/5.0 (Windows NT 6.1) AppleWebKit/537.36 (KHTML, like Gecko) Chrome/31.0.1650.57 Safari/537.36"
92.78.179.5 - - [30/Jan/2014:17:01:17 +0100] "GET / HTTP/1.1" 302 - "-" "Mozilla/4.0 (compatible; MSIE 7.0; Windows NT 6.2; WOW64; Trident/6.0; .NET4.0E; .NET4.0C; .NET CLR 3.5.30729; .NET CLR 2.0.50727; .NET CLR 3.0.30729; InfoPath.3; MAARJS; ms-office)"
208.115.113.85 - - [30/Jan/2014:17:38:19 +0100] "GET /include.php?path=contentarchive&type=2&letter=M&catid=0&themeid=0&searchtext=&entries=0&order= HTTP/1.1" 404 1256 "-" "Mozilla/5.0 (compatible; Ezooms/1.0; help@moz.com)"
208.115.113.85 - - [30/Jan/2014:17:38:22 +0100] "GET /include.php?path=contentarchive&type=2&letter=P&catid=0&themeid=0&searchtext=&entries=0&order= HTTP/1.1" 404 1256 "-" "Mozilla/5.0 (compatible; Ezooms/1.0; help@moz.com)"
208.115.111.69 - - [30/Jan/2014:17:55:55 +0100] "GET /robots.txt HTTP/1.1" 404 1256 "-" "Mozilla/5.0 (compatible; Ezooms/1.0; help@moz.com)"
66.249.76.188 - - [30/Jan/2014:18:53:52 +0100] "GET / HTTP/1.1" 302 - "-" "SAMSUNG-SGH-E250/1.0 Profile/MIDP-2.0 Configuration/CLDC-1.1 UP.Browser/6.2.3.3.c.1.101 (GUI) MMP/2.0 (compatible; Googlebot-Mobile/2.1; +http://www.google.com/bot.html)"
79.194.241.59 - - [30/Jan/2014:19:33:42 +0100] "GET / HTTP/1.1" 302 - "https://www.google.de/" "Mozilla/5.0 (Windows NT 6.1; WOW64) AppleWebKit/537.36 (KHTML, like Gecko) Chrome/32.0.1700.76 Safari/537.36"
178.255.215.70 - - [30/Jan/2014:19:44:47 +0100] "GET /robots.txt HTTP/1.1" 404 1256 "-" "Mozilla/5.0 (compatible; Exabot/3.0; +http://www.exabot.com/go/robot)"
178.255.215.70 - - [30/Jan/2014:19:44:47 +0100] "GET / HTTP/1.1" 302 - "-" "Mozilla/5.0 (compatible; Exabot/3.0; +http://www.exabot.com/go/robot)"
208.115.111.69 - - [30/Jan/2014:19:50:54 +0100] "GET /include.php?path=contentarchive&type=2&letter=J&catid=0&themeid=0&searchtext=&entries=0&order=title HTTP/1.1" 404 1256 "-" "Mozilla/5.0 (compatible; Ezooms/1.0; help@moz.com)"
66.249.76.188 - - [30/Jan/2014:20:36:16 +0100] "GET /include.php?path=download&contentid=124&download=go&mirror=1 HTTP/1.1" 404 1256 "-" "Mozilla/5.0 (compatible; Googlebot/2.1; +http://www.google.com/bot.html)"
66.249.76.188 - - [30/Jan/2014:20:42:14 +0100] "GET /include.php?path=contentarchive&type=2&catid=1&letter=I&entries=0&searchtext=&order=dated&nid=21 HTTP/1.1" 404 1256 "-" "Mozilla/5.0 (compatible; Googlebot/2.1; +http://www.google.com/bot.html)"
208.177.147.38 - - [30/Jan/2014:21:26:34 +0100] "GET / HTTP/1.1" 302 - "http://maps.google.com/local_url?dq=Friedrich-List-Schule&q=http://www.friedrich-list-berlin.de/&ved=0CBEQ5AQ&sa=X&ei=7bTqUv2gI6XAwAH_1YCIAQ&s=ANYYN7nYuPC_7kBx0zNcmrj8cYOQJuz5dg" "Mozilla/5.0 (Windows NT 6.1; rv:26.0) Gecko/20100101 Firefox/26.0"
176.34.79.203 - - [30/Jan/2014:21:50:05 +0100] "GET / HTTP/1.1" 302 - "-" "Fetcher/1.0"
208.115.111.69 - - [30/Jan/2014:21:50:46 +0100] "GET /robots.txt HTTP/1.1" 404 1256 "-" "Mozilla/5.0 (compatible; Ezooms/1.0; help@moz.com)"
208.115.111.69 - - [30/Jan/2014:23:42:31 +0100] "GET /?path=contentarchive&type=2&letter=E&catid=0&themeid=0&searchtext=&entries=0&order= HTTP/1.1" 302 - "-" "Mozilla/5.0 (compatible; Ezooms/1.0; help@moz.com)"
208.115.111.69 - - [30/Jan/2014:23:42:34 +0100] "GET /include.php?path=contentarchive&type=2&letter=S&catid=0&themeid=0&searchtext=&entries=0&order=&nid=32 HTTP/1.1" 404 1256 "-" "Mozilla/5.0 (compatible; Ezooms/1.0; help@moz.com)"
208.115.111.69 - - [31/Jan/2014:01:53:20 +0100] "GET /robots.txt HTTP/1.1" 404 1256 "-" "Mozilla/5.0 (compatible; Ezooms/1.0; help@moz.com)"
193.175.194.33 - - [31/Jan/2014:02:23:14 +0100] "GET / HTTP/1.1" 302 - "-" "Bildungsserver-Linkchecker DBS 0.9 (http://www.bildungsserver.de)"
93.220.237.243 - - [31/Jan/2014:02:27:24 +0100] "GET / HTTP/1.1" 302 - "-" "Mozilla/4.0 (compatible; MSIE 8.0; Windows NT 6.0; .NET CLR 1.1.4322)"
5.9.112.68 - - [31/Jan/2014:03:04:20 +0100] "GET /robots.txt HTTP/1.1" 404 1256 "-" "Mozilla/5.0 (compatible; SISTRIX Crawler; http://crawler.sistrix.net/)"
5.9.112.68 - - [31/Jan/2014:03:04:20 +0100] "GET / HTTP/1.1" 302 - "-" "Mozilla/5.0 (compatible; SISTRIX Crawler; http://crawler.sistrix.net/)"
66.249.76.188 - - [31/Jan/2014:03:12:58 +0100] "GET /robots.txt HTTP/1.1" 404 1256 "-" "Mozilla/5.0 (compatible; Googlebot/2.1; +http://www.google.com/bot.html)"
66.249.76.188 - - [31/Jan/2014:03:12:58 +0100] "GET /include.php?path=contentarchive&type=2&letter=C&catid=0&themeid=0&searchtext=&entries=8&order=titled&nid=21 HTTP/1.1" 404 1256 "-" "Mozilla/5.0 (compatible; Googlebot/2.1; +http://www.google.com/bot.html)"
208.115.113.85 - - [31/Jan/2014:03:40:03 +0100] "GET /robots.txt HTTP/1.1" 404 1256 "-" "Mozilla/5.0 (compatible; Ezooms/1.0; help@moz.com)"
208.115.111.69 - - [31/Jan/2014:03:50:49 +0100] "GET /?path=contentarchive&type=2&letter=N&catid=0&themeid=0&searchtext=&entries=0&order= HTTP/1.1" 302 - "-" "Mozilla/5.0 (compatible; Ezooms/1.0; help@moz.com)"
66.249.76.188 - - [31/Jan/2014:03:57:29 +0100] "GET /include.php?path=content&mode=vote&contentid=114&type=4&content_vote=1&action=Go&nid=13 HTTP/1.1" 404 1256 "-" "Mozilla/5.0 (compatible; Googlebot/2.1; +http://www.google.com/bot.html)"
66.249.76.188 - - [31/Jan/2014:04:12:43 +0100] "GET /include.php?path=content&mode=vote&contentid=82&type=1&content_vote=2&action=Go&nid=21 HTTP/1.1" 404 1256 "-" "Mozilla/5.0 (compatible; Googlebot/2.1; +http://www.google.com/bot.html)"
208.115.113.85 - - [31/Jan/2014:05:32:22 +0100] "GET /include.php?path=contentarchive&type=2&letter=W&catid=0&themeid=0&searchtext=&entries=0&order=title HTTP/1.1" 404 1256 "-" "Mozilla/5.0 (compatible; Ezooms/1.0; help@moz.com)"
66.249.76.188 - - [31/Jan/2014:05:42:49 +0100] "GET /?path=content&contentid=14&nid=4 HTTP/1.1" 302 - "-" "Mozilla/5.0 (compatible; Googlebot/2.1; +http://www.google.com/bot.html)"
208.115.111.69 - - [31/Jan/2014:05:48:55 +0100] "GET /robots.txt HTTP/1.1" 404 1256 "-" "Mozilla/5.0 (compatible; Ezooms/1.0; help@moz.com)"
208.115.111.69 - - [31/Jan/2014:07:41:17 +0100] "GET /include.php?path=contentarchive&type=3&letter=J&catid=0&themeid=0&searchtext=&entries=0&order= HTTP/1.1" 404 1256 "-" "Mozilla/5.0 (compatible; Ezooms/1.0; help@moz.com)"
88.75.43.134 - - [31/Jan/2014:07:44:43 +0100] "GET / HTTP/1.1" 302 - "https://m.facebook.com" "Mozilla/5.0 (iPhone; CPU iPhone OS 7_0_4 like Mac OS X) AppleWebKit/537.51.1 (KHTML, like Gecko) Mobile/11B554a [FBAN/FBIOS;FBAV/6.9.1;FBBV/1102303;FBDV/iPhone5,2;FBMD/iPhone;FBSN/iPhone OS;FBSV/7.0.4;FBSS/2; FBCR/Vodafone.de;FBID/phone;FBLC/de_DE;FBOP/5]"
31.13.99.116 - - [31/Jan/2014:08:35:03 +0100] "GET / HTTP/1.1" 302 - "-" "facebookexternalhit/1.1 (+http://www.facebook.com/externalhit_uatext.php)"
91.221.59.5 - - [31/Jan/2014:08:39:06 +0100] "GET / HTTP/1.1" 302 - "http://www.google.de/search?hl=de&source=hp&q=friedrich+list+schule+berlin&gbv=2&oq=friedrich+lis&gs_l=heirloom-hp.1.2.0l10.2484.7625.0.9078.25.17.5.3.3.0.125.1262.15j2.17.0....0...1ac.1.34.heirloom-hp..0.25.1513._iq4nC5M44Y" "Mozilla/4.0 (compatible; MSIE 7.0; Windows NT 5.1; .NET CLR 1.1.4322; .NET CLR 2.0.50727; .NET CLR 3.0.4506.2152; .NET CLR 3.5.30729; .NET4.0C)"
162.210.196.98 - - [31/Jan/2014:09:52:11 +0100] "GET /robots.txt HTTP/1.0" 404 1256 "-" "Mozilla/5.0 (compatible; MJ12bot/v1.4.4; http://www.majestic12.co.uk/bot.php?+)"
162.210.196.98 - - [31/Jan/2014:09:52:12 +0100] "GET / HTTP/1.0" 302 - "-" "Mozilla/5.0 (compatible; MJ12bot/v1.4.4; http://www.majestic12.co.uk/bot.php?+)"
208.115.111.69 - - [31/Jan/2014:09:54:25 +0100] "GET /robots.txt HTTP/1.1" 404 1256 "-" "Mozilla/5.0 (compatible; Ezooms/1.0; help@moz.com)"
217.231.181.187 - - [31/Jan/2014:10:30:45 +0100] "GET / HTTP/1.1" 302 - "http://www.stayfriends.de/j/ViewController?action=spInfoView&visitreferer=14&scartid=30&deepPostidActiveComment=28566&scid=321842&utm_source=StayFriendsMC&utm_campaign=MC_1142&utm_medium=Newsletter&crc=3278631" "Mozilla/5.0 (Windows NT 6.3; WOW64; rv:26.0) Gecko/20100101 Firefox/26.0"
31.16.17.67 - - [31/Jan/2014:11:22:06 +0100] "GET / HTTP/1.1" 302 - "https://www.google.de/" "Mozilla/5.0 (Windows NT 6.2) AppleWebKit/537.36 (KHTML, like Gecko) Chrome/32.0.1700.102 Safari/537.36"
62.196.147.2 - - [31/Jan/2014:11:26:27 +0100] "GET / HTTP/1.1" 302 - "http://spider.mmonegroup.local/gmaps/urls_germania.php" "Mozilla/4.0 (compatible; MSIE 8.0; Windows NT 5.1; Trident/4.0; .NET CLR 1.1.4322; .NET CLR 2.0.50727; .NET CLR 3.0.04506.30; .NET CLR 3.0.4506.2152; .NET CLR 3.5.30729)"
150.70.97.99 - - [31/Jan/2014:11:27:54 +0100] "GET / HTTP/1.1" 302 - "-" "Mozilla/4.0 (compatible; MSIE 8.0; Windows NT 5.1; Trident/4.0)"
150.70.75.33 - - [31/Jan/2014:11:28:27 +0100] "GET / HTTP/1.0" 302 - "-" "Mozilla/4.0 (compatible; MSIE 6.0; Windows NT 5.1)"
208.115.111.69 - - [31/Jan/2014:11:47:12 +0100] "GET /include.php?path=content&contentid=36 HTTP/1.1" 404 1256 "-" "Mozilla/5.0 (compatible; Ezooms/1.0; help@moz.com)"
208.115.111.69 - - [31/Jan/2014:13:49:06 +0100] "GET /robots.txt HTTP/1.1" 404 1256 "-" "Mozilla/5.0 (compatible; Ezooms/1.0; help@moz.com)"
91.66.109.112 - - [31/Jan/2014:13:53:32 +0100] "GET / HTTP/1.1" 302 - "https://www.google.de/" "Mozilla/5.0 (Windows NT 6.1; WOW64) AppleWebKit/537.36 (KHTML, like Gecko) Chrome/32.0.1700.102 Safari/537.36"
217.231.181.187 - - [31/Jan/2014:13:53:59 +0100] "GET / HTTP/1.1" 302 - "http://www.stayfriends.de/j/ViewController?action=spInfoView&scid=106649&scartid=30&affiliationid=4398610" "Mozilla/5.0 (Windows NT 6.3; WOW64; rv:26.0) Gecko/20100101 Firefox/26.0"
217.231.181.187 - - [31/Jan/2014:15:17:19 +0100] "GET / HTTP/1.1" 302 - "http://www.stayfriends.de/j/ViewController?action=spInfoView&scid=106649&scartid=30&affiliationid=4398610" "Mozilla/5.0 (Windows NT 6.3; WOW64; rv:26.0) Gecko/20100101 Firefox/26.0"
208.115.111.69 - - [31/Jan/2014:15:46:10 +0100] "GET /include.php?path=contentarchive&type=2&letter=Z&catid=0&themeid=0&searchtext=&entries=0&order= HTTP/1.1" 404 1256 "-" "Mozilla/5.0 (compatible; Ezooms/1.0; help@moz.com)"
87.230.17.72 - - [31/Jan/2014:16:23:31 +0100] "GET / HTTP/1.1" 302 - "-" "ImplisenseBot 1.0"
87.230.17.72 - - [31/Jan/2014:16:23:32 +0100] "GET / HTTP/1.1" 302 - "-" "ImplisenseBot 1.0"
87.230.17.72 - - [31/Jan/2014:16:23:43 +0100] "GET /robots.txt HTTP/1.1" 404 1256 "-" "ImplisenseBot 1.0"
93.197.160.218 - - [31/Jan/2014:17:30:20 +0100] "GET / HTTP/1.1" 302 - "http://www.google.de/url?sa=t&rct=j&q=&esrc=s&source=web&cd=4&ved=0CEYQoAIwAw&url=http%3A%2F%2Fwww.friedrich-list-berlin.de%2F&ei=R8_rUp2uBYmztAaxtIHQBg&usg=AFQjCNGsKs3TvBQ4z91zrYvo9_SfKi5nug&bvm=bv.60444564,d.Yms" "Mozilla/5.0 (Macintosh; Intel Mac OS X 10_7_5) AppleWebKit/537.73.11 (KHTML, like Gecko) Version/6.1.1 Safari/537.73.11"
77.251.236.38 - - [31/Jan/2014:17:32:51 +0100] "GET / HTTP/1.1" 302 - "-" "Java/1.5.0_16"
77.251.236.38 - - [31/Jan/2014:17:32:51 +0100] "GET /fls_1_aktuelles.php HTTP/1.1" 404 1256 "-" "Java/1.5.0_16"
77.251.236.38 - - [31/Jan/2014:17:32:51 +0100] "GET /fls_2_fremdsprachensekr.php HTTP/1.1" 404 1256 "-" "Java/1.5.0_16"
77.251.236.38 - - [31/Jan/2014:17:32:51 +0100] "GET /fls_3_fls_international.php HTTP/1.1" 404 1256 "-" "Java/1.5.0_16"
77.251.236.38 - - [31/Jan/2014:17:32:51 +0100] "GET /fls_4_faq.php HTTP/1.1" 404 1256 "-" "Java/1.5.0_16"
77.251.236.38 - - [31/Jan/2014:17:32:51 +0100] "GET /fls_4_impressum.php HTTP/1.1" 404 1256 "-" "Java/1.5.0_16"
77.251.236.38 - - [31/Jan/2014:17:32:51 +0100] "GET /fls_4_kontakt_anmeldung.php HTTP/1.1" 404 1256 "-" "Java/1.5.0_16"
77.251.236.38 - - [31/Jan/2014:17:32:51 +0100] "GET /index.php HTTP/1.1" 302 - "-" "Java/1.5.0_16"
77.251.236.38 - - [31/Jan/2014:17:32:52 +0100] "GET /index_en.php HTTP/1.1" 404 1256 "-" "Java/1.5.0_16"
77.251.236.38 - - [31/Jan/2014:17:32:52 +0100] "GET /index_fr.php HTTP/1.1" 404 1256 "-" "Java/1.5.0_16"
77.251.236.38 - - [31/Jan/2014:17:32:52 +0100] "GET /index_sp.php HTTP/1.1" 404 1256 "-" "Java/1.5.0_16"
77.251.236.38 - - [31/Jan/2014:17:32:52 +0100] "GET /& HTTP/1.1" 404 1256 "-" "Java/1.5.0_16"
77.251.236.38 - - [31/Jan/2014:17:32:52 +0100] "GET /& HTTP/1.1" 404 1256 "-" "Java/1.5.0_16"
77.251.236.38 - - [31/Jan/2014:17:32:52 +0100] "GET /& HTTP/1.1" 404 1256 "-" "Java/1.5.0_16"
77.251.236.38 - - [31/Jan/2014:17:32:52 +0100] "GET /& HTTP/1.1" 404 1256 "-" "Java/1.5.0_16"
77.251.236.38 - - [31/Jan/2014:17:32:52 +0100] "GET /& HTTP/1.1" 404 1256 "-" "Java/1.5.0_16"
77.251.236.38 - - [31/Jan/2014:17:32:52 +0100] "GET /& HTTP/1.1" 404 1256 "-" "Java/1.5.0_16"
77.251.236.38 - - [31/Jan/2014:17:32:53 +0100] "GET /& HTTP/1.1" 404 1256 "-" "Java/1.5.0_16"
77.251.236.38 - - [31/Jan/2014:17:32:53 +0100] "GET /& HTTP/1.1" 404 1256 "-" "Java/1.5.0_16"
77.251.236.38 - - [31/Jan/2014:17:32:53 +0100] "GET /& HTTP/1.1" 404 1256 "-" "Java/1.5.0_16"
77.251.236.38 - - [31/Jan/2014:17:32:53 +0100] "GET /& HTTP/1.1" 404 1256 "-" "Java/1.5.0_16"
77.251.236.38 - - [31/Jan/2014:17:32:53 +0100] "GET /& HTTP/1.1" 404 1256 "-" "Java/1.5.0_16"
77.251.236.38 - - [31/Jan/2014:17:32:53 +0100] "GET /& HTTP/1.1" 404 1256 "-" "Java/1.5.0_16"
77.251.236.38 - - [31/Jan/2014:17:32:53 +0100] "GET /& HTTP/1.1" 404 1256 "-" "Java/1.5.0_16"
77.251.236.38 - - [31/Jan/2014:17:32:53 +0100] "GET /& HTTP/1.1" 404 1256 "-" "Java/1.5.0_16"
77.251.236.38 - - [31/Jan/2014:17:32:53 +0100] "GET /& HTTP/1.1" 404 1256 "-" "Java/1.5.0_16"
77.251.236.38 - - [31/Jan/2014:17:32:53 +0100] "GET /& HTTP/1.1" 404 1256 "-" "Java/1.5.0_16"
77.251.236.38 - - [31/Jan/2014:17:32:53 +0100] "GET /& HTTP/1.1" 404 1256 "-" "Java/1.5.0_16"
77.251.236.38 - - [31/Jan/2014:17:32:53 +0100] "GET /& HTTP/1.1" 404 1256 "-" "Java/1.5.0_16"
77.251.236.38 - - [31/Jan/2014:17:32:53 +0100] "GET /& HTTP/1.1" 404 1256 "-" "Java/1.5.0_16"
77.251.236.38 - - [31/Jan/2014:17:32:53 +0100] "GET /& HTTP/1.1" 404 1256 "-" "Java/1.5.0_16"
208.115.113.85 - - [31/Jan/2014:19:46:42 +0100] "GET /robots.txt HTTP/1.1" 404 1256 "-" "Mozilla/5.0 (compatible; Ezooms/1.0; help@moz.com)"
208.115.113.85 - - [31/Jan/2014:21:45:41 +0100] "GET /include.php?path=contentarchive&type=2&letter=D&catid=0&themeid=0&searchtext=&entries=0&order= HTTP/1.1" 404 1256 "-" "Mozilla/5.0 (compatible; Ezooms/1.0; help@moz.com)"
208.115.111.69 - - [31/Jan/2014:21:53:26 +0100] "GET /robots.txt HTTP/1.1" 404 1256 "-" "Mozilla/5.0 (compatible; Ezooms/1.0; help@moz.com)"
208.115.111.69 - - [31/Jan/2014:23:49:04 +0100] "GET /include.php?path=contentarchive&type=2&letter=K&catid=0&themeid=0&searchtext=&entries=0&order=title HTTP/1.1" 404 1256 "-" "Mozilla/5.0 (compatible; Ezooms/1.0; help@moz.com)"