66.249.64.25 - - [01/Oct/2020:01:35:57 +0200] "GET / HTTP/1.1" 200 4983 "-" "Mozilla/5.0 (Linux; Android 6.0.1; Nexus 5X Build/MMB29P) AppleWebKit/537.36 (KHTML, like Gecko) Chrome/85.0.4183.132 Mobile Safari/537.36 (compatible; Googlebot/2.1; +http://www.google.com/bot.html)"
77.88.9.133 - - [01/Oct/2020:05:23:13 +0200] "GET /robots.txt HTTP/1.1" 404 1256 "-" "Mozilla/5.0 (compatible; YandexBot/3.0; +http://yandex.com/bots)"
77.88.9.133 - - [01/Oct/2020:05:23:17 +0200] "GET / HTTP/1.1" 200 4983 "-" "Mozilla/5.0 (compatible; YandexBot/3.0; +http://yandex.com/bots)"
77.88.9.129 - - [01/Oct/2020:05:36:40 +0200] "GET / HTTP/1.1" 200 4983 "-" "Mozilla/5.0 (compatible; YandexBot/3.0; +http://yandex.com/bots)"
77.88.9.129 - - [01/Oct/2020:05:43:14 +0200] "GET / HTTP/1.1" 200 4983 "-" "Mozilla/5.0 (compatible; YandexBot/3.0; +http://yandex.com/bots)"
77.88.9.129 - - [01/Oct/2020:05:45:39 +0200] "GET / HTTP/1.1" 200 4983 "-" "Mozilla/5.0 (compatible; YandexBot/3.0; +http://yandex.com/bots)"
157.55.39.11 - - [01/Oct/2020:09:16:29 +0200] "GET /robots.txt HTTP/1.1" 404 1256 "-" "Mozilla/5.0 (compatible; bingbot/2.0; +http://www.bing.com/bingbot.htm)"
207.46.13.200 - - [01/Oct/2020:09:16:37 +0200] "GET /sitemap.xml.gz HTTP/1.1" 404 1256 "-" "Mozilla/5.0 (compatible; bingbot/2.0; +http://www.bing.com/bingbot.htm)"
157.55.39.161 - - [01/Oct/2020:09:54:10 +0200] "GET /sitemap.xml HTTP/1.1" 404 1256 "-" "Mozilla/5.0 (compatible; bingbot/2.0; +http://www.bing.com/bingbot.htm)"
40.77.167.108 - - [01/Oct/2020:09:57:39 +0200] "GET /sitemaps.xml HTTP/1.1" 404 1256 "-" "Mozilla/5.0 (compatible; bingbot/2.0; +http://www.bing.com/bingbot.htm)"
66.249.64.27 - - [01/Oct/2020:20:30:43 +0200] "GET /robots.txt HTTP/1.1" 404 1256 "-" "Mozilla/5.0 (compatible; Googlebot/2.1; +http://www.google.com/bot.html)"
66.249.64.27 - - [01/Oct/2020:20:30:43 +0200] "GET / HTTP/1.1" 200 4983 "-" "Mozilla/5.0 (compatible; Googlebot/2.1; +http://www.google.com/bot.html)"
66.249.64.27 - - [01/Oct/2020:22:21:43 +0200] "GET / HTTP/1.1" 200 4983 "-" "Mozilla/5.0 (Linux; Android 6.0.1; Nexus 5X Build/MMB29P) AppleWebKit/537.36 (KHTML, like Gecko) Chrome/85.0.4183.132 Mobile Safari/537.36 (compatible; Googlebot/2.1; +http://www.google.com/bot.html)"
207.46.13.200 - - [02/Oct/2020:08:49:32 +0200] "GET /sitemap.xml.gz HTTP/1.1" 404 1256 "-" "Mozilla/5.0 (compatible; bingbot/2.0; +http://www.bing.com/bingbot.htm)"
40.77.167.152 - - [02/Oct/2020:09:10:08 +0200] "GET /sitemap_index.xml HTTP/1.1" 404 1256 "-" "Mozilla/5.0 (compatible; bingbot/2.0; +http://www.bing.com/bingbot.htm)"
157.55.39.161 - - [02/Oct/2020:09:27:31 +0200] "GET /sitemap.xml HTTP/1.1" 404 1256 "-" "Mozilla/5.0 (compatible; bingbot/2.0; +http://www.bing.com/bingbot.htm)"
40.77.167.152 - - [02/Oct/2020:09:32:50 +0200] "GET /atom.xml HTTP/1.1" 404 1256 "-" "Mozilla/5.0 (compatible; bingbot/2.0; +http://www.bing.com/bingbot.htm)"
157.55.39.156 - - [02/Oct/2020:09:35:26 +0200] "GET /sitemaps.xml HTTP/1.1" 404 1256 "-" "Mozilla/5.0 (compatible; bingbot/2.0; +http://www.bing.com/bingbot.htm)"
40.77.167.152 - - [03/Oct/2020:03:58:24 +0200] "GET /sitemap_index.xml HTTP/1.1" 404 1256 "-" "Mozilla/5.0 (compatible; bingbot/2.0; +http://www.bing.com/bingbot.htm)"
40.77.167.152 - - [03/Oct/2020:04:20:46 +0200] "GET /atom.xml HTTP/1.1" 404 1256 "-" "Mozilla/5.0 (compatible; bingbot/2.0; +http://www.bing.com/bingbot.htm)"
77.88.9.134 - - [03/Oct/2020:15:39:25 +0200] "GET /robots.txt HTTP/1.1" 404 1256 "-" "Mozilla/5.0 (compatible; YandexBot/3.0; +http://yandex.com/bots)"
77.88.9.134 - - [03/Oct/2020:15:39:29 +0200] "GET / HTTP/1.1" 200 4983 "-" "Mozilla/5.0 (compatible; YandexBot/3.0; +http://yandex.com/bots)"
209.17.96.194 - - [03/Oct/2020:16:57:48 +0200] "GET / HTTP/1.1" 200 4983 "-" "Mozilla/5.0 (compatible; Nimbostratus-Bot/v1.3.2; http://cloudsystemnetworks.com)"
157.55.39.32 - - [04/Oct/2020:06:21:24 +0200] "GET /robots.txt HTTP/1.1" 404 1256 "-" "Mozilla/5.0 (compatible; bingbot/2.0; +http://www.bing.com/bingbot.htm)"
157.55.39.161 - - [04/Oct/2020:06:21:32 +0200] "GET / HTTP/1.1" 304 - "-" "Mozilla/5.0 (compatible; bingbot/2.0; +http://www.bing.com/bingbot.htm)"
157.55.39.32 - - [05/Oct/2020:05:59:00 +0200] "GET /robots.txt HTTP/1.1" 404 1256 "-" "Mozilla/5.0 (compatible; bingbot/2.0; +http://www.bing.com/bingbot.htm)"
207.46.13.105 - - [05/Oct/2020:05:59:03 +0200] "GET /seiten/kontakt.php HTTP/1.1" 404 1256 "-" "Mozilla/5.0 (compatible; bingbot/2.0; +http://www.bing.com/bingbot.htm)"
104.131.109.90 - - [06/Oct/2020:06:18:19 +0200] "GET / HTTP/1.0" 200 4983 "-" "Mozilla/5.0 (compatible; NetcraftSurveyAgent/1.0; +info@netcraft.com)"
173.255.246.21 - - [06/Oct/2020:14:20:59 +0200] "GET / HTTP/1.1" 200 4983 "-" "Mozilla/5.0 (Windows NT 10.0; Win64; x64) AppleWebKit/537.36 (KHTML, like Gecko) Chrome/60.0.3112.90 Safari/537.36"
209.17.97.58 - - [06/Oct/2020:15:12:12 +0200] "GET / HTTP/1.1" 200 4983 "-" "Mozilla/5.0 (compatible; Nimbostratus-Bot/v1.3.2; http://cloudsystemnetworks.com)"
157.55.39.99 - - [06/Oct/2020:19:43:26 +0200] "GET /li_gre.html HTTP/1.1" 304 - "-" "Mozilla/5.0 (compatible; bingbot/2.0; +http://www.bing.com/bingbot.htm)"
77.88.9.134 - - [07/Oct/2020:02:02:01 +0200] "GET /robots.txt HTTP/1.1" 404 1256 "-" "Mozilla/5.0 (compatible; YandexBot/3.0; +http://yandex.com/bots)"
77.88.9.134 - - [07/Oct/2020:02:02:05 +0200] "GET / HTTP/1.1" 200 4983 "-" "Mozilla/5.0 (compatible; YandexBot/3.0; +http://yandex.com/bots)"
157.55.39.32 - - [08/Oct/2020:17:59:34 +0200] "GET /robots.txt HTTP/1.1" 404 1256 "-" "Mozilla/5.0 (compatible; bingbot/2.0; +http://www.bing.com/bingbot.htm)"
207.46.13.133 - - [09/Oct/2020:06:20:39 +0200] "GET / HTTP/1.1" 304 - "-" "Mozilla/5.0 (compatible; bingbot/2.0; +http://www.bing.com/bingbot.htm)"
157.55.39.32 - - [09/Oct/2020:07:01:59 +0200] "GET /robots.txt HTTP/1.1" 404 1256 "-" "Mozilla/5.0 (compatible; bingbot/2.0; +http://www.bing.com/bingbot.htm)"
66.249.66.55 - - [11/Oct/2020:01:22:27 +0200] "GET /robots.txt HTTP/1.1" 404 1256 "-" "Mozilla/5.0 (compatible; Googlebot/2.1; +http://www.google.com/bot.html)"
66.249.66.55 - - [11/Oct/2020:01:22:27 +0200] "GET / HTTP/1.1" 200 4983 "-" "Mozilla/5.0 (Linux; Android 6.0.1; Nexus 5X Build/MMB29P) AppleWebKit/537.36 (KHTML, like Gecko) Chrome/85.0.4183.137 Mobile Safari/537.36 (compatible; Googlebot/2.1; +http://www.google.com/bot.html)"
209.17.96.58 - - [11/Oct/2020:04:03:05 +0200] "GET / HTTP/1.1" 200 4983 "-" "Mozilla/5.0 (compatible; Nimbostratus-Bot/v1.3.2; http://cloudsystemnetworks.com)"
216.145.14.142 - - [11/Oct/2020:05:59:49 +0200] "GET /robots.txt HTTP/1.0" 404 1256 "-" "Mozilla/5.0 (Macintosh; Intel Mac OS X 10.10; rv:59.0) Gecko/20100101 Firefox/59.0"
216.145.14.142 - - [11/Oct/2020:05:59:49 +0200] "GET / HTTP/1.1" 200 4983 "-" "Mozilla/5.0 (Macintosh; Intel Mac OS X 10.10; rv:59.0) Gecko/20100101 Firefox/59.0"
66.249.66.55 - - [12/Oct/2020:13:26:10 +0200] "GET /robots.txt HTTP/1.1" 404 1256 "-" "Mozilla/5.0 (compatible; Googlebot/2.1; +http://www.google.com/bot.html)"
66.249.66.55 - - [12/Oct/2020:13:26:10 +0200] "GET / HTTP/1.1" 200 4983 "-" "Mozilla/5.0 (compatible; Googlebot/2.1; +http://www.google.com/bot.html)"
77.88.9.134 - - [13/Oct/2020:08:03:42 +0200] "GET /robots.txt HTTP/1.1" 404 1256 "-" "Mozilla/5.0 (compatible; YandexBot/3.0; +http://yandex.com/bots)"
77.88.9.134 - - [13/Oct/2020:08:03:46 +0200] "GET / HTTP/1.1" 200 4983 "-" "Mozilla/5.0 (compatible; YandexBot/3.0; +http://yandex.com/bots)"
138.201.95.7 - - [13/Oct/2020:13:22:29 +0200] "GET / HTTP/1.1" 200 4983 "-" "Mozilla/5.0 (compatible; Seekport Crawler; http://seekport.com/)"
138.201.95.7 - - [13/Oct/2020:13:22:29 +0200] "GET /robots.txt HTTP/1.1" 404 1256 "-" "Mozilla/5.0 (compatible; Seekport Crawler; http://seekport.com/)"
138.201.95.7 - - [13/Oct/2020:13:22:29 +0200] "GET / HTTP/1.1" 200 4983 "-" "Mozilla/5.0 (compatible; Seekport Crawler; http://seekport.com/)"
138.201.95.7 - - [13/Oct/2020:13:22:31 +0200] "GET /index.html HTTP/1.1" 200 4983 "-" "Mozilla/5.0 (compatible; Seekport Crawler; http://seekport.com/)"
138.201.95.7 - - [13/Oct/2020:13:22:31 +0200] "GET /seiten/firma.html HTTP/1.1" 404 1256 "-" "Mozilla/5.0 (compatible; Seekport Crawler; http://seekport.com/)"
138.201.95.7 - - [13/Oct/2020:13:22:32 +0200] "GET /seiten/projekte.html HTTP/1.1" 404 1256 "-" "Mozilla/5.0 (compatible; Seekport Crawler; http://seekport.com/)"
138.201.95.7 - - [13/Oct/2020:13:22:32 +0200] "GET /seiten/leistungen.html HTTP/1.1" 404 1256 "-" "Mozilla/5.0 (compatible; Seekport Crawler; http://seekport.com/)"
138.201.95.7 - - [13/Oct/2020:13:22:32 +0200] "GET /seiten/kontakt.php HTTP/1.1" 404 1256 "-" "Mozilla/5.0 (compatible; Seekport Crawler; http://seekport.com/)"
138.201.95.7 - - [13/Oct/2020:13:22:32 +0200] "GET /li_gre.html HTTP/1.1" 200 1973 "-" "Mozilla/5.0 (compatible; Seekport Crawler; http://seekport.com/)"
138.201.95.7 - - [13/Oct/2020:13:22:32 +0200] "GET /seiten/impressum.html HTTP/1.1" 404 1256 "-" "Mozilla/5.0 (compatible; Seekport Crawler; http://seekport.com/)"
138.201.95.7 - - [13/Oct/2020:13:22:33 +0200] "GET /seiten/agb.html HTTP/1.1" 404 1256 "-" "Mozilla/5.0 (compatible; Seekport Crawler; http://seekport.com/)"
138.201.95.7 - - [13/Oct/2020:13:22:33 +0200] "GET /seiten/sitemap.html HTTP/1.1" 404 1256 "-" "Mozilla/5.0 (compatible; Seekport Crawler; http://seekport.com/)"
207.46.13.219 - - [14/Oct/2020:06:36:49 +0200] "GET /robots.txt HTTP/1.1" 404 1256 "-" "Mozilla/5.0 (compatible; bingbot/2.0; +http://www.bing.com/bingbot.htm)"
81.173.112.207 - - [14/Oct/2020:18:47:07 +0200] "GET / HTTP/1.1" 200 4983 "-" "Mozilla/5.0 (Macintosh; Intel Mac OS X 10_10_5) AppleWebKit/603.3.8 (KHTML, like Gecko) Version/10.1.2 Safari/603.3.8"
81.173.112.207 - - [14/Oct/2020:18:47:07 +0200] "GET /seiten/impressum.html HTTP/1.1" 404 1256 "-" "Mozilla/5.0 (Macintosh; Intel Mac OS X 10_10_5) AppleWebKit/603.3.8 (KHTML, like Gecko) Version/10.1.2 Safari/603.3.8"
207.46.13.219 - - [15/Oct/2020:06:41:13 +0200] "GET /robots.txt HTTP/1.1" 404 1256 "-" "Mozilla/5.0 (compatible; bingbot/2.0; +http://www.bing.com/bingbot.htm)"
144.76.176.171 - - [15/Oct/2020:11:06:28 +0200] "GET /robots.txt HTTP/1.1" 404 1256 "-" "Mozilla/5.0 (compatible; MJ12bot/v1.4.8; http://mj12bot.com/)"
144.76.176.171 - - [15/Oct/2020:11:06:31 +0200] "GET / HTTP/1.1" 200 4983 "-" "Mozilla/5.0 (compatible; MJ12bot/v1.4.8; http://mj12bot.com/)"
77.88.9.134 - - [16/Oct/2020:00:30:15 +0200] "GET /robots.txt HTTP/1.1" 404 1256 "-" "Mozilla/5.0 (compatible; YandexBot/3.0; +http://yandex.com/bots)"
77.88.9.134 - - [16/Oct/2020:00:30:19 +0200] "GET / HTTP/1.1" 200 4983 "-" "Mozilla/5.0 (compatible; YandexBot/3.0; +http://yandex.com/bots)"
40.77.167.108 - - [16/Oct/2020:06:34:32 +0200] "GET / HTTP/1.1" 304 - "-" "Mozilla/5.0 (compatible; bingbot/2.0; +http://www.bing.com/bingbot.htm)"
207.46.13.219 - - [18/Oct/2020:07:23:52 +0200] "GET /robots.txt HTTP/1.1" 404 1256 "-" "Mozilla/5.0 (compatible; bingbot/2.0; +http://www.bing.com/bingbot.htm)"
77.88.9.134 - - [18/Oct/2020:09:04:19 +0200] "GET /robots.txt HTTP/1.1" 404 1256 "-" "Mozilla/5.0 (compatible; YandexBot/3.0; +http://yandex.com/bots)"
77.88.9.134 - - [18/Oct/2020:09:04:23 +0200] "GET / HTTP/1.1" 200 4983 "-" "Mozilla/5.0 (compatible; YandexBot/3.0; +http://yandex.com/bots)"
207.46.13.219 - - [18/Oct/2020:12:07:09 +0200] "GET /robots.txt HTTP/1.1" 404 1256 "-" "Mozilla/5.0 (compatible; bingbot/2.0; +http://www.bing.com/bingbot.htm)"
157.55.39.137 - - [18/Oct/2020:12:16:11 +0200] "GET /seiten/agb.html HTTP/1.1" 404 1256 "-" "Mozilla/5.0 (compatible; bingbot/2.0; +http://www.bing.com/bingbot.htm)"
66.249.64.213 - - [19/Oct/2020:13:46:32 +0200] "GET /robots.txt HTTP/1.1" 404 1256 "-" "Mozilla/5.0 (compatible; Googlebot/2.1; +http://www.google.com/bot.html)"
66.249.64.211 - - [19/Oct/2020:13:46:32 +0200] "GET / HTTP/1.1" 200 4983 "-" "Mozilla/5.0 (Linux; Android 6.0.1; Nexus 5X Build/MMB29P) AppleWebKit/537.36 (KHTML, like Gecko) Chrome/86.0.4240.78 Mobile Safari/537.36 (compatible; Googlebot/2.1; +http://www.google.com/bot.html)"
77.88.9.134 - - [21/Oct/2020:05:48:01 +0200] "GET /robots.txt HTTP/1.1" 404 1256 "-" "Mozilla/5.0 (compatible; YandexBot/3.0; +http://yandex.com/bots)"
77.88.9.134 - - [21/Oct/2020:05:48:05 +0200] "GET / HTTP/1.1" 200 4983 "-" "Mozilla/5.0 (compatible; YandexBot/3.0; +http://yandex.com/bots)"
209.17.97.106 - - [21/Oct/2020:19:28:26 +0200] "GET / HTTP/1.1" 200 4983 "-" "Mozilla/5.0 (compatible; Nimbostratus-Bot/v1.3.2; http://cloudsystemnetworks.com)"
207.46.13.219 - - [22/Oct/2020:07:25:25 +0200] "GET /robots.txt HTTP/1.1" 404 1256 "-" "Mozilla/5.0 (compatible; bingbot/2.0; +http://www.bing.com/bingbot.htm)"
157.55.39.117 - - [22/Oct/2020:07:25:35 +0200] "GET / HTTP/1.1" 304 - "-" "Mozilla/5.0 (compatible; bingbot/2.0; +http://www.bing.com/bingbot.htm)"
77.88.9.134 - - [24/Oct/2020:04:53:44 +0200] "GET /robots.txt HTTP/1.1" 404 1256 "-" "Mozilla/5.0 (compatible; YandexBot/3.0; +http://yandex.com/bots)"
77.88.9.134 - - [24/Oct/2020:04:53:48 +0200] "GET / HTTP/1.1" 200 4983 "-" "Mozilla/5.0 (compatible; YandexBot/3.0; +http://yandex.com/bots)"
209.17.96.106 - - [24/Oct/2020:13:15:24 +0200] "GET / HTTP/1.1" 200 4983 "-" "Mozilla/5.0 (compatible; Nimbostratus-Bot/v1.3.2; http://cloudsystemnetworks.com)"
82.80.230.228 - - [25/Oct/2020:10:22:34 +0100] "GET / HTTP/1.1" 200 4983 "-" "Mozilla/5.0 (X11; Linux x86_64) AppleWebKit/537.36 (KHTML, like Gecko) Ubuntu Chromium/31.0.1650.63 Chrome/31.0.1650.63 Safari/537.36"
82.80.230.228 - - [25/Oct/2020:10:22:50 +0100] "GET / HTTP/1.1" 200 4983 "-" "Mozilla/6.0 (compatible)"
82.80.230.228 - - [25/Oct/2020:10:22:53 +0100] "GET /css/style.css HTTP/1.1" 404 1256 "http://www.familie-wilde.com/" "Mozilla/5.0 (compatible; MSIE 10.0; Windows NT 6.2; WOW64; Trident/6.0)"
82.80.230.228 - - [25/Oct/2020:10:22:59 +0100] "GET /seiten/false.html HTTP/1.1" 404 1256 "http://www.familie-wilde.com/" "Mozilla/5.0 (X11; Linux x86_64) AppleWebKit/537.36 (KHTML, like Gecko) Ubuntu Chromium/31.0.1650.63 Chrome/31.0.1650.63 Safari/537.36"
82.80.230.228 - - [25/Oct/2020:10:22:59 +0100] "GET /seiten/default.html HTTP/1.1" 404 1256 "http://www.familie-wilde.com/" "Mozilla/5.0 (compatible)"
82.80.230.228 - - [25/Oct/2020:10:23:01 +0100] "GET /index.html HTTP/1.1" 200 4983 "http://www.familie-wilde.com/" "Mozilla/5.0 (Windows NT 6.1; rv:25.0) Gecko/20100101 Firefox/25.0"
82.80.230.228 - - [25/Oct/2020:10:23:04 +0100] "GET /seiten/firma.html HTTP/1.1" 404 1256 "http://www.familie-wilde.com/" "Mozilla/5.0 (Windows NT 6.1; WOW64) AppleWebKit/537.36 (KHTML, like Gecko) Chrome/32.0.1700.41 Safari/537.36"
82.80.230.228 - - [25/Oct/2020:10:23:16 +0100] "GET /seiten/projekte.html HTTP/1.1" 404 1256 "http://www.familie-wilde.com/" "Mozilla/5.0 (Windows NT 6.0; rv:26.0) Gecko/20100101 Firefox/26.0"
82.80.230.228 - - [25/Oct/2020:10:23:17 +0100] "GET /seiten/leistungen.html HTTP/1.1" 404 1256 "http://www.familie-wilde.com/" "Mozilla/5.0 (compatible)"
82.80.230.228 - - [25/Oct/2020:10:23:19 +0100] "GET /seiten/kontakt.php HTTP/1.1" 404 1256 "http://www.familie-wilde.com/" "Mozilla/5.0 (Macintosh; Intel Mac OS X 10_9_1) AppleWebKit/537.36 (KHTML, like Gecko) Chrome/31.0.1650.57 Safari/537.36"
82.80.230.228 - - [25/Oct/2020:10:23:22 +0100] "GET /li_gre.html HTTP/1.1" 200 1973 "http://www.familie-wilde.com/" "Mozilla/5.0 (Windows NT 6.1; WOW64; rv:26.0) Gecko/20100101 Firefox/26.0"
82.80.230.228 - - [25/Oct/2020:10:23:34 +0100] "GET /seiten/impressum.html HTTP/1.1" 404 1256 "http://www.familie-wilde.com/" "Mozilla/5.0 (Macintosh; Intel Mac OS X 10_9_0) AppleWebKit/537.36 (KHTML, like Gecko) Chrome/31.0.1650.57 Safari/537.36"
82.80.230.228 - - [25/Oct/2020:10:23:36 +0100] "GET /seiten/agb.html HTTP/1.1" 404 1256 "http://www.familie-wilde.com/" "Mozilla/5.0 (X11; Linux i686) AppleWebKit/537.36 (KHTML, like Gecko) Chrome/31.0.1650.63 Safari/537.36"
82.80.230.228 - - [25/Oct/2020:10:23:36 +0100] "GET /seiten/sitemap.html HTTP/1.1" 404 1256 "http://www.familie-wilde.com/" "Mozilla/5.0 (Macintosh; Intel Mac OS X 10_9) AppleWebKit/537.71 (KHTML, like Gecko) Version/7.0 Safari/537.71"
82.80.230.228 - - [25/Oct/2020:10:23:36 +0100] "GET /css/style.css HTTP/1.1" 404 1256 "http://www.familie-wilde.com/" "Mozilla/5.0 (compatible; MSIE 10.0; Windows NT 6.2; WOW64; Trident/6.0)"
82.80.230.228 - - [25/Oct/2020:10:23:59 +0100] "GET /seiten/false.html HTTP/1.1" 404 1256 "http://www.familie-wilde.com/" "Mozilla/5.0 (Windows NT 6.1; WOW64; rv:27.3) Gecko/20100101 Firefox/27.3"
82.80.230.228 - - [25/Oct/2020:10:24:02 +0100] "GET /seiten/default.html HTTP/1.1" 404 1256 "http://www.familie-wilde.com/" "Mozilla/5.0 (Windows NT 6.1; rv:24.0) Gecko/20100101 Firefox/24.0"
82.80.230.228 - - [25/Oct/2020:10:24:04 +0100] "GET /seiten/firma.html HTTP/1.1" 404 1256 "http://www.familie-wilde.com/" "Mozilla/5.0 (Windows NT 6.1; WOW64; rv:27.0) Gecko/20100101 Firefox/27.0"
82.80.230.228 - - [25/Oct/2020:10:24:15 +0100] "GET /seiten/projekte.html HTTP/1.1" 404 1256 "http://www.familie-wilde.com/" "Mozilla/5.0 (Macintosh; Intel Mac OS X 10_8_5) AppleWebKit/536.30.1 (KHTML, like Gecko) Version/6.0.5 Safari/536.30.1"
82.80.230.228 - - [25/Oct/2020:10:24:15 +0100] "GET /seiten/leistungen.html HTTP/1.1" 404 1256 "http://www.familie-wilde.com/" "Mozilla/5.0 (Windows NT 6.0) AppleWebKit/537.36 (KHTML, like Gecko) Chrome/31.0.1650.63 Safari/537.36"
82.80.230.228 - - [25/Oct/2020:10:24:15 +0100] "GET /seiten/kontakt.php HTTP/1.1" 404 1256 "http://www.familie-wilde.com/" "Mozilla/5.0 (Windows NT 6.3; WOW64) AppleWebKit/537.36 (KHTML, like Gecko) Chrome/32.0.1700.72 Safari/537.36"
82.80.230.228 - - [25/Oct/2020:10:24:32 +0100] "GET /seiten/impressum.html HTTP/1.1" 404 1256 "http://www.familie-wilde.com/" "Mozilla/5.0 (Windows NT 6.1; WOW64; Trident/7.0; rv:11.0) like Gecko"
82.80.230.228 - - [25/Oct/2020:10:24:32 +0100] "GET /seiten/agb.html HTTP/1.1" 404 1256 "http://www.familie-wilde.com/" "Mozilla/5.0 (X11; Linux i686) AppleWebKit/537.36 (KHTML, like Gecko) Chrome/31.0.1650.63 Safari/537.36"
82.80.230.228 - - [25/Oct/2020:10:24:33 +0100] "GET /seiten/sitemap.html HTTP/1.1" 404 1256 "http://www.familie-wilde.com/" "Mozilla/5.0 (Windows NT 6.1) AppleWebKit/537.36 (KHTML, like Gecko) Chrome/32.0.1700.72 Safari/537.36"
82.80.230.228 - - [25/Oct/2020:10:25:05 +0100] "GET /img/logo_web.gif HTTP/1.1" 404 1256 "-" "Mozilla/5.0 (Windows NT 6.1; rv:26.0) Gecko/20100101 Firefox/26.0"
82.80.249.143 - - [25/Oct/2020:10:25:05 +0100] "GET /img/1px.gif HTTP/1.1" 404 1256 "-" "Mozilla/5.0 (Windows NT 5.1; rv:26.0) Gecko/20100101 Firefox/26.0"
82.80.230.228 - - [25/Oct/2020:10:25:05 +0100] "GET /img/bahn_web.jpg HTTP/1.1" 404 1256 "-" "Mozilla/5.0 (Windows NT 6.3; WOW64; Trident/7.0; rv:11.0) like Gecko"
82.80.230.228 - - [25/Oct/2020:10:25:09 +0100] "GET /img/em.gif HTTP/1.1" 404 1256 "-" "Mozilla/5.0 (Windows NT 5.1; rv:25.0) Gecko/20100101 Firefox/25.0"
82.80.249.143 - - [25/Oct/2020:10:25:15 +0100] "GET /img/bg2.jpg HTTP/1.1" 404 1256 "-" "Mozilla/5.0 (Macintosh; Intel Mac OS X 10_7_5) AppleWebKit/537.73.11 (KHTML, like Gecko) Version/6.1.1 Safari/537.73.11"
82.80.230.228 - - [25/Oct/2020:10:25:20 +0100] "GET /img/head_web.jpg HTTP/1.1" 404 1256 "-" "Mozilla/5.0 (Macintosh; Intel Mac OS X 10.7; rv:26.0) Gecko/20100101 Firefox/26.0"
44.234.58.46 - - [26/Oct/2020:01:20:28 +0100] "GET / HTTP/1.1" 200 4983 "-" "Mozilla/5.0 (Macintosh; Intel Mac OS X 10_8_3) AppleWebKit/537.31 (KHTML, like Gecko) Chrome/26.0.1410.65 Safari/537.31"
209.17.97.2 - - [27/Oct/2020:11:19:51 +0100] "GET / HTTP/1.1" 200 4983 "-" "Mozilla/5.0 (compatible; Nimbostratus-Bot/v1.3.2; http://cloudsystemnetworks.com)"
51.222.43.144 - - [27/Oct/2020:22:27:27 +0100] "GET / HTTP/1.1" 200 4983 "-" "Mozilla/5.0 (compatible; Dataprovider.com)"
51.222.43.144 - - [27/Oct/2020:22:27:30 +0100] "GET /robots.txt HTTP/1.1" 404 1256 "-" "Mozilla/5.0 (compatible; Dataprovider.com)"
51.222.43.144 - - [27/Oct/2020:22:27:30 +0100] "GET /sitemap.xml HTTP/1.1" 404 1256 "-" "Mozilla/5.0 (compatible; Dataprovider.com)"
51.222.43.144 - - [27/Oct/2020:22:27:31 +0100] "GET / HTTP/1.1" 200 4983 "-" "Mozilla/5.0 (compatible; Dataprovider.com)"
51.222.43.144 - - [27/Oct/2020:22:27:32 +0100] "GET /seiten/kontakt.php HTTP/1.1" 404 1256 "-" "Mozilla/5.0 (compatible; Dataprovider.com)"
51.222.43.144 - - [27/Oct/2020:22:27:33 +0100] "GET /seiten/impressum.html HTTP/1.1" 404 1256 "-" "Mozilla/5.0 (compatible; Dataprovider.com)"
51.222.43.144 - - [27/Oct/2020:22:27:34 +0100] "GET /seiten/agb.html HTTP/1.1" 404 1256 "-" "Mozilla/5.0 (compatible; Dataprovider.com)"
51.222.43.144 - - [27/Oct/2020:22:27:35 +0100] "GET /li_gre.html HTTP/1.1" 200 1973 "-" "Mozilla/5.0 (compatible; Dataprovider.com)"
51.222.43.144 - - [27/Oct/2020:22:27:36 +0100] "GET /seiten/sitemap.html HTTP/1.1" 404 1256 "-" "Mozilla/5.0 (compatible; Dataprovider.com)"
51.222.43.144 - - [27/Oct/2020:22:27:38 +0100] "GET /seiten/leistungen.html HTTP/1.1" 404 1256 "-" "Mozilla/5.0 (compatible; Dataprovider.com)"
51.222.43.144 - - [27/Oct/2020:22:27:39 +0100] "GET /index.html HTTP/1.1" 200 4983 "-" "Mozilla/5.0 (compatible; Dataprovider.com)"
51.222.43.144 - - [27/Oct/2020:22:27:40 +0100] "GET /seiten/firma.html HTTP/1.1" 404 1256 "-" "Mozilla/5.0 (compatible; Dataprovider.com)"
51.222.43.144 - - [27/Oct/2020:22:27:41 +0100] "GET /seiten/projekte.html HTTP/1.1" 404 1256 "-" "Mozilla/5.0 (compatible; Dataprovider.com)"
51.222.43.144 - - [27/Oct/2020:22:27:42 +0100] "GET /ads.txt HTTP/1.1" 404 1256 "-" "Mozilla/5.0 (compatible; Dataprovider.com)"
51.222.43.144 - - [27/Oct/2020:22:27:43 +0100] "GET / HTTP/1.1" 200 4983 "-" "Mozilla/5.0 (Linux; Android 5.1.1; SM-G925F Build/LMY47X) AppleWebKit/537.36 (KHTML, like Gecko) Chrome/45.0.2454.94 Mobile Safari/537.36"
51.77.128.205 - - [27/Oct/2020:22:31:54 +0100] "GET / HTTP/1.1" 200 4983 "-" "Mozilla/5.0 (compatible; Dataprovider.com)"
51.77.128.205 - - [27/Oct/2020:22:31:54 +0100] "GET /css/style.css HTTP/1.1" 404 1256 "http://www.familie-wilde.com/" "Mozilla/5.0 (compatible; Dataprovider.com)"
51.77.128.205 - - [27/Oct/2020:22:31:54 +0100] "GET /img/head_web.jpg HTTP/1.1" 404 1256 "http://www.familie-wilde.com/" "Mozilla/5.0 (compatible; Dataprovider.com)"
51.77.128.205 - - [27/Oct/2020:22:31:54 +0100] "GET /img/1px.gif HTTP/1.1" 404 1256 "http://www.familie-wilde.com/" "Mozilla/5.0 (compatible; Dataprovider.com)"
51.77.128.205 - - [27/Oct/2020:22:31:54 +0100] "GET /img/bahn_web.jpg HTTP/1.1" 404 1256 "http://www.familie-wilde.com/" "Mozilla/5.0 (compatible; Dataprovider.com)"
51.77.128.205 - - [27/Oct/2020:22:31:54 +0100] "GET /img/logo_web.gif HTTP/1.1" 404 1256 "http://www.familie-wilde.com/" "Mozilla/5.0 (compatible; Dataprovider.com)"
51.77.128.205 - - [27/Oct/2020:22:31:54 +0100] "GET /img/em.gif HTTP/1.1" 404 1256 "http://www.familie-wilde.com/" "Mozilla/5.0 (compatible; Dataprovider.com)"
207.46.13.250 - - [27/Oct/2020:23:03:41 +0100] "GET /robots.txt HTTP/1.1" 404 1256 "-" "Mozilla/5.0 (compatible; bingbot/2.0; +http://www.bing.com/bingbot.htm)"
157.55.39.8 - - [27/Oct/2020:23:03:52 +0100] "GET / HTTP/1.1" 304 - "-" "Mozilla/5.0 (compatible; bingbot/2.0; +http://www.bing.com/bingbot.htm)"
77.88.9.134 - - [28/Oct/2020:06:31:42 +0100] "GET /robots.txt HTTP/1.1" 404 1256 "-" "Mozilla/5.0 (compatible; YandexBot/3.0; +http://yandex.com/bots)"
77.88.9.134 - - [28/Oct/2020:06:31:46 +0100] "GET / HTTP/1.1" 200 4983 "-" "Mozilla/5.0 (compatible; YandexBot/3.0; +http://yandex.com/bots)"
66.249.66.51 - - [28/Oct/2020:22:20:40 +0100] "GET /robots.txt HTTP/1.1" 404 1256 "-" "Mozilla/5.0 (compatible; Googlebot/2.1; +http://www.google.com/bot.html)"
66.249.66.51 - - [28/Oct/2020:22:20:40 +0100] "GET / HTTP/1.1" 200 4983 "-" "Mozilla/5.0 (Linux; Android 6.0.1; Nexus 5X Build/MMB29P) AppleWebKit/537.36 (KHTML, like Gecko) Chrome/86.0.4240.96 Mobile Safari/537.36 (compatible; Googlebot/2.1; +http://www.google.com/bot.html)"
198.27.70.196 - - [30/Oct/2020:04:29:35 +0100] "GET /robots.txt HTTP/1.1" 404 1256 "-" "Mozilla/5.0 (compatible; MJ12bot/v1.4.8; http://mj12bot.com/)"
198.27.70.196 - - [30/Oct/2020:04:30:04 +0100] "GET /li_gre.html HTTP/1.1" 200 1973 "-" "Mozilla/5.0 (compatible; MJ12bot/v1.4.8; http://mj12bot.com/)"
178.62.82.141 - - [30/Oct/2020:05:38:32 +0100] "GET / HTTP/1.1" 200 4983 "-" "Mozilla/5.0 (Windows NT 6.0) AppleWebKit/537.36 (KHTML, like Gecko) Chrome/34.0.1847.116 Safari/537.36"
178.62.82.141 - - [30/Oct/2020:05:38:32 +0100] "GET /seiten/firma.html HTTP/1.1" 404 1256 "-" "Mozilla/5.0 (Windows NT 6.0) AppleWebKit/537.36 (KHTML, like Gecko) Chrome/34.0.1847.116 Safari/537.36"
178.62.82.141 - - [30/Oct/2020:05:38:33 +0100] "GET /seiten/projekte.html HTTP/1.1" 404 1256 "-" "Mozilla/5.0 (Windows NT 6.0) AppleWebKit/537.36 (KHTML, like Gecko) Chrome/34.0.1847.116 Safari/537.36"
178.62.82.141 - - [30/Oct/2020:05:38:33 +0100] "GET /index.html HTTP/1.1" 200 4983 "-" "Mozilla/5.0 (Windows NT 6.0) AppleWebKit/537.36 (KHTML, like Gecko) Chrome/34.0.1847.116 Safari/537.36"
178.62.82.141 - - [30/Oct/2020:05:38:33 +0100] "GET /seiten/leistungen.html HTTP/1.1" 404 1256 "-" "Mozilla/5.0 (Windows NT 6.0) AppleWebKit/537.36 (KHTML, like Gecko) Chrome/34.0.1847.116 Safari/537.36"
178.62.82.141 - - [30/Oct/2020:05:38:34 +0100] "GET /seiten/kontakt.php HTTP/1.1" 404 1256 "-" "Mozilla/5.0 (Windows NT 6.0) AppleWebKit/537.36 (KHTML, like Gecko) Chrome/34.0.1847.116 Safari/537.36"
178.62.82.141 - - [30/Oct/2020:05:38:34 +0100] "GET /li_gre.html HTTP/1.1" 200 1973 "-" "Mozilla/5.0 (Windows NT 6.0) AppleWebKit/537.36 (KHTML, like Gecko) Chrome/34.0.1847.116 Safari/537.36"
66.249.66.53 - - [30/Oct/2020:08:20:18 +0100] "GET /robots.txt HTTP/1.1" 404 1256 "-" "Mozilla/5.0 (compatible; Googlebot/2.1; +http://www.google.com/bot.html)"
66.249.66.55 - - [30/Oct/2020:08:20:19 +0100] "GET / HTTP/1.1" 200 4983 "-" "Mozilla/5.0 (compatible; Googlebot/2.1; +http://www.google.com/bot.html)"
77.88.9.134 - - [31/Oct/2020:04:06:45 +0100] "GET /robots.txt HTTP/1.1" 404 1256 "-" "Mozilla/5.0 (compatible; YandexBot/3.0; +http://yandex.com/bots)"
77.88.9.134 - - [31/Oct/2020:04:06:49 +0100] "GET / HTTP/1.1" 200 4983 "-" "Mozilla/5.0 (compatible; YandexBot/3.0; +http://yandex.com/bots)"
77.88.9.134 - - [31/Oct/2020:10:01:57 +0100] "GET /robots.txt HTTP/1.1" 404 1256 "-" "Mozilla/5.0 (compatible; YandexBot/3.0; +http://yandex.com/bots)"
77.88.9.134 - - [31/Oct/2020:10:02:00 +0100] "GET / HTTP/1.1" 200 4983 "-" "Mozilla/5.0 (compatible; YandexBot/3.0; +http://yandex.com/bots)"
157.245.6.45 - - [31/Oct/2020:23:59:06 +0100] "GET / HTTP/1.0" 200 4983 "-" "Mozilla/5.0 (compatible; NetcraftSurveyAgent/1.0; +info@netcraft.com)"