52.53.201.78 - - [01/Mar/2019:07:04:06 +0100] "GET / HTTP/1.1" 200 4983 "-" "Mozilla/5.0 (Macintosh; Intel Mac OS X 10_12_6) AppleWebKit/537.36 (KHTML, like Gecko) Chrome/61.0.3163.100 Safari/537.36"
178.154.245.134 - - [01/Mar/2019:08:32:34 +0100] "GET /robots.txt HTTP/1.1" 404 1256 "-" "Mozilla/5.0 (compatible; YandexBot/3.0; +http://yandex.com/bots)"
178.154.245.134 - - [01/Mar/2019:08:32:38 +0100] "GET /img/favicon.ico HTTP/1.1" 404 1256 "-" "Mozilla/5.0 (compatible; YandexBot/3.0; +http://yandex.com/bots)"
120.35.38.158 - - [02/Mar/2019:01:46:39 +0100] "HEAD /temp.php HTTP/1.1" 404 - "-" "-"
167.114.252.180 - - [02/Mar/2019:08:46:44 +0100] "GET / HTTP/1.1" 200 4983 "-" "Mozilla/5.0 (Windows NT 10.0; rv:64.0) Gecko/20100101 Firefox/64.0"
134.209.34.129 - - [02/Mar/2019:09:55:01 +0100] "GET / HTTP/1.0" 200 4983 "-" "Mozilla/5.0 (compatible; NetcraftSurveyAgent/1.0; +info@netcraft.com)"
107.178.238.34 - - [02/Mar/2019:19:41:33 +0100] "GET / HTTP/1.1" 200 4983 "-" "Mozilla/5.0 (Windows; U; Windows NT 5.1; en-US; rv:1.9.0.7) Gecko/2009021910 Firefox/3.0.7"
52.53.201.78 - - [03/Mar/2019:14:45:54 +0100] "GET / HTTP/1.1" 200 4983 "-" "Mozilla/5.0 (Macintosh; Intel Mac OS X 10_12_6) AppleWebKit/537.36 (KHTML, like Gecko) Chrome/61.0.3163.100 Safari/537.36"
47.92.6.199 - - [04/Mar/2019:14:32:53 +0100] "GET /wordpress/wp-content/plugins/ubh/up.php HTTP/1.1" 404 1256 "-" "-"
157.55.39.40 - - [05/Mar/2019:10:15:53 +0100] "GET /robots.txt HTTP/1.1" 404 1256 "-" "Mozilla/5.0 (compatible; bingbot/2.0; +http://www.bing.com/bingbot.htm)"
40.77.167.161 - - [05/Mar/2019:10:15:57 +0100] "GET / HTTP/1.1" 200 4983 "-" "Mozilla/5.0 (compatible; bingbot/2.0; +http://www.bing.com/bingbot.htm)"
40.77.167.161 - - [05/Mar/2019:12:42:27 +0100] "GET /robots.txt HTTP/1.1" 404 1256 "-" "Mozilla/5.0 (compatible; bingbot/2.0; +http://www.bing.com/bingbot.htm)"
52.53.201.78 - - [05/Mar/2019:22:12:41 +0100] "GET / HTTP/1.1" 200 4983 "-" "Mozilla/5.0 (Macintosh; Intel Mac OS X 10_12_6) AppleWebKit/537.36 (KHTML, like Gecko) Chrome/61.0.3163.100 Safari/537.36"
100.35.75.170 - - [06/Mar/2019:04:07:20 +0100] "GET /robots.txt HTTP/1.1" 404 1256 "-" "panscient.com"
100.35.75.170 - - [06/Mar/2019:04:07:21 +0100] "GET / HTTP/1.1" 200 4983 "-" "panscient.com"
100.35.75.170 - - [06/Mar/2019:04:07:23 +0100] "GET /seiten/leistungen.html HTTP/1.1" 404 1256 "-" "panscient.com"
100.35.75.170 - - [06/Mar/2019:04:07:25 +0100] "GET /seiten/firma.html HTTP/1.1" 404 1256 "-" "panscient.com"
100.35.75.170 - - [06/Mar/2019:04:07:28 +0100] "GET /robots.txt HTTP/1.1" 404 1256 "-" "panscient.com"
100.35.75.170 - - [06/Mar/2019:04:07:28 +0100] "GET /seiten/agb.html HTTP/1.1" 404 1256 "-" "panscient.com"
100.35.75.170 - - [06/Mar/2019:04:07:31 +0100] "GET /seiten/sitemap.html HTTP/1.1" 404 1256 "-" "panscient.com"
100.35.75.170 - - [06/Mar/2019:04:07:33 +0100] "GET /seiten/impressum.html HTTP/1.1" 404 1256 "-" "panscient.com"
100.35.75.170 - - [06/Mar/2019:04:07:35 +0100] "GET /seiten/projekte.html HTTP/1.1" 404 1256 "-" "panscient.com"
100.35.75.170 - - [06/Mar/2019:04:07:37 +0100] "GET /seiten/kontakt.php HTTP/1.1" 404 1256 "-" "panscient.com"
100.35.75.170 - - [06/Mar/2019:04:07:40 +0100] "GET /li_gre.html HTTP/1.1" 200 1973 "-" "panscient.com"
100.35.75.170 - - [06/Mar/2019:04:07:42 +0100] "GET /index.html HTTP/1.1" 200 4983 "-" "panscient.com"
100.35.75.170 - - [06/Mar/2019:04:07:44 +0100] "GET /seiten/sitemap.html HTTP/1.1" 404 1256 "-" "panscient.com"
100.35.75.170 - - [06/Mar/2019:04:07:47 +0100] "GET /robots.txt HTTP/1.1" 404 1256 "-" "panscient.com"
100.35.75.170 - - [06/Mar/2019:04:07:47 +0100] "GET /seiten/impressum.html HTTP/1.1" 404 1256 "-" "panscient.com"
100.35.75.170 - - [06/Mar/2019:04:07:49 +0100] "GET /seiten/sitemap.html HTTP/1.1" 404 1256 "-" "panscient.com"
52.53.201.78 - - [08/Mar/2019:03:42:45 +0100] "GET / HTTP/1.1" 200 4983 "-" "Mozilla/5.0 (Macintosh; Intel Mac OS X 10_12_6) AppleWebKit/537.36 (KHTML, like Gecko) Chrome/61.0.3163.100 Safari/537.36"
38.100.21.78 - - [08/Mar/2019:12:56:52 +0100] "GET / HTTP/1.1" 200 4983 "-" "Mozilla/4.0 (compatible; MSIE 7.0; Windows NT 5.2)"
38.100.21.78 - - [08/Mar/2019:12:56:52 +0100] "GET /seiten/sitemap.html HTTP/1.1" 404 1256 "-" "Mozilla/4.0 (compatible; MSIE 7.0; Windows NT 5.2)"
38.100.21.78 - - [08/Mar/2019:12:56:52 +0100] "GET /index.html HTTP/1.1" 200 4983 "-" "Mozilla/4.0 (compatible; MSIE 7.0; Windows NT 5.2)"
38.100.21.78 - - [08/Mar/2019:12:56:52 +0100] "GET /li_gre.html HTTP/1.1" 200 1973 "-" "Mozilla/4.0 (compatible; MSIE 7.0; Windows NT 5.2)"
38.100.21.78 - - [08/Mar/2019:12:56:52 +0100] "GET /seiten/projekte.html HTTP/1.1" 404 1256 "-" "Mozilla/4.0 (compatible; MSIE 7.0; Windows NT 5.2)"
38.100.21.78 - - [08/Mar/2019:12:56:52 +0100] "GET /seiten/firma.html HTTP/1.1" 404 1256 "-" "Mozilla/4.0 (compatible; MSIE 7.0; Windows NT 5.2)"
38.100.21.78 - - [08/Mar/2019:12:56:53 +0100] "GET /css/style.css HTTP/1.1" 404 1256 "-" "Mozilla/4.0 (compatible; MSIE 7.0; Windows NT 5.2)"
38.100.21.78 - - [08/Mar/2019:12:56:53 +0100] "GET /seiten/kontakt.php HTTP/1.1" 404 1256 "-" "Mozilla/4.0 (compatible; MSIE 7.0; Windows NT 5.2)"
38.100.21.78 - - [08/Mar/2019:12:56:53 +0100] "GET /seiten/agb.html HTTP/1.1" 404 1256 "-" "Mozilla/4.0 (compatible; MSIE 7.0; Windows NT 5.2)"
38.100.21.78 - - [08/Mar/2019:12:56:53 +0100] "GET /seiten/leistungen.html HTTP/1.1" 404 1256 "-" "Mozilla/4.0 (compatible; MSIE 7.0; Windows NT 5.2)"
38.100.21.78 - - [08/Mar/2019:12:56:53 +0100] "GET /seiten/impressum.html HTTP/1.1" 404 1256 "-" "Mozilla/4.0 (compatible; MSIE 7.0; Windows NT 5.2)"
47.92.133.59 - - [09/Mar/2019:01:12:51 +0100] "GET /wordpress/wp-content/plugins/ubh/up.php HTTP/1.1" 404 1256 "-" "-"
59.56.241.218 - - [09/Mar/2019:01:26:39 +0100] "GET / HTTP/1.1" 200 4983 "-" "Mozilla/5.0 (Windows NT 6.1) AppleWebKit/537.36 (KHTML, like Gecko) Chrome/55.0.2883.75 Safari/537.36"
39.98.70.15 - - [09/Mar/2019:20:54:32 +0100] "POST /wordpress/wp-content/themes/AdvanceImage5/functions.php HTTP/1.1" 404 1256 "-" "-"
167.114.172.225 - - [10/Mar/2019:00:28:04 +0100] "GET / HTTP/1.1" 200 4983 "-" "Mozilla/5.0 (compatible; Dataprovider.com)"
167.114.172.225 - - [10/Mar/2019:00:28:05 +0100] "GET /robots.txt HTTP/1.1" 404 1256 "-" "Mozilla/5.0 (compatible; Dataprovider.com)"
167.114.172.225 - - [10/Mar/2019:00:28:05 +0100] "GET /sitemap.xml HTTP/1.1" 404 1256 "-" "Mozilla/5.0 (compatible; Dataprovider.com)"
167.114.172.225 - - [10/Mar/2019:00:28:05 +0100] "GET / HTTP/1.1" 200 4983 "-" "Mozilla/5.0 (compatible; Dataprovider.com)"
167.114.172.225 - - [10/Mar/2019:00:28:06 +0100] "GET /seiten/kontakt.php HTTP/1.1" 404 1256 "-" "Mozilla/5.0 (compatible; Dataprovider.com)"
167.114.172.225 - - [10/Mar/2019:00:28:08 +0100] "GET /seiten/impressum.html HTTP/1.1" 404 1256 "-" "Mozilla/5.0 (compatible; Dataprovider.com)"
167.114.172.225 - - [10/Mar/2019:00:28:09 +0100] "GET /seiten/agb.html HTTP/1.1" 404 1256 "-" "Mozilla/5.0 (compatible; Dataprovider.com)"
167.114.172.225 - - [10/Mar/2019:00:28:10 +0100] "GET /seiten/leistungen.html HTTP/1.1" 404 1256 "-" "Mozilla/5.0 (compatible; Dataprovider.com)"
167.114.172.225 - - [10/Mar/2019:00:28:11 +0100] "GET /seiten/projekte.html HTTP/1.1" 404 1256 "-" "Mozilla/5.0 (compatible; Dataprovider.com)"
167.114.172.225 - - [10/Mar/2019:00:28:13 +0100] "GET /li_gre.html HTTP/1.1" 200 1973 "-" "Mozilla/5.0 (compatible; Dataprovider.com)"
167.114.172.225 - - [10/Mar/2019:00:28:14 +0100] "GET /index.html HTTP/1.1" 200 4983 "-" "Mozilla/5.0 (compatible; Dataprovider.com)"
167.114.172.225 - - [10/Mar/2019:00:28:15 +0100] "GET /seiten/sitemap.html HTTP/1.1" 404 1256 "-" "Mozilla/5.0 (compatible; Dataprovider.com)"
167.114.172.225 - - [10/Mar/2019:00:28:16 +0100] "GET /seiten/firma.html HTTP/1.1" 404 1256 "-" "Mozilla/5.0 (compatible; Dataprovider.com)"
167.114.172.225 - - [10/Mar/2019:00:28:17 +0100] "GET /ads.txt HTTP/1.1" 404 1256 "-" "Mozilla/5.0 (compatible; Dataprovider.com)"
167.114.172.225 - - [10/Mar/2019:00:28:17 +0100] "GET / HTTP/1.1" 200 4983 "-" "Mozilla/5.0 (Linux; Android 5.1.1; SM-G925F Build/LMY47X) AppleWebKit/537.36 (KHTML, like Gecko) Chrome/45.0.2454.94 Mobile Safari/537.36"
52.53.201.78 - - [10/Mar/2019:12:50:53 +0100] "GET / HTTP/1.1" 200 4983 "-" "Mozilla/5.0 (Macintosh; Intel Mac OS X 10_12_6) AppleWebKit/537.36 (KHTML, like Gecko) Chrome/61.0.3163.100 Safari/537.36"
138.68.180.18 - - [10/Mar/2019:17:48:37 +0100] "GET / HTTP/1.1" 200 4983 "-" "Mozilla/5.0 (Windows NT 6.0) AppleWebKit/537.36 (KHTML, like Gecko) Chrome/34.0.1847.116 Safari/537.36"
138.68.180.18 - - [10/Mar/2019:17:48:38 +0100] "GET /seiten/firma.html HTTP/1.1" 404 1256 "-" "Mozilla/5.0 (Windows NT 6.0) AppleWebKit/537.36 (KHTML, like Gecko) Chrome/34.0.1847.116 Safari/537.36"
138.68.180.18 - - [10/Mar/2019:17:48:38 +0100] "GET /seiten/projekte.html HTTP/1.1" 404 1256 "-" "Mozilla/5.0 (Windows NT 6.0) AppleWebKit/537.36 (KHTML, like Gecko) Chrome/34.0.1847.116 Safari/537.36"
138.68.180.18 - - [10/Mar/2019:17:48:39 +0100] "GET /index.html HTTP/1.1" 200 4983 "-" "Mozilla/5.0 (Windows NT 6.0) AppleWebKit/537.36 (KHTML, like Gecko) Chrome/34.0.1847.116 Safari/537.36"
138.68.180.18 - - [10/Mar/2019:17:48:40 +0100] "GET /seiten/leistungen.html HTTP/1.1" 404 1256 "-" "Mozilla/5.0 (Windows NT 6.0) AppleWebKit/537.36 (KHTML, like Gecko) Chrome/34.0.1847.116 Safari/537.36"
138.68.180.18 - - [10/Mar/2019:17:48:40 +0100] "GET /seiten/kontakt.php HTTP/1.1" 404 1256 "-" "Mozilla/5.0 (Windows NT 6.0) AppleWebKit/537.36 (KHTML, like Gecko) Chrome/34.0.1847.116 Safari/537.36"
39.98.71.133 - - [10/Mar/2019:23:59:17 +0100] "POST /wordpress/wp-content/themes/AdvanceImage5/functions.php HTTP/1.1" 404 1256 "-" "-"
178.154.245.134 - - [12/Mar/2019:17:51:35 +0100] "GET /robots.txt HTTP/1.1" 404 1256 "-" "Mozilla/5.0 (compatible; YandexBot/3.0; +http://yandex.com/bots)"
178.154.245.134 - - [12/Mar/2019:17:51:39 +0100] "GET /img/favicon.ico HTTP/1.1" 404 1256 "-" "Mozilla/5.0 (compatible; YandexBot/3.0; +http://yandex.com/bots)"
66.249.66.53 - - [12/Mar/2019:18:41:43 +0100] "GET /robots.txt HTTP/1.1" 404 1256 "-" "Mozilla/5.0 (compatible; Googlebot/2.1; +http://www.google.com/bot.html)"
66.249.66.51 - - [12/Mar/2019:18:41:43 +0100] "GET / HTTP/1.1" 200 4983 "-" "Mozilla/5.0 (Linux; Android 6.0.1; Nexus 5X Build/MMB29P) AppleWebKit/537.36 (KHTML, like Gecko) Chrome/41.0.2272.96 Mobile Safari/537.36 (compatible; Googlebot/2.1; +http://www.google.com/bot.html)"
66.249.66.49 - - [12/Mar/2019:18:41:47 +0100] "GET /css/style.css HTTP/1.1" 404 1256 "http://www.familie-wilde.com/" "Mozilla/5.0 (Linux; Android 6.0.1; Nexus 5X Build/MMB29P) AppleWebKit/537.36 (KHTML, like Gecko) Chrome/41.0.2272.96 Mobile Safari/537.36 (compatible; Googlebot/2.1; +http://www.google.com/bot.html)"
66.249.66.51 - - [12/Mar/2019:18:41:47 +0100] "GET /css/style.css HTTP/1.1" 404 1256 "http://www.familie-wilde.com/" "Mozilla/5.0 (Linux; Android 6.0.1; Nexus 5X Build/MMB29P) AppleWebKit/537.36 (KHTML, like Gecko) Chrome/41.0.2272.96 Mobile Safari/537.36 (compatible; Googlebot/2.1; +http://www.google.com/bot.html)"
52.53.201.78 - - [12/Mar/2019:21:44:03 +0100] "GET / HTTP/1.1" 200 4983 "-" "Mozilla/5.0 (Macintosh; Intel Mac OS X 10_12_6) AppleWebKit/537.36 (KHTML, like Gecko) Chrome/61.0.3163.100 Safari/537.36"
209.17.97.10 - - [13/Mar/2019:00:46:51 +0100] "GET / HTTP/1.1" 200 4983 "-" "Mozilla/5.0 (compatible; Nimbostratus-Bot/v1.3.2; http://cloudsystemnetworks.com)"
66.249.66.53 - - [13/Mar/2019:05:22:13 +0100] "GET / HTTP/1.1" 200 4983 "-" "Mozilla/5.0 (Linux; Android 6.0.1; Nexus 5X Build/MMB29P) AppleWebKit/537.36 (KHTML, like Gecko) Chrome/41.0.2272.96 Mobile Safari/537.36 (compatible; Googlebot/2.1; +http://www.google.com/bot.html)"
66.249.66.51 - - [13/Mar/2019:06:49:30 +0100] "GET /css/style.css HTTP/1.1" 404 1256 "http://www.familie-wilde.com/" "Mozilla/5.0 (Linux; Android 6.0.1; Nexus 5X Build/MMB29P) AppleWebKit/537.36 (KHTML, like Gecko) Chrome/41.0.2272.96 Mobile Safari/537.36 (compatible; Googlebot/2.1; +http://www.google.com/bot.html)"
66.249.66.53 - - [13/Mar/2019:06:49:30 +0100] "GET /robots.txt HTTP/1.1" 404 1256 "-" "Mozilla/5.0 (compatible; Googlebot/2.1; +http://www.google.com/bot.html)"
198.27.80.144 - - [13/Mar/2019:08:10:15 +0100] "GET /robots.txt HTTP/1.0" 404 1256 "-" ""
198.27.80.144 - - [13/Mar/2019:08:10:15 +0100] "GET / HTTP/1.1" 206 4983 "-" "Mozilla/5.0 (X11; Linux x86_64) AppleWebKit/534.30 (KHTML, like Gecko) Ubuntu/11.04 Chromium/12.0.742.112 Chrome/12.0.742.112 Safari/534.30"
198.27.80.144 - - [13/Mar/2019:08:10:17 +0100] "GET /index.html HTTP/1.1" 206 4983 "-" "Mozilla/5.0 (X11; Linux x86_64) AppleWebKit/534.30 (KHTML, like Gecko) Ubuntu/11.04 Chromium/12.0.742.112 Chrome/12.0.742.112 Safari/534.30"
198.27.80.144 - - [13/Mar/2019:08:10:20 +0100] "GET /seiten/firma.html HTTP/1.1" 404 1256 "-" "Mozilla/5.0 (X11; Linux x86_64) AppleWebKit/534.30 (KHTML, like Gecko) Ubuntu/11.04 Chromium/12.0.742.112 Chrome/12.0.742.112 Safari/534.30"
198.27.80.144 - - [13/Mar/2019:08:10:20 +0100] "GET /seiten/projekte.html HTTP/1.1" 404 1256 "-" "Mozilla/5.0 (X11; Linux x86_64) AppleWebKit/534.30 (KHTML, like Gecko) Ubuntu/11.04 Chromium/12.0.742.112 Chrome/12.0.742.112 Safari/534.30"
198.27.80.144 - - [13/Mar/2019:08:10:20 +0100] "GET /seiten/leistungen.html HTTP/1.1" 404 1256 "-" "Mozilla/5.0 (X11; Linux x86_64) AppleWebKit/534.30 (KHTML, like Gecko) Ubuntu/11.04 Chromium/12.0.742.112 Chrome/12.0.742.112 Safari/534.30"
198.27.80.144 - - [13/Mar/2019:08:10:20 +0100] "GET /seiten/kontakt.php HTTP/1.1" 404 1256 "-" "Mozilla/5.0 (X11; Linux x86_64) AppleWebKit/534.30 (KHTML, like Gecko) Ubuntu/11.04 Chromium/12.0.742.112 Chrome/12.0.742.112 Safari/534.30"
198.27.80.144 - - [13/Mar/2019:08:10:20 +0100] "GET /li_gre.html HTTP/1.1" 206 1973 "-" "Mozilla/5.0 (X11; Linux x86_64) AppleWebKit/534.30 (KHTML, like Gecko) Ubuntu/11.04 Chromium/12.0.742.112 Chrome/12.0.742.112 Safari/534.30"
198.27.80.144 - - [13/Mar/2019:08:10:22 +0100] "GET /seiten/impressum.html HTTP/1.1" 404 1256 "-" "Mozilla/5.0 (X11; Linux x86_64) AppleWebKit/534.30 (KHTML, like Gecko) Ubuntu/11.04 Chromium/12.0.742.112 Chrome/12.0.742.112 Safari/534.30"
198.27.80.144 - - [13/Mar/2019:08:10:22 +0100] "GET /seiten/agb.html HTTP/1.1" 404 1256 "-" "Mozilla/5.0 (X11; Linux x86_64) AppleWebKit/534.30 (KHTML, like Gecko) Ubuntu/11.04 Chromium/12.0.742.112 Chrome/12.0.742.112 Safari/534.30"
198.27.80.144 - - [13/Mar/2019:08:10:22 +0100] "GET /seiten/sitemap.html HTTP/1.1" 404 1256 "-" "Mozilla/5.0 (X11; Linux x86_64) AppleWebKit/534.30 (KHTML, like Gecko) Ubuntu/11.04 Chromium/12.0.742.112 Chrome/12.0.742.112 Safari/534.30"
47.92.86.195 - - [13/Mar/2019:14:27:15 +0100] "POST /wp-content/themes/AdvanceImage5/functions.php HTTP/1.1" 404 1256 "-" "-"
64.246.165.150 - - [14/Mar/2019:10:13:22 +0100] "GET /robots.txt HTTP/1.0" 404 1256 "-" "Mozilla/5.0 (Macintosh; Intel Mac OS X 10.10; rv:59.0) Gecko/20100101 Firefox/59.0"
64.246.165.150 - - [14/Mar/2019:10:13:22 +0100] "GET / HTTP/1.1" 200 4983 "-" "Mozilla/5.0 (Macintosh; Intel Mac OS X 10.10; rv:59.0) Gecko/20100101 Firefox/59.0"
66.249.66.53 - - [14/Mar/2019:16:34:35 +0100] "GET /robots.txt HTTP/1.1" 404 1256 "-" "Mozilla/5.0 (compatible; Googlebot/2.1; +http://www.google.com/bot.html)"
66.249.66.51 - - [14/Mar/2019:16:34:35 +0100] "GET / HTTP/1.1" 200 4983 "-" "Mozilla/5.0 (compatible; Googlebot/2.1; +http://www.google.com/bot.html)"
66.249.66.51 - - [14/Mar/2019:16:34:52 +0100] "GET /css/style.css HTTP/1.1" 404 1256 "http://www.familie-wilde.com/" "Mozilla/5.0 AppleWebKit/537.36 (KHTML, like Gecko; compatible; Googlebot/2.1; +http://www.google.com/bot.html) Safari/537.36"
47.92.133.59 - - [14/Mar/2019:22:42:04 +0100] "POST /wp-content/themes/AdvanceImage5/functions.php HTTP/1.1" 404 1256 "-" "-"
47.244.117.56 - - [15/Mar/2019:02:04:00 +0100] "GET / HTTP/1.1" 200 4983 "-" "Mozilla/4.0 (compatible; MSIE 6.1; Windows XP)"
47.244.117.56 - - [15/Mar/2019:02:04:10 +0100] "GET /index.html HTTP/1.1" 200 4983 "-" "Mozilla/4.0 (compatible; MSIE 6.1; Windows XP)"
47.244.117.56 - - [15/Mar/2019:02:04:22 +0100] "GET /seiten/firma.html HTTP/1.1" 404 1256 "-" "Mozilla/4.0 (compatible; MSIE 6.1; Windows XP)"
47.244.117.56 - - [15/Mar/2019:02:04:24 +0100] "GET /seiten/projekte.html HTTP/1.1" 404 1256 "-" "Mozilla/4.0 (compatible; MSIE 6.1; Windows XP)"
47.244.117.56 - - [15/Mar/2019:02:04:25 +0100] "GET /seiten/leistungen.html HTTP/1.1" 404 1256 "-" "Mozilla/4.0 (compatible; MSIE 6.1; Windows XP)"
47.244.117.56 - - [15/Mar/2019:02:04:27 +0100] "GET /seiten/projekte.html HTTP/1.1" 404 1256 "-" "Mozilla/4.0 (compatible; MSIE 6.1; Windows XP)"
47.244.117.56 - - [15/Mar/2019:02:04:28 +0100] "GET /seiten/kontakt.php HTTP/1.1" 404 1256 "-" "Mozilla/4.0 (compatible; MSIE 6.1; Windows XP)"
47.244.117.56 - - [15/Mar/2019:02:04:30 +0100] "GET /seiten/firma.html HTTP/1.1" 404 1256 "-" "Mozilla/4.0 (compatible; MSIE 6.1; Windows XP)"
47.244.117.56 - - [15/Mar/2019:02:04:32 +0100] "GET /li_gre.html HTTP/1.1" 200 1973 "-" "Mozilla/4.0 (compatible; MSIE 6.1; Windows XP)"
47.244.117.56 - - [15/Mar/2019:02:04:41 +0100] "GET /seiten/impressum.html HTTP/1.1" 404 1256 "-" "Mozilla/4.0 (compatible; MSIE 6.1; Windows XP)"
47.244.117.56 - - [15/Mar/2019:02:04:43 +0100] "GET /seiten/agb.html HTTP/1.1" 404 1256 "-" "Mozilla/4.0 (compatible; MSIE 6.1; Windows XP)"
47.244.117.56 - - [15/Mar/2019:02:04:45 +0100] "GET /seiten/sitemap.html HTTP/1.1" 404 1256 "-" "Mozilla/4.0 (compatible; MSIE 6.1; Windows XP)"
52.53.201.78 - - [15/Mar/2019:05:19:10 +0100] "GET / HTTP/1.1" 200 4983 "-" "Mozilla/5.0 (Macintosh; Intel Mac OS X 10_12_6) AppleWebKit/537.36 (KHTML, like Gecko) Chrome/61.0.3163.100 Safari/537.36"
209.17.97.2 - - [16/Mar/2019:05:11:18 +0100] "GET / HTTP/1.1" 200 4983 "-" "Mozilla/5.0 (compatible; Nimbostratus-Bot/v1.3.2; http://cloudsystemnetworks.com)"
207.46.13.65 - - [16/Mar/2019:05:22:11 +0100] "GET / HTTP/1.1" 200 4983 "-" "Mozilla/5.0 (compatible; bingbot/2.0; +http://www.bing.com/bingbot.htm)"
157.55.39.26 - - [16/Mar/2019:05:23:09 +0100] "GET /robots.txt HTTP/1.1" 404 1256 "-" "Mozilla/5.0 (compatible; bingbot/2.0; +http://www.bing.com/bingbot.htm)"
207.46.13.65 - - [16/Mar/2019:06:23:19 +0100] "GET /robots.txt HTTP/1.1" 404 1256 "-" "Mozilla/5.0 (compatible; bingbot/2.0; +http://www.bing.com/bingbot.htm)"
39.104.204.75 - - [17/Mar/2019:02:27:26 +0100] "POST /wp/wp-content/themes/AdvanceImage5/functions.php HTTP/1.1" 404 1256 "-" "-"
52.53.201.78 - - [17/Mar/2019:12:40:44 +0100] "GET / HTTP/1.1" 200 4983 "-" "Mozilla/5.0 (Macintosh; Intel Mac OS X 10_12_6) AppleWebKit/537.36 (KHTML, like Gecko) Chrome/61.0.3163.100 Safari/537.36"
39.104.204.75 - - [18/Mar/2019:02:42:49 +0100] "POST /wp/wp-content/themes/AdvanceImage5/functions.php HTTP/1.1" 404 1256 "-" "-"
52.53.201.78 - - [19/Mar/2019:18:55:49 +0100] "GET / HTTP/1.1" 200 4983 "-" "Mozilla/5.0 (Macintosh; Intel Mac OS X 10_12_6) AppleWebKit/537.36 (KHTML, like Gecko) Chrome/61.0.3163.100 Safari/537.36"
39.104.200.29 - - [20/Mar/2019:17:24:57 +0100] "POST /old/wp-content/themes/AdvanceImage5/functions.php HTTP/1.1" 404 1256 "-" "-"
52.53.201.78 - - [22/Mar/2019:02:00:50 +0100] "GET / HTTP/1.1" 200 4983 "-" "Mozilla/5.0 (Macintosh; Intel Mac OS X 10_12_6) AppleWebKit/537.36 (KHTML, like Gecko) Chrome/61.0.3163.100 Safari/537.36"
209.17.96.58 - - [22/Mar/2019:04:21:07 +0100] "GET / HTTP/1.1" 200 4983 "-" "Mozilla/5.0 (compatible; Nimbostratus-Bot/v1.3.2; http://cloudsystemnetworks.com)"
39.104.112.225 - - [22/Mar/2019:10:08:08 +0100] "POST /old/wp-content/themes/AdvanceImage5/functions.php HTTP/1.1" 404 1256 "-" "-"
178.154.245.134 - - [22/Mar/2019:13:27:56 +0100] "GET /robots.txt HTTP/1.1" 404 1256 "-" "Mozilla/5.0 (compatible; YandexBot/3.0; +http://yandex.com/bots)"
178.154.245.134 - - [22/Mar/2019:13:28:00 +0100] "GET / HTTP/1.1" 200 4983 "-" "Mozilla/5.0 (compatible; YandexBot/3.0; +http://yandex.com/bots)"
52.53.201.78 - - [24/Mar/2019:10:21:53 +0100] "GET / HTTP/1.1" 200 4983 "-" "Mozilla/5.0 (Macintosh; Intel Mac OS X 10_12_6) AppleWebKit/537.36 (KHTML, like Gecko) Chrome/61.0.3163.100 Safari/537.36"
157.55.39.13 - - [26/Mar/2019:16:30:30 +0100] "GET /robots.txt HTTP/1.1" 404 1256 "-" "Mozilla/5.0 (compatible; bingbot/2.0; +http://www.bing.com/bingbot.htm)"
157.55.39.70 - - [26/Mar/2019:16:30:36 +0100] "GET / HTTP/1.1" 200 4983 "-" "Mozilla/5.0 (compatible; bingbot/2.0; +http://www.bing.com/bingbot.htm)"
52.53.201.78 - - [26/Mar/2019:17:26:07 +0100] "GET / HTTP/1.1" 200 4983 "-" "Mozilla/5.0 (Macintosh; Intel Mac OS X 10_12_6) AppleWebKit/537.36 (KHTML, like Gecko) Chrome/61.0.3163.100 Safari/537.36"
40.77.167.121 - - [26/Mar/2019:17:31:47 +0100] "GET /robots.txt HTTP/1.1" 404 1256 "-" "Mozilla/5.0 (compatible; bingbot/2.0; +http://www.bing.com/bingbot.htm)"
37.187.56.81 - - [27/Mar/2019:16:13:43 +0100] "GET /robots.txt HTTP/1.0" 404 1256 "-" ""
37.187.56.81 - - [27/Mar/2019:16:13:43 +0100] "GET / HTTP/1.1" 206 4983 "-" "Mozilla/5.0 (X11; Ubuntu; Linux x86_64; rv:21.0) Gecko/20100101 Firefox/21.0"
37.187.56.81 - - [27/Mar/2019:16:13:45 +0100] "GET /index.html HTTP/1.1" 206 4983 "-" "Mozilla/5.0 (X11; Ubuntu; Linux x86_64; rv:21.0) Gecko/20100101 Firefox/21.0"
37.187.56.81 - - [27/Mar/2019:16:13:47 +0100] "GET /seiten/firma.html HTTP/1.1" 404 1256 "-" "Mozilla/5.0 (X11; Ubuntu; Linux x86_64; rv:21.0) Gecko/20100101 Firefox/21.0"
37.187.56.81 - - [27/Mar/2019:16:13:47 +0100] "GET /seiten/projekte.html HTTP/1.1" 404 1256 "-" "Mozilla/5.0 (X11; Ubuntu; Linux x86_64; rv:21.0) Gecko/20100101 Firefox/21.0"
37.187.56.81 - - [27/Mar/2019:16:13:47 +0100] "GET /seiten/leistungen.html HTTP/1.1" 404 1256 "-" "Mozilla/5.0 (X11; Ubuntu; Linux x86_64; rv:21.0) Gecko/20100101 Firefox/21.0"
37.187.56.81 - - [27/Mar/2019:16:13:47 +0100] "GET /seiten/kontakt.php HTTP/1.1" 404 1256 "-" "Mozilla/5.0 (X11; Ubuntu; Linux x86_64; rv:21.0) Gecko/20100101 Firefox/21.0"
37.187.56.81 - - [27/Mar/2019:16:13:47 +0100] "GET /li_gre.html HTTP/1.1" 206 1973 "-" "Mozilla/5.0 (X11; Ubuntu; Linux x86_64; rv:21.0) Gecko/20100101 Firefox/21.0"
37.187.56.81 - - [27/Mar/2019:16:13:49 +0100] "GET /seiten/impressum.html HTTP/1.1" 404 1256 "-" "Mozilla/5.0 (X11; Ubuntu; Linux x86_64; rv:21.0) Gecko/20100101 Firefox/21.0"
37.187.56.81 - - [27/Mar/2019:16:13:49 +0100] "GET /seiten/agb.html HTTP/1.1" 404 1256 "-" "Mozilla/5.0 (X11; Ubuntu; Linux x86_64; rv:21.0) Gecko/20100101 Firefox/21.0"
37.187.56.81 - - [27/Mar/2019:16:13:49 +0100] "GET /seiten/sitemap.html HTTP/1.1" 404 1256 "-" "Mozilla/5.0 (X11; Ubuntu; Linux x86_64; rv:21.0) Gecko/20100101 Firefox/21.0"
66.249.79.153 - - [28/Mar/2019:19:34:10 +0100] "GET /robots.txt HTTP/1.1" 404 1256 "-" "Mozilla/5.0 (compatible; Googlebot/2.1; +http://www.google.com/bot.html)"
66.249.79.153 - - [28/Mar/2019:19:34:10 +0100] "GET / HTTP/1.1" 200 4983 "-" "Mozilla/5.0 (Linux; Android 6.0.1; Nexus 5X Build/MMB29P) AppleWebKit/537.36 (KHTML, like Gecko) Chrome/41.0.2272.96 Mobile Safari/537.36 (compatible; Googlebot/2.1; +http://www.google.com/bot.html)"
66.249.79.149 - - [28/Mar/2019:19:34:16 +0100] "GET /css/style.css HTTP/1.1" 404 1256 "http://www.familie-wilde.com/" "Mozilla/5.0 (Linux; Android 6.0.1; Nexus 5X Build/MMB29P) AppleWebKit/537.36 (KHTML, like Gecko) Chrome/41.0.2272.96 Mobile Safari/537.36 (compatible; Googlebot/2.1; +http://www.google.com/bot.html)"
66.246.224.12 - - [29/Mar/2019:00:24:40 +0100] "GET / HTTP/1.1" 200 4983 "-" "Mozilla/5.0 (Windows NT 10.0; WOW64) AppleWebKit/537.36 (KHTML, like Gecko) Chrome/47.0.2526.106 Safari/537.36"
52.53.201.78 - - [29/Mar/2019:00:48:44 +0100] "GET / HTTP/1.1" 200 4983 "-" "Mozilla/5.0 (Macintosh; Intel Mac OS X 10_12_6) AppleWebKit/537.36 (KHTML, like Gecko) Chrome/61.0.3163.100 Safari/537.36"
209.17.96.18 - - [29/Mar/2019:02:07:03 +0100] "GET / HTTP/1.1" 200 4983 "-" "Mozilla/5.0 (compatible; Nimbostratus-Bot/v1.3.2; http://cloudsystemnetworks.com)"
66.249.70.21 - - [29/Mar/2019:16:00:10 +0100] "GET /robots.txt HTTP/1.1" 404 1256 "-" "Mozilla/5.0 (compatible; Googlebot/2.1; +http://www.google.com/bot.html)"
66.249.70.19 - - [29/Mar/2019:16:00:11 +0100] "GET / HTTP/1.1" 200 4983 "-" "Mozilla/5.0 (compatible; Googlebot/2.1; +http://www.google.com/bot.html)"
178.154.245.134 - - [31/Mar/2019:03:11:24 +0200] "GET /robots.txt HTTP/1.1" 404 1256 "-" "Mozilla/5.0 (compatible; YandexBot/3.0; +http://yandex.com/bots)"
178.154.245.134 - - [31/Mar/2019:03:11:28 +0200] "GET / HTTP/1.1" 200 4983 "-" "Mozilla/5.0 (compatible; YandexBot/3.0; +http://yandex.com/bots)"
52.53.201.78 - - [31/Mar/2019:08:14:32 +0200] "GET / HTTP/1.1" 200 4983 "-" "Mozilla/5.0 (Macintosh; Intel Mac OS X 10_12_6) AppleWebKit/537.36 (KHTML, like Gecko) Chrome/61.0.3163.100 Safari/537.36"
159.65.165.249 - - [31/Mar/2019:13:31:48 +0200] "HEAD / HTTP/1.1" 200 - "https://www.netcraft.com/survey/" "Mozilla/4.0 (compatible; Netcraft Web Server Survey)"