94.219.94.203 - - [16/Sep/2020:09:40:22 +0200] "GET /img/lay09.gif HTTP/1.1" 200 135 "http://www.dr-heidi-fleischer.de/" "Mozilla/5.0 (Linux; Android 9; SM-G955F) AppleWebKit/537.36 (KHTML, like Gecko) Chrome/85.0.4183.101 Mobile Safari/537.36"
94.219.94.203 - - [16/Sep/2020:09:40:22 +0200] "GET /img/lay13.gif HTTP/1.1" 200 181 "http://www.dr-heidi-fleischer.de/" "Mozilla/5.0 (Linux; Android 9; SM-G955F) AppleWebKit/537.36 (KHTML, like Gecko) Chrome/85.0.4183.101 Mobile Safari/537.36"
94.219.94.203 - - [16/Sep/2020:09:40:22 +0200] "GET /img/zert_1gross.jpg HTTP/1.1" 200 22004 "http://www.dr-heidi-fleischer.de/" "Mozilla/5.0 (Linux; Android 9; SM-G955F) AppleWebKit/537.36 (KHTML, like Gecko) Chrome/85.0.4183.101 Mobile Safari/537.36"
94.219.94.203 - - [16/Sep/2020:09:40:22 +0200] "GET /img/lay14.gif HTTP/1.1" 200 104 "http://www.dr-heidi-fleischer.de/" "Mozilla/5.0 (Linux; Android 9; SM-G955F) AppleWebKit/537.36 (KHTML, like Gecko) Chrome/85.0.4183.101 Mobile Safari/537.36"
94.219.94.203 - - [16/Sep/2020:09:40:22 +0200] "GET /img/hg_body.jpg HTTP/1.1" 200 2615 "http://www.dr-heidi-fleischer.de/css/fl_style.css" "Mozilla/5.0 (Linux; Android 9; SM-G955F) AppleWebKit/537.36 (KHTML, like Gecko) Chrome/85.0.4183.101 Mobile Safari/537.36"
94.219.94.203 - - [16/Sep/2020:09:40:22 +0200] "GET /img/lay02.gif HTTP/1.1" 200 68 "http://www.dr-heidi-fleischer.de/" "Mozilla/5.0 (Linux; Android 9; SM-G955F) AppleWebKit/537.36 (KHTML, like Gecko) Chrome/85.0.4183.101 Mobile Safari/537.36"
94.219.94.203 - - [16/Sep/2020:09:40:22 +0200] "GET /img/lay03.gif HTTP/1.1" 200 1060 "http://www.dr-heidi-fleischer.de/" "Mozilla/5.0 (Linux; Android 9; SM-G955F) AppleWebKit/537.36 (KHTML, like Gecko) Chrome/85.0.4183.101 Mobile Safari/537.36"
94.219.94.203 - - [16/Sep/2020:09:40:22 +0200] "GET /img/lay04.gif HTTP/1.1" 200 68 "http://www.dr-heidi-fleischer.de/" "Mozilla/5.0 (Linux; Android 9; SM-G955F) AppleWebKit/537.36 (KHTML, like Gecko) Chrome/85.0.4183.101 Mobile Safari/537.36"
94.219.94.203 - - [16/Sep/2020:09:40:22 +0200] "GET /img/lay05.gif HTTP/1.1" 200 331 "http://www.dr-heidi-fleischer.de/" "Mozilla/5.0 (Linux; Android 9; SM-G955F) AppleWebKit/537.36 (KHTML, like Gecko) Chrome/85.0.4183.101 Mobile Safari/537.36"
94.219.94.203 - - [16/Sep/2020:09:40:22 +0200] "GET /img/header_neu.gif HTTP/1.1" 200 32567 "http://www.dr-heidi-fleischer.de/css/fl_style.css" "Mozilla/5.0 (Linux; Android 9; SM-G955F) AppleWebKit/537.36 (KHTML, like Gecko) Chrome/85.0.4183.101 Mobile Safari/537.36"
94.219.94.203 - - [16/Sep/2020:09:40:22 +0200] "GET /img/hg_zahn2.gif HTTP/1.1" 200 20816 "http://www.dr-heidi-fleischer.de/" "Mozilla/5.0 (Linux; Android 9; SM-G955F) AppleWebKit/537.36 (KHTML, like Gecko) Chrome/85.0.4183.101 Mobile Safari/537.36"
94.219.94.203 - - [16/Sep/2020:09:40:22 +0200] "GET /img/left_bg2.gif HTTP/1.1" 200 176 "http://www.dr-heidi-fleischer.de/" "Mozilla/5.0 (Linux; Android 9; SM-G955F) AppleWebKit/537.36 (KHTML, like Gecko) Chrome/85.0.4183.101 Mobile Safari/537.36"
94.219.94.203 - - [16/Sep/2020:09:40:22 +0200] "GET /img/left_bg.gif HTTP/1.1" 200 98 "http://www.dr-heidi-fleischer.de/" "Mozilla/5.0 (Linux; Android 9; SM-G955F) AppleWebKit/537.36 (KHTML, like Gecko) Chrome/85.0.4183.101 Mobile Safari/537.36"
94.219.94.203 - - [16/Sep/2020:09:40:22 +0200] "GET /img/right_bg.jpg HTTP/1.1" 404 1256 "http://www.dr-heidi-fleischer.de/" "Mozilla/5.0 (Linux; Android 9; SM-G955F) AppleWebKit/537.36 (KHTML, like Gecko) Chrome/85.0.4183.101 Mobile Safari/537.36"
94.219.94.203 - - [16/Sep/2020:09:40:22 +0200] "GET /img/right_bg.gif HTTP/1.1" 200 76 "http://www.dr-heidi-fleischer.de/" "Mozilla/5.0 (Linux; Android 9; SM-G955F) AppleWebKit/537.36 (KHTML, like Gecko) Chrome/85.0.4183.101 Mobile Safari/537.36"
94.219.94.203 - - [16/Sep/2020:09:40:22 +0200] "GET /img/lay10.gif HTTP/1.1" 200 252 "http://www.dr-heidi-fleischer.de/" "Mozilla/5.0 (Linux; Android 9; SM-G955F) AppleWebKit/537.36 (KHTML, like Gecko) Chrome/85.0.4183.101 Mobile Safari/537.36"
94.219.94.203 - - [16/Sep/2020:09:40:22 +0200] "GET /img/bottom_bg.gif HTTP/1.1" 200 79 "http://www.dr-heidi-fleischer.de/" "Mozilla/5.0 (Linux; Android 9; SM-G955F) AppleWebKit/537.36 (KHTML, like Gecko) Chrome/85.0.4183.101 Mobile Safari/537.36"
94.219.94.203 - - [16/Sep/2020:09:40:22 +0200] "GET /img/dr_fleischer_ani.gif HTTP/1.1" 200 854042 "http://www.dr-heidi-fleischer.de/" "Mozilla/5.0 (Linux; Android 9; SM-G955F) AppleWebKit/537.36 (KHTML, like Gecko) Chrome/85.0.4183.101 Mobile Safari/537.36"
94.219.94.203 - - [16/Sep/2020:09:40:23 +0200] "GET /img/animated_favicon1.gif HTTP/1.1" 200 1808 "http://www.dr-heidi-fleischer.de/" "Mozilla/5.0 (Linux; Android 9; SM-G955F) AppleWebKit/537.36 (KHTML, like Gecko) Chrome/85.0.4183.101 Mobile Safari/537.36"
94.219.94.203 - - [16/Sep/2020:09:40:48 +0200] "GET /praxis.php HTTP/1.1" 200 7017 "http://www.dr-heidi-fleischer.de/" "Mozilla/5.0 (Linux; Android 9; SM-G955F) AppleWebKit/537.36 (KHTML, like Gecko) Chrome/85.0.4183.101 Mobile Safari/537.36"
94.219.94.203 - - [16/Sep/2020:09:40:48 +0200] "GET /img/praxis_1.jpg HTTP/1.1" 200 39868 "http://www.dr-heidi-fleischer.de/praxis.php" "Mozilla/5.0 (Linux; Android 9; SM-G955F) AppleWebKit/537.36 (KHTML, like Gecko) Chrome/85.0.4183.101 Mobile Safari/537.36"
94.219.94.203 - - [16/Sep/2020:09:40:48 +0200] "GET /img/praxis_2.jpg HTTP/1.1" 200 30574 "http://www.dr-heidi-fleischer.de/praxis.php" "Mozilla/5.0 (Linux; Android 9; SM-G955F) AppleWebKit/537.36 (KHTML, like Gecko) Chrome/85.0.4183.101 Mobile Safari/537.36"
94.219.94.203 - - [16/Sep/2020:09:40:48 +0200] "GET /img/praxis_3.jpg HTTP/1.1" 200 36951 "http://www.dr-heidi-fleischer.de/praxis.php" "Mozilla/5.0 (Linux; Android 9; SM-G955F) AppleWebKit/537.36 (KHTML, like Gecko) Chrome/85.0.4183.101 Mobile Safari/537.36"
94.219.94.203 - - [16/Sep/2020:09:40:48 +0200] "GET /img/right_bg.jpg HTTP/1.1" 404 1256 "http://www.dr-heidi-fleischer.de/praxis.php" "Mozilla/5.0 (Linux; Android 9; SM-G955F) AppleWebKit/537.36 (KHTML, like Gecko) Chrome/85.0.4183.101 Mobile Safari/537.36"
5.26.91.222 - - [16/Sep/2020:09:48:38 +0200] "GET / HTTP/1.1" 200 9626 "https://www.google.de/" "Mozilla/5.0 (Windows NT 10.0; Win64; x64) AppleWebKit/537.36 (KHTML, like Gecko) Chrome/85.0.4183.102 Safari/537.36"
5.26.91.222 - - [16/Sep/2020:09:48:42 +0200] "GET /css/fl_style.css HTTP/1.1" 200 10194 "http://www.dr-heidi-fleischer.de/" "Mozilla/5.0 (Windows NT 10.0; Win64; x64) AppleWebKit/537.36 (KHTML, like Gecko) Chrome/85.0.4183.102 Safari/537.36"
5.26.91.222 - - [16/Sep/2020:09:48:42 +0200] "GET /scripte/all_scripts.js HTTP/1.1" 200 249 "http://www.dr-heidi-fleischer.de/" "Mozilla/5.0 (Windows NT 10.0; Win64; x64) AppleWebKit/537.36 (KHTML, like Gecko) Chrome/85.0.4183.102 Safari/537.36"
5.26.91.222 - - [16/Sep/2020:09:48:42 +0200] "GET /img/lay01.gif HTTP/1.1" 200 273 "http://www.dr-heidi-fleischer.de/" "Mozilla/5.0 (Windows NT 10.0; Win64; x64) AppleWebKit/537.36 (KHTML, like Gecko) Chrome/85.0.4183.102 Safari/537.36"
5.26.91.222 - - [16/Sep/2020:09:48:42 +0200] "GET /img/f_1-p.gif HTTP/1.1" 200 43 "http://www.dr-heidi-fleischer.de/" "Mozilla/5.0 (Windows NT 10.0; Win64; x64) AppleWebKit/537.36 (KHTML, like Gecko) Chrome/85.0.4183.102 Safari/537.36"
5.26.91.222 - - [16/Sep/2020:09:48:42 +0200] "GET /img/tel_footer.gif HTTP/1.1" 200 1051 "http://www.dr-heidi-fleischer.de/" "Mozilla/5.0 (Windows NT 10.0; Win64; x64) AppleWebKit/537.36 (KHTML, like Gecko) Chrome/85.0.4183.102 Safari/537.36"
5.26.91.222 - - [16/Sep/2020:09:48:42 +0200] "GET /img/lay06neu.gif HTTP/1.1" 200 583 "http://www.dr-heidi-fleischer.de/" "Mozilla/5.0 (Windows NT 10.0; Win64; x64) AppleWebKit/537.36 (KHTML, like Gecko) Chrome/85.0.4183.102 Safari/537.36"
5.26.91.222 - - [16/Sep/2020:09:48:42 +0200] "GET /img/lay07.gif HTTP/1.1" 200 453 "http://www.dr-heidi-fleischer.de/" "Mozilla/5.0 (Windows NT 10.0; Win64; x64) AppleWebKit/537.36 (KHTML, like Gecko) Chrome/85.0.4183.102 Safari/537.36"
5.26.91.222 - - [16/Sep/2020:09:48:42 +0200] "GET /img/zert_1.jpg HTTP/1.1" 200 6013 "http://www.dr-heidi-fleischer.de/" "Mozilla/5.0 (Windows NT 10.0; Win64; x64) AppleWebKit/537.36 (KHTML, like Gecko) Chrome/85.0.4183.102 Safari/537.36"
5.26.91.222 - - [16/Sep/2020:09:48:42 +0200] "GET /img/roll_trans.gif HTTP/1.1" 200 609 "http://www.dr-heidi-fleischer.de/" "Mozilla/5.0 (Windows NT 10.0; Win64; x64) AppleWebKit/537.36 (KHTML, like Gecko) Chrome/85.0.4183.102 Safari/537.36"
5.26.91.222 - - [16/Sep/2020:09:48:42 +0200] "GET /img/roll_trans2.gif HTTP/1.1" 200 609 "http://www.dr-heidi-fleischer.de/" "Mozilla/5.0 (Windows NT 10.0; Win64; x64) AppleWebKit/537.36 (KHTML, like Gecko) Chrome/85.0.4183.102 Safari/537.36"
5.26.91.222 - - [16/Sep/2020:09:48:42 +0200] "GET /img/lay16.gif HTTP/1.1" 200 309 "http://www.dr-heidi-fleischer.de/" "Mozilla/5.0 (Windows NT 10.0; Win64; x64) AppleWebKit/537.36 (KHTML, like Gecko) Chrome/85.0.4183.102 Safari/537.36"
5.26.91.222 - - [16/Sep/2020:09:48:42 +0200] "GET /img/lay08.gif HTTP/1.1" 200 534 "http://www.dr-heidi-fleischer.de/" "Mozilla/5.0 (Windows NT 10.0; Win64; x64) AppleWebKit/537.36 (KHTML, like Gecko) Chrome/85.0.4183.102 Safari/537.36"
5.26.91.222 - - [16/Sep/2020:09:48:42 +0200] "GET /img/lay09.gif HTTP/1.1" 200 135 "http://www.dr-heidi-fleischer.de/" "Mozilla/5.0 (Windows NT 10.0; Win64; x64) AppleWebKit/537.36 (KHTML, like Gecko) Chrome/85.0.4183.102 Safari/537.36"
5.26.91.222 - - [16/Sep/2020:09:48:42 +0200] "GET /img/lay13.gif HTTP/1.1" 200 181 "http://www.dr-heidi-fleischer.de/" "Mozilla/5.0 (Windows NT 10.0; Win64; x64) AppleWebKit/537.36 (KHTML, like Gecko) Chrome/85.0.4183.102 Safari/537.36"
5.26.91.222 - - [16/Sep/2020:09:48:42 +0200] "GET /img/lay14.gif HTTP/1.1" 200 104 "http://www.dr-heidi-fleischer.de/" "Mozilla/5.0 (Windows NT 10.0; Win64; x64) AppleWebKit/537.36 (KHTML, like Gecko) Chrome/85.0.4183.102 Safari/537.36"
5.26.91.222 - - [16/Sep/2020:09:48:42 +0200] "GET /img/zert_1gross.jpg HTTP/1.1" 200 22004 "http://www.dr-heidi-fleischer.de/" "Mozilla/5.0 (Windows NT 10.0; Win64; x64) AppleWebKit/537.36 (KHTML, like Gecko) Chrome/85.0.4183.102 Safari/537.36"
5.26.91.222 - - [16/Sep/2020:09:48:42 +0200] "GET /img/dr_fleischer_ani.gif HTTP/1.1" 200 854042 "http://www.dr-heidi-fleischer.de/" "Mozilla/5.0 (Windows NT 10.0; Win64; x64) AppleWebKit/537.36 (KHTML, like Gecko) Chrome/85.0.4183.102 Safari/537.36"
5.26.91.222 - - [16/Sep/2020:09:54:30 +0200] "GET / HTTP/1.1" 200 9626 "https://www.google.de/" "Mozilla/5.0 (Windows NT 10.0; Win64; x64) AppleWebKit/537.36 (KHTML, like Gecko) Chrome/85.0.4183.102 Safari/537.36"
54.36.148.190 - - [16/Sep/2020:10:13:27 +0200] "GET /robots.txt HTTP/1.1" 200 218 "-" "Mozilla/5.0 (compatible; AhrefsBot/6.1; +http://ahrefs.com/robot/)"
199.30.231.2 - - [16/Sep/2020:10:37:05 +0200] "GET / HTTP/1.1" 200 9626 "-" "Mozilla/5.0 (Macintosh; Intel Mac OS X 10_10_5) AppleWebKit/537.36 (KHTML, like Gecko) Chrome/54.0.2840.98 Safari/537.36"
54.36.148.15 - - [16/Sep/2020:10:38:08 +0200] "GET /robots.txt HTTP/1.1" 200 218 "-" "Mozilla/5.0 (compatible; AhrefsBot/6.1; +http://ahrefs.com/robot/)"
54.36.148.243 - - [16/Sep/2020:10:38:09 +0200] "GET /kont.php HTTP/1.1" 200 8494 "-" "Mozilla/5.0 (compatible; AhrefsBot/7.0; +http://ahrefs.com/robot/)"
114.119.144.41 - - [16/Sep/2020:11:47:31 +0200] "GET /praxis.php HTTP/1.1" 200 7017 "-" "Mozilla/5.0 (Linux; Android 7.0;) AppleWebKit/537.36 (KHTML, like Gecko) Mobile Safari/537.36 (compatible; PetalBot;+http://aspiegel.com/petalbot)"
114.119.144.85 - - [16/Sep/2020:13:19:57 +0200] "GET /robots.txt HTTP/1.1" 200 218 "-" "(compatible;PetalBot;+http://aspiegel.com/petalbot)"
77.180.212.142 - - [16/Sep/2020:14:02:26 +0200] "GET /robots.txt HTTP/1.1" 200 218 "-" "Python-urllib/3.8"
77.180.212.142 - - [16/Sep/2020:14:02:26 +0200] "GET /robots.txt HTTP/1.1" 200 218 "-" "Python-urllib/3.8"
77.180.212.142 - - [16/Sep/2020:14:02:27 +0200] "GET /spez_leistungen.php HTTP/1.1" 200 7752 "-" "Python-urllib/3.8"
77.180.212.142 - - [16/Sep/2020:14:02:27 +0200] "GET /spez_leistungen.php HTTP/1.1" 200 7752 "-" "python-requests/2.23.0"
207.46.13.198 - - [16/Sep/2020:14:18:11 +0200] "GET /praxis.php HTTP/1.1" 200 7017 "-" "Mozilla/5.0 (compatible; bingbot/2.0; +http://www.bing.com/bingbot.htm)"
40.77.167.97 - - [16/Sep/2020:14:18:15 +0200] "GET /robots.txt HTTP/1.1" 200 218 "-" "Mozilla/5.0 (compatible; bingbot/2.0; +http://www.bing.com/bingbot.htm)"
40.77.167.97 - - [16/Sep/2020:14:18:16 +0200] "GET /robots.txt HTTP/1.1" 200 218 "-" "Mozilla/5.0 (compatible; bingbot/2.0; +http://www.bing.com/bingbot.htm)"
40.77.167.97 - - [16/Sep/2020:14:18:20 +0200] "GET /css/fl_style.css HTTP/1.1" 200 10194 "-" "Mozilla/5.0 (compatible; bingbot/2.0; +http://www.bing.com/bingbot.htm)"
95.128.200.200 - - [16/Sep/2020:14:25:51 +0200] "GET / HTTP/1.1" 200 9626 "https://www.google.de" "Mozilla/5.0 (Windows NT 6.1) AppleWebKit/537.36 (KHTML, like Gecko) Chrome/41.0.2228.0 Safari/537.36"
114.119.156.67 - - [16/Sep/2020:14:28:28 +0200] "GET /robots.txt HTTP/1.1" 200 218 "-" "(compatible;PetalBot;+http://aspiegel.com/petalbot)"
52.156.128.32 - - [16/Sep/2020:16:39:00 +0200] "GET /kont.php HTTP/1.1" 200 8494 "-" "Mozilla/5.0 (Windows NT 10.0; Win64; x64) AppleWebKit/537.36 (KHTML, like Gecko) Chrome/81.0.4044.92 Safari/537.36 (BingLocalSearch)"
40.77.167.93 - - [16/Sep/2020:18:01:29 +0200] "GET /spez_leistungen.php HTTP/1.1" 200 7752 "-" "Mozilla/5.0 (compatible; bingbot/2.0; +http://www.bing.com/bingbot.htm)"
95.216.96.254 - - [16/Sep/2020:19:12:22 +0200] "GET /robots.txt HTTP/1.1" 200 218 "-" "Mozilla/5.0 (compatible; SEOkicks; +https://www.seokicks.de/robot.html)"
95.216.96.254 - - [16/Sep/2020:19:12:23 +0200] "GET / HTTP/1.1" 200 9626 "-" "Mozilla/5.0 (compatible; SEOkicks; +https://www.seokicks.de/robot.html)"
95.216.96.254 - - [16/Sep/2020:19:12:27 +0200] "GET /index.php HTTP/1.1" 200 9626 "http://www.dr-heidi-fleischer.de/" "Mozilla/5.0 (compatible; SEOkicks; +https://www.seokicks.de/robot.html)"
95.216.96.254 - - [16/Sep/2020:19:12:28 +0200] "GET /praxis.php HTTP/1.1" 200 7017 "http://www.dr-heidi-fleischer.de/" "Mozilla/5.0 (compatible; SEOkicks; +https://www.seokicks.de/robot.html)"
95.216.96.254 - - [16/Sep/2020:19:12:29 +0200] "GET /leistungen.php HTTP/1.1" 200 8056 "http://www.dr-heidi-fleischer.de/" "Mozilla/5.0 (compatible; SEOkicks; +https://www.seokicks.de/robot.html)"
95.216.96.254 - - [16/Sep/2020:19:12:31 +0200] "GET /spez_leistungen.php HTTP/1.1" 200 7752 "http://www.dr-heidi-fleischer.de/" "Mozilla/5.0 (compatible; SEOkicks; +https://www.seokicks.de/robot.html)"
95.216.96.254 - - [16/Sep/2020:19:12:32 +0200] "GET /impressum.php HTTP/1.1" 200 8293 "http://www.dr-heidi-fleischer.de/" "Mozilla/5.0 (compatible; SEOkicks; +https://www.seokicks.de/robot.html)"
95.216.96.254 - - [16/Sep/2020:19:12:34 +0200] "GET /kont.php HTTP/1.1" 200 8494 "http://www.dr-heidi-fleischer.de/" "Mozilla/5.0 (compatible; SEOkicks; +https://www.seokicks.de/robot.html)"
95.216.96.254 - - [16/Sep/2020:19:12:35 +0200] "GET /anfahrt.php HTTP/1.1" 200 8074 "http://www.dr-heidi-fleischer.de/" "Mozilla/5.0 (compatible; SEOkicks; +https://www.seokicks.de/robot.html)"
95.216.96.245 - - [16/Sep/2020:19:34:29 +0200] "GET /robots.txt HTTP/1.1" 200 218 "-" "Mozilla/5.0 (compatible; SEOkicks; +https://www.seokicks.de/robot.html)"
95.216.96.245 - - [16/Sep/2020:19:34:30 +0200] "GET / HTTP/1.1" 200 9626 "-" "Mozilla/5.0 (compatible; SEOkicks; +https://www.seokicks.de/robot.html)"
95.216.96.245 - - [16/Sep/2020:19:34:32 +0200] "GET /index.php HTTP/1.1" 200 9626 "http://www.zahnmedizin-im-alter.de/" "Mozilla/5.0 (compatible; SEOkicks; +https://www.seokicks.de/robot.html)"
95.216.96.245 - - [16/Sep/2020:19:34:33 +0200] "GET /praxis.php HTTP/1.1" 200 7017 "http://www.zahnmedizin-im-alter.de/" "Mozilla/5.0 (compatible; SEOkicks; +https://www.seokicks.de/robot.html)"
95.216.96.245 - - [16/Sep/2020:19:34:35 +0200] "GET /leistungen.php HTTP/1.1" 200 8056 "http://www.zahnmedizin-im-alter.de/" "Mozilla/5.0 (compatible; SEOkicks; +https://www.seokicks.de/robot.html)"
95.216.96.245 - - [16/Sep/2020:19:34:36 +0200] "GET /spez_leistungen.php HTTP/1.1" 200 7752 "http://www.zahnmedizin-im-alter.de/" "Mozilla/5.0 (compatible; SEOkicks; +https://www.seokicks.de/robot.html)"
95.216.96.245 - - [16/Sep/2020:19:34:38 +0200] "GET /impressum.php HTTP/1.1" 200 8293 "http://www.zahnmedizin-im-alter.de/" "Mozilla/5.0 (compatible; SEOkicks; +https://www.seokicks.de/robot.html)"
95.216.96.245 - - [16/Sep/2020:19:34:39 +0200] "GET /kont.php HTTP/1.1" 200 8494 "http://www.zahnmedizin-im-alter.de/" "Mozilla/5.0 (compatible; SEOkicks; +https://www.seokicks.de/robot.html)"
95.216.96.245 - - [16/Sep/2020:19:34:40 +0200] "GET /anfahrt.php HTTP/1.1" 200 8074 "http://www.zahnmedizin-im-alter.de/" "Mozilla/5.0 (compatible; SEOkicks; +https://www.seokicks.de/robot.html)"
85.25.210.23 - - [16/Sep/2020:21:52:12 +0200] "GET /robots.txt HTTP/1.1" 200 218 "-" "Mozilla/5.0 (compatible; adscanner/)/1.0 (http://seocompany.store; spider@seocompany.store)"
85.25.210.23 - - [16/Sep/2020:21:52:12 +0200] "GET / HTTP/1.1" 200 9626 "-" "Mozilla/5.0 (compatible; adscanner/)/1.0 (http://seocompany.store; spider@seocompany.store)"
85.25.210.23 - - [16/Sep/2020:21:57:39 +0200] "GET / HTTP/1.1" 200 9626 "-" "Mozilla/5.0 (compatible; adscanner/)/1.0 (http://seocompany.store; spider@seocompany.store)"
85.25.185.196 - - [16/Sep/2020:22:13:26 +0200] "GET /robots.txt HTTP/1.1" 200 218 "-" "Mozilla/5.0 (compatible; adscanner/)/1.0 (http://seocompany.store; spider@seocompany.store)"
85.25.185.196 - - [16/Sep/2020:22:13:26 +0200] "GET / HTTP/1.1" 200 9626 "-" "Mozilla/5.0 (compatible; adscanner/)/1.0 (http://seocompany.store; spider@seocompany.store)"
144.76.168.111 - - [16/Sep/2020:23:28:42 +0200] "GET /kont.php HTTP/1.1" 200 8494 "-" "Mozilla/5.0 (X11; Linux x86_64) AppleWebKit/537.36 (KHTML, like Gecko) Ubuntu Chromium/63.0.3239.84 Chrome/63.0.3239.84 Safari/537.36"
144.76.168.111 - - [16/Sep/2020:23:28:45 +0200] "GET /impressum.php HTTP/1.1" 200 8293 "-" "Mozilla/5.0 (X11; Linux x86_64) AppleWebKit/537.36 (KHTML, like Gecko) Chrome/64.0.3282.119 Safari/537.36"
144.76.168.111 - - [16/Sep/2020:23:28:48 +0200] "GET / HTTP/1.1" 200 9626 "-" "Mozilla/5.0 (Macintosh; Intel Mac OS X 10.12; rv:57.0) Gecko/20100101 Firefox/57.0"
144.76.168.111 - - [16/Sep/2020:23:29:01 +0200] "GET /leistungen.php HTTP/1.1" 200 8056 "-" "Mozilla/5.0 (X11; Linux x86_64) AppleWebKit/537.36 (KHTML, like Gecko) Chrome/64.0.3282.119 Safari/537.36"
144.76.168.111 - - [16/Sep/2020:23:29:01 +0200] "GET /praxis.php HTTP/1.1" 200 7017 "-" "Mozilla/5.0 (Macintosh; Intel Mac OS X 10_5_8) AppleWebKit/534.50.2 (KHTML, like Gecko) Version/5.0.6 Safari/533.22.3"
144.76.168.111 - - [16/Sep/2020:23:29:01 +0200] "GET /anfahrt.php HTTP/1.1" 200 8074 "-" "Mozilla/5.0 (compatible; MSIE 10.0; Windows NT 6.1; Trident/4.0; InfoPath.2; SV1; .NET CLR 2.0.50727; WOW64)"
144.76.168.111 - - [16/Sep/2020:23:29:01 +0200] "GET /index.php HTTP/1.1" 200 9626 "-" "Mozilla/5.0 (Macintosh; Intel Mac OS X 10.13; rv:57.0) Gecko/20100101 Firefox/57.0"
144.76.168.111 - - [16/Sep/2020:23:29:01 +0200] "GET /spez_leistungen.php HTTP/1.1" 200 7752 "-" "Mozilla/5.0 (Windows NT 6.1; WOW64; Trident/7.0; rv:11.0) like Gecko"
144.76.168.111 - - [16/Sep/2020:23:29:22 +0200] "GET /robots.txt HTTP/1.1" 200 218 "-" "parser"
34.207.96.71 - - [16/Sep/2020:23:55:50 +0200] "GET / HTTP/1.1" 200 9626 "-" "Mozilla/5.0 (X11; Linux x86_64) AppleWebKit/537.36 (KHTML, like Gecko) Chrome/58.0.3029.110 Safari/537.36"
35.190.128.189 - - [17/Sep/2020:00:31:16 +0200] "GET /robots.txt HTTP/1.0" 200 218 "-" "ZoominfoBot (zoominfobot at zoominfo dot com)"
35.190.128.189 - - [17/Sep/2020:00:31:16 +0200] "GET / HTTP/1.0" 200 9626 "-" "ZoominfoBot (zoominfobot at zoominfo dot com)"
66.249.68.83 - - [17/Sep/2020:04:03:08 +0200] "GET /robots.txt HTTP/1.1" 200 218 "-" "Mozilla/5.0 (compatible; Googlebot/2.1; +http://www.google.com/bot.html)"
66.249.68.83 - - [17/Sep/2020:04:03:08 +0200] "GET / HTTP/1.1" 200 9626 "-" "Mozilla/5.0 (compatible; Googlebot/2.1; +http://www.google.com/bot.html)"
35.196.67.90 - - [17/Sep/2020:04:28:40 +0200] "GET /robots.txt HTTP/1.0" 200 218 "-" "ZoominfoBot (zoominfobot at zoominfo dot com)"
35.196.67.90 - - [17/Sep/2020:04:28:40 +0200] "GET /kont.php HTTP/1.0" 200 8494 "-" "ZoominfoBot (zoominfobot at zoominfo dot com)"
35.196.67.90 - - [17/Sep/2020:04:30:19 +0200] "GET /leistungen.php HTTP/1.0" 200 8056 "-" "ZoominfoBot (zoominfobot at zoominfo dot com)"
35.196.67.90 - - [17/Sep/2020:04:37:59 +0200] "GET /index.php HTTP/1.0" 200 9626 "-" "ZoominfoBot (zoominfobot at zoominfo dot com)"
66.249.68.85 - - [17/Sep/2020:04:41:26 +0200] "GET /favicon.ico HTTP/1.1" 404 1256 "-" "Googlebot-Image/1.0"
35.196.67.90 - - [17/Sep/2020:04:45:09 +0200] "GET /impressum.php HTTP/1.0" 200 8293 "-" "ZoominfoBot (zoominfobot at zoominfo dot com)"
35.196.67.90 - - [17/Sep/2020:04:47:33 +0200] "GET /praxis.php HTTP/1.0" 200 7017 "-" "ZoominfoBot (zoominfobot at zoominfo dot com)"
35.196.67.90 - - [17/Sep/2020:04:49:48 +0200] "GET /anfahrt.php HTTP/1.0" 200 8074 "-" "ZoominfoBot (zoominfobot at zoominfo dot com)"
35.196.67.90 - - [17/Sep/2020:04:53:11 +0200] "GET /spez_leistungen.php HTTP/1.0" 200 7752 "-" "ZoominfoBot (zoominfobot at zoominfo dot com)"
66.249.68.85 - - [17/Sep/2020:05:37:13 +0200] "GET /favicon.ico HTTP/1.1" 404 1256 "-" "Googlebot-Image/1.0"
66.249.79.132 - - [17/Sep/2020:05:37:45 +0200] "GET /robots.txt HTTP/1.1" 200 218 "-" "Mozilla/5.0 (compatible; Googlebot/2.1; +http://www.google.com/bot.html)"
66.249.79.130 - - [17/Sep/2020:05:37:45 +0200] "GET /img/favicon.ico HTTP/1.1" 304 - "-" "Googlebot-Image/1.0"
52.229.23.39 - - [17/Sep/2020:06:20:23 +0200] "GET /kont.php HTTP/1.1" 200 8494 "-" "Mozilla/5.0 (Windows NT 10.0; Win64; x64) AppleWebKit/537.36 (KHTML, like Gecko) Chrome/81.0.4044.92 Safari/537.36 (BingLocalSearch)"
42.236.10.69 - - [17/Sep/2020:06:51:26 +0200] "GET /index.php HTTP/1.1" 200 9626 "http://www.dr-heidi-fleischer.de/index.php" "Mozilla/5.0 (Windows NT 6.1; WOW64) AppleWebKit/537.36 (KHTML, like Gecko) Chrome/50.4.2661.102 Safari/537.36; 360Spider"
42.236.10.76 - - [17/Sep/2020:06:53:56 +0200] "GET / HTTP/1.1" 200 9626 "http://www.dr-heidi-fleischer.de/" "Mozilla/5.0 (Windows NT 6.1; WOW64) AppleWebKit/537.36 (KHTML, like Gecko) Chrome/50.4.2661.102 Safari/537.36; 360Spider"
51.75.53.141 - - [17/Sep/2020:06:53:59 +0200] "GET /wp-login.php HTTP/1.1" 404 1256 "-" "Mozilla/5.0 (X11; Ubuntu; Linux x86_64; rv:62.0) Gecko/20100101 Firefox/62.0"
159.203.27.100 - - [17/Sep/2020:06:54:11 +0200] "GET /wp-login.php HTTP/1.1" 404 1256 "-" "Mozilla/5.0 (X11; Ubuntu; Linux x86_64; rv:62.0) Gecko/20100101 Firefox/62.0"
174.138.30.233 - - [17/Sep/2020:06:54:41 +0200] "GET /wp-login.php HTTP/1.1" 404 1256 "-" "Mozilla/5.0 (X11; Ubuntu; Linux x86_64; rv:62.0) Gecko/20100101 Firefox/62.0"
114.119.163.186 - - [17/Sep/2020:07:33:20 +0200] "GET /impressum.php HTTP/1.1" 200 8293 "-" "Mozilla/5.0 (Linux; Android 7.0;) AppleWebKit/537.36 (KHTML, like Gecko) Mobile Safari/537.36 (compatible; PetalBot;+http://aspiegel.com/petalbot)"
216.18.204.205 - - [17/Sep/2020:10:17:22 +0200] "GET /robots.txt HTTP/1.1" 200 218 "-" "Mozilla/5.0 (compatible; Adsbot/3.1)"
216.18.204.205 - - [17/Sep/2020:10:17:27 +0200] "GET / HTTP/1.1" 200 9626 "-" "Mozilla/5.0 (compatible; Adsbot/3.1)"
216.18.204.205 - - [17/Sep/2020:10:20:21 +0200] "GET /kont.php HTTP/1.1" 200 8494 "http://www.dr-heidi-fleischer.de/" "Mozilla/5.0 (compatible; Adsbot/3.1)"
216.18.204.205 - - [17/Sep/2020:10:20:31 +0200] "GET /index.php HTTP/1.1" 200 9626 "http://www.dr-heidi-fleischer.de/" "Mozilla/5.0 (compatible; Adsbot/3.1)"
216.18.204.205 - - [17/Sep/2020:10:20:42 +0200] "GET /praxis.php HTTP/1.1" 200 7017 "http://www.dr-heidi-fleischer.de/" "Mozilla/5.0 (compatible; Adsbot/3.1)"
216.18.204.205 - - [17/Sep/2020:10:20:48 +0200] "GET /anfahrt.php HTTP/1.1" 200 8074 "http://www.dr-heidi-fleischer.de/" "Mozilla/5.0 (compatible; Adsbot/3.1)"
216.18.204.205 - - [17/Sep/2020:10:20:54 +0200] "GET /impressum.php HTTP/1.1" 200 8293 "http://www.dr-heidi-fleischer.de/" "Mozilla/5.0 (compatible; Adsbot/3.1)"
216.18.204.205 - - [17/Sep/2020:10:21:00 +0200] "GET /leistungen.php HTTP/1.1" 200 8056 "http://www.dr-heidi-fleischer.de/" "Mozilla/5.0 (compatible; Adsbot/3.1)"
216.18.204.205 - - [17/Sep/2020:10:21:05 +0200] "GET /spez_leistungen.php HTTP/1.1" 200 7752 "http://www.dr-heidi-fleischer.de/" "Mozilla/5.0 (compatible; Adsbot/3.1)"
216.18.204.210 - - [17/Sep/2020:10:23:15 +0200] "GET /robots.txt HTTP/1.1" 200 218 "-" "Mozilla/5.0 (compatible; Adsbot/3.1)"
216.18.204.210 - - [17/Sep/2020:10:23:20 +0200] "GET / HTTP/1.1" 200 9626 "-" "Mozilla/5.0 (compatible; Adsbot/3.1)"
216.18.204.210 - - [17/Sep/2020:10:26:10 +0200] "GET /kont.php HTTP/1.1" 200 8494 "http://www.zahnmedizin-im-alter.de/" "Mozilla/5.0 (compatible; Adsbot/3.1)"
216.18.204.210 - - [17/Sep/2020:10:26:18 +0200] "GET /index.php HTTP/1.1" 200 9626 "http://www.zahnmedizin-im-alter.de/" "Mozilla/5.0 (compatible; Adsbot/3.1)"
216.18.204.210 - - [17/Sep/2020:10:26:27 +0200] "GET /praxis.php HTTP/1.1" 200 7017 "http://www.zahnmedizin-im-alter.de/" "Mozilla/5.0 (compatible; Adsbot/3.1)"
216.18.204.210 - - [17/Sep/2020:10:26:34 +0200] "GET /anfahrt.php HTTP/1.1" 200 8074 "http://www.zahnmedizin-im-alter.de/" "Mozilla/5.0 (compatible; Adsbot/3.1)"
216.18.204.210 - - [17/Sep/2020:10:26:43 +0200] "GET /impressum.php HTTP/1.1" 200 8293 "http://www.zahnmedizin-im-alter.de/" "Mozilla/5.0 (compatible; Adsbot/3.1)"
216.18.204.210 - - [17/Sep/2020:10:26:49 +0200] "GET /leistungen.php HTTP/1.1" 200 8056 "http://www.zahnmedizin-im-alter.de/" "Mozilla/5.0 (compatible; Adsbot/3.1)"
216.18.204.210 - - [17/Sep/2020:10:26:54 +0200] "GET /spez_leistungen.php HTTP/1.1" 200 7752 "http://www.zahnmedizin-im-alter.de/" "Mozilla/5.0 (compatible; Adsbot/3.1)"
35.231.95.14 - - [17/Sep/2020:11:29:57 +0200] "GET /robots.txt HTTP/1.0" 200 218 "-" "ZoominfoBot (zoominfobot at zoominfo dot com)"
35.231.95.14 - - [17/Sep/2020:11:29:57 +0200] "GET /kont.php HTTP/1.0" 200 8494 "-" "ZoominfoBot (zoominfobot at zoominfo dot com)"
35.231.95.14 - - [17/Sep/2020:11:32:11 +0200] "GET /leistungen.php HTTP/1.0" 200 8056 "-" "ZoominfoBot (zoominfobot at zoominfo dot com)"
35.231.95.14 - - [17/Sep/2020:11:43:07 +0200] "GET /index.php HTTP/1.0" 200 9626 "-" "ZoominfoBot (zoominfobot at zoominfo dot com)"
35.231.95.14 - - [17/Sep/2020:11:53:31 +0200] "GET /impressum.php HTTP/1.0" 200 8293 "-" "ZoominfoBot (zoominfobot at zoominfo dot com)"
35.231.95.14 - - [17/Sep/2020:11:56:56 +0200] "GET /praxis.php HTTP/1.0" 200 7017 "-" "ZoominfoBot (zoominfobot at zoominfo dot com)"
35.231.95.14 - - [17/Sep/2020:11:59:55 +0200] "GET /anfahrt.php HTTP/1.0" 200 8074 "-" "ZoominfoBot (zoominfobot at zoominfo dot com)"
35.231.95.14 - - [17/Sep/2020:12:04:40 +0200] "GET /spez_leistungen.php HTTP/1.0" 200 7752 "-" "ZoominfoBot (zoominfobot at zoominfo dot com)"
114.119.144.41 - - [17/Sep/2020:12:11:38 +0200] "GET /anfahrt.php HTTP/1.1" 200 8074 "-" "Mozilla/5.0 (Linux; Android 7.0;) AppleWebKit/537.36 (KHTML, like Gecko) Mobile Safari/537.36 (compatible; PetalBot;+http://aspiegel.com/petalbot)"
114.119.130.91 - - [17/Sep/2020:12:43:16 +0200] "GET /robots.txt HTTP/1.1" 200 218 "-" "(compatible;PetalBot;+http://aspiegel.com/petalbot)"
85.25.210.23 - - [17/Sep/2020:12:44:59 +0200] "GET /robots.txt HTTP/1.1" 200 218 "-" "Mozilla/5.0 (compatible; adscanner/)/1.0 (http://seocompany.store; spider@seocompany.store)"
85.25.210.23 - - [17/Sep/2020:12:44:59 +0200] "GET / HTTP/1.1" 200 9626 "-" "Mozilla/5.0 (compatible; adscanner/)/1.0 (http://seocompany.store; spider@seocompany.store)"
85.25.210.23 - - [17/Sep/2020:12:54:33 +0200] "GET /robots.txt HTTP/1.1" 200 218 "-" "Mozilla/5.0 (compatible; adscanner/)/1.0 (http://seocompany.store; spider@seocompany.store)"
85.25.210.23 - - [17/Sep/2020:12:54:34 +0200] "GET / HTTP/1.1" 200 9626 "-" "Mozilla/5.0 (compatible; adscanner/)/1.0 (http://seocompany.store; spider@seocompany.store)"
85.25.210.23 - - [17/Sep/2020:13:18:38 +0200] "GET /spez_leistungen.php HTTP/1.1" 200 7752 "-" "Mozilla/5.0 (compatible; adscanner/)/1.0 (http://seocompany.store; spider@seocompany.store)"
85.25.210.23 - - [17/Sep/2020:13:26:44 +0200] "GET /impressum.php HTTP/1.1" 200 8293 "-" "Mozilla/5.0 (compatible; adscanner/)/1.0 (http://seocompany.store; spider@seocompany.store)"
85.25.210.23 - - [17/Sep/2020:13:35:07 +0200] "GET /leistungen.php HTTP/1.1" 200 8056 "-" "Mozilla/5.0 (compatible; adscanner/)/1.0 (http://seocompany.store; spider@seocompany.store)"
85.25.210.23 - - [17/Sep/2020:13:36:40 +0200] "GET /index.php HTTP/1.1" 200 9626 "-" "Mozilla/5.0 (compatible; adscanner/)/1.0 (http://seocompany.store; spider@seocompany.store)"
85.25.210.23 - - [17/Sep/2020:13:49:41 +0200] "GET /anfahrt.php HTTP/1.1" 200 8074 "-" "Mozilla/5.0 (compatible; adscanner/)/1.0 (http://seocompany.store; spider@seocompany.store)"
85.25.210.23 - - [17/Sep/2020:13:57:13 +0200] "GET /praxis.php HTTP/1.1" 200 7017 "-" "Mozilla/5.0 (compatible; adscanner/)/1.0 (http://seocompany.store; spider@seocompany.store)"
157.55.39.251 - - [17/Sep/2020:14:03:24 +0200] "GET /img/leistungen_1.jpg HTTP/1.1" 200 15190 "-" "Mozilla/5.0 (compatible; bingbot/2.0; +http://www.bing.com/bingbot.htm)"
85.25.210.23 - - [17/Sep/2020:14:15:00 +0200] "GET /kont.php HTTP/1.1" 200 8494 "-" "Mozilla/5.0 (compatible; adscanner/)/1.0 (http://seocompany.store; spider@seocompany.store)"
144.76.102.243 - - [17/Sep/2020:14:42:34 +0200] "GET /kont.php HTTP/1.1" 200 8494 "-" "Mozilla/5.0 (Windows NT 10.0) AppleWebKit/537.36 (KHTML, like Gecko) Chrome/63.0.3239.132 Safari/537.36"
144.76.102.243 - - [17/Sep/2020:14:42:34 +0200] "GET /impressum.php HTTP/1.1" 200 8293 "-" "Mozilla/5.0 (X11; Linux x86_64; rv:57.0) Gecko/20100101 Firefox/57.0"
144.76.102.243 - - [17/Sep/2020:14:42:50 +0200] "GET / HTTP/1.1" 200 9626 "-" "Mozilla/5.0 (Macintosh; Intel Mac OS X 10_13_3) AppleWebKit/604.5.6 (KHTML, like Gecko) Version/11.0.3 Safari/604.5.6"
144.76.102.243 - - [17/Sep/2020:14:43:00 +0200] "GET /praxis.php HTTP/1.1" 200 7017 "-" "Mozilla/5.0 (Macintosh; Intel Mac OS X 10_13_1) AppleWebKit/537.36 (KHTML, like Gecko) Chrome/63.0.3239.132 Safari/537.36"
144.76.102.243 - - [17/Sep/2020:14:43:00 +0200] "GET /index.php HTTP/1.1" 200 9626 "-" "Mozilla/5.0 (Macintosh; U; Intel Mac OS X 10_5_8; zh-cn) AppleWebKit/533.18.1 (KHTML, like Gecko) Version/5.0.2 Safari/533.18.5"
144.76.102.243 - - [17/Sep/2020:14:43:00 +0200] "GET /spez_leistungen.php HTTP/1.1" 200 7752 "-" "Mozilla/5.0 (Windows NT 6.1; Win64; x64) AppleWebKit/537.36 (KHTML, like Gecko) Chrome/64.0.3282.140 Safari/537.36"
144.76.102.243 - - [17/Sep/2020:14:43:00 +0200] "GET /leistungen.php HTTP/1.1" 200 8056 "-" "Mozilla/5.0 (X11; Linux x86_64) AppleWebKit/537.36 (KHTML, like Gecko) Chrome/51.0.2704.106 Safari/537.36"
144.76.102.243 - - [17/Sep/2020:14:43:00 +0200] "GET /anfahrt.php HTTP/1.1" 200 8074 "-" "Mozilla/5.0 (Windows NT 6.1; Win64; x64; rv:58.0) Gecko/20100101 Firefox/58.0"
85.25.210.23 - - [17/Sep/2020:14:44:53 +0200] "GET /kont.php HTTP/1.1" 200 8494 "-" "Mozilla/5.0 (compatible; adscanner/)/1.0 (http://seocompany.store; spider@seocompany.store)"
114.119.160.84 - - [17/Sep/2020:14:51:20 +0200] "GET / HTTP/1.1" 200 9626 "-" "Mozilla/5.0 (Linux; Android 7.0;) AppleWebKit/537.36 (KHTML, like Gecko) Mobile Safari/537.36 (compatible; PetalBot;+http://aspiegel.com/petalbot)"
85.25.210.23 - - [17/Sep/2020:15:07:02 +0200] "GET / HTTP/1.1" 200 9626 "-" "Mozilla/5.0 (compatible; adscanner/)/1.0 (http://seocompany.store; spider@seocompany.store)"
85.25.185.196 - - [17/Sep/2020:15:21:51 +0200] "GET / HTTP/1.1" 200 9626 "-" "Mozilla/5.0 (compatible; adscanner/)/1.0 (http://seocompany.store; spider@seocompany.store)"
34.73.205.120 - - [17/Sep/2020:16:52:49 +0200] "GET /robots.txt HTTP/1.0" 200 218 "-" "ZoominfoBot (zoominfobot at zoominfo dot com)"
34.73.205.120 - - [17/Sep/2020:16:52:49 +0200] "GET /kont.php HTTP/1.0" 200 8494 "-" "ZoominfoBot (zoominfobot at zoominfo dot com)"
34.73.205.120 - - [17/Sep/2020:16:54:48 +0200] "GET /leistungen.php HTTP/1.0" 200 8056 "-" "ZoominfoBot (zoominfobot at zoominfo dot com)"
34.73.205.120 - - [17/Sep/2020:17:04:45 +0200] "GET /index.php HTTP/1.0" 200 9626 "-" "ZoominfoBot (zoominfobot at zoominfo dot com)"
34.75.169.233 - - [17/Sep/2020:17:15:45 +0200] "GET /robots.txt HTTP/1.0" 200 218 "-" "ZoominfoBot (zoominfobot at zoominfo dot com)"
34.75.169.233 - - [17/Sep/2020:17:15:45 +0200] "GET /kont.php HTTP/1.0" 200 8494 "-" "ZoominfoBot (zoominfobot at zoominfo dot com)"
34.75.169.233 - - [17/Sep/2020:17:17:40 +0200] "GET /leistungen.php HTTP/1.0" 200 8056 "-" "ZoominfoBot (zoominfobot at zoominfo dot com)"
34.75.169.233 - - [17/Sep/2020:17:26:57 +0200] "GET /index.php HTTP/1.0" 200 9626 "-" "ZoominfoBot (zoominfobot at zoominfo dot com)"
34.75.169.233 - - [17/Sep/2020:17:35:34 +0200] "GET /impressum.php HTTP/1.0" 200 8293 "-" "ZoominfoBot (zoominfobot at zoominfo dot com)"
34.75.169.233 - - [17/Sep/2020:17:38:36 +0200] "GET /praxis.php HTTP/1.0" 200 7017 "-" "ZoominfoBot (zoominfobot at zoominfo dot com)"
34.75.169.233 - - [17/Sep/2020:17:41:17 +0200] "GET /anfahrt.php HTTP/1.0" 200 8074 "-" "ZoominfoBot (zoominfobot at zoominfo dot com)"
34.75.169.233 - - [17/Sep/2020:17:45:08 +0200] "GET /spez_leistungen.php HTTP/1.0" 200 7752 "-" "ZoominfoBot (zoominfobot at zoominfo dot com)"
85.25.210.23 - - [17/Sep/2020:18:06:14 +0200] "GET /kont.php HTTP/1.1" 200 8494 "-" "Mozilla/5.0 (compatible; adscanner/)/1.0 (http://seocompany.store; spider@seocompany.store)"
85.25.210.23 - - [17/Sep/2020:18:16:25 +0200] "GET /kont.php HTTP/1.1" 200 8494 "-" "Mozilla/5.0 (compatible; adscanner/)/1.0 (http://seocompany.store; spider@seocompany.store)"
54.36.148.242 - - [17/Sep/2020:18:27:09 +0200] "GET /robots.txt HTTP/1.1" 200 218 "-" "Mozilla/5.0 (compatible; AhrefsBot/6.1; +http://ahrefs.com/robot/)"
54.36.148.243 - - [17/Sep/2020:18:27:09 +0200] "GET / HTTP/1.1" 200 9626 "-" "Mozilla/5.0 (compatible; AhrefsBot/7.0; +http://ahrefs.com/robot/)"
85.25.210.23 - - [17/Sep/2020:18:36:39 +0200] "GET /kont.php HTTP/1.1" 200 8494 "-" "Mozilla/5.0 (compatible; adscanner/)/1.0 (http://seocompany.store; spider@seocompany.store)"
213.86.104.82 - - [17/Sep/2020:18:37:07 +0200] "GET / HTTP/1.1" 200 9626 "https://www.google.com/" "Mozilla/5.0 (Windows NT 10.0; Win64; x64) AppleWebKit/537.36 (KHTML, like Gecko) Chrome/84.0.4147.89 Safari/537.36"
213.86.104.82 - - [17/Sep/2020:18:37:07 +0200] "GET /css/fl_style.css HTTP/1.1" 200 10194 "http://www.dr-heidi-fleischer.de/" "Mozilla/5.0 (Windows NT 10.0; Win64; x64) AppleWebKit/537.36 (KHTML, like Gecko) Chrome/84.0.4147.89 Safari/537.36"
213.86.104.82 - - [17/Sep/2020:18:37:07 +0200] "GET /img/lay01.gif HTTP/1.1" 200 273 "http://www.dr-heidi-fleischer.de/" "Mozilla/5.0 (Windows NT 10.0; Win64; x64) AppleWebKit/537.36 (KHTML, like Gecko) Chrome/84.0.4147.89 Safari/537.36"
213.86.104.82 - - [17/Sep/2020:18:37:07 +0200] "GET /img/f_1-p.gif HTTP/1.1" 200 43 "http://www.dr-heidi-fleischer.de/" "Mozilla/5.0 (Windows NT 10.0; Win64; x64) AppleWebKit/537.36 (KHTML, like Gecko) Chrome/84.0.4147.89 Safari/537.36"
213.86.104.82 - - [17/Sep/2020:18:37:07 +0200] "GET /img/lay07.gif HTTP/1.1" 200 453 "http://www.dr-heidi-fleischer.de/" "Mozilla/5.0 (Windows NT 10.0; Win64; x64) AppleWebKit/537.36 (KHTML, like Gecko) Chrome/84.0.4147.89 Safari/537.36"
213.86.104.82 - - [17/Sep/2020:18:37:07 +0200] "GET /img/tel_footer.gif HTTP/1.1" 200 1051 "http://www.dr-heidi-fleischer.de/" "Mozilla/5.0 (Windows NT 10.0; Win64; x64) AppleWebKit/537.36 (KHTML, like Gecko) Chrome/84.0.4147.89 Safari/537.36"
213.86.104.82 - - [17/Sep/2020:18:37:07 +0200] "GET /img/lay06neu.gif HTTP/1.1" 200 583 "http://www.dr-heidi-fleischer.de/" "Mozilla/5.0 (Windows NT 10.0; Win64; x64) AppleWebKit/537.36 (KHTML, like Gecko) Chrome/84.0.4147.89 Safari/537.36"
213.86.104.82 - - [17/Sep/2020:18:37:07 +0200] "GET /img/lay16.gif HTTP/1.1" 200 309 "http://www.dr-heidi-fleischer.de/" "Mozilla/5.0 (Windows NT 10.0; Win64; x64) AppleWebKit/537.36 (KHTML, like Gecko) Chrome/84.0.4147.89 Safari/537.36"
213.86.104.82 - - [17/Sep/2020:18:37:07 +0200] "GET /img/roll_trans.gif HTTP/1.1" 200 609 "http://www.dr-heidi-fleischer.de/" "Mozilla/5.0 (Windows NT 10.0; Win64; x64) AppleWebKit/537.36 (KHTML, like Gecko) Chrome/84.0.4147.89 Safari/537.36"
213.86.104.82 - - [17/Sep/2020:18:37:07 +0200] "GET /img/roll_trans2.gif HTTP/1.1" 200 609 "http://www.dr-heidi-fleischer.de/" "Mozilla/5.0 (Windows NT 10.0; Win64; x64) AppleWebKit/537.36 (KHTML, like Gecko) Chrome/84.0.4147.89 Safari/537.36"
213.86.104.82 - - [17/Sep/2020:18:37:07 +0200] "GET /img/zert_1.jpg HTTP/1.1" 200 6013 "http://www.dr-heidi-fleischer.de/" "Mozilla/5.0 (Windows NT 10.0; Win64; x64) AppleWebKit/537.36 (KHTML, like Gecko) Chrome/84.0.4147.89 Safari/537.36"
213.86.104.82 - - [17/Sep/2020:18:37:08 +0200] "GET /img/lay08.gif HTTP/1.1" 200 534 "http://www.dr-heidi-fleischer.de/" "Mozilla/5.0 (Windows NT 10.0; Win64; x64) AppleWebKit/537.36 (KHTML, like Gecko) Chrome/84.0.4147.89 Safari/537.36"
213.86.104.82 - - [17/Sep/2020:18:37:08 +0200] "GET /img/lay09.gif HTTP/1.1" 200 135 "http://www.dr-heidi-fleischer.de/" "Mozilla/5.0 (Windows NT 10.0; Win64; x64) AppleWebKit/537.36 (KHTML, like Gecko) Chrome/84.0.4147.89 Safari/537.36"
213.86.104.82 - - [17/Sep/2020:18:37:08 +0200] "GET /img/lay13.gif HTTP/1.1" 200 181 "http://www.dr-heidi-fleischer.de/" "Mozilla/5.0 (Windows NT 10.0; Win64; x64) AppleWebKit/537.36 (KHTML, like Gecko) Chrome/84.0.4147.89 Safari/537.36"
213.86.104.82 - - [17/Sep/2020:18:37:08 +0200] "GET /img/lay14.gif HTTP/1.1" 200 104 "http://www.dr-heidi-fleischer.de/" "Mozilla/5.0 (Windows NT 10.0; Win64; x64) AppleWebKit/537.36 (KHTML, like Gecko) Chrome/84.0.4147.89 Safari/537.36"
213.86.104.82 - - [17/Sep/2020:18:37:08 +0200] "GET /scripte/all_scripts.js HTTP/1.1" 200 249 "http://www.dr-heidi-fleischer.de/" "Mozilla/5.0 (Windows NT 10.0; Win64; x64) AppleWebKit/537.36 (KHTML, like Gecko) Chrome/84.0.4147.89 Safari/537.36"
213.86.104.82 - - [17/Sep/2020:18:37:08 +0200] "GET /img/zert_1gross.jpg HTTP/1.1" 200 22004 "http://www.dr-heidi-fleischer.de/" "Mozilla/5.0 (Windows NT 10.0; Win64; x64) AppleWebKit/537.36 (KHTML, like Gecko) Chrome/84.0.4147.89 Safari/537.36"
213.86.104.82 - - [17/Sep/2020:18:37:07 +0200] "GET /img/dr_fleischer_ani.gif HTTP/1.1" 200 854042 "http://www.dr-heidi-fleischer.de/" "Mozilla/5.0 (Windows NT 10.0; Win64; x64) AppleWebKit/537.36 (KHTML, like Gecko) Chrome/84.0.4147.89 Safari/537.36"
213.86.104.82 - - [17/Sep/2020:18:37:15 +0200] "GET /img/hg_body.jpg HTTP/1.1" 200 2615 "http://www.dr-heidi-fleischer.de/css/fl_style.css" "Mozilla/5.0 (Windows NT 10.0; Win64; x64) AppleWebKit/537.36 (KHTML, like Gecko) Chrome/84.0.4147.89 Safari/537.36"
213.86.104.82 - - [17/Sep/2020:18:37:15 +0200] "GET /img/lay03.gif HTTP/1.1" 200 1060 "http://www.dr-heidi-fleischer.de/" "Mozilla/5.0 (Windows NT 10.0; Win64; x64) AppleWebKit/537.36 (KHTML, like Gecko) Chrome/84.0.4147.89 Safari/537.36"
213.86.104.82 - - [17/Sep/2020:18:37:15 +0200] "GET /img/lay02.gif HTTP/1.1" 200 68 "http://www.dr-heidi-fleischer.de/" "Mozilla/5.0 (Windows NT 10.0; Win64; x64) AppleWebKit/537.36 (KHTML, like Gecko) Chrome/84.0.4147.89 Safari/537.36"
213.86.104.82 - - [17/Sep/2020:18:37:15 +0200] "GET /img/lay04.gif HTTP/1.1" 200 68 "http://www.dr-heidi-fleischer.de/" "Mozilla/5.0 (Windows NT 10.0; Win64; x64) AppleWebKit/537.36 (KHTML, like Gecko) Chrome/84.0.4147.89 Safari/537.36"
213.86.104.82 - - [17/Sep/2020:18:37:15 +0200] "GET /img/lay05.gif HTTP/1.1" 200 331 "http://www.dr-heidi-fleischer.de/" "Mozilla/5.0 (Windows NT 10.0; Win64; x64) AppleWebKit/537.36 (KHTML, like Gecko) Chrome/84.0.4147.89 Safari/537.36"
213.86.104.82 - - [17/Sep/2020:18:37:15 +0200] "GET /img/header_neu.gif HTTP/1.1" 200 32567 "http://www.dr-heidi-fleischer.de/css/fl_style.css" "Mozilla/5.0 (Windows NT 10.0; Win64; x64) AppleWebKit/537.36 (KHTML, like Gecko) Chrome/84.0.4147.89 Safari/537.36"
213.86.104.82 - - [17/Sep/2020:18:37:15 +0200] "GET /img/left_bg2.gif HTTP/1.1" 200 176 "http://www.dr-heidi-fleischer.de/" "Mozilla/5.0 (Windows NT 10.0; Win64; x64) AppleWebKit/537.36 (KHTML, like Gecko) Chrome/84.0.4147.89 Safari/537.36"
213.86.104.82 - - [17/Sep/2020:18:37:15 +0200] "GET /img/hg_zahn2.gif HTTP/1.1" 200 20816 "http://www.dr-heidi-fleischer.de/" "Mozilla/5.0 (Windows NT 10.0; Win64; x64) AppleWebKit/537.36 (KHTML, like Gecko) Chrome/84.0.4147.89 Safari/537.36"
213.86.104.82 - - [17/Sep/2020:18:37:15 +0200] "GET /img/right_bg.jpg HTTP/1.1" 404 1256 "http://www.dr-heidi-fleischer.de/" "Mozilla/5.0 (Windows NT 10.0; Win64; x64) AppleWebKit/537.36 (KHTML, like Gecko) Chrome/84.0.4147.89 Safari/537.36"
213.86.104.82 - - [17/Sep/2020:18:37:15 +0200] "GET /img/left_bg.gif HTTP/1.1" 200 98 "http://www.dr-heidi-fleischer.de/" "Mozilla/5.0 (Windows NT 10.0; Win64; x64) AppleWebKit/537.36 (KHTML, like Gecko) Chrome/84.0.4147.89 Safari/537.36"
213.86.104.82 - - [17/Sep/2020:18:37:15 +0200] "GET /img/bottom_bg.gif HTTP/1.1" 200 79 "http://www.dr-heidi-fleischer.de/" "Mozilla/5.0 (Windows NT 10.0; Win64; x64) AppleWebKit/537.36 (KHTML, like Gecko) Chrome/84.0.4147.89 Safari/537.36"
213.86.104.82 - - [17/Sep/2020:18:37:15 +0200] "GET /img/lay10.gif HTTP/1.1" 200 252 "http://www.dr-heidi-fleischer.de/" "Mozilla/5.0 (Windows NT 10.0; Win64; x64) AppleWebKit/537.36 (KHTML, like Gecko) Chrome/84.0.4147.89 Safari/537.36"
213.86.104.82 - - [17/Sep/2020:18:37:15 +0200] "GET /img/right_bg.gif HTTP/1.1" 200 76 "http://www.dr-heidi-fleischer.de/" "Mozilla/5.0 (Windows NT 10.0; Win64; x64) AppleWebKit/537.36 (KHTML, like Gecko) Chrome/84.0.4147.89 Safari/537.36"
213.86.104.82 - - [17/Sep/2020:18:37:15 +0200] "GET /img/animated_favicon1.gif HTTP/1.1" 200 1808 "http://www.dr-heidi-fleischer.de/" "Mozilla/5.0 (Windows NT 10.0; Win64; x64) AppleWebKit/537.36 (KHTML, like Gecko) Chrome/84.0.4147.89 Safari/537.36"
213.86.104.82 - - [17/Sep/2020:18:37:15 +0200] "GET /img/favicon.ico HTTP/1.1" 200 5430 "http://www.dr-heidi-fleischer.de/" "Mozilla/5.0 (Windows NT 10.0; Win64; x64) AppleWebKit/537.36 (KHTML, like Gecko) Chrome/84.0.4147.89 Safari/537.36"
85.25.210.23 - - [17/Sep/2020:18:50:28 +0200] "GET /kont.php HTTP/1.1" 200 8494 "-" "Mozilla/5.0 (compatible; adscanner/)/1.0 (http://seocompany.store; spider@seocompany.store)"
85.25.210.23 - - [17/Sep/2020:19:03:27 +0200] "GET /kont.php HTTP/1.1" 200 8494 "-" "Mozilla/5.0 (compatible; adscanner/)/1.0 (http://seocompany.store; spider@seocompany.store)"
85.25.185.196 - - [17/Sep/2020:19:04:59 +0200] "GET /robots.txt HTTP/1.1" 200 218 "-" "Mozilla/5.0 (compatible; adscanner/)/1.0 (http://seocompany.store; spider@seocompany.store)"
85.25.185.196 - - [17/Sep/2020:19:04:59 +0200] "GET /kont.php HTTP/1.1" 200 8494 "-" "Mozilla/5.0 (compatible; adscanner/)/1.0 (http://seocompany.store; spider@seocompany.store)"
85.25.210.23 - - [17/Sep/2020:19:21:01 +0200] "GET /kont.php HTTP/1.1" 200 8494 "-" "Mozilla/5.0 (compatible; adscanner/)/1.0 (http://seocompany.store; spider@seocompany.store)"
144.76.137.254 - - [17/Sep/2020:19:39:16 +0200] "GET /robots.txt HTTP/1.1" 200 218 "-" "Mozilla/5.0 (compatible; MJ12bot/v1.4.8; http://mj12bot.com/)"
144.76.137.254 - - [17/Sep/2020:19:39:28 +0200] "GET / HTTP/1.1" 200 9626 "-" "Mozilla/5.0 (compatible; MJ12bot/v1.4.8; http://mj12bot.com/)"
85.25.210.23 - - [17/Sep/2020:19:42:07 +0200] "GET /kont.php HTTP/1.1" 200 8494 "-" "Mozilla/5.0 (compatible; adscanner/)/1.0 (http://seocompany.store; spider@seocompany.store)"
85.25.210.23 - - [17/Sep/2020:19:56:17 +0200] "GET /kont.php HTTP/1.1" 200 8494 "-" "Mozilla/5.0 (compatible; adscanner/)/1.0 (http://seocompany.store; spider@seocompany.store)"
85.25.210.23 - - [17/Sep/2020:20:03:34 +0200] "GET /kont.php HTTP/1.1" 200 8494 "-" "Mozilla/5.0 (compatible; adscanner/)/1.0 (http://seocompany.store; spider@seocompany.store)"
35.196.148.13 - - [17/Sep/2020:20:09:30 +0200] "GET /robots.txt HTTP/1.0" 200 218 "-" "ZoominfoBot (zoominfobot at zoominfo dot com)"
35.196.148.13 - - [17/Sep/2020:20:09:30 +0200] "GET /kont.php HTTP/1.0" 200 8494 "-" "ZoominfoBot (zoominfobot at zoominfo dot com)"
35.196.148.13 - - [17/Sep/2020:20:11:20 +0200] "GET /leistungen.php HTTP/1.0" 200 8056 "-" "ZoominfoBot (zoominfobot at zoominfo dot com)"
35.196.148.13 - - [17/Sep/2020:20:19:52 +0200] "GET /index.php HTTP/1.0" 200 9626 "-" "ZoominfoBot (zoominfobot at zoominfo dot com)"
35.196.148.13 - - [17/Sep/2020:20:27:45 +0200] "GET /impressum.php HTTP/1.0" 200 8293 "-" "ZoominfoBot (zoominfobot at zoominfo dot com)"
85.25.210.23 - - [17/Sep/2020:20:28:18 +0200] "GET /kont.php HTTP/1.1" 200 8494 "-" "Mozilla/5.0 (compatible; adscanner/)/1.0 (http://seocompany.store; spider@seocompany.store)"
35.196.148.13 - - [17/Sep/2020:20:30:28 +0200] "GET /praxis.php HTTP/1.0" 200 7017 "-" "ZoominfoBot (zoominfobot at zoominfo dot com)"
35.196.148.13 - - [17/Sep/2020:20:33:00 +0200] "GET /anfahrt.php HTTP/1.0" 200 8074 "-" "ZoominfoBot (zoominfobot at zoominfo dot com)"
85.25.210.23 - - [17/Sep/2020:20:35:25 +0200] "GET /kont.php HTTP/1.1" 200 8494 "-" "Mozilla/5.0 (compatible; adscanner/)/1.0 (http://seocompany.store; spider@seocompany.store)"
35.196.148.13 - - [17/Sep/2020:20:36:42 +0200] "GET /spez_leistungen.php HTTP/1.0" 200 7752 "-" "ZoominfoBot (zoominfobot at zoominfo dot com)"
85.25.210.23 - - [17/Sep/2020:20:48:15 +0200] "GET /kont.php HTTP/1.1" 200 8494 "-" "Mozilla/5.0 (compatible; adscanner/)/1.0 (http://seocompany.store; spider@seocompany.store)"
66.249.79.132 - - [17/Sep/2020:20:55:18 +0200] "GET / HTTP/1.1" 200 9626 "-" "Mozilla/5.0 (Linux; Android 6.0.1; Nexus 5X Build/MMB29P) AppleWebKit/537.36 (KHTML, like Gecko) Chrome/85.0.4183.110 Mobile Safari/537.36 (compatible; Googlebot/2.1; +http://www.google.com/bot.html)"
85.25.210.23 - - [17/Sep/2020:21:07:18 +0200] "GET /kont.php HTTP/1.1" 200 8494 "-" "Mozilla/5.0 (compatible; adscanner/)/1.0 (http://seocompany.store; spider@seocompany.store)"
85.25.210.23 - - [17/Sep/2020:21:20:17 +0200] "GET /kont.php HTTP/1.1" 200 8494 "-" "Mozilla/5.0 (compatible; adscanner/)/1.0 (http://seocompany.store; spider@seocompany.store)"
85.25.185.196 - - [17/Sep/2020:21:21:54 +0200] "GET /leistungen.php HTTP/1.1" 200 8056 "-" "Mozilla/5.0 (compatible; adscanner/)/1.0 (http://seocompany.store; spider@seocompany.store)"
35.229.91.121 - - [17/Sep/2020:21:24:02 +0200] "GET /robots.txt HTTP/1.0" 200 218 "-" "ZoominfoBot (zoominfobot at zoominfo dot com)"
35.229.91.121 - - [17/Sep/2020:21:24:02 +0200] "GET /kont.php HTTP/1.0" 200 8494 "-" "ZoominfoBot (zoominfobot at zoominfo dot com)"
35.229.91.121 - - [17/Sep/2020:21:26:37 +0200] "GET /leistungen.php HTTP/1.0" 200 8056 "-" "ZoominfoBot (zoominfobot at zoominfo dot com)"
85.25.210.23 - - [17/Sep/2020:21:37:48 +0200] "GET /kont.php HTTP/1.1" 200 8494 "-" "Mozilla/5.0 (compatible; adscanner/)/1.0 (http://seocompany.store; spider@seocompany.store)"
35.229.91.121 - - [17/Sep/2020:21:39:35 +0200] "GET /index.php HTTP/1.0" 200 9626 "-" "ZoominfoBot (zoominfobot at zoominfo dot com)"
35.229.91.121 - - [17/Sep/2020:21:51:54 +0200] "GET /impressum.php HTTP/1.0" 200 8293 "-" "ZoominfoBot (zoominfobot at zoominfo dot com)"
85.25.210.23 - - [17/Sep/2020:21:51:57 +0200] "GET /kont.php HTTP/1.1" 200 8494 "-" "Mozilla/5.0 (compatible; adscanner/)/1.0 (http://seocompany.store; spider@seocompany.store)"
35.229.91.121 - - [17/Sep/2020:21:56:13 +0200] "GET /praxis.php HTTP/1.0" 200 7017 "-" "ZoominfoBot (zoominfobot at zoominfo dot com)"
35.229.91.121 - - [17/Sep/2020:21:59:52 +0200] "GET /anfahrt.php HTTP/1.0" 200 8074 "-" "ZoominfoBot (zoominfobot at zoominfo dot com)"
85.25.210.23 - - [17/Sep/2020:22:04:11 +0200] "GET /kont.php HTTP/1.1" 200 8494 "-" "Mozilla/5.0 (compatible; adscanner/)/1.0 (http://seocompany.store; spider@seocompany.store)"
35.229.91.121 - - [17/Sep/2020:22:05:30 +0200] "GET /spez_leistungen.php HTTP/1.0" 200 7752 "-" "ZoominfoBot (zoominfobot at zoominfo dot com)"
23.100.232.233 - - [17/Sep/2020:22:51:25 +0200] "GET / HTTP/1.1" 200 9626 "-" "Mozilla/5.0 (compatible; MSIE 9.0; Windows NT 6.1; Trident/5.0; Trident/5.0)"
23.100.232.233 - - [17/Sep/2020:22:51:25 +0200] "GET /css/fl_style.css HTTP/1.1" 200 10194 "http://www.dr-heidi-fleischer.de/" "Mozilla/5.0 (compatible; MSIE 9.0; Windows NT 6.1; Trident/5.0; Trident/5.0)"
23.100.232.233 - - [17/Sep/2020:22:51:26 +0200] "GET /scripte/all_scripts.js HTTP/1.1" 200 249 "http://www.dr-heidi-fleischer.de/" "Mozilla/5.0 (compatible; MSIE 9.0; Windows NT 6.1; Trident/5.0; Trident/5.0)"
85.25.185.196 - - [17/Sep/2020:22:55:34 +0200] "GET /anfahrt.php HTTP/1.1" 200 8074 "-" "Mozilla/5.0 (compatible; adscanner/)/1.0 (http://seocompany.store; spider@seocompany.store)"
54.36.148.231 - - [18/Sep/2020:01:00:52 +0200] "GET /robots.txt HTTP/1.1" 200 218 "-" "Mozilla/5.0 (compatible; AhrefsBot/6.1; +http://ahrefs.com/robot/)"
157.55.39.11 - - [18/Sep/2020:01:49:13 +0200] "GET /robots.txt HTTP/1.1" 200 218 "-" "Mozilla/5.0 (compatible; bingbot/2.0; +http://www.bing.com/bingbot.htm)"
23.100.232.233 - - [18/Sep/2020:02:13:57 +0200] "GET / HTTP/1.1" 200 9626 "-" "Mozilla/5.0 (compatible; MSIE 9.0; Windows NT 6.1; Trident/5.0; Trident/5.0)"
23.100.232.233 - - [18/Sep/2020:02:13:57 +0200] "GET /css/fl_style.css HTTP/1.1" 200 10194 "http://www.dr-heidi-fleischer.de/" "Mozilla/5.0 (compatible; MSIE 9.0; Windows NT 6.1; Trident/5.0; Trident/5.0)"
23.100.232.233 - - [18/Sep/2020:02:13:57 +0200] "GET /scripte/all_scripts.js HTTP/1.1" 200 249 "http://www.dr-heidi-fleischer.de/" "Mozilla/5.0 (compatible; MSIE 9.0; Windows NT 6.1; Trident/5.0; Trident/5.0)"
207.46.13.43 - - [18/Sep/2020:02:48:17 +0200] "GET /img/dr_fleischer_ani.gif HTTP/1.1" 200 854042 "-" "Mozilla/5.0 (compatible; bingbot/2.0; +http://www.bing.com/bingbot.htm)"
85.25.185.196 - - [18/Sep/2020:02:56:01 +0200] "GET /praxis.php HTTP/1.1" 200 7017 "-" "Mozilla/5.0 (compatible; adscanner/)/1.0 (http://seocompany.store; spider@seocompany.store)"
