3.127.248.248 - - [24/Jun/2020:17:01:53 +0200] "GET /img/lay07.gif HTTP/1.1" 200 453 "http://www.zahnmedizin-im-alter.de/index.php" "Mozilla/10.0 (Windows NT 10.0) AppleWebkit/538.36 (KHTML, like Gecko) Chrome/69.420 Safari/537.36"
18.196.183.254 - - [24/Jun/2020:17:01:53 +0200] "GET /img/lay14.gif HTTP/1.1" 200 104 "http://www.zahnmedizin-im-alter.de/impressum.php" "Mozilla/10.0 (Windows NT 10.0) AppleWebkit/538.36 (KHTML, like Gecko) Chrome/69.420 Safari/537.36"
3.127.248.248 - - [24/Jun/2020:17:01:53 +0200] "GET /img/hg_body.jpg HTTP/1.1" 200 2615 "http://www.zahnmedizin-im-alter.de/css/fl_style.css" "Mozilla/10.0 (Windows NT 10.0) AppleWebkit/538.36 (KHTML, like Gecko) Chrome/69.420 Safari/537.36"
18.196.183.254 - - [24/Jun/2020:17:01:53 +0200] "GET /img/bottom_bg.gif HTTP/1.1" 200 79 "http://www.zahnmedizin-im-alter.de/impressum.php" "Mozilla/10.0 (Windows NT 10.0) AppleWebkit/538.36 (KHTML, like Gecko) Chrome/69.420 Safari/537.36"
3.127.248.248 - - [24/Jun/2020:17:01:53 +0200] "GET /img/lay04.gif HTTP/1.1" 200 68 "http://www.zahnmedizin-im-alter.de/index.php" "Mozilla/10.0 (Windows NT 10.0) AppleWebkit/538.36 (KHTML, like Gecko) Chrome/69.420 Safari/537.36"
3.127.236.2 - - [24/Jun/2020:17:01:53 +0200] "GET /img/lay09.gif HTTP/1.1" 200 135 "http://www.zahnmedizin-im-alter.de/anfahrt.php" "Mozilla/10.0 (Windows NT 10.0) AppleWebkit/538.36 (KHTML, like Gecko) Chrome/69.420 Safari/537.36"
3.127.236.2 - - [24/Jun/2020:17:01:53 +0200] "GET /img/hg_body.jpg HTTP/1.1" 200 2615 "http://www.zahnmedizin-im-alter.de/css/fl_style.css" "Mozilla/10.0 (Windows NT 10.0) AppleWebkit/538.36 (KHTML, like Gecko) Chrome/69.420 Safari/537.36"
3.127.236.2 - - [24/Jun/2020:17:01:53 +0200] "GET /img/lay05.gif HTTP/1.1" 200 331 "http://www.zahnmedizin-im-alter.de/anfahrt.php" "Mozilla/10.0 (Windows NT 10.0) AppleWebkit/538.36 (KHTML, like Gecko) Chrome/69.420 Safari/537.36"
18.196.183.254 - - [24/Jun/2020:17:01:53 +0200] "GET /img/lay13.gif HTTP/1.1" 200 181 "http://www.zahnmedizin-im-alter.de/impressum.php" "Mozilla/10.0 (Windows NT 10.0) AppleWebkit/538.36 (KHTML, like Gecko) Chrome/69.420 Safari/537.36"
18.196.183.254 - - [24/Jun/2020:17:01:53 +0200] "GET /img/right_bg.gif HTTP/1.1" 200 76 "http://www.zahnmedizin-im-alter.de/impressum.php" "Mozilla/10.0 (Windows NT 10.0) AppleWebkit/538.36 (KHTML, like Gecko) Chrome/69.420 Safari/537.36"
3.127.248.248 - - [24/Jun/2020:17:01:53 +0200] "GET /img/bottom_bg.gif HTTP/1.1" 200 79 "http://www.zahnmedizin-im-alter.de/index.php" "Mozilla/10.0 (Windows NT 10.0) AppleWebkit/538.36 (KHTML, like Gecko) Chrome/69.420 Safari/537.36"
3.127.248.248 - - [24/Jun/2020:17:01:53 +0200] "GET /img/left_bg2.gif HTTP/1.1" 200 176 "http://www.zahnmedizin-im-alter.de/index.php" "Mozilla/10.0 (Windows NT 10.0) AppleWebkit/538.36 (KHTML, like Gecko) Chrome/69.420 Safari/537.36"
3.127.248.248 - - [24/Jun/2020:17:01:53 +0200] "GET /img/left_bg.gif HTTP/1.1" 200 98 "http://www.zahnmedizin-im-alter.de/index.php" "Mozilla/10.0 (Windows NT 10.0) AppleWebkit/538.36 (KHTML, like Gecko) Chrome/69.420 Safari/537.36"
18.196.183.254 - - [24/Jun/2020:17:01:53 +0200] "GET /img/lay16.gif HTTP/1.1" 200 309 "http://www.zahnmedizin-im-alter.de/impressum.php" "Mozilla/10.0 (Windows NT 10.0) AppleWebkit/538.36 (KHTML, like Gecko) Chrome/69.420 Safari/537.36"
18.196.183.254 - - [24/Jun/2020:17:01:53 +0200] "GET /img/hg_body.jpg HTTP/1.1" 200 2615 "http://www.zahnmedizin-im-alter.de/css/fl_style.css" "Mozilla/10.0 (Windows NT 10.0) AppleWebkit/538.36 (KHTML, like Gecko) Chrome/69.420 Safari/537.36"
3.127.248.248 - - [24/Jun/2020:17:01:53 +0200] "GET /img/lay10.gif HTTP/1.1" 200 252 "http://www.zahnmedizin-im-alter.de/index.php" "Mozilla/10.0 (Windows NT 10.0) AppleWebkit/538.36 (KHTML, like Gecko) Chrome/69.420 Safari/537.36"
3.127.248.248 - - [24/Jun/2020:17:01:53 +0200] "GET /img/lay16.gif HTTP/1.1" 200 309 "http://www.zahnmedizin-im-alter.de/index.php" "Mozilla/10.0 (Windows NT 10.0) AppleWebkit/538.36 (KHTML, like Gecko) Chrome/69.420 Safari/537.36"
18.196.183.254 - - [24/Jun/2020:17:01:53 +0200] "GET /img/lay03.gif HTTP/1.1" 200 1060 "http://www.zahnmedizin-im-alter.de/impressum.php" "Mozilla/10.0 (Windows NT 10.0) AppleWebkit/538.36 (KHTML, like Gecko) Chrome/69.420 Safari/537.36"
18.196.183.254 - - [24/Jun/2020:17:01:53 +0200] "GET /img/lay09.gif HTTP/1.1" 200 135 "http://www.zahnmedizin-im-alter.de/impressum.php" "Mozilla/10.0 (Windows NT 10.0) AppleWebkit/538.36 (KHTML, like Gecko) Chrome/69.420 Safari/537.36"
18.196.183.254 - - [24/Jun/2020:17:01:53 +0200] "GET /img/lay10.gif HTTP/1.1" 200 252 "http://www.zahnmedizin-im-alter.de/impressum.php" "Mozilla/10.0 (Windows NT 10.0) AppleWebkit/538.36 (KHTML, like Gecko) Chrome/69.420 Safari/537.36"
18.196.183.254 - - [24/Jun/2020:17:01:53 +0200] "GET /img/lay05.gif HTTP/1.1" 200 331 "http://www.zahnmedizin-im-alter.de/impressum.php" "Mozilla/10.0 (Windows NT 10.0) AppleWebkit/538.36 (KHTML, like Gecko) Chrome/69.420 Safari/537.36"
18.196.183.254 - - [24/Jun/2020:17:01:53 +0200] "GET /img/roll_trans2.gif HTTP/1.1" 200 609 "http://www.zahnmedizin-im-alter.de/impressum.php" "Mozilla/10.0 (Windows NT 10.0) AppleWebkit/538.36 (KHTML, like Gecko) Chrome/69.420 Safari/537.36"
3.127.236.2 - - [24/Jun/2020:17:01:53 +0200] "GET /img/lay02.gif HTTP/1.1" 200 68 "http://www.zahnmedizin-im-alter.de/anfahrt.php" "Mozilla/10.0 (Windows NT 10.0) AppleWebkit/538.36 (KHTML, like Gecko) Chrome/69.420 Safari/537.36"
3.127.236.2 - - [24/Jun/2020:17:01:53 +0200] "GET /img/lay04.gif HTTP/1.1" 200 68 "http://www.zahnmedizin-im-alter.de/anfahrt.php" "Mozilla/10.0 (Windows NT 10.0) AppleWebkit/538.36 (KHTML, like Gecko) Chrome/69.420 Safari/537.36"
3.127.236.2 - - [24/Jun/2020:17:01:53 +0200] "GET /img/bottom_bg.gif HTTP/1.1" 200 79 "http://www.zahnmedizin-im-alter.de/anfahrt.php" "Mozilla/10.0 (Windows NT 10.0) AppleWebkit/538.36 (KHTML, like Gecko) Chrome/69.420 Safari/537.36"
18.196.183.254 - - [24/Jun/2020:17:01:53 +0200] "GET /img/roll_trans.gif HTTP/1.1" 200 609 "http://www.zahnmedizin-im-alter.de/impressum.php" "Mozilla/10.0 (Windows NT 10.0) AppleWebkit/538.36 (KHTML, like Gecko) Chrome/69.420 Safari/537.36"
3.127.248.248 - - [24/Jun/2020:17:01:53 +0200] "GET /img/right_bg.gif HTTP/1.1" 200 76 "http://www.zahnmedizin-im-alter.de/index.php" "Mozilla/10.0 (Windows NT 10.0) AppleWebkit/538.36 (KHTML, like Gecko) Chrome/69.420 Safari/537.36"
3.127.248.248 - - [24/Jun/2020:17:01:53 +0200] "GET /img/lay09.gif HTTP/1.1" 200 135 "http://www.zahnmedizin-im-alter.de/index.php" "Mozilla/10.0 (Windows NT 10.0) AppleWebkit/538.36 (KHTML, like Gecko) Chrome/69.420 Safari/537.36"
3.127.248.248 - - [24/Jun/2020:17:01:53 +0200] "GET /img/lay05.gif HTTP/1.1" 200 331 "http://www.zahnmedizin-im-alter.de/index.php" "Mozilla/10.0 (Windows NT 10.0) AppleWebkit/538.36 (KHTML, like Gecko) Chrome/69.420 Safari/537.36"
3.127.248.248 - - [24/Jun/2020:17:01:53 +0200] "GET /img/roll_trans2.gif HTTP/1.1" 200 609 "http://www.zahnmedizin-im-alter.de/index.php" "Mozilla/10.0 (Windows NT 10.0) AppleWebkit/538.36 (KHTML, like Gecko) Chrome/69.420 Safari/537.36"
3.127.248.248 - - [24/Jun/2020:17:01:53 +0200] "GET /img/header_neu.gif HTTP/1.1" 200 32567 "http://www.zahnmedizin-im-alter.de/css/fl_style.css" "Mozilla/10.0 (Windows NT 10.0) AppleWebkit/538.36 (KHTML, like Gecko) Chrome/69.420 Safari/537.36"
3.127.248.248 - - [24/Jun/2020:17:01:53 +0200] "GET /img/hg_zahn2.gif HTTP/1.1" 200 20816 "http://www.zahnmedizin-im-alter.de/index.php" "Mozilla/10.0 (Windows NT 10.0) AppleWebkit/538.36 (KHTML, like Gecko) Chrome/69.420 Safari/537.36"
3.127.236.2 - - [24/Jun/2020:17:01:53 +0200] "GET /img/hg_zahn2.gif HTTP/1.1" 200 20816 "http://www.zahnmedizin-im-alter.de/anfahrt.php" "Mozilla/10.0 (Windows NT 10.0) AppleWebkit/538.36 (KHTML, like Gecko) Chrome/69.420 Safari/537.36"
3.127.236.2 - - [24/Jun/2020:17:01:53 +0200] "GET /img/header_neu.gif HTTP/1.1" 200 32567 "http://www.zahnmedizin-im-alter.de/css/fl_style.css" "Mozilla/10.0 (Windows NT 10.0) AppleWebkit/538.36 (KHTML, like Gecko) Chrome/69.420 Safari/537.36"
3.127.236.2 - - [24/Jun/2020:17:01:53 +0200] "GET /img/right_bg.gif HTTP/1.1" 200 76 "http://www.zahnmedizin-im-alter.de/anfahrt.php" "Mozilla/10.0 (Windows NT 10.0) AppleWebkit/538.36 (KHTML, like Gecko) Chrome/69.420 Safari/537.36"
3.127.236.2 - - [24/Jun/2020:17:01:53 +0200] "GET /img/lay14.gif HTTP/1.1" 200 104 "http://www.zahnmedizin-im-alter.de/anfahrt.php" "Mozilla/10.0 (Windows NT 10.0) AppleWebkit/538.36 (KHTML, like Gecko) Chrome/69.420 Safari/537.36"
3.127.236.2 - - [24/Jun/2020:17:01:53 +0200] "GET /img/lay16.gif HTTP/1.1" 200 309 "http://www.zahnmedizin-im-alter.de/anfahrt.php" "Mozilla/10.0 (Windows NT 10.0) AppleWebkit/538.36 (KHTML, like Gecko) Chrome/69.420 Safari/537.36"
18.196.183.254 - - [24/Jun/2020:17:01:53 +0200] "GET /img/header_neu.gif HTTP/1.1" 200 32567 "http://www.zahnmedizin-im-alter.de/css/fl_style.css" "Mozilla/10.0 (Windows NT 10.0) AppleWebkit/538.36 (KHTML, like Gecko) Chrome/69.420 Safari/537.36"
3.127.248.248 - - [24/Jun/2020:17:01:53 +0200] "GET /img/roll_trans.gif HTTP/1.1" 200 609 "http://www.zahnmedizin-im-alter.de/index.php" "Mozilla/10.0 (Windows NT 10.0) AppleWebkit/538.36 (KHTML, like Gecko) Chrome/69.420 Safari/537.36"
3.127.248.248 - - [24/Jun/2020:17:01:53 +0200] "GET /img/lay08.gif HTTP/1.1" 200 534 "http://www.zahnmedizin-im-alter.de/index.php" "Mozilla/10.0 (Windows NT 10.0) AppleWebkit/538.36 (KHTML, like Gecko) Chrome/69.420 Safari/537.36"
3.127.248.248 - - [24/Jun/2020:17:01:53 +0200] "GET /img/lay03.gif HTTP/1.1" 200 1060 "http://www.zahnmedizin-im-alter.de/index.php" "Mozilla/10.0 (Windows NT 10.0) AppleWebkit/538.36 (KHTML, like Gecko) Chrome/69.420 Safari/537.36"
3.127.248.248 - - [24/Jun/2020:17:01:53 +0200] "GET /img/lay02.gif HTTP/1.1" 200 68 "http://www.zahnmedizin-im-alter.de/index.php" "Mozilla/10.0 (Windows NT 10.0) AppleWebkit/538.36 (KHTML, like Gecko) Chrome/69.420 Safari/537.36"
3.127.248.248 - - [24/Jun/2020:17:01:53 +0200] "GET /img/right_bg.jpg HTTP/1.1" 404 1256 "http://www.zahnmedizin-im-alter.de/index.php" "Mozilla/10.0 (Windows NT 10.0) AppleWebkit/538.36 (KHTML, like Gecko) Chrome/69.420 Safari/537.36"
3.127.236.2 - - [24/Jun/2020:17:01:53 +0200] "GET /img/zert_1gross.jpg HTTP/1.1" 200 22004 "http://www.zahnmedizin-im-alter.de/anfahrt.php" "Mozilla/10.0 (Windows NT 10.0) AppleWebkit/538.36 (KHTML, like Gecko) Chrome/69.420 Safari/537.36"
18.196.183.254 - - [24/Jun/2020:17:01:53 +0200] "GET /img/zert_1gross.jpg HTTP/1.1" 200 22004 "http://www.zahnmedizin-im-alter.de/impressum.php" "Mozilla/10.0 (Windows NT 10.0) AppleWebkit/538.36 (KHTML, like Gecko) Chrome/69.420 Safari/537.36"
3.127.236.2 - - [24/Jun/2020:17:01:54 +0200] "GET /img/left_bg2.gif HTTP/1.1" 200 176 "http://www.zahnmedizin-im-alter.de/anfahrt.php" "Mozilla/10.0 (Windows NT 10.0) AppleWebkit/538.36 (KHTML, like Gecko) Chrome/69.420 Safari/537.36"
3.127.248.248 - - [24/Jun/2020:17:01:53 +0200] "GET /img/zert_1gross.jpg HTTP/1.1" 200 22004 "http://www.zahnmedizin-im-alter.de/index.php" "Mozilla/10.0 (Windows NT 10.0) AppleWebkit/538.36 (KHTML, like Gecko) Chrome/69.420 Safari/537.36"
3.127.248.248 - - [24/Jun/2020:17:01:53 +0200] "GET /img/dr_fleischer_ani.gif HTTP/1.1" 200 854042 "http://www.zahnmedizin-im-alter.de/index.php" "Mozilla/10.0 (Windows NT 10.0) AppleWebkit/538.36 (KHTML, like Gecko) Chrome/69.420 Safari/537.36"
18.184.55.34 - - [24/Jun/2020:17:01:58 +0200] "GET /spez_leistungen.php HTTP/1.1" 200 7752 "-" "Mozilla/10.0 (Windows NT 10.0) AppleWebkit/538.36 (KHTML, like Gecko) Chrome/69.420 Safari/537.36"
3.122.52.248 - - [24/Jun/2020:17:01:58 +0200] "GET /leistungen.php HTTP/1.1" 200 8056 "-" "Mozilla/10.0 (Windows NT 10.0) AppleWebkit/538.36 (KHTML, like Gecko) Chrome/69.420 Safari/537.36"
18.184.55.34 - - [24/Jun/2020:17:01:58 +0200] "GET /css/fl_style.css HTTP/1.1" 200 10194 "http://www.zahnmedizin-im-alter.de/spez_leistungen.php" "Mozilla/10.0 (Windows NT 10.0) AppleWebkit/538.36 (KHTML, like Gecko) Chrome/69.420 Safari/537.36"
18.184.55.34 - - [24/Jun/2020:17:01:58 +0200] "GET /img/f_1-p.gif HTTP/1.1" 200 43 "http://www.zahnmedizin-im-alter.de/spez_leistungen.php" "Mozilla/10.0 (Windows NT 10.0) AppleWebkit/538.36 (KHTML, like Gecko) Chrome/69.420 Safari/537.36"
18.184.55.34 - - [24/Jun/2020:17:01:58 +0200] "GET /scripte/all_scripts.js HTTP/1.1" 200 249 "http://www.zahnmedizin-im-alter.de/spez_leistungen.php" "Mozilla/10.0 (Windows NT 10.0) AppleWebkit/538.36 (KHTML, like Gecko) Chrome/69.420 Safari/537.36"
18.184.55.34 - - [24/Jun/2020:17:01:58 +0200] "GET /img/lay01.gif HTTP/1.1" 200 273 "http://www.zahnmedizin-im-alter.de/spez_leistungen.php" "Mozilla/10.0 (Windows NT 10.0) AppleWebkit/538.36 (KHTML, like Gecko) Chrome/69.420 Safari/537.36"
3.122.52.248 - - [24/Jun/2020:17:01:58 +0200] "GET /css/fl_style.css HTTP/1.1" 200 10194 "http://www.zahnmedizin-im-alter.de/leistungen.php" "Mozilla/10.0 (Windows NT 10.0) AppleWebkit/538.36 (KHTML, like Gecko) Chrome/69.420 Safari/537.36"
3.122.52.248 - - [24/Jun/2020:17:01:58 +0200] "GET /img/lay01.gif HTTP/1.1" 200 273 "http://www.zahnmedizin-im-alter.de/leistungen.php" "Mozilla/10.0 (Windows NT 10.0) AppleWebkit/538.36 (KHTML, like Gecko) Chrome/69.420 Safari/537.36"
3.122.52.248 - - [24/Jun/2020:17:01:58 +0200] "GET /scripte/all_scripts.js HTTP/1.1" 200 249 "http://www.zahnmedizin-im-alter.de/leistungen.php" "Mozilla/10.0 (Windows NT 10.0) AppleWebkit/538.36 (KHTML, like Gecko) Chrome/69.420 Safari/537.36"
3.122.52.248 - - [24/Jun/2020:17:01:58 +0200] "GET /img/f_1-p.gif HTTP/1.1" 200 43 "http://www.zahnmedizin-im-alter.de/leistungen.php" "Mozilla/10.0 (Windows NT 10.0) AppleWebkit/538.36 (KHTML, like Gecko) Chrome/69.420 Safari/537.36"
18.184.55.34 - - [24/Jun/2020:17:01:58 +0200] "GET /img/tel_footer.gif HTTP/1.1" 200 1051 "http://www.zahnmedizin-im-alter.de/spez_leistungen.php" "Mozilla/10.0 (Windows NT 10.0) AppleWebkit/538.36 (KHTML, like Gecko) Chrome/69.420 Safari/537.36"
18.184.55.34 - - [24/Jun/2020:17:01:58 +0200] "GET /img/lay06neu.gif HTTP/1.1" 200 583 "http://www.zahnmedizin-im-alter.de/spez_leistungen.php" "Mozilla/10.0 (Windows NT 10.0) AppleWebkit/538.36 (KHTML, like Gecko) Chrome/69.420 Safari/537.36"
3.122.52.248 - - [24/Jun/2020:17:01:58 +0200] "GET /img/tel_footer.gif HTTP/1.1" 200 1051 "http://www.zahnmedizin-im-alter.de/leistungen.php" "Mozilla/10.0 (Windows NT 10.0) AppleWebkit/538.36 (KHTML, like Gecko) Chrome/69.420 Safari/537.36"
3.122.52.248 - - [24/Jun/2020:17:01:58 +0200] "GET /img/lay06neu.gif HTTP/1.1" 200 583 "http://www.zahnmedizin-im-alter.de/leistungen.php" "Mozilla/10.0 (Windows NT 10.0) AppleWebkit/538.36 (KHTML, like Gecko) Chrome/69.420 Safari/537.36"
18.184.55.34 - - [24/Jun/2020:17:01:58 +0200] "GET /img/lay07.gif HTTP/1.1" 200 453 "http://www.zahnmedizin-im-alter.de/spez_leistungen.php" "Mozilla/10.0 (Windows NT 10.0) AppleWebkit/538.36 (KHTML, like Gecko) Chrome/69.420 Safari/537.36"
18.184.55.34 - - [24/Jun/2020:17:01:58 +0200] "GET /img/spez_leistungen_2.jpg HTTP/1.1" 200 13667 "http://www.zahnmedizin-im-alter.de/spez_leistungen.php" "Mozilla/10.0 (Windows NT 10.0) AppleWebkit/538.36 (KHTML, like Gecko) Chrome/69.420 Safari/537.36"
18.184.55.34 - - [24/Jun/2020:17:01:58 +0200] "GET /img/roll_trans.gif HTTP/1.1" 200 609 "http://www.zahnmedizin-im-alter.de/spez_leistungen.php" "Mozilla/10.0 (Windows NT 10.0) AppleWebkit/538.36 (KHTML, like Gecko) Chrome/69.420 Safari/537.36"
18.184.55.34 - - [24/Jun/2020:17:01:58 +0200] "GET /img/roll_trans2.gif HTTP/1.1" 200 609 "http://www.zahnmedizin-im-alter.de/spez_leistungen.php" "Mozilla/10.0 (Windows NT 10.0) AppleWebkit/538.36 (KHTML, like Gecko) Chrome/69.420 Safari/537.36"
3.122.52.248 - - [24/Jun/2020:17:01:58 +0200] "GET /img/lay07.gif HTTP/1.1" 200 453 "http://www.zahnmedizin-im-alter.de/leistungen.php" "Mozilla/10.0 (Windows NT 10.0) AppleWebkit/538.36 (KHTML, like Gecko) Chrome/69.420 Safari/537.36"
3.122.52.248 - - [24/Jun/2020:17:01:58 +0200] "GET /img/leistungen_1.jpg HTTP/1.1" 200 15190 "http://www.zahnmedizin-im-alter.de/leistungen.php" "Mozilla/10.0 (Windows NT 10.0) AppleWebkit/538.36 (KHTML, like Gecko) Chrome/69.420 Safari/537.36"
18.184.55.34 - - [24/Jun/2020:17:01:58 +0200] "GET /img/lay16.gif HTTP/1.1" 200 309 "http://www.zahnmedizin-im-alter.de/spez_leistungen.php" "Mozilla/10.0 (Windows NT 10.0) AppleWebkit/538.36 (KHTML, like Gecko) Chrome/69.420 Safari/537.36"
3.122.52.248 - - [24/Jun/2020:17:01:58 +0200] "GET /img/leistungen_2.jpg HTTP/1.1" 200 13824 "http://www.zahnmedizin-im-alter.de/leistungen.php" "Mozilla/10.0 (Windows NT 10.0) AppleWebkit/538.36 (KHTML, like Gecko) Chrome/69.420 Safari/537.36"
3.122.52.248 - - [24/Jun/2020:17:01:58 +0200] "GET /img/roll_trans.gif HTTP/1.1" 200 609 "http://www.zahnmedizin-im-alter.de/leistungen.php" "Mozilla/10.0 (Windows NT 10.0) AppleWebkit/538.36 (KHTML, like Gecko) Chrome/69.420 Safari/537.36"
3.122.52.248 - - [24/Jun/2020:17:01:58 +0200] "GET /img/roll_trans2.gif HTTP/1.1" 200 609 "http://www.zahnmedizin-im-alter.de/leistungen.php" "Mozilla/10.0 (Windows NT 10.0) AppleWebkit/538.36 (KHTML, like Gecko) Chrome/69.420 Safari/537.36"
3.122.52.248 - - [24/Jun/2020:17:01:58 +0200] "GET /img/lay16.gif HTTP/1.1" 200 309 "http://www.zahnmedizin-im-alter.de/leistungen.php" "Mozilla/10.0 (Windows NT 10.0) AppleWebkit/538.36 (KHTML, like Gecko) Chrome/69.420 Safari/537.36"
18.184.55.34 - - [24/Jun/2020:17:01:58 +0200] "GET /img/spez_leistungen_1.jpg HTTP/1.1" 200 18858 "http://www.zahnmedizin-im-alter.de/spez_leistungen.php" "Mozilla/10.0 (Windows NT 10.0) AppleWebkit/538.36 (KHTML, like Gecko) Chrome/69.420 Safari/537.36"
18.184.55.34 - - [24/Jun/2020:17:01:58 +0200] "GET /img/lay03.gif HTTP/1.1" 200 1060 "http://www.zahnmedizin-im-alter.de/spez_leistungen.php" "Mozilla/10.0 (Windows NT 10.0) AppleWebkit/538.36 (KHTML, like Gecko) Chrome/69.420 Safari/537.36"
3.122.52.248 - - [24/Jun/2020:17:01:58 +0200] "GET /img/hg_body.jpg HTTP/1.1" 200 2615 "http://www.zahnmedizin-im-alter.de/css/fl_style.css" "Mozilla/10.0 (Windows NT 10.0) AppleWebkit/538.36 (KHTML, like Gecko) Chrome/69.420 Safari/537.36"
18.184.55.34 - - [24/Jun/2020:17:01:58 +0200] "GET /img/lay10.gif HTTP/1.1" 200 252 "http://www.zahnmedizin-im-alter.de/spez_leistungen.php" "Mozilla/10.0 (Windows NT 10.0) AppleWebkit/538.36 (KHTML, like Gecko) Chrome/69.420 Safari/537.36"
18.184.55.34 - - [24/Jun/2020:17:01:58 +0200] "GET /img/hg_body.jpg HTTP/1.1" 200 2615 "http://www.zahnmedizin-im-alter.de/css/fl_style.css" "Mozilla/10.0 (Windows NT 10.0) AppleWebkit/538.36 (KHTML, like Gecko) Chrome/69.420 Safari/537.36"
18.184.55.34 - - [24/Jun/2020:17:01:58 +0200] "GET /img/header_neu.gif HTTP/1.1" 200 32567 "http://www.zahnmedizin-im-alter.de/css/fl_style.css" "Mozilla/10.0 (Windows NT 10.0) AppleWebkit/538.36 (KHTML, like Gecko) Chrome/69.420 Safari/537.36"
3.122.52.248 - - [24/Jun/2020:17:01:58 +0200] "GET /img/lay02.gif HTTP/1.1" 200 68 "http://www.zahnmedizin-im-alter.de/leistungen.php" "Mozilla/10.0 (Windows NT 10.0) AppleWebkit/538.36 (KHTML, like Gecko) Chrome/69.420 Safari/537.36"
18.184.55.34 - - [24/Jun/2020:17:01:58 +0200] "GET /img/left_bg.gif HTTP/1.1" 200 98 "http://www.zahnmedizin-im-alter.de/spez_leistungen.php" "Mozilla/10.0 (Windows NT 10.0) AppleWebkit/538.36 (KHTML, like Gecko) Chrome/69.420 Safari/537.36"
3.122.52.248 - - [24/Jun/2020:17:01:58 +0200] "GET /img/lay04.gif HTTP/1.1" 200 68 "http://www.zahnmedizin-im-alter.de/leistungen.php" "Mozilla/10.0 (Windows NT 10.0) AppleWebkit/538.36 (KHTML, like Gecko) Chrome/69.420 Safari/537.36"
18.184.55.34 - - [24/Jun/2020:17:01:58 +0200] "GET /img/bottom_bg.gif HTTP/1.1" 200 79 "http://www.zahnmedizin-im-alter.de/spez_leistungen.php" "Mozilla/10.0 (Windows NT 10.0) AppleWebkit/538.36 (KHTML, like Gecko) Chrome/69.420 Safari/537.36"
18.184.55.34 - - [24/Jun/2020:17:01:58 +0200] "GET /img/left_bg2.gif HTTP/1.1" 200 176 "http://www.zahnmedizin-im-alter.de/spez_leistungen.php" "Mozilla/10.0 (Windows NT 10.0) AppleWebkit/538.36 (KHTML, like Gecko) Chrome/69.420 Safari/537.36"
18.184.55.34 - - [24/Jun/2020:17:01:58 +0200] "GET /img/lay14.gif HTTP/1.1" 200 104 "http://www.zahnmedizin-im-alter.de/spez_leistungen.php" "Mozilla/10.0 (Windows NT 10.0) AppleWebkit/538.36 (KHTML, like Gecko) Chrome/69.420 Safari/537.36"
18.184.55.34 - - [24/Jun/2020:17:01:58 +0200] "GET /img/lay02.gif HTTP/1.1" 200 68 "http://www.zahnmedizin-im-alter.de/spez_leistungen.php" "Mozilla/10.0 (Windows NT 10.0) AppleWebkit/538.36 (KHTML, like Gecko) Chrome/69.420 Safari/537.36"
3.122.52.248 - - [24/Jun/2020:17:01:58 +0200] "GET /img/lay08.gif HTTP/1.1" 200 534 "http://www.zahnmedizin-im-alter.de/leistungen.php" "Mozilla/10.0 (Windows NT 10.0) AppleWebkit/538.36 (KHTML, like Gecko) Chrome/69.420 Safari/537.36"
3.122.52.248 - - [24/Jun/2020:17:01:58 +0200] "GET /img/left_bg.gif HTTP/1.1" 200 98 "http://www.zahnmedizin-im-alter.de/leistungen.php" "Mozilla/10.0 (Windows NT 10.0) AppleWebkit/538.36 (KHTML, like Gecko) Chrome/69.420 Safari/537.36"
18.184.55.34 - - [24/Jun/2020:17:01:58 +0200] "GET /img/lay04.gif HTTP/1.1" 200 68 "http://www.zahnmedizin-im-alter.de/spez_leistungen.php" "Mozilla/10.0 (Windows NT 10.0) AppleWebkit/538.36 (KHTML, like Gecko) Chrome/69.420 Safari/537.36"
18.184.55.34 - - [24/Jun/2020:17:01:58 +0200] "GET /img/right_bg.gif HTTP/1.1" 200 76 "http://www.zahnmedizin-im-alter.de/spez_leistungen.php" "Mozilla/10.0 (Windows NT 10.0) AppleWebkit/538.36 (KHTML, like Gecko) Chrome/69.420 Safari/537.36"
3.122.52.248 - - [24/Jun/2020:17:01:58 +0200] "GET /img/lay03.gif HTTP/1.1" 200 1060 "http://www.zahnmedizin-im-alter.de/leistungen.php" "Mozilla/10.0 (Windows NT 10.0) AppleWebkit/538.36 (KHTML, like Gecko) Chrome/69.420 Safari/537.36"
3.122.52.248 - - [24/Jun/2020:17:01:58 +0200] "GET /img/bottom_bg.gif HTTP/1.1" 200 79 "http://www.zahnmedizin-im-alter.de/leistungen.php" "Mozilla/10.0 (Windows NT 10.0) AppleWebkit/538.36 (KHTML, like Gecko) Chrome/69.420 Safari/537.36"
18.184.55.34 - - [24/Jun/2020:17:01:58 +0200] "GET /img/lay13.gif HTTP/1.1" 200 181 "http://www.zahnmedizin-im-alter.de/spez_leistungen.php" "Mozilla/10.0 (Windows NT 10.0) AppleWebkit/538.36 (KHTML, like Gecko) Chrome/69.420 Safari/537.36"
18.184.55.34 - - [24/Jun/2020:17:01:58 +0200] "GET /img/hg_zahn2.gif HTTP/1.1" 200 20816 "http://www.zahnmedizin-im-alter.de/spez_leistungen.php" "Mozilla/10.0 (Windows NT 10.0) AppleWebkit/538.36 (KHTML, like Gecko) Chrome/69.420 Safari/537.36"
3.122.52.248 - - [24/Jun/2020:17:01:58 +0200] "GET /img/left_bg2.gif HTTP/1.1" 200 176 "http://www.zahnmedizin-im-alter.de/leistungen.php" "Mozilla/10.0 (Windows NT 10.0) AppleWebkit/538.36 (KHTML, like Gecko) Chrome/69.420 Safari/537.36"
3.122.52.248 - - [24/Jun/2020:17:01:58 +0200] "GET /img/lay10.gif HTTP/1.1" 200 252 "http://www.zahnmedizin-im-alter.de/leistungen.php" "Mozilla/10.0 (Windows NT 10.0) AppleWebkit/538.36 (KHTML, like Gecko) Chrome/69.420 Safari/537.36"
18.184.55.34 - - [24/Jun/2020:17:01:58 +0200] "GET /img/lay09.gif HTTP/1.1" 200 135 "http://www.zahnmedizin-im-alter.de/spez_leistungen.php" "Mozilla/10.0 (Windows NT 10.0) AppleWebkit/538.36 (KHTML, like Gecko) Chrome/69.420 Safari/537.36"
18.184.55.34 - - [24/Jun/2020:17:01:58 +0200] "GET /img/lay05.gif HTTP/1.1" 200 331 "http://www.zahnmedizin-im-alter.de/spez_leistungen.php" "Mozilla/10.0 (Windows NT 10.0) AppleWebkit/538.36 (KHTML, like Gecko) Chrome/69.420 Safari/537.36"
3.122.52.248 - - [24/Jun/2020:17:01:58 +0200] "GET /img/hg_zahn2.gif HTTP/1.1" 200 20816 "http://www.zahnmedizin-im-alter.de/leistungen.php" "Mozilla/10.0 (Windows NT 10.0) AppleWebkit/538.36 (KHTML, like Gecko) Chrome/69.420 Safari/537.36"
3.122.52.248 - - [24/Jun/2020:17:01:58 +0200] "GET /img/header_neu.gif HTTP/1.1" 200 32567 "http://www.zahnmedizin-im-alter.de/css/fl_style.css" "Mozilla/10.0 (Windows NT 10.0) AppleWebkit/538.36 (KHTML, like Gecko) Chrome/69.420 Safari/537.36"
3.122.52.248 - - [24/Jun/2020:17:01:58 +0200] "GET /img/right_bg.gif HTTP/1.1" 200 76 "http://www.zahnmedizin-im-alter.de/leistungen.php" "Mozilla/10.0 (Windows NT 10.0) AppleWebkit/538.36 (KHTML, like Gecko) Chrome/69.420 Safari/537.36"
3.122.52.248 - - [24/Jun/2020:17:01:58 +0200] "GET /img/lay13.gif HTTP/1.1" 200 181 "http://www.zahnmedizin-im-alter.de/leistungen.php" "Mozilla/10.0 (Windows NT 10.0) AppleWebkit/538.36 (KHTML, like Gecko) Chrome/69.420 Safari/537.36"
18.184.55.34 - - [24/Jun/2020:17:01:58 +0200] "GET /img/lay08.gif HTTP/1.1" 200 534 "http://www.zahnmedizin-im-alter.de/spez_leistungen.php" "Mozilla/10.0 (Windows NT 10.0) AppleWebkit/538.36 (KHTML, like Gecko) Chrome/69.420 Safari/537.36"
18.184.55.34 - - [24/Jun/2020:17:01:58 +0200] "GET /img/zert_1gross.jpg HTTP/1.1" 200 22004 "http://www.zahnmedizin-im-alter.de/spez_leistungen.php" "Mozilla/10.0 (Windows NT 10.0) AppleWebkit/538.36 (KHTML, like Gecko) Chrome/69.420 Safari/537.36"
3.122.52.248 - - [24/Jun/2020:17:01:58 +0200] "GET /img/lay09.gif HTTP/1.1" 200 135 "http://www.zahnmedizin-im-alter.de/leistungen.php" "Mozilla/10.0 (Windows NT 10.0) AppleWebkit/538.36 (KHTML, like Gecko) Chrome/69.420 Safari/537.36"
3.122.52.248 - - [24/Jun/2020:17:01:58 +0200] "GET /img/lay05.gif HTTP/1.1" 200 331 "http://www.zahnmedizin-im-alter.de/leistungen.php" "Mozilla/10.0 (Windows NT 10.0) AppleWebkit/538.36 (KHTML, like Gecko) Chrome/69.420 Safari/537.36"
3.122.52.248 - - [24/Jun/2020:17:01:58 +0200] "GET /img/lay14.gif HTTP/1.1" 200 104 "http://www.zahnmedizin-im-alter.de/leistungen.php" "Mozilla/10.0 (Windows NT 10.0) AppleWebkit/538.36 (KHTML, like Gecko) Chrome/69.420 Safari/537.36"
3.122.52.248 - - [24/Jun/2020:17:01:58 +0200] "GET /img/zert_1gross.jpg HTTP/1.1" 200 22004 "http://www.zahnmedizin-im-alter.de/leistungen.php" "Mozilla/10.0 (Windows NT 10.0) AppleWebkit/538.36 (KHTML, like Gecko) Chrome/69.420 Safari/537.36"
88.99.251.222 - - [24/Jun/2020:17:06:00 +0200] "GET /robots.txt HTTP/1.1" 200 218 "-" "Mozilla/5.0 (compatible; BLEXBot/1.0; +http://webmeup-crawler.com/)"
88.99.251.222 - - [24/Jun/2020:17:06:00 +0200] "GET / HTTP/1.1" 200 9626 "-" "Mozilla/5.0 (compatible; BLEXBot/1.0; +http://webmeup-crawler.com/)"
34.75.54.70 - - [24/Jun/2020:20:57:58 +0200] "GET /robots.txt HTTP/1.0" 200 218 "-" "ZoominfoBot (zoominfobot at zoominfo dot com)"
34.75.54.70 - - [24/Jun/2020:20:57:58 +0200] "GET /kont.php HTTP/1.0" 200 8494 "-" "ZoominfoBot (zoominfobot at zoominfo dot com)"
34.75.54.70 - - [24/Jun/2020:20:59:37 +0200] "GET /leistungen.php HTTP/1.0" 200 8056 "-" "ZoominfoBot (zoominfobot at zoominfo dot com)"
34.75.54.70 - - [24/Jun/2020:21:07:05 +0200] "GET /index.php HTTP/1.0" 200 9626 "-" "ZoominfoBot (zoominfobot at zoominfo dot com)"
34.75.54.70 - - [24/Jun/2020:21:14:19 +0200] "GET /impressum.php HTTP/1.0" 200 8293 "-" "ZoominfoBot (zoominfobot at zoominfo dot com)"
34.75.54.70 - - [24/Jun/2020:21:17:01 +0200] "GET /praxis.php HTTP/1.0" 200 7017 "-" "ZoominfoBot (zoominfobot at zoominfo dot com)"
34.75.54.70 - - [24/Jun/2020:21:19:37 +0200] "GET /anfahrt.php HTTP/1.0" 200 8074 "-" "ZoominfoBot (zoominfobot at zoominfo dot com)"
34.75.54.70 - - [24/Jun/2020:21:23:25 +0200] "GET /spez_leistungen.php HTTP/1.0" 200 7752 "-" "ZoominfoBot (zoominfobot at zoominfo dot com)"
95.163.255.233 - - [24/Jun/2020:22:48:04 +0200] "GET /robots.txt HTTP/1.0" 200 218 "-" "Mozilla/5.0 (compatible; Linux x86_64; Mail.RU_Bot/2.0; +http://go.mail.ru/help/robots)"
95.163.255.230 - - [24/Jun/2020:22:48:09 +0200] "GET /praxis.php HTTP/1.1" 200 7017 "-" "Mozilla/5.0 (compatible; Linux x86_64; Mail.RU_Bot/2.0; +http://go.mail.ru/help/robots)"
66.249.70.14 - - [24/Jun/2020:23:05:47 +0200] "GET /robots.txt HTTP/1.1" 200 218 "-" "Mozilla/5.0 (compatible; Googlebot/2.1; +http://www.google.com/bot.html)"
66.249.70.12 - - [24/Jun/2020:23:05:47 +0200] "GET /img/lay08.gif HTTP/1.1" 304 - "-" "Googlebot-Image/1.0"
66.249.70.12 - - [25/Jun/2020:02:05:47 +0200] "GET /img/favicon.ico HTTP/1.1" 304 - "-" "Googlebot-Image/1.0"
17.58.100.159 - - [25/Jun/2020:04:10:12 +0200] "GET /robots.txt HTTP/1.1" 200 218 "-" "Mozilla/5.0 (Macintosh; Intel Mac OS X 10_15_5) AppleWebKit/605.1.15 (KHTML, like Gecko) Version/13.1.1 Safari/605.1.15 (Applebot/0.1; +http://www.apple.com/go/applebot)"
17.58.103.218 - - [25/Jun/2020:04:10:12 +0200] "GET /impressum.php HTTP/1.1" 200 8293 "-" "Mozilla/5.0 (Macintosh; Intel Mac OS X 10_15_5) AppleWebKit/605.1.15 (KHTML, like Gecko) Version/13.1.1 Safari/605.1.15 (Applebot/0.1; +http://www.apple.com/go/applebot)"
51.141.177.212 - - [25/Jun/2020:07:18:51 +0200] "GET /kont.php HTTP/1.1" 200 8494 "-" "Mozilla/5.0 (Windows NT 10.0; Win64; x64) AppleWebKit/537.36 (KHTML, like Gecko) Chrome/81.0.4044.92 Safari/537.36 (BingLocalSearch)"
78.46.90.120 - - [25/Jun/2020:08:10:41 +0200] "GET /impressum.php HTTP/1.1" 200 8293 "-" "Mozilla/5.0 (Windows NT 10.0; Win64; x64; rv:58.0) Gecko/20100101 Firefox/58.0"
148.251.50.77 - - [25/Jun/2020:08:10:44 +0200] "GET /impressum.php HTTP/1.1" 200 8293 "-" "Mozilla/5.0 (Windows NT 6.1; WOW64) AppleWebKit/537.36 (KHTML, like Gecko) Chrome/43.0.2357.134 Safari/537.36"
54.36.148.242 - - [25/Jun/2020:13:38:46 +0200] "GET /robots.txt HTTP/1.1" 200 218 "-" "Mozilla/5.0 (compatible; AhrefsBot/6.1; +http://ahrefs.com/robot/)"
54.36.149.15 - - [25/Jun/2020:13:38:48 +0200] "GET / HTTP/1.1" 200 9626 "-" "Mozilla/5.0 (compatible; AhrefsBot/6.1; +http://ahrefs.com/robot/)"
66.249.70.14 - - [25/Jun/2020:14:29:20 +0200] "GET /css/fl_style.css HTTP/1.1" 200 10194 "http://www.dr-heidi-fleischer.de/spez_leistungen.php" "Mozilla/5.0 (Linux; Android 6.0.1; Nexus 5X Build/MMB29P) AppleWebKit/537.36 (KHTML, like Gecko) Chrome/83.0.4103.108 Mobile Safari/537.36 (compatible; Googlebot/2.1; +http://www.google.com/bot.html)"
34.74.17.39 - - [25/Jun/2020:14:57:11 +0200] "GET /robots.txt HTTP/1.0" 200 218 "-" "ZoominfoBot (zoominfobot at zoominfo dot com)"
34.74.17.39 - - [25/Jun/2020:14:57:11 +0200] "GET / HTTP/1.0" 200 9626 "-" "ZoominfoBot (zoominfobot at zoominfo dot com)"
207.46.13.61 - - [25/Jun/2020:14:59:19 +0200] "GET /index.php HTTP/1.1" 200 9626 "-" "Mozilla/5.0 (iPhone; CPU iPhone OS 7_0 like Mac OS X) AppleWebKit/537.51.1 (KHTML, like Gecko) Version/7.0 Mobile/11A465 Safari/9537.53 (compatible; bingbot/2.0; +http://www.bing.com/bingbot.htm)"
77.88.9.133 - - [25/Jun/2020:15:06:05 +0200] "GET /robots.txt HTTP/1.1" 200 218 "-" "Mozilla/5.0 (compatible; YandexBot/3.0; +http://yandex.com/bots)"
77.88.9.133 - - [25/Jun/2020:15:06:09 +0200] "GET /img/animated_favicon1.gif HTTP/1.1" 200 1808 "-" "Mozilla/5.0 (compatible; YandexBot/3.0; +http://yandex.com/bots)"
35.205.60.76 - - [25/Jun/2020:15:34:17 +0200] "GET /robots.txt HTTP/1.1" 200 218 "-" "python-requests/2.22.0"
35.205.60.76 - - [25/Jun/2020:15:34:17 +0200] "GET / HTTP/1.1" 200 9626 "-" "Mozilla/5.0 (Windows NT 6.1) AppleWebKit/537.36 (KHTML, like Gecko) Chrome/41.0.2228.0 Safari/537.36"
35.205.60.76 - - [25/Jun/2020:15:34:18 +0200] "GET /kont.php HTTP/1.1" 200 8494 "-" "Mozilla/5.0 (Windows NT 6.1) AppleWebKit/537.36 (KHTML, like Gecko) Chrome/41.0.2228.0 Safari/537.36"
35.205.60.76 - - [25/Jun/2020:15:34:18 +0200] "GET /index.php HTTP/1.1" 200 9626 "-" "Mozilla/5.0 (Windows NT 6.1) AppleWebKit/537.36 (KHTML, like Gecko) Chrome/41.0.2228.0 Safari/537.36"
35.205.60.76 - - [25/Jun/2020:15:34:18 +0200] "GET /praxis.php HTTP/1.1" 200 7017 "-" "Mozilla/5.0 (Windows NT 6.1) AppleWebKit/537.36 (KHTML, like Gecko) Chrome/41.0.2228.0 Safari/537.36"
35.205.60.76 - - [25/Jun/2020:15:34:18 +0200] "GET /leistungen.php HTTP/1.1" 200 8056 "-" "Mozilla/5.0 (Windows NT 6.1) AppleWebKit/537.36 (KHTML, like Gecko) Chrome/41.0.2228.0 Safari/537.36"
35.205.60.76 - - [25/Jun/2020:15:34:18 +0200] "GET /spez_leistungen.php HTTP/1.1" 200 7752 "-" "Mozilla/5.0 (Windows NT 6.1) AppleWebKit/537.36 (KHTML, like Gecko) Chrome/41.0.2228.0 Safari/537.36"
35.205.60.76 - - [25/Jun/2020:15:34:18 +0200] "GET /impressum.php HTTP/1.1" 200 8293 "-" "Mozilla/5.0 (Windows NT 6.1) AppleWebKit/537.36 (KHTML, like Gecko) Chrome/41.0.2228.0 Safari/537.36"
35.205.60.76 - - [25/Jun/2020:15:34:18 +0200] "GET /anfahrt.php HTTP/1.1" 200 8074 "-" "Mozilla/5.0 (Windows NT 6.1) AppleWebKit/537.36 (KHTML, like Gecko) Chrome/41.0.2228.0 Safari/537.36"
35.187.179.219 - - [25/Jun/2020:15:35:15 +0200] "GET /robots.txt HTTP/1.1" 200 218 "-" "python-requests/2.22.0"
35.187.179.219 - - [25/Jun/2020:15:35:15 +0200] "GET / HTTP/1.1" 200 9626 "-" "Mozilla/5.0 (Windows NT 6.1) AppleWebKit/537.36 (KHTML, like Gecko) Chrome/41.0.2228.0 Safari/537.36"
35.187.179.219 - - [25/Jun/2020:15:35:15 +0200] "GET /kont.php HTTP/1.1" 200 8494 "-" "Mozilla/5.0 (Windows NT 6.1) AppleWebKit/537.36 (KHTML, like Gecko) Chrome/41.0.2228.0 Safari/537.36"
35.187.179.219 - - [25/Jun/2020:15:35:16 +0200] "GET /index.php HTTP/1.1" 200 9626 "-" "Mozilla/5.0 (Windows NT 6.1) AppleWebKit/537.36 (KHTML, like Gecko) Chrome/41.0.2228.0 Safari/537.36"
35.187.179.219 - - [25/Jun/2020:15:35:16 +0200] "GET /praxis.php HTTP/1.1" 200 7017 "-" "Mozilla/5.0 (Windows NT 6.1) AppleWebKit/537.36 (KHTML, like Gecko) Chrome/41.0.2228.0 Safari/537.36"
35.187.179.219 - - [25/Jun/2020:15:35:16 +0200] "GET /leistungen.php HTTP/1.1" 200 8056 "-" "Mozilla/5.0 (Windows NT 6.1) AppleWebKit/537.36 (KHTML, like Gecko) Chrome/41.0.2228.0 Safari/537.36"
35.187.179.219 - - [25/Jun/2020:15:35:16 +0200] "GET /spez_leistungen.php HTTP/1.1" 200 7752 "-" "Mozilla/5.0 (Windows NT 6.1) AppleWebKit/537.36 (KHTML, like Gecko) Chrome/41.0.2228.0 Safari/537.36"
35.187.179.219 - - [25/Jun/2020:15:35:16 +0200] "GET /impressum.php HTTP/1.1" 200 8293 "-" "Mozilla/5.0 (Windows NT 6.1) AppleWebKit/537.36 (KHTML, like Gecko) Chrome/41.0.2228.0 Safari/537.36"
35.187.179.219 - - [25/Jun/2020:15:35:16 +0200] "GET /anfahrt.php HTTP/1.1" 200 8074 "-" "Mozilla/5.0 (Windows NT 6.1) AppleWebKit/537.36 (KHTML, like Gecko) Chrome/41.0.2228.0 Safari/537.36"
157.55.39.30 - - [25/Jun/2020:16:31:38 +0200] "GET /robots.txt HTTP/1.1" 200 218 "-" "Mozilla/5.0 (compatible; bingbot/2.0; +http://www.bing.com/bingbot.htm)"
207.46.13.4 - - [25/Jun/2020:16:32:00 +0200] "GET / HTTP/1.1" 200 9626 "-" "Mozilla/5.0 (iPhone; CPU iPhone OS 7_0 like Mac OS X) AppleWebKit/537.51.1 (KHTML, like Gecko) Version/7.0 Mobile/11A465 Safari/9537.53 (compatible; bingbot/2.0; +http://www.bing.com/bingbot.htm)"
34.74.227.16 - - [25/Jun/2020:16:44:36 +0200] "GET /robots.txt HTTP/1.0" 200 218 "-" "ZoominfoBot (zoominfobot at zoominfo dot com)"
34.74.227.16 - - [25/Jun/2020:16:44:37 +0200] "GET / HTTP/1.0" 200 9626 "-" "ZoominfoBot (zoominfobot at zoominfo dot com)"
144.76.182.18 - - [25/Jun/2020:17:00:11 +0200] "GET / HTTP/1.1" 200 9626 "-" "Mozilla/5.0 (Windows; U; Windows NT 6.1; de; rv:1.9.2.12) Gecko/20101026 Firefox/3.6.12"
144.76.182.18 - - [25/Jun/2020:17:00:11 +0200] "GET / HTTP/1.1" 200 9626 "-" "Mozilla/5.0 (Windows; U; Windows NT 6.1; de; rv:1.9.2.12) Gecko/20101026 Firefox/3.6.12"
144.76.182.18 - - [25/Jun/2020:17:00:12 +0200] "GET /kont.php HTTP/1.1" 200 8494 "-" "Mozilla/5.0 (Windows; U; Windows NT 6.1; de; rv:1.9.2.12) Gecko/20101026 Firefox/3.6.12"
144.76.182.18 - - [25/Jun/2020:17:00:13 +0200] "GET /impressum.php HTTP/1.1" 200 8293 "-" "Mozilla/5.0 (Windows; U; Windows NT 6.1; de; rv:1.9.2.12) Gecko/20101026 Firefox/3.6.12"
144.76.182.18 - - [25/Jun/2020:17:00:13 +0200] "GET /leistungen.php HTTP/1.1" 200 8056 "-" "Mozilla/5.0 (Windows; U; Windows NT 6.1; de; rv:1.9.2.12) Gecko/20101026 Firefox/3.6.12"
144.76.182.18 - - [25/Jun/2020:17:00:13 +0200] "GET / HTTP/1.1" 200 9626 "-" "Mozilla/5.0 (Windows; U; Windows NT 6.1; de; rv:1.9.2.12) Gecko/20101026 Firefox/3.6.12"
144.76.182.18 - - [25/Jun/2020:17:00:13 +0200] "GET /robots.txt HTTP/1.1" 200 218 "-" "Mozilla/5.0 (Windows; U; Windows NT 6.1; de; rv:1.9.2.12) Gecko/20101026 Firefox/3.6.12"
144.76.182.18 - - [25/Jun/2020:17:00:13 +0200] "GET /sitemap.xml HTTP/1.1" 404 1256 "-" "Mozilla/5.0 (Windows; U; Windows NT 6.1; de; rv:1.9.2.12) Gecko/20101026 Firefox/3.6.12"
144.76.182.18 - - [25/Jun/2020:17:00:13 +0200] "GET /sitemap-index.xml HTTP/1.1" 404 1256 "-" "Mozilla/5.0 (Windows; U; Windows NT 6.1; de; rv:1.9.2.12) Gecko/20101026 Firefox/3.6.12"
144.76.182.18 - - [25/Jun/2020:17:00:13 +0200] "GET /sitemaps/sitemap.xml HTTP/1.1" 404 1256 "-" "Mozilla/5.0 (Windows; U; Windows NT 6.1; de; rv:1.9.2.12) Gecko/20101026 Firefox/3.6.12"
78.46.204.32 - - [25/Jun/2020:17:00:16 +0200] "GET / HTTP/1.1" 200 9626 "-" "Mozilla/5.0 (compatible; Wappalyzer)"
54.36.148.151 - - [25/Jun/2020:17:25:13 +0200] "GET /index.php HTTP/1.1" 200 9626 "-" "Mozilla/5.0 (compatible; AhrefsBot/6.1; +http://ahrefs.com/robot/)"
157.55.39.31 - - [25/Jun/2020:18:22:30 +0200] "GET /robots.txt HTTP/1.1" 200 218 "-" "Mozilla/5.0 (compatible; bingbot/2.0; +http://www.bing.com/bingbot.htm)"
157.55.39.190 - - [25/Jun/2020:18:22:36 +0200] "GET /robots.txt HTTP/1.1" 200 218 "-" "Mozilla/5.0 (compatible; bingbot/2.0; +http://www.bing.com/bingbot.htm)"
157.55.39.190 - - [25/Jun/2020:18:22:36 +0200] "GET /robots.txt HTTP/1.1" 200 218 "-" "Mozilla/5.0 (compatible; bingbot/2.0; +http://www.bing.com/bingbot.htm)"
207.46.13.61 - - [25/Jun/2020:18:22:44 +0200] "GET /img/lay02.gif HTTP/1.1" 200 68 "-" "Mozilla/5.0 (iPhone; CPU iPhone OS 7_0 like Mac OS X) AppleWebKit/537.51.1 (KHTML, like Gecko) Version/7.0 Mobile/11A465 Safari/9537.53 (compatible; bingbot/2.0; +http://www.bing.com/bingbot.htm)"
207.46.13.61 - - [25/Jun/2020:18:22:44 +0200] "GET /img/lay04.gif HTTP/1.1" 200 68 "-" "Mozilla/5.0 (iPhone; CPU iPhone OS 7_0 like Mac OS X) AppleWebKit/537.51.1 (KHTML, like Gecko) Version/7.0 Mobile/11A465 Safari/9537.53 (compatible; bingbot/2.0; +http://www.bing.com/bingbot.htm)"
207.46.13.61 - - [25/Jun/2020:18:22:44 +0200] "GET /img/lay08.gif HTTP/1.1" 200 534 "-" "Mozilla/5.0 (iPhone; CPU iPhone OS 7_0 like Mac OS X) AppleWebKit/537.51.1 (KHTML, like Gecko) Version/7.0 Mobile/11A465 Safari/9537.53 (compatible; bingbot/2.0; +http://www.bing.com/bingbot.htm)"
207.46.13.31 - - [25/Jun/2020:18:22:48 +0200] "GET /img/f_1-p.gif HTTP/1.1" 200 43 "-" "Mozilla/5.0 (iPhone; CPU iPhone OS 7_0 like Mac OS X) AppleWebKit/537.51.1 (KHTML, like Gecko) Version/7.0 Mobile/11A465 Safari/9537.53 (compatible; bingbot/2.0; +http://www.bing.com/bingbot.htm)"
207.46.13.31 - - [25/Jun/2020:18:22:48 +0200] "GET /img/hg_zahn2.gif HTTP/1.1" 200 20816 "-" "Mozilla/5.0 (iPhone; CPU iPhone OS 7_0 like Mac OS X) AppleWebKit/537.51.1 (KHTML, like Gecko) Version/7.0 Mobile/11A465 Safari/9537.53 (compatible; bingbot/2.0; +http://www.bing.com/bingbot.htm)"
207.46.13.31 - - [25/Jun/2020:18:22:49 +0200] "GET /img/left_bg2.gif HTTP/1.1" 200 176 "-" "Mozilla/5.0 (iPhone; CPU iPhone OS 7_0 like Mac OS X) AppleWebKit/537.51.1 (KHTML, like Gecko) Version/7.0 Mobile/11A465 Safari/9537.53 (compatible; bingbot/2.0; +http://www.bing.com/bingbot.htm)"
207.46.13.31 - - [25/Jun/2020:18:22:49 +0200] "GET /img/zert_1.jpg HTTP/1.1" 200 6013 "-" "Mozilla/5.0 (iPhone; CPU iPhone OS 7_0 like Mac OS X) AppleWebKit/537.51.1 (KHTML, like Gecko) Version/7.0 Mobile/11A465 Safari/9537.53 (compatible; bingbot/2.0; +http://www.bing.com/bingbot.htm)"
207.46.13.84 - - [25/Jun/2020:18:22:53 +0200] "GET /img/bottom_bg.gif HTTP/1.1" 200 79 "-" "Mozilla/5.0 (iPhone; CPU iPhone OS 7_0 like Mac OS X) AppleWebKit/537.51.1 (KHTML, like Gecko) Version/7.0 Mobile/11A465 Safari/9537.53 (compatible; bingbot/2.0; +http://www.bing.com/bingbot.htm)"
207.46.13.84 - - [25/Jun/2020:18:22:53 +0200] "GET /img/lay01.gif HTTP/1.1" 200 273 "-" "Mozilla/5.0 (iPhone; CPU iPhone OS 7_0 like Mac OS X) AppleWebKit/537.51.1 (KHTML, like Gecko) Version/7.0 Mobile/11A465 Safari/9537.53 (compatible; bingbot/2.0; +http://www.bing.com/bingbot.htm)"
207.46.13.84 - - [25/Jun/2020:18:22:53 +0200] "GET /img/lay07.gif HTTP/1.1" 200 453 "-" "Mozilla/5.0 (iPhone; CPU iPhone OS 7_0 like Mac OS X) AppleWebKit/537.51.1 (KHTML, like Gecko) Version/7.0 Mobile/11A465 Safari/9537.53 (compatible; bingbot/2.0; +http://www.bing.com/bingbot.htm)"
207.46.13.84 - - [25/Jun/2020:18:22:53 +0200] "GET /img/lay10.gif HTTP/1.1" 200 252 "-" "Mozilla/5.0 (iPhone; CPU iPhone OS 7_0 like Mac OS X) AppleWebKit/537.51.1 (KHTML, like Gecko) Version/7.0 Mobile/11A465 Safari/9537.53 (compatible; bingbot/2.0; +http://www.bing.com/bingbot.htm)"
207.46.13.84 - - [25/Jun/2020:18:22:54 +0200] "GET /img/left_bg.gif HTTP/1.1" 200 98 "-" "Mozilla/5.0 (iPhone; CPU iPhone OS 7_0 like Mac OS X) AppleWebKit/537.51.1 (KHTML, like Gecko) Version/7.0 Mobile/11A465 Safari/9537.53 (compatible; bingbot/2.0; +http://www.bing.com/bingbot.htm)"
157.55.39.190 - - [25/Jun/2020:18:23:00 +0200] "GET /css/fl_style.css HTTP/1.1" 200 10194 "-" "Mozilla/5.0 (iPhone; CPU iPhone OS 7_0 like Mac OS X) AppleWebKit/537.51.1 (KHTML, like Gecko) Version/7.0 Mobile/11A465 Safari/9537.53 (compatible; bingbot/2.0; +http://www.bing.com/bingbot.htm)"
157.55.39.190 - - [25/Jun/2020:18:23:00 +0200] "GET /img/lay05.gif HTTP/1.1" 200 331 "-" "Mozilla/5.0 (iPhone; CPU iPhone OS 7_0 like Mac OS X) AppleWebKit/537.51.1 (KHTML, like Gecko) Version/7.0 Mobile/11A465 Safari/9537.53 (compatible; bingbot/2.0; +http://www.bing.com/bingbot.htm)"
157.55.39.190 - - [25/Jun/2020:18:23:01 +0200] "GET /img/right_bg.jpg HTTP/1.1" 404 1256 "-" "Mozilla/5.0 (iPhone; CPU iPhone OS 7_0 like Mac OS X) AppleWebKit/537.51.1 (KHTML, like Gecko) Version/7.0 Mobile/11A465 Safari/9537.53 (compatible; bingbot/2.0; +http://www.bing.com/bingbot.htm)"
95.217.203.168 - - [25/Jun/2020:19:32:33 +0200] "GET / HTTP/1.1" 200 9626 "-" "Mozilla/5.0 (compatible; Seekport Crawler; http://seekport.com/"
40.77.202.23 - - [25/Jun/2020:19:39:22 +0200] "GET /img/tel_footer.gif HTTP/1.1" 200 1051 "http://www.dr-heidi-fleischer.de/index.php" "Mozilla/5.0 (iPhone; CPU iPhone OS 7_0 like Mac OS X) AppleWebKit/537.51.1 (KHTML, like Gecko) Version/7.0 Mobile/11A465 Safari/9537.53 BingPreview/1.0b"
40.77.202.23 - - [25/Jun/2020:19:39:22 +0200] "GET /scripte/all_scripts.js HTTP/1.1" 200 249 "http://www.dr-heidi-fleischer.de/index.php" "Mozilla/5.0 (iPhone; CPU iPhone OS 7_0 like Mac OS X) AppleWebKit/537.51.1 (KHTML, like Gecko) Version/7.0 Mobile/11A465 Safari/9537.53 BingPreview/1.0b"
40.77.202.23 - - [25/Jun/2020:19:39:22 +0200] "GET /img/lay06neu.gif HTTP/1.1" 200 583 "http://www.dr-heidi-fleischer.de/index.php" "Mozilla/5.0 (iPhone; CPU iPhone OS 7_0 like Mac OS X) AppleWebKit/537.51.1 (KHTML, like Gecko) Version/7.0 Mobile/11A465 Safari/9537.53 BingPreview/1.0b"
40.77.202.23 - - [25/Jun/2020:19:39:24 +0200] "GET /img/roll_trans.gif HTTP/1.1" 200 609 "http://www.dr-heidi-fleischer.de/index.php" "Mozilla/5.0 (iPhone; CPU iPhone OS 7_0 like Mac OS X) AppleWebKit/537.51.1 (KHTML, like Gecko) Version/7.0 Mobile/11A465 Safari/9537.53 BingPreview/1.0b"
40.77.202.23 - - [25/Jun/2020:19:39:24 +0200] "GET /img/lay16.gif HTTP/1.1" 200 309 "http://www.dr-heidi-fleischer.de/index.php" "Mozilla/5.0 (iPhone; CPU iPhone OS 7_0 like Mac OS X) AppleWebKit/537.51.1 (KHTML, like Gecko) Version/7.0 Mobile/11A465 Safari/9537.53 BingPreview/1.0b"
40.77.202.23 - - [25/Jun/2020:19:39:24 +0200] "GET /img/roll_trans2.gif HTTP/1.1" 200 609 "http://www.dr-heidi-fleischer.de/index.php" "Mozilla/5.0 (iPhone; CPU iPhone OS 7_0 like Mac OS X) AppleWebKit/537.51.1 (KHTML, like Gecko) Version/7.0 Mobile/11A465 Safari/9537.53 BingPreview/1.0b"
40.77.202.23 - - [25/Jun/2020:19:39:24 +0200] "GET /img/lay09.gif HTTP/1.1" 200 135 "http://www.dr-heidi-fleischer.de/index.php" "Mozilla/5.0 (iPhone; CPU iPhone OS 7_0 like Mac OS X) AppleWebKit/537.51.1 (KHTML, like Gecko) Version/7.0 Mobile/11A465 Safari/9537.53 BingPreview/1.0b"
40.77.202.23 - - [25/Jun/2020:19:39:24 +0200] "GET /img/lay13.gif HTTP/1.1" 200 181 "http://www.dr-heidi-fleischer.de/index.php" "Mozilla/5.0 (iPhone; CPU iPhone OS 7_0 like Mac OS X) AppleWebKit/537.51.1 (KHTML, like Gecko) Version/7.0 Mobile/11A465 Safari/9537.53 BingPreview/1.0b"
40.77.202.23 - - [25/Jun/2020:19:39:25 +0200] "GET /img/hg_body.jpg HTTP/1.1" 200 2615 "http://www.dr-heidi-fleischer.de/css/fl_style.css" "Mozilla/5.0 (iPhone; CPU iPhone OS 7_0 like Mac OS X) AppleWebKit/537.51.1 (KHTML, like Gecko) Version/7.0 Mobile/11A465 Safari/9537.53 BingPreview/1.0b"
40.77.202.23 - - [25/Jun/2020:19:39:25 +0200] "GET /img/lay14.gif HTTP/1.1" 200 104 "http://www.dr-heidi-fleischer.de/index.php" "Mozilla/5.0 (iPhone; CPU iPhone OS 7_0 like Mac OS X) AppleWebKit/537.51.1 (KHTML, like Gecko) Version/7.0 Mobile/11A465 Safari/9537.53 BingPreview/1.0b"
40.77.202.23 - - [25/Jun/2020:19:39:25 +0200] "GET /img/header_neu.gif HTTP/1.1" 200 32567 "http://www.dr-heidi-fleischer.de/css/fl_style.css" "Mozilla/5.0 (iPhone; CPU iPhone OS 7_0 like Mac OS X) AppleWebKit/537.51.1 (KHTML, like Gecko) Version/7.0 Mobile/11A465 Safari/9537.53 BingPreview/1.0b"
40.77.202.23 - - [25/Jun/2020:19:39:25 +0200] "GET /img/zert_1gross.jpg HTTP/1.1" 200 22004 "http://www.dr-heidi-fleischer.de/index.php" "Mozilla/5.0 (iPhone; CPU iPhone OS 7_0 like Mac OS X) AppleWebKit/537.51.1 (KHTML, like Gecko) Version/7.0 Mobile/11A465 Safari/9537.53 BingPreview/1.0b"
40.77.202.23 - - [25/Jun/2020:19:39:23 +0200] "GET /img/dr_fleischer_ani.gif HTTP/1.1" 200 854042 "http://www.dr-heidi-fleischer.de/index.php" "Mozilla/5.0 (iPhone; CPU iPhone OS 7_0 like Mac OS X) AppleWebKit/537.51.1 (KHTML, like Gecko) Version/7.0 Mobile/11A465 Safari/9537.53 BingPreview/1.0b"
157.55.39.190 - - [25/Jun/2020:19:40:14 +0200] "GET /robots.txt HTTP/1.1" 200 218 "-" "Mozilla/5.0 (compatible; bingbot/2.0; +http://www.bing.com/bingbot.htm)"
157.55.39.190 - - [25/Jun/2020:19:40:14 +0200] "GET /robots.txt HTTP/1.1" 200 218 "-" "Mozilla/5.0 (compatible; bingbot/2.0; +http://www.bing.com/bingbot.htm)"
157.55.39.190 - - [25/Jun/2020:19:40:14 +0200] "GET /robots.txt HTTP/1.1" 200 218 "-" "Mozilla/5.0 (compatible; bingbot/2.0; +http://www.bing.com/bingbot.htm)"
157.55.39.190 - - [25/Jun/2020:19:40:14 +0200] "GET /robots.txt HTTP/1.1" 200 218 "-" "Mozilla/5.0 (compatible; bingbot/2.0; +http://www.bing.com/bingbot.htm)"
77.88.9.133 - - [25/Jun/2020:20:11:02 +0200] "GET /robots.txt HTTP/1.1" 200 218 "-" "Mozilla/5.0 (compatible; YandexBot/3.0; +http://yandex.com/bots)"
77.88.9.133 - - [25/Jun/2020:20:11:06 +0200] "GET / HTTP/1.1" 200 9626 "-" "Mozilla/5.0 (compatible; YandexBot/3.0; +http://yandex.com/bots)"
54.36.149.15 - - [25/Jun/2020:21:01:26 +0200] "GET /kont.php HTTP/1.1" 200 8494 "-" "Mozilla/5.0 (compatible; AhrefsBot/6.1; +http://ahrefs.com/robot/)"
54.36.148.151 - - [25/Jun/2020:21:29:09 +0200] "GET /leistungen.php HTTP/1.1" 200 8056 "-" "Mozilla/5.0 (compatible; AhrefsBot/6.1; +http://ahrefs.com/robot/)"
207.46.13.231 - - [25/Jun/2020:22:00:42 +0200] "GET /robots.txt HTTP/1.1" 200 218 "-" "Mozilla/5.0 (compatible; bingbot/2.0; +http://www.bing.com/bingbot.htm)"
207.46.13.4 - - [25/Jun/2020:22:00:50 +0200] "GET /css/fl_style.css HTTP/1.1" 200 10194 "-" "Mozilla/5.0 (iPhone; CPU iPhone OS 7_0 like Mac OS X) AppleWebKit/537.51.1 (KHTML, like Gecko) Version/7.0 Mobile/11A465 Safari/9537.53 (compatible; bingbot/2.0; +http://www.bing.com/bingbot.htm)"
40.77.202.85 - - [25/Jun/2020:22:17:04 +0200] "GET /scripte/all_scripts.js HTTP/1.1" 200 249 "http://www.zahnmedizin-im-alter.de/" "Mozilla/5.0 (iPhone; CPU iPhone OS 7_0 like Mac OS X) AppleWebKit/537.51.1 (KHTML, like Gecko) Version/7.0 Mobile/11A465 Safari/9537.53 BingPreview/1.0b"
207.46.13.231 - - [25/Jun/2020:22:17:06 +0200] "GET /robots.txt HTTP/1.1" 200 218 "-" "Mozilla/5.0 (compatible; bingbot/2.0; +http://www.bing.com/bingbot.htm)"
212.144.20.222 - - [25/Jun/2020:23:01:21 +0200] "GET / HTTP/1.1" 200 9626 "-" "Mozilla/5.0 (Windows NT 6.1; WOW64; rv:43.0) Gecko/20100101 Firefox/43.0"
212.144.20.222 - - [25/Jun/2020:23:01:28 +0200] "GET /impressum.php HTTP/1.1" 200 8293 "-" "Mozilla/5.0 (Windows NT 6.1; WOW64; rv:43.0) Gecko/20100101 Firefox/43.0"
212.144.20.222 - - [25/Jun/2020:23:01:30 +0200] "GET /anfahrt.php HTTP/1.1" 200 8074 "-" "Mozilla/5.0 (Windows NT 6.1; WOW64; rv:43.0) Gecko/20100101 Firefox/43.0"
212.144.20.222 - - [25/Jun/2020:23:01:32 +0200] "GET /kont.php HTTP/1.1" 200 8494 "-" "Mozilla/5.0 (Windows NT 6.1; WOW64; rv:43.0) Gecko/20100101 Firefox/43.0"
212.144.20.222 - - [25/Jun/2020:23:01:37 +0200] "GET /spez_leistungen.php HTTP/1.1" 200 7752 "-" "Mozilla/5.0 (Windows NT 6.1; WOW64; rv:43.0) Gecko/20100101 Firefox/43.0"
212.144.20.222 - - [25/Jun/2020:23:01:38 +0200] "GET /leistungen.php HTTP/1.1" 200 8056 "-" "Mozilla/5.0 (Windows NT 6.1; WOW64; rv:43.0) Gecko/20100101 Firefox/43.0"
212.144.20.222 - - [25/Jun/2020:23:01:40 +0200] "GET /praxis.php HTTP/1.1" 200 7017 "-" "Mozilla/5.0 (Windows NT 6.1; WOW64; rv:43.0) Gecko/20100101 Firefox/43.0"
212.144.20.222 - - [25/Jun/2020:23:01:41 +0200] "GET /index.php HTTP/1.1" 200 9626 "-" "Mozilla/5.0 (Windows NT 6.1; WOW64; rv:43.0) Gecko/20100101 Firefox/43.0"
212.144.20.222 - - [25/Jun/2020:23:01:45 +0200] "GET / HTTP/1.1" 200 9626 "-" "Mozilla/5.0 (Windows NT 6.1; WOW64; rv:43.0) Gecko/20100101 Firefox/43.0"
35.229.73.31 - - [26/Jun/2020:01:09:09 +0200] "GET /robots.txt HTTP/1.0" 200 218 "-" "ZoominfoBot (zoominfobot at zoominfo dot com)"
35.229.73.31 - - [26/Jun/2020:01:09:09 +0200] "GET /kont.php HTTP/1.0" 200 8494 "-" "ZoominfoBot (zoominfobot at zoominfo dot com)"
35.229.73.31 - - [26/Jun/2020:01:10:42 +0200] "GET /leistungen.php HTTP/1.0" 200 8056 "-" "ZoominfoBot (zoominfobot at zoominfo dot com)"
54.36.148.31 - - [26/Jun/2020:01:18:02 +0200] "GET /spez_leistungen.php HTTP/1.1" 200 7752 "-" "Mozilla/5.0 (compatible; AhrefsBot/6.1; +http://ahrefs.com/robot/)"
35.229.73.31 - - [26/Jun/2020:01:18:28 +0200] "GET /index.php HTTP/1.0" 200 9626 "-" "ZoominfoBot (zoominfobot at zoominfo dot com)"
95.163.255.240 - - [26/Jun/2020:01:22:01 +0200] "GET /robots.txt HTTP/1.0" 200 218 "-" "Mozilla/5.0 (compatible; Linux x86_64; Mail.RU_Bot/2.0; +http://go.mail.ru/help/robots)"
95.163.255.220 - - [26/Jun/2020:01:22:02 +0200] "GET /praxis.php HTTP/1.1" 200 7017 "-" "Mozilla/5.0 (compatible; Linux x86_64; Mail.RU_Bot/2.0; +http://go.mail.ru/help/robots)"
35.229.73.31 - - [26/Jun/2020:01:25:20 +0200] "GET /impressum.php HTTP/1.0" 200 8293 "-" "ZoominfoBot (zoominfobot at zoominfo dot com)"
