185.82.22.184 - - [24/Jun/2020:04:04:39 +0200] "GET /img/roll_trans2.gif HTTP/1.1" 200 609 "http://www.zahnmedizin-im-alter.de/praxis.php" "Mozilla/5.0 (compatible; MSIE 8.0; Windows NT 10.1; Trident/4.1)"
185.82.22.184 - - [24/Jun/2020:04:04:39 +0200] "GET /img/lay16.gif HTTP/1.1" 200 309 "http://www.zahnmedizin-im-alter.de/praxis.php" "Mozilla/5.0 (compatible; MSIE 8.0; Windows NT 10.1; Trident/4.1)"
185.82.22.184 - - [24/Jun/2020:04:04:39 +0200] "GET /img/left_bg.gif HTTP/1.1" 200 98 "http://www.zahnmedizin-im-alter.de/praxis.php" "Mozilla/5.0 (compatible; MSIE 8.0; Windows NT 10.1; Trident/4.1)"
185.82.22.184 - - [24/Jun/2020:04:04:39 +0200] "GET /img/praxis_3.jpg HTTP/1.1" 200 36951 "http://www.zahnmedizin-im-alter.de/praxis.php" "Mozilla/5.0 (compatible; MSIE 8.0; Windows NT 10.1; Trident/4.1)"
185.82.22.184 - - [24/Jun/2020:04:04:39 +0200] "GET /img/praxis_1.jpg HTTP/1.1" 200 39868 "http://www.zahnmedizin-im-alter.de/praxis.php" "Mozilla/5.0 (compatible; MSIE 8.0; Windows NT 10.1; Trident/4.1)"
185.82.22.184 - - [24/Jun/2020:04:04:39 +0200] "GET /img/lay08.gif HTTP/1.1" 200 534 "http://www.zahnmedizin-im-alter.de/praxis.php" "Mozilla/5.0 (compatible; MSIE 8.0; Windows NT 10.1; Trident/4.1)"
185.82.22.184 - - [24/Jun/2020:04:04:39 +0200] "GET /img/right_bg.gif HTTP/1.1" 200 76 "http://www.zahnmedizin-im-alter.de/praxis.php" "Mozilla/5.0 (compatible; MSIE 8.0; Windows NT 10.1; Trident/4.1)"
185.82.22.184 - - [24/Jun/2020:04:04:39 +0200] "GET /img/lay09.gif HTTP/1.1" 200 135 "http://www.zahnmedizin-im-alter.de/praxis.php" "Mozilla/5.0 (compatible; MSIE 8.0; Windows NT 10.1; Trident/4.1)"
185.82.22.184 - - [24/Jun/2020:04:04:39 +0200] "GET /img/lay10.gif HTTP/1.1" 200 252 "http://www.zahnmedizin-im-alter.de/praxis.php" "Mozilla/5.0 (compatible; MSIE 8.0; Windows NT 10.1; Trident/4.1)"
185.82.22.184 - - [24/Jun/2020:04:04:39 +0200] "GET /img/bottom_bg.gif HTTP/1.1" 200 79 "http://www.zahnmedizin-im-alter.de/praxis.php" "Mozilla/5.0 (compatible; MSIE 8.0; Windows NT 10.1; Trident/4.1)"
185.82.22.184 - - [24/Jun/2020:04:04:39 +0200] "GET /img/lay13.gif HTTP/1.1" 200 181 "http://www.zahnmedizin-im-alter.de/praxis.php" "Mozilla/5.0 (compatible; MSIE 8.0; Windows NT 10.1; Trident/4.1)"
185.82.22.184 - - [24/Jun/2020:04:04:39 +0200] "GET /img/lay14.gif HTTP/1.1" 200 104 "http://www.zahnmedizin-im-alter.de/praxis.php" "Mozilla/5.0 (compatible; MSIE 8.0; Windows NT 10.1; Trident/4.1)"
185.82.22.184 - - [24/Jun/2020:04:04:39 +0200] "GET /img/zert_1gross.jpg HTTP/1.1" 200 22004 "http://www.zahnmedizin-im-alter.de/praxis.php" "Mozilla/5.0 (compatible; MSIE 8.0; Windows NT 10.1; Trident/4.1)"
212.69.160.65 - - [24/Jun/2020:04:04:54 +0200] "GET /leistungen.php HTTP/1.1" 200 8056 "-" "Mozilla/5.0 (Macintosh; U; PPC Mac OS X 10_7_8) AppleWebKit/5362 (KHTML, like Gecko) Chrome/14.0.831.0 Safari/5362"
212.69.160.65 - - [24/Jun/2020:04:04:54 +0200] "GET /css/fl_style.css HTTP/1.1" 200 10194 "http://www.zahnmedizin-im-alter.de/leistungen.php" "Mozilla/5.0 (Macintosh; U; PPC Mac OS X 10_7_8) AppleWebKit/5362 (KHTML, like Gecko) Chrome/14.0.831.0 Safari/5362"
212.69.160.65 - - [24/Jun/2020:04:04:54 +0200] "GET /scripte/all_scripts.js HTTP/1.1" 200 249 "http://www.zahnmedizin-im-alter.de/leistungen.php" "Mozilla/5.0 (Macintosh; U; PPC Mac OS X 10_7_8) AppleWebKit/5362 (KHTML, like Gecko) Chrome/14.0.831.0 Safari/5362"
212.69.160.65 - - [24/Jun/2020:04:04:54 +0200] "GET /img/hg_body.jpg HTTP/1.1" 200 2615 "http://www.zahnmedizin-im-alter.de/leistungen.php" "Mozilla/5.0 (Macintosh; U; PPC Mac OS X 10_7_8) AppleWebKit/5362 (KHTML, like Gecko) Chrome/14.0.831.0 Safari/5362"
212.69.160.65 - - [24/Jun/2020:04:04:54 +0200] "GET /img/lay01.gif HTTP/1.1" 200 273 "http://www.zahnmedizin-im-alter.de/leistungen.php" "Mozilla/5.0 (Macintosh; U; PPC Mac OS X 10_7_8) AppleWebKit/5362 (KHTML, like Gecko) Chrome/14.0.831.0 Safari/5362"
212.69.160.65 - - [24/Jun/2020:04:04:54 +0200] "GET /img/lay02.gif HTTP/1.1" 200 68 "http://www.zahnmedizin-im-alter.de/leistungen.php" "Mozilla/5.0 (Macintosh; U; PPC Mac OS X 10_7_8) AppleWebKit/5362 (KHTML, like Gecko) Chrome/14.0.831.0 Safari/5362"
212.69.160.65 - - [24/Jun/2020:04:04:54 +0200] "GET /img/f_1-p.gif HTTP/1.1" 200 43 "http://www.zahnmedizin-im-alter.de/leistungen.php" "Mozilla/5.0 (Macintosh; U; PPC Mac OS X 10_7_8) AppleWebKit/5362 (KHTML, like Gecko) Chrome/14.0.831.0 Safari/5362"
212.69.160.65 - - [24/Jun/2020:04:04:54 +0200] "GET /img/tel_footer.gif HTTP/1.1" 200 1051 "http://www.zahnmedizin-im-alter.de/leistungen.php" "Mozilla/5.0 (Macintosh; U; PPC Mac OS X 10_7_8) AppleWebKit/5362 (KHTML, like Gecko) Chrome/14.0.831.0 Safari/5362"
212.69.160.65 - - [24/Jun/2020:04:04:54 +0200] "GET /img/lay03.gif HTTP/1.1" 200 1060 "http://www.zahnmedizin-im-alter.de/leistungen.php" "Mozilla/5.0 (Macintosh; U; PPC Mac OS X 10_7_8) AppleWebKit/5362 (KHTML, like Gecko) Chrome/14.0.831.0 Safari/5362"
212.69.160.65 - - [24/Jun/2020:04:04:54 +0200] "GET /img/lay04.gif HTTP/1.1" 200 68 "http://www.zahnmedizin-im-alter.de/leistungen.php" "Mozilla/5.0 (Macintosh; U; PPC Mac OS X 10_7_8) AppleWebKit/5362 (KHTML, like Gecko) Chrome/14.0.831.0 Safari/5362"
212.69.160.65 - - [24/Jun/2020:04:04:54 +0200] "GET /img/lay05.gif HTTP/1.1" 200 331 "http://www.zahnmedizin-im-alter.de/leistungen.php" "Mozilla/5.0 (Macintosh; U; PPC Mac OS X 10_7_8) AppleWebKit/5362 (KHTML, like Gecko) Chrome/14.0.831.0 Safari/5362"
212.69.160.65 - - [24/Jun/2020:04:04:54 +0200] "GET /img/lay06neu.gif HTTP/1.1" 200 583 "http://www.zahnmedizin-im-alter.de/leistungen.php" "Mozilla/5.0 (Macintosh; U; PPC Mac OS X 10_7_8) AppleWebKit/5362 (KHTML, like Gecko) Chrome/14.0.831.0 Safari/5362"
212.69.160.65 - - [24/Jun/2020:04:04:54 +0200] "GET /img/header_neu.gif HTTP/1.1" 200 32567 "http://www.zahnmedizin-im-alter.de/leistungen.php" "Mozilla/5.0 (Macintosh; U; PPC Mac OS X 10_7_8) AppleWebKit/5362 (KHTML, like Gecko) Chrome/14.0.831.0 Safari/5362"
212.69.160.65 - - [24/Jun/2020:04:04:54 +0200] "GET /img/left_bg2.gif HTTP/1.1" 200 176 "http://www.zahnmedizin-im-alter.de/leistungen.php" "Mozilla/5.0 (Macintosh; U; PPC Mac OS X 10_7_8) AppleWebKit/5362 (KHTML, like Gecko) Chrome/14.0.831.0 Safari/5362"
212.69.160.65 - - [24/Jun/2020:04:04:54 +0200] "GET /img/lay07.gif HTTP/1.1" 200 453 "http://www.zahnmedizin-im-alter.de/leistungen.php" "Mozilla/5.0 (Macintosh; U; PPC Mac OS X 10_7_8) AppleWebKit/5362 (KHTML, like Gecko) Chrome/14.0.831.0 Safari/5362"
212.69.160.65 - - [24/Jun/2020:04:04:54 +0200] "GET /img/leistungen_1.jpg HTTP/1.1" 200 15190 "http://www.zahnmedizin-im-alter.de/leistungen.php" "Mozilla/5.0 (Macintosh; U; PPC Mac OS X 10_7_8) AppleWebKit/5362 (KHTML, like Gecko) Chrome/14.0.831.0 Safari/5362"
212.69.160.65 - - [24/Jun/2020:04:04:54 +0200] "GET /img/leistungen_2.jpg HTTP/1.1" 200 13824 "http://www.zahnmedizin-im-alter.de/leistungen.php" "Mozilla/5.0 (Macintosh; U; PPC Mac OS X 10_7_8) AppleWebKit/5362 (KHTML, like Gecko) Chrome/14.0.831.0 Safari/5362"
212.69.160.65 - - [24/Jun/2020:04:04:54 +0200] "GET /img/roll_trans.gif HTTP/1.1" 200 609 "http://www.zahnmedizin-im-alter.de/leistungen.php" "Mozilla/5.0 (Macintosh; U; PPC Mac OS X 10_7_8) AppleWebKit/5362 (KHTML, like Gecko) Chrome/14.0.831.0 Safari/5362"
212.69.160.65 - - [24/Jun/2020:04:04:54 +0200] "GET /img/roll_trans2.gif HTTP/1.1" 200 609 "http://www.zahnmedizin-im-alter.de/leistungen.php" "Mozilla/5.0 (Macintosh; U; PPC Mac OS X 10_7_8) AppleWebKit/5362 (KHTML, like Gecko) Chrome/14.0.831.0 Safari/5362"
212.69.160.65 - - [24/Jun/2020:04:04:54 +0200] "GET /img/right_bg.gif HTTP/1.1" 200 76 "http://www.zahnmedizin-im-alter.de/leistungen.php" "Mozilla/5.0 (Macintosh; U; PPC Mac OS X 10_7_8) AppleWebKit/5362 (KHTML, like Gecko) Chrome/14.0.831.0 Safari/5362"
212.69.160.65 - - [24/Jun/2020:04:04:54 +0200] "GET /img/lay16.gif HTTP/1.1" 200 309 "http://www.zahnmedizin-im-alter.de/leistungen.php" "Mozilla/5.0 (Macintosh; U; PPC Mac OS X 10_7_8) AppleWebKit/5362 (KHTML, like Gecko) Chrome/14.0.831.0 Safari/5362"
212.69.160.65 - - [24/Jun/2020:04:04:54 +0200] "GET /img/left_bg.gif HTTP/1.1" 200 98 "http://www.zahnmedizin-im-alter.de/leistungen.php" "Mozilla/5.0 (Macintosh; U; PPC Mac OS X 10_7_8) AppleWebKit/5362 (KHTML, like Gecko) Chrome/14.0.831.0 Safari/5362"
212.69.160.65 - - [24/Jun/2020:04:04:54 +0200] "GET /img/lay08.gif HTTP/1.1" 200 534 "http://www.zahnmedizin-im-alter.de/leistungen.php" "Mozilla/5.0 (Macintosh; U; PPC Mac OS X 10_7_8) AppleWebKit/5362 (KHTML, like Gecko) Chrome/14.0.831.0 Safari/5362"
212.69.160.65 - - [24/Jun/2020:04:04:54 +0200] "GET /img/lay09.gif HTTP/1.1" 200 135 "http://www.zahnmedizin-im-alter.de/leistungen.php" "Mozilla/5.0 (Macintosh; U; PPC Mac OS X 10_7_8) AppleWebKit/5362 (KHTML, like Gecko) Chrome/14.0.831.0 Safari/5362"
212.69.160.65 - - [24/Jun/2020:04:04:54 +0200] "GET /img/hg_zahn2.gif HTTP/1.1" 200 20816 "http://www.zahnmedizin-im-alter.de/leistungen.php" "Mozilla/5.0 (Macintosh; U; PPC Mac OS X 10_7_8) AppleWebKit/5362 (KHTML, like Gecko) Chrome/14.0.831.0 Safari/5362"
212.69.160.65 - - [24/Jun/2020:04:04:54 +0200] "GET /img/lay10.gif HTTP/1.1" 200 252 "http://www.zahnmedizin-im-alter.de/leistungen.php" "Mozilla/5.0 (Macintosh; U; PPC Mac OS X 10_7_8) AppleWebKit/5362 (KHTML, like Gecko) Chrome/14.0.831.0 Safari/5362"
212.69.160.65 - - [24/Jun/2020:04:04:54 +0200] "GET /img/bottom_bg.gif HTTP/1.1" 200 79 "http://www.zahnmedizin-im-alter.de/leistungen.php" "Mozilla/5.0 (Macintosh; U; PPC Mac OS X 10_7_8) AppleWebKit/5362 (KHTML, like Gecko) Chrome/14.0.831.0 Safari/5362"
212.69.160.65 - - [24/Jun/2020:04:04:54 +0200] "GET /img/lay13.gif HTTP/1.1" 200 181 "http://www.zahnmedizin-im-alter.de/leistungen.php" "Mozilla/5.0 (Macintosh; U; PPC Mac OS X 10_7_8) AppleWebKit/5362 (KHTML, like Gecko) Chrome/14.0.831.0 Safari/5362"
212.69.160.65 - - [24/Jun/2020:04:04:54 +0200] "GET /img/lay14.gif HTTP/1.1" 200 104 "http://www.zahnmedizin-im-alter.de/leistungen.php" "Mozilla/5.0 (Macintosh; U; PPC Mac OS X 10_7_8) AppleWebKit/5362 (KHTML, like Gecko) Chrome/14.0.831.0 Safari/5362"
212.69.160.65 - - [24/Jun/2020:04:04:54 +0200] "GET /img/zert_1gross.jpg HTTP/1.1" 200 22004 "http://www.zahnmedizin-im-alter.de/leistungen.php" "Mozilla/5.0 (Macintosh; U; PPC Mac OS X 10_7_8) AppleWebKit/5362 (KHTML, like Gecko) Chrome/14.0.831.0 Safari/5362"
52.250.22.115 - - [24/Jun/2020:04:50:00 +0200] "GET /kont.php HTTP/1.1" 200 8494 "-" "Mozilla/5.0 (Windows NT 10.0; Win64; x64) AppleWebKit/537.36 (KHTML, like Gecko) Chrome/81.0.4044.92 Safari/537.36 (BingLocalSearch)"
157.55.39.213 - - [24/Jun/2020:05:07:07 +0200] "GET /praxis.php HTTP/1.1" 200 7017 "-" "Mozilla/5.0 (compatible; bingbot/2.0; +http://www.bing.com/bingbot.htm)"
40.77.188.204 - - [24/Jun/2020:06:08:20 +0200] "GET /css/fl_style.css HTTP/1.1" 200 10194 "-" "Mozilla/5.0 (Windows NT 6.1; WOW64) AppleWebKit/534+ (KHTML, like Gecko) BingPreview/1.0b"
40.77.188.8 - - [24/Jun/2020:06:08:20 +0200] "GET /scripte/all_scripts.js HTTP/1.1" 200 249 "-" "Mozilla/5.0 (Windows NT 6.1; WOW64) AppleWebKit/534+ (KHTML, like Gecko) BingPreview/1.0b"
54.36.148.5 - - [24/Jun/2020:06:51:12 +0200] "GET /robots.txt HTTP/1.1" 200 218 "-" "Mozilla/5.0 (compatible; AhrefsBot/6.1; +http://ahrefs.com/robot/)"
54.36.148.151 - - [24/Jun/2020:06:51:15 +0200] "GET /anfahrt.php HTTP/1.1" 200 8074 "-" "Mozilla/5.0 (compatible; AhrefsBot/6.1; +http://ahrefs.com/robot/)"
84.183.120.104 - - [24/Jun/2020:08:42:14 +0200] "GET / HTTP/1.1" 200 9626 "-" "Mozilla/5.0 (Windows NT 10.0; Win64; x64) AppleWebKit/537.36 (KHTML, like Gecko) Chrome/79.0.3945.117 Safari/537.36"
66.249.70.12 - - [24/Jun/2020:09:01:18 +0200] "GET / HTTP/1.1" 200 9626 "-" "Mozilla/5.0 (Linux; Android 6.0.1; Nexus 5X Build/MMB29P) AppleWebKit/537.36 (KHTML, like Gecko) Chrome/80.0.3987.92 Mobile Safari/537.36 (compatible; Googlebot/2.1; +http://www.google.com/bot.html)"
66.249.70.16 - - [24/Jun/2020:09:05:35 +0200] "GET /img/lay13.gif HTTP/1.1" 304 - "-" "Googlebot-Image/1.0"
212.185.174.100 - - [24/Jun/2020:10:20:51 +0200] "GET / HTTP/1.1" 200 9626 "https://www.google.com/" "Mozilla/5.0 (Windows NT 6.1; Win64; x64) AppleWebKit/537.36 (KHTML, like Gecko) Chrome/83.0.4103.106 Safari/537.36"
212.185.174.100 - - [24/Jun/2020:10:20:51 +0200] "GET /css/fl_style.css HTTP/1.1" 200 10194 "http://www.dr-heidi-fleischer.de/" "Mozilla/5.0 (Windows NT 6.1; Win64; x64) AppleWebKit/537.36 (KHTML, like Gecko) Chrome/83.0.4103.106 Safari/537.36"
212.185.174.100 - - [24/Jun/2020:10:20:51 +0200] "GET /scripte/all_scripts.js HTTP/1.1" 200 249 "http://www.dr-heidi-fleischer.de/" "Mozilla/5.0 (Windows NT 6.1; Win64; x64) AppleWebKit/537.36 (KHTML, like Gecko) Chrome/83.0.4103.106 Safari/537.36"
212.185.174.100 - - [24/Jun/2020:10:20:51 +0200] "GET /img/f_1-p.gif HTTP/1.1" 200 43 "http://www.dr-heidi-fleischer.de/" "Mozilla/5.0 (Windows NT 6.1; Win64; x64) AppleWebKit/537.36 (KHTML, like Gecko) Chrome/83.0.4103.106 Safari/537.36"
212.185.174.100 - - [24/Jun/2020:10:20:51 +0200] "GET /img/lay01.gif HTTP/1.1" 200 273 "http://www.dr-heidi-fleischer.de/" "Mozilla/5.0 (Windows NT 6.1; Win64; x64) AppleWebKit/537.36 (KHTML, like Gecko) Chrome/83.0.4103.106 Safari/537.36"
212.185.174.100 - - [24/Jun/2020:10:20:51 +0200] "GET /img/lay06neu.gif HTTP/1.1" 200 583 "http://www.dr-heidi-fleischer.de/" "Mozilla/5.0 (Windows NT 6.1; Win64; x64) AppleWebKit/537.36 (KHTML, like Gecko) Chrome/83.0.4103.106 Safari/537.36"
212.185.174.100 - - [24/Jun/2020:10:20:51 +0200] "GET /img/tel_footer.gif HTTP/1.1" 200 1051 "http://www.dr-heidi-fleischer.de/" "Mozilla/5.0 (Windows NT 6.1; Win64; x64) AppleWebKit/537.36 (KHTML, like Gecko) Chrome/83.0.4103.106 Safari/537.36"
212.185.174.100 - - [24/Jun/2020:10:20:51 +0200] "GET /img/lay07.gif HTTP/1.1" 200 453 "http://www.dr-heidi-fleischer.de/" "Mozilla/5.0 (Windows NT 6.1; Win64; x64) AppleWebKit/537.36 (KHTML, like Gecko) Chrome/83.0.4103.106 Safari/537.36"
212.185.174.100 - - [24/Jun/2020:10:20:51 +0200] "GET /img/roll_trans.gif HTTP/1.1" 200 609 "http://www.dr-heidi-fleischer.de/" "Mozilla/5.0 (Windows NT 6.1; Win64; x64) AppleWebKit/537.36 (KHTML, like Gecko) Chrome/83.0.4103.106 Safari/537.36"
212.185.174.100 - - [24/Jun/2020:10:20:51 +0200] "GET /img/zert_1.jpg HTTP/1.1" 200 6013 "http://www.dr-heidi-fleischer.de/" "Mozilla/5.0 (Windows NT 6.1; Win64; x64) AppleWebKit/537.36 (KHTML, like Gecko) Chrome/83.0.4103.106 Safari/537.36"
212.185.174.100 - - [24/Jun/2020:10:20:51 +0200] "GET /img/roll_trans2.gif HTTP/1.1" 200 609 "http://www.dr-heidi-fleischer.de/" "Mozilla/5.0 (Windows NT 6.1; Win64; x64) AppleWebKit/537.36 (KHTML, like Gecko) Chrome/83.0.4103.106 Safari/537.36"
212.185.174.100 - - [24/Jun/2020:10:20:51 +0200] "GET /img/lay16.gif HTTP/1.1" 200 309 "http://www.dr-heidi-fleischer.de/" "Mozilla/5.0 (Windows NT 6.1; Win64; x64) AppleWebKit/537.36 (KHTML, like Gecko) Chrome/83.0.4103.106 Safari/537.36"
212.185.174.100 - - [24/Jun/2020:10:20:51 +0200] "GET /img/lay08.gif HTTP/1.1" 200 534 "http://www.dr-heidi-fleischer.de/" "Mozilla/5.0 (Windows NT 6.1; Win64; x64) AppleWebKit/537.36 (KHTML, like Gecko) Chrome/83.0.4103.106 Safari/537.36"
212.185.174.100 - - [24/Jun/2020:10:20:51 +0200] "GET /img/lay09.gif HTTP/1.1" 200 135 "http://www.dr-heidi-fleischer.de/" "Mozilla/5.0 (Windows NT 6.1; Win64; x64) AppleWebKit/537.36 (KHTML, like Gecko) Chrome/83.0.4103.106 Safari/537.36"
212.185.174.100 - - [24/Jun/2020:10:20:51 +0200] "GET /img/lay13.gif HTTP/1.1" 200 181 "http://www.dr-heidi-fleischer.de/" "Mozilla/5.0 (Windows NT 6.1; Win64; x64) AppleWebKit/537.36 (KHTML, like Gecko) Chrome/83.0.4103.106 Safari/537.36"
212.185.174.100 - - [24/Jun/2020:10:20:51 +0200] "GET /img/lay14.gif HTTP/1.1" 200 104 "http://www.dr-heidi-fleischer.de/" "Mozilla/5.0 (Windows NT 6.1; Win64; x64) AppleWebKit/537.36 (KHTML, like Gecko) Chrome/83.0.4103.106 Safari/537.36"
212.185.174.100 - - [24/Jun/2020:10:20:51 +0200] "GET /img/zert_1gross.jpg HTTP/1.1" 200 22004 "http://www.dr-heidi-fleischer.de/" "Mozilla/5.0 (Windows NT 6.1; Win64; x64) AppleWebKit/537.36 (KHTML, like Gecko) Chrome/83.0.4103.106 Safari/537.36"
212.185.174.100 - - [24/Jun/2020:10:20:51 +0200] "GET /img/dr_fleischer_ani.gif HTTP/1.1" 200 854042 "http://www.dr-heidi-fleischer.de/" "Mozilla/5.0 (Windows NT 6.1; Win64; x64) AppleWebKit/537.36 (KHTML, like Gecko) Chrome/83.0.4103.106 Safari/537.36"
13.91.90.196 - - [24/Jun/2020:10:51:13 +0200] "GET /kont.php HTTP/1.1" 200 8494 "-" "Mozilla/5.0 (Windows NT 10.0; Win64; x64) AppleWebKit/537.36 (KHTML, like Gecko) Chrome/81.0.4044.92 Safari/537.36 (BingLocalSearch)"
54.36.148.32 - - [24/Jun/2020:10:58:32 +0200] "GET /robots.txt HTTP/1.1" 200 218 "-" "Mozilla/5.0 (compatible; AhrefsBot/6.1; +http://ahrefs.com/robot/)"
54.36.148.49 - - [24/Jun/2020:10:58:34 +0200] "GET /praxis.php HTTP/1.1" 200 7017 "-" "Mozilla/5.0 (compatible; AhrefsBot/6.1; +http://ahrefs.com/robot/)"
185.224.140.248 - - [24/Jun/2020:11:10:15 +0200] "GET / HTTP/1.1" 200 9626 "-" "Mozilla/5.0 (Windows NT 6.1) AppleWebKit/537.36 (KHTML, like Gecko) Chrome/78.0.3904.97 Safari/537.36"
54.36.149.15 - - [24/Jun/2020:11:25:07 +0200] "GET /impressum.php HTTP/1.1" 200 8293 "-" "Mozilla/5.0 (compatible; AhrefsBot/6.1; +http://ahrefs.com/robot/)"
84.183.120.104 - - [24/Jun/2020:12:10:48 +0200] "GET /anfahrt.php HTTP/1.1" 200 8074 "-" "Mozilla/5.0 (Windows NT 10.0; Win64; x64) AppleWebKit/537.36 (KHTML, like Gecko) Chrome/79.0.3945.117 Safari/537.36"
84.183.120.104 - - [24/Jun/2020:12:10:49 +0200] "GET /impressum.php HTTP/1.1" 200 8293 "-" "Mozilla/5.0 (Windows NT 10.0; Win64; x64) AppleWebKit/537.36 (KHTML, like Gecko) Chrome/79.0.3945.117 Safari/537.36"
84.183.120.104 - - [24/Jun/2020:12:10:51 +0200] "GET /index.php HTTP/1.1" 200 9626 "-" "Mozilla/5.0 (Windows NT 10.0; Win64; x64) AppleWebKit/537.36 (KHTML, like Gecko) Chrome/79.0.3945.117 Safari/537.36"
84.183.120.104 - - [24/Jun/2020:12:10:52 +0200] "GET /kont.php HTTP/1.1" 200 8494 "-" "Mozilla/5.0 (Windows NT 10.0; Win64; x64) AppleWebKit/537.36 (KHTML, like Gecko) Chrome/79.0.3945.117 Safari/537.36"
84.183.120.104 - - [24/Jun/2020:12:10:52 +0200] "GET /leistungen.php HTTP/1.1" 200 8056 "-" "Mozilla/5.0 (Windows NT 10.0; Win64; x64) AppleWebKit/537.36 (KHTML, like Gecko) Chrome/79.0.3945.117 Safari/537.36"
84.183.120.104 - - [24/Jun/2020:12:10:53 +0200] "GET /praxis.php HTTP/1.1" 200 7017 "-" "Mozilla/5.0 (Windows NT 10.0; Win64; x64) AppleWebKit/537.36 (KHTML, like Gecko) Chrome/79.0.3945.117 Safari/537.36"
84.183.120.104 - - [24/Jun/2020:12:10:54 +0200] "GET /spez_leistungen.php HTTP/1.1" 200 7752 "-" "Mozilla/5.0 (Windows NT 10.0; Win64; x64) AppleWebKit/537.36 (KHTML, like Gecko) Chrome/79.0.3945.117 Safari/537.36"
192.99.6.226 - - [24/Jun/2020:13:43:20 +0200] "GET /robots.txt HTTP/1.1" 200 218 "-" "Mozilla/5.0 (compatible; MJ12bot/v1.4.8; http://mj12bot.com/)"
192.99.6.226 - - [24/Jun/2020:13:43:52 +0200] "GET / HTTP/1.1" 200 9626 "-" "Mozilla/5.0 (compatible; MJ12bot/v1.4.8; http://mj12bot.com/)"
104.196.14.23 - - [24/Jun/2020:14:33:59 +0200] "GET /robots.txt HTTP/1.0" 200 218 "-" "ZoominfoBot (zoominfobot at zoominfo dot com)"
104.196.14.23 - - [24/Jun/2020:14:33:59 +0200] "GET / HTTP/1.0" 200 9626 "-" "ZoominfoBot (zoominfobot at zoominfo dot com)"
54.36.148.169 - - [24/Jun/2020:16:01:58 +0200] "GET /spez_leistungen.php HTTP/1.1" 200 7752 "-" "Mozilla/5.0 (compatible; AhrefsBot/6.1; +http://ahrefs.com/robot/)"
159.69.249.231 - - [24/Jun/2020:16:20:44 +0200] "GET / HTTP/1.1" 200 9626 "-" "Mozilla/5.0 (Macintosh; Intel Mac OS X 10_9_2)"
3.120.147.18 - - [24/Jun/2020:17:01:48 +0200] "GET / HTTP/1.1" 200 9626 "-" "Mozilla/10.0 (Windows NT 10.0) AppleWebkit/538.36 (KHTML, like Gecko) Chrome/69.420 Safari/537.36"
3.120.147.18 - - [24/Jun/2020:17:01:48 +0200] "GET /scripte/all_scripts.js HTTP/1.1" 200 249 "http://www.zahnmedizin-im-alter.de/" "Mozilla/10.0 (Windows NT 10.0) AppleWebkit/538.36 (KHTML, like Gecko) Chrome/69.420 Safari/537.36"
3.120.147.18 - - [24/Jun/2020:17:01:48 +0200] "GET /img/lay01.gif HTTP/1.1" 200 273 "http://www.zahnmedizin-im-alter.de/" "Mozilla/10.0 (Windows NT 10.0) AppleWebkit/538.36 (KHTML, like Gecko) Chrome/69.420 Safari/537.36"
3.120.147.18 - - [24/Jun/2020:17:01:48 +0200] "GET /img/f_1-p.gif HTTP/1.1" 200 43 "http://www.zahnmedizin-im-alter.de/" "Mozilla/10.0 (Windows NT 10.0) AppleWebkit/538.36 (KHTML, like Gecko) Chrome/69.420 Safari/537.36"
3.120.147.18 - - [24/Jun/2020:17:01:48 +0200] "GET /css/fl_style.css HTTP/1.1" 200 10194 "http://www.zahnmedizin-im-alter.de/" "Mozilla/10.0 (Windows NT 10.0) AppleWebkit/538.36 (KHTML, like Gecko) Chrome/69.420 Safari/537.36"
3.120.147.18 - - [24/Jun/2020:17:01:48 +0200] "GET /img/lay06neu.gif HTTP/1.1" 200 583 "http://www.zahnmedizin-im-alter.de/" "Mozilla/10.0 (Windows NT 10.0) AppleWebkit/538.36 (KHTML, like Gecko) Chrome/69.420 Safari/537.36"
3.120.147.18 - - [24/Jun/2020:17:01:48 +0200] "GET /img/tel_footer.gif HTTP/1.1" 200 1051 "http://www.zahnmedizin-im-alter.de/" "Mozilla/10.0 (Windows NT 10.0) AppleWebkit/538.36 (KHTML, like Gecko) Chrome/69.420 Safari/537.36"
3.120.147.18 - - [24/Jun/2020:17:01:48 +0200] "GET /img/lay07.gif HTTP/1.1" 200 453 "http://www.zahnmedizin-im-alter.de/" "Mozilla/10.0 (Windows NT 10.0) AppleWebkit/538.36 (KHTML, like Gecko) Chrome/69.420 Safari/537.36"
3.120.147.18 - - [24/Jun/2020:17:01:48 +0200] "GET /img/zert_1.jpg HTTP/1.1" 200 6013 "http://www.zahnmedizin-im-alter.de/" "Mozilla/10.0 (Windows NT 10.0) AppleWebkit/538.36 (KHTML, like Gecko) Chrome/69.420 Safari/537.36"
3.120.147.18 - - [24/Jun/2020:17:01:48 +0200] "GET /img/roll_trans.gif HTTP/1.1" 200 609 "http://www.zahnmedizin-im-alter.de/" "Mozilla/10.0 (Windows NT 10.0) AppleWebkit/538.36 (KHTML, like Gecko) Chrome/69.420 Safari/537.36"
3.120.147.18 - - [24/Jun/2020:17:01:48 +0200] "GET /img/roll_trans2.gif HTTP/1.1" 200 609 "http://www.zahnmedizin-im-alter.de/" "Mozilla/10.0 (Windows NT 10.0) AppleWebkit/538.36 (KHTML, like Gecko) Chrome/69.420 Safari/537.36"
3.120.147.18 - - [24/Jun/2020:17:01:48 +0200] "GET /img/hg_body.jpg HTTP/1.1" 200 2615 "http://www.zahnmedizin-im-alter.de/css/fl_style.css" "Mozilla/10.0 (Windows NT 10.0) AppleWebkit/538.36 (KHTML, like Gecko) Chrome/69.420 Safari/537.36"
3.120.147.18 - - [24/Jun/2020:17:01:48 +0200] "GET /img/lay09.gif HTTP/1.1" 200 135 "http://www.zahnmedizin-im-alter.de/" "Mozilla/10.0 (Windows NT 10.0) AppleWebkit/538.36 (KHTML, like Gecko) Chrome/69.420 Safari/537.36"
3.120.147.18 - - [24/Jun/2020:17:01:48 +0200] "GET /img/right_bg.gif HTTP/1.1" 200 76 "http://www.zahnmedizin-im-alter.de/" "Mozilla/10.0 (Windows NT 10.0) AppleWebkit/538.36 (KHTML, like Gecko) Chrome/69.420 Safari/537.36"
3.120.147.18 - - [24/Jun/2020:17:01:48 +0200] "GET /img/lay02.gif HTTP/1.1" 200 68 "http://www.zahnmedizin-im-alter.de/" "Mozilla/10.0 (Windows NT 10.0) AppleWebkit/538.36 (KHTML, like Gecko) Chrome/69.420 Safari/537.36"
3.120.147.18 - - [24/Jun/2020:17:01:48 +0200] "GET /img/lay03.gif HTTP/1.1" 200 1060 "http://www.zahnmedizin-im-alter.de/" "Mozilla/10.0 (Windows NT 10.0) AppleWebkit/538.36 (KHTML, like Gecko) Chrome/69.420 Safari/537.36"
3.120.147.18 - - [24/Jun/2020:17:01:48 +0200] "GET /img/left_bg2.gif HTTP/1.1" 200 176 "http://www.zahnmedizin-im-alter.de/" "Mozilla/10.0 (Windows NT 10.0) AppleWebkit/538.36 (KHTML, like Gecko) Chrome/69.420 Safari/537.36"
3.120.147.18 - - [24/Jun/2020:17:01:48 +0200] "GET /img/lay10.gif HTTP/1.1" 200 252 "http://www.zahnmedizin-im-alter.de/" "Mozilla/10.0 (Windows NT 10.0) AppleWebkit/538.36 (KHTML, like Gecko) Chrome/69.420 Safari/537.36"
3.120.147.18 - - [24/Jun/2020:17:01:48 +0200] "GET /img/lay05.gif HTTP/1.1" 200 331 "http://www.zahnmedizin-im-alter.de/" "Mozilla/10.0 (Windows NT 10.0) AppleWebkit/538.36 (KHTML, like Gecko) Chrome/69.420 Safari/537.36"
3.120.147.18 - - [24/Jun/2020:17:01:48 +0200] "GET /img/right_bg.jpg HTTP/1.1" 404 1256 "http://www.zahnmedizin-im-alter.de/" "Mozilla/10.0 (Windows NT 10.0) AppleWebkit/538.36 (KHTML, like Gecko) Chrome/69.420 Safari/537.36"
3.120.147.18 - - [24/Jun/2020:17:01:48 +0200] "GET /img/header_neu.gif HTTP/1.1" 200 32567 "http://www.zahnmedizin-im-alter.de/css/fl_style.css" "Mozilla/10.0 (Windows NT 10.0) AppleWebkit/538.36 (KHTML, like Gecko) Chrome/69.420 Safari/537.36"
3.120.147.18 - - [24/Jun/2020:17:01:48 +0200] "GET /img/hg_zahn2.gif HTTP/1.1" 200 20816 "http://www.zahnmedizin-im-alter.de/" "Mozilla/10.0 (Windows NT 10.0) AppleWebkit/538.36 (KHTML, like Gecko) Chrome/69.420 Safari/537.36"
3.120.147.18 - - [24/Jun/2020:17:01:48 +0200] "GET /img/lay14.gif HTTP/1.1" 200 104 "http://www.zahnmedizin-im-alter.de/" "Mozilla/10.0 (Windows NT 10.0) AppleWebkit/538.36 (KHTML, like Gecko) Chrome/69.420 Safari/537.36"
3.120.147.18 - - [24/Jun/2020:17:01:48 +0200] "GET /img/left_bg.gif HTTP/1.1" 200 98 "http://www.zahnmedizin-im-alter.de/" "Mozilla/10.0 (Windows NT 10.0) AppleWebkit/538.36 (KHTML, like Gecko) Chrome/69.420 Safari/537.36"
3.120.147.18 - - [24/Jun/2020:17:01:48 +0200] "GET /img/lay04.gif HTTP/1.1" 200 68 "http://www.zahnmedizin-im-alter.de/" "Mozilla/10.0 (Windows NT 10.0) AppleWebkit/538.36 (KHTML, like Gecko) Chrome/69.420 Safari/537.36"
3.120.147.18 - - [24/Jun/2020:17:01:48 +0200] "GET /img/lay08.gif HTTP/1.1" 200 534 "http://www.zahnmedizin-im-alter.de/" "Mozilla/10.0 (Windows NT 10.0) AppleWebkit/538.36 (KHTML, like Gecko) Chrome/69.420 Safari/537.36"
3.120.147.18 - - [24/Jun/2020:17:01:48 +0200] "GET /img/bottom_bg.gif HTTP/1.1" 200 79 "http://www.zahnmedizin-im-alter.de/" "Mozilla/10.0 (Windows NT 10.0) AppleWebkit/538.36 (KHTML, like Gecko) Chrome/69.420 Safari/537.36"
3.120.147.18 - - [24/Jun/2020:17:01:48 +0200] "GET /img/lay13.gif HTTP/1.1" 200 181 "http://www.zahnmedizin-im-alter.de/" "Mozilla/10.0 (Windows NT 10.0) AppleWebkit/538.36 (KHTML, like Gecko) Chrome/69.420 Safari/537.36"
3.120.147.18 - - [24/Jun/2020:17:01:48 +0200] "GET /img/lay16.gif HTTP/1.1" 200 309 "http://www.zahnmedizin-im-alter.de/" "Mozilla/10.0 (Windows NT 10.0) AppleWebkit/538.36 (KHTML, like Gecko) Chrome/69.420 Safari/537.36"
3.120.147.18 - - [24/Jun/2020:17:01:48 +0200] "GET /img/zert_1gross.jpg HTTP/1.1" 200 22004 "http://www.zahnmedizin-im-alter.de/" "Mozilla/10.0 (Windows NT 10.0) AppleWebkit/538.36 (KHTML, like Gecko) Chrome/69.420 Safari/537.36"
3.120.147.18 - - [24/Jun/2020:17:01:48 +0200] "GET /img/dr_fleischer_ani.gif HTTP/1.1" 200 854042 "http://www.zahnmedizin-im-alter.de/" "Mozilla/10.0 (Windows NT 10.0) AppleWebkit/538.36 (KHTML, like Gecko) Chrome/69.420 Safari/537.36"
52.57.9.147 - - [24/Jun/2020:17:01:51 +0200] "GET /kont.php HTTP/1.1" 200 8494 "-" "Mozilla/10.0 (Windows NT 10.0) AppleWebkit/538.36 (KHTML, like Gecko) Chrome/69.420 Safari/537.36"
18.185.20.249 - - [24/Jun/2020:17:01:51 +0200] "GET /praxis.php HTTP/1.1" 200 7017 "-" "Mozilla/10.0 (Windows NT 10.0) AppleWebkit/538.36 (KHTML, like Gecko) Chrome/69.420 Safari/537.36"
52.57.9.147 - - [24/Jun/2020:17:01:51 +0200] "GET /css/fl_style.css HTTP/1.1" 200 10194 "http://www.zahnmedizin-im-alter.de/kont.php" "Mozilla/10.0 (Windows NT 10.0) AppleWebkit/538.36 (KHTML, like Gecko) Chrome/69.420 Safari/537.36"
52.57.9.147 - - [24/Jun/2020:17:01:51 +0200] "GET /scripte/all_scripts.js HTTP/1.1" 200 249 "http://www.zahnmedizin-im-alter.de/kont.php" "Mozilla/10.0 (Windows NT 10.0) AppleWebkit/538.36 (KHTML, like Gecko) Chrome/69.420 Safari/537.36"
52.57.9.147 - - [24/Jun/2020:17:01:51 +0200] "GET /img/f_1-p.gif HTTP/1.1" 200 43 "http://www.zahnmedizin-im-alter.de/kont.php" "Mozilla/10.0 (Windows NT 10.0) AppleWebkit/538.36 (KHTML, like Gecko) Chrome/69.420 Safari/537.36"
52.57.9.147 - - [24/Jun/2020:17:01:51 +0200] "GET /img/lay01.gif HTTP/1.1" 200 273 "http://www.zahnmedizin-im-alter.de/kont.php" "Mozilla/10.0 (Windows NT 10.0) AppleWebkit/538.36 (KHTML, like Gecko) Chrome/69.420 Safari/537.36"
52.57.9.147 - - [24/Jun/2020:17:01:51 +0200] "GET /img/tel_footer.gif HTTP/1.1" 200 1051 "http://www.zahnmedizin-im-alter.de/kont.php" "Mozilla/10.0 (Windows NT 10.0) AppleWebkit/538.36 (KHTML, like Gecko) Chrome/69.420 Safari/537.36"
52.57.9.147 - - [24/Jun/2020:17:01:51 +0200] "GET /img/lay06neu.gif HTTP/1.1" 200 583 "http://www.zahnmedizin-im-alter.de/kont.php" "Mozilla/10.0 (Windows NT 10.0) AppleWebkit/538.36 (KHTML, like Gecko) Chrome/69.420 Safari/537.36"
52.57.9.147 - - [24/Jun/2020:17:01:51 +0200] "GET /img/lay07.gif HTTP/1.1" 200 453 "http://www.zahnmedizin-im-alter.de/kont.php" "Mozilla/10.0 (Windows NT 10.0) AppleWebkit/538.36 (KHTML, like Gecko) Chrome/69.420 Safari/537.36"
18.185.20.249 - - [24/Jun/2020:17:01:51 +0200] "GET /css/fl_style.css HTTP/1.1" 200 10194 "http://www.zahnmedizin-im-alter.de/praxis.php" "Mozilla/10.0 (Windows NT 10.0) AppleWebkit/538.36 (KHTML, like Gecko) Chrome/69.420 Safari/537.36"
52.57.9.147 - - [24/Jun/2020:17:01:51 +0200] "GET /img/roll_trans.gif HTTP/1.1" 200 609 "http://www.zahnmedizin-im-alter.de/kont.php" "Mozilla/10.0 (Windows NT 10.0) AppleWebkit/538.36 (KHTML, like Gecko) Chrome/69.420 Safari/537.36"
3.127.236.2 - - [24/Jun/2020:17:01:51 +0200] "GET /anfahrt.php HTTP/1.1" 200 8074 "-" "Mozilla/10.0 (Windows NT 10.0) AppleWebkit/538.36 (KHTML, like Gecko) Chrome/69.420 Safari/537.36"
52.57.9.147 - - [24/Jun/2020:17:01:51 +0200] "GET /img/lay16.gif HTTP/1.1" 200 309 "http://www.zahnmedizin-im-alter.de/kont.php" "Mozilla/10.0 (Windows NT 10.0) AppleWebkit/538.36 (KHTML, like Gecko) Chrome/69.420 Safari/537.36"
52.57.9.147 - - [24/Jun/2020:17:01:51 +0200] "GET /img/lay08.gif HTTP/1.1" 200 534 "http://www.zahnmedizin-im-alter.de/kont.php" "Mozilla/10.0 (Windows NT 10.0) AppleWebkit/538.36 (KHTML, like Gecko) Chrome/69.420 Safari/537.36"
18.196.183.254 - - [24/Jun/2020:17:01:51 +0200] "GET /impressum.php HTTP/1.1" 200 8293 "-" "Mozilla/10.0 (Windows NT 10.0) AppleWebkit/538.36 (KHTML, like Gecko) Chrome/69.420 Safari/537.36"
52.57.9.147 - - [24/Jun/2020:17:01:51 +0200] "GET /img/hg_zahn2.gif HTTP/1.1" 200 20816 "http://www.zahnmedizin-im-alter.de/kont.php" "Mozilla/10.0 (Windows NT 10.0) AppleWebkit/538.36 (KHTML, like Gecko) Chrome/69.420 Safari/537.36"
18.185.20.249 - - [24/Jun/2020:17:01:51 +0200] "GET /scripte/all_scripts.js HTTP/1.1" 200 249 "http://www.zahnmedizin-im-alter.de/praxis.php" "Mozilla/10.0 (Windows NT 10.0) AppleWebkit/538.36 (KHTML, like Gecko) Chrome/69.420 Safari/537.36"
52.57.9.147 - - [24/Jun/2020:17:01:51 +0200] "GET /img/lay10.gif HTTP/1.1" 200 252 "http://www.zahnmedizin-im-alter.de/kont.php" "Mozilla/10.0 (Windows NT 10.0) AppleWebkit/538.36 (KHTML, like Gecko) Chrome/69.420 Safari/537.36"
52.57.9.147 - - [24/Jun/2020:17:01:51 +0200] "GET /img/lay03.gif HTTP/1.1" 200 1060 "http://www.zahnmedizin-im-alter.de/kont.php" "Mozilla/10.0 (Windows NT 10.0) AppleWebkit/538.36 (KHTML, like Gecko) Chrome/69.420 Safari/537.36"
3.127.248.248 - - [24/Jun/2020:17:01:51 +0200] "GET /index.php HTTP/1.1" 200 9626 "-" "Mozilla/10.0 (Windows NT 10.0) AppleWebkit/538.36 (KHTML, like Gecko) Chrome/69.420 Safari/537.36"
52.57.9.147 - - [24/Jun/2020:17:01:51 +0200] "GET /img/lay13.gif HTTP/1.1" 200 181 "http://www.zahnmedizin-im-alter.de/kont.php" "Mozilla/10.0 (Windows NT 10.0) AppleWebkit/538.36 (KHTML, like Gecko) Chrome/69.420 Safari/537.36"
52.57.9.147 - - [24/Jun/2020:17:01:51 +0200] "GET /img/lay05.gif HTTP/1.1" 200 331 "http://www.zahnmedizin-im-alter.de/kont.php" "Mozilla/10.0 (Windows NT 10.0) AppleWebkit/538.36 (KHTML, like Gecko) Chrome/69.420 Safari/537.36"
52.57.9.147 - - [24/Jun/2020:17:01:51 +0200] "GET /img/lay02.gif HTTP/1.1" 200 68 "http://www.zahnmedizin-im-alter.de/kont.php" "Mozilla/10.0 (Windows NT 10.0) AppleWebkit/538.36 (KHTML, like Gecko) Chrome/69.420 Safari/537.36"
18.185.20.249 - - [24/Jun/2020:17:01:51 +0200] "GET /img/tel_footer.gif HTTP/1.1" 200 1051 "http://www.zahnmedizin-im-alter.de/praxis.php" "Mozilla/10.0 (Windows NT 10.0) AppleWebkit/538.36 (KHTML, like Gecko) Chrome/69.420 Safari/537.36"
18.185.20.249 - - [24/Jun/2020:17:01:51 +0200] "GET /img/lay06neu.gif HTTP/1.1" 200 583 "http://www.zahnmedizin-im-alter.de/praxis.php" "Mozilla/10.0 (Windows NT 10.0) AppleWebkit/538.36 (KHTML, like Gecko) Chrome/69.420 Safari/537.36"
18.185.20.249 - - [24/Jun/2020:17:01:51 +0200] "GET /img/lay07.gif HTTP/1.1" 200 453 "http://www.zahnmedizin-im-alter.de/praxis.php" "Mozilla/10.0 (Windows NT 10.0) AppleWebkit/538.36 (KHTML, like Gecko) Chrome/69.420 Safari/537.36"
52.57.9.147 - - [24/Jun/2020:17:01:51 +0200] "GET /img/lay04.gif HTTP/1.1" 200 68 "http://www.zahnmedizin-im-alter.de/kont.php" "Mozilla/10.0 (Windows NT 10.0) AppleWebkit/538.36 (KHTML, like Gecko) Chrome/69.420 Safari/537.36"
52.57.9.147 - - [24/Jun/2020:17:01:51 +0200] "GET /img/left_bg.gif HTTP/1.1" 200 98 "http://www.zahnmedizin-im-alter.de/kont.php" "Mozilla/10.0 (Windows NT 10.0) AppleWebkit/538.36 (KHTML, like Gecko) Chrome/69.420 Safari/537.36"
18.196.183.254 - - [24/Jun/2020:17:01:51 +0200] "GET /scripte/all_scripts.js HTTP/1.1" 200 249 "http://www.zahnmedizin-im-alter.de/impressum.php" "Mozilla/10.0 (Windows NT 10.0) AppleWebkit/538.36 (KHTML, like Gecko) Chrome/69.420 Safari/537.36"
52.57.9.147 - - [24/Jun/2020:17:01:51 +0200] "GET /img/bottom_bg.gif HTTP/1.1" 200 79 "http://www.zahnmedizin-im-alter.de/kont.php" "Mozilla/10.0 (Windows NT 10.0) AppleWebkit/538.36 (KHTML, like Gecko) Chrome/69.420 Safari/537.36"
52.57.9.147 - - [24/Jun/2020:17:01:51 +0200] "GET /img/right_bg.gif HTTP/1.1" 200 76 "http://www.zahnmedizin-im-alter.de/kont.php" "Mozilla/10.0 (Windows NT 10.0) AppleWebkit/538.36 (KHTML, like Gecko) Chrome/69.420 Safari/537.36"
52.57.9.147 - - [24/Jun/2020:17:01:51 +0200] "GET /img/lay14.gif HTTP/1.1" 200 104 "http://www.zahnmedizin-im-alter.de/kont.php" "Mozilla/10.0 (Windows NT 10.0) AppleWebkit/538.36 (KHTML, like Gecko) Chrome/69.420 Safari/537.36"
3.127.248.248 - - [24/Jun/2020:17:01:51 +0200] "GET /css/fl_style.css HTTP/1.1" 200 10194 "http://www.zahnmedizin-im-alter.de/index.php" "Mozilla/10.0 (Windows NT 10.0) AppleWebkit/538.36 (KHTML, like Gecko) Chrome/69.420 Safari/537.36"
18.185.20.249 - - [24/Jun/2020:17:01:51 +0200] "GET /img/lay08.gif HTTP/1.1" 200 534 "http://www.zahnmedizin-im-alter.de/praxis.php" "Mozilla/10.0 (Windows NT 10.0) AppleWebkit/538.36 (KHTML, like Gecko) Chrome/69.420 Safari/537.36"
18.185.20.249 - - [24/Jun/2020:17:01:51 +0200] "GET /img/left_bg.gif HTTP/1.1" 200 98 "http://www.zahnmedizin-im-alter.de/praxis.php" "Mozilla/10.0 (Windows NT 10.0) AppleWebkit/538.36 (KHTML, like Gecko) Chrome/69.420 Safari/537.36"
18.185.20.249 - - [24/Jun/2020:17:01:51 +0200] "GET /img/bottom_bg.gif HTTP/1.1" 200 79 "http://www.zahnmedizin-im-alter.de/praxis.php" "Mozilla/10.0 (Windows NT 10.0) AppleWebkit/538.36 (KHTML, like Gecko) Chrome/69.420 Safari/537.36"
52.57.9.147 - - [24/Jun/2020:17:01:51 +0200] "GET /img/left_bg2.gif HTTP/1.1" 200 176 "http://www.zahnmedizin-im-alter.de/kont.php" "Mozilla/10.0 (Windows NT 10.0) AppleWebkit/538.36 (KHTML, like Gecko) Chrome/69.420 Safari/537.36"
52.57.9.147 - - [24/Jun/2020:17:01:51 +0200] "GET /img/lay09.gif HTTP/1.1" 200 135 "http://www.zahnmedizin-im-alter.de/kont.php" "Mozilla/10.0 (Windows NT 10.0) AppleWebkit/538.36 (KHTML, like Gecko) Chrome/69.420 Safari/537.36"
52.57.9.147 - - [24/Jun/2020:17:01:51 +0200] "GET /img/zert_1gross.jpg HTTP/1.1" 200 22004 "http://www.zahnmedizin-im-alter.de/kont.php" "Mozilla/10.0 (Windows NT 10.0) AppleWebkit/538.36 (KHTML, like Gecko) Chrome/69.420 Safari/537.36"
52.57.9.147 - - [24/Jun/2020:17:01:51 +0200] "GET /img/header_neu.gif HTTP/1.1" 200 32567 "http://www.zahnmedizin-im-alter.de/css/fl_style.css" "Mozilla/10.0 (Windows NT 10.0) AppleWebkit/538.36 (KHTML, like Gecko) Chrome/69.420 Safari/537.36"
18.185.20.249 - - [24/Jun/2020:17:01:51 +0200] "GET /img/lay10.gif HTTP/1.1" 200 252 "http://www.zahnmedizin-im-alter.de/praxis.php" "Mozilla/10.0 (Windows NT 10.0) AppleWebkit/538.36 (KHTML, like Gecko) Chrome/69.420 Safari/537.36"
18.185.20.249 - - [24/Jun/2020:17:01:51 +0200] "GET /img/lay05.gif HTTP/1.1" 200 331 "http://www.zahnmedizin-im-alter.de/praxis.php" "Mozilla/10.0 (Windows NT 10.0) AppleWebkit/538.36 (KHTML, like Gecko) Chrome/69.420 Safari/537.36"
18.185.20.249 - - [24/Jun/2020:17:01:51 +0200] "GET /img/hg_body.jpg HTTP/1.1" 200 2615 "http://www.zahnmedizin-im-alter.de/css/fl_style.css" "Mozilla/10.0 (Windows NT 10.0) AppleWebkit/538.36 (KHTML, like Gecko) Chrome/69.420 Safari/537.36"
18.185.20.249 - - [24/Jun/2020:17:01:51 +0200] "GET /img/header_neu.gif HTTP/1.1" 200 32567 "http://www.zahnmedizin-im-alter.de/css/fl_style.css" "Mozilla/10.0 (Windows NT 10.0) AppleWebkit/538.36 (KHTML, like Gecko) Chrome/69.420 Safari/537.36"
18.185.20.249 - - [24/Jun/2020:17:01:51 +0200] "GET /img/praxis_2.jpg HTTP/1.1" 200 30574 "http://www.zahnmedizin-im-alter.de/praxis.php" "Mozilla/10.0 (Windows NT 10.0) AppleWebkit/538.36 (KHTML, like Gecko) Chrome/69.420 Safari/537.36"
18.185.20.249 - - [24/Jun/2020:17:01:51 +0200] "GET /img/praxis_3.jpg HTTP/1.1" 200 36951 "http://www.zahnmedizin-im-alter.de/praxis.php" "Mozilla/10.0 (Windows NT 10.0) AppleWebkit/538.36 (KHTML, like Gecko) Chrome/69.420 Safari/537.36"
18.185.20.249 - - [24/Jun/2020:17:01:51 +0200] "GET /img/lay02.gif HTTP/1.1" 200 68 "http://www.zahnmedizin-im-alter.de/praxis.php" "Mozilla/10.0 (Windows NT 10.0) AppleWebkit/538.36 (KHTML, like Gecko) Chrome/69.420 Safari/537.36"
18.185.20.249 - - [24/Jun/2020:17:01:51 +0200] "GET /img/lay04.gif HTTP/1.1" 200 68 "http://www.zahnmedizin-im-alter.de/praxis.php" "Mozilla/10.0 (Windows NT 10.0) AppleWebkit/538.36 (KHTML, like Gecko) Chrome/69.420 Safari/537.36"
18.185.20.249 - - [24/Jun/2020:17:01:51 +0200] "GET /img/lay03.gif HTTP/1.1" 200 1060 "http://www.zahnmedizin-im-alter.de/praxis.php" "Mozilla/10.0 (Windows NT 10.0) AppleWebkit/538.36 (KHTML, like Gecko) Chrome/69.420 Safari/537.36"
18.185.20.249 - - [24/Jun/2020:17:01:51 +0200] "GET /img/lay13.gif HTTP/1.1" 200 181 "http://www.zahnmedizin-im-alter.de/praxis.php" "Mozilla/10.0 (Windows NT 10.0) AppleWebkit/538.36 (KHTML, like Gecko) Chrome/69.420 Safari/537.36"
18.185.20.249 - - [24/Jun/2020:17:01:51 +0200] "GET /img/right_bg.jpg HTTP/1.1" 404 1256 "http://www.zahnmedizin-im-alter.de/praxis.php" "Mozilla/10.0 (Windows NT 10.0) AppleWebkit/538.36 (KHTML, like Gecko) Chrome/69.420 Safari/537.36"
18.185.20.249 - - [24/Jun/2020:17:01:51 +0200] "GET /img/lay16.gif HTTP/1.1" 200 309 "http://www.zahnmedizin-im-alter.de/praxis.php" "Mozilla/10.0 (Windows NT 10.0) AppleWebkit/538.36 (KHTML, like Gecko) Chrome/69.420 Safari/537.36"
18.185.20.249 - - [24/Jun/2020:17:01:51 +0200] "GET /img/lay09.gif HTTP/1.1" 200 135 "http://www.zahnmedizin-im-alter.de/praxis.php" "Mozilla/10.0 (Windows NT 10.0) AppleWebkit/538.36 (KHTML, like Gecko) Chrome/69.420 Safari/537.36"
18.185.20.249 - - [24/Jun/2020:17:01:51 +0200] "GET /img/lay01.gif HTTP/1.1" 200 273 "http://www.zahnmedizin-im-alter.de/praxis.php" "Mozilla/10.0 (Windows NT 10.0) AppleWebkit/538.36 (KHTML, like Gecko) Chrome/69.420 Safari/537.36"
18.185.20.249 - - [24/Jun/2020:17:01:51 +0200] "GET /img/lay14.gif HTTP/1.1" 200 104 "http://www.zahnmedizin-im-alter.de/praxis.php" "Mozilla/10.0 (Windows NT 10.0) AppleWebkit/538.36 (KHTML, like Gecko) Chrome/69.420 Safari/537.36"
18.185.20.249 - - [24/Jun/2020:17:01:51 +0200] "GET /img/right_bg.gif HTTP/1.1" 200 76 "http://www.zahnmedizin-im-alter.de/praxis.php" "Mozilla/10.0 (Windows NT 10.0) AppleWebkit/538.36 (KHTML, like Gecko) Chrome/69.420 Safari/537.36"
18.185.20.249 - - [24/Jun/2020:17:01:51 +0200] "GET /img/roll_trans.gif HTTP/1.1" 200 609 "http://www.zahnmedizin-im-alter.de/praxis.php" "Mozilla/10.0 (Windows NT 10.0) AppleWebkit/538.36 (KHTML, like Gecko) Chrome/69.420 Safari/537.36"
18.185.20.249 - - [24/Jun/2020:17:01:51 +0200] "GET /img/roll_trans2.gif HTTP/1.1" 200 609 "http://www.zahnmedizin-im-alter.de/praxis.php" "Mozilla/10.0 (Windows NT 10.0) AppleWebkit/538.36 (KHTML, like Gecko) Chrome/69.420 Safari/537.36"
18.185.20.249 - - [24/Jun/2020:17:01:51 +0200] "GET /img/left_bg2.gif HTTP/1.1" 200 176 "http://www.zahnmedizin-im-alter.de/praxis.php" "Mozilla/10.0 (Windows NT 10.0) AppleWebkit/538.36 (KHTML, like Gecko) Chrome/69.420 Safari/537.36"
18.185.20.249 - - [24/Jun/2020:17:01:51 +0200] "GET /img/praxis_1.jpg HTTP/1.1" 200 39868 "http://www.zahnmedizin-im-alter.de/praxis.php" "Mozilla/10.0 (Windows NT 10.0) AppleWebkit/538.36 (KHTML, like Gecko) Chrome/69.420 Safari/537.36"
18.185.20.249 - - [24/Jun/2020:17:01:51 +0200] "GET /img/zert_1gross.jpg HTTP/1.1" 200 22004 "http://www.zahnmedizin-im-alter.de/praxis.php" "Mozilla/10.0 (Windows NT 10.0) AppleWebkit/538.36 (KHTML, like Gecko) Chrome/69.420 Safari/537.36"
18.185.20.249 - - [24/Jun/2020:17:01:52 +0200] "GET /img/f_1-p.gif HTTP/1.1" 200 43 "http://www.zahnmedizin-im-alter.de/praxis.php" "Mozilla/10.0 (Windows NT 10.0) AppleWebkit/538.36 (KHTML, like Gecko) Chrome/69.420 Safari/537.36"
52.57.9.147 - - [24/Jun/2020:17:01:52 +0200] "GET /img/roll_trans2.gif HTTP/1.1" 200 609 "http://www.zahnmedizin-im-alter.de/kont.php" "Mozilla/10.0 (Windows NT 10.0) AppleWebkit/538.36 (KHTML, like Gecko) Chrome/69.420 Safari/537.36"
52.57.9.147 - - [24/Jun/2020:17:01:53 +0200] "GET /img/hg_body.jpg HTTP/1.1" 200 2615 "http://www.zahnmedizin-im-alter.de/css/fl_style.css" "Mozilla/10.0 (Windows NT 10.0) AppleWebkit/538.36 (KHTML, like Gecko) Chrome/69.420 Safari/537.36"
18.196.183.254 - - [24/Jun/2020:17:01:53 +0200] "GET /css/fl_style.css HTTP/1.1" 200 10194 "http://www.zahnmedizin-im-alter.de/impressum.php" "Mozilla/10.0 (Windows NT 10.0) AppleWebkit/538.36 (KHTML, like Gecko) Chrome/69.420 Safari/537.36"
3.127.236.2 - - [24/Jun/2020:17:01:53 +0200] "GET /css/fl_style.css HTTP/1.1" 200 10194 "http://www.zahnmedizin-im-alter.de/anfahrt.php" "Mozilla/10.0 (Windows NT 10.0) AppleWebkit/538.36 (KHTML, like Gecko) Chrome/69.420 Safari/537.36"
3.127.236.2 - - [24/Jun/2020:17:01:53 +0200] "GET /scripte/all_scripts.js HTTP/1.1" 200 249 "http://www.zahnmedizin-im-alter.de/anfahrt.php" "Mozilla/10.0 (Windows NT 10.0) AppleWebkit/538.36 (KHTML, like Gecko) Chrome/69.420 Safari/537.36"
3.127.236.2 - - [24/Jun/2020:17:01:53 +0200] "GET /img/lay01.gif HTTP/1.1" 200 273 "http://www.zahnmedizin-im-alter.de/anfahrt.php" "Mozilla/10.0 (Windows NT 10.0) AppleWebkit/538.36 (KHTML, like Gecko) Chrome/69.420 Safari/537.36"
3.127.236.2 - - [24/Jun/2020:17:01:53 +0200] "GET /img/f_1-p.gif HTTP/1.1" 200 43 "http://www.zahnmedizin-im-alter.de/anfahrt.php" "Mozilla/10.0 (Windows NT 10.0) AppleWebkit/538.36 (KHTML, like Gecko) Chrome/69.420 Safari/537.36"
18.196.183.254 - - [24/Jun/2020:17:01:53 +0200] "GET /img/f_1-p.gif HTTP/1.1" 200 43 "http://www.zahnmedizin-im-alter.de/impressum.php" "Mozilla/10.0 (Windows NT 10.0) AppleWebkit/538.36 (KHTML, like Gecko) Chrome/69.420 Safari/537.36"
18.196.183.254 - - [24/Jun/2020:17:01:53 +0200] "GET /img/lay01.gif HTTP/1.1" 200 273 "http://www.zahnmedizin-im-alter.de/impressum.php" "Mozilla/10.0 (Windows NT 10.0) AppleWebkit/538.36 (KHTML, like Gecko) Chrome/69.420 Safari/537.36"
3.127.248.248 - - [24/Jun/2020:17:01:53 +0200] "GET /scripte/all_scripts.js HTTP/1.1" 200 249 "http://www.zahnmedizin-im-alter.de/index.php" "Mozilla/10.0 (Windows NT 10.0) AppleWebkit/538.36 (KHTML, like Gecko) Chrome/69.420 Safari/537.36"
3.127.236.2 - - [24/Jun/2020:17:01:53 +0200] "GET /img/tel_footer.gif HTTP/1.1" 200 1051 "http://www.zahnmedizin-im-alter.de/anfahrt.php" "Mozilla/10.0 (Windows NT 10.0) AppleWebkit/538.36 (KHTML, like Gecko) Chrome/69.420 Safari/537.36"
18.196.183.254 - - [24/Jun/2020:17:01:53 +0200] "GET /img/tel_footer.gif HTTP/1.1" 200 1051 "http://www.zahnmedizin-im-alter.de/impressum.php" "Mozilla/10.0 (Windows NT 10.0) AppleWebkit/538.36 (KHTML, like Gecko) Chrome/69.420 Safari/537.36"
18.196.183.254 - - [24/Jun/2020:17:01:53 +0200] "GET /img/lay06neu.gif HTTP/1.1" 200 583 "http://www.zahnmedizin-im-alter.de/impressum.php" "Mozilla/10.0 (Windows NT 10.0) AppleWebkit/538.36 (KHTML, like Gecko) Chrome/69.420 Safari/537.36"
3.127.236.2 - - [24/Jun/2020:17:01:53 +0200] "GET /img/lay06neu.gif HTTP/1.1" 200 583 "http://www.zahnmedizin-im-alter.de/anfahrt.php" "Mozilla/10.0 (Windows NT 10.0) AppleWebkit/538.36 (KHTML, like Gecko) Chrome/69.420 Safari/537.36"
3.127.248.248 - - [24/Jun/2020:17:01:53 +0200] "GET /img/tel_footer.gif HTTP/1.1" 200 1051 "http://www.zahnmedizin-im-alter.de/index.php" "Mozilla/10.0 (Windows NT 10.0) AppleWebkit/538.36 (KHTML, like Gecko) Chrome/69.420 Safari/537.36"
3.127.248.248 - - [24/Jun/2020:17:01:53 +0200] "GET /img/lay06neu.gif HTTP/1.1" 200 583 "http://www.zahnmedizin-im-alter.de/index.php" "Mozilla/10.0 (Windows NT 10.0) AppleWebkit/538.36 (KHTML, like Gecko) Chrome/69.420 Safari/537.36"
18.196.183.254 - - [24/Jun/2020:17:01:53 +0200] "GET /img/spez_leistungen_2.jpg HTTP/1.1" 200 13667 "http://www.zahnmedizin-im-alter.de/impressum.php" "Mozilla/10.0 (Windows NT 10.0) AppleWebkit/538.36 (KHTML, like Gecko) Chrome/69.420 Safari/537.36"
3.127.236.2 - - [24/Jun/2020:17:01:53 +0200] "GET /img/lay07.gif HTTP/1.1" 200 453 "http://www.zahnmedizin-im-alter.de/anfahrt.php" "Mozilla/10.0 (Windows NT 10.0) AppleWebkit/538.36 (KHTML, like Gecko) Chrome/69.420 Safari/537.36"
18.196.183.254 - - [24/Jun/2020:17:01:53 +0200] "GET /img/left_bg2.gif HTTP/1.1" 200 176 "http://www.zahnmedizin-im-alter.de/impressum.php" "Mozilla/10.0 (Windows NT 10.0) AppleWebkit/538.36 (KHTML, like Gecko) Chrome/69.420 Safari/537.36"
3.127.236.2 - - [24/Jun/2020:17:01:53 +0200] "GET /img/roll_trans2.gif HTTP/1.1" 200 609 "http://www.zahnmedizin-im-alter.de/anfahrt.php" "Mozilla/10.0 (Windows NT 10.0) AppleWebkit/538.36 (KHTML, like Gecko) Chrome/69.420 Safari/537.36"
3.127.236.2 - - [24/Jun/2020:17:01:53 +0200] "GET /img/roll_trans.gif HTTP/1.1" 200 609 "http://www.zahnmedizin-im-alter.de/anfahrt.php" "Mozilla/10.0 (Windows NT 10.0) AppleWebkit/538.36 (KHTML, like Gecko) Chrome/69.420 Safari/537.36"
18.196.183.254 - - [24/Jun/2020:17:01:53 +0200] "GET /img/hg_zahn2.gif HTTP/1.1" 200 20816 "http://www.zahnmedizin-im-alter.de/impressum.php" "Mozilla/10.0 (Windows NT 10.0) AppleWebkit/538.36 (KHTML, like Gecko) Chrome/69.420 Safari/537.36"
3.127.236.2 - - [24/Jun/2020:17:01:53 +0200] "GET /img/lay08.gif HTTP/1.1" 200 534 "http://www.zahnmedizin-im-alter.de/anfahrt.php" "Mozilla/10.0 (Windows NT 10.0) AppleWebkit/538.36 (KHTML, like Gecko) Chrome/69.420 Safari/537.36"
18.196.183.254 - - [24/Jun/2020:17:01:53 +0200] "GET /img/lay02.gif HTTP/1.1" 200 68 "http://www.zahnmedizin-im-alter.de/impressum.php" "Mozilla/10.0 (Windows NT 10.0) AppleWebkit/538.36 (KHTML, like Gecko) Chrome/69.420 Safari/537.36"
18.185.20.249 - - [24/Jun/2020:17:01:53 +0200] "GET /img/hg_zahn2.gif HTTP/1.1" 200 20816 "http://www.zahnmedizin-im-alter.de/praxis.php" "Mozilla/10.0 (Windows NT 10.0) AppleWebkit/538.36 (KHTML, like Gecko) Chrome/69.420 Safari/537.36"
3.127.248.248 - - [24/Jun/2020:17:01:53 +0200] "GET /img/zert_1.jpg HTTP/1.1" 200 6013 "http://www.zahnmedizin-im-alter.de/index.php" "Mozilla/10.0 (Windows NT 10.0) AppleWebkit/538.36 (KHTML, like Gecko) Chrome/69.420 Safari/537.36"
3.127.248.248 - - [24/Jun/2020:17:01:53 +0200] "GET /img/lay13.gif HTTP/1.1" 200 181 "http://www.zahnmedizin-im-alter.de/index.php" "Mozilla/10.0 (Windows NT 10.0) AppleWebkit/538.36 (KHTML, like Gecko) Chrome/69.420 Safari/537.36"
18.196.183.254 - - [24/Jun/2020:17:01:53 +0200] "GET /img/lay04.gif HTTP/1.1" 200 68 "http://www.zahnmedizin-im-alter.de/impressum.php" "Mozilla/10.0 (Windows NT 10.0) AppleWebkit/538.36 (KHTML, like Gecko) Chrome/69.420 Safari/537.36"
3.127.236.2 - - [24/Jun/2020:17:01:53 +0200] "GET /img/lay13.gif HTTP/1.1" 200 181 "http://www.zahnmedizin-im-alter.de/anfahrt.php" "Mozilla/10.0 (Windows NT 10.0) AppleWebkit/538.36 (KHTML, like Gecko) Chrome/69.420 Safari/537.36"
3.127.236.2 - - [24/Jun/2020:17:01:53 +0200] "GET /img/left_bg.gif HTTP/1.1" 200 98 "http://www.zahnmedizin-im-alter.de/anfahrt.php" "Mozilla/10.0 (Windows NT 10.0) AppleWebkit/538.36 (KHTML, like Gecko) Chrome/69.420 Safari/537.36"
3.127.236.2 - - [24/Jun/2020:17:01:53 +0200] "GET /img/lay03.gif HTTP/1.1" 200 1060 "http://www.zahnmedizin-im-alter.de/anfahrt.php" "Mozilla/10.0 (Windows NT 10.0) AppleWebkit/538.36 (KHTML, like Gecko) Chrome/69.420 Safari/537.36"
3.127.236.2 - - [24/Jun/2020:17:01:53 +0200] "GET /img/lay10.gif HTTP/1.1" 200 252 "http://www.zahnmedizin-im-alter.de/anfahrt.php" "Mozilla/10.0 (Windows NT 10.0) AppleWebkit/538.36 (KHTML, like Gecko) Chrome/69.420 Safari/537.36"
3.127.236.2 - - [24/Jun/2020:17:01:53 +0200] "GET /img/right_bg.jpg HTTP/1.1" 404 1256 "http://www.zahnmedizin-im-alter.de/anfahrt.php" "Mozilla/10.0 (Windows NT 10.0) AppleWebkit/538.36 (KHTML, like Gecko) Chrome/69.420 Safari/537.36"
18.196.183.254 - - [24/Jun/2020:17:01:53 +0200] "GET /img/lay08.gif HTTP/1.1" 200 534 "http://www.zahnmedizin-im-alter.de/impressum.php" "Mozilla/10.0 (Windows NT 10.0) AppleWebkit/538.36 (KHTML, like Gecko) Chrome/69.420 Safari/537.36"
3.127.248.248 - - [24/Jun/2020:17:01:53 +0200] "GET /img/lay14.gif HTTP/1.1" 200 104 "http://www.zahnmedizin-im-alter.de/index.php" "Mozilla/10.0 (Windows NT 10.0) AppleWebkit/538.36 (KHTML, like Gecko) Chrome/69.420 Safari/537.36"
18.196.183.254 - - [24/Jun/2020:17:01:53 +0200] "GET /img/left_bg.gif HTTP/1.1" 200 98 "http://www.zahnmedizin-im-alter.de/impressum.php" "Mozilla/10.0 (Windows NT 10.0) AppleWebkit/538.36 (KHTML, like Gecko) Chrome/69.420 Safari/537.36"
3.127.248.248 - - [24/Jun/2020:17:01:53 +0200] "GET /img/lay01.gif HTTP/1.1" 200 273 "http://www.zahnmedizin-im-alter.de/index.php" "Mozilla/10.0 (Windows NT 10.0) AppleWebkit/538.36 (KHTML, like Gecko) Chrome/69.420 Safari/537.36"
3.127.248.248 - - [24/Jun/2020:17:01:53 +0200] "GET /img/f_1-p.gif HTTP/1.1" 200 43 "http://www.zahnmedizin-im-alter.de/index.php" "Mozilla/10.0 (Windows NT 10.0) AppleWebkit/538.36 (KHTML, like Gecko) Chrome/69.420 Safari/537.36"
18.196.183.254 - - [24/Jun/2020:17:01:53 +0200] "GET /img/lay07.gif HTTP/1.1" 200 453 "http://www.zahnmedizin-im-alter.de/impressum.php" "Mozilla/10.0 (Windows NT 10.0) AppleWebkit/538.36 (KHTML, like Gecko) Chrome/69.420 Safari/537.36"
