95.108.158.244 - - [16/Aug/2011:14:16:17 +0200] "GET /img/roll_trans2.gif HTTP/1.1" 304 - "-" "Mozilla/5.0 (compatible; YandexImages/3.0; +http://yandex.com/bots)"
208.115.111.73 - - [16/Aug/2011:15:10:25 +0200] "GET /robots.txt HTTP/1.1" 200 218 "-" "Mozilla/5.0 (compatible; Ezooms/1.0; ezooms.bot@gmail.com)"
67.195.112.159 - - [16/Aug/2011:15:16:02 +0200] "GET /robots.txt HTTP/1.0" 200 218 "-" "Mozilla/5.0 (compatible; Yahoo! Slurp; http://help.yahoo.com/help/us/ysearch/slurp)"
67.195.112.159 - - [16/Aug/2011:15:16:03 +0200] "GET /index.php HTTP/1.0" 200 9626 "-" "Mozilla/5.0 (compatible; Yahoo! Slurp; http://help.yahoo.com/help/us/ysearch/slurp)"
67.195.112.159 - - [16/Aug/2011:15:16:04 +0200] "GET /css/fl_style.css HTTP/1.0" 200 10194 "http://www.dr-heidi-fleischer.de/index.php" "Mozilla/5.0 (compatible; Yahoo! Slurp; http://help.yahoo.com/help/us/ysearch/slurp)"
95.108.158.244 - - [16/Aug/2011:15:24:46 +0200] "GET /img/f_1-p.gif HTTP/1.1" 304 - "-" "Mozilla/5.0 (compatible; YandexImages/3.0; +http://yandex.com/bots)"
207.46.199.203 - - [16/Aug/2011:20:16:06 +0200] "GET /robots.txt HTTP/1.1" 200 218 "-" "Mozilla/5.0 (compatible; bingbot/2.0; +http://www.bing.com/bingbot.htm)"
95.108.158.244 - - [16/Aug/2011:20:45:06 +0200] "GET /img/f_1-p.gif HTTP/1.1" 304 - "-" "Mozilla/5.0 (compatible; YandexImages/3.0; +http://yandex.com/bots)"
95.108.158.244 - - [16/Aug/2011:21:22:09 +0200] "GET /img/lay06neu.gif HTTP/1.1" 304 - "-" "Mozilla/5.0 (compatible; YandexImages/3.0; +http://yandex.com/bots)"
95.108.158.244 - - [16/Aug/2011:22:03:53 +0200] "GET /img/lay16.gif HTTP/1.1" 304 - "-" "Mozilla/5.0 (compatible; YandexImages/3.0; +http://yandex.com/bots)"
157.55.50.77 - - [16/Aug/2011:22:53:56 +0200] "GET /robots.txt HTTP/1.1" 200 218 "-" "Mozilla/5.0 (compatible; bingbot/2.0; +http://www.bing.com/bingbot.htm)"
95.108.158.244 - - [16/Aug/2011:23:26:14 +0200] "GET /img/roll_trans.gif HTTP/1.1" 304 - "-" "Mozilla/5.0 (compatible; YandexImages/3.0; +http://yandex.com/bots)"
95.108.158.244 - - [16/Aug/2011:23:46:33 +0200] "GET /img/tel_footer.gif HTTP/1.1" 304 - "-" "Mozilla/5.0 (compatible; YandexImages/3.0; +http://yandex.com/bots)"
95.108.158.244 - - [17/Aug/2011:00:57:37 +0200] "GET /img/roll_trans2.gif HTTP/1.1" 304 - "-" "Mozilla/5.0 (compatible; YandexImages/3.0; +http://yandex.com/bots)"
95.108.158.244 - - [17/Aug/2011:01:17:06 +0200] "GET /img/tel_footer.gif HTTP/1.1" 304 - "-" "Mozilla/5.0 (compatible; YandexImages/3.0; +http://yandex.com/bots)"
207.46.199.194 - - [17/Aug/2011:03:06:38 +0200] "GET /robots.txt HTTP/1.1" 200 218 "-" "Mozilla/5.0 (compatible; bingbot/2.0; +http://www.bing.com/bingbot.htm)"
157.55.50.77 - - [17/Aug/2011:04:08:29 +0200] "GET /robots.txt HTTP/1.1" 200 218 "-" "Mozilla/5.0 (compatible; bingbot/2.0; +http://www.bing.com/bingbot.htm)"
207.46.199.190 - - [17/Aug/2011:08:05:33 +0200] "GET /robots.txt HTTP/1.1" 200 218 "-" "Mozilla/5.0 (compatible; bingbot/2.0; +http://www.bing.com/bingbot.htm)"
208.115.111.68 - - [17/Aug/2011:08:49:44 +0200] "GET /robots.txt HTTP/1.1" 200 218 "-" "Mozilla/5.0 (compatible; Ezooms/1.0; ezooms.bot@gmail.com)"
95.108.158.244 - - [17/Aug/2011:14:06:43 +0200] "GET /robots.txt HTTP/1.1" 200 218 "-" "Mozilla/5.0 (compatible; YandexImages/3.0; +http://yandex.com/bots)"
95.108.158.244 - - [17/Aug/2011:14:44:35 +0200] "GET /robots.txt HTTP/1.1" 200 218 "-" "Mozilla/5.0 (compatible; YandexImages/3.0; +http://yandex.com/bots)"
157.55.50.77 - - [17/Aug/2011:15:13:23 +0200] "GET /robots.txt HTTP/1.1" 200 218 "-" "Mozilla/5.0 (compatible; bingbot/2.0; +http://www.bing.com/bingbot.htm)"
95.108.158.244 - - [17/Aug/2011:16:00:20 +0200] "GET /img/roll_trans2.gif HTTP/1.1" 304 - "-" "Mozilla/5.0 (compatible; YandexImages/3.0; +http://yandex.com/bots)"
207.46.199.188 - - [17/Aug/2011:17:36:11 +0200] "GET /robots.txt HTTP/1.1" 200 218 "-" "Mozilla/5.0 (compatible; bingbot/2.0; +http://www.bing.com/bingbot.htm)"
95.108.158.244 - - [17/Aug/2011:17:53:58 +0200] "GET /img/f_1-p.gif HTTP/1.1" 304 - "-" "Mozilla/5.0 (compatible; YandexImages/3.0; +http://yandex.com/bots)"
95.108.158.244 - - [17/Aug/2011:19:09:43 +0200] "GET /img/lay06neu.gif HTTP/1.1" 304 - "-" "Mozilla/5.0 (compatible; YandexImages/3.0; +http://yandex.com/bots)"
95.108.158.244 - - [17/Aug/2011:20:25:28 +0200] "GET /img/lay16.gif HTTP/1.1" 304 - "-" "Mozilla/5.0 (compatible; YandexImages/3.0; +http://yandex.com/bots)"
157.55.50.77 - - [17/Aug/2011:21:17:14 +0200] "GET /robots.txt HTTP/1.1" 200 218 "-" "Mozilla/5.0 (compatible; bingbot/2.0; +http://www.bing.com/bingbot.htm)"
207.46.199.203 - - [17/Aug/2011:22:09:55 +0200] "GET /robots.txt HTTP/1.1" 200 218 "-" "Mozilla/5.0 (compatible; bingbot/2.0; +http://www.bing.com/bingbot.htm)"
95.108.158.244 - - [17/Aug/2011:23:40:49 +0200] "GET /img/roll_trans.gif HTTP/1.1" 304 - "-" "Mozilla/5.0 (compatible; YandexImages/3.0; +http://yandex.com/bots)"
95.108.158.244 - - [18/Aug/2011:00:48:16 +0200] "GET /img/roll_trans.gif HTTP/1.1" 304 - "-" "Mozilla/5.0 (compatible; YandexImages/3.0; +http://yandex.com/bots)"
95.108.158.244 - - [18/Aug/2011:00:58:07 +0200] "GET /img/lay14.gif HTTP/1.1" 304 - "-" "Mozilla/5.0 (compatible; YandexImages/3.0; +http://yandex.com/bots)"
95.108.158.244 - - [18/Aug/2011:02:24:43 +0200] "GET /img/roll_trans2.gif HTTP/1.1" 304 - "-" "Mozilla/5.0 (compatible; YandexImages/3.0; +http://yandex.com/bots)"
95.108.158.244 - - [18/Aug/2011:02:43:57 +0200] "GET /img/lay06neu.gif HTTP/1.1" 304 - "-" "Mozilla/5.0 (compatible; YandexImages/3.0; +http://yandex.com/bots)"
95.108.158.244 - - [18/Aug/2011:03:51:09 +0200] "GET /img/tel_footer.gif HTTP/1.1" 304 - "-" "Mozilla/5.0 (compatible; YandexImages/3.0; +http://yandex.com/bots)"
95.108.158.244 - - [18/Aug/2011:04:37:56 +0200] "GET /img/tel_footer.gif HTTP/1.1" 304 - "-" "Mozilla/5.0 (compatible; YandexImages/3.0; +http://yandex.com/bots)"
208.115.111.68 - - [18/Aug/2011:04:47:19 +0200] "GET /robots.txt HTTP/1.1" 200 218 "-" "Mozilla/5.0 (compatible; Ezooms/1.0; ezooms.bot@gmail.com)"
95.108.158.244 - - [18/Aug/2011:04:56:26 +0200] "GET /img/lay14.gif HTTP/1.1" 304 - "-" "Mozilla/5.0 (compatible; YandexImages/3.0; +http://yandex.com/bots)"
95.108.158.244 - - [18/Aug/2011:05:14:56 +0200] "GET /img/f_1-p.gif HTTP/1.1" 304 - "-" "Mozilla/5.0 (compatible; YandexImages/3.0; +http://yandex.com/bots)"
95.220.223.125 - - [18/Aug/2011:06:03:35 +0200] "GET /kont.php HTTP/1.1" 200 8494 "http://yandex.ru/yandsearch?text=Fleischer+Bucher" "Mozilla/4.0 (compatible; MSIE 6.0; Windows NT 5.1; SV1; .NET CLR 2.0.50727; .NET CLR 1.1.4322)"
95.25.117.5 - - [18/Aug/2011:06:03:36 +0200] "GET /css/fl_style.css HTTP/1.1" 200 10194 "http://www.dr-heidi-fleischer.de/kont.php" "Mozilla/4.0 (compatible; MSIE 6.0; Windows NT 5.1; SV1; .NET CLR 2.0.50727; .NET CLR 1.1.4322)"
95.25.231.132 - - [18/Aug/2011:06:03:36 +0200] "GET /scripte/all_scripts.js HTTP/1.1" 200 249 "http://www.dr-heidi-fleischer.de/kont.php" "Mozilla/4.0 (compatible; MSIE 6.0; Windows NT 5.1; SV1; .NET CLR 2.0.50727; .NET CLR 1.1.4322)"
95.25.30.180 - - [18/Aug/2011:06:03:37 +0200] "GET /img/lay16.gif HTTP/1.1" 200 309 "http://www.dr-heidi-fleischer.de/kont.php" "Mozilla/4.0 (compatible; MSIE 6.0; Windows NT 5.1; SV1; .NET CLR 2.0.50727; .NET CLR 1.1.4322)"
95.25.106.8 - - [18/Aug/2011:06:03:37 +0200] "GET /img/lay02.gif HTTP/1.1" 200 68 "http://www.dr-heidi-fleischer.de/kont.php" "Mozilla/4.0 (compatible; MSIE 6.0; Windows NT 5.1; SV1; .NET CLR 2.0.50727; .NET CLR 1.1.4322)"
95.24.227.75 - - [18/Aug/2011:06:03:37 +0200] "GET /img/hg_body.jpg HTTP/1.1" 200 2615 "http://www.dr-heidi-fleischer.de/kont.php" "Mozilla/4.0 (compatible; MSIE 6.0; Windows NT 5.1; SV1; .NET CLR 2.0.50727; .NET CLR 1.1.4322)"
95.25.71.231 - - [18/Aug/2011:06:03:37 +0200] "GET /img/lay10.gif HTTP/1.1" 200 252 "http://www.dr-heidi-fleischer.de/kont.php" "Mozilla/4.0 (compatible; MSIE 6.0; Windows NT 5.1; SV1; .NET CLR 2.0.50727; .NET CLR 1.1.4322)"
95.25.231.132 - - [18/Aug/2011:06:03:37 +0200] "GET /img/lay07.gif HTTP/1.1" 200 453 "http://www.dr-heidi-fleischer.de/kont.php" "Mozilla/4.0 (compatible; MSIE 6.0; Windows NT 5.1; SV1; .NET CLR 2.0.50727; .NET CLR 1.1.4322)"
95.24.227.84 - - [18/Aug/2011:06:03:37 +0200] "GET /img/lay06neu.gif HTTP/1.1" 200 583 "http://www.dr-heidi-fleischer.de/kont.php" "Mozilla/4.0 (compatible; MSIE 6.0; Windows NT 5.1; SV1; .NET CLR 2.0.50727; .NET CLR 1.1.4322)"
95.25.231.132 - - [18/Aug/2011:06:03:36 +0200] "GET /img/header_neu.gif HTTP/1.1" 200 32567 "http://www.dr-heidi-fleischer.de/kont.php" "Mozilla/4.0 (compatible; MSIE 6.0; Windows NT 5.1; SV1; .NET CLR 2.0.50727; .NET CLR 1.1.4322)"
89.178.143.120 - - [18/Aug/2011:06:03:37 +0200] "GET /img/f_1-p.gif HTTP/1.1" 200 43 "http://www.dr-heidi-fleischer.de/kont.php" "Mozilla/4.0 (compatible; MSIE 6.0; Windows NT 5.1; SV1; .NET CLR 2.0.50727; .NET CLR 1.1.4322)"
95.24.227.84 - - [18/Aug/2011:06:03:37 +0200] "GET /img/left_bg.gif HTTP/1.1" 200 98 "http://www.dr-heidi-fleischer.de/kont.php" "Mozilla/4.0 (compatible; MSIE 6.0; Windows NT 5.1; SV1; .NET CLR 2.0.50727; .NET CLR 1.1.4322)"
95.220.144.203 - - [18/Aug/2011:06:03:37 +0200] "GET /img/roll_trans2.gif HTTP/1.1" 200 609 "http://www.dr-heidi-fleischer.de/kont.php" "Mozilla/4.0 (compatible; MSIE 6.0; Windows NT 5.1; SV1; .NET CLR 2.0.50727; .NET CLR 1.1.4322)"
95.220.169.227 - - [18/Aug/2011:06:03:37 +0200] "GET /img/lay01.gif HTTP/1.1" 200 273 "http://www.dr-heidi-fleischer.de/kont.php" "Mozilla/4.0 (compatible; MSIE 6.0; Windows NT 5.1; SV1; .NET CLR 2.0.50727; .NET CLR 1.1.4322)"
95.25.75.254 - - [18/Aug/2011:06:03:37 +0200] "GET /img/tel_footer.gif HTTP/1.1" 200 1051 "http://www.dr-heidi-fleischer.de/kont.php" "Mozilla/4.0 (compatible; MSIE 6.0; Windows NT 5.1; SV1; .NET CLR 2.0.50727; .NET CLR 1.1.4322)"
46.73.17.165 - - [18/Aug/2011:06:03:37 +0200] "GET /img/right_bg.gif HTTP/1.1" 200 76 "http://www.dr-heidi-fleischer.de/kont.php" "Mozilla/4.0 (compatible; MSIE 6.0; Windows NT 5.1; SV1; .NET CLR 2.0.50727; .NET CLR 1.1.4322)"
92.255.204.166 - - [18/Aug/2011:06:03:37 +0200] "GET /img/lay08.gif HTTP/1.1" 200 534 "http://www.dr-heidi-fleischer.de/kont.php" "Mozilla/4.0 (compatible; MSIE 6.0; Windows NT 5.1; SV1; .NET CLR 2.0.50727; .NET CLR 1.1.4322)"
92.255.204.166 - - [18/Aug/2011:06:03:37 +0200] "GET /img/lay13.gif HTTP/1.1" 200 181 "http://www.dr-heidi-fleischer.de/kont.php" "Mozilla/4.0 (compatible; MSIE 6.0; Windows NT 5.1; SV1; .NET CLR 2.0.50727; .NET CLR 1.1.4322)"
95.24.141.237 - - [18/Aug/2011:06:03:37 +0200] "GET /img/lay04.gif HTTP/1.1" 200 68 "http://www.dr-heidi-fleischer.de/kont.php" "Mozilla/4.0 (compatible; MSIE 6.0; Windows NT 5.1; SV1; .NET CLR 2.0.50727; .NET CLR 1.1.4322)"
95.24.141.237 - - [18/Aug/2011:06:03:37 +0200] "GET /img/lay09.gif HTTP/1.1" 200 135 "http://www.dr-heidi-fleischer.de/kont.php" "Mozilla/4.0 (compatible; MSIE 6.0; Windows NT 5.1; SV1; .NET CLR 2.0.50727; .NET CLR 1.1.4322)"
95.24.141.237 - - [18/Aug/2011:06:03:37 +0200] "GET /img/lay14.gif HTTP/1.1" 200 104 "http://www.dr-heidi-fleischer.de/kont.php" "Mozilla/4.0 (compatible; MSIE 6.0; Windows NT 5.1; SV1; .NET CLR 2.0.50727; .NET CLR 1.1.4322)"
95.220.144.203 - - [18/Aug/2011:06:03:37 +0200] "GET /img/hg_zahn2.gif HTTP/1.1" 200 20816 "http://www.dr-heidi-fleischer.de/kont.php" "Mozilla/4.0 (compatible; MSIE 6.0; Windows NT 5.1; SV1; .NET CLR 2.0.50727; .NET CLR 1.1.4322)"
95.26.159.126 - - [18/Aug/2011:06:03:37 +0200] "GET /img/lay03.gif HTTP/1.1" 200 1060 "http://www.dr-heidi-fleischer.de/kont.php" "Mozilla/4.0 (compatible; MSIE 6.0; Windows NT 5.1; SV1; .NET CLR 2.0.50727; .NET CLR 1.1.4322)"
46.73.195.248 - - [18/Aug/2011:06:03:37 +0200] "GET /img/bottom_bg.gif HTTP/1.1" 200 79 "http://www.dr-heidi-fleischer.de/kont.php" "Mozilla/4.0 (compatible; MSIE 6.0; Windows NT 5.1; SV1; .NET CLR 2.0.50727; .NET CLR 1.1.4322)"
92.255.205.171 - - [18/Aug/2011:06:03:37 +0200] "GET /img/zert_1gross.jpg HTTP/1.1" 200 22004 "http://www.dr-heidi-fleischer.de/kont.php" "Mozilla/4.0 (compatible; MSIE 6.0; Windows NT 5.1; SV1; .NET CLR 2.0.50727; .NET CLR 1.1.4322)"
95.28.40.136 - - [18/Aug/2011:06:03:38 +0200] "GET /img/lay05.gif HTTP/1.1" 200 331 "http://www.dr-heidi-fleischer.de/kont.php" "Mozilla/4.0 (compatible; MSIE 6.0; Windows NT 5.1; SV1; .NET CLR 2.0.50727; .NET CLR 1.1.4322)"
95.108.158.244 - - [18/Aug/2011:06:56:41 +0200] "GET /img/lay16.gif HTTP/1.1" 304 - "-" "Mozilla/5.0 (compatible; YandexImages/3.0; +http://yandex.com/bots)"
208.115.111.68 - - [18/Aug/2011:07:02:07 +0200] "GET /impressum.php HTTP/1.1" 200 8293 "-" "Mozilla/5.0 (compatible; Ezooms/1.0; ezooms.bot@gmail.com)"
207.46.199.185 - - [18/Aug/2011:08:48:11 +0200] "GET /robots.txt HTTP/1.1" 200 218 "-" "Mozilla/5.0 (compatible; bingbot/2.0; +http://www.bing.com/bingbot.htm)"
95.108.158.244 - - [18/Aug/2011:11:03:00 +0200] "GET /img/lay16.gif HTTP/1.1" 304 - "-" "Mozilla/5.0 (compatible; YandexImages/3.0; +http://yandex.com/bots)"
157.55.50.77 - - [18/Aug/2011:11:26:14 +0200] "GET /robots.txt HTTP/1.1" 200 218 "-" "Mozilla/5.0 (compatible; bingbot/2.0; +http://www.bing.com/bingbot.htm)"
207.46.204.190 - - [18/Aug/2011:12:06:50 +0200] "GET /robots.txt HTTP/1.1" 200 218 "-" "Mozilla/5.0 (compatible; bingbot/2.0; +http://www.bing.com/bingbot.htm)"
207.46.204.190 - - [18/Aug/2011:12:09:48 +0200] "GET /anfahrt.php HTTP/1.1" 200 8074 "-" "Mozilla/5.0 (compatible; bingbot/2.0; +http://www.bing.com/bingbot.htm)"
66.249.72.132 - - [18/Aug/2011:12:19:47 +0200] "GET /robots.txt HTTP/1.1" 200 218 "-" "Mozilla/5.0 (compatible; Googlebot/2.1; +http://www.google.com/bot.html)"
66.249.72.132 - - [18/Aug/2011:12:19:48 +0200] "GET /praxis.php HTTP/1.1" 200 7017 "-" "Mozilla/5.0 (compatible; Googlebot/2.1; +http://www.google.com/bot.html)"
95.108.158.244 - - [18/Aug/2011:12:26:39 +0200] "GET /img/lay06neu.gif HTTP/1.1" 304 - "-" "Mozilla/5.0 (compatible; YandexImages/3.0; +http://yandex.com/bots)"
65.52.110.72 - - [18/Aug/2011:12:47:15 +0200] "GET /robots.txt HTTP/1.1" 200 218 "-" "Mozilla/5.0 (compatible; bingbot/2.0; +http://www.bing.com/bingbot.htm)"
65.52.110.72 - - [18/Aug/2011:12:52:18 +0200] "GET /spez_leistungen.php HTTP/1.1" 200 7752 "-" "Mozilla/5.0 (compatible; bingbot/2.0; +http://www.bing.com/bingbot.htm)"
67.195.115.47 - - [18/Aug/2011:13:09:03 +0200] "GET /robots.txt HTTP/1.0" 200 218 "-" "Mozilla/5.0 (compatible; Yahoo! Slurp; http://help.yahoo.com/help/us/ysearch/slurp)"
67.195.115.47 - - [18/Aug/2011:13:09:04 +0200] "GET /anfahrt.php HTTP/1.0" 200 8074 "-" "Mozilla/5.0 (compatible; Yahoo! Slurp; http://help.yahoo.com/help/us/ysearch/slurp)"
67.195.115.47 - - [18/Aug/2011:13:09:04 +0200] "GET /css/fl_style.css HTTP/1.0" 200 10194 "http://www.zahnmedizin-im-alter.de/anfahrt.php" "Mozilla/5.0 (compatible; Yahoo! Slurp; http://help.yahoo.com/help/us/ysearch/slurp)"
65.52.110.90 - - [18/Aug/2011:14:11:33 +0200] "GET /robots.txt HTTP/1.1" 200 218 "-" "Mozilla/5.0 (compatible; bingbot/2.0; +http://www.bing.com/bingbot.htm)"
65.52.110.90 - - [18/Aug/2011:14:18:03 +0200] "GET /anfahrt.php HTTP/1.1" 200 8074 "-" "Mozilla/5.0 (compatible; bingbot/2.0; +http://www.bing.com/bingbot.htm)"
95.108.151.244 - - [18/Aug/2011:15:44:58 +0200] "GET /robots.txt HTTP/1.1" 200 218 "-" "Mozilla/5.0 (compatible; YandexBot/3.0; +http://yandex.com/bots)"
95.108.151.244 - - [18/Aug/2011:15:44:59 +0200] "GET / HTTP/1.1" 200 9626 "-" "Mozilla/5.0 (compatible; YandexBot/3.0; +http://yandex.com/bots)"
95.108.151.244 - - [18/Aug/2011:15:45:00 +0200] "GET / HTTP/1.1" 200 9626 "-" "Mozilla/5.0 (compatible; YandexBot/3.0; +http://yandex.com/bots)"
95.108.151.244 - - [18/Aug/2011:15:45:31 +0200] "GET /robots.txt HTTP/1.1" 200 218 "-" "Mozilla/5.0 (compatible; YandexBot/3.0; +http://yandex.com/bots)"
95.108.151.244 - - [18/Aug/2011:15:45:32 +0200] "GET / HTTP/1.1" 200 9626 "-" "Mozilla/5.0 (compatible; YandexBot/3.0; +http://yandex.com/bots)"
95.108.151.244 - - [18/Aug/2011:15:45:33 +0200] "GET / HTTP/1.1" 200 9626 "-" "Mozilla/5.0 (compatible; YandexBot/3.0; +http://yandex.com/bots)"
95.108.158.244 - - [18/Aug/2011:15:55:46 +0200] "GET /robots.txt HTTP/1.1" 200 218 "-" "Mozilla/5.0 (compatible; YandexImages/3.0; +http://yandex.com/bots)"
67.195.112.159 - - [18/Aug/2011:16:02:26 +0200] "GET /robots.txt HTTP/1.0" 200 218 "-" "Mozilla/5.0 (compatible; Yahoo! Slurp; http://help.yahoo.com/help/us/ysearch/slurp)"
67.195.112.159 - - [18/Aug/2011:16:02:26 +0200] "GET / HTTP/1.0" 200 9626 "-" "Mozilla/5.0 (compatible; Yahoo! Slurp; http://help.yahoo.com/help/us/ysearch/slurp)"
67.195.112.159 - - [18/Aug/2011:16:02:28 +0200] "GET /css/fl_style.css HTTP/1.0" 200 10194 "http://www.dr-heidi-fleischer.de/" "Mozilla/5.0 (compatible; Yahoo! Slurp; http://help.yahoo.com/help/us/ysearch/slurp)"
95.108.158.244 - - [18/Aug/2011:16:37:35 +0200] "GET /img/roll_trans2.gif HTTP/1.1" 304 - "-" "Mozilla/5.0 (compatible; YandexImages/3.0; +http://yandex.com/bots)"
95.108.158.244 - - [18/Aug/2011:17:07:04 +0200] "GET /img/f_1-p.gif HTTP/1.1" 304 - "-" "Mozilla/5.0 (compatible; YandexImages/3.0; +http://yandex.com/bots)"
95.108.158.244 - - [18/Aug/2011:18:56:31 +0200] "GET /robots.txt HTTP/1.1" 200 218 "-" "Mozilla/5.0 (compatible; YandexImages/3.0; +http://yandex.com/bots)"
95.108.158.244 - - [18/Aug/2011:19:14:00 +0200] "GET /img/tel_footer.gif HTTP/1.1" 304 - "-" "Mozilla/5.0 (compatible; YandexImages/3.0; +http://yandex.com/bots)"
95.108.158.244 - - [18/Aug/2011:20:31:16 +0200] "GET /img/tel_footer.gif HTTP/1.1" 304 - "-" "Mozilla/5.0 (compatible; YandexImages/3.0; +http://yandex.com/bots)"
95.108.158.244 - - [18/Aug/2011:21:56:07 +0200] "GET /img/roll_trans.gif HTTP/1.1" 304 - "-" "Mozilla/5.0 (compatible; YandexImages/3.0; +http://yandex.com/bots)"
95.108.158.244 - - [18/Aug/2011:22:20:40 +0200] "GET /img/roll_trans2.gif HTTP/1.1" 304 - "-" "Mozilla/5.0 (compatible; YandexImages/3.0; +http://yandex.com/bots)"
95.108.158.244 - - [18/Aug/2011:23:34:44 +0200] "GET /img/lay06neu.gif HTTP/1.1" 304 - "-" "Mozilla/5.0 (compatible; YandexImages/3.0; +http://yandex.com/bots)"
207.46.199.191 - - [18/Aug/2011:23:36:53 +0200] "GET /robots.txt HTTP/1.1" 200 218 "-" "Mozilla/5.0 (compatible; bingbot/2.0; +http://www.bing.com/bingbot.htm)"
95.108.158.244 - - [19/Aug/2011:00:48:10 +0200] "GET /img/f_1-p.gif HTTP/1.1" 304 - "-" "Mozilla/5.0 (compatible; YandexImages/3.0; +http://yandex.com/bots)"
67.195.112.159 - - [19/Aug/2011:01:02:41 +0200] "GET /robots.txt HTTP/1.0" 200 218 "-" "Mozilla/5.0 (compatible; Yahoo! Slurp; http://help.yahoo.com/help/us/ysearch/slurp)"
67.195.112.159 - - [19/Aug/2011:01:02:42 +0200] "GET /leistungen.php HTTP/1.0" 200 8056 "-" "Mozilla/5.0 (compatible; Yahoo! Slurp; http://help.yahoo.com/help/us/ysearch/slurp)"
67.195.112.159 - - [19/Aug/2011:01:02:43 +0200] "GET /css/fl_style.css HTTP/1.0" 304 - "http://www.dr-heidi-fleischer.de/leistungen.php" "Mozilla/5.0 (compatible; Yahoo! Slurp; http://help.yahoo.com/help/us/ysearch/slurp)"
207.46.195.241 - - [19/Aug/2011:02:53:14 +0200] "GET /robots.txt HTTP/1.1" 200 218 "-" "Mozilla/5.0 (compatible; bingbot/2.0; +http://www.bing.com/bingbot.htm)"
207.46.195.241 - - [19/Aug/2011:02:54:36 +0200] "GET /praxis.php HTTP/1.1" 200 7017 "-" "Mozilla/5.0 (compatible; bingbot/2.0; +http://www.bing.com/bingbot.htm)"
95.108.158.244 - - [19/Aug/2011:03:01:36 +0200] "GET /img/lay16.gif HTTP/1.1" 304 - "-" "Mozilla/5.0 (compatible; YandexImages/3.0; +http://yandex.com/bots)"
95.108.158.244 - - [19/Aug/2011:06:42:16 +0200] "GET /img/f_1-p.gif HTTP/1.1" 304 - "-" "Mozilla/5.0 (compatible; YandexImages/3.0; +http://yandex.com/bots)"
82.165.37.69 - - [19/Aug/2011:09:22:51 +0200] "GET / HTTP/1.0" 200 9626 "http://werbung-public-relations.18x24.com/?roboto.html/" "Mozilla/5.0 (compatible; IPTCBOT;"
95.108.158.244 - - [19/Aug/2011:10:07:32 +0200] "GET /img/lay06neu.gif HTTP/1.1" 304 - "-" "Mozilla/5.0 (compatible; YandexImages/3.0; +http://yandex.com/bots)"
65.52.110.73 - - [19/Aug/2011:10:59:25 +0200] "GET /robots.txt HTTP/1.1" 200 218 "-" "Mozilla/5.0 (compatible; bingbot/2.0; +http://www.bing.com/bingbot.htm)"
65.52.110.73 - - [19/Aug/2011:11:07:01 +0200] "GET /praxis.php HTTP/1.1" 200 7017 "-" "Mozilla/5.0 (compatible; bingbot/2.0; +http://www.bing.com/bingbot.htm)"
192.114.71.13 - - [19/Aug/2011:11:07:54 +0200] "GET / HTTP/1.1" 200 9626 "-" "Mozilla/4.0 (compatible; MSIE 7.0; Windows NT 5.1; .NET CLR 1.1.4322; InfoPath.1; .NET CLR 2.0.50727)"
157.55.50.77 - - [19/Aug/2011:11:14:58 +0200] "GET /robots.txt HTTP/1.1" 200 218 "-" "Mozilla/5.0 (compatible; bingbot/2.0; +http://www.bing.com/bingbot.htm)"
95.108.158.244 - - [19/Aug/2011:11:15:57 +0200] "GET /img/lay16.gif HTTP/1.1" 304 - "-" "Mozilla/5.0 (compatible; YandexImages/3.0; +http://yandex.com/bots)"
207.46.199.203 - - [19/Aug/2011:12:46:10 +0200] "GET /robots.txt HTTP/1.1" 200 218 "-" "Mozilla/5.0 (compatible; bingbot/2.0; +http://www.bing.com/bingbot.htm)"
41.138.169.28 - - [19/Aug/2011:12:58:14 +0200] "GET / HTTP/1.1" 200 9626 "http://ofermi.de/zahnmedizin.html" "Mozilla/4.0 (compatible; MSIE 7.0; Windows NT 6.1; Trident/4.0; SLCC2; .NET CLR 2.0.50727; .NET CLR 3.5.30729; .NET CLR 3.0.30729; CPNTDF; InfoPath.2)"
207.46.199.193 - - [19/Aug/2011:13:13:14 +0200] "GET /robots.txt HTTP/1.1" 200 218 "-" "Mozilla/5.0 (compatible; bingbot/2.0; +http://www.bing.com/bingbot.htm)"
207.46.199.189 - - [19/Aug/2011:13:19:20 +0200] "GET /robots.txt HTTP/1.1" 200 218 "-" "Mozilla/5.0 (compatible; bingbot/2.0; +http://www.bing.com/bingbot.htm)"
41.138.169.28 - - [19/Aug/2011:13:32:19 +0200] "GET /index.php HTTP/1.1" 200 9626 "http://www.dr-heidi-fleischer.de/" "Mozilla/4.0 (compatible; MSIE 7.0; Windows NT 6.1; Trident/4.0; SLCC2; .NET CLR 2.0.50727; .NET CLR 3.5.30729; .NET CLR 3.0.30729; CPNTDF; InfoPath.2)"
41.138.169.28 - - [19/Aug/2011:13:32:47 +0200] "GET /leistungen.php HTTP/1.1" 200 8056 "http://www.dr-heidi-fleischer.de/" "Mozilla/4.0 (compatible; MSIE 7.0; Windows NT 6.1; Trident/4.0; SLCC2; .NET CLR 2.0.50727; .NET CLR 3.5.30729; .NET CLR 3.0.30729; CPNTDF; InfoPath.2)"
41.138.169.28 - - [19/Aug/2011:13:33:16 +0200] "GET /spez_leistungen.php HTTP/1.1" 200 7752 "http://www.dr-heidi-fleischer.de/" "Mozilla/4.0 (compatible; MSIE 7.0; Windows NT 6.1; Trident/4.0; SLCC2; .NET CLR 2.0.50727; .NET CLR 3.5.30729; .NET CLR 3.0.30729; CPNTDF; InfoPath.2)"
41.138.169.28 - - [19/Aug/2011:13:33:16 +0200] "GET /praxis.php HTTP/1.1" 200 7017 "http://www.dr-heidi-fleischer.de/" "Mozilla/4.0 (compatible; MSIE 7.0; Windows NT 6.1; Trident/4.0; SLCC2; .NET CLR 2.0.50727; .NET CLR 3.5.30729; .NET CLR 3.0.30729; CPNTDF; InfoPath.2)"
41.138.169.28 - - [19/Aug/2011:13:33:42 +0200] "GET /kont.php HTTP/1.1" 200 8494 "http://www.dr-heidi-fleischer.de/" "Mozilla/4.0 (compatible; MSIE 7.0; Windows NT 6.1; Trident/4.0; SLCC2; .NET CLR 2.0.50727; .NET CLR 3.5.30729; .NET CLR 3.0.30729; CPNTDF; InfoPath.2)"
41.138.169.28 - - [19/Aug/2011:13:33:42 +0200] "GET /impressum.php HTTP/1.1" 200 8293 "http://www.dr-heidi-fleischer.de/" "Mozilla/4.0 (compatible; MSIE 7.0; Windows NT 6.1; Trident/4.0; SLCC2; .NET CLR 2.0.50727; .NET CLR 3.5.30729; .NET CLR 3.0.30729; CPNTDF; InfoPath.2)"
41.138.169.28 - - [19/Aug/2011:13:34:24 +0200] "GET /anfahrt.php HTTP/1.1" 200 8074 "http://www.dr-heidi-fleischer.de/" "Mozilla/4.0 (compatible; MSIE 7.0; Windows NT 6.1; Trident/4.0; SLCC2; .NET CLR 2.0.50727; .NET CLR 3.5.30729; .NET CLR 3.0.30729; CPNTDF; InfoPath.2)"
95.108.158.244 - - [19/Aug/2011:13:42:10 +0200] "GET /img/roll_trans2.gif HTTP/1.1" 304 - "-" "Mozilla/5.0 (compatible; YandexImages/3.0; +http://yandex.com/bots)"
192.114.71.13 - - [19/Aug/2011:14:16:24 +0200] "GET / HTTP/1.1" 200 9626 "-" "Mozilla/5.0 (Windows; U; Windows NT 5.1; en-US; rv:1.8.1.4) Gecko/20070515 Firefox/3.5.9"
192.114.71.13 - - [19/Aug/2011:14:16:25 +0200] "GET /css/fl_style.css HTTP/1.1" 200 10194 "-" "-"
192.114.71.13 - - [19/Aug/2011:14:16:27 +0200] "GET /index.php HTTP/1.1" 200 9626 "http://www.dr-heidi-fleischer.de" "Mozilla/5.0 (Windows; U; Windows NT 5.1; en-US; rv:1.8.1.4) Gecko/20070515 Firefox/3.5.9"
192.114.71.13 - - [19/Aug/2011:14:16:30 +0200] "GET /praxis.php HTTP/1.1" 200 7017 "http://www.dr-heidi-fleischer.de" "Mozilla/5.0 (Windows; U; Windows NT 5.1; en-US; rv:1.8.1.4) Gecko/20070515 Firefox/3.5.9"
192.114.71.13 - - [19/Aug/2011:14:16:32 +0200] "GET /leistungen.php HTTP/1.1" 200 8056 "http://www.dr-heidi-fleischer.de" "Mozilla/5.0 (Windows; U; Windows NT 5.1; en-US; rv:1.8.1.4) Gecko/20070515 Firefox/3.5.9"
192.114.71.13 - - [19/Aug/2011:14:16:34 +0200] "GET /spez_leistungen.php HTTP/1.1" 200 7752 "http://www.dr-heidi-fleischer.de" "Mozilla/5.0 (Windows; U; Windows NT 5.1; en-US; rv:1.8.1.4) Gecko/20070515 Firefox/3.5.9"
192.114.71.13 - - [19/Aug/2011:14:16:37 +0200] "GET /impressum.php HTTP/1.1" 200 8293 "http://www.dr-heidi-fleischer.de" "Mozilla/5.0 (Windows; U; Windows NT 5.1; en-US; rv:1.8.1.4) Gecko/20070515 Firefox/3.5.9"
192.114.71.13 - - [19/Aug/2011:14:16:39 +0200] "GET /kont.php HTTP/1.1" 200 8494 "http://www.dr-heidi-fleischer.de" "Mozilla/5.0 (Windows; U; Windows NT 5.1; en-US; rv:1.8.1.4) Gecko/20070515 Firefox/3.5.9"
192.114.71.13 - - [19/Aug/2011:14:16:42 +0200] "GET /anfahrt.php HTTP/1.1" 200 8074 "http://www.dr-heidi-fleischer.de" "Mozilla/5.0 (Windows; U; Windows NT 5.1; en-US; rv:1.8.1.4) Gecko/20070515 Firefox/3.5.9"
192.114.71.13 - - [19/Aug/2011:14:16:44 +0200] "GET / HTTP/1.1" 200 9626 "http://www.dr-heidi-fleischer.de/kont.php" "Mozilla/5.0 (Windows; U; Windows NT 5.1; en-US; rv:1.8.1.4) Gecko/20070515 Firefox/3.5.9"
192.114.71.13 - - [19/Aug/2011:15:07:01 +0200] "GET /img/tel_footer.gif HTTP/1.1" 200 1051 "-" "-"
192.114.71.13 - - [19/Aug/2011:15:07:01 +0200] "GET /img/f_1-p.gif HTTP/1.1" 200 43 "-" "-"
192.114.71.13 - - [19/Aug/2011:15:07:01 +0200] "GET /img/lay06neu.gif HTTP/1.1" 200 583 "-" "-"
192.114.71.13 - - [19/Aug/2011:15:07:01 +0200] "GET /img/lay07.gif HTTP/1.1" 200 453 "-" "-"
192.114.71.13 - - [19/Aug/2011:15:07:01 +0200] "GET /img/lay01.gif HTTP/1.1" 200 273 "-" "-"
192.114.71.13 - - [19/Aug/2011:15:07:02 +0200] "GET /img/lay09.gif HTTP/1.1" 200 135 "-" "-"
192.114.71.13 - - [19/Aug/2011:15:07:02 +0200] "GET /img/lay16.gif HTTP/1.1" 200 309 "-" "-"
192.114.71.13 - - [19/Aug/2011:15:07:02 +0200] "GET /img/roll_trans2.gif HTTP/1.1" 200 609 "-" "-"
192.114.71.13 - - [19/Aug/2011:15:07:03 +0200] "GET /img/lay08.gif HTTP/1.1" 200 534 "-" "-"
192.114.71.13 - - [19/Aug/2011:15:07:03 +0200] "GET /img/lay14.gif HTTP/1.1" 200 104 "-" "-"
192.114.71.13 - - [19/Aug/2011:15:07:01 +0200] "GET /img/dr_fleischer_ani.gif HTTP/1.1" 200 854042 "-" "-"
192.114.71.13 - - [19/Aug/2011:15:07:03 +0200] "GET /img/roll_trans.gif HTTP/1.1" 200 609 "-" "-"
192.114.71.13 - - [19/Aug/2011:15:07:04 +0200] "GET /img/zert_1.jpg HTTP/1.1" 200 6013 "-" "-"
192.114.71.13 - - [19/Aug/2011:15:07:04 +0200] "GET /img/lay13.gif HTTP/1.1" 200 181 "-" "-"
192.114.71.13 - - [19/Aug/2011:15:07:04 +0200] "GET /img/hg_body.jpg HTTP/1.1" 200 2615 "-" "-"
192.114.71.13 - - [19/Aug/2011:15:07:04 +0200] "GET /img/zert_1gross.jpg HTTP/1.1" 200 22004 "-" "-"
192.114.71.13 - - [19/Aug/2011:15:07:04 +0200] "GET /img/header_neu.gif HTTP/1.1" 200 32567 "-" "-"
192.114.71.13 - - [19/Aug/2011:15:07:05 +0200] "GET /img/vl.gif HTTP/1.1" 200 131 "-" "-"
192.114.71.13 - - [19/Aug/2011:15:07:05 +0200] "GET /img/lay02.gif HTTP/1.1" 200 68 "-" "-"
192.114.71.13 - - [19/Aug/2011:15:07:05 +0200] "GET /img/bg_form.jpg HTTP/1.1" 404 1256 "-" "-"
192.114.71.13 - - [19/Aug/2011:15:07:05 +0200] "GET /img/infobox_bg.gif HTTP/1.1" 404 1256 "-" "-"
192.114.71.13 - - [19/Aug/2011:15:07:06 +0200] "GET /img/lay03.gif HTTP/1.1" 200 1060 "-" "-"
192.114.71.13 - - [19/Aug/2011:15:07:06 +0200] "GET /img/lay04.gif HTTP/1.1" 200 68 "-" "-"
192.114.71.13 - - [19/Aug/2011:15:07:06 +0200] "GET /img/left_bg2.gif HTTP/1.1" 200 176 "-" "-"
192.114.71.13 - - [19/Aug/2011:15:07:06 +0200] "GET /img/lay05.gif HTTP/1.1" 200 331 "-" "-"
192.114.71.13 - - [19/Aug/2011:15:07:07 +0200] "GET /img/hg_zahn2.gif HTTP/1.1" 200 20816 "-" "-"
192.114.71.13 - - [19/Aug/2011:15:07:07 +0200] "GET /img/right_bg.jpg HTTP/1.1" 404 1256 "-" "-"
192.114.71.13 - - [19/Aug/2011:15:07:07 +0200] "GET /img/left_bg.gif HTTP/1.1" 200 98 "-" "-"
192.114.71.13 - - [19/Aug/2011:15:07:07 +0200] "GET /img/right_bg.gif HTTP/1.1" 200 76 "-" "-"
192.114.71.13 - - [19/Aug/2011:15:07:07 +0200] "GET /img/lay10.gif HTTP/1.1" 200 252 "-" "-"
192.114.71.13 - - [19/Aug/2011:15:07:07 +0200] "GET /img/bottom_bg.gif HTTP/1.1" 200 79 "-" "-"
192.114.71.13 - - [19/Aug/2011:15:07:07 +0200] "GET /img/praxis_2.jpg HTTP/1.1" 200 30574 "-" "-"
192.114.71.13 - - [19/Aug/2011:15:07:07 +0200] "GET /img/praxis_1.jpg HTTP/1.1" 200 39868 "-" "-"
192.114.71.13 - - [19/Aug/2011:15:07:08 +0200] "GET /img/leistungen_2.jpg HTTP/1.1" 200 13824 "-" "-"
192.114.71.13 - - [19/Aug/2011:15:07:08 +0200] "GET /img/leistungen_1.jpg HTTP/1.1" 200 15190 "-" "-"
192.114.71.13 - - [19/Aug/2011:15:07:08 +0200] "GET /img/praxis_3.jpg HTTP/1.1" 200 36951 "-" "-"
192.114.71.13 - - [19/Aug/2011:15:07:08 +0200] "GET /img/spez_leistungen_1.jpg HTTP/1.1" 200 18858 "-" "-"
192.114.71.13 - - [19/Aug/2011:15:07:09 +0200] "GET /img/spez_leistungen_2.jpg HTTP/1.1" 200 13667 "-" "-"
192.114.71.13 - - [19/Aug/2011:17:15:03 +0200] "GET / HTTP/1.1" 200 9626 "-" "Mozilla/4.0 (compatible; MSIE 7.0; Windows NT 5.1; .NET CLR 1.1.4322; InfoPath.1; .NET CLR 2.0.50727)"
95.108.158.244 - - [19/Aug/2011:21:11:40 +0200] "GET /robots.txt HTTP/1.1" 200 218 "-" "Mozilla/5.0 (compatible; YandexImages/3.0; +http://yandex.com/bots)"
95.108.158.134 - - [19/Aug/2011:22:26:06 +0200] "GET /robots.txt HTTP/1.1" 200 218 "-" "Mozilla/5.0 (compatible; YandexBot/3.0; +http://yandex.com/bots)"
95.108.158.244 - - [19/Aug/2011:22:44:40 +0200] "GET /img/roll_trans2.gif HTTP/1.1" 304 - "-" "Mozilla/5.0 (compatible; YandexImages/3.0; +http://yandex.com/bots)"
192.114.71.13 - - [19/Aug/2011:23:25:38 +0200] "GET / HTTP/1.1" 200 9626 "-" "Mozilla/5.0 (Windows; U; Windows NT 5.1; en-US; rv:1.8.1.4) Gecko/20070515 Firefox/3.5.9"
192.114.71.13 - - [19/Aug/2011:23:25:39 +0200] "GET /css/fl_style.css HTTP/1.1" 200 10194 "-" "-"
192.114.71.13 - - [19/Aug/2011:23:25:41 +0200] "GET /index.php HTTP/1.1" 200 9626 "http://www.zahnmedizin-im-alter.de" "Mozilla/5.0 (Windows; U; Windows NT 5.1; en-US; rv:1.8.1.4) Gecko/20070515 Firefox/3.5.9"
192.114.71.13 - - [19/Aug/2011:23:25:44 +0200] "GET /praxis.php HTTP/1.1" 200 7017 "http://www.zahnmedizin-im-alter.de" "Mozilla/5.0 (Windows; U; Windows NT 5.1; en-US; rv:1.8.1.4) Gecko/20070515 Firefox/3.5.9"
192.114.71.13 - - [19/Aug/2011:23:25:46 +0200] "GET /leistungen.php HTTP/1.1" 200 8056 "http://www.zahnmedizin-im-alter.de" "Mozilla/5.0 (Windows; U; Windows NT 5.1; en-US; rv:1.8.1.4) Gecko/20070515 Firefox/3.5.9"
192.114.71.13 - - [19/Aug/2011:23:25:48 +0200] "GET /spez_leistungen.php HTTP/1.1" 200 7752 "http://www.zahnmedizin-im-alter.de" "Mozilla/5.0 (Windows; U; Windows NT 5.1; en-US; rv:1.8.1.4) Gecko/20070515 Firefox/3.5.9"
192.114.71.13 - - [19/Aug/2011:23:25:51 +0200] "GET /impressum.php HTTP/1.1" 200 8293 "http://www.zahnmedizin-im-alter.de" "Mozilla/5.0 (Windows; U; Windows NT 5.1; en-US; rv:1.8.1.4) Gecko/20070515 Firefox/3.5.9"
192.114.71.13 - - [19/Aug/2011:23:25:53 +0200] "GET /kont.php HTTP/1.1" 200 8494 "http://www.zahnmedizin-im-alter.de" "Mozilla/5.0 (Windows; U; Windows NT 5.1; en-US; rv:1.8.1.4) Gecko/20070515 Firefox/3.5.9"
192.114.71.13 - - [19/Aug/2011:23:25:56 +0200] "GET /anfahrt.php HTTP/1.1" 200 8074 "http://www.zahnmedizin-im-alter.de" "Mozilla/5.0 (Windows; U; Windows NT 5.1; en-US; rv:1.8.1.4) Gecko/20070515 Firefox/3.5.9"
192.114.71.13 - - [19/Aug/2011:23:25:58 +0200] "GET / HTTP/1.1" 200 9626 "http://www.zahnmedizin-im-alter.de/kont.php" "Mozilla/5.0 (Windows; U; Windows NT 5.1; en-US; rv:1.8.1.4) Gecko/20070515 Firefox/3.5.9"
192.114.71.13 - - [19/Aug/2011:23:53:18 +0200] "GET /img/lay06neu.gif HTTP/1.1" 200 583 "-" "-"
192.114.71.13 - - [19/Aug/2011:23:53:18 +0200] "GET /img/zert_1.jpg HTTP/1.1" 200 6013 "-" "-"
192.114.71.13 - - [19/Aug/2011:23:53:18 +0200] "GET /img/tel_footer.gif HTTP/1.1" 200 1051 "-" "-"
192.114.71.13 - - [19/Aug/2011:23:53:19 +0200] "GET /img/lay01.gif HTTP/1.1" 200 273 "-" "-"
192.114.71.13 - - [19/Aug/2011:23:53:19 +0200] "GET /img/f_1-p.gif HTTP/1.1" 200 43 "-" "-"
192.114.71.13 - - [19/Aug/2011:23:53:19 +0200] "GET /img/lay07.gif HTTP/1.1" 200 453 "-" "-"
192.114.71.13 - - [19/Aug/2011:23:53:19 +0200] "GET /img/roll_trans2.gif HTTP/1.1" 200 609 "-" "-"
192.114.71.13 - - [19/Aug/2011:23:53:19 +0200] "GET /img/lay08.gif HTTP/1.1" 200 534 "-" "-"
192.114.71.13 - - [19/Aug/2011:23:53:20 +0200] "GET /img/lay13.gif HTTP/1.1" 200 181 "-" "-"
192.114.71.13 - - [19/Aug/2011:23:53:20 +0200] "GET /img/lay16.gif HTTP/1.1" 200 309 "-" "-"
192.114.71.13 - - [19/Aug/2011:23:53:20 +0200] "GET /img/lay14.gif HTTP/1.1" 200 104 "-" "-"
192.114.71.13 - - [19/Aug/2011:23:53:21 +0200] "GET /img/lay09.gif HTTP/1.1" 200 135 "-" "-"
192.114.71.13 - - [19/Aug/2011:23:53:21 +0200] "GET /img/roll_trans.gif HTTP/1.1" 200 609 "-" "-"
192.114.71.13 - - [19/Aug/2011:23:53:21 +0200] "GET /img/zert_1gross.jpg HTTP/1.1" 200 22004 "-" "-"
192.114.71.13 - - [19/Aug/2011:23:53:21 +0200] "GET /img/hg_body.jpg HTTP/1.1" 200 2615 "-" "-"
192.114.71.13 - - [19/Aug/2011:23:53:21 +0200] "GET /img/header_neu.gif HTTP/1.1" 200 32567 "-" "-"
192.114.71.13 - - [19/Aug/2011:23:53:22 +0200] "GET /img/vl.gif HTTP/1.1" 200 131 "-" "-"
192.114.71.13 - - [19/Aug/2011:23:53:22 +0200] "GET /img/bg_form.jpg HTTP/1.1" 404 1256 "-" "-"
192.114.71.13 - - [19/Aug/2011:23:53:22 +0200] "GET /img/infobox_bg.gif HTTP/1.1" 404 1256 "-" "-"
192.114.71.13 - - [19/Aug/2011:23:53:23 +0200] "GET /img/lay03.gif HTTP/1.1" 200 1060 "-" "-"
192.114.71.13 - - [19/Aug/2011:23:53:24 +0200] "GET /img/lay02.gif HTTP/1.1" 200 68 "-" "-"
192.114.71.13 - - [19/Aug/2011:23:53:24 +0200] "GET /img/lay04.gif HTTP/1.1" 200 68 "-" "-"
192.114.71.13 - - [19/Aug/2011:23:53:25 +0200] "GET /img/left_bg2.gif HTTP/1.1" 200 176 "-" "-"
192.114.71.13 - - [19/Aug/2011:23:53:25 +0200] "GET /img/lay05.gif HTTP/1.1" 200 331 "-" "-"
192.114.71.13 - - [19/Aug/2011:23:53:25 +0200] "GET /img/hg_zahn2.gif HTTP/1.1" 200 20816 "-" "-"
192.114.71.13 - - [19/Aug/2011:23:53:25 +0200] "GET /img/right_bg.jpg HTTP/1.1" 404 1256 "-" "-"
192.114.71.13 - - [19/Aug/2011:23:53:26 +0200] "GET /img/lay10.gif HTTP/1.1" 200 252 "-" "-"
192.114.71.13 - - [19/Aug/2011:23:53:26 +0200] "GET /img/bottom_bg.gif HTTP/1.1" 200 79 "-" "-"
192.114.71.13 - - [19/Aug/2011:23:53:26 +0200] "GET /img/right_bg.gif HTTP/1.1" 200 76 "-" "-"
192.114.71.13 - - [19/Aug/2011:23:53:26 +0200] "GET /img/left_bg.gif HTTP/1.1" 200 98 "-" "-"
192.114.71.13 - - [19/Aug/2011:23:53:18 +0200] "GET /img/dr_fleischer_ani.gif HTTP/1.1" 200 854042 "-" "-"
192.114.71.13 - - [19/Aug/2011:23:53:27 +0200] "GET /img/praxis_2.jpg HTTP/1.1" 200 30574 "-" "-"
192.114.71.13 - - [19/Aug/2011:23:53:27 +0200] "GET /img/leistungen_1.jpg HTTP/1.1" 200 15190 "-" "-"
192.114.71.13 - - [19/Aug/2011:23:53:27 +0200] "GET /img/praxis_1.jpg HTTP/1.1" 200 39868 "-" "-"
192.114.71.13 - - [19/Aug/2011:23:53:27 +0200] "GET /img/praxis_3.jpg HTTP/1.1" 200 36951 "-" "-"
192.114.71.13 - - [19/Aug/2011:23:53:28 +0200] "GET /img/leistungen_2.jpg HTTP/1.1" 200 13824 "-" "-"
192.114.71.13 - - [19/Aug/2011:23:53:29 +0200] "GET /img/spez_leistungen_2.jpg HTTP/1.1" 200 13667 "-" "-"
192.114.71.13 - - [19/Aug/2011:23:53:29 +0200] "GET /img/spez_leistungen_1.jpg HTTP/1.1" 200 18858 "-" "-"
95.108.158.244 - - [20/Aug/2011:00:18:35 +0200] "GET /img/f_1-p.gif HTTP/1.1" 304 - "-" "Mozilla/5.0 (compatible; YandexImages/3.0; +http://yandex.com/bots)"
157.55.50.77 - - [20/Aug/2011:01:01:11 +0200] "GET /robots.txt HTTP/1.1" 200 218 "-" "Mozilla/5.0 (compatible; bingbot/2.0; +http://www.bing.com/bingbot.htm)"
95.108.158.244 - - [20/Aug/2011:01:05:49 +0200] "GET /img/tel_footer.gif HTTP/1.1" 304 - "-" "Mozilla/5.0 (compatible; YandexImages/3.0; +http://yandex.com/bots)"
157.55.16.221 - - [20/Aug/2011:01:55:58 +0200] "GET /robots.txt HTTP/1.1" 200 218 "-" "Mozilla/5.0 (compatible; bingbot/2.0; +http://www.bing.com/bingbot.htm)"
157.55.16.221 - - [20/Aug/2011:01:56:29 +0200] "GET /index.php HTTP/1.1" 200 9626 "-" "Mozilla/5.0 (compatible; bingbot/2.0; +http://www.bing.com/bingbot.htm)"
207.46.199.203 - - [20/Aug/2011:02:56:35 +0200] "GET /robots.txt HTTP/1.1" 200 218 "-" "Mozilla/5.0 (compatible; bingbot/2.0; +http://www.bing.com/bingbot.htm)"
95.108.158.244 - - [20/Aug/2011:03:47:12 +0200] "GET /img/lay16.gif HTTP/1.1" 304 - "-" "Mozilla/5.0 (compatible; YandexImages/3.0; +http://yandex.com/bots)"
95.108.158.134 - - [20/Aug/2011:03:55:49 +0200] "GET / HTTP/1.1" 200 9626 "-" "Mozilla/5.0 (compatible; YandexBot/3.0; +http://yandex.com/bots)"
67.195.112.159 - - [20/Aug/2011:04:39:27 +0200] "GET /robots.txt HTTP/1.0" 200 218 "-" "Mozilla/5.0 (compatible; Yahoo! Slurp; http://help.yahoo.com/help/us/ysearch/slurp)"
67.195.112.159 - - [20/Aug/2011:04:39:28 +0200] "GET /kont.php HTTP/1.0" 200 8494 "-" "Mozilla/5.0 (compatible; Yahoo! Slurp; http://help.yahoo.com/help/us/ysearch/slurp)"
67.195.112.159 - - [20/Aug/2011:04:39:29 +0200] "GET /css/fl_style.css HTTP/1.0" 200 10194 "http://www.dr-heidi-fleischer.de/kont.php" "Mozilla/5.0 (compatible; Yahoo! Slurp; http://help.yahoo.com/help/us/ysearch/slurp)"
95.108.158.244 - - [20/Aug/2011:05:48:07 +0200] "GET /robots.txt HTTP/1.1" 200 218 "-" "Mozilla/5.0 (compatible; YandexImages/3.0; +http://yandex.com/bots)"
157.55.50.77 - - [20/Aug/2011:06:05:21 +0200] "GET /robots.txt HTTP/1.1" 200 218 "-" "Mozilla/5.0 (compatible; bingbot/2.0; +http://www.bing.com/bingbot.htm)"
95.108.158.244 - - [20/Aug/2011:06:16:19 +0200] "GET /img/lay06neu.gif HTTP/1.1" 304 - "-" "Mozilla/5.0 (compatible; YandexImages/3.0; +http://yandex.com/bots)"
95.108.158.244 - - [20/Aug/2011:07:12:41 +0200] "GET /img/roll_trans.gif HTTP/1.1" 304 - "-" "Mozilla/5.0 (compatible; YandexImages/3.0; +http://yandex.com/bots)"
64.246.165.150 - - [20/Aug/2011:07:27:45 +0200] "GET /robots.txt HTTP/1.0" 200 218 "-" "Mozilla/5.0 (Windows; U; Windows NT 5.1; en; rv:1.9.0.13) Gecko/2009073022 Firefox/3.5.2 (.NET CLR 3.5.30729) SurveyBot/2.3 (DomainTools)"
64.246.165.150 - - [20/Aug/2011:07:27:45 +0200] "GET / HTTP/1.1" 200 9626 "http://whois.domaintools.com/zahnmedizin-im-alter.de" "Mozilla/5.0 (Windows; U; Windows NT 5.1; en; rv:1.9.0.13) Gecko/2009073022 Firefox/3.5.2 (.NET CLR 3.5.30729) SurveyBot/2.3 (DomainTools)"
95.108.158.244 - - [20/Aug/2011:08:37:02 +0200] "GET /img/f_1-p.gif HTTP/1.1" 304 - "-" "Mozilla/5.0 (compatible; YandexImages/3.0; +http://yandex.com/bots)"
66.249.72.132 - - [20/Aug/2011:08:53:57 +0200] "GET /robots.txt HTTP/1.1" 200 218 "-" "Mozilla/5.0 (compatible; Googlebot/2.1; +http://www.google.com/bot.html)"
66.249.72.132 - - [20/Aug/2011:08:53:57 +0200] "GET /kont.php HTTP/1.1" 200 8494 "-" "Mozilla/5.0 (compatible; Googlebot/2.1; +http://www.google.com/bot.html)"
95.108.158.244 - - [20/Aug/2011:10:16:57 +0200] "GET /img/lay16.gif HTTP/1.1" 304 - "-" "Mozilla/5.0 (compatible; YandexImages/3.0; +http://yandex.com/bots)"
95.108.158.244 - - [20/Aug/2011:10:31:42 +0200] "GET /img/roll_trans2.gif HTTP/1.1" 304 - "-" "Mozilla/5.0 (compatible; YandexImages/3.0; +http://yandex.com/bots)"
207.46.199.203 - - [20/Aug/2011:11:05:19 +0200] "GET /robots.txt HTTP/1.1" 200 218 "-" "Mozilla/5.0 (compatible; bingbot/2.0; +http://www.bing.com/bingbot.htm)"
95.108.158.244 - - [20/Aug/2011:16:02:01 +0200] "GET /img/f_1-p.gif HTTP/1.1" 304 - "-" "Mozilla/5.0 (compatible; YandexImages/3.0; +http://yandex.com/bots)"
207.46.199.177 - - [20/Aug/2011:16:02:40 +0200] "GET /robots.txt HTTP/1.1" 200 218 "-" "Mozilla/5.0 (compatible; bingbot/2.0; +http://www.bing.com/bingbot.htm)"
95.108.158.244 - - [20/Aug/2011:16:45:00 +0200] "GET /img/lay06neu.gif HTTP/1.1" 304 - "-" "Mozilla/5.0 (compatible; YandexImages/3.0; +http://yandex.com/bots)"
95.108.158.244 - - [20/Aug/2011:18:00:06 +0200] "GET /img/lay16.gif HTTP/1.1" 304 - "-" "Mozilla/5.0 (compatible; YandexImages/3.0; +http://yandex.com/bots)"
207.46.199.203 - - [20/Aug/2011:18:14:06 +0200] "GET /robots.txt HTTP/1.1" 200 218 "-" "Mozilla/5.0 (compatible; bingbot/2.0; +http://www.bing.com/bingbot.htm)"
192.114.71.13 - - [20/Aug/2011:18:28:14 +0200] "GET / HTTP/1.1" 200 9626 "-" "Mozilla/5.0 (compatible)"
192.114.71.13 - - [20/Aug/2011:18:28:16 +0200] "GET /spez_leistungen.php HTTP/1.1" 200 7752 "http://www.zahnmedizin-im-alter.de/" "Mozilla/4.0 (compatible; MSIE 7.0; Windows NT 5.1)"
192.114.71.13 - - [20/Aug/2011:18:28:16 +0200] "GET /kont.php HTTP/1.1" 200 8494 "http://www.zahnmedizin-im-alter.de/" "Mozilla/4.0 (compatible; MSIE 7.0; Windows NT 5.1)"
192.114.71.13 - - [20/Aug/2011:18:28:18 +0200] "GET /css/fl_style.css HTTP/1.1" 200 10194 "http://www.zahnmedizin-im-alter.de/" "Mozilla/4.0 (compatible; MSIE 7.0; Windows NT 5.1)"
192.114.71.13 - - [20/Aug/2011:18:28:20 +0200] "GET /index.php HTTP/1.1" 200 9626 "http://www.zahnmedizin-im-alter.de/" "Mozilla/5.0 (compatible)"
192.114.71.13 - - [20/Aug/2011:18:28:20 +0200] "GET /leistungen.php HTTP/1.1" 200 8056 "http://www.zahnmedizin-im-alter.de/" "Mozilla/4.0 (compatible; MSIE 7.0; Windows NT 5.1)"
192.114.71.13 - - [20/Aug/2011:18:28:22 +0200] "GET /impressum.php HTTP/1.1" 200 8293 "http://www.zahnmedizin-im-alter.de/" "Mozilla/6.0 (compatible)"
192.114.71.13 - - [20/Aug/2011:18:28:30 +0200] "GET /anfahrt.php HTTP/1.1" 200 8074 "http://www.zahnmedizin-im-alter.de/" "Mozilla/5.0 (compatible)"
192.114.71.13 - - [20/Aug/2011:18:28:53 +0200] "GET /praxis.php HTTP/1.1" 200 7017 "http://www.zahnmedizin-im-alter.de/" "Mozilla/4.0 (compatible; MSIE 7.0; Windows NT 5.1)"
95.108.158.244 - - [20/Aug/2011:19:04:28 +0200] "GET /img/tel_footer.gif HTTP/1.1" 304 - "-" "Mozilla/5.0 (compatible; YandexImages/3.0; +http://yandex.com/bots)"
95.108.158.244 - - [20/Aug/2011:19:47:23 +0200] "GET /img/tel_footer.gif HTTP/1.1" 304 - "-" "Mozilla/5.0 (compatible; YandexImages/3.0; +http://yandex.com/bots)"
95.108.158.244 - - [20/Aug/2011:20:08:55 +0200] "GET /img/roll_trans2.gif HTTP/1.1" 304 - "-" "Mozilla/5.0 (compatible; YandexImages/3.0; +http://yandex.com/bots)"
95.108.158.244 - - [20/Aug/2011:22:34:36 +0200] "GET /robots.txt HTTP/1.1" 200 218 "-" "Mozilla/5.0 (compatible; YandexImages/3.0; +http://yandex.com/bots)"
95.108.158.244 - - [20/Aug/2011:23:05:54 +0200] "GET /img/roll_trans.gif HTTP/1.1" 304 - "-" "Mozilla/5.0 (compatible; YandexImages/3.0; +http://yandex.com/bots)"
95.108.158.244 - - [21/Aug/2011:02:47:17 +0200] "GET /robots.txt HTTP/1.1" 200 218 "-" "Mozilla/5.0 (compatible; YandexImages/3.0; +http://yandex.com/bots)"
95.108.158.244 - - [21/Aug/2011:04:51:29 +0200] "GET /img/f_1-p.gif HTTP/1.1" 304 - "-" "Mozilla/5.0 (compatible; YandexImages/3.0; +http://yandex.com/bots)"
95.108.158.244 - - [21/Aug/2011:06:14:16 +0200] "GET /img/lay06neu.gif HTTP/1.1" 304 - "-" "Mozilla/5.0 (compatible; YandexImages/3.0; +http://yandex.com/bots)"
95.108.158.244 - - [21/Aug/2011:07:37:03 +0200] "GET /img/roll_trans2.gif HTTP/1.1" 304 - "-" "Mozilla/5.0 (compatible; YandexImages/3.0; +http://yandex.com/bots)"
95.108.158.244 - - [21/Aug/2011:09:00:22 +0200] "GET /img/lay16.gif HTTP/1.1" 304 - "-" "Mozilla/5.0 (compatible; YandexImages/3.0; +http://yandex.com/bots)"
95.108.158.244 - - [21/Aug/2011:13:09:40 +0200] "GET /img/f_1-p.gif HTTP/1.1" 304 - "-" "Mozilla/5.0 (compatible; YandexImages/3.0; +http://yandex.com/bots)"
95.108.158.244 - - [21/Aug/2011:13:37:54 +0200] "GET /img/lay06neu.gif HTTP/1.1" 304 - "-" "Mozilla/5.0 (compatible; YandexImages/3.0; +http://yandex.com/bots)"
95.108.158.244 - - [21/Aug/2011:15:02:35 +0200] "GET /img/lay16.gif HTTP/1.1" 304 - "-" "Mozilla/5.0 (compatible; YandexImages/3.0; +http://yandex.com/bots)"
95.108.158.244 - - [21/Aug/2011:16:11:18 +0200] "GET /img/tel_footer.gif HTTP/1.1" 304 - "-" "Mozilla/5.0 (compatible; YandexImages/3.0; +http://yandex.com/bots)"
95.108.158.244 - - [21/Aug/2011:16:51:48 +0200] "GET /img/roll_trans.gif HTTP/1.1" 304 - "-" "Mozilla/5.0 (compatible; YandexImages/3.0; +http://yandex.com/bots)"
95.108.158.244 - - [21/Aug/2011:17:05:18 +0200] "GET /img/tel_footer.gif HTTP/1.1" 304 - "-" "Mozilla/5.0 (compatible; YandexImages/3.0; +http://yandex.com/bots)"
95.108.158.244 - - [21/Aug/2011:19:33:46 +0200] "GET /img/roll_trans2.gif HTTP/1.1" 304 - "-" "Mozilla/5.0 (compatible; YandexImages/3.0; +http://yandex.com/bots)"
66.249.72.23 - - [21/Aug/2011:19:39:58 +0200] "GET /robots.txt HTTP/1.1" 200 218 "-" "Mozilla/5.0 (compatible; Googlebot/2.1; +http://www.google.com/bot.html)"
66.249.72.23 - - [21/Aug/2011:19:39:58 +0200] "GET / HTTP/1.1" 200 9626 "-" "Mozilla/5.0 (compatible; Googlebot/2.1; +http://www.google.com/bot.html)"
81.82.122.115 - - [21/Aug/2011:20:22:38 +0200] "GET / HTTP/1.1" 200 9626 "-" "Mozilla/5.0 (Windows; U; Windows NT 6.0; en-US; rv:1.9.2.11) Gecko/20101012 Firefox/3.6.11 GTB7.1 ( .NET CLR 3.5.30729; .NET4.0E)"
95.108.158.244 - - [22/Aug/2011:00:54:42 +0200] "GET /robots.txt HTTP/1.1" 200 218 "-" "Mozilla/5.0 (compatible; YandexImages/3.0; +http://yandex.com/bots)"
95.108.158.244 - - [22/Aug/2011:02:31:57 +0200] "GET /robots.txt HTTP/1.1" 200 218 "-" "Mozilla/5.0 (compatible; YandexImages/3.0; +http://yandex.com/bots)"
95.108.158.244 - - [22/Aug/2011:03:16:50 +0200] "GET /img/roll_trans2.gif HTTP/1.1" 304 - "-" "Mozilla/5.0 (compatible; YandexImages/3.0; +http://yandex.com/bots)"
95.108.158.244 - - [22/Aug/2011:04:01:00 +0200] "GET /img/lay06neu.gif HTTP/1.1" 304 - "-" "Mozilla/5.0 (compatible; YandexImages/3.0; +http://yandex.com/bots)"
95.108.158.244 - - [22/Aug/2011:04:46:35 +0200] "GET /img/f_1-p.gif HTTP/1.1" 304 - "-" "Mozilla/5.0 (compatible; YandexImages/3.0; +http://yandex.com/bots)"
95.108.158.244 - - [22/Aug/2011:05:39:39 +0200] "GET /img/lay16.gif HTTP/1.1" 304 - "-" "Mozilla/5.0 (compatible; YandexImages/3.0; +http://yandex.com/bots)"
66.249.72.132 - - [22/Aug/2011:07:20:22 +0200] "GET /robots.txt HTTP/1.1" 200 218 "-" "Mozilla/5.0 (compatible; Googlebot/2.1; +http://www.google.com/bot.html)"
66.249.72.132 - - [22/Aug/2011:07:20:23 +0200] "GET / HTTP/1.1" 200 9626 "-" "Mozilla/5.0 (compatible; Googlebot/2.1; +http://www.google.com/bot.html)"
207.46.199.205 - - [22/Aug/2011:08:37:37 +0200] "GET /robots.txt HTTP/1.1" 200 218 "-" "Mozilla/5.0 (compatible; bingbot/2.0; +http://www.bing.com/bingbot.htm)"
84.191.213.6 - - [22/Aug/2011:08:52:15 +0200] "GET / HTTP/1.1" 200 9626 "http://www.google.de/url?sa=t&source=web&cd=5&sqi=2&ved=0CDwQFjAE&url=http%3A%2F%2Fwww.dr-heidi-fleischer.de%2F&rct=j&q=dr%20fleischhauer%20heide&ei=fvxRTp70Femh4gSxj5SrBw&usg=AFQjCNFtUEW4ruGRBkbh9xWO3kO7xPGlWQ" "Mozilla/5.0 (Windows NT 5.1; rv:5.0) Gecko/20100101 Firefox/5.0"
84.191.213.6 - - [22/Aug/2011:08:52:16 +0200] "GET /img/lay06neu.gif HTTP/1.1" 200 583 "http://www.dr-heidi-fleischer.de/" "Mozilla/5.0 (Windows NT 5.1; rv:5.0) Gecko/20100101 Firefox/5.0"
84.191.213.6 - - [22/Aug/2011:08:52:16 +0200] "GET /css/fl_style.css HTTP/1.1" 200 10194 "http://www.dr-heidi-fleischer.de/" "Mozilla/5.0 (Windows NT 5.1; rv:5.0) Gecko/20100101 Firefox/5.0"
84.191.213.6 - - [22/Aug/2011:08:52:16 +0200] "GET /scripte/all_scripts.js HTTP/1.1" 200 249 "http://www.dr-heidi-fleischer.de/" "Mozilla/5.0 (Windows NT 5.1; rv:5.0) Gecko/20100101 Firefox/5.0"
84.191.213.6 - - [22/Aug/2011:08:52:16 +0200] "GET /img/lay01.gif HTTP/1.1" 200 273 "http://www.dr-heidi-fleischer.de/" "Mozilla/5.0 (Windows NT 5.1; rv:5.0) Gecko/20100101 Firefox/5.0"
84.191.213.6 - - [22/Aug/2011:08:52:16 +0200] "GET /img/f_1-p.gif HTTP/1.1" 200 43 "http://www.dr-heidi-fleischer.de/" "Mozilla/5.0 (Windows NT 5.1; rv:5.0) Gecko/20100101 Firefox/5.0"
84.191.213.6 - - [22/Aug/2011:08:52:16 +0200] "GET /img/tel_footer.gif HTTP/1.1" 200 1051 "http://www.dr-heidi-fleischer.de/" "Mozilla/5.0 (Windows NT 5.1; rv:5.0) Gecko/20100101 Firefox/5.0"
84.191.213.6 - - [22/Aug/2011:08:52:16 +0200] "GET /img/lay07.gif HTTP/1.1" 200 453 "http://www.dr-heidi-fleischer.de/" "Mozilla/5.0 (Windows NT 5.1; rv:5.0) Gecko/20100101 Firefox/5.0"
84.191.213.6 - - [22/Aug/2011:08:52:16 +0200] "GET /img/zert_1.jpg HTTP/1.1" 200 6013 "http://www.dr-heidi-fleischer.de/" "Mozilla/5.0 (Windows NT 5.1; rv:5.0) Gecko/20100101 Firefox/5.0"
84.191.213.6 - - [22/Aug/2011:08:52:16 +0200] "GET /img/roll_trans.gif HTTP/1.1" 200 609 "http://www.dr-heidi-fleischer.de/" "Mozilla/5.0 (Windows NT 5.1; rv:5.0) Gecko/20100101 Firefox/5.0"
84.191.213.6 - - [22/Aug/2011:08:52:16 +0200] "GET /img/roll_trans2.gif HTTP/1.1" 200 609 "http://www.dr-heidi-fleischer.de/" "Mozilla/5.0 (Windows NT 5.1; rv:5.0) Gecko/20100101 Firefox/5.0"
84.191.213.6 - - [22/Aug/2011:08:52:16 +0200] "GET /img/lay16.gif HTTP/1.1" 200 309 "http://www.dr-heidi-fleischer.de/" "Mozilla/5.0 (Windows NT 5.1; rv:5.0) Gecko/20100101 Firefox/5.0"
84.191.213.6 - - [22/Aug/2011:08:52:16 +0200] "GET /img/lay08.gif HTTP/1.1" 200 534 "http://www.dr-heidi-fleischer.de/" "Mozilla/5.0 (Windows NT 5.1; rv:5.0) Gecko/20100101 Firefox/5.0"
84.191.213.6 - - [22/Aug/2011:08:52:16 +0200] "GET /img/lay09.gif HTTP/1.1" 200 135 "http://www.dr-heidi-fleischer.de/" "Mozilla/5.0 (Windows NT 5.1; rv:5.0) Gecko/20100101 Firefox/5.0"
84.191.213.6 - - [22/Aug/2011:08:52:16 +0200] "GET /img/lay13.gif HTTP/1.1" 200 181 "http://www.dr-heidi-fleischer.de/" "Mozilla/5.0 (Windows NT 5.1; rv:5.0) Gecko/20100101 Firefox/5.0"
84.191.213.6 - - [22/Aug/2011:08:52:16 +0200] "GET /img/lay14.gif HTTP/1.1" 200 104 "http://www.dr-heidi-fleischer.de/" "Mozilla/5.0 (Windows NT 5.1; rv:5.0) Gecko/20100101 Firefox/5.0"
84.191.213.6 - - [22/Aug/2011:08:52:16 +0200] "GET /img/favicon.ico HTTP/1.1" 200 5430 "-" "Mozilla/5.0 (Windows NT 5.1; rv:5.0) Gecko/20100101 Firefox/5.0"
84.191.213.6 - - [22/Aug/2011:08:52:16 +0200] "GET /img/animated_favicon1.gif HTTP/1.1" 200 1808 "-" "Mozilla/5.0 (Windows NT 5.1; rv:5.0) Gecko/20100101 Firefox/5.0"
84.191.213.6 - - [22/Aug/2011:08:52:16 +0200] "GET /img/zert_1gross.jpg HTTP/1.1" 200 22004 "http://www.dr-heidi-fleischer.de/" "Mozilla/5.0 (Windows NT 5.1; rv:5.0) Gecko/20100101 Firefox/5.0"
