95.216.96.245 - - [01/Apr/2021:00:32:06 +0200] "GET /robots.txt HTTP/1.1" 404 1256 "-" "Mozilla/5.0 (compatible; SEOkicks; +https://www.seokicks.de/robot.html)"
95.216.96.245 - - [01/Apr/2021:00:32:07 +0200] "GET / HTTP/1.1" 200 569 "-" "Mozilla/5.0 (compatible; SEOkicks; +https://www.seokicks.de/robot.html)"
42.236.10.98 - - [01/Apr/2021:02:27:03 +0200] "GET / HTTP/1.1" 200 569 "http://www.die-fabians.de/" "Mozilla/5.0 (Windows NT 6.1; WOW64) AppleWebKit/537.36 (KHTML, like Gecko) Chrome/50.4.2661.102 Safari/537.36; 360Spider"
104.131.18.197 - - [01/Apr/2021:02:57:06 +0200] "GET //.env HTTP/1.1" 404 1256 "-" "python-requests/2.25.1"
104.131.18.197 - - [01/Apr/2021:03:01:32 +0200] "GET //.env HTTP/1.1" 404 1256 "-" "python-requests/2.25.1"
104.131.18.197 - - [01/Apr/2021:03:04:18 +0200] "GET //vendor/phpunit/phpunit/src/Util/PHP/eval-stdin.php HTTP/1.1" 404 1256 "-" "python-requests/2.25.1"
79.143.87.125 - - [01/Apr/2021:04:38:02 +0200] "GET / HTTP/1.1" 200 569 "-" "Java/1.6.0_04"
79.143.87.125 - - [01/Apr/2021:04:38:02 +0200] "GET /picture/img001.png HTTP/1.1" 200 643437 "-" "Java/1.6.0_04"
62.138.2.214 - - [01/Apr/2021:05:13:27 +0200] "GET /robots.txt HTTP/1.1" 404 1256 "-" "Mozilla/5.0 (X11; Linux x86_64; rv:81.0) Gecko/20100101 Firefox/81.0"
62.138.2.214 - - [01/Apr/2021:05:13:27 +0200] "GET / HTTP/1.1" 200 569 "-" "Mozilla/5.0 (X11; Linux x86_64; rv:81.0) Gecko/20100101 Firefox/81.0"
62.138.2.214 - - [01/Apr/2021:11:57:09 +0200] "GET /robots.txt HTTP/1.1" 404 1256 "-" "Mozilla/5.0 (X11; Linux x86_64; rv:81.0) Gecko/20100101 Firefox/81.0"
62.138.2.214 - - [01/Apr/2021:11:57:09 +0200] "GET / HTTP/1.1" 200 569 "-" "Mozilla/5.0 (X11; Linux x86_64; rv:81.0) Gecko/20100101 Firefox/81.0"
62.138.2.214 - - [01/Apr/2021:11:58:08 +0200] "GET / HTTP/1.1" 200 569 "-" "Mozilla/5.0 (X11; Linux x86_64; rv:81.0) Gecko/20100101 Firefox/81.0"
62.138.2.214 - - [01/Apr/2021:11:58:10 +0200] "GET / HTTP/1.1" 200 569 "-" "Mozilla/5.0 (X11; Linux x86_64; rv:81.0) Gecko/20100101 Firefox/81.0"
62.138.2.214 - - [01/Apr/2021:12:03:10 +0200] "GET / HTTP/1.1" 200 569 "-" "Mozilla/5.0 (X11; Linux x86_64; rv:81.0) Gecko/20100101 Firefox/81.0"
79.143.87.125 - - [01/Apr/2021:23:24:32 +0200] "GET / HTTP/1.1" 200 569 "-" "Java/1.6.0_04"
79.143.87.125 - - [01/Apr/2021:23:24:32 +0200] "GET /picture/img001.png HTTP/1.1" 200 643437 "-" "Java/1.6.0_04"
62.138.2.214 - - [01/Apr/2021:23:42:44 +0200] "GET /robots.txt HTTP/1.1" 404 1256 "-" "Mozilla/5.0 (X11; Linux x86_64; rv:81.0) Gecko/20100101 Firefox/81.0"
62.138.2.214 - - [01/Apr/2021:23:42:44 +0200] "GET / HTTP/1.1" 200 569 "-" "Mozilla/5.0 (X11; Linux x86_64; rv:81.0) Gecko/20100101 Firefox/81.0"
54.36.148.129 - - [02/Apr/2021:02:09:35 +0200] "GET /robots.txt HTTP/1.1" 404 1256 "-" "Mozilla/5.0 (compatible; AhrefsBot/7.0; +http://ahrefs.com/robot/)"
42.236.10.108 - - [02/Apr/2021:04:21:18 +0200] "GET / HTTP/1.1" 200 569 "http://www.die-fabians.de/" "Mozilla/5.0 (Windows NT 6.1; WOW64) AppleWebKit/537.36 (KHTML, like Gecko) Chrome/50.4.2661.102 Safari/537.36; 360Spider"
66.249.66.61 - - [02/Apr/2021:05:17:17 +0200] "GET /robots.txt HTTP/1.1" 404 1256 "-" "Mozilla/5.0 (compatible; Googlebot/2.1; +http://www.google.com/bot.html)"
66.249.66.32 - - [02/Apr/2021:05:17:17 +0200] "GET / HTTP/1.1" 200 569 "-" "Mozilla/5.0 (Linux; Android 6.0.1; Nexus 5X Build/MMB29P) AppleWebKit/537.36 (KHTML, like Gecko) Chrome/89.0.4389.117 Mobile Safari/537.36 (compatible; Googlebot/2.1; +http://www.google.com/bot.html)"
62.138.2.214 - - [02/Apr/2021:06:18:07 +0200] "GET /robots.txt HTTP/1.1" 404 1256 "-" "Mozilla/5.0 (X11; Linux x86_64; rv:81.0) Gecko/20100101 Firefox/81.0"
62.138.2.214 - - [02/Apr/2021:06:18:07 +0200] "GET / HTTP/1.1" 200 569 "-" "Mozilla/5.0 (X11; Linux x86_64; rv:81.0) Gecko/20100101 Firefox/81.0"
62.138.2.214 - - [02/Apr/2021:06:18:12 +0200] "GET / HTTP/1.1" 200 569 "-" "Mozilla/5.0 (X11; Linux x86_64; rv:81.0) Gecko/20100101 Firefox/81.0"
66.249.66.32 - - [02/Apr/2021:07:03:22 +0200] "GET /favicon.ico HTTP/1.1" 404 1256 "-" "Googlebot-Image/1.0"
85.214.85.206 - - [02/Apr/2021:08:40:40 +0200] "GET / HTTP/1.1" 200 569 "-" "Java/1.8.0_121"
85.214.85.206 - - [02/Apr/2021:08:40:40 +0200] "GET /picture/img001.png HTTP/1.1" 200 643437 "-" "Java/1.8.0_121"
54.36.148.78 - - [02/Apr/2021:10:11:53 +0200] "GET / HTTP/1.1" 200 569 "-" "Mozilla/5.0 (compatible; AhrefsBot/7.0; +http://ahrefs.com/robot/)"
77.88.9.134 - - [02/Apr/2021:11:24:47 +0200] "GET /robots.txt HTTP/1.1" 404 1256 "-" "Mozilla/5.0 (compatible; YandexBot/3.0; +http://yandex.com/bots)"
77.88.9.134 - - [02/Apr/2021:11:24:51 +0200] "GET / HTTP/1.1" 200 569 "-" "Mozilla/5.0 (compatible; YandexBot/3.0; +http://yandex.com/bots)"
40.77.167.86 - - [02/Apr/2021:12:44:40 +0200] "GET /robots.txt HTTP/1.1" 404 1256 "-" "Mozilla/5.0 (compatible; bingbot/2.0; +http://www.bing.com/bingbot.htm)"
40.77.167.72 - - [02/Apr/2021:12:45:03 +0200] "GET / HTTP/1.1" 200 569 "-" "Mozilla/5.0 (compatible; bingbot/2.0; +http://www.bing.com/bingbot.htm)"
40.77.167.68 - - [02/Apr/2021:12:45:18 +0200] "GET /robots.txt HTTP/1.1" 404 1256 "-" "Mozilla/5.0 (compatible; bingbot/2.0; +http://www.bing.com/bingbot.htm)"
40.77.167.68 - - [02/Apr/2021:12:45:19 +0200] "GET /robots.txt HTTP/1.1" 404 1256 "-" "Mozilla/5.0 (compatible; bingbot/2.0; +http://www.bing.com/bingbot.htm)"
79.143.87.141 - - [02/Apr/2021:13:23:10 +0200] "GET / HTTP/1.1" 200 569 "-" "Java/1.6.0_04"
79.143.87.141 - - [02/Apr/2021:13:23:10 +0200] "GET /picture/img001.png HTTP/1.1" 200 643437 "-" "Java/1.6.0_04"
42.236.10.82 - - [02/Apr/2021:13:46:25 +0200] "GET / HTTP/1.1" 200 569 "http://www.die-fabians.de/" "Mozilla/5.0 (Windows NT 6.1; WOW64) AppleWebKit/537.36 (KHTML, like Gecko) Chrome/50.4.2661.102 Safari/537.36; 360Spider"
62.138.2.214 - - [02/Apr/2021:17:58:55 +0200] "GET /robots.txt HTTP/1.1" 404 1256 "-" "Mozilla/5.0 (X11; Linux x86_64; rv:81.0) Gecko/20100101 Firefox/81.0"
62.138.2.214 - - [02/Apr/2021:17:58:56 +0200] "GET / HTTP/1.1" 200 569 "-" "Mozilla/5.0 (X11; Linux x86_64; rv:81.0) Gecko/20100101 Firefox/81.0"
62.138.2.214 - - [02/Apr/2021:18:03:07 +0200] "GET / HTTP/1.1" 200 569 "-" "Mozilla/5.0 (X11; Linux x86_64; rv:81.0) Gecko/20100101 Firefox/81.0"
216.18.204.208 - - [02/Apr/2021:19:25:45 +0200] "GET /robots.txt HTTP/1.1" 404 1256 "-" "Mozilla/5.0 (compatible; Adsbot/3.1; +https://seostar.co/robot/)"
216.18.204.208 - - [02/Apr/2021:19:25:50 +0200] "GET / HTTP/1.1" 200 569 "-" "Mozilla/5.0 (compatible; Adsbot/3.1; +https://seostar.co/robot/)"
185.191.171.15 - - [02/Apr/2021:20:54:50 +0200] "GET /robots.txt HTTP/1.1" 404 1256 "-" "Mozilla/5.0 (compatible; SemrushBot/7~bl; +http://www.semrush.com/bot.html)"
185.191.171.7 - - [02/Apr/2021:20:54:50 +0200] "GET / HTTP/1.1" 200 569 "-" "Mozilla/5.0 (compatible; SemrushBot/7~bl; +http://www.semrush.com/bot.html)"
185.191.171.26 - - [02/Apr/2021:20:54:56 +0200] "GET /sitemap.xml HTTP/1.1" 404 1256 "-" "Mozilla/5.0 (compatible; SemrushBot/7~bl; +http://www.semrush.com/bot.html)"
62.138.2.214 - - [02/Apr/2021:22:03:52 +0200] "GET /robots.txt HTTP/1.1" 404 1256 "-" "Mozilla/5.0 (X11; Linux x86_64; rv:81.0) Gecko/20100101 Firefox/81.0"
62.138.2.214 - - [02/Apr/2021:22:03:52 +0200] "GET / HTTP/1.1" 200 569 "-" "Mozilla/5.0 (X11; Linux x86_64; rv:81.0) Gecko/20100101 Firefox/81.0"
13.66.139.105 - - [03/Apr/2021:07:59:11 +0200] "GET / HTTP/1.1" 200 569 "-" "Mozilla/5.0 (iPhone; CPU iPhone OS 7_0 like Mac OS X) AppleWebKit/537.51.1 (KHTML, like Gecko) Version/7.0 Mobile/11A465 Safari/9537.53 (compatible; bingbot/2.0; +http://www.bing.com/bingbot.htm)"
40.77.202.30 - - [03/Apr/2021:07:59:12 +0200] "GET /picture/img001.png HTTP/1.1" 200 643437 "http://www.die-fabians.de/" "Mozilla/5.0 (iPhone; CPU iPhone OS 7_0 like Mac OS X) AppleWebKit/537.51.1 (KHTML, like Gecko) Version/7.0 Mobile/11A465 Safari/9537.53 BingPreview/1.0b"
40.77.167.68 - - [03/Apr/2021:07:59:19 +0200] "GET /robots.txt HTTP/1.1" 404 1256 "-" "Mozilla/5.0 (compatible; bingbot/2.0; +http://www.bing.com/bingbot.htm)"
77.75.77.109 - - [03/Apr/2021:13:40:35 +0200] "GET /robots.txt HTTP/1.1" 404 1256 "-" "Mozilla/5.0 (compatible; SeznamBot/3.2; +http://napoveda.seznam.cz/en/seznambot-intro/)"
77.75.77.109 - - [03/Apr/2021:13:40:35 +0200] "GET /picture/img001.png HTTP/1.1" 304 - "-" "Mozilla/5.0 (compatible; SeznamBot/3.2; +http://napoveda.seznam.cz/en/seznambot-intro/)"
62.138.2.214 - - [03/Apr/2021:20:18:56 +0200] "GET /robots.txt HTTP/1.1" 404 1256 "-" "Mozilla/5.0 (X11; Linux x86_64; rv:81.0) Gecko/20100101 Firefox/81.0"
62.138.2.214 - - [03/Apr/2021:20:18:56 +0200] "GET / HTTP/1.1" 200 569 "-" "Mozilla/5.0 (X11; Linux x86_64; rv:81.0) Gecko/20100101 Firefox/81.0"
62.138.2.214 - - [03/Apr/2021:20:19:38 +0200] "GET / HTTP/1.1" 200 569 "-" "Mozilla/5.0 (X11; Linux x86_64; rv:81.0) Gecko/20100101 Firefox/81.0"
95.216.96.242 - - [03/Apr/2021:21:51:39 +0200] "GET /robots.txt HTTP/1.1" 404 1256 "-" "Mozilla/5.0 (compatible; SEOkicks; +https://www.seokicks.de/robot.html)"
95.216.96.242 - - [03/Apr/2021:21:51:40 +0200] "GET / HTTP/1.1" 200 569 "-" "Mozilla/5.0 (compatible; SEOkicks; +https://www.seokicks.de/robot.html)"
85.214.20.215 - - [04/Apr/2021:12:08:28 +0200] "GET /.env HTTP/1.1" 404 1256 "-" "Mozilla/5.0 (Macintosh; Intel Mac OS X 10.15; rv:77.0) Gecko/20100101 Firefox/77.0"
35.185.235.234 - - [04/Apr/2021:12:40:15 +0200] "HEAD / HTTP/1.1" 200 - "-" "Mozilla/5.0 (Windows NT 5.1) AppleWebKit/537.36 (KHTML, like Gecko) Chrome/36.0.1985.67 Safari/537.36"
42.236.10.105 - - [04/Apr/2021:13:36:56 +0200] "GET / HTTP/1.1" 200 569 "http://www.die-fabians.de/" "Mozilla/5.0 (Windows NT 6.1; WOW64) AppleWebKit/537.36 (KHTML, like Gecko) Chrome/50.4.2661.102 Safari/537.36; 360Spider"
180.163.220.99 - - [04/Apr/2021:14:35:38 +0200] "GET / HTTP/1.1" 200 569 "http://www.die-fabians.de/" "Mozilla/5.0 (Windows NT 10.0; Win64; x64) AppleWebKit/537.36 (KHTML, like Gecko) Chrome/85.0.4183.83 Safari/537.36"
95.216.96.170 - - [05/Apr/2021:08:23:21 +0200] "GET /robots.txt HTTP/1.1" 404 1256 "-" "Mozilla/5.0 (compatible; SEOkicks; +https://www.seokicks.de/robot.html)"
95.216.96.170 - - [05/Apr/2021:08:23:22 +0200] "GET / HTTP/1.1" 200 569 "-" "Mozilla/5.0 (compatible; SEOkicks; +https://www.seokicks.de/robot.html)"
79.143.87.125 - - [05/Apr/2021:08:26:48 +0200] "GET / HTTP/1.1" 200 569 "-" "Java/1.6.0_04"
79.143.87.125 - - [05/Apr/2021:08:26:48 +0200] "GET /picture/img001.png HTTP/1.1" 200 643437 "-" "Java/1.6.0_04"
27.115.124.6 - - [05/Apr/2021:17:23:48 +0200] "GET / HTTP/1.1" 200 569 "http://baidu.com/" "Mozilla/5.0 (Linux; U; Android 8.1.0; zh-CN; EML-AL00 Build/HUAWEIEML-AL00) AppleWebKit/537.36 (KHTML, like Gecko) Version/4.0 Chrome/57.0.2987.108 baidu.sogo.uc.UCBrowser/11.9.4.974 UWS/2.13.1.48 Mobile Safari/537.36 AliApp(DingTalk/4.5.11) com.alibaba.android.rimet/10487439 Channel/227200 language/zh-CN"
27.115.124.6 - - [05/Apr/2021:17:23:50 +0200] "GET /picture/img001.png HTTP/1.1" 200 643437 "http://www.die-fabians.de/" "Mozilla/5.0 (Linux; U; Android 8.1.0; zh-CN; EML-AL00 Build/HUAWEIEML-AL00) AppleWebKit/537.36 (KHTML, like Gecko) Version/4.0 Chrome/57.0.2987.108 baidu.sogo.uc.UCBrowser/11.9.4.974 UWS/2.13.1.48 Mobile Safari/537.36 AliApp(DingTalk/4.5.11) com.alibaba.android.rimet/10487439 Channel/227200 language/zh-CN"
62.138.2.214 - - [06/Apr/2021:02:43:24 +0200] "GET /robots.txt HTTP/1.1" 404 1256 "-" "Mozilla/5.0 (X11; Linux x86_64; rv:81.0) Gecko/20100101 Firefox/81.0"
62.138.2.214 - - [06/Apr/2021:02:43:24 +0200] "GET / HTTP/1.1" 200 569 "-" "Mozilla/5.0 (X11; Linux x86_64; rv:81.0) Gecko/20100101 Firefox/81.0"
62.138.2.214 - - [06/Apr/2021:02:48:19 +0200] "GET / HTTP/1.1" 200 569 "-" "Mozilla/5.0 (X11; Linux x86_64; rv:81.0) Gecko/20100101 Firefox/81.0"
62.138.2.214 - - [06/Apr/2021:02:53:14 +0200] "GET / HTTP/1.1" 200 569 "-" "Mozilla/5.0 (X11; Linux x86_64; rv:81.0) Gecko/20100101 Firefox/81.0"
62.138.2.214 - - [06/Apr/2021:02:53:23 +0200] "GET / HTTP/1.1" 200 569 "-" "Mozilla/5.0 (X11; Linux x86_64; rv:81.0) Gecko/20100101 Firefox/81.0"
62.138.2.214 - - [06/Apr/2021:02:58:21 +0200] "GET / HTTP/1.1" 200 569 "-" "Mozilla/5.0 (X11; Linux x86_64; rv:81.0) Gecko/20100101 Firefox/81.0"
62.138.2.214 - - [06/Apr/2021:03:03:15 +0200] "GET / HTTP/1.1" 200 569 "-" "Mozilla/5.0 (X11; Linux x86_64; rv:81.0) Gecko/20100101 Firefox/81.0"
62.138.2.214 - - [06/Apr/2021:03:03:23 +0200] "GET / HTTP/1.1" 200 569 "-" "Mozilla/5.0 (X11; Linux x86_64; rv:81.0) Gecko/20100101 Firefox/81.0"
62.138.2.214 - - [06/Apr/2021:03:08:20 +0200] "GET / HTTP/1.1" 200 569 "-" "Mozilla/5.0 (X11; Linux x86_64; rv:81.0) Gecko/20100101 Firefox/81.0"
62.138.2.214 - - [06/Apr/2021:03:13:14 +0200] "GET / HTTP/1.1" 200 569 "-" "Mozilla/5.0 (X11; Linux x86_64; rv:81.0) Gecko/20100101 Firefox/81.0"
62.138.2.214 - - [06/Apr/2021:03:13:24 +0200] "GET / HTTP/1.1" 200 569 "-" "Mozilla/5.0 (X11; Linux x86_64; rv:81.0) Gecko/20100101 Firefox/81.0"
62.138.2.214 - - [06/Apr/2021:03:18:21 +0200] "GET / HTTP/1.1" 200 569 "-" "Mozilla/5.0 (X11; Linux x86_64; rv:81.0) Gecko/20100101 Firefox/81.0"
62.138.2.214 - - [06/Apr/2021:03:23:16 +0200] "GET / HTTP/1.1" 200 569 "-" "Mozilla/5.0 (X11; Linux x86_64; rv:81.0) Gecko/20100101 Firefox/81.0"
62.138.2.214 - - [06/Apr/2021:03:23:26 +0200] "GET / HTTP/1.1" 200 569 "-" "Mozilla/5.0 (X11; Linux x86_64; rv:81.0) Gecko/20100101 Firefox/81.0"
62.138.2.214 - - [06/Apr/2021:03:28:21 +0200] "GET / HTTP/1.1" 200 569 "-" "Mozilla/5.0 (X11; Linux x86_64; rv:81.0) Gecko/20100101 Firefox/81.0"
62.138.2.214 - - [06/Apr/2021:03:33:14 +0200] "GET / HTTP/1.1" 200 569 "-" "Mozilla/5.0 (X11; Linux x86_64; rv:81.0) Gecko/20100101 Firefox/81.0"
62.138.2.214 - - [06/Apr/2021:03:33:25 +0200] "GET / HTTP/1.1" 200 569 "-" "Mozilla/5.0 (X11; Linux x86_64; rv:81.0) Gecko/20100101 Firefox/81.0"
62.138.2.214 - - [06/Apr/2021:03:38:22 +0200] "GET / HTTP/1.1" 200 569 "-" "Mozilla/5.0 (X11; Linux x86_64; rv:81.0) Gecko/20100101 Firefox/81.0"
62.138.2.214 - - [06/Apr/2021:03:43:15 +0200] "GET / HTTP/1.1" 200 569 "-" "Mozilla/5.0 (X11; Linux x86_64; rv:81.0) Gecko/20100101 Firefox/81.0"
62.138.2.214 - - [06/Apr/2021:03:43:32 +0200] "GET / HTTP/1.1" 200 569 "-" "Mozilla/5.0 (X11; Linux x86_64; rv:81.0) Gecko/20100101 Firefox/81.0"
62.138.2.214 - - [06/Apr/2021:03:48:18 +0200] "GET / HTTP/1.1" 200 569 "-" "Mozilla/5.0 (X11; Linux x86_64; rv:81.0) Gecko/20100101 Firefox/81.0"
42.236.10.112 - - [06/Apr/2021:05:00:58 +0200] "GET / HTTP/1.1" 200 569 "http://www.die-fabians.de/" "Mozilla/5.0 (Windows NT 6.1; WOW64) AppleWebKit/537.36 (KHTML, like Gecko) Chrome/50.4.2661.102 Safari/537.36; 360Spider"
42.236.10.98 - - [06/Apr/2021:06:51:06 +0200] "GET / HTTP/1.1" 200 569 "http://www.die-fabians.de/" "Mozilla/5.0 (Windows NT 10.0; Win64; x64) AppleWebKit/537.36 (KHTML, like Gecko) Chrome/85.0.4183.83 Safari/537.36"
62.138.2.214 - - [06/Apr/2021:14:43:22 +0200] "GET /robots.txt HTTP/1.1" 404 1256 "-" "Mozilla/5.0 (X11; Linux x86_64; rv:81.0) Gecko/20100101 Firefox/81.0"
62.138.2.214 - - [06/Apr/2021:14:43:22 +0200] "GET / HTTP/1.1" 200 569 "-" "Mozilla/5.0 (X11; Linux x86_64; rv:81.0) Gecko/20100101 Firefox/81.0"
62.138.2.214 - - [06/Apr/2021:14:46:08 +0200] "GET / HTTP/1.1" 200 569 "-" "Mozilla/5.0 (X11; Linux x86_64; rv:81.0) Gecko/20100101 Firefox/81.0"
62.138.2.214 - - [06/Apr/2021:14:46:53 +0200] "GET / HTTP/1.1" 200 569 "-" "Mozilla/5.0 (X11; Linux x86_64; rv:81.0) Gecko/20100101 Firefox/81.0"
54.210.108.177 - - [07/Apr/2021:02:36:24 +0200] "GET /robots.txt HTTP/1.1" 404 1256 "-" "MauiBot (crawler.feedback+wc@gmail.com)"
54.210.108.177 - - [07/Apr/2021:02:36:24 +0200] "GET / HTTP/1.1" 200 569 "-" "MauiBot (crawler.feedback+wc@gmail.com)"
85.214.85.206 - - [07/Apr/2021:05:58:39 +0200] "GET / HTTP/1.1" 200 569 "-" "Java/1.8.0_121"
85.214.85.206 - - [07/Apr/2021:05:58:39 +0200] "GET /picture/img001.png HTTP/1.1" 200 643437 "-" "Java/1.8.0_121"
54.36.148.59 - - [07/Apr/2021:08:02:33 +0200] "GET /robots.txt HTTP/1.1" 404 1256 "-" "Mozilla/5.0 (compatible; AhrefsBot/7.0; +http://ahrefs.com/robot/)"
54.36.148.78 - - [07/Apr/2021:08:02:34 +0200] "GET / HTTP/1.1" 200 569 "-" "Mozilla/5.0 (compatible; AhrefsBot/7.0; +http://ahrefs.com/robot/)"
62.210.78.76 - - [07/Apr/2021:15:47:57 +0200] "GET /robots.txt HTTP/1.1" 404 1256 "-" "Mozilla/5.0 (compatible; Barkrowler/0.9; +https://babbar.tech/crawler)"
62.210.78.76 - - [07/Apr/2021:15:48:12 +0200] "GET / HTTP/1.1" 304 - "-" "Mozilla/5.0 (compatible; Barkrowler/0.9; +https://babbar.tech/crawler)"
42.236.10.78 - - [07/Apr/2021:15:54:32 +0200] "GET / HTTP/1.1" 200 569 "-" "Mozilla/5.0 (Linux; U; Android 8.1.0; zh-CN; EML-AL00 Build/HUAWEIEML-AL00) AppleWebKit/537.36 (KHTML, like Gecko) Version/4.0 Chrome/57.0.2987.108 baidu.sogo.uc.UCBrowser/11.9.4.974 UWS/2.13.1.48 Mobile Safari/537.36 AliApp(DingTalk/4.5.11) com.alibaba.android.rimet/10487439 Channel/227200 language/zh-CN"
42.236.10.78 - - [07/Apr/2021:15:54:35 +0200] "GET / HTTP/1.1" 200 569 "http://baidu.com/" "Mozilla/5.0 (Linux; U; Android 8.1.0; zh-CN; EML-AL00 Build/HUAWEIEML-AL00) AppleWebKit/537.36 (KHTML, like Gecko) Version/4.0 Chrome/57.0.2987.108 baidu.sogo.uc.UCBrowser/11.9.4.974 UWS/2.13.1.48 Mobile Safari/537.36 AliApp(DingTalk/4.5.11) com.alibaba.android.rimet/10487439 Channel/227200 language/zh-CN"
42.236.10.78 - - [07/Apr/2021:15:54:40 +0200] "GET /picture/img001.png HTTP/1.1" 200 643437 "http://www.die-fabians.de/" "Mozilla/5.0 (Linux; U; Android 8.1.0; zh-CN; EML-AL00 Build/HUAWEIEML-AL00) AppleWebKit/537.36 (KHTML, like Gecko) Version/4.0 Chrome/57.0.2987.108 baidu.sogo.uc.UCBrowser/11.9.4.974 UWS/2.13.1.48 Mobile Safari/537.36 AliApp(DingTalk/4.5.11) com.alibaba.android.rimet/10487439 Channel/227200 language/zh-CN"
42.236.10.82 - - [07/Apr/2021:17:37:51 +0200] "GET / HTTP/1.1" 200 569 "http://www.die-fabians.de/" "Mozilla/5.0 (Windows NT 6.1; WOW64) AppleWebKit/537.36 (KHTML, like Gecko) Chrome/50.4.2661.102 Safari/537.36; 360Spider"
40.77.167.86 - - [07/Apr/2021:22:30:57 +0200] "GET /robots.txt HTTP/1.1" 404 1256 "-" "Mozilla/5.0 (compatible; bingbot/2.0; +http://www.bing.com/bingbot.htm)"
13.66.139.105 - - [07/Apr/2021:22:31:08 +0200] "GET / HTTP/1.1" 200 569 "-" "Mozilla/5.0 (iPhone; CPU iPhone OS 7_0 like Mac OS X) AppleWebKit/537.51.1 (KHTML, like Gecko) Version/7.0 Mobile/11A465 Safari/9537.53 (compatible; bingbot/2.0; +http://www.bing.com/bingbot.htm)"
40.77.202.93 - - [07/Apr/2021:22:31:09 +0200] "GET /picture/img001.png HTTP/1.1" 200 643437 "http://www.die-fabians.de/" "Mozilla/5.0 (iPhone; CPU iPhone OS 7_0 like Mac OS X) AppleWebKit/537.51.1 (KHTML, like Gecko) Version/7.0 Mobile/11A465 Safari/9537.53 BingPreview/1.0b"
40.77.167.68 - - [07/Apr/2021:22:31:16 +0200] "GET /robots.txt HTTP/1.1" 404 1256 "-" "Mozilla/5.0 (compatible; bingbot/2.0; +http://www.bing.com/bingbot.htm)"
40.77.167.68 - - [07/Apr/2021:22:31:17 +0200] "GET /robots.txt HTTP/1.1" 404 1256 "-" "Mozilla/5.0 (compatible; bingbot/2.0; +http://www.bing.com/bingbot.htm)"
85.214.85.206 - - [08/Apr/2021:00:28:23 +0200] "GET / HTTP/1.1" 200 569 "-" "Java/1.8.0_121"
85.214.85.206 - - [08/Apr/2021:00:28:23 +0200] "GET /picture/img001.png HTTP/1.1" 200 643437 "-" "Java/1.8.0_121"
54.36.148.212 - - [08/Apr/2021:01:24:36 +0200] "GET / HTTP/1.1" 200 569 "-" "Mozilla/5.0 (compatible; AhrefsBot/7.0; +http://ahrefs.com/robot/)"
62.138.2.214 - - [08/Apr/2021:05:38:18 +0200] "GET /robots.txt HTTP/1.1" 404 1256 "-" "Mozilla/5.0 (X11; Linux x86_64; rv:81.0) Gecko/20100101 Firefox/81.0"
62.138.2.214 - - [08/Apr/2021:05:38:18 +0200] "GET / HTTP/1.1" 200 569 "-" "Mozilla/5.0 (X11; Linux x86_64; rv:81.0) Gecko/20100101 Firefox/81.0"
62.138.2.214 - - [08/Apr/2021:05:38:22 +0200] "GET / HTTP/1.1" 200 569 "-" "Mozilla/5.0 (X11; Linux x86_64; rv:81.0) Gecko/20100101 Firefox/81.0"
62.138.2.214 - - [08/Apr/2021:13:01:48 +0200] "GET /robots.txt HTTP/1.1" 404 1256 "-" "Mozilla/5.0 (X11; Linux x86_64; rv:81.0) Gecko/20100101 Firefox/81.0"
62.138.2.214 - - [08/Apr/2021:13:01:48 +0200] "GET / HTTP/1.1" 200 569 "-" "Mozilla/5.0 (X11; Linux x86_64; rv:81.0) Gecko/20100101 Firefox/81.0"
54.36.148.243 - - [08/Apr/2021:17:33:53 +0200] "GET /robots.txt HTTP/1.1" 404 1256 "-" "Mozilla/5.0 (compatible; AhrefsBot/7.0; +http://ahrefs.com/robot/)"
54.36.148.78 - - [08/Apr/2021:17:33:54 +0200] "GET / HTTP/1.1" 200 569 "-" "Mozilla/5.0 (compatible; AhrefsBot/7.0; +http://ahrefs.com/robot/)"
85.214.85.206 - - [08/Apr/2021:21:57:04 +0200] "GET / HTTP/1.1" 200 569 "-" "Java/1.8.0_121"
85.214.85.206 - - [08/Apr/2021:21:57:04 +0200] "GET /picture/img001.png HTTP/1.1" 200 643437 "-" "Java/1.8.0_121"
85.214.85.206 - - [09/Apr/2021:03:23:49 +0200] "GET / HTTP/1.1" 200 569 "-" "Java/1.8.0_121"
85.214.85.206 - - [09/Apr/2021:03:23:49 +0200] "GET /picture/img001.png HTTP/1.1" 200 643437 "-" "Java/1.8.0_121"
62.138.2.214 - - [09/Apr/2021:04:39:13 +0200] "GET /robots.txt HTTP/1.1" 404 1256 "-" "Mozilla/5.0 (X11; Linux x86_64; rv:81.0) Gecko/20100101 Firefox/81.0"
62.138.2.214 - - [09/Apr/2021:04:39:13 +0200] "GET / HTTP/1.1" 200 569 "-" "Mozilla/5.0 (X11; Linux x86_64; rv:81.0) Gecko/20100101 Firefox/81.0"
62.138.2.214 - - [09/Apr/2021:04:39:55 +0200] "GET / HTTP/1.1" 200 569 "-" "Mozilla/5.0 (X11; Linux x86_64; rv:81.0) Gecko/20100101 Firefox/81.0"
54.36.148.78 - - [09/Apr/2021:07:32:03 +0200] "GET / HTTP/1.1" 200 569 "-" "Mozilla/5.0 (compatible; AhrefsBot/7.0; +http://ahrefs.com/robot/)"
40.77.167.50 - - [09/Apr/2021:13:22:49 +0200] "GET /robots.txt HTTP/1.1" 404 1256 "-" "Mozilla/5.0 (compatible; bingbot/2.0; +http://www.bing.com/bingbot.htm)"
13.66.139.10 - - [09/Apr/2021:13:22:56 +0200] "GET / HTTP/1.1" 200 569 "-" "Mozilla/5.0 (iPhone; CPU iPhone OS 7_0 like Mac OS X) AppleWebKit/537.51.1 (KHTML, like Gecko) Version/7.0 Mobile/11A465 Safari/9537.53 (compatible; bingbot/2.0; +http://www.bing.com/bingbot.htm)"
207.46.13.40 - - [09/Apr/2021:13:23:02 +0200] "GET /robots.txt HTTP/1.1" 404 1256 "-" "Mozilla/5.0 (compatible; bingbot/2.0; +http://www.bing.com/bingbot.htm)"
207.46.13.40 - - [09/Apr/2021:13:23:02 +0200] "GET /robots.txt HTTP/1.1" 404 1256 "-" "Mozilla/5.0 (compatible; bingbot/2.0; +http://www.bing.com/bingbot.htm)"
157.90.181.146 - - [09/Apr/2021:17:19:19 +0200] "GET /robots.txt HTTP/1.1" 404 1256 "-" "Mozilla/5.0 (compatible; BLEXBot/1.0; +http://webmeup-crawler.com/)"
157.90.181.146 - - [09/Apr/2021:17:19:19 +0200] "GET / HTTP/1.1" 200 569 "-" "Mozilla/5.0 (compatible; BLEXBot/1.0; +http://webmeup-crawler.com/)"
42.236.10.112 - - [09/Apr/2021:17:43:59 +0200] "GET / HTTP/1.1" 200 569 "http://www.die-fabians.de/" "Mozilla/5.0 (Windows NT 6.1; WOW64) AppleWebKit/537.36 (KHTML, like Gecko) Chrome/50.4.2661.102 Safari/537.36; 360Spider"
54.36.148.134 - - [09/Apr/2021:20:27:22 +0200] "GET /robots.txt HTTP/1.1" 404 1256 "-" "Mozilla/5.0 (compatible; AhrefsBot/7.0; +http://ahrefs.com/robot/)"
54.36.148.78 - - [09/Apr/2021:20:27:23 +0200] "GET / HTTP/1.1" 200 569 "-" "Mozilla/5.0 (compatible; AhrefsBot/7.0; +http://ahrefs.com/robot/)"
95.216.96.245 - - [10/Apr/2021:01:44:37 +0200] "GET /robots.txt HTTP/1.1" 404 1256 "-" "Mozilla/5.0 (compatible; SEOkicks; +https://www.seokicks.de/robot.html)"
95.216.96.245 - - [10/Apr/2021:01:44:38 +0200] "GET / HTTP/1.1" 200 569 "-" "Mozilla/5.0 (compatible; SEOkicks; +https://www.seokicks.de/robot.html)"
54.36.149.60 - - [10/Apr/2021:09:25:00 +0200] "GET / HTTP/1.1" 200 569 "-" "Mozilla/5.0 (compatible; AhrefsBot/7.0; +http://ahrefs.com/robot/)"
66.249.68.73 - - [10/Apr/2021:11:48:34 +0200] "GET /robots.txt HTTP/1.1" 404 1256 "-" "Mozilla/5.0 (compatible; Googlebot/2.1; +http://www.google.com/bot.html)"
66.249.68.71 - - [10/Apr/2021:11:48:34 +0200] "GET / HTTP/1.1" 200 569 "-" "Mozilla/5.0 (Linux; Android 6.0.1; Nexus 5X Build/MMB29P) AppleWebKit/537.36 (KHTML, like Gecko) Chrome/89.0.4389.125 Mobile Safari/537.36 (compatible; Googlebot/2.1; +http://www.google.com/bot.html)"
66.249.68.71 - - [10/Apr/2021:11:48:39 +0200] "GET /favicon.ico HTTP/1.1" 404 1256 "-" "Googlebot-Image/1.0"
66.249.68.73 - - [10/Apr/2021:13:10:28 +0200] "GET /favicon.ico HTTP/1.1" 404 1256 "-" "Googlebot-Image/1.0"
157.90.181.146 - - [10/Apr/2021:14:12:04 +0200] "GET /robots.txt HTTP/1.1" 404 1256 "-" "Mozilla/5.0 (compatible; BLEXBot/1.0; +http://webmeup-crawler.com/)"
157.90.181.146 - - [10/Apr/2021:14:12:04 +0200] "GET / HTTP/1.1" 200 569 "-" "Mozilla/5.0 (compatible; BLEXBot/1.0; +http://webmeup-crawler.com/)"
62.138.2.214 - - [10/Apr/2021:18:28:31 +0200] "GET /robots.txt HTTP/1.1" 404 1256 "-" "Mozilla/5.0 (X11; Linux x86_64; rv:81.0) Gecko/20100101 Firefox/81.0"
62.138.2.214 - - [10/Apr/2021:18:28:31 +0200] "GET / HTTP/1.1" 200 569 "-" "Mozilla/5.0 (X11; Linux x86_64; rv:81.0) Gecko/20100101 Firefox/81.0"
62.138.2.214 - - [10/Apr/2021:18:29:16 +0200] "GET / HTTP/1.1" 200 569 "-" "Mozilla/5.0 (X11; Linux x86_64; rv:81.0) Gecko/20100101 Firefox/81.0"
62.138.2.214 - - [10/Apr/2021:18:30:18 +0200] "GET / HTTP/1.1" 200 569 "-" "Mozilla/5.0 (X11; Linux x86_64; rv:81.0) Gecko/20100101 Firefox/81.0"
54.36.148.189 - - [10/Apr/2021:21:21:28 +0200] "GET /robots.txt HTTP/1.1" 404 1256 "-" "Mozilla/5.0 (compatible; AhrefsBot/7.0; +http://ahrefs.com/robot/)"
54.36.148.78 - - [10/Apr/2021:21:21:29 +0200] "GET / HTTP/1.1" 200 569 "-" "Mozilla/5.0 (compatible; AhrefsBot/7.0; +http://ahrefs.com/robot/)"
85.214.19.233 - - [11/Apr/2021:02:33:40 +0200] "GET / HTTP/1.1" 200 569 "-" "Java/1.8.0_121"
85.214.19.233 - - [11/Apr/2021:02:33:40 +0200] "GET /picture/img001.png HTTP/1.1" 200 643437 "-" "Java/1.8.0_121"
85.214.85.206 - - [11/Apr/2021:03:34:07 +0200] "GET / HTTP/1.1" 200 569 "-" "Java/1.8.0_121"
85.214.85.206 - - [11/Apr/2021:03:34:07 +0200] "GET /picture/img001.png HTTP/1.1" 200 643437 "-" "Java/1.8.0_121"
85.214.85.206 - - [11/Apr/2021:05:07:14 +0200] "GET / HTTP/1.1" 200 569 "-" "Java/1.8.0_121"
85.214.85.206 - - [11/Apr/2021:05:07:14 +0200] "GET /picture/img001.png HTTP/1.1" 200 643437 "-" "Java/1.8.0_121"
85.214.85.206 - - [11/Apr/2021:05:31:51 +0200] "GET / HTTP/1.1" 200 569 "-" "Java/1.8.0_121"
85.214.85.206 - - [11/Apr/2021:05:31:51 +0200] "GET /picture/img001.png HTTP/1.1" 200 643437 "-" "Java/1.8.0_121"
134.96.225.227 - - [11/Apr/2021:05:44:27 +0200] "GET / HTTP/1.1" 200 569 "-" "https://vuln-notify-checker.cispa.saarland/"
54.36.148.174 - - [11/Apr/2021:06:06:32 +0200] "GET / HTTP/1.1" 200 569 "-" "Mozilla/5.0 (compatible; AhrefsBot/7.0; +http://ahrefs.com/robot/)"
85.214.19.233 - - [11/Apr/2021:06:23:49 +0200] "GET / HTTP/1.1" 200 569 "-" "Java/1.8.0_121"
85.214.19.233 - - [11/Apr/2021:06:23:49 +0200] "GET /picture/img001.png HTTP/1.1" 200 643437 "-" "Java/1.8.0_121"
85.214.19.233 - - [11/Apr/2021:06:57:41 +0200] "GET / HTTP/1.1" 200 569 "-" "Java/1.8.0_121"
85.214.19.233 - - [11/Apr/2021:06:57:41 +0200] "GET /picture/img001.png HTTP/1.1" 200 643437 "-" "Java/1.8.0_121"
89.248.174.173 - - [11/Apr/2021:10:27:17 +0200] "GET /.env HTTP/1.1" 404 1256 "-" "Mozilla/5.0 (X11; Linux x86_64) AppleWebKit/537.36 (KHTML, like Gecko) Chrome/81.0.4044.129 Safari/537.36"
89.248.174.173 - - [11/Apr/2021:10:27:30 +0200] "POST / HTTP/1.1" 200 569 "-" "Mozilla/5.0 (X11; Linux x86_64) AppleWebKit/537.36 (KHTML, like Gecko) Chrome/81.0.4044.129 Safari/537.36"
54.36.148.58 - - [11/Apr/2021:19:39:11 +0200] "GET / HTTP/1.1" 200 569 "-" "Mozilla/5.0 (compatible; AhrefsBot/7.0; +http://ahrefs.com/robot/)"
62.138.2.214 - - [11/Apr/2021:19:48:05 +0200] "GET /robots.txt HTTP/1.1" 404 1256 "-" "Mozilla/5.0 (X11; Linux x86_64; rv:81.0) Gecko/20100101 Firefox/81.0"
62.138.2.214 - - [11/Apr/2021:19:48:05 +0200] "GET / HTTP/1.1" 200 569 "-" "Mozilla/5.0 (X11; Linux x86_64; rv:81.0) Gecko/20100101 Firefox/81.0"
85.214.19.233 - - [11/Apr/2021:23:59:19 +0200] "GET / HTTP/1.1" 200 569 "-" "Java/1.8.0_121"
85.214.19.233 - - [11/Apr/2021:23:59:19 +0200] "GET /picture/img001.png HTTP/1.1" 200 643437 "-" "Java/1.8.0_121"
89.248.174.173 - - [12/Apr/2021:00:34:41 +0200] "GET /.env HTTP/1.1" 404 1256 "-" "Mozilla/5.0 (X11; Linux x86_64) AppleWebKit/537.36 (KHTML, like Gecko) Chrome/81.0.4044.129 Safari/537.36"
89.248.174.173 - - [12/Apr/2021:00:34:55 +0200] "POST / HTTP/1.1" 200 569 "-" "Mozilla/5.0 (X11; Linux x86_64) AppleWebKit/537.36 (KHTML, like Gecko) Chrome/81.0.4044.129 Safari/537.36"
54.36.148.100 - - [12/Apr/2021:03:41:37 +0200] "GET /robots.txt HTTP/1.1" 404 1256 "-" "Mozilla/5.0 (compatible; AhrefsBot/7.0; +http://ahrefs.com/robot/)"
157.90.181.146 - - [12/Apr/2021:03:52:12 +0200] "GET /robots.txt HTTP/1.1" 404 1256 "-" "Mozilla/5.0 (compatible; BLEXBot/1.0; +http://webmeup-crawler.com/)"
157.90.181.146 - - [12/Apr/2021:03:52:14 +0200] "GET /sitemap.xml HTTP/1.1" 404 1256 "-" "Mozilla/5.0 (compatible; BLEXBot/1.0; +http://webmeup-crawler.com/)"
212.186.14.206 - - [12/Apr/2021:04:47:02 +0200] "GET / HTTP/1.1" 200 569 "-" "Mozilla/5.0 (Windows NT 6.1) AppleWebKit/537.36 (KHTML, like Gecko) Chrome/28.0.1468.0 Safari/537.36"
62.138.2.214 - - [12/Apr/2021:08:13:13 +0200] "GET /robots.txt HTTP/1.1" 404 1256 "-" "Mozilla/5.0 (X11; Linux x86_64; rv:81.0) Gecko/20100101 Firefox/81.0"
62.138.2.214 - - [12/Apr/2021:08:13:13 +0200] "GET / HTTP/1.1" 200 569 "-" "Mozilla/5.0 (X11; Linux x86_64; rv:81.0) Gecko/20100101 Firefox/81.0"
54.36.148.101 - - [12/Apr/2021:09:06:37 +0200] "GET / HTTP/1.1" 200 569 "-" "Mozilla/5.0 (compatible; AhrefsBot/7.0; +http://ahrefs.com/robot/)"
89.248.174.173 - - [12/Apr/2021:11:06:28 +0200] "GET /.env HTTP/1.1" 404 1256 "-" "Mozilla/5.0 (X11; Linux x86_64) AppleWebKit/537.36 (KHTML, like Gecko) Chrome/81.0.4044.129 Safari/537.36"
89.248.174.173 - - [12/Apr/2021:11:06:39 +0200] "POST / HTTP/1.1" 200 569 "-" "Mozilla/5.0 (X11; Linux x86_64) AppleWebKit/537.36 (KHTML, like Gecko) Chrome/81.0.4044.129 Safari/537.36"
62.138.2.214 - - [12/Apr/2021:14:49:21 +0200] "GET /robots.txt HTTP/1.1" 404 1256 "-" "Mozilla/5.0 (X11; Linux x86_64; rv:81.0) Gecko/20100101 Firefox/81.0"
62.138.2.214 - - [12/Apr/2021:14:49:21 +0200] "GET / HTTP/1.1" 200 569 "-" "Mozilla/5.0 (X11; Linux x86_64; rv:81.0) Gecko/20100101 Firefox/81.0"
62.138.2.214 - - [12/Apr/2021:14:49:44 +0200] "GET / HTTP/1.1" 200 569 "-" "Mozilla/5.0 (X11; Linux x86_64; rv:81.0) Gecko/20100101 Firefox/81.0"
77.75.79.95 - - [12/Apr/2021:18:46:23 +0200] "GET /robots.txt HTTP/1.1" 404 1256 "-" "Mozilla/5.0 (compatible; SeznamBot/3.2; +http://napoveda.seznam.cz/en/seznambot-intro/)"
77.75.79.95 - - [12/Apr/2021:18:46:23 +0200] "GET /picture/img001.png HTTP/1.1" 304 - "-" "Mozilla/5.0 (compatible; SeznamBot/3.2; +http://napoveda.seznam.cz/en/seznambot-intro/)"
62.138.2.214 - - [12/Apr/2021:19:30:48 +0200] "GET /robots.txt HTTP/1.1" 404 1256 "-" "Mozilla/5.0 (X11; Linux x86_64; rv:81.0) Gecko/20100101 Firefox/81.0"
62.138.2.214 - - [12/Apr/2021:19:30:48 +0200] "GET / HTTP/1.1" 200 569 "-" "Mozilla/5.0 (X11; Linux x86_64; rv:81.0) Gecko/20100101 Firefox/81.0"
62.138.2.214 - - [12/Apr/2021:19:31:10 +0200] "GET / HTTP/1.1" 200 569 "-" "Mozilla/5.0 (X11; Linux x86_64; rv:81.0) Gecko/20100101 Firefox/81.0"
54.36.149.9 - - [12/Apr/2021:21:58:35 +0200] "GET / HTTP/1.1" 200 569 "-" "Mozilla/5.0 (compatible; AhrefsBot/7.0; +http://ahrefs.com/robot/)"
89.248.174.173 - - [12/Apr/2021:22:35:30 +0200] "GET /.env HTTP/1.1" 404 1256 "-" "Mozilla/5.0 (X11; Linux x86_64) AppleWebKit/537.36 (KHTML, like Gecko) Chrome/81.0.4044.129 Safari/537.36"
89.248.174.173 - - [12/Apr/2021:22:35:43 +0200] "POST / HTTP/1.1" 200 569 "-" "Mozilla/5.0 (X11; Linux x86_64) AppleWebKit/537.36 (KHTML, like Gecko) Chrome/81.0.4044.129 Safari/537.36"
62.138.2.214 - - [12/Apr/2021:23:59:12 +0200] "GET /robots.txt HTTP/1.1" 404 1256 "-" "Mozilla/5.0 (X11; Linux x86_64; rv:81.0) Gecko/20100101 Firefox/81.0"
62.138.2.214 - - [12/Apr/2021:23:59:13 +0200] "GET / HTTP/1.1" 200 569 "-" "Mozilla/5.0 (X11; Linux x86_64; rv:81.0) Gecko/20100101 Firefox/81.0"
62.138.2.214 - - [13/Apr/2021:04:47:44 +0200] "GET /robots.txt HTTP/1.1" 404 1256 "-" "Mozilla/5.0 (X11; Linux x86_64; rv:81.0) Gecko/20100101 Firefox/81.0"
62.138.2.214 - - [13/Apr/2021:04:47:44 +0200] "GET / HTTP/1.1" 200 569 "-" "Mozilla/5.0 (X11; Linux x86_64; rv:81.0) Gecko/20100101 Firefox/81.0"
54.36.149.33 - - [13/Apr/2021:13:29:29 +0200] "GET /robots.txt HTTP/1.1" 404 1256 "-" "Mozilla/5.0 (compatible; AhrefsBot/7.0; +http://ahrefs.com/robot/)"
111.7.96.143 - - [13/Apr/2021:13:38:48 +0200] "HEAD / HTTP/1.1" 200 - "-" "Chrome/54.0 (Windows NT 10.0)"
111.7.96.143 - - [13/Apr/2021:13:38:48 +0200] "GET / HTTP/1.1" 200 569 "-" "Chrome/54.0 (Windows NT 10.0)"
111.7.96.143 - - [13/Apr/2021:13:38:49 +0200] "GET /favicon.ico HTTP/1.1" 404 1256 "-" "Chrome/54.0 (Windows NT 10.0)"
89.248.174.173 - - [13/Apr/2021:14:49:05 +0200] "GET /.env HTTP/1.1" 404 1256 "-" "Mozilla/5.0 (X11; Linux x86_64) AppleWebKit/537.36 (KHTML, like Gecko) Chrome/81.0.4044.129 Safari/537.36"
89.248.174.173 - - [13/Apr/2021:14:49:08 +0200] "POST / HTTP/1.1" 200 569 "-" "Mozilla/5.0 (X11; Linux x86_64) AppleWebKit/537.36 (KHTML, like Gecko) Chrome/81.0.4044.129 Safari/537.36"
54.36.148.220 - - [13/Apr/2021:16:18:53 +0200] "GET / HTTP/1.1" 200 569 "-" "Mozilla/5.0 (compatible; AhrefsBot/7.0; +http://ahrefs.com/robot/)"
95.216.96.170 - - [13/Apr/2021:16:26:38 +0200] "GET /robots.txt HTTP/1.1" 404 1256 "-" "Mozilla/5.0 (compatible; SEOkicks; +https://www.seokicks.de/robot.html)"
95.216.96.170 - - [13/Apr/2021:16:26:40 +0200] "GET / HTTP/1.1" 200 569 "-" "Mozilla/5.0 (compatible; SEOkicks; +https://www.seokicks.de/robot.html)"
62.138.2.214 - - [13/Apr/2021:20:04:11 +0200] "GET /robots.txt HTTP/1.1" 404 1256 "-" "Mozilla/5.0 (X11; Linux x86_64; rv:81.0) Gecko/20100101 Firefox/81.0"
62.138.2.214 - - [13/Apr/2021:20:04:11 +0200] "GET / HTTP/1.1" 200 569 "-" "Mozilla/5.0 (X11; Linux x86_64; rv:81.0) Gecko/20100101 Firefox/81.0"
62.138.2.214 - - [13/Apr/2021:20:04:13 +0200] "GET / HTTP/1.1" 200 569 "-" "Mozilla/5.0 (X11; Linux x86_64; rv:81.0) Gecko/20100101 Firefox/81.0"
62.138.2.214 - - [13/Apr/2021:20:08:07 +0200] "GET / HTTP/1.1" 200 569 "-" "Mozilla/5.0 (X11; Linux x86_64; rv:81.0) Gecko/20100101 Firefox/81.0"
62.138.2.214 - - [13/Apr/2021:20:09:12 +0200] "GET / HTTP/1.1" 200 569 "-" "Mozilla/5.0 (X11; Linux x86_64; rv:81.0) Gecko/20100101 Firefox/81.0"
62.138.2.214 - - [13/Apr/2021:20:14:12 +0200] "GET / HTTP/1.1" 200 569 "-" "Mozilla/5.0 (X11; Linux x86_64; rv:81.0) Gecko/20100101 Firefox/81.0"
62.138.2.214 - - [13/Apr/2021:20:14:41 +0200] "GET / HTTP/1.1" 200 569 "-" "Mozilla/5.0 (X11; Linux x86_64; rv:81.0) Gecko/20100101 Firefox/81.0"
89.248.174.173 - - [14/Apr/2021:01:27:02 +0200] "GET /.env HTTP/1.1" 404 1256 "-" "Mozilla/5.0 (X11; Linux x86_64) AppleWebKit/537.36 (KHTML, like Gecko) Chrome/81.0.4044.129 Safari/537.36"
89.248.174.173 - - [14/Apr/2021:01:27:06 +0200] "POST / HTTP/1.1" 200 569 "-" "Mozilla/5.0 (X11; Linux x86_64) AppleWebKit/537.36 (KHTML, like Gecko) Chrome/81.0.4044.129 Safari/537.36"
85.214.85.206 - - [14/Apr/2021:05:06:03 +0200] "GET / HTTP/1.1" 200 569 "-" "Java/1.8.0_121"
85.214.85.206 - - [14/Apr/2021:05:06:03 +0200] "GET /picture/img001.png HTTP/1.1" 200 643437 "-" "Java/1.8.0_121"
54.36.148.176 - - [14/Apr/2021:05:55:53 +0200] "GET / HTTP/1.1" 200 569 "-" "Mozilla/5.0 (compatible; AhrefsBot/7.0; +http://ahrefs.com/robot/)"
89.248.174.173 - - [14/Apr/2021:08:59:47 +0200] "GET /.env HTTP/1.1" 404 1256 "-" "Mozilla/5.0 (X11; Linux x86_64) AppleWebKit/537.36 (KHTML, like Gecko) Chrome/81.0.4044.129 Safari/537.36"
89.248.174.173 - - [14/Apr/2021:08:59:53 +0200] "POST / HTTP/1.1" 200 569 "-" "Mozilla/5.0 (X11; Linux x86_64) AppleWebKit/537.36 (KHTML, like Gecko) Chrome/81.0.4044.129 Safari/537.36"
40.77.167.42 - - [14/Apr/2021:09:06:36 +0200] "GET /robots.txt HTTP/1.1" 404 1256 "-" "Mozilla/5.0 (compatible; bingbot/2.0; +http://www.bing.com/bingbot.htm)"
13.66.139.68 - - [14/Apr/2021:09:06:44 +0200] "GET / HTTP/1.1" 200 569 "-" "Mozilla/5.0 (iPhone; CPU iPhone OS 7_0 like Mac OS X) AppleWebKit/537.51.1 (KHTML, like Gecko) Version/7.0 Mobile/11A465 Safari/9537.53 (compatible; bingbot/2.0; +http://www.bing.com/bingbot.htm)"
207.46.13.40 - - [14/Apr/2021:09:06:55 +0200] "GET /robots.txt HTTP/1.1" 404 1256 "-" "Mozilla/5.0 (compatible; bingbot/2.0; +http://www.bing.com/bingbot.htm)"
207.46.13.40 - - [14/Apr/2021:09:06:55 +0200] "GET /robots.txt HTTP/1.1" 404 1256 "-" "Mozilla/5.0 (compatible; bingbot/2.0; +http://www.bing.com/bingbot.htm)"
42.236.10.100 - - [14/Apr/2021:12:44:32 +0200] "GET / HTTP/1.1" 200 569 "http://www.die-fabians.de/" "Mozilla/5.0(compatible;MSIE9.0;WindowsNT6.1;Trident/5.0)"
85.214.85.206 - - [14/Apr/2021:17:15:15 +0200] "GET / HTTP/1.1" 200 569 "-" "Java/1.8.0_121"
85.214.85.206 - - [14/Apr/2021:17:15:15 +0200] "GET /picture/img001.png HTTP/1.1" 200 643437 "-" "Java/1.8.0_121"
54.36.149.13 - - [14/Apr/2021:20:01:39 +0200] "GET /robots.txt HTTP/1.1" 404 1256 "-" "Mozilla/5.0 (compatible; AhrefsBot/7.0; +http://ahrefs.com/robot/)"
54.36.148.133 - - [14/Apr/2021:20:01:39 +0200] "GET / HTTP/1.1" 200 569 "-" "Mozilla/5.0 (compatible; AhrefsBot/7.0; +http://ahrefs.com/robot/)"
62.138.2.214 - - [14/Apr/2021:22:07:10 +0200] "GET /robots.txt HTTP/1.1" 404 1256 "-" "Mozilla/5.0 (X11; Linux x86_64; rv:81.0) Gecko/20100101 Firefox/81.0"
62.138.2.214 - - [14/Apr/2021:22:07:10 +0200] "GET / HTTP/1.1" 200 569 "-" "Mozilla/5.0 (X11; Linux x86_64; rv:81.0) Gecko/20100101 Firefox/81.0"
62.138.2.214 - - [14/Apr/2021:22:07:12 +0200] "GET / HTTP/1.1" 200 569 "-" "Mozilla/5.0 (X11; Linux x86_64; rv:81.0) Gecko/20100101 Firefox/81.0"
54.36.148.78 - - [15/Apr/2021:07:24:29 +0200] "GET / HTTP/1.1" 200 569 "-" "Mozilla/5.0 (compatible; AhrefsBot/7.0; +http://ahrefs.com/robot/)"
62.138.2.214 - - [15/Apr/2021:09:47:13 +0200] "GET /robots.txt HTTP/1.1" 404 1256 "-" "Mozilla/5.0 (X11; Linux x86_64; rv:81.0) Gecko/20100101 Firefox/81.0"
62.138.2.214 - - [15/Apr/2021:09:47:13 +0200] "GET / HTTP/1.1" 200 569 "-" "Mozilla/5.0 (X11; Linux x86_64; rv:81.0) Gecko/20100101 Firefox/81.0"
5.61.39.139 - - [15/Apr/2021:09:48:18 +0200] "GET / HTTP/1.1" 200 569 "-" "Mozilla/4.0 (compatible; MSIE 6.0; Windows NT 5.1; SV1)"
62.138.2.214 - - [15/Apr/2021:09:49:02 +0200] "GET / HTTP/1.1" 200 569 "-" "Mozilla/5.0 (X11; Linux x86_64; rv:81.0) Gecko/20100101 Firefox/81.0"
85.214.19.233 - - [15/Apr/2021:10:28:47 +0200] "GET / HTTP/1.1" 200 569 "-" "Java/1.8.0_121"
85.214.19.233 - - [15/Apr/2021:10:28:47 +0200] "GET /picture/img001.png HTTP/1.1" 200 643437 "-" "Java/1.8.0_121"
42.236.10.82 - - [15/Apr/2021:13:19:53 +0200] "GET / HTTP/1.1" 200 569 "http://www.die-fabians.de/" "Mozilla/5.0(compatible;MSIE9.0;WindowsNT6.1;Trident/5.0)"
42.236.10.108 - - [15/Apr/2021:13:19:53 +0200] "GET / HTTP/1.1" 200 569 "http://www.die-fabians.de/" "Mozilla/5.0(compatible;MSIE9.0;WindowsNT6.1;Trident/5.0)"
42.236.10.103 - - [15/Apr/2021:13:19:53 +0200] "GET / HTTP/1.1" 200 569 "http://www.die-fabians.de/" "Mozilla/5.0(compatible;MSIE9.0;WindowsNT6.1;Trident/5.0)"
85.214.19.233 - - [15/Apr/2021:13:31:12 +0200] "GET / HTTP/1.1" 200 569 "-" "Java/1.8.0_121"
85.214.19.233 - - [15/Apr/2021:13:31:12 +0200] "GET /picture/img001.png HTTP/1.1" 200 643437 "-" "Java/1.8.0_121"
42.236.10.116 - - [15/Apr/2021:15:10:34 +0200] "GET / HTTP/1.1" 200 569 "http://www.die-fabians.de/" "Mozilla/5.0 (Windows NT 6.1; WOW64) AppleWebKit/537.36 (KHTML, like Gecko) Chrome/50.4.2661.102 Safari/537.36; 360Spider"
62.138.2.214 - - [15/Apr/2021:16:37:34 +0200] "GET /robots.txt HTTP/1.1" 404 1256 "-" "Mozilla/5.0 (X11; Linux x86_64; rv:81.0) Gecko/20100101 Firefox/81.0"
62.138.2.214 - - [15/Apr/2021:16:37:34 +0200] "GET / HTTP/1.1" 200 569 "-" "Mozilla/5.0 (X11; Linux x86_64; rv:81.0) Gecko/20100101 Firefox/81.0"
54.36.148.78 - - [15/Apr/2021:18:51:12 +0200] "GET / HTTP/1.1" 200 569 "-" "Mozilla/5.0 (compatible; AhrefsBot/7.0; +http://ahrefs.com/robot/)"
85.214.19.233 - - [15/Apr/2021:19:03:12 +0200] "GET / HTTP/1.1" 200 569 "-" "Java/1.8.0_121"
85.214.19.233 - - [15/Apr/2021:19:03:12 +0200] "GET /picture/img001.png HTTP/1.1" 200 643437 "-" "Java/1.8.0_121"
85.214.19.233 - - [15/Apr/2021:19:15:36 +0200] "GET / HTTP/1.1" 200 569 "-" "Java/1.8.0_121"
85.214.19.233 - - [15/Apr/2021:19:15:36 +0200] "GET /picture/img001.png HTTP/1.1" 200 643437 "-" "Java/1.8.0_121"
134.96.225.227 - - [15/Apr/2021:22:08:53 +0200] "GET / HTTP/1.1" 200 569 "-" "https://vuln-notify-checker.cispa.saarland/"
54.36.148.168 - - [16/Apr/2021:04:50:52 +0200] "GET /robots.txt HTTP/1.1" 404 1256 "-" "Mozilla/5.0 (compatible; AhrefsBot/7.0; +http://ahrefs.com/robot/)"
54.36.148.78 - - [16/Apr/2021:04:50:54 +0200] "GET / HTTP/1.1" 200 569 "-" "Mozilla/5.0 (compatible; AhrefsBot/7.0; +http://ahrefs.com/robot/)"
95.216.96.245 - - [16/Apr/2021:10:05:12 +0200] "GET /robots.txt HTTP/1.1" 404 1256 "-" "Mozilla/5.0 (compatible; SEOkicks; +https://www.seokicks.de/robot.html)"
95.216.96.245 - - [16/Apr/2021:10:05:13 +0200] "GET / HTTP/1.1" 200 569 "-" "Mozilla/5.0 (compatible; SEOkicks; +https://www.seokicks.de/robot.html)"
111.7.96.151 - - [16/Apr/2021:12:31:59 +0200] "HEAD / HTTP/1.1" 200 - "-" "Chrome/54.0 (Windows NT 10.0)"
111.7.96.151 - - [16/Apr/2021:12:31:59 +0200] "GET / HTTP/1.1" 200 569 "-" "Chrome/54.0 (Windows NT 10.0)"
111.7.96.151 - - [16/Apr/2021:12:32:00 +0200] "GET /favicon.ico HTTP/1.1" 404 1256 "-" "Chrome/54.0 (Windows NT 10.0)"
62.138.2.214 - - [16/Apr/2021:13:21:56 +0200] "GET /robots.txt HTTP/1.1" 404 1256 "-" "Mozilla/5.0 (X11; Linux x86_64; rv:81.0) Gecko/20100101 Firefox/81.0"
62.138.2.214 - - [16/Apr/2021:13:21:56 +0200] "GET / HTTP/1.1" 200 569 "-" "Mozilla/5.0 (X11; Linux x86_64; rv:81.0) Gecko/20100101 Firefox/81.0"
62.138.2.214 - - [16/Apr/2021:13:24:06 +0200] "GET / HTTP/1.1" 200 569 "-" "Mozilla/5.0 (X11; Linux x86_64; rv:81.0) Gecko/20100101 Firefox/81.0"
62.138.2.214 - - [16/Apr/2021:13:24:36 +0200] "GET / HTTP/1.1" 200 569 "-" "Mozilla/5.0 (X11; Linux x86_64; rv:81.0) Gecko/20100101 Firefox/81.0"
62.138.2.214 - - [16/Apr/2021:13:29:07 +0200] "GET /robots.txt HTTP/1.1" 404 1256 "-" "Mozilla/5.0 (X11; Linux x86_64; rv:81.0) Gecko/20100101 Firefox/81.0"
62.138.2.214 - - [16/Apr/2021:13:29:07 +0200] "GET / HTTP/1.1" 200 569 "-" "Mozilla/5.0 (X11; Linux x86_64; rv:81.0) Gecko/20100101 Firefox/81.0"
62.138.2.214 - - [16/Apr/2021:13:31:03 +0200] "GET / HTTP/1.1" 200 569 "-" "Mozilla/5.0 (X11; Linux x86_64; rv:81.0) Gecko/20100101 Firefox/81.0"
62.138.2.214 - - [16/Apr/2021:13:34:10 +0200] "GET /robots.txt HTTP/1.1" 404 1256 "-" "Mozilla/5.0 (X11; Linux x86_64; rv:81.0) Gecko/20100101 Firefox/81.0"
62.138.2.214 - - [16/Apr/2021:13:34:10 +0200] "GET / HTTP/1.1" 200 569 "-" "Mozilla/5.0 (X11; Linux x86_64; rv:81.0) Gecko/20100101 Firefox/81.0"
62.138.2.214 - - [16/Apr/2021:13:39:03 +0200] "GET /robots.txt HTTP/1.1" 404 1256 "-" "Mozilla/5.0 (X11; Linux x86_64; rv:81.0) Gecko/20100101 Firefox/81.0"
62.138.2.214 - - [16/Apr/2021:13:39:03 +0200] "GET / HTTP/1.1" 200 569 "-" "Mozilla/5.0 (X11; Linux x86_64; rv:81.0) Gecko/20100101 Firefox/81.0"
62.138.2.214 - - [16/Apr/2021:13:39:10 +0200] "GET / HTTP/1.1" 200 569 "-" "Mozilla/5.0 (X11; Linux x86_64; rv:81.0) Gecko/20100101 Firefox/81.0"
62.138.2.214 - - [16/Apr/2021:13:44:04 +0200] "GET /robots.txt HTTP/1.1" 404 1256 "-" "Mozilla/5.0 (X11; Linux x86_64; rv:81.0) Gecko/20100101 Firefox/81.0"
62.138.2.214 - - [16/Apr/2021:13:44:04 +0200] "GET / HTTP/1.1" 200 569 "-" "Mozilla/5.0 (X11; Linux x86_64; rv:81.0) Gecko/20100101 Firefox/81.0"
62.138.2.214 - - [16/Apr/2021:13:44:38 +0200] "GET / HTTP/1.1" 200 569 "-" "Mozilla/5.0 (X11; Linux x86_64; rv:81.0) Gecko/20100101 Firefox/81.0"
62.138.2.214 - - [16/Apr/2021:13:49:03 +0200] "GET /robots.txt HTTP/1.1" 404 1256 "-" "Mozilla/5.0 (X11; Linux x86_64; rv:81.0) Gecko/20100101 Firefox/81.0"
62.138.2.214 - - [16/Apr/2021:13:49:03 +0200] "GET / HTTP/1.1" 200 569 "-" "Mozilla/5.0 (X11; Linux x86_64; rv:81.0) Gecko/20100101 Firefox/81.0"
62.138.2.214 - - [16/Apr/2021:13:54:02 +0200] "GET /robots.txt HTTP/1.1" 404 1256 "-" "Mozilla/5.0 (X11; Linux x86_64; rv:81.0) Gecko/20100101 Firefox/81.0"
62.138.2.214 - - [16/Apr/2021:13:54:02 +0200] "GET / HTTP/1.1" 200 569 "-" "Mozilla/5.0 (X11; Linux x86_64; rv:81.0) Gecko/20100101 Firefox/81.0"
62.138.2.214 - - [16/Apr/2021:13:54:07 +0200] "GET / HTTP/1.1" 200 569 "-" "Mozilla/5.0 (X11; Linux x86_64; rv:81.0) Gecko/20100101 Firefox/81.0"
62.138.2.214 - - [16/Apr/2021:13:59:02 +0200] "GET /robots.txt HTTP/1.1" 404 1256 "-" "Mozilla/5.0 (X11; Linux x86_64; rv:81.0) Gecko/20100101 Firefox/81.0"
62.138.2.214 - - [16/Apr/2021:13:59:02 +0200] "GET / HTTP/1.1" 200 569 "-" "Mozilla/5.0 (X11; Linux x86_64; rv:81.0) Gecko/20100101 Firefox/81.0"
62.138.2.214 - - [16/Apr/2021:13:59:15 +0200] "GET / HTTP/1.1" 200 569 "-" "Mozilla/5.0 (X11; Linux x86_64; rv:81.0) Gecko/20100101 Firefox/81.0"
62.138.2.214 - - [16/Apr/2021:14:04:03 +0200] "GET /robots.txt HTTP/1.1" 404 1256 "-" "Mozilla/5.0 (X11; Linux x86_64; rv:81.0) Gecko/20100101 Firefox/81.0"
62.138.2.214 - - [16/Apr/2021:14:04:03 +0200] "GET / HTTP/1.1" 200 569 "-" "Mozilla/5.0 (X11; Linux x86_64; rv:81.0) Gecko/20100101 Firefox/81.0"
62.138.2.214 - - [16/Apr/2021:14:04:22 +0200] "GET / HTTP/1.1" 200 569 "-" "Mozilla/5.0 (X11; Linux x86_64; rv:81.0) Gecko/20100101 Firefox/81.0"
54.36.148.26 - - [16/Apr/2021:16:08:56 +0200] "GET / HTTP/1.1" 200 569 "-" "Mozilla/5.0 (compatible; AhrefsBot/7.0; +http://ahrefs.com/robot/)"
85.214.85.206 - - [17/Apr/2021:02:11:27 +0200] "GET / HTTP/1.1" 200 569 "-" "Java/1.8.0_121"
85.214.85.206 - - [17/Apr/2021:02:11:27 +0200] "GET /picture/img001.png HTTP/1.1" 200 643437 "-" "Java/1.8.0_121"
62.138.2.214 - - [17/Apr/2021:04:34:15 +0200] "GET /robots.txt HTTP/1.1" 404 1256 "-" "Mozilla/5.0 (X11; Linux x86_64; rv:81.0) Gecko/20100101 Firefox/81.0"
62.138.2.214 - - [17/Apr/2021:04:34:15 +0200] "GET / HTTP/1.1" 200 569 "-" "Mozilla/5.0 (X11; Linux x86_64; rv:81.0) Gecko/20100101 Firefox/81.0"
54.36.149.22 - - [17/Apr/2021:07:39:00 +0200] "GET /robots.txt HTTP/1.1" 404 1256 "-" "Mozilla/5.0 (compatible; AhrefsBot/7.0; +http://ahrefs.com/robot/)"
54.36.148.134 - - [17/Apr/2021:07:39:01 +0200] "GET / HTTP/1.1" 200 569 "-" "Mozilla/5.0 (compatible; AhrefsBot/7.0; +http://ahrefs.com/robot/)"
62.138.2.214 - - [17/Apr/2021:08:05:19 +0200] "GET /robots.txt HTTP/1.1" 404 1256 "-" "Mozilla/5.0 (X11; Linux x86_64; rv:81.0) Gecko/20100101 Firefox/81.0"
62.138.2.214 - - [17/Apr/2021:08:05:19 +0200] "GET / HTTP/1.1" 200 569 "-" "Mozilla/5.0 (X11; Linux x86_64; rv:81.0) Gecko/20100101 Firefox/81.0"
62.138.2.214 - - [17/Apr/2021:08:05:51 +0200] "GET / HTTP/1.1" 200 569 "-" "Mozilla/5.0 (X11; Linux x86_64; rv:81.0) Gecko/20100101 Firefox/81.0"
64.246.165.180 - - [17/Apr/2021:08:55:08 +0200] "GET /robots.txt HTTP/1.0" 404 1256 "-" "Mozilla/5.0 (Macintosh; Intel Mac OS X 10.10; rv:59.0) Gecko/20100101 Firefox/59.0"
64.246.165.180 - - [17/Apr/2021:08:55:08 +0200] "GET / HTTP/1.1" 200 569 "-" "Mozilla/5.0 (Macintosh; Intel Mac OS X 10.10; rv:59.0) Gecko/20100101 Firefox/59.0"
62.138.2.214 - - [17/Apr/2021:11:34:04 +0200] "GET /robots.txt HTTP/1.1" 404 1256 "-" "Mozilla/5.0 (X11; Linux x86_64; rv:81.0) Gecko/20100101 Firefox/81.0"
62.138.2.214 - - [17/Apr/2021:11:34:04 +0200] "GET / HTTP/1.1" 200 569 "-" "Mozilla/5.0 (X11; Linux x86_64; rv:81.0) Gecko/20100101 Firefox/81.0"
3.226.242.152 - - [17/Apr/2021:14:30:33 +0200] "GET /.env HTTP/1.1" 404 1256 "-" "Mozilla/5.0 (X11; Linux x86_64) AppleWebKit/537.36 (KHTML, like Gecko) Chrome/81.0.4044.129 Safari/537.36"
3.226.242.152 - - [17/Apr/2021:14:34:50 +0200] "POST / HTTP/1.1" 200 569 "-" "Mozilla/5.0 (X11; Linux x86_64) AppleWebKit/537.36 (KHTML, like Gecko) Chrome/81.0.4044.129 Safari/537.36"
62.138.2.214 - - [17/Apr/2021:15:02:01 +0200] "GET /robots.txt HTTP/1.1" 404 1256 "-" "Mozilla/5.0 (X11; Linux x86_64; rv:81.0) Gecko/20100101 Firefox/81.0"
62.138.2.214 - - [17/Apr/2021:15:02:01 +0200] "GET / HTTP/1.1" 200 569 "-" "Mozilla/5.0 (X11; Linux x86_64; rv:81.0) Gecko/20100101 Firefox/81.0"
62.138.2.214 - - [17/Apr/2021:18:04:03 +0200] "GET /robots.txt HTTP/1.1" 404 1256 "-" "Mozilla/5.0 (X11; Linux x86_64; rv:81.0) Gecko/20100101 Firefox/81.0"
62.138.2.214 - - [17/Apr/2021:18:04:03 +0200] "GET / HTTP/1.1" 200 569 "-" "Mozilla/5.0 (X11; Linux x86_64; rv:81.0) Gecko/20100101 Firefox/81.0"
62.138.2.214 - - [17/Apr/2021:18:04:05 +0200] "GET / HTTP/1.1" 200 569 "-" "Mozilla/5.0 (X11; Linux x86_64; rv:81.0) Gecko/20100101 Firefox/81.0"
111.7.96.138 - - [17/Apr/2021:19:07:33 +0200] "HEAD / HTTP/1.1" 200 - "-" "Chrome/54.0 (Windows NT 10.0)"
111.7.96.138 - - [17/Apr/2021:19:07:34 +0200] "GET / HTTP/1.1" 200 569 "-" "Chrome/54.0 (Windows NT 10.0)"
111.7.96.138 - - [17/Apr/2021:19:07:34 +0200] "GET /favicon.ico HTTP/1.1" 404 1256 "-" "Chrome/54.0 (Windows NT 10.0)"
62.138.2.214 - - [17/Apr/2021:21:09:13 +0200] "GET /robots.txt HTTP/1.1" 404 1256 "-" "Mozilla/5.0 (X11; Linux x86_64; rv:81.0) Gecko/20100101 Firefox/81.0"
62.138.2.214 - - [17/Apr/2021:21:09:13 +0200] "GET / HTTP/1.1" 200 569 "-" "Mozilla/5.0 (X11; Linux x86_64; rv:81.0) Gecko/20100101 Firefox/81.0"
62.138.2.214 - - [18/Apr/2021:00:34:04 +0200] "GET /robots.txt HTTP/1.1" 404 1256 "-" "Mozilla/5.0 (X11; Linux x86_64; rv:81.0) Gecko/20100101 Firefox/81.0"
62.138.2.214 - - [18/Apr/2021:00:34:04 +0200] "GET / HTTP/1.1" 200 569 "-" "Mozilla/5.0 (X11; Linux x86_64; rv:81.0) Gecko/20100101 Firefox/81.0"
62.138.2.214 - - [18/Apr/2021:00:34:12 +0200] "GET / HTTP/1.1" 200 569 "-" "Mozilla/5.0 (X11; Linux x86_64; rv:81.0) Gecko/20100101 Firefox/81.0"
54.36.148.30 - - [18/Apr/2021:01:49:43 +0200] "GET / HTTP/1.1" 200 569 "-" "Mozilla/5.0 (compatible; AhrefsBot/7.0; +http://ahrefs.com/robot/)"
62.138.2.214 - - [18/Apr/2021:04:25:28 +0200] "GET /robots.txt HTTP/1.1" 404 1256 "-" "Mozilla/5.0 (X11; Linux x86_64; rv:81.0) Gecko/20100101 Firefox/81.0"
62.138.2.214 - - [18/Apr/2021:04:25:28 +0200] "GET / HTTP/1.1" 200 569 "-" "Mozilla/5.0 (X11; Linux x86_64; rv:81.0) Gecko/20100101 Firefox/81.0"
62.138.2.214 - - [18/Apr/2021:08:15:17 +0200] "GET /robots.txt HTTP/1.1" 404 1256 "-" "Mozilla/5.0 (X11; Linux x86_64; rv:81.0) Gecko/20100101 Firefox/81.0"
62.138.2.214 - - [18/Apr/2021:08:15:17 +0200] "GET / HTTP/1.1" 200 569 "-" "Mozilla/5.0 (X11; Linux x86_64; rv:81.0) Gecko/20100101 Firefox/81.0"
