46.229.164.101 - - [01/Nov/2016:04:29:09 +0100] "GET /robots.txt HTTP/1.1" 404 1256 "-" "Mozilla/5.0 (compatible; SemrushBot/1.1~bl; +http://www.semrush.com/bot.html)"
115.28.28.62 - - [01/Nov/2016:10:58:30 +0100] "GET / HTTP/1.1" 200 569 "-" "-"
115.28.28.62 - - [01/Nov/2016:10:58:30 +0100] "GET /xmlrpc.php HTTP/1.1" 404 1256 "-" "-"
115.28.28.62 - - [01/Nov/2016:10:58:30 +0100] "HEAD /wp-login.php HTTP/1.1" 404 - "-" "-"
213.136.78.176 - - [01/Nov/2016:14:13:34 +0100] "GET / HTTP/1.1" 200 569 "-" "Mozilla/5.0 (Windows NT 6.3; WOW64) AppleWebKit/537.36 (KHTML, like Gecko) Chrome/40.0.2214.115 Safari/537.36"
46.229.164.102 - - [01/Nov/2016:18:53:34 +0100] "GET /robots.txt HTTP/1.1" 404 1256 "-" "Mozilla/5.0 (compatible; SemrushBot/1.1~bl; +http://www.semrush.com/bot.html)"
138.201.30.66 - - [02/Nov/2016:02:01:51 +0100] "GET /robots.txt HTTP/1.0" 404 1256 "-" "Mozilla/5.0 (compatible; SEOkicks-Robot; +http://www.seokicks.de/robot.html)"
138.201.30.66 - - [02/Nov/2016:02:01:53 +0100] "GET / HTTP/1.0" 200 569 "-" "Mozilla/5.0 (compatible; SEOkicks-Robot; +http://www.seokicks.de/robot.html)"
46.229.164.102 - - [02/Nov/2016:05:55:52 +0100] "GET /robots.txt HTTP/1.1" 404 1256 "-" "Mozilla/5.0 (compatible; SemrushBot/1.1~bl; +http://www.semrush.com/bot.html)"
64.246.165.210 - - [02/Nov/2016:07:36:29 +0100] "GET /robots.txt HTTP/1.0" 404 1256 "-" "Mozilla/5.0 (Windows; U; Windows NT 5.1; en; rv:1.9.0.13) Gecko/2009073022 Firefox/3.5.2 (.NET CLR 3.5.30729) SurveyBot/2.3 (DomainTools)"
64.246.165.210 - - [02/Nov/2016:07:36:30 +0100] "GET / HTTP/1.1" 200 569 "http://whois.domaintools.com/die-fabians.de" "Mozilla/5.0 (Windows; U; Windows NT 5.1; en; rv:1.9.0.13) Gecko/2009073022 Firefox/3.5.2 (.NET CLR 3.5.30729) SurveyBot/2.3 (DomainTools)"
46.229.164.102 - - [02/Nov/2016:16:40:55 +0100] "GET /robots.txt HTTP/1.1" 404 1256 "-" "Mozilla/5.0 (compatible; SemrushBot/1.1~bl; +http://www.semrush.com/bot.html)"
77.75.77.62 - - [02/Nov/2016:17:45:13 +0100] "GET /robots.txt HTTP/1.1" 404 1256 "-" "Mozilla/5.0 (compatible; SeznamBot/3.2; +http://napoveda.seznam.cz/en/seznambot-intro/)"
77.75.77.62 - - [02/Nov/2016:17:45:16 +0100] "GET /picture/img001.png HTTP/1.1" 304 - "-" "Mozilla/5.0 (compatible; SeznamBot/3.2; +http://napoveda.seznam.cz/en/seznambot-intro/)"
5.255.251.7 - - [03/Nov/2016:01:40:06 +0100] "GET /robots.txt HTTP/1.1" 404 1256 "-" "Mozilla/5.0 (compatible; YandexBot/3.0; +http://yandex.com/bots)"
46.229.164.102 - - [03/Nov/2016:02:55:02 +0100] "GET /robots.txt HTTP/1.1" 404 1256 "-" "Mozilla/5.0 (compatible; SemrushBot/1.1~bl; +http://www.semrush.com/bot.html)"
69.30.221.250 - - [03/Nov/2016:09:13:08 +0100] "GET /robots.txt HTTP/1.0" 404 1256 "-" "Mozilla/5.0 (compatible; MJ12bot/v1.4.5; http://www.majestic12.co.uk/bot.php?+)"
69.30.221.250 - - [03/Nov/2016:09:13:09 +0100] "GET / HTTP/1.0" 200 569 "-" "Mozilla/5.0 (compatible; MJ12bot/v1.4.5; http://www.majestic12.co.uk/bot.php?+)"
46.229.164.102 - - [03/Nov/2016:13:03:59 +0100] "GET /robots.txt HTTP/1.1" 404 1256 "-" "Mozilla/5.0 (compatible; SemrushBot/1.1~bl; +http://www.semrush.com/bot.html)"
87.210.17.86 - - [03/Nov/2016:17:49:25 +0100] "GET / HTTP/1.1" 200 569 "-" "Java/1.8.0_101"
87.210.17.86 - - [03/Nov/2016:17:49:26 +0100] "GET /picture/img001.png HTTP/1.1" 200 643437 "-" "Java/1.8.0_101"
46.229.164.98 - - [04/Nov/2016:00:43:32 +0100] "GET /robots.txt HTTP/1.1" 404 1256 "-" "Mozilla/5.0 (compatible; SemrushBot/1.1~bl; +http://www.semrush.com/bot.html)"
46.229.164.98 - - [04/Nov/2016:09:56:48 +0100] "GET /robots.txt HTTP/1.1" 404 1256 "-" "Mozilla/5.0 (compatible; SemrushBot/1.1~bl; +http://www.semrush.com/bot.html)"
138.201.59.34 - - [04/Nov/2016:18:09:49 +0100] "GET /robots.txt HTTP/1.0" 404 1256 "-" "Mozilla/5.0 (compatible; SEOkicks-Robot; +http://www.seokicks.de/robot.html)"
138.201.59.34 - - [04/Nov/2016:18:09:50 +0100] "GET / HTTP/1.0" 200 569 "-" "Mozilla/5.0 (compatible; SEOkicks-Robot; +http://www.seokicks.de/robot.html)"
46.229.164.98 - - [04/Nov/2016:19:04:19 +0100] "GET /robots.txt HTTP/1.1" 404 1256 "-" "Mozilla/5.0 (compatible; SemrushBot/1.1~bl; +http://www.semrush.com/bot.html)"
46.229.164.98 - - [05/Nov/2016:03:41:40 +0100] "GET /robots.txt HTTP/1.1" 404 1256 "-" "Mozilla/5.0 (compatible; SemrushBot/1.1~bl; +http://www.semrush.com/bot.html)"
178.255.215.83 - - [05/Nov/2016:08:27:42 +0100] "GET /robots.txt HTTP/1.1" 404 1256 "-" "Mozilla/5.0 (compatible; Exabot/3.0; +http://www.exabot.com/go/robot)"
178.255.215.83 - - [05/Nov/2016:08:27:42 +0100] "GET / HTTP/1.1" 304 - "-" "Mozilla/5.0 (compatible; Exabot/3.0; +http://www.exabot.com/go/robot)"
46.229.164.98 - - [05/Nov/2016:12:19:36 +0100] "GET /robots.txt HTTP/1.1" 404 1256 "-" "Mozilla/5.0 (compatible; SemrushBot/1.1~bl; +http://www.semrush.com/bot.html)"
62.138.0.25 - - [05/Nov/2016:14:41:18 +0100] "GET /robots.txt HTTP/1.1" 404 1256 "-" "Mozilla/5.0 (compatible; seoscanners.net/1; +spider@seoscanners.net)"
62.138.0.25 - - [05/Nov/2016:14:41:18 +0100] "GET / HTTP/1.1" 200 569 "-" "Mozilla/5.0 (compatible; seoscanners.net/1; +spider@seoscanners.net)"
85.25.210.234 - - [05/Nov/2016:15:11:00 +0100] "GET /robots.txt HTTP/1.1" 404 1256 "-" "Mozilla/5.0 (compatible; seoscanners.net/1; +spider@seoscanners.net)"
85.25.210.234 - - [05/Nov/2016:15:11:00 +0100] "GET / HTTP/1.1" 200 569 "-" "Mozilla/5.0 (compatible; seoscanners.net/1; +spider@seoscanners.net)"
70.88.103.249 - - [05/Nov/2016:23:28:01 +0100] "GET / HTTP/1.1" 200 569 "-" "Java/1.6.0_01"
70.88.103.249 - - [05/Nov/2016:23:28:01 +0100] "GET /picture/img001.png HTTP/1.1" 200 643437 "-" "Java/1.6.0_01"
46.229.164.101 - - [06/Nov/2016:00:25:32 +0100] "GET /robots.txt HTTP/1.1" 404 1256 "-" "Mozilla/5.0 (compatible; SemrushBot/1.1~bl; +http://www.semrush.com/bot.html)"
46.229.164.101 - - [06/Nov/2016:10:17:59 +0100] "GET /robots.txt HTTP/1.1" 404 1256 "-" "Mozilla/5.0 (compatible; SemrushBot/1.1~bl; +http://www.semrush.com/bot.html)"
62.210.148.91 - - [06/Nov/2016:17:00:46 +0100] "GET /login.php?login=cmd HTTP/1.1" 404 1256 "http://www.die-fabians.de/login.php?login=cmd" "Mozilla/5.0 (Windows NT 6.1; WOW64) AppleWebKit/537.36 (KHTML, like Gecko) Chrome/42.0.2311.152 Safari/537.36"
138.201.30.66 - - [06/Nov/2016:17:56:12 +0100] "GET /robots.txt HTTP/1.0" 404 1256 "-" "Mozilla/5.0 (compatible; SEOkicks-Robot; +http://www.seokicks.de/robot.html)"
138.201.30.66 - - [06/Nov/2016:17:56:14 +0100] "GET / HTTP/1.0" 200 569 "-" "Mozilla/5.0 (compatible; SEOkicks-Robot; +http://www.seokicks.de/robot.html)"
66.249.64.246 - - [06/Nov/2016:19:10:17 +0100] "GET /robots.txt HTTP/1.1" 404 1256 "-" "Mozilla/5.0 (compatible; Googlebot/2.1; +http://www.google.com/bot.html)"
66.249.76.87 - - [06/Nov/2016:19:10:17 +0100] "GET / HTTP/1.1" 200 569 "-" "Mozilla/5.0 (Linux; Android 6.0.1; Nexus 5X Build/MMB29P) AppleWebKit/537.36 (KHTML, like Gecko) Chrome/41.0.2272.96 Mobile Safari/537.36 (compatible; Googlebot/2.1; +http://www.google.com/bot.html)"
46.229.164.101 - - [06/Nov/2016:20:13:40 +0100] "GET /robots.txt HTTP/1.1" 404 1256 "-" "Mozilla/5.0 (compatible; SemrushBot/1.1~bl; +http://www.semrush.com/bot.html)"
46.229.164.101 - - [07/Nov/2016:05:46:32 +0100] "GET /robots.txt HTTP/1.1" 404 1256 "-" "Mozilla/5.0 (compatible; SemrushBot/1.1~bl; +http://www.semrush.com/bot.html)"
208.43.225.85 - - [07/Nov/2016:12:24:54 +0100] "GET /robots.txt HTTP/1.1" 404 1256 "-" "Mozilla/5.0 (compatible; SiteExplorer/1.0b; +http://siteexplorer.info/)"
208.43.225.85 - - [07/Nov/2016:12:24:57 +0100] "GET / HTTP/1.1" 200 569 "-" "Mozilla/5.0 (compatible; SiteExplorer/1.0b; +http://siteexplorer.info/)"
46.229.164.101 - - [07/Nov/2016:15:10:14 +0100] "GET /robots.txt HTTP/1.1" 404 1256 "-" "Mozilla/5.0 (compatible; SemrushBot/1.1~bl; +http://www.semrush.com/bot.html)"
66.249.76.85 - - [07/Nov/2016:21:44:07 +0100] "GET /robots.txt HTTP/1.1" 404 1256 "-" "Mozilla/5.0 (compatible; Googlebot/2.1; +http://www.google.com/bot.html)"
66.249.76.85 - - [07/Nov/2016:21:44:08 +0100] "GET / HTTP/1.1" 200 569 "-" "Mozilla/5.0 (Linux; Android 6.0.1; Nexus 5X Build/MMB29P) AppleWebKit/537.36 (KHTML, like Gecko) Chrome/41.0.2272.96 Mobile Safari/537.36 (compatible; Googlebot/2.1; +http://www.google.com/bot.html)"
46.229.164.101 - - [08/Nov/2016:03:49:53 +0100] "GET /robots.txt HTTP/1.1" 404 1256 "-" "Mozilla/5.0 (compatible; SemrushBot/1.1~bl; +http://www.semrush.com/bot.html)"
66.249.76.83 - - [08/Nov/2016:13:33:23 +0100] "GET /robots.txt HTTP/1.1" 404 1256 "-" "Mozilla/5.0 (compatible; Googlebot/2.1; +http://www.google.com/bot.html)"
66.249.76.87 - - [08/Nov/2016:13:33:23 +0100] "GET / HTTP/1.1" 200 569 "-" "Mozilla/5.0 (Linux; Android 6.0.1; Nexus 5X Build/MMB29P) AppleWebKit/537.36 (KHTML, like Gecko) Chrome/41.0.2272.96 Mobile Safari/537.36 (compatible; Googlebot/2.1; +http://www.google.com/bot.html)"
46.229.164.101 - - [08/Nov/2016:14:32:39 +0100] "GET /robots.txt HTTP/1.1" 404 1256 "-" "Mozilla/5.0 (compatible; SemrushBot/1.1~bl; +http://www.semrush.com/bot.html)"
207.46.13.247 - - [08/Nov/2016:21:33:06 +0100] "GET /robots.txt HTTP/1.1" 404 1256 "-" "Mozilla/5.0 (compatible; bingbot/2.0; +http://www.bing.com/bingbot.htm)"
40.77.167.42 - - [08/Nov/2016:21:33:07 +0100] "GET / HTTP/1.1" 200 569 "-" "Mozilla/5.0 (compatible; bingbot/2.0; +http://www.bing.com/bingbot.htm)"
207.46.13.181 - - [08/Nov/2016:21:33:09 +0100] "GET /robots.txt HTTP/1.1" 404 1256 "-" "Mozilla/5.0 (compatible; bingbot/2.0; +http://www.bing.com/bingbot.htm)"
65.55.210.220 - - [08/Nov/2016:21:33:09 +0100] "GET /picture/img001.png HTTP/1.1" 200 643437 "http://www.die-fabians.de/" "Mozilla/5.0 (Windows NT 6.1; WOW64) AppleWebKit/534+ (KHTML, like Gecko) BingPreview/1.0b"
207.46.13.181 - - [08/Nov/2016:21:33:13 +0100] "GET /robots.txt HTTP/1.1" 404 1256 "-" "Mozilla/5.0 (compatible; bingbot/2.0; +http://www.bing.com/bingbot.htm)"
46.229.164.101 - - [09/Nov/2016:01:37:58 +0100] "GET /robots.txt HTTP/1.1" 404 1256 "-" "Mozilla/5.0 (compatible; SemrushBot/1.1~bl; +http://www.semrush.com/bot.html)"
66.249.69.4 - - [09/Nov/2016:11:10:54 +0100] "GET /robots.txt HTTP/1.1" 404 1256 "-" "Mozilla/5.0 (compatible; Googlebot/2.1; +http://www.google.com/bot.html)"
66.249.69.12 - - [09/Nov/2016:11:10:54 +0100] "GET / HTTP/1.1" 200 569 "-" "Mozilla/5.0 (Linux; Android 6.0.1; Nexus 5X Build/MMB29P) AppleWebKit/537.36 (KHTML, like Gecko) Chrome/41.0.2272.96 Mobile Safari/537.36 (compatible; Googlebot/2.1; +http://www.google.com/bot.html)"
77.75.79.101 - - [09/Nov/2016:11:50:08 +0100] "GET /robots.txt HTTP/1.1" 404 1256 "-" "Mozilla/5.0 (compatible; SeznamBot/3.2; +http://napoveda.seznam.cz/en/seznambot-intro/)"
77.75.79.101 - - [09/Nov/2016:11:50:09 +0100] "GET /picture/img001.png HTTP/1.1" 304 - "-" "Mozilla/5.0 (compatible; SeznamBot/3.2; +http://napoveda.seznam.cz/en/seznambot-intro/)"
46.229.164.101 - - [09/Nov/2016:12:31:58 +0100] "GET /robots.txt HTTP/1.1" 404 1256 "-" "Mozilla/5.0 (compatible; SemrushBot/1.1~bl; +http://www.semrush.com/bot.html)"
46.229.164.101 - - [09/Nov/2016:22:56:11 +0100] "GET /robots.txt HTTP/1.1" 404 1256 "-" "Mozilla/5.0 (compatible; SemrushBot/1.1~bl; +http://www.semrush.com/bot.html)"
46.229.164.101 - - [10/Nov/2016:14:57:10 +0100] "GET /robots.txt HTTP/1.1" 404 1256 "-" "Mozilla/5.0 (compatible; SemrushBot/1.1~bl; +http://www.semrush.com/bot.html)"
95.63.206.30 - - [10/Nov/2016:16:59:51 +0100] "GET / HTTP/1.1" 200 569 "-" "Java/1.8.0_91"
95.63.206.30 - - [10/Nov/2016:16:59:51 +0100] "GET /picture/img001.png HTTP/1.1" 200 643437 "-" "Java/1.8.0_91"
138.201.59.34 - - [10/Nov/2016:20:16:58 +0100] "GET /robots.txt HTTP/1.0" 404 1256 "-" "Mozilla/5.0 (compatible; SEOkicks-Robot; +http://www.seokicks.de/robot.html)"
138.201.59.34 - - [10/Nov/2016:20:16:59 +0100] "GET / HTTP/1.0" 200 569 "-" "Mozilla/5.0 (compatible; SEOkicks-Robot; +http://www.seokicks.de/robot.html)"
46.229.164.101 - - [11/Nov/2016:01:52:23 +0100] "GET /robots.txt HTTP/1.1" 404 1256 "-" "Mozilla/5.0 (compatible; SemrushBot/1.1~bl; +http://www.semrush.com/bot.html)"
149.202.7.203 - - [11/Nov/2016:02:55:56 +0100] "GET / HTTP/1.1" 200 569 "-" "Java/1.4.1_04"
149.202.7.203 - - [11/Nov/2016:02:55:56 +0100] "GET /picture/img001.png HTTP/1.1" 200 643437 "-" "Java/1.4.1_04"
45.55.43.212 - - [11/Nov/2016:09:21:49 +0100] "GET /robots.txt HTTP/1.1" 404 1256 "-" "Mozilla/5.0 (compatible; spbot/5.0.3; +http://OpenLinkProfiler.org/bot )"
45.55.43.212 - - [11/Nov/2016:09:21:54 +0100] "GET / HTTP/1.1" 200 569 "-" "Mozilla/5.0 (compatible; spbot/5.0.3; +http://OpenLinkProfiler.org/bot )"
46.229.164.101 - - [11/Nov/2016:12:18:56 +0100] "GET /robots.txt HTTP/1.1" 404 1256 "-" "Mozilla/5.0 (compatible; SemrushBot/1.1~bl; +http://www.semrush.com/bot.html)"
46.229.164.101 - - [11/Nov/2016:22:24:27 +0100] "GET /robots.txt HTTP/1.1" 404 1256 "-" "Mozilla/5.0 (compatible; SemrushBot/1.1~bl; +http://www.semrush.com/bot.html)"
138.201.71.214 - - [11/Nov/2016:23:38:28 +0100] "GET / HTTP/1.1" 200 569 "-" "Java/1.4.1_04"
138.201.71.214 - - [11/Nov/2016:23:38:28 +0100] "GET /picture/img001.png HTTP/1.1" 200 643437 "-" "Java/1.4.1_04"
46.229.164.101 - - [12/Nov/2016:08:12:07 +0100] "GET /robots.txt HTTP/1.1" 404 1256 "-" "Mozilla/5.0 (compatible; SemrushBot/1.1~bl; +http://www.semrush.com/bot.html)"
151.80.31.183 - - [12/Nov/2016:09:46:24 +0100] "GET /robots.txt HTTP/1.1" 404 1256 "-" "Mozilla/5.0 (compatible; AhrefsBot/5.1; +http://ahrefs.com/robot/)"
163.172.66.57 - - [12/Nov/2016:09:46:24 +0100] "GET / HTTP/1.1" 200 569 "-" "Mozilla/5.0 (compatible; AhrefsBot/5.1; +http://ahrefs.com/robot/)"
138.201.30.66 - - [12/Nov/2016:10:35:29 +0100] "GET /robots.txt HTTP/1.0" 404 1256 "-" "Mozilla/5.0 (compatible; SEOkicks-Robot; +http://www.seokicks.de/robot.html)"
138.201.30.66 - - [12/Nov/2016:10:35:31 +0100] "GET / HTTP/1.0" 200 569 "-" "Mozilla/5.0 (compatible; SEOkicks-Robot; +http://www.seokicks.de/robot.html)"
77.75.76.163 - - [12/Nov/2016:14:54:31 +0100] "GET /robots.txt HTTP/1.1" 404 1256 "-" "Mozilla/5.0 (compatible; SeznamBot/3.2; +http://napoveda.seznam.cz/en/seznambot-intro/)"
77.75.76.163 - - [12/Nov/2016:14:54:31 +0100] "GET /picture/img001.png HTTP/1.1" 304 - "-" "Mozilla/5.0 (compatible; SeznamBot/3.2; +http://napoveda.seznam.cz/en/seznambot-intro/)"
79.255.21.250 - - [12/Nov/2016:22:53:47 +0100] "GET / HTTP/1.1" 200 569 "-" "Java/1.4.1_04"
79.255.21.250 - - [12/Nov/2016:22:53:50 +0100] "GET /picture/img001.png HTTP/1.1" 200 643437 "-" "Java/1.4.1_04"
167.114.65.240 - - [14/Nov/2016:02:47:52 +0100] "GET / HTTP/1.1" 200 569 "-" "Mozilla/5.0 (compatible; Dataprovider/6.101; +https://www.dataprovider.com/)"
167.114.65.240 - - [14/Nov/2016:02:47:55 +0100] "GET /robots.txt HTTP/1.1" 404 1256 "-" "Mozilla/5.0 (compatible; Dataprovider/6.101; +https://www.dataprovider.com/)"
167.114.65.240 - - [14/Nov/2016:02:47:56 +0100] "GET /sitemap.xml HTTP/1.1" 404 1256 "-" "Mozilla/5.0 (compatible; Dataprovider/6.101; +https://www.dataprovider.com/)"
167.114.65.240 - - [14/Nov/2016:02:47:56 +0100] "GET / HTTP/1.1" 200 569 "-" "Mozilla/5.0 (compatible; Dataprovider/6.101; +https://www.dataprovider.com/)"
167.114.65.240 - - [14/Nov/2016:02:47:57 +0100] "GET / HTTP/1.1" 200 569 "-" "Mozilla/5.0 (Linux; Android 4.05; Galaxy Nexus Build/IMM76B) AppleWebKit/535.25 (KHTML, like Gecko) Chrome/17.0.1025.133 Mobile Safari/536.19"
5.9.62.180 - - [14/Nov/2016:06:11:07 +0100] "GET / HTTP/1.1" 200 569 "-" "-"
138.201.30.66 - - [15/Nov/2016:07:38:25 +0100] "GET /robots.txt HTTP/1.0" 404 1256 "-" "Mozilla/5.0 (compatible; SEOkicks-Robot; +http://www.seokicks.de/robot.html)"
138.201.30.66 - - [15/Nov/2016:07:38:26 +0100] "GET / HTTP/1.0" 200 569 "-" "Mozilla/5.0 (compatible; SEOkicks-Robot; +http://www.seokicks.de/robot.html)"
5.255.251.7 - - [15/Nov/2016:09:10:13 +0100] "GET /robots.txt HTTP/1.1" 404 1256 "-" "Mozilla/5.0 (compatible; YandexBot/3.0; +http://yandex.com/bots)"
192.243.55.134 - - [15/Nov/2016:13:13:49 +0100] "GET / HTTP/1.1" 200 569 "-" "Mozilla/5.0 (compatible; SemrushBot/1.1~bl; +http://www.semrush.com/bot.html)"
66.249.66.40 - - [15/Nov/2016:15:59:00 +0100] "GET /robots.txt HTTP/1.1" 404 1256 "-" "Mozilla/5.0 (compatible; Googlebot/2.1; +http://www.google.com/bot.html)"
66.249.76.85 - - [15/Nov/2016:15:59:00 +0100] "GET / HTTP/1.1" 200 569 "-" "Mozilla/5.0 (compatible; Googlebot/2.1; +http://www.google.com/bot.html)"
86.87.197.7 - - [16/Nov/2016:02:17:28 +0100] "GET / HTTP/1.1" 200 569 "-" "Java/1.6.0_04"
86.87.197.7 - - [16/Nov/2016:02:17:28 +0100] "GET /picture/img001.png HTTP/1.1" 200 643437 "-" "Java/1.6.0_04"
138.201.59.34 - - [17/Nov/2016:03:30:56 +0100] "GET /robots.txt HTTP/1.0" 404 1256 "-" "Mozilla/5.0 (compatible; SEOkicks-Robot; +http://www.seokicks.de/robot.html)"
138.201.59.34 - - [17/Nov/2016:03:30:57 +0100] "GET / HTTP/1.0" 200 569 "-" "Mozilla/5.0 (compatible; SEOkicks-Robot; +http://www.seokicks.de/robot.html)"
5.255.251.7 - - [17/Nov/2016:14:13:51 +0100] "GET /robots.txt HTTP/1.1" 404 1256 "-" "Mozilla/5.0 (compatible; YandexBot/3.0; +http://yandex.com/bots)"
46.229.164.99 - - [18/Nov/2016:08:46:23 +0100] "GET /robots.txt HTTP/1.1" 404 1256 "-" "Mozilla/5.0 (compatible; SemrushBot/1.1~bl; +http://www.semrush.com/bot.html)"
46.229.164.99 - - [18/Nov/2016:21:15:58 +0100] "GET /robots.txt HTTP/1.1" 404 1256 "-" "Mozilla/5.0 (compatible; SemrushBot/1.1~bl; +http://www.semrush.com/bot.html)"
195.154.255.203 - - [19/Nov/2016:06:21:46 +0100] "GET / HTTP/1.0" 200 569 "-" "Mozilla/5.0 (Windows NT 6.3; WOW64) AppleWebKit/537.36 (KHTML, like Gecko) Chrome/34.0.1847.137 Safari/537.36"
46.229.164.99 - - [19/Nov/2016:09:21:26 +0100] "GET /robots.txt HTTP/1.1" 404 1256 "-" "Mozilla/5.0 (compatible; SemrushBot/1.1~bl; +http://www.semrush.com/bot.html)"
64.246.165.180 - - [19/Nov/2016:09:27:08 +0100] "GET /robots.txt HTTP/1.0" 404 1256 "-" "Mozilla/5.0 (Windows; U; Windows NT 5.1; en; rv:1.9.0.13) Gecko/2009073022 Firefox/3.5.2 (.NET CLR 3.5.30729) SurveyBot/2.3 (DomainTools)"
64.246.165.180 - - [19/Nov/2016:09:27:08 +0100] "GET / HTTP/1.1" 200 569 "http://whois.domaintools.com/die-fabians.de" "Mozilla/5.0 (Windows; U; Windows NT 5.1; en; rv:1.9.0.13) Gecko/2009073022 Firefox/3.5.2 (.NET CLR 3.5.30729) SurveyBot/2.3 (DomainTools)"
46.229.164.99 - - [19/Nov/2016:20:26:59 +0100] "GET /robots.txt HTTP/1.1" 404 1256 "-" "Mozilla/5.0 (compatible; SemrushBot/1.1~bl; +http://www.semrush.com/bot.html)"
94.199.151.22 - - [20/Nov/2016:03:38:33 +0100] "GET /robots.txt HTTP/1.1" 404 1256 "-" "Wotbox/2.01 (+http://www.wotbox.com/bot/)"
94.199.151.22 - - [20/Nov/2016:03:38:45 +0100] "GET / HTTP/1.1" 200 569 "-" "Wotbox/2.01 (+http://www.wotbox.com/bot/)"
46.229.164.99 - - [20/Nov/2016:07:20:54 +0100] "GET /robots.txt HTTP/1.1" 404 1256 "-" "Mozilla/5.0 (compatible; SemrushBot/1.1~bl; +http://www.semrush.com/bot.html)"
151.80.31.183 - - [20/Nov/2016:13:09:56 +0100] "GET /robots.txt HTTP/1.1" 404 1256 "-" "Mozilla/5.0 (compatible; AhrefsBot/5.1; +http://ahrefs.com/robot/)"
163.172.65.132 - - [20/Nov/2016:13:09:57 +0100] "GET / HTTP/1.1" 200 569 "-" "Mozilla/5.0 (compatible; AhrefsBot/5.1; +http://ahrefs.com/robot/)"
46.229.164.102 - - [20/Nov/2016:20:32:42 +0100] "GET /robots.txt HTTP/1.1" 404 1256 "-" "Mozilla/5.0 (compatible; SemrushBot/1.1~bl; +http://www.semrush.com/bot.html)"
138.201.30.66 - - [20/Nov/2016:22:08:30 +0100] "GET /robots.txt HTTP/1.0" 404 1256 "-" "Mozilla/5.0 (compatible; SEOkicks-Robot; +http://www.seokicks.de/robot.html)"
138.201.30.66 - - [20/Nov/2016:22:08:31 +0100] "GET / HTTP/1.0" 200 569 "-" "Mozilla/5.0 (compatible; SEOkicks-Robot; +http://www.seokicks.de/robot.html)"
46.229.164.102 - - [21/Nov/2016:06:42:18 +0100] "GET /robots.txt HTTP/1.1" 404 1256 "-" "Mozilla/5.0 (compatible; SemrushBot/1.1~bl; +http://www.semrush.com/bot.html)"
46.229.164.102 - - [21/Nov/2016:16:29:20 +0100] "GET /robots.txt HTTP/1.1" 404 1256 "-" "Mozilla/5.0 (compatible; SemrushBot/1.1~bl; +http://www.semrush.com/bot.html)"
66.249.66.46 - - [21/Nov/2016:19:42:32 +0100] "GET /robots.txt HTTP/1.1" 404 1256 "-" "Mozilla/5.0 (compatible; Googlebot/2.1; +http://www.google.com/bot.html)"
66.249.76.85 - - [21/Nov/2016:19:42:32 +0100] "GET / HTTP/1.1" 200 569 "-" "Mozilla/5.0 (compatible; Googlebot/2.1; +http://www.google.com/bot.html)"
46.229.164.102 - - [22/Nov/2016:01:54:06 +0100] "GET /robots.txt HTTP/1.1" 404 1256 "-" "Mozilla/5.0 (compatible; SemrushBot/1.1~bl; +http://www.semrush.com/bot.html)"
159.203.138.138 - - [22/Nov/2016:01:57:53 +0100] "GET /robots.txt HTTP/1.1" 404 1256 "-" "Mozilla/5.0 (compatible; spbot/5.0.3; +http://OpenLinkProfiler.org/bot )"
159.203.138.138 - - [22/Nov/2016:01:57:59 +0100] "GET / HTTP/1.1" 200 569 "-" "Mozilla/5.0 (compatible; spbot/5.0.3; +http://OpenLinkProfiler.org/bot )"
157.55.39.169 - - [22/Nov/2016:08:04:56 +0100] "GET /robots.txt HTTP/1.1" 404 1256 "-" "Mozilla/5.0 (compatible; bingbot/2.0; +http://www.bing.com/bingbot.htm)"
157.55.39.169 - - [22/Nov/2016:08:05:02 +0100] "GET /reise/billig_fligen_nach_antalya.html HTTP/1.1" 404 1256 "-" "Mozilla/5.0 (compatible; bingbot/2.0; +http://www.bing.com/bingbot.htm)"
52.211.91.214 - - [22/Nov/2016:10:07:15 +0100] "GET / HTTP/1.0" 200 569 "https://webxtrakt.de/die-fabians.de" "Mozilla/5.0 (Macintosh; Intel Mac OS X 10_11_4) AppleWebKit/537.36 (KHTML, like Gecko) Chrome/54.0.2840.71 Safari/537.36"
46.229.164.102 - - [22/Nov/2016:10:55:06 +0100] "GET /robots.txt HTTP/1.1" 404 1256 "-" "Mozilla/5.0 (compatible; SemrushBot/1.1~bl; +http://www.semrush.com/bot.html)"
66.249.76.83 - - [22/Nov/2016:11:24:47 +0100] "GET /robots.txt HTTP/1.1" 404 1256 "-" "Mozilla/5.0 (compatible; Googlebot/2.1; +http://www.google.com/bot.html)"
66.249.76.85 - - [22/Nov/2016:11:24:47 +0100] "GET / HTTP/1.1" 200 569 "-" "Mozilla/5.0 (compatible; Googlebot/2.1; +http://www.google.com/bot.html)"
195.154.255.203 - - [22/Nov/2016:13:17:00 +0100] "GET //login.php?login=cmd HTTP/1.0" 404 1256 "-" "Mozilla/5.0 (Windows NT 6.1) AppleWebKit/537.36 (KHTML, like Gecko) Chrome/41.0.2228.0 Safari/537.36"
195.154.255.203 - - [22/Nov/2016:13:17:00 +0100] "GET //login.php?login=cmd HTTP/1.0" 404 1256 "-" "Mozilla/5.0 (Windows NT 6.1) AppleWebKit/537.36 (KHTML, like Gecko) Chrome/41.0.2228.0 Safari/537.36"
138.201.30.66 - - [23/Nov/2016:14:12:54 +0100] "GET /robots.txt HTTP/1.0" 404 1256 "-" "Mozilla/5.0 (compatible; SEOkicks-Robot; +http://www.seokicks.de/robot.html)"
138.201.30.66 - - [23/Nov/2016:14:12:56 +0100] "GET / HTTP/1.0" 200 569 "-" "Mozilla/5.0 (compatible; SEOkicks-Robot; +http://www.seokicks.de/robot.html)"
46.229.164.100 - - [23/Nov/2016:15:32:53 +0100] "GET /robots.txt HTTP/1.1" 404 1256 "-" "Mozilla/5.0 (compatible; SemrushBot/1.1~bl; +http://www.semrush.com/bot.html)"
138.201.71.214 - - [24/Nov/2016:06:11:30 +0100] "GET / HTTP/1.1" 200 569 "-" "Java/1.4.1_04"
138.201.71.214 - - [24/Nov/2016:06:11:30 +0100] "GET /picture/img001.png HTTP/1.1" 200 643437 "-" "Java/1.4.1_04"
178.255.215.83 - - [24/Nov/2016:09:32:59 +0100] "GET /robots.txt HTTP/1.1" 404 1256 "-" "Mozilla/5.0 (compatible; Exabot/3.0; +http://www.exabot.com/go/robot)"
178.255.215.83 - - [24/Nov/2016:09:32:59 +0100] "GET / HTTP/1.1" 304 - "-" "Mozilla/5.0 (compatible; Exabot/3.0; +http://www.exabot.com/go/robot)"
46.229.164.100 - - [24/Nov/2016:14:27:45 +0100] "GET /robots.txt HTTP/1.1" 404 1256 "-" "Mozilla/5.0 (compatible; SemrushBot/1.1~bl; +http://www.semrush.com/bot.html)"
66.249.69.131 - - [24/Nov/2016:22:22:56 +0100] "GET /robots.txt HTTP/1.1" 404 1256 "-" "Mozilla/5.0 (compatible; Googlebot/2.1; +http://www.google.com/bot.html)"
66.249.69.131 - - [24/Nov/2016:22:22:57 +0100] "GET / HTTP/1.1" 200 569 "-" "Mozilla/5.0 (Linux; Android 6.0.1; Nexus 5X Build/MMB29P) AppleWebKit/537.36 (KHTML, like Gecko) Chrome/41.0.2272.96 Mobile Safari/537.36 (compatible; Googlebot/2.1; +http://www.google.com/bot.html)"
173.208.136.114 - - [25/Nov/2016:05:33:09 +0100] "GET / HTTP/1.0" 200 569 "-" "Mozilla/5.0 (Windows NT 6.1) AppleWebKit/537.36 (KHTML, like Gecko) Chrome/41.0.2228.0 Safari/537.36"
144.76.60.98 - - [25/Nov/2016:07:26:27 +0100] "GET / HTTP/1.1" 200 569 "-" "Mozilla/5.0 (compatible; MegaIndex.ru/2.0; +http://megaindex.com/crawler)"
84.126.254.47 - - [25/Nov/2016:10:06:29 +0100] "GET / HTTP/1.1" 200 569 "-" "Java/1.6.0_20"
84.126.254.47 - - [25/Nov/2016:10:06:29 +0100] "GET /picture/img001.png HTTP/1.1" 200 643437 "-" "Java/1.6.0_20"
46.229.164.100 - - [25/Nov/2016:10:13:06 +0100] "GET /robots.txt HTTP/1.1" 404 1256 "-" "Mozilla/5.0 (compatible; SemrushBot/1.1~bl; +http://www.semrush.com/bot.html)"
66.249.69.131 - - [25/Nov/2016:12:19:01 +0100] "GET /robots.txt HTTP/1.1" 404 1256 "-" "Mozilla/5.0 (compatible; Googlebot/2.1; +http://www.google.com/bot.html)"
66.249.69.131 - - [25/Nov/2016:12:19:01 +0100] "GET / HTTP/1.1" 200 569 "-" "Mozilla/5.0 (compatible; Googlebot/2.1; +http://www.google.com/bot.html)"
66.249.69.131 - - [25/Nov/2016:15:42:15 +0100] "GET / HTTP/1.1" 200 569 "-" "Mozilla/5.0 (compatible; Googlebot/2.1; +http://www.google.com/bot.html)"
66.249.69.128 - - [25/Nov/2016:17:03:35 +0100] "GET / HTTP/1.1" 200 569 "-" "Mozilla/5.0 (compatible; Googlebot/2.1; +http://www.google.com/bot.html)"
66.249.69.134 - - [25/Nov/2016:19:56:40 +0100] "GET / HTTP/1.1" 200 569 "-" "Mozilla/5.0 (compatible; Googlebot/2.1; +http://www.google.com/bot.html)"
54.245.157.21 - - [25/Nov/2016:21:21:34 +0100] "GET / HTTP/1.1" 200 569 "-" "Mozilla/5.0 (Macintosh; Intel Mac OS X 10_9_4) AppleWebKit/537.36 (KHTML, like Gecko) Chrome/43.0.2357.124 Safari/537.36"
66.249.69.128 - - [25/Nov/2016:21:34:01 +0100] "GET / HTTP/1.1" 200 569 "-" "Mozilla/5.0 (compatible; Googlebot/2.1; +http://www.google.com/bot.html)"
66.249.69.134 - - [25/Nov/2016:23:35:50 +0100] "GET / HTTP/1.1" 200 569 "-" "Mozilla/5.0 (compatible; Googlebot/2.1; +http://www.google.com/bot.html)"
66.249.69.134 - - [26/Nov/2016:01:56:08 +0100] "GET /robots.txt HTTP/1.1" 404 1256 "-" "Mozilla/5.0 (compatible; Googlebot/2.1; +http://www.google.com/bot.html)"
66.249.69.134 - - [26/Nov/2016:01:56:08 +0100] "GET /mobile/ HTTP/1.1" 404 1256 "-" "Mozilla/5.0 (Linux; Android 6.0.1; Nexus 5X Build/MMB29P) AppleWebKit/537.36 (KHTML, like Gecko) Chrome/41.0.2272.96 Mobile Safari/537.36 (compatible; Googlebot/2.1; +http://www.google.com/bot.html)"
46.229.164.100 - - [26/Nov/2016:05:25:31 +0100] "GET /robots.txt HTTP/1.1" 404 1256 "-" "Mozilla/5.0 (compatible; SemrushBot/1.1~bl; +http://www.semrush.com/bot.html)"
66.249.69.128 - - [26/Nov/2016:09:25:42 +0100] "GET / HTTP/1.1" 200 569 "-" "Mozilla/5.0 (compatible; Googlebot/2.1; +http://www.google.com/bot.html)"
66.249.69.128 - - [26/Nov/2016:10:41:44 +0100] "GET / HTTP/1.1" 200 569 "-" "Mozilla/5.0 (compatible; Googlebot/2.1; +http://www.google.com/bot.html)"
149.3.131.122 - - [26/Nov/2016:11:53:45 +0100] "GET / HTTP/1.1" 200 569 "-" "Mozilla/5.0 (Windows; U; Windows NT 5.1; en-US; rv:1.9.2.12) Gecko/20101026 Firefox/3.6.12"
149.3.131.122 - - [26/Nov/2016:11:53:50 +0100] "GET /robots.txt HTTP/1.1" 404 1256 "-" "Mozilla/5.0 (Windows; U; Windows NT 5.1; en-US; rv:1.9.2.12) Gecko/20101026 Firefox/3.6.12"
66.249.69.131 - - [26/Nov/2016:20:32:34 +0100] "GET /robots.txt HTTP/1.1" 404 1256 "-" "Mozilla/5.0 (compatible; Googlebot/2.1; +http://www.google.com/bot.html)"
66.249.69.128 - - [26/Nov/2016:20:32:34 +0100] "GET / HTTP/1.1" 200 569 "-" "Mozilla/5.0 (Linux; Android 6.0.1; Nexus 5X Build/MMB29P) AppleWebKit/537.36 (KHTML, like Gecko) Chrome/41.0.2272.96 Mobile Safari/537.36 (compatible; Googlebot/2.1; +http://www.google.com/bot.html)"
66.249.69.128 - - [26/Nov/2016:21:01:07 +0100] "GET / HTTP/1.1" 200 569 "-" "Mozilla/5.0 (compatible; Googlebot/2.1; +http://www.google.com/bot.html)"
5.10.148.125 - - [27/Nov/2016:00:17:26 +0100] "GET /robots.txt HTTP/1.0" 404 1256 "-" "Mozilla/5.0 (compatible; electricmonk/3.2.0 +https://www.duedil.com/our-crawler/)"
5.10.148.125 - - [27/Nov/2016:00:17:30 +0100] "GET / HTTP/1.0" 200 569 "-" "Mozilla/5.0 (compatible; electricmonk/3.2.0 +https://www.duedil.com/our-crawler/)"
46.229.164.100 - - [27/Nov/2016:00:46:25 +0100] "GET /robots.txt HTTP/1.1" 404 1256 "-" "Mozilla/5.0 (compatible; SemrushBot/1.1~bl; +http://www.semrush.com/bot.html)"
66.249.69.134 - - [27/Nov/2016:09:34:22 +0100] "GET /robots.txt HTTP/1.1" 404 1256 "-" "Mozilla/5.0 (compatible; Googlebot/2.1; +http://www.google.com/bot.html)"
66.249.69.128 - - [27/Nov/2016:09:34:23 +0100] "GET / HTTP/1.1" 200 569 "-" "Mozilla/5.0 (compatible; Googlebot/2.1; +http://www.google.com/bot.html)"
66.249.69.131 - - [27/Nov/2016:19:10:01 +0100] "GET / HTTP/1.1" 200 569 "-" "Mozilla/5.0 (compatible; Googlebot/2.1; +http://www.google.com/bot.html)"
66.249.69.134 - - [27/Nov/2016:19:40:54 +0100] "GET / HTTP/1.1" 200 569 "-" "Mozilla/5.0 (Linux; Android 6.0.1; Nexus 5X Build/MMB29P) AppleWebKit/537.36 (KHTML, like Gecko) Chrome/41.0.2272.96 Mobile Safari/537.36 (compatible; Googlebot/2.1; +http://www.google.com/bot.html)"
66.249.69.128 - - [27/Nov/2016:20:15:31 +0100] "GET / HTTP/1.1" 200 569 "-" "Mozilla/5.0 (compatible; Googlebot/2.1; +http://www.google.com/bot.html)"
208.43.225.85 - - [27/Nov/2016:21:03:32 +0100] "GET /robots.txt HTTP/1.1" 404 1256 "-" "Mozilla/5.0 (compatible; SiteExplorer/1.1b; +http://siteexplorer.info/Backlink-Checker-Spider/)"
208.43.225.85 - - [27/Nov/2016:21:03:35 +0100] "GET / HTTP/1.1" 200 569 "-" "Mozilla/5.0 (compatible; SiteExplorer/1.1b; +http://siteexplorer.info/Backlink-Checker-Spider/)"
149.91.123.191 - - [28/Nov/2016:05:08:13 +0100] "GET / HTTP/1.1" 200 569 "-" "Java/1.7.0_79"
149.91.123.191 - - [28/Nov/2016:05:08:13 +0100] "GET /picture/img001.png HTTP/1.1" 200 643437 "-" "Java/1.7.0_79"
46.229.164.102 - - [28/Nov/2016:05:29:10 +0100] "GET /robots.txt HTTP/1.1" 404 1256 "-" "Mozilla/5.0 (compatible; SemrushBot/1.1~bl; +http://www.semrush.com/bot.html)"
5.255.251.7 - - [28/Nov/2016:12:59:54 +0100] "GET /robots.txt HTTP/1.1" 404 1256 "-" "Mozilla/5.0 (compatible; YandexBot/3.0; +http://yandex.com/bots)"
151.80.31.183 - - [28/Nov/2016:17:28:14 +0100] "GET /robots.txt HTTP/1.1" 404 1256 "-" "Mozilla/5.0 (compatible; AhrefsBot/5.1; +http://ahrefs.com/robot/)"
163.172.66.169 - - [28/Nov/2016:17:28:14 +0100] "GET / HTTP/1.1" 200 569 "-" "Mozilla/5.0 (compatible; AhrefsBot/5.1; +http://ahrefs.com/robot/)"
176.9.50.43 - - [28/Nov/2016:18:20:54 +0100] "GET / HTTP/1.1" 200 569 "-" "Mozilla/5.0 (Windows NT 10.0; WOW64) AppleWebKit/537.36 (KHTML, like Gecko) Chrome/54.0.2840.99 Safari/537.36"
138.201.59.34 - - [28/Nov/2016:20:21:57 +0100] "GET /robots.txt HTTP/1.0" 404 1256 "-" "Mozilla/5.0 (compatible; SEOkicks-Robot; +http://www.seokicks.de/robot.html)"
138.201.59.34 - - [28/Nov/2016:20:21:58 +0100] "GET / HTTP/1.0" 200 569 "-" "Mozilla/5.0 (compatible; SEOkicks-Robot; +http://www.seokicks.de/robot.html)"
46.229.164.102 - - [29/Nov/2016:08:09:38 +0100] "GET /robots.txt HTTP/1.1" 404 1256 "-" "Mozilla/5.0 (compatible; SemrushBot/1.1~bl; +http://www.semrush.com/bot.html)"
37.24.147.207 - - [29/Nov/2016:18:45:52 +0100] "GET / HTTP/1.1" 200 569 "http://ahnenlotse.net/fafo_fa_fd.htm" "Mozilla/5.0 (X11; Ubuntu; Linux x86_64; rv:50.0) Gecko/20100101 Firefox/50.0"
37.24.147.207 - - [29/Nov/2016:18:45:53 +0100] "GET /picture/img001.png HTTP/1.1" 200 643437 "http://www.die-fabians.de/" "Mozilla/5.0 (X11; Ubuntu; Linux x86_64; rv:50.0) Gecko/20100101 Firefox/50.0"
37.24.147.207 - - [29/Nov/2016:18:45:53 +0100] "GET /favicon.ico HTTP/1.1" 404 1256 "-" "Mozilla/5.0 (X11; Ubuntu; Linux x86_64; rv:50.0) Gecko/20100101 Firefox/50.0"
37.24.147.207 - - [29/Nov/2016:18:45:53 +0100] "GET /favicon.ico HTTP/1.1" 404 1256 "-" "Mozilla/5.0 (X11; Ubuntu; Linux x86_64; rv:50.0) Gecko/20100101 Firefox/50.0"
87.210.17.86 - - [30/Nov/2016:10:31:19 +0100] "GET / HTTP/1.1" 200 569 "-" "Java/1.6.0_04"
87.210.17.86 - - [30/Nov/2016:10:31:19 +0100] "GET /picture/img001.png HTTP/1.1" 200 643437 "-" "Java/1.6.0_04"
46.229.164.102 - - [30/Nov/2016:10:54:02 +0100] "GET /robots.txt HTTP/1.1" 404 1256 "-" "Mozilla/5.0 (compatible; SemrushBot/1.1~bl; +http://www.semrush.com/bot.html)"
138.201.59.34 - - [30/Nov/2016:22:31:59 +0100] "GET /robots.txt HTTP/1.0" 404 1256 "-" "Mozilla/5.0 (compatible; SEOkicks-Robot; +http://www.seokicks.de/robot.html)"
138.201.59.34 - - [30/Nov/2016:22:32:01 +0100] "GET / HTTP/1.0" 200 569 "-" "Mozilla/5.0 (compatible; SEOkicks-Robot; +http://www.seokicks.de/robot.html)"