87.145.209.213 - - [01/Apr/2015:02:45:05 +0200] "GET / HTTP/1.1" 200 569 "http://m.bigfinder.de/?c=ws&q=homepage&v=1" "Mozilla/4.0 (compatible; MSIE 8.0; Windows NT 6.0; Trident/4.0; GTB0.0; SLCC1; .NET CLR 2.0.50727; Media Center PC 5.0; .NET CLR 3.5.30729; .NET CLR 3.0.30729; .NET4.0C)"
180.153.236.14 - - [01/Apr/2015:04:31:07 +0200] "GET / HTTP/1.1" 200 569 "http://www.die-fabians.de/" "Mozilla/5.0 (compatible; MSIE 9.0; Windows NT 6.1; Trident/5.0); 360Spider(compatible; HaosouSpider; http://www.haosou.com/help/help_3_2.html)"
182.118.54.45 - - [01/Apr/2015:04:31:08 +0200] "GET / HTTP/1.1" 200 569 "-" "Mozilla/4.0 (compatible; MSIE 8.0; Windows NT 6.1; Trident/4.0; SLCC2; .NET CLR 2.0.50727; .NET CLR 3.5.30729; .NET CLR 3.0.30729; Media Center PC 6.0)"
66.249.78.25 - - [01/Apr/2015:07:07:19 +0200] "GET /robots.txt HTTP/1.1" 404 1256 "-" "Mozilla/5.0 (compatible; Googlebot/2.1; +http://www.google.com/bot.html)"
66.249.78.18 - - [01/Apr/2015:07:07:19 +0200] "GET / HTTP/1.1" 200 569 "-" "Mozilla/5.0 (iPhone; CPU iPhone OS 6_0 like Mac OS X) AppleWebKit/536.26 (KHTML, like Gecko) Version/6.0 Mobile/10A5376e Safari/8536.25 (compatible; Googlebot/2.1; +http://www.google.com/bot.html)"
66.249.78.11 - - [03/Apr/2015:02:47:18 +0200] "GET /robots.txt HTTP/1.1" 404 1256 "-" "Mozilla/5.0 (compatible; Googlebot/2.1; +http://www.google.com/bot.html)"
66.249.78.11 - - [03/Apr/2015:02:47:19 +0200] "GET / HTTP/1.1" 200 569 "-" "Mozilla/5.0 (iPhone; CPU iPhone OS 6_0 like Mac OS X) AppleWebKit/536.26 (KHTML, like Gecko) Version/6.0 Mobile/10A5376e Safari/8536.25 (compatible; Googlebot/2.1; +http://www.google.com/bot.html)"
171.116.5.155 - - [03/Apr/2015:14:11:28 +0200] "GET /iNdex.php HTTP/1.1" 404 1256 "-" "-"
68.180.229.42 - - [03/Apr/2015:22:34:09 +0200] "GET /robots.txt HTTP/1.1" 404 1256 "-" "Mozilla/5.0 (compatible; Yahoo! Slurp; http://help.yahoo.com/help/us/ysearch/slurp)"
68.180.229.42 - - [03/Apr/2015:22:34:09 +0200] "GET / HTTP/1.1" 200 569 "-" "Mozilla/5.0 (compatible; Yahoo! Slurp; http://help.yahoo.com/help/us/ysearch/slurp)"
66.249.78.25 - - [03/Apr/2015:22:44:04 +0200] "GET /robots.txt HTTP/1.1" 404 1256 "-" "Mozilla/5.0 (compatible; Googlebot/2.1; +http://www.google.com/bot.html)"
66.249.78.25 - - [03/Apr/2015:22:44:05 +0200] "GET / HTTP/1.1" 200 569 "-" "Mozilla/5.0 (compatible; Googlebot/2.1; +http://www.google.com/bot.html)"
66.249.78.11 - - [04/Apr/2015:00:06:53 +0200] "GET / HTTP/1.1" 200 569 "-" "Mozilla/5.0 (iPhone; CPU iPhone OS 6_0 like Mac OS X) AppleWebKit/536.26 (KHTML, like Gecko) Version/6.0 Mobile/10A5376e Safari/8536.25 (compatible; Googlebot/2.1; +http://www.google.com/bot.html)"
199.58.86.206 - - [04/Apr/2015:18:28:17 +0200] "GET /robots.txt HTTP/1.0" 404 1256 "-" "Mozilla/5.0 (compatible; MJ12bot/v1.4.5; http://www.majestic12.co.uk/bot.php?+)"
199.58.86.206 - - [04/Apr/2015:18:28:19 +0200] "GET / HTTP/1.0" 200 569 "-" "Mozilla/5.0 (compatible; MJ12bot/v1.4.5; http://www.majestic12.co.uk/bot.php?+)"
86.123.240.115 - - [04/Apr/2015:19:11:16 +0200] "GET / HTTP/1.1" 200 569 "-" "Java/1.6.0_04"
86.123.240.115 - - [04/Apr/2015:19:11:16 +0200] "GET /picture/img001.png HTTP/1.1" 200 643437 "-" "Java/1.6.0_04"
193.252.149.16 - - [05/Apr/2015:02:22:14 +0200] "GET /robots.txt HTTP/1.1" 404 1256 "-" "Mozilla/5.0 (compatible; OrangeBot/2.0; support.orangebot@orange.com)"
193.252.149.16 - - [05/Apr/2015:02:22:17 +0200] "GET / HTTP/1.1" 200 569 "-" "Mozilla/5.0 (compatible; OrangeBot/2.0; support.orangebot@orange.com)"
66.249.78.25 - - [05/Apr/2015:03:52:02 +0200] "GET /robots.txt HTTP/1.1" 404 1256 "-" "Mozilla/5.0 (compatible; Googlebot/2.1; +http://www.google.com/bot.html)"
66.249.78.25 - - [05/Apr/2015:03:52:02 +0200] "GET / HTTP/1.1" 200 569 "-" "Mozilla/5.0 (iPhone; CPU iPhone OS 6_0 like Mac OS X) AppleWebKit/536.26 (KHTML, like Gecko) Version/6.0 Mobile/10A5376e Safari/8536.25 (compatible; Googlebot/2.1; +http://www.google.com/bot.html)"
64.246.165.50 - - [05/Apr/2015:04:26:16 +0200] "GET /robots.txt HTTP/1.0" 404 1256 "-" "Mozilla/5.0 (Windows; U; Windows NT 5.1; en; rv:1.9.0.13) Gecko/2009073022 Firefox/3.5.2 (.NET CLR 3.5.30729) SurveyBot/2.3 (DomainTools)"
64.246.165.50 - - [05/Apr/2015:04:26:16 +0200] "GET / HTTP/1.1" 200 569 "http://whois.domaintools.com/die-fabians.de" "Mozilla/5.0 (Windows; U; Windows NT 5.1; en; rv:1.9.0.13) Gecko/2009073022 Firefox/3.5.2 (.NET CLR 3.5.30729) SurveyBot/2.3 (DomainTools)"
212.83.175.149 - - [05/Apr/2015:22:50:54 +0200] "GET / HTTP/1.1" 200 569 "-" "Java/1.8.0_40"
212.83.175.149 - - [05/Apr/2015:22:50:54 +0200] "GET /picture/img001.png HTTP/1.1" 200 643437 "-" "Java/1.8.0_40"
66.249.78.11 - - [07/Apr/2015:01:10:38 +0200] "GET /robots.txt HTTP/1.1" 404 1256 "-" "Mozilla/5.0 (compatible; Googlebot/2.1; +http://www.google.com/bot.html)"
66.249.78.11 - - [07/Apr/2015:01:10:38 +0200] "GET / HTTP/1.1" 200 569 "-" "Mozilla/5.0 (iPhone; CPU iPhone OS 6_0 like Mac OS X) AppleWebKit/536.26 (KHTML, like Gecko) Version/6.0 Mobile/10A5376e Safari/8536.25 (compatible; Googlebot/2.1; +http://www.google.com/bot.html)"
185.35.164.214 - - [07/Apr/2015:15:00:34 +0200] "GET / HTTP/1.1" 200 569 "-" "Java/1.8.0_40"
185.35.164.214 - - [07/Apr/2015:15:00:34 +0200] "GET /picture/img001.png HTTP/1.1" 200 643437 "-" "Java/1.8.0_40"
66.249.78.18 - - [07/Apr/2015:21:21:17 +0200] "GET /robots.txt HTTP/1.1" 404 1256 "-" "Mozilla/5.0 (compatible; Googlebot/2.1; +http://www.google.com/bot.html)"
66.249.78.25 - - [07/Apr/2015:21:21:17 +0200] "GET / HTTP/1.1" 200 569 "-" "Mozilla/5.0 (iPhone; CPU iPhone OS 6_0 like Mac OS X) AppleWebKit/536.26 (KHTML, like Gecko) Version/6.0 Mobile/10A5376e Safari/8536.25 (compatible; Googlebot/2.1; +http://www.google.com/bot.html)"
66.249.78.25 - - [08/Apr/2015:10:14:04 +0200] "GET /robots.txt HTTP/1.1" 404 1256 "-" "Mozilla/5.0 (compatible; Googlebot/2.1; +http://www.google.com/bot.html)"
66.249.78.11 - - [08/Apr/2015:10:14:04 +0200] "GET / HTTP/1.1" 200 569 "-" "Mozilla/5.0 (iPhone; CPU iPhone OS 6_0 like Mac OS X) AppleWebKit/536.26 (KHTML, like Gecko) Version/6.0 Mobile/10A5376e Safari/8536.25 (compatible; Googlebot/2.1; +http://www.google.com/bot.html)"
217.251.220.73 - - [08/Apr/2015:18:46:49 +0200] "GET / HTTP/1.1" 200 569 "http://www.bigfinder.de/?c=ws&q=online&v=1" "Mozilla/4.0 (compatible; MSIE 8.0; Windows NT 6.1; Trident/4.0; SLCC2; .NET CLR 2.0.50727; .NET CLR 3.5.30729; .NET CLR 3.0.30729; Media Center PC 6.0)"
66.249.78.11 - - [09/Apr/2015:09:36:16 +0200] "GET /robots.txt HTTP/1.1" 404 1256 "-" "Mozilla/5.0 (compatible; Googlebot/2.1; +http://www.google.com/bot.html)"
66.249.78.18 - - [09/Apr/2015:09:36:16 +0200] "GET / HTTP/1.1" 200 569 "-" "Mozilla/5.0 (iPhone; CPU iPhone OS 6_0 like Mac OS X) AppleWebKit/536.26 (KHTML, like Gecko) Version/6.0 Mobile/10A5376e Safari/8536.25 (compatible; Googlebot/2.1; +http://www.google.com/bot.html)"
82.80.249.172 - - [09/Apr/2015:11:24:56 +0200] "GET / HTTP/1.1" 200 569 "-" "Mozilla/5.0 (Windows NT 6.0) AppleWebKit/537.36 (KHTML, like Gecko) Chrome/31.0.1650.63 Safari/537.36"
192.114.71.13 - - [09/Apr/2015:11:58:07 +0200] "GET /picture/img001.png HTTP/1.1" 200 643437 "-" "Mozilla/5.0 (Windows NT 6.1; WOW64; rv:27.0) Gecko/20100101 Firefox/27.0"
66.249.69.20 - - [10/Apr/2015:06:28:26 +0200] "GET /robots.txt HTTP/1.1" 404 1256 "-" "Mozilla/5.0 (compatible; Googlebot/2.1; +http://www.google.com/bot.html)"
66.249.69.20 - - [10/Apr/2015:06:28:27 +0200] "GET / HTTP/1.1" 200 569 "-" "Mozilla/5.0 (iPhone; CPU iPhone OS 6_0 like Mac OS X) AppleWebKit/536.26 (KHTML, like Gecko) Version/6.0 Mobile/10A5376e Safari/8536.25 (compatible; Googlebot/2.1; +http://www.google.com/bot.html)"
52.28.48.148 - - [10/Apr/2015:10:17:47 +0200] "GET /robots.txt HTTP/1.0" 404 1256 "-" "BlackCatB/Nutch-1.10-SNAPSHOT"
52.28.48.148 - - [10/Apr/2015:10:17:47 +0200] "GET / HTTP/1.0" 200 569 "-" "BlackCatB/Nutch-1.10-SNAPSHOT"
162.243.198.188 - - [10/Apr/2015:11:05:00 +0200] "GET /robots.txt HTTP/1.1" 404 1256 "-" "Mozilla/5.0 (compatible; spbot/4.4.2; +http://OpenLinkProfiler.org/bot )"
162.243.198.188 - - [10/Apr/2015:11:05:06 +0200] "GET / HTTP/1.1" 200 569 "-" "Mozilla/5.0 (compatible; spbot/4.4.2; +http://OpenLinkProfiler.org/bot )"
66.249.78.25 - - [10/Apr/2015:17:26:00 +0200] "GET /robots.txt HTTP/1.1" 404 1256 "-" "Mozilla/5.0 (compatible; Googlebot/2.1; +http://www.google.com/bot.html)"
66.249.78.11 - - [10/Apr/2015:17:26:00 +0200] "GET / HTTP/1.1" 200 569 "-" "Mozilla/5.0 (iPhone; CPU iPhone OS 6_0 like Mac OS X) AppleWebKit/536.26 (KHTML, like Gecko) Version/6.0 Mobile/10A5376e Safari/8536.25 (compatible; Googlebot/2.1; +http://www.google.com/bot.html)"
66.249.78.25 - - [11/Apr/2015:13:04:23 +0200] "GET /robots.txt HTTP/1.1" 404 1256 "-" "Mozilla/5.0 (compatible; Googlebot/2.1; +http://www.google.com/bot.html)"
66.249.78.18 - - [11/Apr/2015:13:04:23 +0200] "GET / HTTP/1.1" 200 569 "-" "Mozilla/5.0 (iPhone; CPU iPhone OS 6_0 like Mac OS X) AppleWebKit/536.26 (KHTML, like Gecko) Version/6.0 Mobile/10A5376e Safari/8536.25 (compatible; Googlebot/2.1; +http://www.google.com/bot.html)"
87.210.90.16 - - [12/Apr/2015:10:44:23 +0200] "GET / HTTP/1.1" 200 569 "-" "Java/1.4.1_04"
87.210.90.16 - - [12/Apr/2015:10:44:23 +0200] "GET /picture/img001.png HTTP/1.1" 200 643437 "-" "Java/1.4.1_04"
66.249.78.11 - - [12/Apr/2015:12:00:09 +0200] "GET /robots.txt HTTP/1.1" 404 1256 "-" "Mozilla/5.0 (compatible; Googlebot/2.1; +http://www.google.com/bot.html)"
66.249.78.18 - - [12/Apr/2015:12:00:09 +0200] "GET / HTTP/1.1" 200 569 "-" "Mozilla/5.0 (iPhone; CPU iPhone OS 6_0 like Mac OS X) AppleWebKit/536.26 (KHTML, like Gecko) Version/6.0 Mobile/10A5376e Safari/8536.25 (compatible; Googlebot/2.1; +http://www.google.com/bot.html)"
208.115.113.84 - - [12/Apr/2015:19:17:01 +0200] "GET /robots.txt HTTP/1.1" 404 1256 "-" "Mozilla/5.0 (compatible; DotBot/1.1; http://www.opensiteexplorer.org/dotbot, help@moz.com)"
208.115.113.84 - - [12/Apr/2015:20:37:52 +0200] "GET / HTTP/1.1" 200 569 "-" "Mozilla/5.0 (compatible; DotBot/1.1; http://www.opensiteexplorer.org/dotbot, help@moz.com)"
95.238.37.230 - - [13/Apr/2015:13:27:31 +0200] "GET / HTTP/1.1" 200 569 "-" "Java/1.4.1_04"
95.238.37.230 - - [13/Apr/2015:13:27:31 +0200] "GET /picture/img001.png HTTP/1.1" 200 643437 "-" "Java/1.4.1_04"
87.145.221.3 - - [13/Apr/2015:17:40:39 +0200] "GET / HTTP/1.1" 200 569 "http://www.bigfinder.de/?c=ws&q=online&v=1" "Mozilla/4.0 (compatible; MSIE 8.0; Windows NT 6.1; Trident/4.0; SLCC2; .NET CLR 2.0.50727; .NET CLR 3.5.30729; .NET CLR 3.0.30729; Media Center PC 6.0)"
66.249.78.25 - - [14/Apr/2015:00:34:29 +0200] "GET /robots.txt HTTP/1.1" 404 1256 "-" "Mozilla/5.0 (compatible; Googlebot/2.1; +http://www.google.com/bot.html)"
66.249.78.11 - - [14/Apr/2015:00:34:29 +0200] "GET / HTTP/1.1" 200 569 "-" "Mozilla/5.0 (iPhone; CPU iPhone OS 6_0 like Mac OS X) AppleWebKit/536.26 (KHTML, like Gecko) Version/6.0 Mobile/10A5376e Safari/8536.25 (compatible; Googlebot/2.1; +http://www.google.com/bot.html)"
193.252.149.16 - - [14/Apr/2015:02:58:54 +0200] "GET /robots.txt HTTP/1.1" 404 1256 "-" "Mozilla/5.0 (compatible; OrangeBot/2.0; support.orangebot@orange.com)"
193.252.149.16 - - [14/Apr/2015:02:58:58 +0200] "GET / HTTP/1.1" 200 569 "-" "Mozilla/5.0 (compatible; OrangeBot/2.0; support.orangebot@orange.com)"
66.249.78.18 - - [14/Apr/2015:19:47:16 +0200] "GET /robots.txt HTTP/1.1" 404 1256 "-" "Mozilla/5.0 (compatible; Googlebot/2.1; +http://www.google.com/bot.html)"
66.249.78.11 - - [14/Apr/2015:19:47:16 +0200] "GET /m/ HTTP/1.1" 404 1256 "-" "Mozilla/5.0 (compatible; Googlebot/2.1; +http://www.google.com/bot.html)"
66.249.78.18 - - [14/Apr/2015:20:06:13 +0200] "GET /mobile/ HTTP/1.1" 404 1256 "-" "Mozilla/5.0 (compatible; Googlebot/2.1; +http://www.google.com/bot.html)"
77.75.79.32 - - [15/Apr/2015:02:07:20 +0200] "GET /robots.txt HTTP/1.1" 404 1256 "-" "Mozilla/5.0 (compatible; SeznamBot/3.2; +http://fulltext.sblog.cz/)"
77.75.79.32 - - [15/Apr/2015:02:07:23 +0200] "GET /picture/img001.png HTTP/1.1" 200 643437 "-" "Mozilla/5.0 (compatible; SeznamBot/3.2; +http://fulltext.sblog.cz/)"
66.249.78.25 - - [15/Apr/2015:09:29:30 +0200] "GET /robots.txt HTTP/1.1" 404 1256 "-" "Mozilla/5.0 (compatible; Googlebot/2.1; +http://www.google.com/bot.html)"
66.249.78.25 - - [15/Apr/2015:09:29:31 +0200] "GET /mobile/ HTTP/1.1" 404 1256 "-" "Mozilla/5.0 (iPhone; CPU iPhone OS 6_0 like Mac OS X) AppleWebKit/536.26 (KHTML, like Gecko) Version/6.0 Mobile/10A5376e Safari/8536.25 (compatible; Googlebot/2.1; +http://www.google.com/bot.html)"
66.249.78.11 - - [16/Apr/2015:07:01:31 +0200] "GET /robots.txt HTTP/1.1" 404 1256 "-" "Mozilla/5.0 (compatible; Googlebot/2.1; +http://www.google.com/bot.html)"
66.249.78.18 - - [16/Apr/2015:07:01:32 +0200] "GET /mobile/ HTTP/1.1" 404 1256 "-" "Mozilla/5.0 (iPhone; CPU iPhone OS 6_0 like Mac OS X) AppleWebKit/536.26 (KHTML, like Gecko) Version/6.0 Mobile/10A5376e Safari/8536.25 (compatible; Googlebot/2.1; +http://www.google.com/bot.html)"
66.249.78.18 - - [17/Apr/2015:01:09:20 +0200] "GET /robots.txt HTTP/1.1" 404 1256 "-" "Mozilla/5.0 (compatible; Googlebot/2.1; +http://www.google.com/bot.html)"
66.249.78.25 - - [17/Apr/2015:01:09:20 +0200] "GET / HTTP/1.1" 200 569 "-" "Mozilla/5.0 (iPhone; CPU iPhone OS 6_0 like Mac OS X) AppleWebKit/536.26 (KHTML, like Gecko) Version/6.0 Mobile/10A5376e Safari/8536.25 (compatible; Googlebot/2.1; +http://www.google.com/bot.html)"
66.249.78.25 - - [17/Apr/2015:07:23:24 +0200] "GET /mobile/ HTTP/1.1" 404 1256 "-" "Mozilla/5.0 (iPhone; CPU iPhone OS 6_0 like Mac OS X) AppleWebKit/536.26 (KHTML, like Gecko) Version/6.0 Mobile/10A5376e Safari/8536.25 (compatible; Googlebot/2.1; +http://www.google.com/bot.html)"
64.246.165.50 - - [18/Apr/2015:05:21:22 +0200] "GET /robots.txt HTTP/1.0" 404 1256 "-" "Mozilla/5.0 (Windows; U; Windows NT 5.1; en; rv:1.9.0.13) Gecko/2009073022 Firefox/3.5.2 (.NET CLR 3.5.30729) SurveyBot/2.3 (DomainTools)"
64.246.165.50 - - [18/Apr/2015:05:21:23 +0200] "GET / HTTP/1.1" 200 569 "http://whois.domaintools.com/die-fabians.de" "Mozilla/5.0 (Windows; U; Windows NT 5.1; en; rv:1.9.0.13) Gecko/2009073022 Firefox/3.5.2 (.NET CLR 3.5.30729) SurveyBot/2.3 (DomainTools)"
108.59.8.80 - - [18/Apr/2015:08:51:49 +0200] "GET /robots.txt HTTP/1.0" 404 1256 "-" "Mozilla/5.0 (compatible; MJ12bot/v1.4.5; http://www.majestic12.co.uk/bot.php?+)"
108.59.8.80 - - [18/Apr/2015:08:51:50 +0200] "GET / HTTP/1.0" 200 569 "-" "Mozilla/5.0 (compatible; MJ12bot/v1.4.5; http://www.majestic12.co.uk/bot.php?+)"
146.0.32.165 - - [19/Apr/2015:12:37:26 +0200] "GET /robots.txt HTTP/1.1" 404 1256 "-" "Mozilla/5.0 (compatible; savetheworldheritage.org/1.0; +crawl@savetheworldheritage.org)"
146.0.32.165 - - [19/Apr/2015:12:37:26 +0200] "GET / HTTP/1.1" 200 569 "-" "Mozilla/5.0 (compatible; savetheworldheritage.org/1.0; +crawl@savetheworldheritage.org)"
87.159.209.230 - - [19/Apr/2015:13:14:49 +0200] "GET / HTTP/1.1" 200 569 "http://www.bigfinder.de/?c=ws&q=online&v=1" "Mozilla/5.0 (Windows NT 6.1; WOW64; rv:19.0) Gecko/20100101 Firefox/19.0"
87.159.209.230 - - [19/Apr/2015:14:55:01 +0200] "GET / HTTP/1.1" 200 569 "http://m.bigfinder.de/?c=ws&q=internet&v=1" "Mozilla/5.0 (Windows; U; Windows NT 6.0; en-US) AppleWebKit/533.4 (KHTML, like Gecko) Chrome/5.0.375.126 Safari/533.4"
206.253.226.18 - - [20/Apr/2015:00:57:22 +0200] "GET /robots.txt HTTP/1.1" 404 1256 "-" "Mozilla/5.0 (compatible; oBot/2.3.1; +http://filterdb.iss.net/crawler/)"
206.253.226.18 - - [20/Apr/2015:00:57:22 +0200] "GET / HTTP/1.1" 200 569 "-" "Mozilla/5.0 (compatible; oBot/2.3.1; +http://filterdb.iss.net/crawler/)"
206.253.226.18 - - [20/Apr/2015:00:57:22 +0200] "GET /index.html HTTP/1.1" 200 569 "-" "Mozilla/5.0 (compatible; oBot/2.3.1; +http://filterdb.iss.net/crawler/)"
206.253.226.18 - - [20/Apr/2015:00:57:23 +0200] "GET /new_york_hotels.html HTTP/1.1" 404 1256 "-" "Mozilla/5.0 (compatible; oBot/2.3.1; +http://filterdb.iss.net/crawler/)"
206.253.226.18 - - [20/Apr/2015:00:57:23 +0200] "GET /reisebueros.html HTTP/1.1" 404 1256 "-" "Mozilla/5.0 (compatible; oBot/2.3.1; +http://filterdb.iss.net/crawler/)"
206.253.226.18 - - [20/Apr/2015:00:57:23 +0200] "GET /barcelona_hotel.html HTTP/1.1" 404 1256 "-" "Mozilla/5.0 (compatible; oBot/2.3.1; +http://filterdb.iss.net/crawler/)"
206.253.226.18 - - [20/Apr/2015:00:57:23 +0200] "GET /flugpreise.html HTTP/1.1" 404 1256 "-" "Mozilla/5.0 (compatible; oBot/2.3.1; +http://filterdb.iss.net/crawler/)"
206.253.226.18 - - [20/Apr/2015:00:57:23 +0200] "GET /lastminute_tuerkei.html HTTP/1.1" 404 1256 "-" "Mozilla/5.0 (compatible; oBot/2.3.1; +http://filterdb.iss.net/crawler/)"
206.253.226.18 - - [20/Apr/2015:00:57:23 +0200] "GET /partyreisen.html HTTP/1.1" 404 1256 "-" "Mozilla/5.0 (compatible; oBot/2.3.1; +http://filterdb.iss.net/crawler/)"
206.253.226.18 - - [20/Apr/2015:00:57:23 +0200] "GET /schottland_urlaub.html HTTP/1.1" 404 1256 "-" "Mozilla/5.0 (compatible; oBot/2.3.1; +http://filterdb.iss.net/crawler/)"
206.253.226.18 - - [20/Apr/2015:00:57:23 +0200] "GET /urlaub_in_tschechien.html HTTP/1.1" 404 1256 "-" "Mozilla/5.0 (compatible; oBot/2.3.1; +http://filterdb.iss.net/crawler/)"
87.159.209.230 - - [20/Apr/2015:09:56:32 +0200] "GET / HTTP/1.1" 200 569 "http://www.bigfinder.de/?c=ws&q=online&v=1" "Mozilla/5.0 (Windows; U; Windows NT 5.1; de; rv:1.9.0.12) Gecko/2009070611 Firefox/3.0.12 GTB7.1 (.NET CLR 3.5.30729)"
66.249.78.18 - - [20/Apr/2015:18:19:16 +0200] "GET /robots.txt HTTP/1.1" 404 1256 "-" "Mozilla/5.0 (compatible; Googlebot/2.1; +http://www.google.com/bot.html)"
66.249.78.11 - - [20/Apr/2015:18:19:17 +0200] "GET / HTTP/1.1" 200 569 "-" "Mozilla/5.0 (compatible; Googlebot/2.1; +http://www.google.com/bot.html)"
95.238.37.230 - - [20/Apr/2015:20:59:36 +0200] "GET / HTTP/1.1" 200 569 "-" "Java/1.4.1_04"
95.238.37.230 - - [20/Apr/2015:20:59:36 +0200] "GET /picture/img001.png HTTP/1.1" 200 643437 "-" "Java/1.4.1_04"
66.249.78.11 - - [21/Apr/2015:00:02:23 +0200] "GET / HTTP/1.1" 200 569 "-" "Mozilla/5.0 (compatible; Googlebot/2.1; +http://www.google.com/bot.html)"
192.166.53.199 - - [21/Apr/2015:14:03:31 +0200] "GET / HTTP/1.1" 200 569 "http://www.google.de/url?sa=t&rct=j&q=&esrc=s&source=web&cd=6&ved=0CEQQFjAF&url=http%3A%2F%2Fwww.die-fabians.de%2F&ei=fzw2VbjEIcnqOPi7gWA&usg=AFQjCNFyuusrJXmWpQxBtpypCNl6iLWNPQ&bvm=bv.91071109,d.ZWU" "Mozilla/5.0 (Windows NT 6.1; rv:31.0) Gecko/20100101 Firefox/31.0"
199.19.249.196 - - [21/Apr/2015:14:03:32 +0200] "GET / HTTP/1.1" 200 569 "-" "Mozilla/4.0 (compatible; MSIE 7.0; Windows NT 5.1; InfoPath.1; .NET CLR 2.0.50727; .NET CLR 1.1.4322; MS-RTC LM 8; .NET CLR 3.0.4506.2152; .NET CLR 3.5.30729)"
192.166.53.199 - - [21/Apr/2015:14:03:32 +0200] "GET /picture/img001.png HTTP/1.1" 200 643437 "http://www.die-fabians.de/" "Mozilla/5.0 (Windows NT 6.1; rv:31.0) Gecko/20100101 Firefox/31.0"
192.166.53.199 - - [21/Apr/2015:14:03:50 +0200] "GET /favicon.ico HTTP/1.1" 404 1256 "-" "Mozilla/5.0 (Windows NT 6.1; rv:31.0) Gecko/20100101 Firefox/31.0"
192.166.53.199 - - [21/Apr/2015:14:03:50 +0200] "GET /favicon.ico HTTP/1.1" 404 1256 "-" "Mozilla/5.0 (Windows NT 6.1; rv:31.0) Gecko/20100101 Firefox/31.0"
207.46.13.4 - - [22/Apr/2015:12:11:18 +0200] "GET /robots.txt HTTP/1.1" 404 1256 "-" "Mozilla/5.0 (compatible; bingbot/2.0; +http://www.bing.com/bingbot.htm)"
207.46.13.4 - - [22/Apr/2015:12:11:23 +0200] "GET / HTTP/1.1" 200 569 "-" "Mozilla/5.0 (compatible; bingbot/2.0; +http://www.bing.com/bingbot.htm)"
207.46.13.30 - - [22/Apr/2015:12:13:16 +0200] "GET /robots.txt HTTP/1.1" 404 1256 "-" "Mozilla/5.0 (compatible; bingbot/2.0; +http://www.bing.com/bingbot.htm)"
66.249.65.164 - - [22/Apr/2015:18:59:33 +0200] "GET /robots.txt HTTP/1.1" 404 1256 "-" "Mozilla/5.0 (compatible; Googlebot/2.1; +http://www.google.com/bot.html)"
66.249.65.156 - - [22/Apr/2015:18:59:33 +0200] "GET /m/ HTTP/1.1" 404 1256 "-" "Mozilla/5.0 (iPhone; CPU iPhone OS 6_0 like Mac OS X) AppleWebKit/536.26 (KHTML, like Gecko) Version/6.0 Mobile/10A5376e Safari/8536.25 (compatible; Googlebot/2.1; +http://www.google.com/bot.html)"
193.252.149.16 - - [23/Apr/2015:01:47:20 +0200] "GET /robots.txt HTTP/1.1" 404 1256 "-" "Mozilla/5.0 (compatible; OrangeBot/2.0; support.orangebot@orange.com)"
193.252.149.16 - - [23/Apr/2015:01:47:26 +0200] "GET / HTTP/1.1" 200 569 "-" "Mozilla/5.0 (compatible; OrangeBot/2.0; support.orangebot@orange.com)"
66.249.65.160 - - [23/Apr/2015:15:05:32 +0200] "GET /robots.txt HTTP/1.1" 404 1256 "-" "Mozilla/5.0 (compatible; Googlebot/2.1; +http://www.google.com/bot.html)"
66.249.65.164 - - [23/Apr/2015:15:05:32 +0200] "GET /m/ HTTP/1.1" 404 1256 "-" "Mozilla/5.0 (iPhone; CPU iPhone OS 6_0 like Mac OS X) AppleWebKit/536.26 (KHTML, like Gecko) Version/6.0 Mobile/10A5376e Safari/8536.25 (compatible; Googlebot/2.1; +http://www.google.com/bot.html)"
66.249.65.164 - - [23/Apr/2015:16:03:13 +0200] "GET / HTTP/1.1" 200 569 "-" "Mozilla/5.0 (compatible; Googlebot/2.1; +http://www.google.com/bot.html)"
66.249.78.25 - - [24/Apr/2015:02:37:09 +0200] "GET /robots.txt HTTP/1.1" 404 1256 "-" "Mozilla/5.0 (compatible; Googlebot/2.1; +http://www.google.com/bot.html)"
66.249.78.18 - - [24/Apr/2015:02:37:10 +0200] "GET /m/ HTTP/1.1" 404 1256 "-" "Mozilla/5.0 (iPhone; CPU iPhone OS 6_0 like Mac OS X) AppleWebKit/536.26 (KHTML, like Gecko) Version/6.0 Mobile/10A5376e Safari/8536.25 (compatible; Googlebot/2.1; +http://www.google.com/bot.html)"
66.249.78.18 - - [24/Apr/2015:19:05:40 +0200] "GET /robots.txt HTTP/1.1" 404 1256 "-" "Mozilla/5.0 (compatible; Googlebot/2.1; +http://www.google.com/bot.html)"
66.249.78.18 - - [24/Apr/2015:19:05:40 +0200] "GET / HTTP/1.1" 200 569 "-" "Mozilla/5.0 (iPhone; CPU iPhone OS 6_0 like Mac OS X) AppleWebKit/536.26 (KHTML, like Gecko) Version/6.0 Mobile/10A5376e Safari/8536.25 (compatible; Googlebot/2.1; +http://www.google.com/bot.html)"
31.193.169.163 - - [24/Apr/2015:22:18:15 +0200] "GET / HTTP/1.1" 200 569 "-" "Java/1.4.1_04"
31.193.169.163 - - [24/Apr/2015:22:18:16 +0200] "GET /picture/img001.png HTTP/1.1" 200 643437 "-" "Java/1.4.1_04"
52.28.68.99 - - [25/Apr/2015:02:26:31 +0200] "GET / HTTP/1.0" 200 569 "-" "BlackCatB/Nutch-1.10-SNAPSHOT"
87.145.209.146 - - [25/Apr/2015:10:35:51 +0200] "GET / HTTP/1.1" 200 569 "http://m.bigfinder.de/?c=ws&q=internet&v=1" "Mozilla/5.0 (Windows; U; Windows NT 6.0; en-US) AppleWebKit/533.4 (KHTML, like Gecko) Chrome/5.0.375.126 Safari/533.4"
87.145.209.146 - - [25/Apr/2015:20:04:48 +0200] "GET / HTTP/1.1" 200 569 "http://m.bigfinder.de/?c=ws&q=internet&v=1" "Mozilla/5.0 (Windows; U; Windows NT 6.0; en-US) AppleWebKit/533.4 (KHTML, like Gecko) Chrome/5.0.375.126 Safari/533.4"
62.235.168.182 - - [26/Apr/2015:03:23:54 +0200] "GET / HTTP/1.1" 200 569 "-" "Java/1.8.0_40"
62.235.168.182 - - [26/Apr/2015:03:23:54 +0200] "GET /picture/img001.png HTTP/1.1" 200 643437 "-" "Java/1.8.0_40"
87.145.209.146 - - [26/Apr/2015:04:45:07 +0200] "GET / HTTP/1.1" 200 569 "http://m.bigfinder.de/?c=ws&q=homepage&v=1" "Mozilla/4.0 (compatible; MSIE 8.0; Windows NT 6.0; Trident/4.0; GTB0.0; SLCC1; .NET CLR 2.0.50727; Media Center PC 5.0; .NET CLR 3.5.30729; .NET CLR 3.0.30729; .NET4.0C)"
87.210.90.16 - - [26/Apr/2015:16:13:42 +0200] "GET / HTTP/1.1" 200 569 "-" "Java/1.7.0_67"
87.210.90.16 - - [26/Apr/2015:16:13:42 +0200] "GET /picture/img001.png HTTP/1.1" 200 643437 "-" "Java/1.7.0_67"
107.170.128.24 - - [27/Apr/2015:05:41:22 +0200] "GET /robots.txt HTTP/1.1" 404 1256 "-" "Mozilla/5.0 (compatible; spbot/4.4.2; +http://OpenLinkProfiler.org/bot )"
107.170.128.24 - - [27/Apr/2015:05:41:26 +0200] "GET / HTTP/1.1" 200 569 "-" "Mozilla/5.0 (compatible; spbot/4.4.2; +http://OpenLinkProfiler.org/bot )"
208.115.113.84 - - [27/Apr/2015:19:18:12 +0200] "GET /robots.txt HTTP/1.1" 404 1256 "-" "Mozilla/5.0 (compatible; DotBot/1.1; http://www.opensiteexplorer.org/dotbot, help@moz.com)"
208.115.113.84 - - [27/Apr/2015:20:38:16 +0200] "GET / HTTP/1.1" 200 569 "-" "Mozilla/5.0 (compatible; DotBot/1.1; http://www.opensiteexplorer.org/dotbot, help@moz.com)"
207.46.13.4 - - [28/Apr/2015:02:15:39 +0200] "GET /robots.txt HTTP/1.1" 404 1256 "-" "Mozilla/5.0 (compatible; bingbot/2.0; +http://www.bing.com/bingbot.htm)"
207.46.13.4 - - [28/Apr/2015:02:15:47 +0200] "GET / HTTP/1.1" 200 569 "-" "Mozilla/5.0 (compatible; bingbot/2.0; +http://www.bing.com/bingbot.htm)"
46.229.164.102 - - [29/Apr/2015:17:26:56 +0200] "GET /robots.txt HTTP/1.1" 404 1256 "-" "Mozilla/5.0 (compatible; SemrushBot/0.98~bl; +http://www.semrush.com/bot.html)"
207.46.13.146 - - [30/Apr/2015:16:27:03 +0200] "GET /robots.txt HTTP/1.1" 404 1256 "-" "Mozilla/5.0 (compatible; bingbot/2.0; +http://www.bing.com/bingbot.htm)"
207.46.13.146 - - [30/Apr/2015:16:27:22 +0200] "GET /reise/billig_fligen_nach_antalya.html HTTP/1.1" 404 1256 "-" "Mozilla/5.0 (compatible; bingbot/2.0; +http://www.bing.com/bingbot.htm)"