129.13.72.198 - - [10/Sep/2012:13:23:02 +0200] "GET / HTTP/1.1" 200 4014 "http://www.google.de/url?sa=t&rct=j&q=dialysezentrum%20waldbronn&source=web&cd=1&ved=0CCUQFjAA&url=http%3A%2F%2Fwww.dialyse-waldbronn.de%2F&ei=Gc1NUOfAFeTf4QTG_YD4Bw&usg=AFQjCNHEX_ZQroPS8hwDzjOxqVHmV6iDWw" "Mozilla/4.0 (compatible; MSIE 8.0; Windows NT 5.1; Trident/4.0; GTB7.4; .NET CLR 2.0.50727; InfoPath.1; .NET CLR 1.1.4322; .NET CLR 3.0.4506.2152; .NET CLR 3.5.30729; AskTbORJ/5.14.1.20007)"
129.13.72.198 - - [10/Sep/2012:13:23:02 +0200] "GET /back.jpg HTTP/1.1" 404 1256 "http://www.dialyse-waldbronn.de/" "Mozilla/4.0 (compatible; MSIE 8.0; Windows NT 5.1; Trident/4.0; GTB7.4; .NET CLR 2.0.50727; InfoPath.1; .NET CLR 1.1.4322; .NET CLR 3.0.4506.2152; .NET CLR 3.5.30729; AskTbORJ/5.14.1.20007)"
129.13.72.198 - - [10/Sep/2012:13:23:02 +0200] "GET /index.swf HTTP/1.1" 200 8893 "-" "contype"
129.13.72.198 - - [10/Sep/2012:13:23:02 +0200] "GET /index.swf HTTP/1.1" 200 8893 "http://www.dialyse-waldbronn.de/" "Mozilla/4.0 (compatible; MSIE 8.0; Windows NT 5.1; Trident/4.0; GTB7.4; .NET CLR 2.0.50727; InfoPath.1; .NET CLR 1.1.4322; .NET CLR 3.0.4506.2152; .NET CLR 3.5.30729; AskTbORJ/5.14.1.20007)"
129.13.72.198 - - [10/Sep/2012:13:23:02 +0200] "GET /favicon.ico HTTP/1.1" 404 1256 "-" "Mozilla/4.0 (compatible; MSIE 8.0; Windows NT 5.1; Trident/4.0; GTB7.4; .NET CLR 2.0.50727; InfoPath.1; .NET CLR 1.1.4322; .NET CLR 3.0.4506.2152; .NET CLR 3.5.30729; AskTbORJ/5.14.1.20007)"
129.13.72.198 - - [10/Sep/2012:13:23:13 +0200] "GET / HTTP/1.1" 304 - "http://www.dialyse-waldbronn.de/" "Mozilla/4.0 (compatible; MSIE 8.0; Windows NT 5.1; Trident/4.0; GTB7.4; .NET CLR 2.0.50727; InfoPath.1; .NET CLR 1.1.4322; .NET CLR 3.0.4506.2152; .NET CLR 3.5.30729; AskTbORJ/5.14.1.20007)"
129.13.72.198 - - [10/Sep/2012:13:23:13 +0200] "GET /back.jpg HTTP/1.1" 404 1256 "http://www.dialyse-waldbronn.de/" "Mozilla/4.0 (compatible; MSIE 8.0; Windows NT 5.1; Trident/4.0; GTB7.4; .NET CLR 2.0.50727; InfoPath.1; .NET CLR 1.1.4322; .NET CLR 3.0.4506.2152; .NET CLR 3.5.30729; AskTbORJ/5.14.1.20007)"
129.13.72.198 - - [10/Sep/2012:13:23:13 +0200] "GET /index.swf HTTP/1.1" 304 - "-" "contype"
129.13.72.198 - - [10/Sep/2012:13:23:13 +0200] "GET /favicon.ico HTTP/1.1" 404 1256 "-" "Mozilla/4.0 (compatible; MSIE 8.0; Windows NT 5.1; Trident/4.0; GTB7.4; .NET CLR 2.0.50727; InfoPath.1; .NET CLR 1.1.4322; .NET CLR 3.0.4506.2152; .NET CLR 3.5.30729; AskTbORJ/5.14.1.20007)"
129.13.72.198 - - [10/Sep/2012:13:23:21 +0200] "GET /00themen00.html HTTP/1.1" 200 2236 "http://www.dialyse-waldbronn.de/index.swf" "Mozilla/4.0 (compatible; MSIE 8.0; Windows NT 5.1; Trident/4.0; GTB7.4; .NET CLR 2.0.50727; InfoPath.1; .NET CLR 1.1.4322; .NET CLR 3.0.4506.2152; .NET CLR 3.5.30729; AskTbORJ/5.14.1.20007)"
129.13.72.198 - - [10/Sep/2012:13:23:21 +0200] "GET /AC_RunActiveContent.js HTTP/1.1" 200 8029 "http://www.dialyse-waldbronn.de/index.swf" "Mozilla/4.0 (compatible; MSIE 8.0; Windows NT 5.1; Trident/4.0; GTB7.4; .NET CLR 2.0.50727; InfoPath.1; .NET CLR 1.1.4322; .NET CLR 3.0.4506.2152; .NET CLR 3.5.30729; AskTbORJ/5.14.1.20007)"
129.13.72.198 - - [10/Sep/2012:13:23:21 +0200] "GET /00themen00.swf HTTP/1.1" 200 12608 "http://www.dialyse-waldbronn.de/00themen00.html" "Mozilla/4.0 (compatible; MSIE 8.0; Windows NT 5.1; Trident/4.0; GTB7.4; .NET CLR 2.0.50727; InfoPath.1; .NET CLR 1.1.4322; .NET CLR 3.0.4506.2152; .NET CLR 3.5.30729; AskTbORJ/5.14.1.20007)"
129.13.72.198 - - [10/Sep/2012:13:23:23 +0200] "GET /01.html HTTP/1.1" 200 1988 "http://www.dialyse-waldbronn.de/00themen00.swf" "Mozilla/4.0 (compatible; MSIE 8.0; Windows NT 5.1; Trident/4.0; GTB7.4; .NET CLR 2.0.50727; InfoPath.1; .NET CLR 1.1.4322; .NET CLR 3.0.4506.2152; .NET CLR 3.5.30729; AskTbORJ/5.14.1.20007)"
129.13.72.198 - - [10/Sep/2012:13:23:23 +0200] "GET /01.swf HTTP/1.1" 200 36918 "http://www.dialyse-waldbronn.de/01.html" "Mozilla/4.0 (compatible; MSIE 8.0; Windows NT 5.1; Trident/4.0; GTB7.4; .NET CLR 2.0.50727; InfoPath.1; .NET CLR 1.1.4322; .NET CLR 3.0.4506.2152; .NET CLR 3.5.30729; AskTbORJ/5.14.1.20007)"
129.13.72.198 - - [10/Sep/2012:13:24:07 +0200] "GET /03.html HTTP/1.1" 200 2012 "http://www.dialyse-waldbronn.de/00themen00.swf" "Mozilla/4.0 (compatible; MSIE 8.0; Windows NT 5.1; Trident/4.0; GTB7.4; .NET CLR 2.0.50727; InfoPath.1; .NET CLR 1.1.4322; .NET CLR 3.0.4506.2152; .NET CLR 3.5.30729; AskTbORJ/5.14.1.20007)"
129.13.72.198 - - [10/Sep/2012:13:24:07 +0200] "GET /03.swf HTTP/1.1" 200 79366 "http://www.dialyse-waldbronn.de/03.html" "Mozilla/4.0 (compatible; MSIE 8.0; Windows NT 5.1; Trident/4.0; GTB7.4; .NET CLR 2.0.50727; InfoPath.1; .NET CLR 1.1.4322; .NET CLR 3.0.4506.2152; .NET CLR 3.5.30729; AskTbORJ/5.14.1.20007)"
129.13.72.198 - - [10/Sep/2012:13:24:14 +0200] "GET /03b.html HTTP/1.1" 200 2020 "http://www.dialyse-waldbronn.de/03.swf" "Mozilla/4.0 (compatible; MSIE 8.0; Windows NT 5.1; Trident/4.0; GTB7.4; .NET CLR 2.0.50727; InfoPath.1; .NET CLR 1.1.4322; .NET CLR 3.0.4506.2152; .NET CLR 3.5.30729; AskTbORJ/5.14.1.20007)"
129.13.72.198 - - [10/Sep/2012:13:24:14 +0200] "GET /03b.swf HTTP/1.1" 200 198225 "http://www.dialyse-waldbronn.de/03b.html" "Mozilla/4.0 (compatible; MSIE 8.0; Windows NT 5.1; Trident/4.0; GTB7.4; .NET CLR 2.0.50727; InfoPath.1; .NET CLR 1.1.4322; .NET CLR 3.0.4506.2152; .NET CLR 3.5.30729; AskTbORJ/5.14.1.20007)"
129.13.72.198 - - [10/Sep/2012:13:25:25 +0200] "GET /04.html HTTP/1.1" 200 1988 "http://www.dialyse-waldbronn.de/00themen00.swf" "Mozilla/4.0 (compatible; MSIE 8.0; Windows NT 5.1; Trident/4.0; GTB7.4; .NET CLR 2.0.50727; InfoPath.1; .NET CLR 1.1.4322; .NET CLR 3.0.4506.2152; .NET CLR 3.5.30729; AskTbORJ/5.14.1.20007)"
129.13.72.198 - - [10/Sep/2012:13:25:26 +0200] "GET /04.swf HTTP/1.1" 200 20526 "http://www.dialyse-waldbronn.de/04.html" "Mozilla/4.0 (compatible; MSIE 8.0; Windows NT 5.1; Trident/4.0; GTB7.4; .NET CLR 2.0.50727; InfoPath.1; .NET CLR 1.1.4322; .NET CLR 3.0.4506.2152; .NET CLR 3.5.30729; AskTbORJ/5.14.1.20007)"
129.13.72.198 - - [10/Sep/2012:13:25:47 +0200] "GET /06.html HTTP/1.1" 200 1988 "http://www.dialyse-waldbronn.de/00themen00.swf" "Mozilla/4.0 (compatible; MSIE 8.0; Windows NT 5.1; Trident/4.0; GTB7.4; .NET CLR 2.0.50727; InfoPath.1; .NET CLR 1.1.4322; .NET CLR 3.0.4506.2152; .NET CLR 3.5.30729; AskTbORJ/5.14.1.20007)"
129.13.72.198 - - [10/Sep/2012:13:25:47 +0200] "GET /06.swf HTTP/1.1" 200 18307 "http://www.dialyse-waldbronn.de/06.html" "Mozilla/4.0 (compatible; MSIE 8.0; Windows NT 5.1; Trident/4.0; GTB7.4; .NET CLR 2.0.50727; InfoPath.1; .NET CLR 1.1.4322; .NET CLR 3.0.4506.2152; .NET CLR 3.5.30729; AskTbORJ/5.14.1.20007)"
66.249.72.51 - - [10/Sep/2012:14:15:14 +0200] "GET /robots.txt HTTP/1.1" 404 1256 "-" "Mozilla/5.0 (compatible; Googlebot/2.1; +http://www.google.com/bot.html)"
66.249.72.51 - - [10/Sep/2012:14:15:14 +0200] "GET / HTTP/1.1" 200 4014 "-" "Mozilla/5.0 (compatible; Googlebot/2.1; +http://www.google.com/bot.html)"
92.249.127.111 - - [10/Sep/2012:17:01:19 +0200] "GET / HTTP/1.1" 200 4014 "http://global-partner.name/" "Mozilla/5.0 (compatible; news bot /2.1)"
92.249.127.111 - - [10/Sep/2012:17:01:20 +0200] "GET / HTTP/1.1" 200 4014 "http://global-partner.name/" "Mozilla/5.0 (compatible; news bot /2.1)"
176.4.72.149 - - [10/Sep/2012:17:23:18 +0200] "GET / HTTP/1.1" 200 4014 "-" "Mozilla/5.0 (Linux; U; Android 4.0.4; de-de; GT-I9300 Build/IMM76D) AppleWebKit/534.30 (KHTML, like Gecko) Version/4.0 Mobile Safari/534.30"
176.4.72.149 - - [10/Sep/2012:17:23:18 +0200] "GET /back.jpg HTTP/1.1" 404 1256 "http://www.dialyse-waldbronn.de/" "Mozilla/5.0 (Linux; U; Android 4.0.4; de-de; GT-I9300 Build/IMM76D) AppleWebKit/534.30 (KHTML, like Gecko) Version/4.0 Mobile Safari/534.30"
176.4.72.149 - - [10/Sep/2012:17:23:19 +0200] "GET /index.swf HTTP/1.1" 200 8893 "http://www.dialyse-waldbronn.de/" "Mozilla/5.0 (Linux; U; Android 4.0.4; de-de; GT-I9300 Build/IMM76D) AppleWebKit/534.30 (KHTML, like Gecko) Version/4.0 Mobile Safari/534.30"
176.4.72.149 - - [10/Sep/2012:17:23:28 +0200] "GET /favicon.ico HTTP/1.1" 404 1256 "http://www.dialyse-waldbronn.de/" "Mozilla/5.0 (Linux; U; Android 4.0.4; de-de; GT-I9300 Build/IMM76D) AppleWebKit/534.30 (KHTML, like Gecko) Version/4.0 Mobile Safari/534.30"
176.4.72.149 - - [10/Sep/2012:17:23:35 +0200] "GET /00themen00.html HTTP/1.1" 200 2236 "http://www.dialyse-waldbronn.de/index.swf" "Mozilla/5.0 (Linux; U; Android 4.0.4; de-de; GT-I9300 Build/IMM76D) AppleWebKit/534.30 (KHTML, like Gecko) Version/4.0 Mobile Safari/534.30"
176.4.72.149 - - [10/Sep/2012:17:23:35 +0200] "GET /AC_RunActiveContent.js HTTP/1.1" 200 8029 "http://www.dialyse-waldbronn.de/00themen00.html" "Mozilla/5.0 (Linux; U; Android 4.0.4; de-de; GT-I9300 Build/IMM76D) AppleWebKit/534.30 (KHTML, like Gecko) Version/4.0 Mobile Safari/534.30"
176.4.72.149 - - [10/Sep/2012:17:23:35 +0200] "GET /00themen00.swf HTTP/1.1" 200 12608 "http://www.dialyse-waldbronn.de/00themen00.html" "Mozilla/5.0 (Linux; U; Android 4.0.4; de-de; GT-I9300 Build/IMM76D) AppleWebKit/534.30 (KHTML, like Gecko) Version/4.0 Mobile Safari/534.30"
176.4.72.149 - - [10/Sep/2012:17:23:40 +0200] "GET /04.html HTTP/1.1" 200 1988 "http://www.dialyse-waldbronn.de/00themen00.swf" "Mozilla/5.0 (Linux; U; Android 4.0.4; de-de; GT-I9300 Build/IMM76D) AppleWebKit/534.30 (KHTML, like Gecko) Version/4.0 Mobile Safari/534.30"
176.4.72.149 - - [10/Sep/2012:17:23:40 +0200] "GET /04.swf HTTP/1.1" 200 20526 "http://www.dialyse-waldbronn.de/04.html" "Mozilla/5.0 (Linux; U; Android 4.0.4; de-de; GT-I9300 Build/IMM76D) AppleWebKit/534.30 (KHTML, like Gecko) Version/4.0 Mobile Safari/534.30"
178.154.179.250 - - [10/Sep/2012:21:32:14 +0200] "GET /robots.txt HTTP/1.1" 404 1256 "-" "Mozilla/5.0 (compatible; YandexBot/3.0; +http://yandex.com/bots)"
193.106.136.44 - - [10/Sep/2012:21:49:29 +0200] "GET / HTTP/1.1" 200 4014 "http://azbuka-sro.ru/" "Mozilla/4.0 (compatible; MSIE 5.0; Windows 2000) Opera 6.0 [en]"
193.106.136.44 - - [10/Sep/2012:21:49:30 +0200] "GET / HTTP/1.1" 200 4014 "http://azbuka-sro.ru/" "Mozilla/4.0 (compatible; MSIE 5.0; Windows 2000) Opera 6.0 [en]"
157.55.33.77 - - [10/Sep/2012:22:22:12 +0200] "GET /robots.txt HTTP/1.1" 404 1256 "-" "Mozilla/5.0 (compatible; bingbot/2.0; +http://www.bing.com/bingbot.htm)"
157.55.112.201 - - [10/Sep/2012:23:37:58 +0200] "GET / HTTP/1.1" 200 4014 "-" "Mozilla/5.0 (Windows NT 6.1; WOW64) AppleWebKit/534+ (KHTML, like Gecko) BingPreview/1.0b"
178.154.179.250 - - [11/Sep/2012:03:01:42 +0200] "GET / HTTP/1.1" 200 4014 "-" "Mozilla/5.0 (compatible; YandexBot/3.0; +http://yandex.com/bots)"
178.154.179.250 - - [11/Sep/2012:03:01:48 +0200] "GET /index.swf HTTP/1.1" 200 8893 "-" "Mozilla/5.0 (compatible; YandexBot/3.0; +http://yandex.com/bots)"
178.137.128.6 - - [11/Sep/2012:06:18:22 +0200] "GET / HTTP/1.1" 200 4014 "http://groxy.org/" "Mozilla/4.0 (compatible; MSIE 6.0; Windows NT 5.1; SV1; .NET CLR 1.1.4322)"
178.137.128.6 - - [11/Sep/2012:06:18:23 +0200] "GET / HTTP/1.1" 200 4014 "http://groxy.org/" "Mozilla/4.0 (compatible; MSIE 6.0; Windows NT 5.1; SV1; .NET CLR 1.1.4322)"
95.168.172.156 - - [11/Sep/2012:07:25:37 +0200] "GET / HTTP/1.1" 200 4014 "http://evoque.ru/" "Mozilla/4.0 (MSIE 6.0; Windows NT 5.1; Search)"
95.168.172.156 - - [11/Sep/2012:07:25:37 +0200] "GET / HTTP/1.1" 200 4014 "http://evoque.ru/" "Mozilla/4.0 (MSIE 6.0; Windows NT 5.1; Search)"
213.110.133.221 - - [11/Sep/2012:08:35:26 +0200] "GET / HTTP/1.1" 200 4014 "http://serials-onlines.ru/" "Mozilla/4.0 (compatible; Blog Search;)"
213.110.133.221 - - [11/Sep/2012:08:35:27 +0200] "GET / HTTP/1.1" 200 4014 "http://serials-onlines.ru/" "Mozilla/4.0 (compatible; Blog Search;)"
85.115.20.122 - - [11/Sep/2012:10:06:24 +0200] "GET / HTTP/1.1" 200 4014 "http://www.google.de/url?sa=t&rct=j&q=dialyse%20waldbronn&source=web&cd=1&ved=0CCEQFjAA&url=http%3A%2F%2Fwww.dialyse-waldbronn.de%2F&ei=-vBOUJznOc7GswachIHgCA&usg=AFQjCNHEX_ZQroPS8hwDzjOxqVHmV6iDWw" "Mozilla/5.0 (compatible; MSIE 9.0; Windows NT 6.1; WOW64; Trident/5.0)"
85.115.20.122 - - [11/Sep/2012:10:06:24 +0200] "HEAD /index.swf HTTP/1.1" 200 - "-" "contype"
85.115.20.122 - - [11/Sep/2012:10:06:24 +0200] "GET /back.jpg HTTP/1.1" 404 1256 "http://www.dialyse-waldbronn.de/" "Mozilla/5.0 (compatible; MSIE 9.0; Windows NT 6.1; WOW64; Trident/5.0)"
85.115.20.122 - - [11/Sep/2012:10:06:24 +0200] "GET /back.jpg HTTP/1.1" 404 1256 "http://www.dialyse-waldbronn.de/" "Mozilla/5.0 (compatible; MSIE 9.0; Windows NT 6.1; WOW64; Trident/5.0)"
85.115.20.122 - - [11/Sep/2012:10:06:24 +0200] "GET /favicon.ico HTTP/1.1" 404 1256 "-" "Mozilla/5.0 (compatible; MSIE 9.0; Windows NT 6.1; WOW64; Trident/5.0)"
85.115.20.122 - - [11/Sep/2012:10:06:48 +0200] "GET /03.html HTTP/1.1" 200 2012 "http://www.google.de/url?sa=t&rct=j&q=dialyse%20waldbronn&source=web&cd=2&ved=0CCgQjBAwAQ&url=http%3A%2F%2Fwww.dialyse-waldbronn.de%2F03.html&ei=-vBOUJznOc7GswachIHgCA&usg=AFQjCNFQwcVMMbLcXV6pNWv1BpzXom4g7g" "Mozilla/5.0 (compatible; MSIE 9.0; Windows NT 6.1; WOW64; Trident/5.0)"
85.115.20.122 - - [11/Sep/2012:10:06:48 +0200] "GET /AC_RunActiveContent.js HTTP/1.1" 200 8029 "http://www.dialyse-waldbronn.de/03.html" "Mozilla/5.0 (compatible; MSIE 9.0; Windows NT 6.1; WOW64; Trident/5.0)"
85.115.20.122 - - [11/Sep/2012:10:06:48 +0200] "GET /favicon.ico HTTP/1.1" 404 1256 "-" "Mozilla/5.0 (compatible; MSIE 9.0; Windows NT 6.1; WOW64; Trident/5.0)"
66.249.72.51 - - [11/Sep/2012:11:23:54 +0200] "GET /robots.txt HTTP/1.1" 404 1256 "-" "Mozilla/5.0 (compatible; Googlebot/2.1; +http://www.google.com/bot.html)"
66.249.72.51 - - [11/Sep/2012:11:23:54 +0200] "GET / HTTP/1.1" 200 4014 "-" "Mozilla/5.0 (iPhone; U; CPU iPhone OS 4_1 like Mac OS X; en-us) AppleWebKit/532.9 (KHTML, like Gecko) Version/4.0.5 Mobile/8B117 Safari/6531.22.7 (compatible; Googlebot-Mobile/2.1; +http://www.google.com/bot.html)"
78.53.217.246 - - [11/Sep/2012:12:08:59 +0200] "GET /04waldbronn.html HTTP/1.1" 200 2092 "http://www.google.de/url?sa=t&rct=j&q=&esrc=s&source=web&cd=2&ved=0CCoQFjAB&url=http%3A%2F%2Fwww.dialyse-waldbronn.de%2F04waldbronn.html&ei=qQ1PUISaEebe4QTkxYCQDw&usg=AFQjCNHOiteX-jxpr5htxhUzDXdDVCmlhw" "Mozilla/5.0 (Windows NT 6.1; WOW64; rv:15.0) Gecko/20100101 Firefox/15.0.1"
78.53.217.246 - - [11/Sep/2012:12:08:59 +0200] "GET /AC_RunActiveContent.js HTTP/1.1" 200 8029 "http://www.dialyse-waldbronn.de/04waldbronn.html" "Mozilla/5.0 (Windows NT 6.1; WOW64; rv:15.0) Gecko/20100101 Firefox/15.0.1"
78.53.217.246 - - [11/Sep/2012:12:09:00 +0200] "GET /04waldbronn.swf HTTP/1.1" 200 20798 "http://www.dialyse-waldbronn.de/04waldbronn.html" "Mozilla/5.0 (Windows NT 6.1; WOW64; rv:15.0) Gecko/20100101 Firefox/15.0.1"
78.53.217.246 - - [11/Sep/2012:12:09:00 +0200] "GET /favicon.ico HTTP/1.1" 404 1256 "-" "Mozilla/5.0 (Windows NT 6.1; WOW64; rv:15.0) Gecko/20100101 Firefox/15.0.1"
217.88.237.211 - - [11/Sep/2012:15:06:28 +0200] "GET /back.jpg HTTP/1.1" 404 1256 "http://www.dialyse-waldbronn.de/" "Mozilla/5.0 (Windows NT 6.1; WOW64) AppleWebKit/537.1 (KHTML, like Gecko) Chrome/21.0.1180.89 Safari/537.1"
217.88.237.211 - - [11/Sep/2012:15:06:31 +0200] "GET /favicon.ico HTTP/1.1" 404 1256 "-" "Mozilla/5.0 (Windows NT 6.1; WOW64) AppleWebKit/537.1 (KHTML, like Gecko) Chrome/21.0.1180.89 Safari/537.1"
62.224.190.206 - - [11/Sep/2012:19:04:08 +0200] "GET /03.html HTTP/1.1" 200 2012 "http://www.google.de/url?sa=t&rct=j&q=dr.%20med.%20anja%20menzinger&source=web&cd=9&sqi=2&ved=0CFEQFjAI&url=http%3A%2F%2Fwww.dialyse-waldbronn.de%2F03.html&ei=9W5PULCBD4Pm4QSy-YCIBw&usg=AFQjCNFQwcVMMbLcXV6pNWv1BpzXom4g7g" "Mozilla/5.0 (compatible; MSIE 9.0; Windows NT 6.1; Win64; x64; Trident/5.0)"
62.224.190.206 - - [11/Sep/2012:19:04:08 +0200] "GET /AC_RunActiveContent.js HTTP/1.1" 200 8029 "http://www.dialyse-waldbronn.de/03.html" "Mozilla/5.0 (compatible; MSIE 9.0; Windows NT 6.1; Win64; x64; Trident/5.0)"
62.224.190.206 - - [11/Sep/2012:19:04:08 +0200] "GET /AC_RunActiveContent.js HTTP/1.1" 200 8029 "http://www.dialyse-waldbronn.de/03.html" "Mozilla/5.0 (compatible; MSIE 9.0; Windows NT 6.1; Win64; x64; Trident/5.0)"
62.224.190.206 - - [11/Sep/2012:19:04:08 +0200] "GET /03.swf HTTP/1.1" 200 79366 "http://www.dialyse-waldbronn.de/03.html" "Mozilla/5.0 (compatible; MSIE 9.0; Windows NT 6.1; Win64; x64; Trident/5.0)"
62.224.190.206 - - [11/Sep/2012:19:04:09 +0200] "GET /favicon.ico HTTP/1.1" 404 1256 "-" "Mozilla/5.0 (compatible; MSIE 9.0; Windows NT 6.1; Win64; x64; Trident/5.0)"
89.106.220.170 - - [11/Sep/2012:19:22:43 +0200] "GET /09a.html HTTP/1.1" 200 2065 "http://www.google.de/url?sa=t&rct=j&q=&esrc=s&frm=1&source=web&cd=3&sqi=2&ved=0CDIQFjAC&url=http%3A%2F%2Fwww.dialyse-waldbronn.de%2F09a.html&ei=C3NPUNDVLsnGswaIk4CADw&usg=AFQjCNG6uMrHKx5duZ5AcMzcLXwByavrQg&sig2=NbroYTX-_Elb3u7CcIPU4g" "Mozilla/5.0 (compatible; MSIE 9.0; Windows NT 6.1; WOW64; Trident/5.0)"
89.106.220.170 - - [11/Sep/2012:19:22:43 +0200] "GET /AC_RunActiveContent.js HTTP/1.1" 200 8029 "http://www.dialyse-waldbronn.de/09a.html" "Mozilla/5.0 (compatible; MSIE 9.0; Windows NT 6.1; WOW64; Trident/5.0)"
89.106.220.170 - - [11/Sep/2012:19:22:43 +0200] "GET /09a.swf HTTP/1.1" 200 19689 "http://www.dialyse-waldbronn.de/09a.html" "Mozilla/5.0 (compatible; MSIE 9.0; Windows NT 6.1; WOW64; Trident/5.0)"
89.106.220.170 - - [11/Sep/2012:19:22:43 +0200] "GET /favicon.ico HTTP/1.1" 404 1256 "-" "Mozilla/5.0 (compatible; MSIE 9.0; Windows NT 6.1; WOW64; Trident/5.0)"
109.120.157.179 - - [12/Sep/2012:00:56:32 +0200] "GET / HTTP/1.1" 200 4014 "http://www.rospromtest.ru/questions.php" "Mozilla/5.0 (compatible; Add Catalog/2.1;)"
109.120.157.179 - - [12/Sep/2012:00:56:33 +0200] "GET / HTTP/1.1" 200 4014 "http://www.rospromtest.ru/questions.php" "Mozilla/5.0 (compatible; Add Catalog/2.1;)"
65.55.24.221 - - [12/Sep/2012:03:15:01 +0200] "GET /robots.txt HTTP/1.1" 404 1256 "-" "Mozilla/5.0 (compatible; bingbot/2.0; +http://www.bing.com/bingbot.htm)"
65.55.24.221 - - [12/Sep/2012:03:26:21 +0200] "GET / HTTP/1.1" 304 - "-" "Mozilla/5.0 (compatible; bingbot/2.0; +http://www.bing.com/bingbot.htm)"
65.55.24.221 - - [12/Sep/2012:04:00:36 +0200] "GET /robots.txt HTTP/1.1" 404 1256 "-" "Mozilla/5.0 (compatible; bingbot/2.0; +http://www.bing.com/bingbot.htm)"
65.55.24.221 - - [12/Sep/2012:05:15:05 +0200] "GET / HTTP/1.1" 304 - "-" "Mozilla/5.0 (compatible; bingbot/2.0; +http://www.bing.com/bingbot.htm)"
193.106.136.49 - - [12/Sep/2012:07:20:39 +0200] "GET / HTTP/1.1" 200 4014 "http://myltivarka.ru/" "Mozilla/4.0 (compatible; MSIE 6.0; MSIE 5.5; Windows NT 5.0) Opera 7.02 Bork-edition [en]"
193.106.136.49 - - [12/Sep/2012:07:20:40 +0200] "GET / HTTP/1.1" 200 4014 "http://myltivarka.ru/" "Mozilla/4.0 (compatible; MSIE 6.0; MSIE 5.5; Windows NT 5.0) Opera 7.02 Bork-edition [en]"
178.137.128.6 - - [12/Sep/2012:08:56:00 +0200] "GET / HTTP/1.1" 200 4014 "http://kinolenta.pp.ua/" "Mozilla/4.0 (compatible; MSIE 6.0; Windows NT 5.1; SV1; .NET CLR 1.1.4322; .NET CLR 2.0.50727)"
178.137.128.6 - - [12/Sep/2012:08:56:01 +0200] "GET / HTTP/1.1" 200 4014 "http://kinolenta.pp.ua/" "Mozilla/4.0 (compatible; MSIE 6.0; Windows NT 5.1; SV1; .NET CLR 1.1.4322; .NET CLR 2.0.50727)"
77.2.0.147 - - [12/Sep/2012:09:08:29 +0200] "GET /09a.html HTTP/1.1" 200 2065 "http://www.google.de/url?sa=t&rct=j&q=&esrc=s&source=web&cd=3&ved=0CDkQFjAC&url=http%3A%2F%2Fwww.dialyse-waldbronn.de%2F09a.html&ei=1TRQUOWBPIza4QSmnYAY&usg=AFQjCNG6uMrHKx5duZ5AcMzcLXwByavrQg&sig2=g3Dhq1NdTE4qxq3EhMkp0w&cad=rja" "Mozilla/5.0 (X11; Ubuntu; Linux x86_64; rv:15.0) Gecko/20100101 Firefox/15.0"
77.2.0.147 - - [12/Sep/2012:09:08:29 +0200] "GET /AC_RunActiveContent.js HTTP/1.1" 200 8029 "http://www.dialyse-waldbronn.de/09a.html" "Mozilla/5.0 (X11; Ubuntu; Linux x86_64; rv:15.0) Gecko/20100101 Firefox/15.0"
77.2.0.147 - - [12/Sep/2012:09:08:29 +0200] "GET /09a.swf HTTP/1.1" 200 19689 "http://www.dialyse-waldbronn.de/09a.html" "Mozilla/5.0 (X11; Ubuntu; Linux x86_64; rv:15.0) Gecko/20100101 Firefox/15.0"
77.2.0.147 - - [12/Sep/2012:09:08:30 +0200] "GET /favicon.ico HTTP/1.1" 404 1256 "-" "Mozilla/5.0 (X11; Ubuntu; Linux x86_64; rv:15.0) Gecko/20100101 Firefox/15.0"
77.2.0.147 - - [12/Sep/2012:09:08:42 +0200] "GET /09.html HTTP/1.1" 200 2140 "http://www.dialyse-waldbronn.de/09a.html" "Mozilla/5.0 (X11; Ubuntu; Linux x86_64; rv:15.0) Gecko/20100101 Firefox/15.0"
77.2.0.147 - - [12/Sep/2012:09:08:42 +0200] "GET /09.swf HTTP/1.1" 200 23193 "http://www.dialyse-waldbronn.de/09.html" "Mozilla/5.0 (X11; Ubuntu; Linux x86_64; rv:15.0) Gecko/20100101 Firefox/15.0"
77.2.0.147 - - [12/Sep/2012:09:08:53 +0200] "GET /index.html HTTP/1.1" 200 4014 "http://www.dialyse-waldbronn.de/09.html" "Mozilla/5.0 (X11; Ubuntu; Linux x86_64; rv:15.0) Gecko/20100101 Firefox/15.0"
77.2.0.147 - - [12/Sep/2012:09:08:53 +0200] "GET /back.jpg HTTP/1.1" 404 1256 "http://www.dialyse-waldbronn.de/index.html" "Mozilla/5.0 (X11; Ubuntu; Linux x86_64; rv:15.0) Gecko/20100101 Firefox/15.0"
77.2.0.147 - - [12/Sep/2012:09:08:53 +0200] "GET /index.swf HTTP/1.1" 200 8893 "http://www.dialyse-waldbronn.de/index.html" "Mozilla/5.0 (X11; Ubuntu; Linux x86_64; rv:15.0) Gecko/20100101 Firefox/15.0"
77.2.0.147 - - [12/Sep/2012:09:08:58 +0200] "GET /00themen00.html HTTP/1.1" 200 2236 "http://www.dialyse-waldbronn.de/index.html" "Mozilla/5.0 (X11; Ubuntu; Linux x86_64; rv:15.0) Gecko/20100101 Firefox/15.0"
77.2.0.147 - - [12/Sep/2012:09:08:59 +0200] "GET /00themen00.swf HTTP/1.1" 200 12608 "http://www.dialyse-waldbronn.de/00themen00.html" "Mozilla/5.0 (X11; Ubuntu; Linux x86_64; rv:15.0) Gecko/20100101 Firefox/15.0"
77.2.0.147 - - [12/Sep/2012:09:09:01 +0200] "GET /05.html HTTP/1.1" 200 1988 "http://www.dialyse-waldbronn.de/00themen00.html" "Mozilla/5.0 (X11; Ubuntu; Linux x86_64; rv:15.0) Gecko/20100101 Firefox/15.0"
77.2.0.147 - - [12/Sep/2012:09:09:01 +0200] "GET /05.swf HTTP/1.1" 200 44441 "http://www.dialyse-waldbronn.de/05.html" "Mozilla/5.0 (X11; Ubuntu; Linux x86_64; rv:15.0) Gecko/20100101 Firefox/15.0"
77.2.0.147 - - [12/Sep/2012:09:09:12 +0200] "GET /08.html HTTP/1.1" 200 2068 "http://www.dialyse-waldbronn.de/00themen00.html" "Mozilla/5.0 (X11; Ubuntu; Linux x86_64; rv:15.0) Gecko/20100101 Firefox/15.0"
77.2.0.147 - - [12/Sep/2012:09:09:12 +0200] "GET /08.swf HTTP/1.1" 200 22102 "http://www.dialyse-waldbronn.de/08.html" "Mozilla/5.0 (X11; Ubuntu; Linux x86_64; rv:15.0) Gecko/20100101 Firefox/15.0"
83.133.125.202 - - [12/Sep/2012:09:57:56 +0200] "GET / HTTP/1.1" 200 4014 "http://www.sumaja.de/?such_wert=dialyse" "Mozilla/4.0 (compatible; MSIE 8.0; Windows NT 6.0; Trident/4.0; GTB0.0; SLCC1; .NET CLR 2.0.50727; Media Center PC 5.0; .NET CLR 3.5.30729; .NET CLR 3.0.30729; .NET4.0C)"
195.68.223.198 - - [12/Sep/2012:10:50:55 +0200] "GET / HTTP/1.1" 200 4014 "http://lampokrat.ws/" "Mozilla/4.0 (compatible; MSIE 6.0; Windows NT 5.1; SV1; Media Center PC"
195.68.223.198 - - [12/Sep/2012:10:50:55 +0200] "GET / HTTP/1.1" 200 4014 "http://lampokrat.ws/" "Mozilla/4.0 (compatible; MSIE 6.0; Windows NT 5.1; SV1; Media Center PC"
89.108.102.171 - - [12/Sep/2012:11:08:29 +0200] "GET / HTTP/1.1" 200 4014 "http://online-tnt.ru/" "Mozilla/5.0 (compatible; YandexBot/3.0; +http://yandex.com/bots)"
89.108.102.171 - - [12/Sep/2012:11:08:30 +0200] "GET / HTTP/1.1" 200 4014 "http://online-tnt.ru/" "Mozilla/5.0 (compatible; YandexBot/3.0; +http://yandex.com/bots)"
83.133.125.202 - - [12/Sep/2012:12:21:39 +0200] "GET / HTTP/1.1" 200 4014 "http://www.bigfinder.de/" "Mozilla/5.0 (Macintosh; U; Intel Mac OS X 10.6; de-DE; rv:1.9.2.8) Gecko/20100722 Firefox/3.6.8"
178.154.179.250 - - [12/Sep/2012:12:23:30 +0200] "GET /robots.txt HTTP/1.1" 404 1256 "-" "Mozilla/5.0 (compatible; YandexBot/3.0; +http://yandex.com/bots)"
77.2.0.147 - - [12/Sep/2012:12:59:25 +0200] "GET / HTTP/1.1" 200 4014 "-" "Mozilla/5.0 (X11; Ubuntu; Linux x86_64; rv:15.0) Gecko/20100101 Firefox/15.0"
77.2.0.147 - - [12/Sep/2012:12:59:25 +0200] "GET /back.jpg HTTP/1.1" 404 1256 "http://www.dialyse-waldbronn.de/" "Mozilla/5.0 (X11; Ubuntu; Linux x86_64; rv:15.0) Gecko/20100101 Firefox/15.0"
77.2.0.147 - - [12/Sep/2012:12:59:25 +0200] "GET /favicon.ico HTTP/1.1" 404 1256 "-" "Mozilla/5.0 (X11; Ubuntu; Linux x86_64; rv:15.0) Gecko/20100101 Firefox/15.0"
77.2.0.147 - - [12/Sep/2012:12:59:56 +0200] "GET /02.html HTTP/1.1" 200 1988 "http://www.dialyse-waldbronn.de/00themen00.html" "Mozilla/5.0 (X11; Ubuntu; Linux x86_64; rv:15.0) Gecko/20100101 Firefox/15.0"
77.2.0.147 - - [12/Sep/2012:12:59:56 +0200] "GET /02.swf HTTP/1.1" 200 19509 "http://www.dialyse-waldbronn.de/02.html" "Mozilla/5.0 (X11; Ubuntu; Linux x86_64; rv:15.0) Gecko/20100101 Firefox/15.0"
92.249.127.111 - - [12/Sep/2012:13:17:30 +0200] "GET / HTTP/1.1" 200 4014 "http://www.echomsk.spb.ru/" "Mozilla/5.0 (compatible; news bot /2.1)"
92.249.127.111 - - [12/Sep/2012:13:17:30 +0200] "GET / HTTP/1.1" 200 4014 "http://www.echomsk.spb.ru/" "Mozilla/5.0 (compatible; news bot /2.1)"
80.152.148.21 - - [12/Sep/2012:13:40:56 +0200] "GET /08.swf HTTP/1.1" 200 22102 "http://www.google.de/search?q=pillauer+str.+6+pforzheim+dialyse&ie=UTF-8" "Mozilla/5.0 (Windows NT 6.1; WOW64; rv:15.0) Gecko/20100101 Firefox/15.0.1"
80.152.148.21 - - [12/Sep/2012:13:40:56 +0200] "GET /favicon.ico HTTP/1.1" 404 1256 "-" "Mozilla/5.0 (Windows NT 6.1; WOW64; rv:15.0) Gecko/20100101 Firefox/15.0.1"
80.152.148.21 - - [12/Sep/2012:13:40:56 +0200] "GET /favicon.ico HTTP/1.1" 404 1256 "-" "Mozilla/5.0 (Windows NT 6.1; WOW64; rv:15.0) Gecko/20100101 Firefox/15.0.1"
80.152.148.21 - - [12/Sep/2012:13:40:59 +0200] "GET /08.swf HTTP/1.1" 200 22102 "http://www.google.de/search?q=pillauer+str.+6+pforzheim+dialyse&ie=UTF-8" "Mozilla/5.0 (Windows NT 6.1; WOW64; rv:15.0) Gecko/20100101 Firefox/15.0.1"
80.152.148.21 - - [12/Sep/2012:13:41:19 +0200] "GET /00themen00.html HTTP/1.1" 200 2236 "http://www.dialyse-waldbronn.de/08.swf" "Mozilla/5.0 (Windows NT 6.1; WOW64; rv:15.0) Gecko/20100101 Firefox/15.0.1"
80.152.148.21 - - [12/Sep/2012:13:41:22 +0200] "GET /00themen00.swf HTTP/1.1" 200 12608 "http://www.dialyse-waldbronn.de/00themen00.html" "Mozilla/5.0 (Windows NT 6.1; WOW64; rv:15.0) Gecko/20100101 Firefox/15.0.1"
80.152.148.21 - - [12/Sep/2012:13:41:28 +0200] "GET /08.html HTTP/1.1" 200 2068 "http://www.dialyse-waldbronn.de/00themen00.html" "Mozilla/5.0 (Windows NT 6.1; WOW64; rv:15.0) Gecko/20100101 Firefox/15.0.1"
80.152.148.21 - - [12/Sep/2012:13:42:10 +0200] "GET /01.html HTTP/1.1" 200 1988 "http://www.dialyse-waldbronn.de/00themen00.html" "Mozilla/5.0 (Windows NT 6.1; WOW64; rv:15.0) Gecko/20100101 Firefox/15.0.1"
80.152.148.21 - - [12/Sep/2012:13:42:13 +0200] "GET /01.swf HTTP/1.1" 200 36918 "http://www.dialyse-waldbronn.de/01.html" "Mozilla/5.0 (Windows NT 6.1; WOW64; rv:15.0) Gecko/20100101 Firefox/15.0.1"
80.152.148.21 - - [12/Sep/2012:13:42:18 +0200] "GET /AC_RunActiveContent.js HTTP/1.1" 200 8029 "http://www.dialyse-waldbronn.de/01.html" "Mozilla/5.0 (Windows NT 6.1; WOW64; rv:15.0) Gecko/20100101 Firefox/15.0.1"
80.152.148.21 - - [12/Sep/2012:13:42:38 +0200] "GET /03.html HTTP/1.1" 200 2012 "http://www.dialyse-waldbronn.de/00themen00.html" "Mozilla/5.0 (Windows NT 6.1; WOW64; rv:15.0) Gecko/20100101 Firefox/15.0.1"
80.152.148.21 - - [12/Sep/2012:13:42:39 +0200] "GET /03.swf HTTP/1.1" 200 79366 "http://www.dialyse-waldbronn.de/03.html" "Mozilla/5.0 (Windows NT 6.1; WOW64; rv:15.0) Gecko/20100101 Firefox/15.0.1"
193.28.178.13 - - [12/Sep/2012:18:26:00 +0200] "GET /robots.txt HTTP/1.1" 404 1256 "-" "Mozilla/5.0 (Windows NT x.y; Win64; x64; rv:10.0.1) Gecko/20100101 Firefox/10.0.1"
193.28.178.13 - - [12/Sep/2012:18:26:00 +0200] "GET / HTTP/1.1" 200 4014 "-" "Mozilla/5.0 (Windows NT x.y; Win64; x64; rv:10.0.1) Gecko/20100101 Firefox/10.0.1"
193.28.178.13 - - [12/Sep/2012:18:26:03 +0200] "GET / HTTP/1.1" 200 4014 "-" "Mozilla/5.0 (Linux; U; Android 2.2; en-gb; GT-P1000 Build/FROYO) AppleWebKit/533.1 (KHTML, like Gecko) Version/4.0 Mobile Safari/533.1"
178.154.179.250 - - [12/Sep/2012:18:49:05 +0200] "GET / HTTP/1.1" 200 4014 "-" "Mozilla/5.0 (compatible; YandexBot/3.0; +http://yandex.com/bots)"
178.154.179.250 - - [12/Sep/2012:18:49:11 +0200] "GET /index.swf HTTP/1.1" 200 8893 "-" "Mozilla/5.0 (compatible; YandexBot/3.0; +http://yandex.com/bots)"
184.154.48.82 - - [12/Sep/2012:20:39:39 +0200] "GET /robots.txt HTTP/1.0" 404 1256 "-" "Mozilla/5.0 (compatible; MJ12bot/v1.4.3; http://www.majestic12.co.uk/bot.php?+)"
184.154.48.82 - - [12/Sep/2012:20:39:41 +0200] "GET / HTTP/1.0" 200 4014 "-" "Mozilla/5.0 (compatible; MJ12bot/v1.4.3; http://www.majestic12.co.uk/bot.php?+)"
213.186.119.144 - - [12/Sep/2012:20:57:25 +0200] "GET /robots.txt HTTP/1.1" 404 1256 "-" "Mozilla/5.0 (compatible; AhrefsBot/3.1; +http://ahrefs.com/robot/)"
83.133.125.202 - - [12/Sep/2012:21:51:54 +0200] "GET / HTTP/1.1" 200 4014 "http://www.sumaja.de/?such_wert=dialyse" "Mozilla/4.0 (compatible; MSIE 8.0; Windows NT 6.0; Trident/4.0; GTB0.0; SLCC1; .NET CLR 2.0.50727; Media Center PC 5.0; .NET CLR 3.5.30729; .NET CLR 3.0.30729; .NET4.0C)"
66.249.72.51 - - [12/Sep/2012:22:02:02 +0200] "GET /robots.txt HTTP/1.1" 404 1256 "-" "Mozilla/5.0 (compatible; Googlebot/2.1; +http://www.google.com/bot.html)"
66.249.72.51 - - [12/Sep/2012:22:02:02 +0200] "GET / HTTP/1.1" 200 4014 "-" "Mozilla/5.0 (compatible; Googlebot/2.1; +http://www.google.com/bot.html)"
66.249.72.51 - - [13/Sep/2012:00:06:38 +0200] "GET /robots.txt HTTP/1.1" 404 1256 "-" "Mozilla/5.0 (compatible; Googlebot/2.1; +http://www.google.com/bot.html)"
188.138.118.109 - - [13/Sep/2012:00:25:23 +0200] "GET /robots.txt HTTP/1.1" 404 1256 "-" "Linguee Bot (http://www.linguee.com/bot; bot@linguee.com)"
188.138.118.109 - - [13/Sep/2012:00:25:23 +0200] "GET / HTTP/1.1" 200 4014 "-" "Linguee Bot (http://www.linguee.com/bot; bot@linguee.com)"
188.138.118.109 - - [13/Sep/2012:00:25:24 +0200] "GET / HTTP/1.1" 200 4014 "-" "Linguee Bot (http://www.linguee.com/bot; bot@linguee.com)"
95.168.172.156 - - [13/Sep/2012:06:03:51 +0200] "GET / HTTP/1.1" 200 4014 "http://afora.ru/" "Mozilla/4.0 (MSIE 6.0; Windows NT 5.1; Search)"
95.168.172.156 - - [13/Sep/2012:06:03:52 +0200] "GET / HTTP/1.1" 200 4014 "http://afora.ru/" "Mozilla/4.0 (MSIE 6.0; Windows NT 5.1; Search)"
95.168.172.156 - - [13/Sep/2012:06:03:52 +0200] "GET / HTTP/1.1" 200 4014 "http://afora.ru/" "Mozilla/4.0 (MSIE 6.0; Windows NT 5.1; Search)"
95.168.172.156 - - [13/Sep/2012:06:03:53 +0200] "GET / HTTP/1.1" 200 4014 "http://afora.ru/" "Mozilla/4.0 (MSIE 6.0; Windows NT 5.1; Search)"
195.68.223.198 - - [13/Sep/2012:06:22:13 +0200] "GET / HTTP/1.1" 200 4014 "http://solo-project.com/" "Mozilla/1.22 (compatible; MSIE 2.0d; Windows NT)"
195.68.223.198 - - [13/Sep/2012:06:22:17 +0200] "GET / HTTP/1.1" 200 4014 "http://solo-project.com/" "Mozilla/1.22 (compatible; MSIE 2.0d; Windows NT)"
178.137.128.6 - - [13/Sep/2012:07:08:54 +0200] "GET / HTTP/1.1" 200 4014 "http://groxy.org/" "Mozilla/4.0 (compatible; MSIE 6.0; Windows NT 5.1; SV1; .NET CLR 1.1.4322)"
178.137.128.6 - - [13/Sep/2012:07:08:54 +0200] "GET / HTTP/1.1" 200 4014 "http://groxy.org/" "Mozilla/4.0 (compatible; MSIE 6.0; Windows NT 5.1; SV1; .NET CLR 1.1.4322)"
131.253.47.191 - - [13/Sep/2012:09:32:57 +0200] "GET /robots.txt HTTP/1.1" 404 1256 "-" "Mozilla/5.0 (compatible; bingbot/2.0; +http://www.bing.com/bingbot.htm)"
64.246.165.150 - - [13/Sep/2012:09:36:21 +0200] "GET /robots.txt HTTP/1.0" 404 1256 "-" "Mozilla/5.0 (Windows; U; Windows NT 5.1; en; rv:1.9.0.13) Gecko/2009073022 Firefox/3.5.2 (.NET CLR 3.5.30729) SurveyBot/2.3 (DomainTools)"
64.246.165.150 - - [13/Sep/2012:09:36:21 +0200] "GET / HTTP/1.1" 200 4014 "http://whois.domaintools.com/dialyse-waldbronn.de" "Mozilla/5.0 (Windows; U; Windows NT 5.1; en; rv:1.9.0.13) Gecko/2009073022 Firefox/3.5.2 (.NET CLR 3.5.30729) SurveyBot/2.3 (DomainTools)"
157.56.93.222 - - [13/Sep/2012:10:07:35 +0200] "GET / HTTP/1.1" 200 4014 "-" "Mozilla/5.0 (Windows NT 6.1; WOW64) AppleWebKit/534+ (KHTML, like Gecko) BingPreview/1.0b"
193.106.136.33 - - [13/Sep/2012:16:06:57 +0200] "GET / HTTP/1.1" 200 4014 "http://buduar.info/" "Mozilla/4.0 (compatible; MSIE 6.0; Windows ME) Opera 7.11 [en]"
193.106.136.33 - - [13/Sep/2012:16:06:57 +0200] "GET / HTTP/1.1" 200 4014 "http://buduar.info/" "Mozilla/4.0 (compatible; MSIE 6.0; Windows ME) Opera 7.11 [en]"
66.249.72.51 - - [13/Sep/2012:22:26:22 +0200] "GET /robots.txt HTTP/1.1" 404 1256 "-" "Mozilla/5.0 (compatible; Googlebot/2.1; +http://www.google.com/bot.html)"
66.249.72.51 - - [13/Sep/2012:22:26:22 +0200] "GET /04.swf HTTP/1.1" 200 20526 "-" "Mozilla/5.0 (compatible; Googlebot/2.1; +http://www.google.com/bot.html)"
208.115.111.70 - - [14/Sep/2012:02:42:46 +0200] "GET /robots.txt HTTP/1.1" 404 1256 "-" "Mozilla/5.0 (compatible; Ezooms/1.0; ezooms.bot@gmail.com)"
66.249.72.51 - - [14/Sep/2012:03:09:02 +0200] "GET /robots.txt HTTP/1.1" 404 1256 "-" "Mozilla/5.0 (compatible; Googlebot/2.1; +http://www.google.com/bot.html)"
66.249.72.51 - - [14/Sep/2012:03:09:03 +0200] "GET /02.swf HTTP/1.1" 200 19509 "-" "Mozilla/5.0 (compatible; Googlebot/2.1; +http://www.google.com/bot.html)"
208.115.111.70 - - [14/Sep/2012:03:12:55 +0200] "GET / HTTP/1.1" 200 4014 "-" "Mozilla/5.0 (compatible; Ezooms/1.0; ezooms.bot@gmail.com)"
178.137.128.6 - - [14/Sep/2012:06:10:07 +0200] "GET / HTTP/1.1" 200 4014 "http://miniatury.net/" "Mozilla/4.0 (compatible; Powermarks/3.5; Windows 95/98/2000/NT)"
178.137.128.6 - - [14/Sep/2012:06:10:07 +0200] "GET / HTTP/1.1" 200 4014 "http://miniatury.net/" "Mozilla/4.0 (compatible; Powermarks/3.5; Windows 95/98/2000/NT)"
92.249.127.111 - - [14/Sep/2012:06:31:42 +0200] "GET / HTTP/1.1" 200 4014 "http://x-wikis.com/m/craigslist/" "Mozilla/5.0 (compatible; news bot /2.1)"
92.249.127.111 - - [14/Sep/2012:06:31:42 +0200] "GET / HTTP/1.1" 200 4014 "http://x-wikis.com/m/craigslist/" "Mozilla/5.0 (compatible; news bot /2.1)"
66.249.72.51 - - [14/Sep/2012:08:11:27 +0200] "GET /04waldbronn.html HTTP/1.1" 304 - "-" "Mozilla/5.0 (compatible; Googlebot/2.1; +http://www.google.com/bot.html)"
66.249.72.51 - - [14/Sep/2012:08:21:27 +0200] "GET /03b.html HTTP/1.1" 304 - "-" "Mozilla/5.0 (compatible; Googlebot/2.1; +http://www.google.com/bot.html)"
66.249.72.51 - - [14/Sep/2012:08:35:47 +0200] "GET /07.html HTTP/1.1" 304 - "-" "Mozilla/5.0 (compatible; Googlebot/2.1; +http://www.google.com/bot.html)"
66.249.72.51 - - [14/Sep/2012:08:40:36 +0200] "GET /04.html HTTP/1.1" 304 - "-" "Mozilla/5.0 (compatible; Googlebot/2.1; +http://www.google.com/bot.html)"
66.249.72.51 - - [14/Sep/2012:08:43:08 +0200] "GET /09a.swf HTTP/1.1" 200 19689 "-" "Mozilla/5.0 (compatible; Googlebot/2.1; +http://www.google.com/bot.html)"
66.249.72.51 - - [14/Sep/2012:08:45:47 +0200] "GET /03b.swf HTTP/1.1" 200 198225 "-" "Mozilla/5.0 (compatible; Googlebot/2.1; +http://www.google.com/bot.html)"
66.249.72.51 - - [14/Sep/2012:08:46:19 +0200] "GET /09a.html HTTP/1.1" 304 - "-" "Mozilla/5.0 (iPhone; U; CPU iPhone OS 4_1 like Mac OS X; en-us) AppleWebKit/532.9 (KHTML, like Gecko) Version/4.0.5 Mobile/8B117 Safari/6531.22.7 (compatible; Googlebot-Mobile/2.1; +http://www.google.com/bot.html)"
66.249.72.51 - - [14/Sep/2012:08:51:28 +0200] "GET /06.swf HTTP/1.1" 200 18307 "-" "Mozilla/5.0 (compatible; Googlebot/2.1; +http://www.google.com/bot.html)"
83.133.125.202 - - [15/Sep/2012:00:46:42 +0200] "GET / HTTP/1.1" 200 4014 "http://www.bigfinder.de/" "Mozilla/4.0 (compatible; MSIE 8.0; Windows NT 6.1; Trident/4.0; SLCC2; .NET CLR 2.0.50727; .NET CLR 3.5.30729; .NET CLR 3.0.30729; Media Center PC 6.0)"
193.106.136.60 - - [15/Sep/2012:01:47:10 +0200] "GET / HTTP/1.1" 200 4014 "http://buduar.info/" "Mozilla/4.0 (compatible; MSIE 6.0; Windows NT 5.1; SV1; .NET CLR 1.1.4322; XMPP Tiscali Communicator v.10.0.2; .NET CLR 2.0.50727)"
193.106.136.60 - - [15/Sep/2012:01:47:10 +0200] "GET / HTTP/1.1" 200 4014 "http://buduar.info/" "Mozilla/4.0 (compatible; MSIE 6.0; Windows NT 5.1; SV1; .NET CLR 1.1.4322; XMPP Tiscali Communicator v.10.0.2; .NET CLR 2.0.50727)"
217.225.188.90 - - [15/Sep/2012:02:00:22 +0200] "GET / HTTP/1.1" 200 4014 "http://www.backlink-webkatalog.de/" "Mozilla/4.0 (compatible; MSIE 8.0; Windows NT 5.1; Trident/4.0; FBSMTWB; ATC/1.0; .NET CLR 1.1.4322; ATC/1.0; .NET CLR 2.0.50727; .NET CLR 3.0.4506.2152; .NET CLR 3.5.30729)"
66.249.73.3 - - [15/Sep/2012:02:51:43 +0200] "GET /robots.txt HTTP/1.1" 404 1256 "-" "Mozilla/5.0 (compatible; Googlebot/2.1; +http://www.google.com/bot.html)"
66.249.73.3 - - [15/Sep/2012:02:51:43 +0200] "GET /08.html HTTP/1.1" 200 2068 "-" "Mozilla/5.0 (iPhone; U; CPU iPhone OS 4_1 like Mac OS X; en-us) AppleWebKit/532.9 (KHTML, like Gecko) Version/4.0.5 Mobile/8B117 Safari/6531.22.7 (compatible; Googlebot-Mobile/2.1; +http://www.google.com/bot.html)"
66.249.73.3 - - [15/Sep/2012:02:58:00 +0200] "GET /08.swf HTTP/1.1" 200 22102 "-" "Mozilla/5.0 (compatible; Googlebot/2.1; +http://www.google.com/bot.html)"
89.108.102.171 - - [15/Sep/2012:03:01:26 +0200] "GET / HTTP/1.1" 200 4014 "http://vk-dork.ru/" "Mozilla/5.0 (compatible; YandexBot/3.0; +http://yandex.com/bots)"
89.108.102.171 - - [15/Sep/2012:03:01:26 +0200] "GET / HTTP/1.1" 200 4014 "http://vk-dork.ru/" "Mozilla/5.0 (compatible; YandexBot/3.0; +http://yandex.com/bots)"
178.137.129.141 - - [15/Sep/2012:04:58:51 +0200] "GET / HTTP/1.1" 200 4014 "http://crazy-animetv.ucoz.ru/" "Mozilla/4.0 (compatible; MSIE 6.0; Windows NT 5.1) Opera 7.54 [en]"
178.137.129.141 - - [15/Sep/2012:04:58:52 +0200] "GET / HTTP/1.1" 200 4014 "http://crazy-animetv.ucoz.ru/" "Mozilla/4.0 (compatible; MSIE 6.0; Windows NT 5.1) Opera 7.54 [en]"
95.168.172.156 - - [15/Sep/2012:06:07:45 +0200] "GET / HTTP/1.1" 200 4014 "http://weav.ru/" "Mozilla/4.0 (MSIE 6.0; Windows NT 5.1; Search)"
95.168.172.156 - - [15/Sep/2012:06:07:45 +0200] "GET / HTTP/1.1" 200 4014 "http://weav.ru/" "Mozilla/4.0 (MSIE 6.0; Windows NT 5.1; Search)"
66.249.73.3 - - [15/Sep/2012:06:10:43 +0200] "GET /07.swf HTTP/1.1" 200 22237 "-" "Mozilla/5.0 (compatible; Googlebot/2.1; +http://www.google.com/bot.html)"
66.249.73.3 - - [15/Sep/2012:06:26:04 +0200] "GET / HTTP/1.1" 200 4014 "-" "Mozilla/5.0 (compatible; Googlebot/2.1; +http://www.google.com/bot.html)"
66.249.73.3 - - [15/Sep/2012:06:29:31 +0200] "GET /01.html HTTP/1.1" 304 - "-" "Mozilla/5.0 (compatible; Googlebot/2.1; +http://www.google.com/bot.html)"
213.110.133.221 - - [15/Sep/2012:07:57:20 +0200] "GET / HTTP/1.1" 200 4014 "http://serials-onlines.ru/" "Mozilla/4.0 (compatible; Blog Search;)"
213.110.133.221 - - [15/Sep/2012:07:57:21 +0200] "GET / HTTP/1.1" 200 4014 "http://serials-onlines.ru/" "Mozilla/4.0 (compatible; Blog Search;)"
109.120.157.179 - - [15/Sep/2012:11:57:57 +0200] "GET / HTTP/1.1" 200 4014 "http://r00t.in/" "Mozilla/5.0 (compatible; Add Catalog/2.1;)"
109.120.157.179 - - [15/Sep/2012:11:57:58 +0200] "GET / HTTP/1.1" 200 4014 "http://r00t.in/" "Mozilla/5.0 (compatible; Add Catalog/2.1;)"
157.55.32.109 - - [15/Sep/2012:14:26:40 +0200] "GET /robots.txt HTTP/1.1" 404 1256 "-" "Mozilla/5.0 (compatible; bingbot/2.0; +http://www.bing.com/bingbot.htm)"
157.55.32.115 - - [15/Sep/2012:16:06:19 +0200] "GET /robots.txt HTTP/1.1" 404 1256 "-" "Mozilla/5.0 (compatible; bingbot/2.0; +http://www.bing.com/bingbot.htm)"
65.55.52.87 - - [15/Sep/2012:17:05:03 +0200] "GET / HTTP/1.1" 304 - "-" "Mozilla/5.0 (compatible; bingbot/2.0; +http://www.bing.com/bingbot.htm)"
157.56.229.71 - - [15/Sep/2012:17:05:06 +0200] "GET / HTTP/1.1" 200 4014 "-" "Mozilla/5.0 (Windows NT 6.1; WOW64) AppleWebKit/534+ (KHTML, like Gecko) BingPreview/1.0b"
66.249.66.15 - - [15/Sep/2012:18:50:03 +0200] "GET /robots.txt HTTP/1.1" 404 1256 "-" "Mozilla/5.0 (compatible; Googlebot/2.1; +http://www.google.com/bot.html)"
66.249.72.51 - - [15/Sep/2012:18:50:04 +0200] "GET /09a.html HTTP/1.1" 304 - "-" "Mozilla/5.0 (compatible; Googlebot/2.1; +http://www.google.com/bot.html)"
217.227.66.127 - - [15/Sep/2012:21:00:53 +0200] "GET / HTTP/1.1" 200 4014 "http://www.google.de/url?sa=t&rct=j&q=dialysepraxis%20waldbronn&source=web&cd=1&ved=0CCUQFjAA&url=http%3A%2F%2Fwww.dialyse-waldbronn.de%2F&ei=F9BUUPexA_P54QTjm4C4CA&usg=AFQjCNHEX_ZQroPS8hwDzjOxqVHmV6iDWw" "Mozilla/5.0 (Windows; U; Windows NT 6.0; de; rv:1.9.2.15) Gecko/20110303 Firefox/3.6.15 ( .NET CLR 3.5.30729) tb-webde/1.7.5"
217.227.66.127 - - [15/Sep/2012:21:00:53 +0200] "GET /back.jpg HTTP/1.1" 404 1256 "http://www.dialyse-waldbronn.de/" "Mozilla/5.0 (Windows; U; Windows NT 6.0; de; rv:1.9.2.15) Gecko/20110303 Firefox/3.6.15 ( .NET CLR 3.5.30729) tb-webde/1.7.5"
217.227.66.127 - - [15/Sep/2012:21:00:53 +0200] "GET /index.swf HTTP/1.1" 200 8893 "http://www.dialyse-waldbronn.de/" "Mozilla/5.0 (Windows; U; Windows NT 6.0; de; rv:1.9.2.15) Gecko/20110303 Firefox/3.6.15 ( .NET CLR 3.5.30729) tb-webde/1.7.5"
217.227.66.127 - - [15/Sep/2012:21:00:53 +0200] "GET /favicon.ico HTTP/1.1" 404 1256 "-" "Mozilla/5.0 (Windows; U; Windows NT 6.0; de; rv:1.9.2.15) Gecko/20110303 Firefox/3.6.15 ( .NET CLR 3.5.30729) tb-webde/1.7.5"
217.227.66.127 - - [15/Sep/2012:21:00:56 +0200] "GET /favicon.ico HTTP/1.1" 404 1256 "-" "Mozilla/5.0 (Windows; U; Windows NT 6.0; de; rv:1.9.2.15) Gecko/20110303 Firefox/3.6.15 ( .NET CLR 3.5.30729) tb-webde/1.7.5"
217.227.66.127 - - [15/Sep/2012:21:00:57 +0200] "GET /00themen00.html HTTP/1.1" 200 2236 "http://www.dialyse-waldbronn.de/" "Mozilla/5.0 (Windows; U; Windows NT 6.0; de; rv:1.9.2.15) Gecko/20110303 Firefox/3.6.15 ( .NET CLR 3.5.30729) tb-webde/1.7.5"
217.227.66.127 - - [15/Sep/2012:21:00:58 +0200] "GET /AC_RunActiveContent.js HTTP/1.1" 200 8029 "http://www.dialyse-waldbronn.de/00themen00.html" "Mozilla/5.0 (Windows; U; Windows NT 6.0; de; rv:1.9.2.15) Gecko/20110303 Firefox/3.6.15 ( .NET CLR 3.5.30729) tb-webde/1.7.5"
217.227.66.127 - - [15/Sep/2012:21:00:58 +0200] "GET /00themen00.swf HTTP/1.1" 200 12608 "http://www.dialyse-waldbronn.de/00themen00.html" "Mozilla/5.0 (Windows; U; Windows NT 6.0; de; rv:1.9.2.15) Gecko/20110303 Firefox/3.6.15 ( .NET CLR 3.5.30729) tb-webde/1.7.5"
217.227.66.127 - - [15/Sep/2012:21:01:00 +0200] "GET /01.html HTTP/1.1" 200 1988 "http://www.dialyse-waldbronn.de/00themen00.html" "Mozilla/5.0 (Windows; U; Windows NT 6.0; de; rv:1.9.2.15) Gecko/20110303 Firefox/3.6.15 ( .NET CLR 3.5.30729) tb-webde/1.7.5"
217.227.66.127 - - [15/Sep/2012:21:01:00 +0200] "GET /01.swf HTTP/1.1" 200 36918 "http://www.dialyse-waldbronn.de/01.html" "Mozilla/5.0 (Windows; U; Windows NT 6.0; de; rv:1.9.2.15) Gecko/20110303 Firefox/3.6.15 ( .NET CLR 3.5.30729) tb-webde/1.7.5"
217.227.66.127 - - [15/Sep/2012:21:01:12 +0200] "GET /08.html HTTP/1.1" 200 2068 "http://www.dialyse-waldbronn.de/00themen00.html" "Mozilla/5.0 (Windows; U; Windows NT 6.0; de; rv:1.9.2.15) Gecko/20110303 Firefox/3.6.15 ( .NET CLR 3.5.30729) tb-webde/1.7.5"
217.227.66.127 - - [15/Sep/2012:21:01:12 +0200] "GET /08.swf HTTP/1.1" 200 22102 "http://www.dialyse-waldbronn.de/08.html" "Mozilla/5.0 (Windows; U; Windows NT 6.0; de; rv:1.9.2.15) Gecko/20110303 Firefox/3.6.15 ( .NET CLR 3.5.30729) tb-webde/1.7.5"
92.249.127.111 - - [16/Sep/2012:00:15:15 +0200] "GET / HTTP/1.1" 200 4014 "http://www.allbonuspoker.ru/" "Mozilla/5.0 (compatible; news bot /2.1)"
92.249.127.111 - - [16/Sep/2012:00:15:16 +0200] "GET / HTTP/1.1" 200 4014 "http://www.allbonuspoker.ru/" "Mozilla/5.0 (compatible; news bot /2.1)"
66.249.66.15 - - [16/Sep/2012:00:55:45 +0200] "GET /09.html HTTP/1.1" 304 - "-" "Mozilla/5.0 (iPhone; U; CPU iPhone OS 4_1 like Mac OS X; en-us) AppleWebKit/532.9 (KHTML, like Gecko) Version/4.0.5 Mobile/8B117 Safari/6531.22.7 (compatible; Googlebot-Mobile/2.1; +http://www.google.com/bot.html)"
178.137.129.141 - - [16/Sep/2012:05:25:57 +0200] "GET / HTTP/1.1" 200 4014 "http://crazy-animetv.ucoz.ru/" "Mozilla/4.0 (compatible; MSIE 6.0; Windows ME) Opera 7.11 [en]"
178.137.129.141 - - [16/Sep/2012:05:25:57 +0200] "GET / HTTP/1.1" 200 4014 "http://crazy-animetv.ucoz.ru/" "Mozilla/4.0 (compatible; MSIE 6.0; Windows ME) Opera 7.11 [en]"
65.55.52.87 - - [16/Sep/2012:06:27:00 +0200] "GET /robots.txt HTTP/1.1" 404 1256 "-" "Mozilla/5.0 (compatible; bingbot/2.0; +http://www.bing.com/bingbot.htm)"
65.55.52.87 - - [16/Sep/2012:06:33:44 +0200] "GET / HTTP/1.1" 200 4014 "-" "Mozilla/5.0 (compatible; bingbot/2.0; +http://www.bing.com/bingbot.htm)"
178.154.179.250 - - [16/Sep/2012:09:03:23 +0200] "GET /robots.txt HTTP/1.1" 404 1256 "-" "Mozilla/5.0 (compatible; YandexBot/3.0; +http://yandex.com/bots)"
176.9.148.197 - - [16/Sep/2012:09:33:47 +0200] "GET / HTTP/1.1" 200 4014 "-" "Mozilla/5.0 (compatible; SISTRIX Crawler; http://crawler.sistrix.net/)"
178.137.129.141 - - [16/Sep/2012:10:53:50 +0200] "GET / HTTP/1.1" 200 4014 "http://specural.com/" "Mozilla/1.22 (compatible; MSIE 2.0; Windows 95)"
178.137.129.141 - - [16/Sep/2012:10:53:50 +0200] "GET / HTTP/1.1" 200 4014 "http://specural.com/" "Mozilla/1.22 (compatible; MSIE 2.0; Windows 95)"
193.106.136.60 - - [16/Sep/2012:12:31:28 +0200] "GET / HTTP/1.1" 200 4014 "http://www.fotolink.su/" "Mozilla/4.0 (compatible; MSIE 6.0; Windows NT 5.1; en) Opera 8.00"
193.106.136.60 - - [16/Sep/2012:12:31:29 +0200] "GET / HTTP/1.1" 200 4014 "http://www.fotolink.su/" "Mozilla/4.0 (compatible; MSIE 6.0; Windows NT 5.1; en) Opera 8.00"
178.154.179.250 - - [16/Sep/2012:14:10:42 +0200] "GET / HTTP/1.1" 200 4014 "-" "Mozilla/5.0 (compatible; YandexBot/3.0; +http://yandex.com/bots)"
178.154.179.250 - - [16/Sep/2012:14:10:47 +0200] "GET /index.swf HTTP/1.1" 200 8893 "-" "Mozilla/5.0 (compatible; YandexBot/3.0; +http://yandex.com/bots)"
84.160.12.191 - - [16/Sep/2012:15:21:34 +0200] "GET /00themen00.html HTTP/1.1" 304 - "-" "Mozilla/5.0 (Windows NT 6.1) AppleWebKit/534.57.2 (KHTML, like Gecko) Version/5.1.7 Safari/534.57.2"
84.160.12.191 - - [16/Sep/2012:15:21:35 +0200] "GET /AC_RunActiveContent.js HTTP/1.1" 304 - "http://www.dialyse-waldbronn.de/00themen00.html" "Mozilla/5.0 (Windows NT 6.1) AppleWebKit/534.57.2 (KHTML, like Gecko) Version/5.1.7 Safari/534.57.2"
95.168.172.156 - - [17/Sep/2012:02:14:43 +0200] "GET / HTTP/1.1" 200 4014 "http://weav.ru/" "Mozilla/4.0 (MSIE 6.0; Windows NT 5.1; Search)"
95.168.172.156 - - [17/Sep/2012:02:14:44 +0200] "GET / HTTP/1.1" 200 4014 "http://weav.ru/" "Mozilla/4.0 (MSIE 6.0; Windows NT 5.1; Search)"
66.249.71.243 - - [17/Sep/2012:09:25:14 +0200] "GET /robots.txt HTTP/1.1" 404 1256 "-" "Mozilla/5.0 (compatible; Googlebot/2.1; +http://www.google.com/bot.html)"
66.249.71.243 - - [17/Sep/2012:09:25:14 +0200] "GET /00themen00.swf HTTP/1.1" 200 12608 "-" "Mozilla/5.0 (compatible; Googlebot/2.1; +http://www.google.com/bot.html)"
217.8.59.125 - - [17/Sep/2012:09:30:37 +0200] "GET / HTTP/1.1" 200 4014 "http://www.google.de/url?sa=t&rct=j&q=dialyse%20wallbronn&source=web&cd=1&ved=0CCcQFjAA&url=http%3A%2F%2Fwww.dialyse-waldbronn.de%2F&ei=N9FWUPjiC4aQ4gSBs4HwAQ&usg=AFQjCNHEX_ZQroPS8hwDzjOxqVHmV6iDWw" "Mozilla/5.0 (Windows NT 6.1; rv:11.0) Gecko/20100101 Firefox/11.0"
217.8.59.125 - - [17/Sep/2012:09:30:38 +0200] "GET /back.jpg HTTP/1.1" 404 1256 "http://www.dialyse-waldbronn.de/" "Mozilla/5.0 (Windows NT 6.1; rv:11.0) Gecko/20100101 Firefox/11.0"
217.8.59.125 - - [17/Sep/2012:09:30:38 +0200] "GET /index.swf HTTP/1.1" 200 8893 "http://www.dialyse-waldbronn.de/" "Mozilla/5.0 (Windows NT 6.1; rv:11.0) Gecko/20100101 Firefox/11.0"
217.8.59.125 - - [17/Sep/2012:09:30:38 +0200] "GET /favicon.ico HTTP/1.1" 404 1256 "-" "Mozilla/5.0 (Windows NT 6.1; rv:11.0) Gecko/20100101 Firefox/11.0"
217.8.59.125 - - [17/Sep/2012:09:30:38 +0200] "GET /favicon.ico HTTP/1.1" 404 1256 "-" "Mozilla/5.0 (Windows NT 6.1; rv:11.0) Gecko/20100101 Firefox/11.0"
217.8.59.125 - - [17/Sep/2012:09:30:39 +0200] "GET /favicon.ico HTTP/1.1" 404 1256 "-" "Mozilla/5.0 (Windows NT 6.1; rv:11.0) Gecko/20100101 Firefox/11.0"
217.8.59.125 - - [17/Sep/2012:09:30:39 +0200] "GET /00themen00.html HTTP/1.1" 200 2236 "http://www.dialyse-waldbronn.de/" "Mozilla/5.0 (Windows NT 6.1; rv:11.0) Gecko/20100101 Firefox/11.0"
217.8.59.125 - - [17/Sep/2012:09:30:40 +0200] "GET /AC_RunActiveContent.js HTTP/1.1" 200 8029 "http://www.dialyse-waldbronn.de/00themen00.html" "Mozilla/5.0 (Windows NT 6.1; rv:11.0) Gecko/20100101 Firefox/11.0"
217.8.59.125 - - [17/Sep/2012:09:30:40 +0200] "GET /00themen00.swf HTTP/1.1" 200 12608 "http://www.dialyse-waldbronn.de/00themen00.html" "Mozilla/5.0 (Windows NT 6.1; rv:11.0) Gecko/20100101 Firefox/11.0"
217.8.59.125 - - [17/Sep/2012:09:30:41 +0200] "GET /04.html HTTP/1.1" 200 1988 "http://www.dialyse-waldbronn.de/00themen00.html" "Mozilla/5.0 (Windows NT 6.1; rv:11.0) Gecko/20100101 Firefox/11.0"
217.8.59.125 - - [17/Sep/2012:09:30:41 +0200] "GET /04.swf HTTP/1.1" 200 20526 "http://www.dialyse-waldbronn.de/04.html" "Mozilla/5.0 (Windows NT 6.1; rv:11.0) Gecko/20100101 Firefox/11.0"
178.137.128.204 - - [17/Sep/2012:09:46:33 +0200] "GET / HTTP/1.1" 200 4014 "http://oboifon.ru/" "Mozilla/4.0 (compatible; MSIE 6.0; Windows NT 5.1; TheFreeDictionary.com; .NET CLR 1.1.4322; .NET CLR 1.0.3705; .NET CLR 2.0.50727)"
178.137.128.204 - - [17/Sep/2012:09:46:33 +0200] "GET / HTTP/1.1" 200 4014 "http://oboifon.ru/" "Mozilla/4.0 (compatible; MSIE 6.0; Windows NT 5.1; TheFreeDictionary.com; .NET CLR 1.1.4322; .NET CLR 1.0.3705; .NET CLR 2.0.50727)"
66.249.71.243 - - [17/Sep/2012:10:40:10 +0200] "GET /09.swf HTTP/1.1" 200 23193 "-" "Mozilla/5.0 (compatible; Googlebot/2.1; +http://www.google.com/bot.html)"
66.249.71.243 - - [17/Sep/2012:11:57:33 +0200] "GET /04waldbronn.swf HTTP/1.1" 200 20798 "-" "Mozilla/5.0 (compatible; Googlebot/2.1; +http://www.google.com/bot.html)"
131.253.47.154 - - [17/Sep/2012:16:03:19 +0200] "GET /robots.txt HTTP/1.1" 404 1256 "-" "Mozilla/5.0 (compatible; bingbot/2.0; +http://www.bing.com/bingbot.htm)"
66.249.72.51 - - [17/Sep/2012:17:10:15 +0200] "GET /robots.txt HTTP/1.1" 404 1256 "-" "Mozilla/5.0 (compatible; Googlebot/2.1; +http://www.google.com/bot.html)"
66.249.72.51 - - [17/Sep/2012:17:10:15 +0200] "GET /08.swf HTTP/1.1" 200 22102 "-" "Mozilla/5.0 (compatible; Googlebot/2.1; +http://www.google.com/bot.html)"
66.249.72.51 - - [17/Sep/2012:17:42:01 +0200] "GET /03.swf HTTP/1.1" 200 79366 "-" "Mozilla/5.0 (compatible; Googlebot/2.1; +http://www.google.com/bot.html)"
