88.134.185.33 - - [10/May/2013:12:32:36 +0200] "GET /images/navi_dialyse_b.jpg HTTP/1.1" 200 2745 "http://www.dialyse-schoenebeck.de/navi.htm" "Mozilla/5.0 (Windows NT 6.1; WOW64; rv:20.0) Gecko/20100101 Firefox/20.0"
88.134.185.33 - - [10/May/2013:12:32:36 +0200] "GET /images/navi_kontakt_b.jpg HTTP/1.1" 200 2094 "http://www.dialyse-schoenebeck.de/navi.htm" "Mozilla/5.0 (Windows NT 6.1; WOW64; rv:20.0) Gecko/20100101 Firefox/20.0"
88.134.185.33 - - [10/May/2013:12:32:37 +0200] "GET /images/navi_news_b.jpg HTTP/1.1" 200 2200 "http://www.dialyse-schoenebeck.de/navi.htm" "Mozilla/5.0 (Windows NT 6.1; WOW64; rv:20.0) Gecko/20100101 Firefox/20.0"
88.134.185.33 - - [10/May/2013:12:32:37 +0200] "GET /favicon.ico HTTP/1.1" 404 1256 "-" "Mozilla/5.0 (Windows NT 6.1; WOW64; rv:20.0) Gecko/20100101 Firefox/20.0"
88.134.185.33 - - [10/May/2013:12:32:37 +0200] "GET /favicon.ico HTTP/1.1" 404 1256 "-" "Mozilla/5.0 (Windows NT 6.1; WOW64; rv:20.0) Gecko/20100101 Firefox/20.0"
88.134.185.33 - - [10/May/2013:12:34:57 +0200] "GET /praxis.htm HTTP/1.1" 200 2232 "http://www.dialyse-schoenebeck.de/navi.htm" "Mozilla/5.0 (Windows NT 6.1; WOW64; rv:20.0) Gecko/20100101 Firefox/20.0"
88.134.185.33 - - [10/May/2013:12:34:58 +0200] "GET /images/head_praxis.gif HTTP/1.1" 200 487 "http://www.dialyse-schoenebeck.de/praxis.htm" "Mozilla/5.0 (Windows NT 6.1; WOW64; rv:20.0) Gecko/20100101 Firefox/20.0"
88.134.185.33 - - [10/May/2013:12:34:58 +0200] "GET /images/praxis1.jpg HTTP/1.1" 200 19217 "http://www.dialyse-schoenebeck.de/praxis.htm" "Mozilla/5.0 (Windows NT 6.1; WOW64; rv:20.0) Gecko/20100101 Firefox/20.0"
88.134.185.33 - - [10/May/2013:12:34:58 +0200] "GET /images/pfeil_seite2.gif HTTP/1.1" 200 277 "http://www.dialyse-schoenebeck.de/praxis.htm" "Mozilla/5.0 (Windows NT 6.1; WOW64; rv:20.0) Gecko/20100101 Firefox/20.0"
88.134.185.33 - - [10/May/2013:12:34:58 +0200] "GET /images/bildergalerie.gif HTTP/1.1" 200 553 "http://www.dialyse-schoenebeck.de/praxis.htm" "Mozilla/5.0 (Windows NT 6.1; WOW64; rv:20.0) Gecko/20100101 Firefox/20.0"
88.134.185.33 - - [10/May/2013:12:35:01 +0200] "GET /praxis2.htm HTTP/1.1" 200 4257 "http://www.dialyse-schoenebeck.de/praxis.htm" "Mozilla/5.0 (Windows NT 6.1; WOW64; rv:20.0) Gecko/20100101 Firefox/20.0"
88.134.185.33 - - [10/May/2013:12:35:01 +0200] "GET /css/master_diapraxis_silber.css HTTP/1.1" 200 507 "http://www.dialyse-schoenebeck.de/praxis2.htm" "Mozilla/5.0 (Windows NT 6.1; WOW64; rv:20.0) Gecko/20100101 Firefox/20.0"
88.134.185.33 - - [10/May/2013:12:35:01 +0200] "GET /images/praxis2.jpg HTTP/1.1" 200 20781 "http://www.dialyse-schoenebeck.de/praxis2.htm" "Mozilla/5.0 (Windows NT 6.1; WOW64; rv:20.0) Gecko/20100101 Firefox/20.0"
88.134.185.33 - - [10/May/2013:12:35:01 +0200] "GET /images/pfeil_seite1.gif HTTP/1.1" 200 274 "http://www.dialyse-schoenebeck.de/praxis2.htm" "Mozilla/5.0 (Windows NT 6.1; WOW64; rv:20.0) Gecko/20100101 Firefox/20.0"
88.134.185.33 - - [10/May/2013:12:35:11 +0200] "GET /kontakt.htm HTTP/1.1" 200 3886 "http://www.dialyse-schoenebeck.de/navi.htm" "Mozilla/5.0 (Windows NT 6.1; WOW64; rv:20.0) Gecko/20100101 Firefox/20.0"
88.134.185.33 - - [10/May/2013:12:35:11 +0200] "GET /images/plan_magdeburg_mini.jpg HTTP/1.1" 200 6592 "http://www.dialyse-schoenebeck.de/kontakt.htm" "Mozilla/5.0 (Windows NT 6.1; WOW64; rv:20.0) Gecko/20100101 Firefox/20.0"
88.134.185.33 - - [10/May/2013:12:35:11 +0200] "GET /images/zum_anmeldeformular.gif HTTP/1.1" 200 498 "http://www.dialyse-schoenebeck.de/kontakt.htm" "Mozilla/5.0 (Windows NT 6.1; WOW64; rv:20.0) Gecko/20100101 Firefox/20.0"
88.134.185.33 - - [10/May/2013:12:35:11 +0200] "GET /images/head_kontakt.gif HTTP/1.1" 200 533 "http://www.dialyse-schoenebeck.de/kontakt.htm" "Mozilla/5.0 (Windows NT 6.1; WOW64; rv:20.0) Gecko/20100101 Firefox/20.0"
88.134.185.33 - - [10/May/2013:12:35:11 +0200] "GET /images/plan_schoenebeck_mini.jpg HTTP/1.1" 200 14406 "http://www.dialyse-schoenebeck.de/kontakt.htm" "Mozilla/5.0 (Windows NT 6.1; WOW64; rv:20.0) Gecko/20100101 Firefox/20.0"
150.70.172.203 - - [10/May/2013:12:37:53 +0200] "GET / HTTP/1.0" 200 4185 "-" "Mozilla/4.0 (compatible; MSIE 6.0; Windows NT 5.1)"
157.55.32.104 - - [10/May/2013:13:15:21 +0200] "GET /robots.txt HTTP/1.1" 200 171 "-" "Mozilla/5.0 (compatible; bingbot/2.0; +http://www.bing.com/bingbot.htm)"
157.55.32.104 - - [10/May/2013:13:17:13 +0200] "GET / HTTP/1.1" 200 4185 "-" "Mozilla/5.0 (compatible; bingbot/2.0; +http://www.bing.com/bingbot.htm)"
91.207.6.34 - - [10/May/2013:15:38:24 +0200] "GET / HTTP/1.1" 200 4185 "http://randecan.com/news.php?readmore=29" "Opera/9.00 (Windows NT 4.0; U; en)"
91.207.6.34 - - [10/May/2013:15:38:25 +0200] "GET / HTTP/1.1" 200 4185 "http://randecan.com/news.php?readmore=29" "Opera/9.00 (Windows NT 4.0; U; en)"
65.55.215.102 - - [10/May/2013:17:49:26 +0200] "GET /robots.txt HTTP/1.1" 200 171 "-" "msnbot-media/1.1 (+http://search.msn.com/msnbot.htm)"
65.55.215.102 - - [10/May/2013:17:49:26 +0200] "GET /images/pixel.gif HTTP/1.1" 200 43 "-" "msnbot-media/1.1 (+http://search.msn.com/msnbot.htm)"
216.145.17.190 - - [10/May/2013:17:50:42 +0200] "GET /robots.txt HTTP/1.0" 200 171 "-" "Mozilla/5.0 (Windows; U; Windows NT 5.1; en; rv:1.9.0.13) Gecko/2009073022 Firefox/3.5.2 (.NET CLR 3.5.30729) SurveyBot/2.3 (DomainTools)"
216.145.17.190 - - [10/May/2013:17:50:42 +0200] "GET / HTTP/1.1" 200 4185 "http://whois.domaintools.com/dialyse-schoenebeck.de" "Mozilla/5.0 (Windows; U; Windows NT 5.1; en; rv:1.9.0.13) Gecko/2009073022 Firefox/3.5.2 (.NET CLR 3.5.30729) SurveyBot/2.3 (DomainTools)"
157.55.32.104 - - [10/May/2013:18:35:40 +0200] "GET /robots.txt HTTP/1.1" 200 171 "-" "Mozilla/5.0 (compatible; bingbot/2.0; +http://www.bing.com/bingbot.htm)"
157.56.93.196 - - [10/May/2013:18:39:01 +0200] "GET /home.htm HTTP/1.1" 200 1194 "-" "Mozilla/5.0 (compatible; bingbot/2.0; +http://www.bing.com/bingbot.htm)"
157.55.32.104 - - [10/May/2013:18:42:17 +0200] "GET / HTTP/1.1" 200 4185 "-" "Mozilla/5.0 (compatible; bingbot/2.0; +http://www.bing.com/bingbot.htm)"
157.55.32.186 - - [10/May/2013:18:44:14 +0200] "GET /navi.htm HTTP/1.1" 200 4594 "-" "Mozilla/5.0 (compatible; bingbot/2.0; +http://www.bing.com/bingbot.htm)"
157.56.93.196 - - [10/May/2013:18:44:14 +0200] "GET /home.htm HTTP/1.1" 200 1194 "-" "Mozilla/5.0 (compatible; bingbot/2.0; +http://www.bing.com/bingbot.htm)"
92.249.127.111 - - [10/May/2013:19:01:05 +0200] "GET / HTTP/1.1" 200 4185 "http://sugarkun.com/" "Mozilla/5.0 (compatible; news bot /2.1)"
92.249.127.111 - - [10/May/2013:19:01:06 +0200] "GET / HTTP/1.1" 200 4185 "http://sugarkun.com/" "Mozilla/5.0 (compatible; news bot /2.1)"
157.55.35.44 - - [10/May/2013:19:43:35 +0200] "GET /robots.txt HTTP/1.1" 200 171 "-" "Mozilla/5.0 (compatible; bingbot/2.0; +http://www.bing.com/bingbot.htm)"
157.55.35.44 - - [10/May/2013:19:45:47 +0200] "GET /header.htm HTTP/1.1" 200 795 "-" "Mozilla/5.0 (compatible; bingbot/2.0; +http://www.bing.com/bingbot.htm)"
109.120.157.179 - - [10/May/2013:20:13:14 +0200] "GET / HTTP/1.1" 200 4185 "http://neklone.net/" "Mozilla/5.0 (compatible; Add Catalog/2.1;)"
109.120.157.179 - - [10/May/2013:20:13:14 +0200] "GET / HTTP/1.1" 200 4185 "http://neklone.net/" "Mozilla/5.0 (compatible; Add Catalog/2.1;)"
37.139.52.23 - - [10/May/2013:20:38:21 +0200] "GET / HTTP/1.1" 200 4185 "http://posevogorod.ru/sagenet.html" "Mozilla/4.0 (compatible; MSIE 5.5; Windows NT 5.0)"
37.139.52.23 - - [10/May/2013:20:38:22 +0200] "GET / HTTP/1.1" 200 4185 "http://posevogorod.ru/sagenet.html" "Mozilla/4.0 (compatible; MSIE 5.5; Windows NT 5.0)"
141.8.147.12 - - [10/May/2013:21:01:33 +0200] "GET /robots.txt HTTP/1.1" 200 171 "-" "Mozilla/5.0 (compatible; YandexBot/3.0; +http://yandex.com/bots)"
141.8.147.12 - - [10/May/2013:21:33:24 +0200] "GET / HTTP/1.1" 200 4185 "-" "Mozilla/5.0 (compatible; YandexBot/3.0; +http://yandex.com/bots)"
141.8.147.12 - - [10/May/2013:21:34:37 +0200] "GET /leer.htm HTTP/1.1" 200 172 "-" "Mozilla/5.0 (compatible; YandexBot/3.0; +http://yandex.com/bots)"
141.8.147.12 - - [10/May/2013:21:34:39 +0200] "GET /header.htm HTTP/1.1" 200 795 "-" "Mozilla/5.0 (compatible; YandexBot/3.0; +http://yandex.com/bots)"
157.55.32.104 - - [11/May/2013:01:15:10 +0200] "GET /robots.txt HTTP/1.1" 200 171 "-" "Mozilla/5.0 (compatible; bingbot/2.0; +http://www.bing.com/bingbot.htm)"
157.55.32.104 - - [11/May/2013:01:17:22 +0200] "GET / HTTP/1.1" 200 4185 "-" "Mozilla/5.0 (compatible; bingbot/2.0; +http://www.bing.com/bingbot.htm)"
178.255.215.66 - - [11/May/2013:01:43:26 +0200] "GET /robots.txt HTTP/1.1" 200 171 "-" "Mozilla/5.0 (compatible; Exabot/3.0; +http://www.exabot.com/go/robot)"
178.255.215.66 - - [11/May/2013:01:43:26 +0200] "GET /leer.htm HTTP/1.1" 304 - "-" "Mozilla/5.0 (compatible; Exabot/3.0; +http://www.exabot.com/go/robot)"
65.55.215.69 - - [11/May/2013:02:41:31 +0200] "GET /robots.txt HTTP/1.1" 200 171 "-" "msnbot-media/1.1 (+http://search.msn.com/msnbot.htm)"
65.55.215.69 - - [11/May/2013:02:41:31 +0200] "GET /images/pfeil_seite1.gif HTTP/1.1" 200 274 "-" "msnbot-media/1.1 (+http://search.msn.com/msnbot.htm)"
199.30.20.3 - - [11/May/2013:11:38:32 +0200] "GET /robots.txt HTTP/1.1" 200 171 "-" "msnbot-media/1.1 (+http://search.msn.com/msnbot.htm)"
199.30.20.3 - - [11/May/2013:11:38:32 +0200] "GET /images/ein_service.jpg HTTP/1.1" 200 2356 "-" "msnbot-media/1.1 (+http://search.msn.com/msnbot.htm)"
199.30.20.95 - - [11/May/2013:12:07:58 +0200] "GET /robots.txt HTTP/1.1" 200 171 "-" "msnbot-media/1.1 (+http://search.msn.com/msnbot.htm)"
199.30.20.95 - - [11/May/2013:12:07:58 +0200] "GET /images/navi_kontakt_a.jpg HTTP/1.1" 200 1826 "-" "msnbot-media/1.1 (+http://search.msn.com/msnbot.htm)"
157.55.32.104 - - [11/May/2013:13:04:05 +0200] "GET /robots.txt HTTP/1.1" 200 171 "-" "Mozilla/5.0 (compatible; bingbot/2.0; +http://www.bing.com/bingbot.htm)"
157.55.32.104 - - [11/May/2013:13:06:31 +0200] "GET / HTTP/1.1" 200 4185 "-" "Mozilla/5.0 (compatible; bingbot/2.0; +http://www.bing.com/bingbot.htm)"
91.207.6.34 - - [11/May/2013:13:38:32 +0200] "GET / HTTP/1.1" 200 4185 "http://lankarns.com/news.php?readmore=57" "Mozilla/4.0 (compatible; MSIE 6.0; Windows NT 5.1; ru) Opera 8.01"
91.207.6.34 - - [11/May/2013:13:38:32 +0200] "GET / HTTP/1.1" 200 4185 "http://lankarns.com/news.php?readmore=57" "Mozilla/4.0 (compatible; MSIE 6.0; Windows NT 5.1; ru) Opera 8.01"
199.30.16.51 - - [11/May/2013:17:48:45 +0200] "GET /robots.txt HTTP/1.1" 200 171 "-" "msnbot-media/1.1 (+http://search.msn.com/msnbot.htm)"
199.30.16.51 - - [11/May/2013:17:48:46 +0200] "GET /images/pfeil_seite2.gif HTTP/1.1" 200 277 "-" "msnbot-media/1.1 (+http://search.msn.com/msnbot.htm)"
92.249.127.111 - - [11/May/2013:18:03:41 +0200] "GET / HTTP/1.1" 200 4185 "http://otvety.rx24.ru/" "Mozilla/5.0 (compatible; news bot /2.1)"
92.249.127.111 - - [11/May/2013:18:03:41 +0200] "GET / HTTP/1.1" 200 4185 "http://otvety.rx24.ru/" "Mozilla/5.0 (compatible; news bot /2.1)"
193.106.136.60 - - [12/May/2013:01:16:10 +0200] "GET / HTTP/1.1" 200 4185 "http://nalberan.com/" "Mozilla/4.0 (compatible; MSIE 6.0; Windows NT 5.1; en) Opera 9.0"
193.106.136.60 - - [12/May/2013:01:16:11 +0200] "GET / HTTP/1.1" 200 4185 "http://nalberan.com/" "Mozilla/4.0 (compatible; MSIE 6.0; Windows NT 5.1; en) Opera 9.0"
65.55.215.79 - - [12/May/2013:02:00:07 +0200] "GET /robots.txt HTTP/1.1" 200 171 "-" "msnbot-media/1.1 (+http://search.msn.com/msnbot.htm)"
65.55.215.79 - - [12/May/2013:02:00:07 +0200] "GET /images/navi_praxis_a.jpg HTTP/1.1" 200 1905 "-" "msnbot-media/1.1 (+http://search.msn.com/msnbot.htm)"
66.249.78.121 - - [12/May/2013:02:00:40 +0200] "GET /robots.txt HTTP/1.1" 200 171 "-" "Mozilla/5.0 (compatible; Googlebot/2.1; +http://www.google.com/bot.html)"
66.249.78.121 - - [12/May/2013:02:00:40 +0200] "GET / HTTP/1.1" 200 4185 "-" "Mozilla/5.0 (iPhone; U; CPU iPhone OS 4_1 like Mac OS X; en-us) AppleWebKit/532.9 (KHTML, like Gecko) Version/4.0.5 Mobile/8B117 Safari/6531.22.7 (compatible; Googlebot-Mobile/2.1; +http://www.google.com/bot.html)"
157.55.33.251 - - [12/May/2013:03:02:11 +0200] "GET /robots.txt HTTP/1.1" 200 171 "-" "Mozilla/5.0 (compatible; bingbot/2.0; +http://www.bing.com/bingbot.htm)"
157.55.33.251 - - [12/May/2013:03:08:03 +0200] "GET / HTTP/1.1" 200 4185 "-" "Mozilla/5.0 (compatible; bingbot/2.0; +http://www.bing.com/bingbot.htm)"
91.207.6.34 - - [12/May/2013:04:44:07 +0200] "GET / HTTP/1.1" 200 4185 "http://ledekole.com/news.php?readmore=50" "Mozilla/4.0 (compatible; MSIE 6.0; Windows NT 5.0; KTXN)"
91.207.6.34 - - [12/May/2013:04:44:08 +0200] "GET / HTTP/1.1" 200 4185 "http://ledekole.com/news.php?readmore=50" "Mozilla/4.0 (compatible; MSIE 6.0; Windows NT 5.0; KTXN)"
92.249.127.111 - - [12/May/2013:05:59:43 +0200] "GET / HTTP/1.1" 200 4185 "http://goroskopy.rx24.ru/" "Mozilla/5.0 (compatible; news bot /2.1)"
92.249.127.111 - - [12/May/2013:05:59:43 +0200] "GET / HTTP/1.1" 200 4185 "http://goroskopy.rx24.ru/" "Mozilla/5.0 (compatible; news bot /2.1)"
64.125.222.16 - - [12/May/2013:06:35:15 +0200] "GET /robots.txt HTTP/1.1" 200 171 "-" "Mozilla/5.0 (compatible; 008/0.83; http://www.80legs.com/webcrawler.html;) Gecko/2008032620"
193.169.124.107 - - [12/May/2013:06:35:27 +0200] "GET / HTTP/1.1" 200 4185 "-" "Mozilla/5.0 (compatible; 008/0.85; http://www.80legs.com/webcrawler.html) Gecko/2008032620"
109.188.125.138 - - [12/May/2013:06:35:29 +0200] "GET / HTTP/1.1" 200 4185 "-" "Mozilla/5.0 (compatible; 008/0.85; http://www.80legs.com/webcrawler.html) Gecko/2008032620"
65.55.215.43 - - [12/May/2013:07:39:22 +0200] "GET /robots.txt HTTP/1.1" 200 171 "-" "msnbot-media/1.1 (+http://search.msn.com/msnbot.htm)"
65.55.215.43 - - [12/May/2013:07:39:23 +0200] "GET /images/navi_news_a.jpg HTTP/1.1" 200 1809 "-" "msnbot-media/1.1 (+http://search.msn.com/msnbot.htm)"
64.125.222.16 - - [12/May/2013:09:47:37 +0200] "GET /robots.txt HTTP/1.1" 200 171 "-" "Mozilla/5.0 (compatible; 008/0.83; http://www.80legs.com/webcrawler.html;) Gecko/2008032620"
95.165.232.46 - - [12/May/2013:09:47:51 +0200] "GET /leer.htm HTTP/1.1" 200 172 "-" "Mozilla/5.0 (compatible; 008/0.85; http://www.80legs.com/webcrawler.html) Gecko/2008032620"
95.165.232.46 - - [12/May/2013:09:47:53 +0200] "GET /praxis.htm HTTP/1.1" 200 2232 "-" "Mozilla/5.0 (compatible; 008/0.85; http://www.80legs.com/webcrawler.html) Gecko/2008032620"
178.121.121.22 - - [12/May/2013:09:53:02 +0200] "GET /leer.htm HTTP/1.1" 200 172 "-" "Mozilla/5.0 (compatible; 008/0.85; http://www.80legs.com/webcrawler.html) Gecko/2008032620"
46.164.144.115 - - [12/May/2013:09:54:57 +0200] "GET /praxis.htm HTTP/1.1" 200 2232 "-" "Mozilla/5.0 (compatible; 008/0.85; http://www.80legs.com/webcrawler.html) Gecko/2008032620"
188.191.235.217 - - [12/May/2013:10:04:54 +0200] "GET /leistungen.htm HTTP/1.1" 200 1228 "-" "Mozilla/5.0 (compatible; 008/0.85; http://www.80legs.com/webcrawler.html) Gecko/2008032620"
194.146.132.142 - - [12/May/2013:10:05:08 +0200] "GET /leistungen.htm HTTP/1.1" 200 1228 "-" "Mozilla/5.0 (compatible; 008/0.85; http://www.80legs.com/webcrawler.html) Gecko/2008032620"
91.197.11.245 - - [12/May/2013:10:06:54 +0200] "GET /home.htm HTTP/1.1" 200 1194 "-" "Mozilla/5.0 (compatible; 008/0.85; http://www.80legs.com/webcrawler.html) Gecko/2008032620"
109.252.250.254 - - [12/May/2013:10:07:14 +0200] "GET /home.htm HTTP/1.1" 200 1194 "-" "Mozilla/5.0 (compatible; 008/0.85; http://www.80legs.com/webcrawler.html) Gecko/2008032620"
77.40.35.121 - - [12/May/2013:10:10:27 +0200] "GET /leistungen.htm HTTP/1.1" 200 1228 "-" "Mozilla/5.0 (compatible; 008/0.85; http://www.80legs.com/webcrawler.html) Gecko/2008032620"
195.182.22.188 - - [12/May/2013:10:18:58 +0200] "GET /leer.htm HTTP/1.1" 200 172 "-" "Mozilla/5.0 (compatible; 008/0.85; http://www.80legs.com/webcrawler.html) Gecko/2008032620"
109.226.126.34 - - [12/May/2013:10:19:06 +0200] "GET /leer.htm HTTP/1.1" 200 172 "-" "Mozilla/5.0 (compatible; 008/0.85; http://www.80legs.com/webcrawler.html) Gecko/2008032620"
188.230.56.7 - - [12/May/2013:11:05:40 +0200] "GET /praxis2.htm HTTP/1.1" 200 4257 "-" "Mozilla/5.0 (compatible; 008/0.85; http://www.80legs.com/webcrawler.html) Gecko/2008032620"
37.45.250.2 - - [12/May/2013:11:05:41 +0200] "GET /praxis2.htm HTTP/1.1" 200 4257 "-" "Mozilla/5.0 (compatible; 008/0.85; http://www.80legs.com/webcrawler.html) Gecko/2008032620"
37.9.28.34 - - [12/May/2013:11:05:42 +0200] "GET /praxis2.htm HTTP/1.1" 200 4257 "-" "Mozilla/5.0 (compatible; 008/0.85; http://www.80legs.com/webcrawler.html) Gecko/2008032620"
46.8.148.7 - - [12/May/2013:11:05:43 +0200] "GET /praxis2.htm HTTP/1.1" 200 4257 "-" "Mozilla/5.0 (compatible; 008/0.85; http://www.80legs.com/webcrawler.html) Gecko/2008032620"
84.18.126.16 - - [12/May/2013:11:05:43 +0200] "GET /praxis2.htm HTTP/1.1" 200 4257 "-" "Mozilla/5.0 (compatible; 008/0.85; http://www.80legs.com/webcrawler.html) Gecko/2008032620"
89.105.158.245 - - [12/May/2013:11:05:45 +0200] "GET /praxis2.htm HTTP/1.1" 200 4257 "-" "Mozilla/5.0 (compatible; 008/0.85; http://www.80legs.com/webcrawler.html) Gecko/2008032620"
46.73.96.206 - - [12/May/2013:11:05:45 +0200] "GET /praxis2.htm HTTP/1.1" 200 4257 "-" "Mozilla/5.0 (compatible; 008/0.85; http://www.80legs.com/webcrawler.html) Gecko/2008032620"
77.50.66.7 - - [12/May/2013:11:05:46 +0200] "GET /praxis2.htm HTTP/1.1" 200 4257 "-" "Mozilla/5.0 (compatible; 008/0.85; http://www.80legs.com/webcrawler.html) Gecko/2008032620"
89.189.191.87 - - [12/May/2013:11:05:47 +0200] "GET /praxis2.htm HTTP/1.1" 200 4257 "-" "Mozilla/5.0 (compatible; 008/0.85; http://www.80legs.com/webcrawler.html) Gecko/2008032620"
188.133.207.19 - - [12/May/2013:11:05:48 +0200] "GET /praxis2.htm HTTP/1.1" 200 4257 "-" "Mozilla/5.0 (compatible; 008/0.85; http://www.80legs.com/webcrawler.html) Gecko/2008032620"
193.110.115.110 - - [12/May/2013:11:05:50 +0200] "GET /praxis2.htm HTTP/1.1" 200 4257 "-" "Mozilla/5.0 (compatible; 008/0.85; http://www.80legs.com/webcrawler.html) Gecko/2008032620"
77.91.177.31 - - [12/May/2013:11:05:52 +0200] "GET /praxis2.htm HTTP/1.1" 200 4257 "-" "Mozilla/5.0 (compatible; 008/0.85; http://www.80legs.com/webcrawler.html) Gecko/2008032620"
178.92.184.217 - - [12/May/2013:11:05:53 +0200] "GET /praxis2.htm HTTP/1.1" 200 4257 "-" "Mozilla/5.0 (compatible; 008/0.85; http://www.80legs.com/webcrawler.html) Gecko/2008032620"
78.31.246.106 - - [12/May/2013:11:05:54 +0200] "GET /praxis2.htm HTTP/1.1" 200 4257 "-" "Mozilla/5.0 (compatible; 008/0.85; http://www.80legs.com/webcrawler.html) Gecko/2008032620"
195.62.78.9 - - [12/May/2013:11:05:56 +0200] "GET /praxis2.htm HTTP/1.1" 200 4257 "-" "Mozilla/5.0 (compatible; 008/0.85; http://www.80legs.com/webcrawler.html) Gecko/2008032620"
62.192.229.141 - - [12/May/2013:11:05:58 +0200] "GET /praxis2.htm HTTP/1.1" 200 4257 "-" "Mozilla/5.0 (compatible; 008/0.85; http://www.80legs.com/webcrawler.html) Gecko/2008032620"
2.94.82.55 - - [12/May/2013:11:06:03 +0200] "GET /praxis2.htm HTTP/1.1" 200 4257 "-" "Mozilla/5.0 (compatible; 008/0.85; http://www.80legs.com/webcrawler.html) Gecko/2008032620"
199.30.20.21 - - [12/May/2013:11:20:01 +0200] "GET /robots.txt HTTP/1.1" 200 171 "-" "msnbot-media/1.1 (+http://search.msn.com/msnbot.htm)"
199.30.20.21 - - [12/May/2013:11:20:01 +0200] "GET /images/navi_leistungen_a.jpg HTTP/1.1" 200 2088 "-" "msnbot-media/1.1 (+http://search.msn.com/msnbot.htm)"
46.175.187.56 - - [12/May/2013:11:44:48 +0200] "GET /index.html HTTP/1.1" 200 4185 "-" "Mozilla/5.0 (compatible; 008/0.85; http://www.80legs.com/webcrawler.html) Gecko/2008032620"
81.23.168.148 - - [12/May/2013:11:44:49 +0200] "GET /index.html HTTP/1.1" 200 4185 "-" "Mozilla/5.0 (compatible; 008/0.85; http://www.80legs.com/webcrawler.html) Gecko/2008032620"
176.108.146.43 - - [12/May/2013:11:44:49 +0200] "GET /index.html HTTP/1.1" 200 4185 "-" "Mozilla/5.0 (compatible; 008/0.85; http://www.80legs.com/webcrawler.html) Gecko/2008032620"
178.187.61.157 - - [12/May/2013:11:44:50 +0200] "GET /index.html HTTP/1.1" 200 4185 "-" "Mozilla/5.0 (compatible; 008/0.85; http://www.80legs.com/webcrawler.html) Gecko/2008032620"
109.95.198.213 - - [12/May/2013:11:44:54 +0200] "GET /index.html HTTP/1.1" 200 4185 "-" "Mozilla/5.0 (compatible; 008/0.85; http://www.80legs.com/webcrawler.html) Gecko/2008032620"
194.150.65.46 - - [12/May/2013:11:46:17 +0200] "GET /index.html HTTP/1.1" 200 4185 "-" "Mozilla/5.0 (compatible; 008/0.85; http://www.80legs.com/webcrawler.html) Gecko/2008032620"
157.55.33.251 - - [12/May/2013:12:48:59 +0200] "GET /robots.txt HTTP/1.1" 200 171 "-" "Mozilla/5.0 (compatible; bingbot/2.0; +http://www.bing.com/bingbot.htm)"
157.55.33.251 - - [12/May/2013:12:50:35 +0200] "GET / HTTP/1.1" 200 4185 "-" "Mozilla/5.0 (compatible; bingbot/2.0; +http://www.bing.com/bingbot.htm)"
157.55.33.251 - - [12/May/2013:12:50:35 +0200] "GET / HTTP/1.1" 200 4185 "-" "Mozilla/5.0 (compatible; bingbot/2.0; +http://www.bing.com/bingbot.htm)"
91.207.6.34 - - [12/May/2013:14:01:49 +0200] "GET / HTTP/1.1" 200 4185 "http://randecan.com/news.php?readmore=29" "Opera/9.00 (Windows NT 4.0; U; en)"
91.207.6.34 - - [12/May/2013:14:01:49 +0200] "GET / HTTP/1.1" 200 4185 "http://nalberan.com/news.php?readmore=29" "Opera/9.00 (Windows NT 4.0; U; en)"
91.207.6.34 - - [12/May/2013:14:01:49 +0200] "GET / HTTP/1.1" 200 4185 "http://randecan.com/news.php?readmore=29" "Opera/9.00 (Windows NT 4.0; U; en)"
91.207.6.34 - - [12/May/2013:14:01:50 +0200] "GET / HTTP/1.1" 200 4185 "http://nalberan.com/news.php?readmore=29" "Opera/9.00 (Windows NT 4.0; U; en)"
94.249.193.61 - - [12/May/2013:14:35:25 +0200] "GET /robots.txt HTTP/1.0" 200 171 "-" "Mozilla/5.0 (compatible; MJ12bot/v1.4.3; http://www.majestic12.co.uk/bot.php?+)"
94.249.193.61 - - [12/May/2013:14:35:27 +0200] "GET / HTTP/1.0" 200 4185 "-" "Mozilla/5.0 (compatible; MJ12bot/v1.4.3; http://www.majestic12.co.uk/bot.php?+)"
66.249.78.121 - - [12/May/2013:17:36:05 +0200] "GET /images/navi_dialyse_a.jpg HTTP/1.1" 304 - "-" "Googlebot-Image/1.0"
199.30.20.129 - - [12/May/2013:20:20:37 +0200] "GET /robots.txt HTTP/1.1" 200 171 "-" "msnbot-media/1.1 (+http://search.msn.com/msnbot.htm)"
199.30.20.129 - - [12/May/2013:20:20:37 +0200] "GET /images/navi_links_a.jpg HTTP/1.1" 200 2032 "-" "msnbot-media/1.1 (+http://search.msn.com/msnbot.htm)"
66.249.78.121 - - [12/May/2013:21:20:01 +0200] "GET / HTTP/1.1" 200 4185 "-" "Mozilla/5.0 (compatible; Googlebot/2.1; +http://www.google.com/bot.html)"
141.8.147.12 - - [12/May/2013:21:56:59 +0200] "GET /robots.txt HTTP/1.1" 200 171 "-" "Mozilla/5.0 (compatible; YandexBot/3.0; +http://yandex.com/bots)"
157.55.32.186 - - [12/May/2013:23:36:11 +0200] "GET /robots.txt HTTP/1.1" 200 171 "-" "Mozilla/5.0 (compatible; bingbot/2.0; +http://www.bing.com/bingbot.htm)"
157.55.32.186 - - [12/May/2013:23:37:42 +0200] "GET /navi.htm HTTP/1.1" 200 4594 "-" "Mozilla/5.0 (compatible; bingbot/2.0; +http://www.bing.com/bingbot.htm)"
157.56.92.148 - - [12/May/2013:23:38:12 +0200] "GET /index.html HTTP/1.1" 200 4185 "-" "Mozilla/5.0 (compatible; bingbot/2.0; +http://www.bing.com/bingbot.htm)"
157.56.93.196 - - [12/May/2013:23:38:46 +0200] "GET /home.htm HTTP/1.1" 200 1194 "-" "Mozilla/5.0 (compatible; bingbot/2.0; +http://www.bing.com/bingbot.htm)"
157.56.93.196 - - [12/May/2013:23:38:46 +0200] "GET /praxis.htm HTTP/1.1" 200 2232 "-" "Mozilla/5.0 (compatible; bingbot/2.0; +http://www.bing.com/bingbot.htm)"
157.55.33.251 - - [12/May/2013:23:39:13 +0200] "GET / HTTP/1.1" 200 4185 "-" "Mozilla/5.0 (compatible; bingbot/2.0; +http://www.bing.com/bingbot.htm)"
157.55.33.251 - - [12/May/2013:23:39:13 +0200] "GET / HTTP/1.1" 200 4185 "-" "Mozilla/5.0 (compatible; bingbot/2.0; +http://www.bing.com/bingbot.htm)"
157.55.35.44 - - [12/May/2013:23:42:14 +0200] "GET /leistungen.htm HTTP/1.1" 200 1228 "-" "Mozilla/5.0 (compatible; bingbot/2.0; +http://www.bing.com/bingbot.htm)"
157.55.35.44 - - [12/May/2013:23:42:14 +0200] "GET /header.htm HTTP/1.1" 200 795 "-" "Mozilla/5.0 (compatible; bingbot/2.0; +http://www.bing.com/bingbot.htm)"
157.55.33.80 - - [13/May/2013:00:00:43 +0200] "GET /leer.htm HTTP/1.1" 200 172 "-" "Mozilla/5.0 (compatible; bingbot/2.0; +http://www.bing.com/bingbot.htm)"
157.55.33.251 - - [13/May/2013:01:04:00 +0200] "GET /robots.txt HTTP/1.1" 200 171 "-" "Mozilla/5.0 (compatible; bingbot/2.0; +http://www.bing.com/bingbot.htm)"
157.55.33.251 - - [13/May/2013:01:05:53 +0200] "GET / HTTP/1.1" 200 4185 "-" "Mozilla/5.0 (compatible; bingbot/2.0; +http://www.bing.com/bingbot.htm)"
141.8.147.12 - - [13/May/2013:02:43:24 +0200] "GET /praxis2.htm HTTP/1.1" 200 4257 "-" "Mozilla/5.0 (compatible; YandexBot/3.0; +http://yandex.com/bots)"
157.56.93.196 - - [13/May/2013:04:40:49 +0200] "GET /robots.txt HTTP/1.1" 200 171 "-" "Mozilla/5.0 (compatible; bingbot/2.0; +http://www.bing.com/bingbot.htm)"
157.56.93.196 - - [13/May/2013:04:44:18 +0200] "GET /home.htm HTTP/1.1" 200 1194 "-" "Mozilla/5.0 (compatible; bingbot/2.0; +http://www.bing.com/bingbot.htm)"
157.55.33.251 - - [13/May/2013:04:54:17 +0200] "GET / HTTP/1.1" 200 4185 "-" "Mozilla/5.0 (compatible; bingbot/2.0; +http://www.bing.com/bingbot.htm)"
157.55.32.186 - - [13/May/2013:04:55:45 +0200] "GET /navi.htm HTTP/1.1" 200 4594 "-" "Mozilla/5.0 (compatible; bingbot/2.0; +http://www.bing.com/bingbot.htm)"
157.55.32.186 - - [13/May/2013:04:55:45 +0200] "GET /navi.htm HTTP/1.1" 200 4594 "-" "Mozilla/5.0 (compatible; bingbot/2.0; +http://www.bing.com/bingbot.htm)"
157.55.35.44 - - [13/May/2013:04:56:15 +0200] "GET /header.htm HTTP/1.1" 200 795 "-" "Mozilla/5.0 (compatible; bingbot/2.0; +http://www.bing.com/bingbot.htm)"
157.55.35.44 - - [13/May/2013:04:56:15 +0200] "GET /header.htm HTTP/1.1" 200 795 "-" "Mozilla/5.0 (compatible; bingbot/2.0; +http://www.bing.com/bingbot.htm)"
157.56.93.196 - - [13/May/2013:05:55:37 +0200] "GET /robots.txt HTTP/1.1" 200 171 "-" "Mozilla/5.0 (compatible; bingbot/2.0; +http://www.bing.com/bingbot.htm)"
157.56.93.196 - - [13/May/2013:12:27:46 +0200] "GET /robots.txt HTTP/1.1" 200 171 "-" "Mozilla/5.0 (compatible; bingbot/2.0; +http://www.bing.com/bingbot.htm)"
157.56.93.196 - - [13/May/2013:12:30:35 +0200] "GET /home.htm HTTP/1.1" 200 1194 "-" "Mozilla/5.0 (compatible; bingbot/2.0; +http://www.bing.com/bingbot.htm)"
157.55.33.251 - - [13/May/2013:13:19:13 +0200] "GET /robots.txt HTTP/1.1" 200 171 "-" "Mozilla/5.0 (compatible; bingbot/2.0; +http://www.bing.com/bingbot.htm)"
157.55.33.251 - - [13/May/2013:13:21:02 +0200] "GET / HTTP/1.1" 200 4185 "-" "Mozilla/5.0 (compatible; bingbot/2.0; +http://www.bing.com/bingbot.htm)"
157.55.33.251 - - [13/May/2013:13:21:02 +0200] "GET / HTTP/1.1" 200 4185 "-" "Mozilla/5.0 (compatible; bingbot/2.0; +http://www.bing.com/bingbot.htm)"
157.56.93.196 - - [13/May/2013:14:22:20 +0200] "GET /robots.txt HTTP/1.1" 200 171 "-" "Mozilla/5.0 (compatible; bingbot/2.0; +http://www.bing.com/bingbot.htm)"
157.56.93.196 - - [13/May/2013:14:23:52 +0200] "GET /home.htm HTTP/1.1" 200 1194 "-" "Mozilla/5.0 (compatible; bingbot/2.0; +http://www.bing.com/bingbot.htm)"
141.8.147.12 - - [13/May/2013:16:18:27 +0200] "GET /robots.txt HTTP/1.1" 200 171 "-" "Mozilla/5.0 (compatible; YandexBot/3.0; +http://yandex.com/bots)"
92.249.127.111 - - [13/May/2013:17:26:27 +0200] "GET / HTTP/1.1" 200 4185 "http://goroskopy.rx24.ru/" "Mozilla/5.0 (compatible; news bot /2.1)"
92.249.127.111 - - [13/May/2013:17:26:27 +0200] "GET / HTTP/1.1" 200 4185 "http://goroskopy.rx24.ru/" "Mozilla/5.0 (compatible; news bot /2.1)"
65.55.215.102 - - [13/May/2013:18:51:09 +0200] "GET /robots.txt HTTP/1.1" 200 171 "-" "msnbot-media/1.1 (+http://search.msn.com/msnbot.htm)"
65.55.215.102 - - [13/May/2013:18:51:09 +0200] "GET /images/pixel.gif HTTP/1.1" 200 43 "-" "msnbot-media/1.1 (+http://search.msn.com/msnbot.htm)"
213.110.133.221 - - [13/May/2013:20:19:49 +0200] "GET / HTTP/1.1" 200 4185 "http://undumkoled.ya.ru/replies.xml?item_no=7" "Mozilla/4.0 (compatible; Blog Search;)"
213.110.133.221 - - [13/May/2013:20:19:50 +0200] "GET / HTTP/1.1" 200 4185 "http://undumkoled.ya.ru/replies.xml?item_no=7" "Mozilla/4.0 (compatible; Blog Search;)"
92.249.127.111 - - [13/May/2013:20:36:54 +0200] "GET / HTTP/1.1" 200 4185 "http://fotoshop-onlajn.rx24.ru/" "Mozilla/5.0 (compatible; news bot /2.1)"
92.249.127.111 - - [13/May/2013:20:36:54 +0200] "GET / HTTP/1.1" 200 4185 "http://fotoshop-onlajn.rx24.ru/" "Mozilla/5.0 (compatible; news bot /2.1)"
64.74.215.140 - - [13/May/2013:21:21:23 +0200] "GET / HTTP/1.1" 200 4185 "-" "Mozilla/5.0 (X11; Linux x86_64) AppleWebKit/534.34 (KHTML, like Gecko) Qt/4.8.4 Safari/534.34"
64.74.215.140 - - [13/May/2013:21:21:24 +0200] "GET /leer.htm HTTP/1.1" 200 172 "http://www.dialyse-schoenebeck.de/" "Mozilla/5.0 (X11; Linux x86_64) AppleWebKit/534.34 (KHTML, like Gecko) Qt/4.8.4 Safari/534.34"
64.74.215.140 - - [13/May/2013:21:21:24 +0200] "GET /leer.htm HTTP/1.1" 200 172 "http://www.dialyse-schoenebeck.de/" "Mozilla/5.0 (X11; Linux x86_64) AppleWebKit/534.34 (KHTML, like Gecko) Qt/4.8.4 Safari/534.34"
64.74.215.140 - - [13/May/2013:21:21:24 +0200] "GET /leer.htm HTTP/1.1" 200 172 "http://www.dialyse-schoenebeck.de/" "Mozilla/5.0 (X11; Linux x86_64) AppleWebKit/534.34 (KHTML, like Gecko) Qt/4.8.4 Safari/534.34"
64.74.215.140 - - [13/May/2013:21:21:24 +0200] "GET /leer.htm HTTP/1.1" 200 172 "http://www.dialyse-schoenebeck.de/" "Mozilla/5.0 (X11; Linux x86_64) AppleWebKit/534.34 (KHTML, like Gecko) Qt/4.8.4 Safari/534.34"
64.74.215.140 - - [13/May/2013:21:21:24 +0200] "GET /leer.htm HTTP/1.1" 200 172 "http://www.dialyse-schoenebeck.de/" "Mozilla/5.0 (X11; Linux x86_64) AppleWebKit/534.34 (KHTML, like Gecko) Qt/4.8.4 Safari/534.34"
64.74.215.140 - - [13/May/2013:21:21:24 +0200] "GET /header.htm HTTP/1.1" 200 795 "http://www.dialyse-schoenebeck.de/" "Mozilla/5.0 (X11; Linux x86_64) AppleWebKit/534.34 (KHTML, like Gecko) Qt/4.8.4 Safari/534.34"
64.74.215.140 - - [13/May/2013:21:21:24 +0200] "GET /leer.htm HTTP/1.1" 200 172 "http://www.dialyse-schoenebeck.de/" "Mozilla/5.0 (X11; Linux x86_64) AppleWebKit/534.34 (KHTML, like Gecko) Qt/4.8.4 Safari/534.34"
64.74.215.140 - - [13/May/2013:21:21:24 +0200] "GET /home.htm HTTP/1.1" 200 1194 "http://www.dialyse-schoenebeck.de/" "Mozilla/5.0 (X11; Linux x86_64) AppleWebKit/534.34 (KHTML, like Gecko) Qt/4.8.4 Safari/534.34"
64.74.215.140 - - [13/May/2013:21:21:24 +0200] "GET /navi.htm HTTP/1.1" 200 4594 "http://www.dialyse-schoenebeck.de/" "Mozilla/5.0 (X11; Linux x86_64) AppleWebKit/534.34 (KHTML, like Gecko) Qt/4.8.4 Safari/534.34"
64.74.215.140 - - [13/May/2013:21:21:24 +0200] "GET /leer.htm HTTP/1.1" 200 172 "http://www.dialyse-schoenebeck.de/" "Mozilla/5.0 (X11; Linux x86_64) AppleWebKit/534.34 (KHTML, like Gecko) Qt/4.8.4 Safari/534.34"
64.74.215.140 - - [13/May/2013:21:21:24 +0200] "GET /leer.htm HTTP/1.1" 200 172 "http://www.dialyse-schoenebeck.de/" "Mozilla/5.0 (X11; Linux x86_64) AppleWebKit/534.34 (KHTML, like Gecko) Qt/4.8.4 Safari/534.34"
64.74.215.140 - - [13/May/2013:21:21:24 +0200] "GET /leer.htm HTTP/1.1" 200 172 "http://www.dialyse-schoenebeck.de/" "Mozilla/5.0 (X11; Linux x86_64) AppleWebKit/534.34 (KHTML, like Gecko) Qt/4.8.4 Safari/534.34"
64.74.215.140 - - [13/May/2013:21:21:24 +0200] "GET /leer.htm HTTP/1.1" 200 172 "http://www.dialyse-schoenebeck.de/" "Mozilla/5.0 (X11; Linux x86_64) AppleWebKit/534.34 (KHTML, like Gecko) Qt/4.8.4 Safari/534.34"
141.8.147.12 - - [13/May/2013:22:55:48 +0200] "GET / HTTP/1.1" 200 4185 "-" "Mozilla/5.0 (compatible; YandexBot/3.0; +http://yandex.com/bots)"
141.8.147.12 - - [13/May/2013:22:56:10 +0200] "GET /leer.htm HTTP/1.1" 200 172 "-" "Mozilla/5.0 (compatible; YandexBot/3.0; +http://yandex.com/bots)"
141.8.147.12 - - [13/May/2013:22:56:12 +0200] "GET /header.htm HTTP/1.1" 200 795 "-" "Mozilla/5.0 (compatible; YandexBot/3.0; +http://yandex.com/bots)"
37.139.52.23 - - [14/May/2013:01:03:32 +0200] "GET / HTTP/1.1" 200 4185 "http://fotoshop-onlajn.rx24.ru/" "Mozilla/4.0 (compatible; MSIE 5.5; Windows NT 5.0)"
37.139.52.23 - - [14/May/2013:01:03:34 +0200] "GET / HTTP/1.1" 200 4185 "http://fotoshop-onlajn.rx24.ru/" "Mozilla/4.0 (compatible; MSIE 5.5; Windows NT 5.0)"
66.249.78.121 - - [14/May/2013:01:06:12 +0200] "GET /robots.txt HTTP/1.1" 200 171 "-" "Mozilla/5.0 (compatible; Googlebot/2.1; +http://www.google.com/bot.html)"
66.249.78.121 - - [14/May/2013:01:06:12 +0200] "GET / HTTP/1.1" 200 4185 "-" "Mozilla/5.0 (iPhone; U; CPU iPhone OS 4_1 like Mac OS X; en-us) AppleWebKit/532.9 (KHTML, like Gecko) Version/4.0.5 Mobile/8B117 Safari/6531.22.7 (compatible; Googlebot-Mobile/2.1; +http://www.google.com/bot.html)"
157.55.33.251 - - [14/May/2013:01:18:20 +0200] "GET /robots.txt HTTP/1.1" 200 171 "-" "Mozilla/5.0 (compatible; bingbot/2.0; +http://www.bing.com/bingbot.htm)"
157.55.33.251 - - [14/May/2013:01:20:12 +0200] "GET / HTTP/1.1" 200 4185 "-" "Mozilla/5.0 (compatible; bingbot/2.0; +http://www.bing.com/bingbot.htm)"
199.30.16.38 - - [14/May/2013:01:47:07 +0200] "GET /robots.txt HTTP/1.1" 200 171 "-" "msnbot-media/1.1 (+http://search.msn.com/msnbot.htm)"
199.30.16.38 - - [14/May/2013:01:47:08 +0200] "GET /images/navi_kontakt_a.jpg HTTP/1.1" 200 1826 "-" "msnbot-media/1.1 (+http://search.msn.com/msnbot.htm)"
66.249.78.121 - - [14/May/2013:02:07:20 +0200] "GET / HTTP/1.1" 200 4185 "-" "SAMSUNG-SGH-E250/1.0 Profile/MIDP-2.0 Configuration/CLDC-1.1 UP.Browser/6.2.3.3.c.1.101 (GUI) MMP/2.0 (compatible; Googlebot-Mobile/2.1; +http://www.google.com/bot.html)"
5.9.112.68 - - [14/May/2013:05:05:59 +0200] "GET /robots.txt HTTP/1.1" 200 171 "-" "Mozilla/5.0 (compatible; SISTRIX Crawler; http://crawler.sistrix.net/)"
5.9.112.68 - - [14/May/2013:05:05:59 +0200] "GET / HTTP/1.1" 206 4185 "-" "Mozilla/5.0 (compatible; SISTRIX Crawler; http://crawler.sistrix.net/)"
66.249.78.121 - - [14/May/2013:06:44:03 +0200] "GET /robots.txt HTTP/1.1" 200 171 "-" "Mozilla/5.0 (compatible; Googlebot/2.1; +http://www.google.com/bot.html)"
66.249.78.121 - - [14/May/2013:06:44:03 +0200] "GET /leer.htm HTTP/1.1" 200 172 "-" "Mozilla/5.0 (iPhone; U; CPU iPhone OS 4_1 like Mac OS X; en-us) AppleWebKit/532.9 (KHTML, like Gecko) Version/4.0.5 Mobile/8B117 Safari/6531.22.7 (compatible; Googlebot-Mobile/2.1; +http://www.google.com/bot.html)"
193.106.136.61 - - [14/May/2013:07:16:13 +0200] "GET / HTTP/1.1" 200 4185 "http://nalberan.com/" "Mozilla/4.0 (compatible; MSIE 6.0; AOL 9.0; Windows NT 5.1)"
193.106.136.61 - - [14/May/2013:07:16:14 +0200] "GET / HTTP/1.1" 200 4185 "http://nalberan.com/" "Mozilla/4.0 (compatible; MSIE 6.0; AOL 9.0; Windows NT 5.1)"
65.55.215.69 - - [14/May/2013:07:39:39 +0200] "GET /robots.txt HTTP/1.1" 200 171 "-" "msnbot-media/1.1 (+http://search.msn.com/msnbot.htm)"
65.55.215.69 - - [14/May/2013:07:39:40 +0200] "GET /images/pfeil_seite1.gif HTTP/1.1" 200 274 "-" "msnbot-media/1.1 (+http://search.msn.com/msnbot.htm)"
199.30.16.51 - - [14/May/2013:13:29:22 +0200] "GET /robots.txt HTTP/1.1" 200 171 "-" "msnbot-media/1.1 (+http://search.msn.com/msnbot.htm)"
199.30.16.51 - - [14/May/2013:13:29:22 +0200] "GET /images/pfeil_seite2.gif HTTP/1.1" 200 277 "-" "msnbot-media/1.1 (+http://search.msn.com/msnbot.htm)"
157.56.93.154 - - [14/May/2013:14:37:15 +0200] "GET /robots.txt HTTP/1.1" 200 171 "-" "Mozilla/5.0 (compatible; bingbot/2.0; +http://www.bing.com/bingbot.htm)"
157.56.93.154 - - [14/May/2013:14:53:53 +0200] "GET / HTTP/1.1" 200 4185 "-" "Mozilla/5.0 (compatible; bingbot/2.0; +http://www.bing.com/bingbot.htm)"
65.55.215.92 - - [14/May/2013:15:07:43 +0200] "GET /robots.txt HTTP/1.1" 200 171 "-" "msnbot-media/1.1 (+http://search.msn.com/msnbot.htm)"
65.55.215.92 - - [14/May/2013:15:07:44 +0200] "GET /images/ein_service.jpg HTTP/1.1" 200 2356 "-" "msnbot-media/1.1 (+http://search.msn.com/msnbot.htm)"
62.225.103.138 - - [14/May/2013:17:47:18 +0200] "GET / HTTP/1.0" 200 4185 "http://www.google.de/url?sa=t&rct=j&q=dialyse+sch%C3%B6nebeck&source=web&cd=1&ved=0CC8QFjAA&url=http%3A%2F%2Fwww.dialyse-schoenebeck.de%2F&ei=dlySUbr2MofasgbGzIHADA&usg=AFQjCNFqqiy5BnFbbbTXBriUiqZc0qhF6g&bvm=bv.46471029,d.Yms" "Mozilla/4.0 (compatible; MSIE 8.0; Windows NT 5.1; Trident/4.0; .NET CLR 2.0.50727; InfoPath.1; .NET CLR 3.0.4506.2152; .NET CLR 3.5.30729; .NET4.0C; .NET4.0E)"
62.225.103.138 - - [14/May/2013:17:47:19 +0200] "GET /leer.htm HTTP/1.0" 200 172 "http://www.dialyse-schoenebeck.de/" "Mozilla/4.0 (compatible; MSIE 8.0; Windows NT 5.1; Trident/4.0; .NET CLR 2.0.50727; InfoPath.1; .NET CLR 3.0.4506.2152; .NET CLR 3.5.30729; .NET4.0C; .NET4.0E)"
62.225.103.138 - - [14/May/2013:17:47:19 +0200] "GET /leer.htm HTTP/1.0" 200 172 "http://www.dialyse-schoenebeck.de/" "Mozilla/4.0 (compatible; MSIE 8.0; Windows NT 5.1; Trident/4.0; .NET CLR 2.0.50727; InfoPath.1; .NET CLR 3.0.4506.2152; .NET CLR 3.5.30729; .NET4.0C; .NET4.0E)"
62.225.103.138 - - [14/May/2013:17:47:19 +0200] "GET /header.htm HTTP/1.0" 200 795 "http://www.dialyse-schoenebeck.de/" "Mozilla/4.0 (compatible; MSIE 8.0; Windows NT 5.1; Trident/4.0; .NET CLR 2.0.50727; InfoPath.1; .NET CLR 3.0.4506.2152; .NET CLR 3.5.30729; .NET4.0C; .NET4.0E)"
62.225.103.138 - - [14/May/2013:17:47:19 +0200] "GET /home.htm HTTP/1.0" 200 1194 "http://www.dialyse-schoenebeck.de/" "Mozilla/4.0 (compatible; MSIE 8.0; Windows NT 5.1; Trident/4.0; .NET CLR 2.0.50727; InfoPath.1; .NET CLR 3.0.4506.2152; .NET CLR 3.5.30729; .NET4.0C; .NET4.0E)"
62.225.103.138 - - [14/May/2013:17:47:19 +0200] "GET /navi.htm HTTP/1.0" 200 4594 "http://www.dialyse-schoenebeck.de/" "Mozilla/4.0 (compatible; MSIE 8.0; Windows NT 5.1; Trident/4.0; .NET CLR 2.0.50727; InfoPath.1; .NET CLR 3.0.4506.2152; .NET CLR 3.5.30729; .NET4.0C; .NET4.0E)"
62.225.103.138 - - [14/May/2013:17:47:19 +0200] "GET /images/ein_service.jpg HTTP/1.0" 200 2356 "http://www.dialyse-schoenebeck.de/header.htm" "Mozilla/4.0 (compatible; MSIE 8.0; Windows NT 5.1; Trident/4.0; .NET CLR 2.0.50727; InfoPath.1; .NET CLR 3.0.4506.2152; .NET CLR 3.5.30729; .NET4.0C; .NET4.0E)"
62.225.103.138 - - [14/May/2013:17:47:19 +0200] "GET /images/frame_head2.jpg HTTP/1.0" 200 16134 "http://www.dialyse-schoenebeck.de/header.htm" "Mozilla/4.0 (compatible; MSIE 8.0; Windows NT 5.1; Trident/4.0; .NET CLR 2.0.50727; InfoPath.1; .NET CLR 3.0.4506.2152; .NET CLR 3.5.30729; .NET4.0C; .NET4.0E)"
62.225.103.138 - - [14/May/2013:17:47:19 +0200] "GET /images/frame_navi2.jpg HTTP/1.0" 200 2965 "http://www.dialyse-schoenebeck.de/navi.htm" "Mozilla/4.0 (compatible; MSIE 8.0; Windows NT 5.1; Trident/4.0; .NET CLR 2.0.50727; InfoPath.1; .NET CLR 3.0.4506.2152; .NET CLR 3.5.30729; .NET4.0C; .NET4.0E)"
62.225.103.138 - - [14/May/2013:17:47:19 +0200] "GET /images/navi_leistungen_a.jpg HTTP/1.0" 200 2088 "http://www.dialyse-schoenebeck.de/navi.htm" "Mozilla/4.0 (compatible; MSIE 8.0; Windows NT 5.1; Trident/4.0; .NET CLR 2.0.50727; InfoPath.1; .NET CLR 3.0.4506.2152; .NET CLR 3.5.30729; .NET4.0C; .NET4.0E)"
62.225.103.138 - - [14/May/2013:17:47:19 +0200] "GET /images/navi_praxis_a.jpg HTTP/1.0" 200 1905 "http://www.dialyse-schoenebeck.de/navi.htm" "Mozilla/4.0 (compatible; MSIE 8.0; Windows NT 5.1; Trident/4.0; .NET CLR 2.0.50727; InfoPath.1; .NET CLR 3.0.4506.2152; .NET CLR 3.5.30729; .NET4.0C; .NET4.0E)"
62.225.103.138 - - [14/May/2013:17:47:19 +0200] "GET /images/navi_news_a.jpg HTTP/1.0" 200 1809 "http://www.dialyse-schoenebeck.de/navi.htm" "Mozilla/4.0 (compatible; MSIE 8.0; Windows NT 5.1; Trident/4.0; .NET CLR 2.0.50727; InfoPath.1; .NET CLR 3.0.4506.2152; .NET CLR 3.5.30729; .NET4.0C; .NET4.0E)"
62.225.103.138 - - [14/May/2013:17:47:19 +0200] "GET /images/navi_kontakt_a.jpg HTTP/1.0" 200 1826 "http://www.dialyse-schoenebeck.de/navi.htm" "Mozilla/4.0 (compatible; MSIE 8.0; Windows NT 5.1; Trident/4.0; .NET CLR 2.0.50727; InfoPath.1; .NET CLR 3.0.4506.2152; .NET CLR 3.5.30729; .NET4.0C; .NET4.0E)"
62.225.103.138 - - [14/May/2013:17:47:19 +0200] "GET /images/navi_home_a.jpg HTTP/1.0" 200 2206 "http://www.dialyse-schoenebeck.de/navi.htm" "Mozilla/4.0 (compatible; MSIE 8.0; Windows NT 5.1; Trident/4.0; .NET CLR 2.0.50727; InfoPath.1; .NET CLR 3.0.4506.2152; .NET CLR 3.5.30729; .NET4.0C; .NET4.0E)"
62.225.103.138 - - [14/May/2013:17:47:19 +0200] "GET /images/navi_links_a.jpg HTTP/1.0" 200 2032 "http://www.dialyse-schoenebeck.de/navi.htm" "Mozilla/4.0 (compatible; MSIE 8.0; Windows NT 5.1; Trident/4.0; .NET CLR 2.0.50727; InfoPath.1; .NET CLR 3.0.4506.2152; .NET CLR 3.5.30729; .NET4.0C; .NET4.0E)"
62.225.103.138 - - [14/May/2013:17:47:19 +0200] "GET /images/navi_dialyse_a.jpg HTTP/1.0" 200 2373 "http://www.dialyse-schoenebeck.de/navi.htm" "Mozilla/4.0 (compatible; MSIE 8.0; Windows NT 5.1; Trident/4.0; .NET CLR 2.0.50727; InfoPath.1; .NET CLR 3.0.4506.2152; .NET CLR 3.5.30729; .NET4.0C; .NET4.0E)"
62.225.103.138 - - [14/May/2013:17:47:19 +0200] "GET /images/willkommen.gif HTTP/1.0" 200 1926 "http://www.dialyse-schoenebeck.de/home.htm" "Mozilla/4.0 (compatible; MSIE 8.0; Windows NT 5.1; Trident/4.0; .NET CLR 2.0.50727; InfoPath.1; .NET CLR 3.0.4506.2152; .NET CLR 3.5.30729; .NET4.0C; .NET4.0E)"
62.225.103.138 - - [14/May/2013:17:47:19 +0200] "GET /images/pixel.gif HTTP/1.0" 200 43 "http://www.dialyse-schoenebeck.de/home.htm" "Mozilla/4.0 (compatible; MSIE 8.0; Windows NT 5.1; Trident/4.0; .NET CLR 2.0.50727; InfoPath.1; .NET CLR 3.0.4506.2152; .NET CLR 3.5.30729; .NET4.0C; .NET4.0E)"
62.225.103.138 - - [14/May/2013:17:47:19 +0200] "GET /images/navi_praxis_b.jpg HTTP/1.0" 200 2241 "http://www.dialyse-schoenebeck.de/navi.htm" "Mozilla/4.0 (compatible; MSIE 8.0; Windows NT 5.1; Trident/4.0; .NET CLR 2.0.50727; InfoPath.1; .NET CLR 3.0.4506.2152; .NET CLR 3.5.30729; .NET4.0C; .NET4.0E)"
62.225.103.138 - - [14/May/2013:17:47:19 +0200] "GET /images/navi_dialyse_b.jpg HTTP/1.0" 200 2745 "http://www.dialyse-schoenebeck.de/navi.htm" "Mozilla/4.0 (compatible; MSIE 8.0; Windows NT 5.1; Trident/4.0; .NET CLR 2.0.50727; InfoPath.1; .NET CLR 3.0.4506.2152; .NET CLR 3.5.30729; .NET4.0C; .NET4.0E)"
62.225.103.138 - - [14/May/2013:17:47:19 +0200] "GET /images/home.jpg HTTP/1.0" 200 17467 "http://www.dialyse-schoenebeck.de/home.htm" "Mozilla/4.0 (compatible; MSIE 8.0; Windows NT 5.1; Trident/4.0; .NET CLR 2.0.50727; InfoPath.1; .NET CLR 3.0.4506.2152; .NET CLR 3.5.30729; .NET4.0C; .NET4.0E)"
62.225.103.138 - - [14/May/2013:17:47:19 +0200] "GET /images/navi_leistungen_b.jpg HTTP/1.0" 200 2343 "http://www.dialyse-schoenebeck.de/navi.htm" "Mozilla/4.0 (compatible; MSIE 8.0; Windows NT 5.1; Trident/4.0; .NET CLR 2.0.50727; InfoPath.1; .NET CLR 3.0.4506.2152; .NET CLR 3.5.30729; .NET4.0C; .NET4.0E)"
62.225.103.138 - - [14/May/2013:17:47:19 +0200] "GET /images/navi_links_b.jpg HTTP/1.0" 200 2344 "http://www.dialyse-schoenebeck.de/navi.htm" "Mozilla/4.0 (compatible; MSIE 8.0; Windows NT 5.1; Trident/4.0; .NET CLR 2.0.50727; InfoPath.1; .NET CLR 3.0.4506.2152; .NET CLR 3.5.30729; .NET4.0C; .NET4.0E)"
62.225.103.138 - - [14/May/2013:17:47:19 +0200] "GET /images/navi_kontakt_b.jpg HTTP/1.0" 200 2094 "http://www.dialyse-schoenebeck.de/navi.htm" "Mozilla/4.0 (compatible; MSIE 8.0; Windows NT 5.1; Trident/4.0; .NET CLR 2.0.50727; InfoPath.1; .NET CLR 3.0.4506.2152; .NET CLR 3.5.30729; .NET4.0C; .NET4.0E)"
62.225.103.138 - - [14/May/2013:17:47:19 +0200] "GET /images/navi_home_b.jpg HTTP/1.0" 200 2478 "http://www.dialyse-schoenebeck.de/navi.htm" "Mozilla/4.0 (compatible; MSIE 8.0; Windows NT 5.1; Trident/4.0; .NET CLR 2.0.50727; InfoPath.1; .NET CLR 3.0.4506.2152; .NET CLR 3.5.30729; .NET4.0C; .NET4.0E)"
62.225.103.138 - - [14/May/2013:17:47:20 +0200] "GET /images/navi_news_b.jpg HTTP/1.0" 200 2200 "http://www.dialyse-schoenebeck.de/navi.htm" "Mozilla/4.0 (compatible; MSIE 8.0; Windows NT 5.1; Trident/4.0; .NET CLR 2.0.50727; InfoPath.1; .NET CLR 3.0.4506.2152; .NET CLR 3.5.30729; .NET4.0C; .NET4.0E)"
62.225.103.138 - - [14/May/2013:17:47:19 +0200] "GET /favicon.ico HTTP/1.0" 404 1256 "-" "Mozilla/4.0 (compatible; MSIE 8.0; Windows NT 5.1; Trident/4.0; .NET CLR 2.0.50727; InfoPath.1; .NET CLR 3.0.4506.2152; .NET CLR 3.5.30729; .NET4.0C; .NET4.0E)"
62.225.103.138 - - [14/May/2013:17:47:24 +0200] "GET /dialyse.htm HTTP/1.0" 200 1531 "http://www.dialyse-schoenebeck.de/navi.htm" "Mozilla/4.0 (compatible; MSIE 8.0; Windows NT 5.1; Trident/4.0; .NET CLR 2.0.50727; InfoPath.1; .NET CLR 3.0.4506.2152; .NET CLR 3.5.30729; .NET4.0C; .NET4.0E)"
62.225.103.138 - - [14/May/2013:17:47:24 +0200] "GET /css/master_diapraxis_silber.css HTTP/1.0" 200 507 "http://www.dialyse-schoenebeck.de/dialyse.htm" "Mozilla/4.0 (compatible; MSIE 8.0; Windows NT 5.1; Trident/4.0; .NET CLR 2.0.50727; InfoPath.1; .NET CLR 3.0.4506.2152; .NET CLR 3.5.30729; .NET4.0C; .NET4.0E)"
62.225.103.138 - - [14/May/2013:17:47:25 +0200] "GET /images/dialyse.jpg HTTP/1.0" 200 13163 "http://www.dialyse-schoenebeck.de/dialyse.htm" "Mozilla/4.0 (compatible; MSIE 8.0; Windows NT 5.1; Trident/4.0; .NET CLR 2.0.50727; InfoPath.1; .NET CLR 3.0.4506.2152; .NET CLR 3.5.30729; .NET4.0C; .NET4.0E)"
62.225.103.138 - - [14/May/2013:17:47:25 +0200] "GET /images/head_dialyse.gif HTTP/1.0" 200 495 "http://www.dialyse-schoenebeck.de/dialyse.htm" "Mozilla/4.0 (compatible; MSIE 8.0; Windows NT 5.1; Trident/4.0; .NET CLR 2.0.50727; InfoPath.1; .NET CLR 3.0.4506.2152; .NET CLR 3.5.30729; .NET4.0C; .NET4.0E)"
62.225.103.138 - - [14/May/2013:17:47:37 +0200] "GET /links.htm HTTP/1.0" 200 1889 "http://www.dialyse-schoenebeck.de/navi.htm" "Mozilla/4.0 (compatible; MSIE 8.0; Windows NT 5.1; Trident/4.0; .NET CLR 2.0.50727; InfoPath.1; .NET CLR 3.0.4506.2152; .NET CLR 3.5.30729; .NET4.0C; .NET4.0E)"
62.225.103.138 - - [14/May/2013:17:47:37 +0200] "GET /images/head_links.gif HTTP/1.0" 200 417 "http://www.dialyse-schoenebeck.de/links.htm" "Mozilla/4.0 (compatible; MSIE 8.0; Windows NT 5.1; Trident/4.0; .NET CLR 2.0.50727; InfoPath.1; .NET CLR 3.0.4506.2152; .NET CLR 3.5.30729; .NET4.0C; .NET4.0E)"
62.225.103.138 - - [14/May/2013:17:47:37 +0200] "GET /images/links.jpg HTTP/1.0" 200 17217 "http://www.dialyse-schoenebeck.de/links.htm" "Mozilla/4.0 (compatible; MSIE 8.0; Windows NT 5.1; Trident/4.0; .NET CLR 2.0.50727; InfoPath.1; .NET CLR 3.0.4506.2152; .NET CLR 3.5.30729; .NET4.0C; .NET4.0E)"
62.225.103.138 - - [14/May/2013:17:47:43 +0200] "GET /kontakt.htm HTTP/1.0" 200 3886 "http://www.dialyse-schoenebeck.de/navi.htm" "Mozilla/4.0 (compatible; MSIE 8.0; Windows NT 5.1; Trident/4.0; .NET CLR 2.0.50727; InfoPath.1; .NET CLR 3.0.4506.2152; .NET CLR 3.5.30729; .NET4.0C; .NET4.0E)"
62.225.103.138 - - [14/May/2013:17:47:43 +0200] "GET /images/zum_anmeldeformular.gif HTTP/1.0" 200 498 "http://www.dialyse-schoenebeck.de/kontakt.htm" "Mozilla/4.0 (compatible; MSIE 8.0; Windows NT 5.1; Trident/4.0; .NET CLR 2.0.50727; InfoPath.1; .NET CLR 3.0.4506.2152; .NET CLR 3.5.30729; .NET4.0C; .NET4.0E)"
62.225.103.138 - - [14/May/2013:17:47:43 +0200] "GET /images/head_kontakt.gif HTTP/1.0" 200 533 "http://www.dialyse-schoenebeck.de/kontakt.htm" "Mozilla/4.0 (compatible; MSIE 8.0; Windows NT 5.1; Trident/4.0; .NET CLR 2.0.50727; InfoPath.1; .NET CLR 3.0.4506.2152; .NET CLR 3.5.30729; .NET4.0C; .NET4.0E)"
62.225.103.138 - - [14/May/2013:17:47:43 +0200] "GET /images/plan_magdeburg_mini.jpg HTTP/1.0" 200 6592 "http://www.dialyse-schoenebeck.de/kontakt.htm" "Mozilla/4.0 (compatible; MSIE 8.0; Windows NT 5.1; Trident/4.0; .NET CLR 2.0.50727; InfoPath.1; .NET CLR 3.0.4506.2152; .NET CLR 3.5.30729; .NET4.0C; .NET4.0E)"
62.225.103.138 - - [14/May/2013:17:47:43 +0200] "GET /images/plan_schoenebeck_mini.jpg HTTP/1.0" 200 14406 "http://www.dialyse-schoenebeck.de/kontakt.htm" "Mozilla/4.0 (compatible; MSIE 8.0; Windows NT 5.1; Trident/4.0; .NET CLR 2.0.50727; InfoPath.1; .NET CLR 3.0.4506.2152; .NET CLR 3.5.30729; .NET4.0C; .NET4.0E)"
199.30.16.51 - - [14/May/2013:21:33:11 +0200] "GET /robots.txt HTTP/1.1" 200 171 "-" "msnbot-media/1.1 (+http://search.msn.com/msnbot.htm)"
199.30.16.51 - - [14/May/2013:21:33:11 +0200] "GET /images/navi_links_a.jpg HTTP/1.1" 200 2032 "-" "msnbot-media/1.1 (+http://search.msn.com/msnbot.htm)"
109.120.157.179 - - [14/May/2013:22:20:36 +0200] "GET / HTTP/1.1" 200 4185 "http://fotoshop-onlajn.rx24.ru/" "Mozilla/5.0 (compatible; Add Catalog/2.1;)"
109.120.157.179 - - [14/May/2013:22:20:36 +0200] "GET / HTTP/1.1" 200 4185 "http://fotoshop-onlajn.rx24.ru/" "Mozilla/5.0 (compatible; Add Catalog/2.1;)"
157.56.93.154 - - [15/May/2013:00:30:10 +0200] "GET /robots.txt HTTP/1.1" 200 171 "-" "Mozilla/5.0 (compatible; bingbot/2.0; +http://www.bing.com/bingbot.htm)"
157.56.93.154 - - [15/May/2013:00:35:52 +0200] "GET / HTTP/1.1" 200 4185 "-" "Mozilla/5.0 (compatible; bingbot/2.0; +http://www.bing.com/bingbot.htm)"
199.30.16.7 - - [15/May/2013:03:22:04 +0200] "GET /robots.txt HTTP/1.1" 200 171 "-" "msnbot-media/1.1 (+http://search.msn.com/msnbot.htm)"
199.30.16.7 - - [15/May/2013:03:22:04 +0200] "GET /images/navi_praxis_a.jpg HTTP/1.1" 200 1905 "-" "msnbot-media/1.1 (+http://search.msn.com/msnbot.htm)"
195.242.218.133 - - [15/May/2013:05:12:05 +0200] "GET / HTTP/1.1" 200 4185 "http://eramebel.com/" "Mozilla/4.0 (compatible; MSIE 6.0; Windows NT 5.1; TheFreeDictionary.com; .NET CLR 1.1.4322; .NET CLR 1.0.3705; .NET CLR 2.0.50727)"
195.242.218.133 - - [15/May/2013:05:12:06 +0200] "GET / HTTP/1.1" 200 4185 "http://eramebel.com/" "Mozilla/4.0 (compatible; MSIE 6.0; Windows NT 5.1; TheFreeDictionary.com; .NET CLR 1.1.4322; .NET CLR 1.0.3705; .NET CLR 2.0.50727)"
195.242.218.133 - - [15/May/2013:05:12:07 +0200] "GET / HTTP/1.1" 200 4185 "http://eramebel.com/" "Mozilla/4.0 (compatible; MSIE 6.0; Windows NT 5.1; TheFreeDictionary.com; .NET CLR 1.1.4322; .NET CLR 1.0.3705; .NET CLR 2.0.50727)"
141.8.147.12 - - [15/May/2013:05:36:51 +0200] "GET /robots.txt HTTP/1.1" 200 171 "-" "Mozilla/5.0 (compatible; YandexBot/3.0; +http://yandex.com/bots)"
92.249.127.111 - - [15/May/2013:05:44:18 +0200] "GET / HTTP/1.1" 200 4185 "http://ledekole.com/" "Mozilla/5.0 (compatible; news bot /2.1)"
92.249.127.111 - - [15/May/2013:05:44:18 +0200] "GET / HTTP/1.1" 200 4185 "http://ledekole.com/" "Mozilla/5.0 (compatible; news bot /2.1)"
81.30.151.221 - - [15/May/2013:06:14:13 +0200] "GET /robots.txt HTTP/1.1" 200 171 "-" "Mozilla/5.0 (compatible; Spiderlytics/1.0; +spider@spiderlytics.com)"
