46.38.235.99 - - [08/Sep/2015:23:04:46 +0200] "GET / HTTP/1.1" 200 3274 "-" "Ruby"
178.137.92.63 - - [09/Sep/2015:00:14:11 +0200] "GET / HTTP/1.1" 200 3274 "http://domik-derevne.ru/" "Mozilla/4.0 (compatible; MSIE 6.0; Windows 98; Win 9x 4.90)"
178.137.92.63 - - [09/Sep/2015:00:14:12 +0200] "GET / HTTP/1.1" 200 3274 "http://domik-derevne.ru/" "Mozilla/4.0 (compatible; MSIE 6.0; Windows 98; Win 9x 4.90)"
66.249.65.101 - - [09/Sep/2015:03:23:05 +0200] "GET /robots.txt HTTP/1.1" 404 1256 "-" "Mozilla/5.0 (compatible; Googlebot/2.1; +http://www.google.com/bot.html)"
66.249.65.107 - - [09/Sep/2015:03:23:05 +0200] "GET / HTTP/1.1" 200 3274 "-" "Mozilla/5.0 (iPhone; CPU iPhone OS 8_3 like Mac OS X) AppleWebKit/600.1.4 (KHTML, like Gecko) Version/8.0 Mobile/12F70 Safari/600.1.4 (compatible; Googlebot/2.1; +http://www.google.com/bot.html)"
46.118.126.38 - - [09/Sep/2015:03:56:33 +0200] "GET / HTTP/1.1" 200 3274 "http://fashionor.ru/" "Opera/7.54 (Windows NT 5.1; U) [pl]"
46.118.126.38 - - [09/Sep/2015:03:56:34 +0200] "GET / HTTP/1.1" 200 3274 "http://fashionor.ru/" "Opera/7.54 (Windows NT 5.1; U) [pl]"
66.249.65.104 - - [09/Sep/2015:04:19:56 +0200] "GET / HTTP/1.1" 200 3274 "-" "Mozilla/5.0 (compatible; Googlebot/2.1; +http://www.google.com/bot.html)"
46.118.118.173 - - [09/Sep/2015:09:00:23 +0200] "GET / HTTP/1.1" 200 3274 "http://xn--80aafgvxihbpc5lqb.xn--p1ai/" "Mozilla/4.0 (compatible; MSIE 6.0; Windows NT 5.1; SV1; FunWebProducts)"
46.118.118.173 - - [09/Sep/2015:09:00:24 +0200] "GET / HTTP/1.1" 200 3274 "http://xn--80aafgvxihbpc5lqb.xn--p1ai/" "Mozilla/4.0 (compatible; MSIE 6.0; Windows NT 5.1; SV1; FunWebProducts)"
46.118.118.173 - - [09/Sep/2015:09:00:25 +0200] "GET / HTTP/1.1" 200 3274 "http://xn--80aafgvxihbpc5lqb.xn--p1ai/" "Mozilla/4.0 (compatible; MSIE 6.0; Windows NT 5.1; SV1; FunWebProducts)"
207.46.13.76 - - [09/Sep/2015:09:11:24 +0200] "GET /robots.txt HTTP/1.1" 404 1256 "-" "Mozilla/5.0 (compatible; bingbot/2.0; +http://www.bing.com/bingbot.htm)"
207.46.13.76 - - [09/Sep/2015:09:12:52 +0200] "GET / HTTP/1.1" 200 3274 "-" "Mozilla/5.0 (compatible; bingbot/2.0; +http://www.bing.com/bingbot.htm)"
91.216.45.83 - - [09/Sep/2015:10:03:31 +0200] "GET / HTTP/1.1" 200 3274 "http://www.google.de/url?sa=t&rct=j&q=&esrc=s&frm=1&source=web&cd=2&ved=0CCcQFjABahUKEwitmejNvunHAhVDShQKHVMFCW8&url=http%3A%2F%2Fwww.dialyse-falkensee.de%2F&usg=AFQjCNECgXXq-DVOeCPbM1zyqacv9mR2gg&bvm=bv.102022582,d.bGQ" "Mozilla/5.0 (compatible; MSIE 9.0; Windows NT 6.1; Trident/5.0)"
91.216.45.83 - - [09/Sep/2015:10:03:31 +0200] "GET /css/bootstrap-responsive.min.css HTTP/1.1" 200 16520 "http://www.dialyse-falkensee.de/" "Mozilla/5.0 (compatible; MSIE 9.0; Windows NT 6.1; Trident/5.0)"
91.216.45.83 - - [09/Sep/2015:10:03:31 +0200] "GET /css/bootstrap.min.css HTTP/1.1" 200 101265 "http://www.dialyse-falkensee.de/" "Mozilla/5.0 (compatible; MSIE 9.0; Windows NT 6.1; Trident/5.0)"
91.216.45.83 - - [09/Sep/2015:10:03:31 +0200] "GET /js/bootstrap.min.js HTTP/1.1" 200 25764 "http://www.dialyse-falkensee.de/" "Mozilla/5.0 (compatible; MSIE 9.0; Windows NT 6.1; Trident/5.0)"
91.216.45.83 - - [09/Sep/2015:10:03:31 +0200] "GET /img/glyphicons-halflings.png HTTP/1.1" 200 12799 "http://www.dialyse-falkensee.de/" "Mozilla/5.0 (compatible; MSIE 9.0; Windows NT 6.1; Trident/5.0)"
91.216.45.83 - - [09/Sep/2015:10:03:31 +0200] "GET /ico/favicon.ico HTTP/1.1" 404 1256 "-" "Mozilla/5.0 (compatible; MSIE 9.0; Windows NT 6.1; Trident/5.0)"
91.216.45.83 - - [09/Sep/2015:10:03:43 +0200] "GET /css/bootstrap-responsive.min.css HTTP/1.1" 304 - "-" "Mozilla/4.0 (compatible; MSIE 7.0; Windows NT 6.1; Trident/5.0; SLCC2; .NET CLR 2.0.50727; .NET CLR 3.5.30729; .NET CLR 3.0.30729; Media Center PC 6.0; .NET4.0C; .NET4.0E; Microsoft Outlook 14.0.7155; ms-office; MSOffice 14)"
188.165.15.177 - - [09/Sep/2015:13:23:31 +0200] "GET / HTTP/1.1" 200 3274 "-" "Mozilla/5.0 (compatible; AhrefsBot/5.0; +http://ahrefs.com/robot/)"
46.118.126.38 - - [09/Sep/2015:14:04:15 +0200] "GET / HTTP/1.1" 200 3274 "http://114ie.net/tags/" "Mozilla/4.0 (compatible; MSIE 6.0; Windows NT 5.1; SV1; .NET CLR 1.1.4322; XMPP Tiscali Communicator v.10.0.2; .NET CLR 2.0.50727)"
46.118.126.38 - - [09/Sep/2015:14:04:15 +0200] "GET / HTTP/1.1" 200 3274 "http://darkoman.com/tags/" "Mozilla/4.0 (compatible; MSIE 6.0; Windows NT 5.2; Win64; x64; SV1; .NET CLR 2.0.50727)"
46.118.126.38 - - [09/Sep/2015:14:04:16 +0200] "GET / HTTP/1.1" 200 3274 "http://114ie.net/tags/" "Mozilla/4.0 (compatible; MSIE 6.0; Windows NT 5.1; SV1; .NET CLR 1.1.4322; XMPP Tiscali Communicator v.10.0.2; .NET CLR 2.0.50727)"
46.118.126.38 - - [09/Sep/2015:14:04:17 +0200] "GET / HTTP/1.1" 200 3274 "http://114ie.net/tags/" "Mozilla/4.0 (compatible; MSIE 6.0; Windows NT 5.1; SV1; .NET CLR 1.1.4322; XMPP Tiscali Communicator v.10.0.2; .NET CLR 2.0.50727)"
46.118.126.38 - - [09/Sep/2015:14:04:17 +0200] "GET / HTTP/1.1" 200 3274 "http://darkoman.com/tags/" "Mozilla/4.0 (compatible; MSIE 6.0; Windows NT 5.2; Win64; x64; SV1; .NET CLR 2.0.50727)"
46.118.118.173 - - [09/Sep/2015:16:13:35 +0200] "GET / HTTP/1.1" 200 3274 "http://www.design-parket.spb.ru/" "Mozilla/3.0 (x86 [en] Windows NT 5.1; Sun)"
46.118.118.173 - - [09/Sep/2015:16:13:36 +0200] "GET / HTTP/1.1" 200 3274 "http://www.design-parket.spb.ru/" "Mozilla/3.0 (x86 [en] Windows NT 5.1; Sun)"
46.118.118.173 - - [09/Sep/2015:16:13:37 +0200] "GET / HTTP/1.1" 200 3274 "http://www.design-parket.spb.ru/" "Mozilla/3.0 (x86 [en] Windows NT 5.1; Sun)"
46.118.118.173 - - [09/Sep/2015:18:04:12 +0200] "GET / HTTP/1.1" 200 3274 "http://aff.optitrade24.com/click.php?ctag=a787-b13-p" "Mozilla/4.0 (compatible; MSIE 6.0; Windows NT 5.1; SV1; MRA 4.6 (build 01425); MRSPUTNIK 1, 5, 0, 19 SW)"
46.118.118.173 - - [09/Sep/2015:18:04:13 +0200] "GET / HTTP/1.1" 200 3274 "http://aff.optitrade24.com/click.php?ctag=a787-b13-p" "Mozilla/4.0 (compatible; MSIE 6.0; Windows NT 5.1; SV1; MRA 4.6 (build 01425); MRSPUTNIK 1, 5, 0, 19 SW)"
46.118.118.173 - - [09/Sep/2015:18:04:13 +0200] "GET / HTTP/1.1" 200 3274 "http://aff.optitrade24.com/click.php?ctag=a787-b13-p" "Mozilla/4.0 (compatible; MSIE 6.0; Windows NT 5.1; SV1; MRA 4.6 (build 01425); MRSPUTNIK 1, 5, 0, 19 SW)"
46.185.117.31 - - [09/Sep/2015:20:33:58 +0200] "GET / HTTP/1.1" 200 3274 "http://russintv.fr/" "Mozilla/4.0 (compatible; MSIE 6.0; Windows XP)"
46.185.117.31 - - [09/Sep/2015:20:33:58 +0200] "GET / HTTP/1.1" 200 3274 "http://russintv.fr/" "Mozilla/4.0 (compatible; MSIE 6.0; Windows XP)"
46.185.117.31 - - [09/Sep/2015:20:33:59 +0200] "GET / HTTP/1.1" 200 3274 "http://russintv.fr/" "Mozilla/4.0 (compatible; MSIE 6.0; Windows XP)"
157.55.39.186 - - [09/Sep/2015:21:28:17 +0200] "GET / HTTP/1.1" 200 3274 "-" "Mozilla/5.0 (compatible; bingbot/2.0; +http://www.bing.com/bingbot.htm)"
157.55.39.219 - - [09/Sep/2015:22:25:58 +0200] "GET / HTTP/1.1" 304 - "-" "Mozilla/5.0 (compatible; bingbot/2.0; +http://www.bing.com/bingbot.htm)"
178.137.92.63 - - [09/Sep/2015:23:33:01 +0200] "GET / HTTP/1.1" 200 3274 "http://porno.weprik.ru/" "Mozilla/4.0 (compatible; MSIE 6.0; Windows NT) ::ELNSB50::000061100320025802a00111000000000507000900000000"
178.137.92.63 - - [09/Sep/2015:23:33:02 +0200] "GET / HTTP/1.1" 200 3274 "http://porno.weprik.ru/" "Mozilla/4.0 (compatible; MSIE 6.0; Windows NT) ::ELNSB50::000061100320025802a00111000000000507000900000000"
178.137.92.63 - - [09/Sep/2015:23:33:03 +0200] "GET / HTTP/1.1" 200 3274 "http://porno.weprik.ru/" "Mozilla/4.0 (compatible; MSIE 6.0; Windows NT) ::ELNSB50::000061100320025802a00111000000000507000900000000"
178.137.92.63 - - [09/Sep/2015:23:33:59 +0200] "GET / HTTP/1.1" 200 3274 "http://igru-torrent.net/" "Mozilla/4.0 (compatible; MSIE 6.0; Windows NT 5.1; SV1; .NET CLR 1.1.4322) Babya Discoverer 8.0:"
178.137.92.63 - - [09/Sep/2015:23:34:00 +0200] "GET / HTTP/1.1" 200 3274 "http://igru-torrent.net/" "Mozilla/4.0 (compatible; MSIE 6.0; Windows NT 5.1; SV1; .NET CLR 1.1.4322) Babya Discoverer 8.0:"
178.137.92.63 - - [09/Sep/2015:23:34:01 +0200] "GET / HTTP/1.1" 200 3274 "http://aff.optitrade24.com/click.php?ctag=a787-b13-p" "Mozilla/4.0 (compatible; MSIE 6.0; Windows NT 5.1; SV1; .NET CLR 1.0.3705; .NET CLR 1.1.4322; .NET CLR 2.0.40607)"
178.137.92.63 - - [09/Sep/2015:23:34:02 +0200] "GET / HTTP/1.1" 200 3274 "http://aff.optitrade24.com/click.php?ctag=a787-b13-p" "Mozilla/4.0 (compatible; MSIE 6.0; Windows NT 5.1; SV1; .NET CLR 1.0.3705; .NET CLR 1.1.4322; .NET CLR 2.0.40607)"
157.55.39.219 - - [10/Sep/2015:09:20:13 +0200] "GET / HTTP/1.1" 200 3274 "-" "Mozilla/5.0 (compatible; bingbot/2.0; +http://www.bing.com/bingbot.htm)"
93.219.231.46 - - [10/Sep/2015:14:23:47 +0200] "GET / HTTP/1.1" 200 3274 "-" "Mozilla/5.0 (Windows NT 6.1; WOW64; Trident/7.0; rv:11.0) like Gecko"
93.219.231.46 - - [10/Sep/2015:14:23:47 +0200] "GET /css/bootstrap-responsive.min.css HTTP/1.1" 200 16520 "http://www.dialyse-falkensee.de/" "Mozilla/5.0 (Windows NT 6.1; WOW64; Trident/7.0; rv:11.0) like Gecko"
93.219.231.46 - - [10/Sep/2015:14:23:47 +0200] "GET /css/bootstrap.min.css HTTP/1.1" 200 101265 "http://www.dialyse-falkensee.de/" "Mozilla/5.0 (Windows NT 6.1; WOW64; Trident/7.0; rv:11.0) like Gecko"
93.219.231.46 - - [10/Sep/2015:14:23:48 +0200] "GET /js/bootstrap.min.js HTTP/1.1" 200 25764 "http://www.dialyse-falkensee.de/" "Mozilla/5.0 (Windows NT 6.1; WOW64; Trident/7.0; rv:11.0) like Gecko"
93.219.231.46 - - [10/Sep/2015:14:23:50 +0200] "GET /img/glyphicons-halflings.png HTTP/1.1" 200 12799 "http://www.dialyse-falkensee.de/" "Mozilla/5.0 (Windows NT 6.1; WOW64; Trident/7.0; rv:11.0) like Gecko"
93.219.231.46 - - [10/Sep/2015:14:23:58 +0200] "GET /ico/favicon.ico HTTP/1.1" 404 1256 "-" "Mozilla/5.0 (Windows NT 6.1; Win64; x64; Trident/7.0; rv:11.0) like Gecko"
93.219.231.46 - - [10/Sep/2015:14:23:59 +0200] "GET /favicon.ico HTTP/1.1" 404 1256 "-" "Mozilla/5.0 (Windows NT 6.1; Win64; x64; Trident/7.0; rv:11.0) like Gecko"
46.118.118.173 - - [10/Sep/2015:16:16:43 +0200] "GET / HTTP/1.1" 200 3274 "http://prohoster.info/" "Mozilla/4.0 (compatible; MSIE 5.0; Windows 2000) Opera 6.0 [en]"
46.118.118.173 - - [10/Sep/2015:16:16:44 +0200] "GET / HTTP/1.1" 200 3274 "http://prohoster.info/" "Mozilla/4.0 (compatible; MSIE 5.0; Windows 2000) Opera 6.0 [en]"
54.175.248.178 - - [10/Sep/2015:17:04:52 +0200] "GET / HTTP/1.1" 200 3274 "-" "Mozilla/5.0 (compatible& Googlebot/2.1& +http://www.google.com/bot.html)"
46.118.126.38 - - [10/Sep/2015:19:12:04 +0200] "GET / HTTP/1.1" 200 3274 "http://aff.optitrade24.com/click.php?ctag=a787-b13-p" "Opera/7.54 (Windows NT 5.1; U) [pl]"
85.179.167.17 - - [10/Sep/2015:20:12:30 +0200] "GET / HTTP/1.1" 200 3274 "http://www.google.de/url?sa=t&rct=j&q=dialysepraxis%20falkensee&source=web&cd=12&ved=0CDYQFjALahUKEwj07fy2iO3HAhVEuhoKHTVODf4&url=http%3A%2F%2Fwww.dialyse-falkensee.de%2F&usg=AFQjCNECgXXq-DVOeCPbM1zyqacv9mR2gg&sig2=QiVjIbnsjHmFVA3_ULwMIg&bvm=bv.102022582,d.d2s" "Mozilla/5.0 (Linux; Android 5.0.2; SAMSUNG SM-T530 Build/LRX22G) AppleWebKit/537.36 (KHTML, like Gecko) SamsungBrowser/3.2 Chrome/38.0.2125.102 Safari/537.36"
85.179.167.17 - - [10/Sep/2015:20:12:31 +0200] "GET /css/bootstrap-responsive.min.css HTTP/1.1" 200 16520 "http://www.dialyse-falkensee.de/" "Mozilla/5.0 (Linux; Android 5.0.2; SAMSUNG SM-T530 Build/LRX22G) AppleWebKit/537.36 (KHTML, like Gecko) SamsungBrowser/3.2 Chrome/38.0.2125.102 Safari/537.36"
85.179.167.17 - - [10/Sep/2015:20:12:32 +0200] "GET /js/bootstrap.min.js HTTP/1.1" 200 25764 "http://www.dialyse-falkensee.de/" "Mozilla/5.0 (Linux; Android 5.0.2; SAMSUNG SM-T530 Build/LRX22G) AppleWebKit/537.36 (KHTML, like Gecko) SamsungBrowser/3.2 Chrome/38.0.2125.102 Safari/537.36"
85.179.167.17 - - [10/Sep/2015:20:12:31 +0200] "GET /css/bootstrap.min.css HTTP/1.1" 200 101265 "http://www.dialyse-falkensee.de/" "Mozilla/5.0 (Linux; Android 5.0.2; SAMSUNG SM-T530 Build/LRX22G) AppleWebKit/537.36 (KHTML, like Gecko) SamsungBrowser/3.2 Chrome/38.0.2125.102 Safari/537.36"
85.179.167.17 - - [10/Sep/2015:20:12:52 +0200] "GET /ico/favicon.ico HTTP/1.1" 404 1256 "-" "Mozilla/5.0 (Linux; Android 5.0.2; SAMSUNG SM-T530 Build/LRX22G) AppleWebKit/537.36 (KHTML, like Gecko) SamsungBrowser/3.2 Chrome/38.0.2125.102 Safari/537.36"
85.179.167.17 - - [10/Sep/2015:20:13:16 +0200] "GET / HTTP/1.1" 304 - "-" "Mozilla/5.0 (Linux; Android 5.0.2; SAMSUNG SM-T530 Build/LRX22G) AppleWebKit/537.36 (KHTML, like Gecko) SamsungBrowser/3.2 Chrome/38.0.2125.102 Safari/537.36"
157.55.39.219 - - [10/Sep/2015:21:15:40 +0200] "GET / HTTP/1.1" 200 3274 "-" "Mozilla/5.0 (compatible; bingbot/2.0; +http://www.bing.com/bingbot.htm)"
64.79.89.130 - - [10/Sep/2015:21:44:07 +0200] "GET / HTTP/1.1" 200 3274 "-" "Mozilla/5.0 (Windows; U; Windows NT 6.0; en-US; rv:1.9.2) Gecko/20100115 Firefox/3.6 (.NET CLR 3.5.30729)"
207.46.13.96 - - [10/Sep/2015:21:49:57 +0200] "GET /index.html HTTP/1.1" 200 3274 "-" "Mozilla/5.0 (compatible; bingbot/2.0; +http://www.bing.com/bingbot.htm)"
157.55.39.185 - - [10/Sep/2015:21:50:02 +0200] "GET /robots.txt HTTP/1.1" 404 1256 "-" "Mozilla/5.0 (compatible; bingbot/2.0; +http://www.bing.com/bingbot.htm)"
157.55.39.185 - - [10/Sep/2015:21:50:02 +0200] "GET /robots.txt HTTP/1.1" 404 1256 "-" "Mozilla/5.0 (compatible; bingbot/2.0; +http://www.bing.com/bingbot.htm)"
207.46.13.32 - - [10/Sep/2015:21:50:11 +0200] "GET /css/bootstrap.min.css HTTP/1.1" 200 101265 "-" "Mozilla/5.0 (compatible; bingbot/2.0; +http://www.bing.com/bingbot.htm)"
207.46.13.100 - - [10/Sep/2015:21:50:15 +0200] "GET /css/bootstrap-responsive.min.css HTTP/1.1" 200 16520 "-" "Mozilla/5.0 (compatible; bingbot/2.0; +http://www.bing.com/bingbot.htm)"
207.46.13.100 - - [10/Sep/2015:21:50:16 +0200] "GET /js/bootstrap.min.js HTTP/1.1" 200 25764 "-" "Mozilla/5.0 (compatible; bingbot/2.0; +http://www.bing.com/bingbot.htm)"
208.115.113.83 - - [11/Sep/2015:00:52:37 +0200] "GET /robots.txt HTTP/1.1" 404 1256 "-" "Mozilla/5.0 (compatible; DotBot/1.1; http://www.opensiteexplorer.org/dotbot, help@moz.com)"
208.115.113.83 - - [11/Sep/2015:01:31:50 +0200] "GET /praxis2.htm HTTP/1.1" 404 1256 "-" "Mozilla/5.0 (compatible; DotBot/1.1; http://www.opensiteexplorer.org/dotbot, help@moz.com)"
46.118.118.173 - - [11/Sep/2015:03:32:13 +0200] "GET / HTTP/1.1" 200 3274 "http://igrobuy.com/" "Mozilla/4.0 (compatible; MSIE 6.0; Windows NT 5.1; SV1)"
46.118.118.173 - - [11/Sep/2015:03:32:13 +0200] "GET / HTTP/1.1" 200 3274 "http://igrobuy.com/" "Mozilla/4.0 (compatible; MSIE 6.0; Windows NT 5.1; SV1)"
207.46.13.100 - - [11/Sep/2015:09:20:58 +0200] "GET / HTTP/1.1" 200 3274 "-" "Mozilla/5.0 (compatible; bingbot/2.0; +http://www.bing.com/bingbot.htm)"
62.217.63.249 - - [11/Sep/2015:09:23:21 +0200] "GET / HTTP/1.1" 200 3274 "-" "User-Agent=Mozilla/5.0 (Windows NT 6.1) AppleWebKit/537.36 (KHTML, like Gecko) Chrome/41.0.2228.0 Safari/537.36"
62.217.63.249 - - [11/Sep/2015:09:23:21 +0200] "GET /robots.txt HTTP/1.1" 404 1256 "-" "User-Agent=Mozilla/5.0 (Windows NT 6.1) AppleWebKit/537.36 (KHTML, like Gecko) Chrome/41.0.2228.0 Safari/537.36"
62.217.63.249 - - [11/Sep/2015:09:23:21 +0200] "GET / HTTP/1.1" 200 3274 "-" "User-Agent=Mozilla/5.0 (Windows NT 6.1) AppleWebKit/537.36 (KHTML, like Gecko) Chrome/41.0.2228.0 Safari/537.36"
46.118.126.38 - - [11/Sep/2015:10:33:46 +0200] "GET / HTTP/1.1" 200 3274 "http://canadianmedicaments.com/" "Mozilla/4.0 (compatible; MSIE 6.0; Windows NT 5.1; FREE; .NET CLR 1.1.4322)"
66.249.78.52 - - [11/Sep/2015:10:41:52 +0200] "GET /robots.txt HTTP/1.1" 404 1256 "-" "Mozilla/5.0 (compatible; Googlebot/2.1; +http://www.google.com/bot.html)"
66.249.78.59 - - [11/Sep/2015:10:41:52 +0200] "GET / HTTP/1.1" 200 3274 "-" "Mozilla/5.0 (iPhone; CPU iPhone OS 8_3 like Mac OS X) AppleWebKit/600.1.4 (KHTML, like Gecko) Version/8.0 Mobile/12F70 Safari/600.1.4 (compatible; Googlebot/2.1; +http://www.google.com/bot.html)"
93.209.86.150 - - [11/Sep/2015:10:42:26 +0200] "GET / HTTP/1.1" 200 3274 "https://www.google.de" "Mozilla/5.0 (Windows NT 6.1; rv:40.0) Gecko/20100101 Firefox/40.0"
93.209.86.150 - - [11/Sep/2015:10:42:27 +0200] "GET /css/bootstrap-responsive.min.css HTTP/1.1" 200 16520 "http://www.dialyse-falkensee.de/" "Mozilla/5.0 (Windows NT 6.1; rv:40.0) Gecko/20100101 Firefox/40.0"
93.209.86.150 - - [11/Sep/2015:10:42:27 +0200] "GET /js/bootstrap.min.js HTTP/1.1" 200 25764 "http://www.dialyse-falkensee.de/" "Mozilla/5.0 (Windows NT 6.1; rv:40.0) Gecko/20100101 Firefox/40.0"
93.209.86.150 - - [11/Sep/2015:10:42:27 +0200] "GET /ico/favicon.ico HTTP/1.1" 404 1256 "-" "Mozilla/5.0 (Windows NT 6.1; rv:40.0) Gecko/20100101 Firefox/40.0"
93.209.86.150 - - [11/Sep/2015:10:42:27 +0200] "GET /ico/favicon.ico HTTP/1.1" 404 1256 "-" "Mozilla/5.0 (Windows NT 6.1; rv:40.0) Gecko/20100101 Firefox/40.0"
93.209.86.150 - - [11/Sep/2015:10:42:27 +0200] "GET /css/bootstrap.min.css HTTP/1.1" 200 101265 "http://www.dialyse-falkensee.de/" "Mozilla/5.0 (Windows NT 6.1; rv:40.0) Gecko/20100101 Firefox/40.0"
188.165.15.119 - - [11/Sep/2015:11:40:49 +0200] "GET /index.html HTTP/1.1" 200 3274 "-" "Mozilla/5.0 (compatible; AhrefsBot/5.0; +http://ahrefs.com/robot/)"
66.249.78.45 - - [11/Sep/2015:11:49:32 +0200] "GET / HTTP/1.1" 200 3274 "-" "Mozilla/5.0 (compatible; Googlebot/2.1; +http://www.google.com/bot.html)"
88.72.220.90 - - [11/Sep/2015:12:11:50 +0200] "GET / HTTP/1.1" 200 3274 "http://www.google.de/url?sa=t&rct=j&q=&esrc=s&frm=1&source=web&cd=1&ved=0CC8QFjAAahUKEwj_zOfz3u7HAhUJ2RoKHcR3DyY&url=http%3A%2F%2Fwww.dialyse-falkensee.de%2F&usg=AFQjCNECgXXq-DVOeCPbM1zyqacv9mR2gg&bvm=bv.102022582,d.bGQ" "Mozilla/5.0 (compatible; MSIE 10.0; Windows NT 6.2; WOW64; Trident/6.0; Touch; tb-webde/2.6.4; MASEJS)"
88.72.220.90 - - [11/Sep/2015:12:11:50 +0200] "GET /css/bootstrap-responsive.min.css HTTP/1.1" 200 16520 "http://www.dialyse-falkensee.de/" "Mozilla/5.0 (compatible; MSIE 10.0; Windows NT 6.2; WOW64; Trident/6.0; Touch; tb-webde/2.6.4; MASEJS)"
88.72.220.90 - - [11/Sep/2015:12:11:51 +0200] "GET /js/bootstrap.min.js HTTP/1.1" 200 25764 "http://www.dialyse-falkensee.de/" "Mozilla/5.0 (compatible; MSIE 10.0; Windows NT 6.2; WOW64; Trident/6.0; Touch; tb-webde/2.6.4; MASEJS)"
88.72.220.90 - - [11/Sep/2015:12:11:50 +0200] "GET /css/bootstrap.min.css HTTP/1.1" 200 101265 "http://www.dialyse-falkensee.de/" "Mozilla/5.0 (compatible; MSIE 10.0; Windows NT 6.2; WOW64; Trident/6.0; Touch; tb-webde/2.6.4; MASEJS)"
88.72.220.90 - - [11/Sep/2015:12:11:51 +0200] "GET /ico/favicon.ico HTTP/1.1" 404 1256 "-" "Mozilla/5.0 (compatible; MSIE 10.0; Windows NT 6.2; Win64; x64; Trident/6.0; Touch; tb-webde/2.6.4; MASEJS)"
88.72.220.90 - - [11/Sep/2015:12:12:06 +0200] "GET /ico/favicon.ico HTTP/1.1" 404 1256 "-" "Mozilla/5.0 (compatible; MSIE 10.0; Windows NT 6.2; Win64; x64; Trident/6.0; Touch; tb-webde/2.6.4; MASEJS)"
88.72.220.90 - - [11/Sep/2015:12:12:06 +0200] "GET /img/glyphicons-halflings.png HTTP/1.1" 200 12799 "http://www.dialyse-falkensee.de/" "Mozilla/5.0 (compatible; MSIE 10.0; Windows NT 6.2; WOW64; Trident/6.0; Touch; tb-webde/2.6.4; MASEJS)"
88.72.220.90 - - [11/Sep/2015:12:26:35 +0200] "GET /css/bootstrap-responsive.min.css HTTP/1.1" 200 16520 "-" "Mozilla/4.0 (compatible; MSIE 7.0; Windows NT 6.2; WOW64; Trident/6.0; .NET4.0E; .NET4.0C; .NET CLR 3.5.30729; .NET CLR 2.0.50727; .NET CLR 3.0.30729; Tablet PC 2.0; tb-webde/2.6.4; MASEJS; Microsoft Outlook 14.0.7157; ms-office; MSOffice 14)"
178.137.92.63 - - [11/Sep/2015:14:45:34 +0200] "GET / HTTP/1.1" 200 3274 "http://aff.optitrade24.com/click.php?ctag=a787-b13-p" "Mozilla/4.0 (compatible; MSIE 5.5; Windows NT 5.0)"
178.137.92.63 - - [11/Sep/2015:14:45:34 +0200] "GET / HTTP/1.1" 200 3274 "http://allcredits.su/" "Mozilla/4.0 (compatible; MSIE 5.5; Windows 95)"
178.137.92.63 - - [11/Sep/2015:14:45:34 +0200] "GET / HTTP/1.1" 200 3274 "http://aviapanda.ru/" "Mozilla/4.0 (compatible; MSIE 5.5; Windows 95)"
178.137.92.63 - - [11/Sep/2015:14:45:34 +0200] "GET / HTTP/1.1" 200 3274 "http://allcredits.su/" "Mozilla/4.0 (compatible; MSIE 5.5; Windows 95)"
178.137.92.63 - - [11/Sep/2015:14:45:34 +0200] "GET / HTTP/1.1" 200 3274 "http://aviapanda.ru/" "Mozilla/4.0 (compatible; MSIE 5.5; Windows 95)"
178.137.92.63 - - [11/Sep/2015:14:45:34 +0200] "GET / HTTP/1.1" 200 3274 "http://aff.optitrade24.com/click.php?ctag=a787-b13-p" "Mozilla/4.0 (compatible; MSIE 5.5; Windows NT 5.0)"
178.137.92.63 - - [11/Sep/2015:14:45:34 +0200] "GET / HTTP/1.1" 200 3274 "http://carswithmuscles.com/" "Mozilla/4.0 (compatible; MSIE 5.5; Windows 95)"
178.137.92.63 - - [11/Sep/2015:14:45:35 +0200] "GET / HTTP/1.1" 200 3274 "http://allcredits.su/" "Mozilla/4.0 (compatible; MSIE 5.5; Windows 95)"
178.137.92.63 - - [11/Sep/2015:14:45:35 +0200] "GET / HTTP/1.1" 200 3274 "http://aviapanda.ru/" "Mozilla/4.0 (compatible; MSIE 5.5; Windows 95)"
178.137.92.63 - - [11/Sep/2015:14:45:35 +0200] "GET / HTTP/1.1" 200 3274 "http://aff.optitrade24.com/click.php?ctag=a787-b13-p" "Mozilla/4.0 (compatible; MSIE 5.5; Windows NT 5.0)"
178.137.92.63 - - [11/Sep/2015:14:45:35 +0200] "GET / HTTP/1.1" 200 3274 "http://carswithmuscles.com/" "Mozilla/4.0 (compatible; MSIE 5.5; Windows 95)"
178.137.92.63 - - [11/Sep/2015:14:45:35 +0200] "GET / HTTP/1.1" 200 3274 "http://carswithmuscles.com/" "Mozilla/4.0 (compatible; MSIE 5.5; Windows 95)"
178.137.92.63 - - [11/Sep/2015:14:46:46 +0200] "GET / HTTP/1.1" 200 3274 "http://www.valkiria-tk.ru/" "Mozilla/4.0 (compatible; MSIE 6.0; Windows 98; Win 9x 4.90)"
193.175.73.216 - - [11/Sep/2015:15:04:34 +0200] "GET / HTTP/1.1" 200 3274 "https://www.google.de/" "Mozilla/5.0 (Windows NT 5.1) AppleWebKit/537.36 (KHTML, like Gecko) Chrome/45.0.2454.85 Safari/537.36"
193.175.73.216 - - [11/Sep/2015:15:04:34 +0200] "GET /css/bootstrap-responsive.min.css HTTP/1.1" 200 16520 "http://www.dialyse-falkensee.de/" "Mozilla/5.0 (Windows NT 5.1) AppleWebKit/537.36 (KHTML, like Gecko) Chrome/45.0.2454.85 Safari/537.36"
193.175.73.216 - - [11/Sep/2015:15:04:34 +0200] "GET /js/bootstrap.min.js HTTP/1.1" 200 25764 "http://www.dialyse-falkensee.de/" "Mozilla/5.0 (Windows NT 5.1) AppleWebKit/537.36 (KHTML, like Gecko) Chrome/45.0.2454.85 Safari/537.36"
193.175.73.216 - - [11/Sep/2015:15:04:34 +0200] "GET /css/bootstrap.min.css HTTP/1.1" 200 101265 "http://www.dialyse-falkensee.de/" "Mozilla/5.0 (Windows NT 5.1) AppleWebKit/537.36 (KHTML, like Gecko) Chrome/45.0.2454.85 Safari/537.36"
193.175.73.216 - - [11/Sep/2015:15:04:34 +0200] "GET /ico/favicon.ico HTTP/1.1" 404 1256 "http://www.dialyse-falkensee.de/" "Mozilla/5.0 (Windows NT 5.1) AppleWebKit/537.36 (KHTML, like Gecko) Chrome/45.0.2454.85 Safari/537.36"
66.249.69.3 - - [11/Sep/2015:15:56:14 +0200] "GET /robots.txt HTTP/1.1" 404 1256 "-" "Mozilla/5.0 (compatible; Googlebot/2.1; +http://www.google.com/bot.html)"
66.249.69.11 - - [11/Sep/2015:15:56:14 +0200] "GET /css/bootstrap.min.css HTTP/1.1" 200 101265 "-" "Mozilla/5.0 (compatible; Googlebot/2.1; +http://www.google.com/bot.html)"
66.249.69.123 - - [11/Sep/2015:15:56:15 +0200] "GET /css/bootstrap-responsive.min.css HTTP/1.1" 200 16520 "-" "Mozilla/5.0 (compatible; Googlebot/2.1; +http://www.google.com/bot.html)"
188.165.15.15 - - [11/Sep/2015:19:51:09 +0200] "GET /robots.txt HTTP/1.1" 404 1256 "-" "Mozilla/5.0 (compatible; AhrefsBot/5.0; +http://ahrefs.com/robot/)"
157.55.39.166 - - [11/Sep/2015:21:09:05 +0200] "GET /robots.txt HTTP/1.1" 404 1256 "-" "Mozilla/5.0 (compatible; bingbot/2.0; +http://www.bing.com/bingbot.htm)"
157.55.39.166 - - [11/Sep/2015:21:10:39 +0200] "GET / HTTP/1.1" 200 3274 "-" "Mozilla/5.0 (compatible; bingbot/2.0; +http://www.bing.com/bingbot.htm)"
148.251.54.44 - - [12/Sep/2015:04:01:50 +0200] "GET / HTTP/1.1" 200 3274 "-" "Mozilla/5.0 (Macintosh; Intel Mac OS X 10_8_2) AppleWebKit/536.26.17 (KHTML, like Gecko) Version/6.0.2 Safari/536.26.17"
46.229.170.197 - - [12/Sep/2015:08:38:34 +0200] "GET / HTTP/1.1" 200 3274 "-" "Mozilla/5.0 (Macintosh; Intel Mac OS X 10.6; rv:2.0b11pre) Gecko/20110126 Firefox/4.0b11pre"
207.46.13.126 - - [12/Sep/2015:09:23:02 +0200] "GET / HTTP/1.1" 200 3274 "-" "Mozilla/5.0 (compatible; bingbot/2.0; +http://www.bing.com/bingbot.htm)"
188.165.15.119 - - [12/Sep/2015:15:28:27 +0200] "GET / HTTP/1.1" 200 3274 "-" "Mozilla/5.0 (compatible; AhrefsBot/5.0; +http://ahrefs.com/robot/)"
207.46.13.126 - - [12/Sep/2015:17:20:06 +0200] "GET / HTTP/1.1" 200 3274 "-" "Mozilla/5.0 (compatible; bingbot/2.0; +http://www.bing.com/bingbot.htm)"
66.249.79.180 - - [13/Sep/2015:04:40:04 +0200] "GET /robots.txt HTTP/1.1" 404 1256 "-" "Mozilla/5.0 (compatible; Googlebot/2.1; +http://www.google.com/bot.html)"
66.249.79.194 - - [13/Sep/2015:04:40:05 +0200] "GET / HTTP/1.1" 200 3274 "-" "Mozilla/5.0 (compatible; Googlebot/2.1; +http://www.google.com/bot.html)"
207.46.13.126 - - [13/Sep/2015:09:17:53 +0200] "GET / HTTP/1.1" 200 3274 "-" "Mozilla/5.0 (compatible; bingbot/2.0; +http://www.bing.com/bingbot.htm)"
136.243.36.96 - - [13/Sep/2015:09:32:25 +0200] "GET /robots.txt HTTP/1.1" 404 1256 "-" "Mozilla/5.0 (compatible; BLEXBot/1.0; +http://webmeup-crawler.com/)"
136.243.36.96 - - [13/Sep/2015:09:32:25 +0200] "GET /index.html HTTP/1.1" 200 3274 "-" "Mozilla/5.0 (compatible; BLEXBot/1.0; +http://webmeup-crawler.com/)"
136.243.36.96 - - [13/Sep/2015:09:32:37 +0200] "GET /sitemap.xml HTTP/1.1" 404 1256 "-" "Mozilla/5.0 (compatible; BLEXBot/1.0; +http://webmeup-crawler.com/)"
136.243.36.96 - - [13/Sep/2015:09:32:59 +0200] "GET / HTTP/1.1" 200 3274 "-" "Mozilla/5.0 (compatible; BLEXBot/1.0; +http://webmeup-crawler.com/)"
66.249.79.187 - - [13/Sep/2015:10:30:29 +0200] "GET / HTTP/1.1" 200 3274 "-" "Mozilla/5.0 (iPhone; CPU iPhone OS 8_3 like Mac OS X) AppleWebKit/600.1.4 (KHTML, like Gecko) Version/8.0 Mobile/12F70 Safari/600.1.4 (compatible; Googlebot/2.1; +http://www.google.com/bot.html)"
79.226.43.93 - - [13/Sep/2015:15:50:15 +0200] "GET / HTTP/1.1" 200 3274 "http://www.google.de/url?sa=t&rct=j&q=&esrc=s&source=web&cd=12&ved=0CHQQFjALahUKEwjmpuqJkvTHAhWGjSwKHQN4DAg&url=http%3A%2F%2Fwww.dialyse-falkensee.de%2F&usg=AFQjCNECgXXq-DVOeCPbM1zyqacv9mR2gg" "Mozilla/5.0 (Windows NT 6.1; WOW64; Trident/7.0; rv:11.0) like Gecko"
79.226.43.93 - - [13/Sep/2015:15:50:15 +0200] "GET /css/bootstrap-responsive.min.css HTTP/1.1" 200 16520 "http://www.dialyse-falkensee.de/" "Mozilla/5.0 (Windows NT 6.1; WOW64; Trident/7.0; rv:11.0) like Gecko"
79.226.43.93 - - [13/Sep/2015:15:50:15 +0200] "GET /js/bootstrap.min.js HTTP/1.1" 200 25764 "http://www.dialyse-falkensee.de/" "Mozilla/5.0 (Windows NT 6.1; WOW64; Trident/7.0; rv:11.0) like Gecko"
79.226.43.93 - - [13/Sep/2015:15:50:15 +0200] "GET /css/bootstrap.min.css HTTP/1.1" 200 101265 "http://www.dialyse-falkensee.de/" "Mozilla/5.0 (Windows NT 6.1; WOW64; Trident/7.0; rv:11.0) like Gecko"
79.226.43.93 - - [13/Sep/2015:15:50:16 +0200] "GET /ico/favicon.ico HTTP/1.1" 404 1256 "-" "Mozilla/5.0 (Windows NT 6.1; Win64; x64; Trident/7.0; rv:11.0) like Gecko"
79.226.43.93 - - [13/Sep/2015:15:50:16 +0200] "GET /favicon.ico HTTP/1.1" 404 1256 "-" "Mozilla/5.0 (Windows NT 6.1; Win64; x64; Trident/7.0; rv:11.0) like Gecko"
79.226.43.93 - - [13/Sep/2015:15:50:24 +0200] "GET /img/glyphicons-halflings.png HTTP/1.1" 200 12799 "http://www.dialyse-falkensee.de/" "Mozilla/5.0 (Windows NT 6.1; WOW64; Trident/7.0; rv:11.0) like Gecko"
185.53.44.82 - - [13/Sep/2015:17:58:08 +0200] "GET / HTTP/1.1" 200 3274 "-" "Mozilla/5.0 (compatible; XoviBot/2.0; +http://www.xovibot.net/)"
5.9.65.19 - - [13/Sep/2015:20:09:57 +0200] "GET /robots.txt HTTP/1.1" 404 1256 "-" "BacklinkCrawler (http://www.backlinktest.com/crawler.html)"
5.9.65.19 - - [13/Sep/2015:20:09:57 +0200] "GET /sitemap.xml HTTP/1.1" 404 1256 "-" "BacklinkCrawler (http://www.backlinktest.com/crawler.html)"
5.9.65.19 - - [13/Sep/2015:20:09:59 +0200] "GET / HTTP/1.1" 200 3274 "-" "BacklinkCrawler (http://www.backlinktest.com/crawler.html)"
66.249.69.11 - - [14/Sep/2015:02:36:29 +0200] "GET /robots.txt HTTP/1.1" 404 1256 "-" "Mozilla/5.0 (compatible; Googlebot/2.1; +http://www.google.com/bot.html)"
66.249.69.3 - - [14/Sep/2015:02:36:30 +0200] "GET / HTTP/1.1" 200 3274 "-" "Mozilla/5.0 (iPhone; CPU iPhone OS 8_3 like Mac OS X) AppleWebKit/600.1.4 (KHTML, like Gecko) Version/8.0 Mobile/12F70 Safari/600.1.4 (compatible; Googlebot/2.1; +http://www.google.com/bot.html)"
157.55.39.166 - - [14/Sep/2015:05:12:50 +0200] "GET /robots.txt HTTP/1.1" 404 1256 "-" "Mozilla/5.0 (compatible; bingbot/2.0; +http://www.bing.com/bingbot.htm)"
157.55.39.116 - - [14/Sep/2015:09:30:31 +0200] "GET / HTTP/1.1" 200 3274 "-" "Mozilla/5.0 (compatible; bingbot/2.0; +http://www.bing.com/bingbot.htm)"
87.145.212.107 - - [14/Sep/2015:13:29:11 +0200] "GET / HTTP/1.1" 200 3274 "http://m.bigfinder.de/?c=ws&q=service&v=1" "Mozilla/5.0 (Windows; U; Windows NT 6.1; de; rv:1.9.2.8) Gecko/20100722 Firefox/3.6.8 GTB7.1"
66.249.69.123 - - [14/Sep/2015:18:01:49 +0200] "GET /robots.txt HTTP/1.1" 404 1256 "-" "Mozilla/5.0 (compatible; Googlebot/2.1; +http://www.google.com/bot.html)"
66.249.69.3 - - [14/Sep/2015:18:01:49 +0200] "GET / HTTP/1.1" 200 3274 "-" "Mozilla/5.0 (iPhone; CPU iPhone OS 8_3 like Mac OS X) AppleWebKit/600.1.4 (KHTML, like Gecko) Version/8.0 Mobile/12F70 Safari/600.1.4 (compatible; Googlebot/2.1; +http://www.google.com/bot.html)"
66.249.69.11 - - [14/Sep/2015:18:07:48 +0200] "GET /css/bootstrap-responsive.min.css HTTP/1.1" 200 16520 "-" "Mozilla/5.0 (compatible; Googlebot/2.1; +http://www.google.com/bot.html)"
66.249.69.3 - - [14/Sep/2015:18:07:49 +0200] "GET /css/bootstrap.min.css HTTP/1.1" 200 101265 "-" "Mozilla/5.0 (compatible; Googlebot/2.1; +http://www.google.com/bot.html)"
157.55.39.116 - - [14/Sep/2015:22:02:41 +0200] "GET / HTTP/1.1" 200 3274 "-" "Mozilla/5.0 (compatible; bingbot/2.0; +http://www.bing.com/bingbot.htm)"
81.144.138.34 - - [14/Sep/2015:22:08:11 +0200] "GET /robots.txt HTTP/1.1" 404 1256 "-" "Wotbox/2.01 (+http://www.wotbox.com/bot/)"
81.144.138.34 - - [14/Sep/2015:22:08:25 +0200] "GET / HTTP/1.1" 200 3274 "-" "Wotbox/2.01 (+http://www.wotbox.com/bot/)"
104.131.218.216 - - [15/Sep/2015:01:01:05 +0200] "GET /robots.txt HTTP/1.1" 404 1256 "-" "Mozilla/5.0 (compatible; spbot/4.4.2; +http://OpenLinkProfiler.org/bot )"
104.131.218.216 - - [15/Sep/2015:01:01:11 +0200] "GET / HTTP/1.1" 200 3274 "-" "Mozilla/5.0 (compatible; spbot/4.4.2; +http://OpenLinkProfiler.org/bot )"
61.135.189.123 - - [15/Sep/2015:02:12:44 +0200] "GET / HTTP/1.1" 200 3274 "-" "Sogou web spider/4.0(+http://www.sogou.com/docs/help/webmasters.htm#07)"
208.115.113.83 - - [15/Sep/2015:04:50:36 +0200] "GET /robots.txt HTTP/1.1" 404 1256 "-" "Mozilla/5.0 (compatible; DotBot/1.1; http://www.opensiteexplorer.org/dotbot, help@moz.com)"
208.115.113.83 - - [15/Sep/2015:05:33:49 +0200] "GET /index.html HTTP/1.1" 200 3274 "-" "Mozilla/5.0 (compatible; DotBot/1.1; http://www.opensiteexplorer.org/dotbot, help@moz.com)"
66.249.69.3 - - [15/Sep/2015:06:16:23 +0200] "GET /robots.txt HTTP/1.1" 404 1256 "-" "Mozilla/5.0 (compatible; Googlebot/2.1; +http://www.google.com/bot.html)"
66.249.69.3 - - [15/Sep/2015:06:16:23 +0200] "GET / HTTP/1.1" 200 3274 "-" "Mozilla/5.0 (compatible; Googlebot/2.1; +http://www.google.com/bot.html)"
193.175.73.216 - - [15/Sep/2015:08:22:32 +0200] "GET / HTTP/1.1" 200 3274 "https://www.google.de/" "Mozilla/5.0 (Windows NT 5.1) AppleWebKit/537.36 (KHTML, like Gecko) Chrome/45.0.2454.85 Safari/537.36"
193.175.73.216 - - [15/Sep/2015:08:22:32 +0200] "GET /css/bootstrap-responsive.min.css HTTP/1.1" 200 16520 "http://www.dialyse-falkensee.de/" "Mozilla/5.0 (Windows NT 5.1) AppleWebKit/537.36 (KHTML, like Gecko) Chrome/45.0.2454.85 Safari/537.36"
193.175.73.216 - - [15/Sep/2015:08:22:32 +0200] "GET /js/bootstrap.min.js HTTP/1.1" 200 25764 "http://www.dialyse-falkensee.de/" "Mozilla/5.0 (Windows NT 5.1) AppleWebKit/537.36 (KHTML, like Gecko) Chrome/45.0.2454.85 Safari/537.36"
193.175.73.216 - - [15/Sep/2015:08:22:32 +0200] "GET /css/bootstrap.min.css HTTP/1.1" 200 101265 "http://www.dialyse-falkensee.de/" "Mozilla/5.0 (Windows NT 5.1) AppleWebKit/537.36 (KHTML, like Gecko) Chrome/45.0.2454.85 Safari/537.36"
193.175.73.216 - - [15/Sep/2015:08:22:33 +0200] "GET /ico/favicon.ico HTTP/1.1" 404 1256 "http://www.dialyse-falkensee.de/" "Mozilla/5.0 (Windows NT 5.1) AppleWebKit/537.36 (KHTML, like Gecko) Chrome/45.0.2454.85 Safari/537.36"
66.249.69.123 - - [15/Sep/2015:09:25:07 +0200] "GET / HTTP/1.1" 200 3274 "-" "Mozilla/5.0 (compatible; Googlebot/2.1; +http://www.google.com/bot.html)"
157.55.39.116 - - [15/Sep/2015:10:33:08 +0200] "GET / HTTP/1.1" 200 3274 "-" "Mozilla/5.0 (compatible; bingbot/2.0; +http://www.bing.com/bingbot.htm)"
66.249.69.11 - - [15/Sep/2015:11:00:56 +0200] "GET / HTTP/1.1" 200 3274 "-" "Mozilla/5.0 (compatible; Googlebot/2.1; +http://www.google.com/bot.html)"
93.219.249.104 - - [15/Sep/2015:11:31:15 +0200] "GET / HTTP/1.1" 200 3274 "https://www.google.de" "Mozilla/5.0 (Windows NT 6.1; WOW64; rv:40.0) Gecko/20100101 Firefox/40.0"
93.219.249.104 - - [15/Sep/2015:11:31:15 +0200] "GET /css/bootstrap-responsive.min.css HTTP/1.1" 200 16520 "http://www.dialyse-falkensee.de/" "Mozilla/5.0 (Windows NT 6.1; WOW64; rv:40.0) Gecko/20100101 Firefox/40.0"
93.219.249.104 - - [15/Sep/2015:11:31:15 +0200] "GET /js/bootstrap.min.js HTTP/1.1" 200 25764 "http://www.dialyse-falkensee.de/" "Mozilla/5.0 (Windows NT 6.1; WOW64; rv:40.0) Gecko/20100101 Firefox/40.0"
93.219.249.104 - - [15/Sep/2015:11:31:15 +0200] "GET /ico/favicon.ico HTTP/1.1" 404 1256 "-" "Mozilla/5.0 (Windows NT 6.1; WOW64; rv:40.0) Gecko/20100101 Firefox/40.0"
93.219.249.104 - - [15/Sep/2015:11:31:15 +0200] "GET /ico/favicon.ico HTTP/1.1" 404 1256 "-" "Mozilla/5.0 (Windows NT 6.1; WOW64; rv:40.0) Gecko/20100101 Firefox/40.0"
93.219.249.104 - - [15/Sep/2015:11:31:15 +0200] "GET /css/bootstrap.min.css HTTP/1.1" 200 101265 "http://www.dialyse-falkensee.de/" "Mozilla/5.0 (Windows NT 6.1; WOW64; rv:40.0) Gecko/20100101 Firefox/40.0"
93.219.249.104 - - [15/Sep/2015:11:31:35 +0200] "GET /favicon.ico HTTP/1.1" 404 1256 "-" "Mozilla/5.0 (Windows NT 6.1; WOW64; rv:40.0) Gecko/20100101 Firefox/40.0"
93.219.249.104 - - [15/Sep/2015:11:31:35 +0200] "GET /favicon.ico HTTP/1.1" 404 1256 "-" "Mozilla/5.0 (Windows NT 6.1; WOW64; rv:40.0) Gecko/20100101 Firefox/40.0"
62.220.2.102 - - [15/Sep/2015:13:13:05 +0200] "GET / HTTP/1.1" 200 3274 "http://www.google.de/url?sa=t&rct=j&q=&esrc=s&frm=1&source=web&cd=2&cad=rja&uact=8&ved=0CCcQFjABahUKEwi3_NOT9PjHAhUHq3IKHedaAcE&url=http%3A%2F%2Fwww.dialyse-falkensee.de%2F&usg=AFQjCNECgXXq-DVOeCPbM1zyqacv9mR2gg&bvm=bv.102537793,d.bGQ" "Mozilla/5.0 (compatible; MSIE 10.0; Windows NT 6.1; WOW64; Trident/6.0)"
62.220.2.102 - - [15/Sep/2015:13:13:05 +0200] "GET /css/bootstrap-responsive.min.css HTTP/1.1" 200 16520 "http://www.dialyse-falkensee.de/" "Mozilla/5.0 (compatible; MSIE 10.0; Windows NT 6.1; WOW64; Trident/6.0)"
62.220.2.102 - - [15/Sep/2015:13:13:05 +0200] "GET /js/bootstrap.min.js HTTP/1.1" 200 25764 "http://www.dialyse-falkensee.de/" "Mozilla/5.0 (compatible; MSIE 10.0; Windows NT 6.1; WOW64; Trident/6.0)"
62.220.2.102 - - [15/Sep/2015:13:13:05 +0200] "GET /css/bootstrap.min.css HTTP/1.1" 200 101265 "http://www.dialyse-falkensee.de/" "Mozilla/5.0 (compatible; MSIE 10.0; Windows NT 6.1; WOW64; Trident/6.0)"
109.45.0.10 - - [15/Sep/2015:14:29:38 +0200] "GET / HTTP/1.1" 200 3274 "https://www.google.de/" "Mozilla/5.0 (iPhone; CPU iPhone OS 8_4_1 like Mac OS X) AppleWebKit/600.1.4 (KHTML, like Gecko) Version/8.0 Mobile/12H321 Safari/600.1.4"
109.45.0.10 - - [15/Sep/2015:14:29:38 +0200] "GET /css/bootstrap.min.css HTTP/1.1" 200 101265 "http://www.dialyse-falkensee.de/" "Mozilla/5.0 (iPhone; CPU iPhone OS 8_4_1 like Mac OS X) AppleWebKit/600.1.4 (KHTML, like Gecko) Version/8.0 Mobile/12H321 Safari/600.1.4"
109.45.0.10 - - [15/Sep/2015:14:29:38 +0200] "GET /css/bootstrap-responsive.min.css HTTP/1.1" 200 16520 "http://www.dialyse-falkensee.de/" "Mozilla/5.0 (iPhone; CPU iPhone OS 8_4_1 like Mac OS X) AppleWebKit/600.1.4 (KHTML, like Gecko) Version/8.0 Mobile/12H321 Safari/600.1.4"
109.45.0.10 - - [15/Sep/2015:14:29:38 +0200] "GET /js/bootstrap.min.js HTTP/1.1" 200 25764 "http://www.dialyse-falkensee.de/" "Mozilla/5.0 (iPhone; CPU iPhone OS 8_4_1 like Mac OS X) AppleWebKit/600.1.4 (KHTML, like Gecko) Version/8.0 Mobile/12H321 Safari/600.1.4"
109.45.0.10 - - [15/Sep/2015:14:29:38 +0200] "GET /img/glyphicons-halflings.png HTTP/1.1" 200 12799 "http://www.dialyse-falkensee.de/" "Mozilla/5.0 (iPhone; CPU iPhone OS 8_4_1 like Mac OS X) AppleWebKit/600.1.4 (KHTML, like Gecko) Version/8.0 Mobile/12H321 Safari/600.1.4"
193.175.73.217 - - [15/Sep/2015:14:41:59 +0200] "GET / HTTP/1.1" 200 3274 "http://www.google.de/url?sa=t&rct=j&q=&esrc=s&source=web&cd=2&ved=0CCcQFjABahUKEwi7v8mKiPnHAhUK2xoKHT_6CCE&url=http%3A%2F%2Fwww.dialyse-falkensee.de%2F&usg=AFQjCNECgXXq-DVOeCPbM1zyqacv9mR2gg&bvm=bv.102537793,d.bGQ" "Mozilla/5.0 (Windows NT 6.1; WOW64; Trident/7.0; rv:11.0) like Gecko"
193.175.73.217 - - [15/Sep/2015:14:41:59 +0200] "GET /css/bootstrap-responsive.min.css HTTP/1.1" 200 16520 "http://www.dialyse-falkensee.de/" "Mozilla/5.0 (Windows NT 6.1; WOW64; Trident/7.0; rv:11.0) like Gecko"
193.175.73.217 - - [15/Sep/2015:14:41:59 +0200] "GET /js/bootstrap.min.js HTTP/1.1" 200 25764 "http://www.dialyse-falkensee.de/" "Mozilla/5.0 (Windows NT 6.1; WOW64; Trident/7.0; rv:11.0) like Gecko"
193.175.73.217 - - [15/Sep/2015:14:41:59 +0200] "GET /css/bootstrap.min.css HTTP/1.1" 200 101265 "http://www.dialyse-falkensee.de/" "Mozilla/5.0 (Windows NT 6.1; WOW64; Trident/7.0; rv:11.0) like Gecko"
193.175.73.217 - - [15/Sep/2015:14:41:59 +0200] "GET /ico/favicon.ico HTTP/1.1" 404 1256 "-" "Mozilla/5.0 (Windows NT 6.1; WOW64; Trident/7.0; rv:11.0) like Gecko"
193.175.73.217 - - [15/Sep/2015:14:41:59 +0200] "GET /favicon.ico HTTP/1.1" 404 1256 "-" "Mozilla/5.0 (Windows NT 6.1; WOW64; Trident/7.0; rv:11.0) like Gecko"
85.25.202.18 - - [15/Sep/2015:19:36:59 +0200] "GET / HTTP/1.1" 200 3274 "http://www.sumaja.de/?such_wert=dialyse" "Mozilla/5.0 (Windows; U; Windows NT 6.1; de; rv:1.9.2.8) Gecko/20100722 Firefox/3.6.8 GTB7.1"
66.249.69.11 - - [15/Sep/2015:20:35:51 +0200] "GET /robots.txt HTTP/1.1" 404 1256 "-" "Mozilla/5.0 (compatible; Googlebot/2.1; +http://www.google.com/bot.html)"
66.249.69.3 - - [15/Sep/2015:20:35:51 +0200] "GET / HTTP/1.1" 200 3274 "-" "Mozilla/5.0 (compatible; Googlebot/2.1; +http://www.google.com/bot.html)"
157.55.39.230 - - [15/Sep/2015:22:45:21 +0200] "GET / HTTP/1.1" 200 3274 "-" "Mozilla/5.0 (compatible; bingbot/2.0; +http://www.bing.com/bingbot.htm)"
87.146.41.174 - - [15/Sep/2015:23:00:13 +0200] "GET / HTTP/1.1" 200 3274 "http://www.google.de/url?sa=t&rct=j&q=&esrc=s&source=web&cd=1&ved=0CCAQFjAAahUKEwjPnbOw9_nHAhVHhSwKHbbXBYA&url=http%3A%2F%2Fwww.dialyse-falkensee.de%2F&usg=AFQjCNECgXXq-DVOeCPbM1zyqacv9mR2gg&bvm=bv.102829193,d.bGg" "Mozilla/5.0 (Windows NT 6.1; WOW64; Trident/7.0; rv:11.0) like Gecko"
87.146.41.174 - - [15/Sep/2015:23:00:13 +0200] "GET /css/bootstrap-responsive.min.css HTTP/1.1" 200 16520 "http://www.dialyse-falkensee.de/" "Mozilla/5.0 (Windows NT 6.1; WOW64; Trident/7.0; rv:11.0) like Gecko"
87.146.41.174 - - [15/Sep/2015:23:00:13 +0200] "GET /js/bootstrap.min.js HTTP/1.1" 200 25764 "http://www.dialyse-falkensee.de/" "Mozilla/5.0 (Windows NT 6.1; WOW64; Trident/7.0; rv:11.0) like Gecko"
87.146.41.174 - - [15/Sep/2015:23:00:13 +0200] "GET /css/bootstrap.min.css HTTP/1.1" 200 101265 "http://www.dialyse-falkensee.de/" "Mozilla/5.0 (Windows NT 6.1; WOW64; Trident/7.0; rv:11.0) like Gecko"
87.146.41.174 - - [15/Sep/2015:23:00:14 +0200] "GET /ico/favicon.ico HTTP/1.1" 404 1256 "-" "Mozilla/5.0 (Windows NT 6.1; Win64; x64; Trident/7.0; rv:11.0) like Gecko"
87.146.41.174 - - [15/Sep/2015:23:00:14 +0200] "GET /favicon.ico HTTP/1.1" 404 1256 "-" "Mozilla/5.0 (Windows NT 6.1; Win64; x64; Trident/7.0; rv:11.0) like Gecko"
192.0.99.66 - - [15/Sep/2015:23:00:52 +0200] "GET / HTTP/1.1" 200 3274 "-" "Mozilla/5.0 (X11; Linux x86_64; rv:10.0.12) Gecko/20100101 Firefox/21.0 WordPress.com mShots"
192.0.99.66 - - [15/Sep/2015:23:00:52 +0200] "GET /css/bootstrap-responsive.min.css HTTP/1.1" 200 16520 "http://www.dialyse-falkensee.de/" "Mozilla/5.0 (X11; Linux x86_64; rv:10.0.12) Gecko/20100101 Firefox/21.0 WordPress.com mShots"
192.0.99.66 - - [15/Sep/2015:23:00:52 +0200] "GET /css/bootstrap.min.css HTTP/1.1" 200 101265 "http://www.dialyse-falkensee.de/" "Mozilla/5.0 (X11; Linux x86_64; rv:10.0.12) Gecko/20100101 Firefox/21.0 WordPress.com mShots"
192.0.99.66 - - [15/Sep/2015:23:00:53 +0200] "GET /js/bootstrap.min.js HTTP/1.1" 200 25764 "http://www.dialyse-falkensee.de/" "Mozilla/5.0 (X11; Linux x86_64; rv:10.0.12) Gecko/20100101 Firefox/21.0 WordPress.com mShots"
192.0.99.66 - - [15/Sep/2015:23:00:53 +0200] "GET /img/glyphicons-halflings.png HTTP/1.1" 200 12799 "http://www.dialyse-falkensee.de/" "Mozilla/5.0 (X11; Linux x86_64; rv:10.0.12) Gecko/20100101 Firefox/21.0 WordPress.com mShots"
209.15.21.139 - - [15/Sep/2015:23:02:00 +0200] "GET / HTTP/1.1" 200 3274 "-" "Mozilla/5.0 (X11; Linux x86_64; rv:10.0.12) Gecko/20100101 Firefox/21.0 WordPress.com mShots"
209.15.21.139 - - [15/Sep/2015:23:02:01 +0200] "GET /css/bootstrap-responsive.min.css HTTP/1.1" 200 16520 "http://www.dialyse-falkensee.de/" "Mozilla/5.0 (X11; Linux x86_64; rv:10.0.12) Gecko/20100101 Firefox/21.0 WordPress.com mShots"
209.15.21.139 - - [15/Sep/2015:23:02:00 +0200] "GET /css/bootstrap.min.css HTTP/1.1" 200 101265 "http://www.dialyse-falkensee.de/" "Mozilla/5.0 (X11; Linux x86_64; rv:10.0.12) Gecko/20100101 Firefox/21.0 WordPress.com mShots"
209.15.21.139 - - [15/Sep/2015:23:02:01 +0200] "GET /js/bootstrap.min.js HTTP/1.1" 200 25764 "http://www.dialyse-falkensee.de/" "Mozilla/5.0 (X11; Linux x86_64; rv:10.0.12) Gecko/20100101 Firefox/21.0 WordPress.com mShots"
209.15.21.139 - - [15/Sep/2015:23:02:02 +0200] "GET /img/glyphicons-halflings.png HTTP/1.1" 200 12799 "http://www.dialyse-falkensee.de/" "Mozilla/5.0 (X11; Linux x86_64; rv:10.0.12) Gecko/20100101 Firefox/21.0 WordPress.com mShots"
193.252.118.168 - - [16/Sep/2015:01:25:10 +0200] "GET /robots.txt HTTP/1.1" 404 1256 "-" "Mozilla/5.0 (compatible; OrangeBot/2.0; support.orangebot@orange.com)"
193.252.118.168 - - [16/Sep/2015:01:25:12 +0200] "GET / HTTP/1.1" 200 3274 "-" "Mozilla/5.0 (compatible; OrangeBot/2.0; support.orangebot@orange.com)"
66.249.69.123 - - [16/Sep/2015:03:21:11 +0200] "GET / HTTP/1.1" 200 3274 "-" "Mozilla/5.0 (compatible; Googlebot/2.1; +http://www.google.com/bot.html)"
209.249.5.253 - - [16/Sep/2015:06:59:22 +0200] "GET /robots.txt HTTP/1.1" 404 1256 "-" "rogerbot/1.0 (http://moz.com/help/pro/what-is-rogerbot-, rogerbot-wherecat@moz.com)"
209.249.5.253 - - [16/Sep/2015:06:59:23 +0200] "GET / HTTP/1.1" 200 3274 "-" "rogerbot/1.0 (http://moz.com/help/pro/what-is-rogerbot-, rogerbot-wherecat@moz.com)"
209.249.5.253 - - [16/Sep/2015:06:59:25 +0200] "GET /index.html HTTP/1.1" 200 3274 "-" "rogerbot/1.0 (http://moz.com/help/pro/what-is-rogerbot-, rogerbot-wherecat@moz.com)"
66.249.69.3 - - [16/Sep/2015:08:00:25 +0200] "GET / HTTP/1.1" 200 3274 "-" "Mozilla/5.0 (compatible; Googlebot/2.1; +http://www.google.com/bot.html)"
80.190.130.194 - - [16/Sep/2015:09:16:19 +0200] "GET / HTTP/1.1" 200 3274 "http://www.google.de/url?sa=t&rct=j&q=&esrc=s&source=web&cd=2&sqi=2&ved=0CCYQFjABahUKEwjEmYuIgfvHAhVCWiwKHTzDDq4&url=http%3A%2F%2Fwww.dialyse-falkensee.de%2F&usg=AFQjCNECgXXq-DVOeCPbM1zyqacv9mR2gg&bvm=bv.102829193,d.bGg" "Mozilla/5.0 (Windows NT 6.1; WOW64; Trident/7.0; rv:11.0) like Gecko"
80.190.130.194 - - [16/Sep/2015:09:16:19 +0200] "GET /css/bootstrap-responsive.min.css HTTP/1.1" 200 16520 "http://www.dialyse-falkensee.de/" "Mozilla/5.0 (Windows NT 6.1; WOW64; Trident/7.0; rv:11.0) like Gecko"
80.190.130.194 - - [16/Sep/2015:09:16:19 +0200] "GET /js/bootstrap.min.js HTTP/1.1" 200 25764 "http://www.dialyse-falkensee.de/" "Mozilla/5.0 (Windows NT 6.1; WOW64; Trident/7.0; rv:11.0) like Gecko"
80.190.130.194 - - [16/Sep/2015:09:16:19 +0200] "GET /css/bootstrap.min.css HTTP/1.1" 200 101265 "http://www.dialyse-falkensee.de/" "Mozilla/5.0 (Windows NT 6.1; WOW64; Trident/7.0; rv:11.0) like Gecko"
80.190.130.194 - - [16/Sep/2015:09:16:20 +0200] "GET /ico/favicon.ico HTTP/1.1" 404 1256 "-" "Mozilla/5.0 (Windows NT 6.1; WOW64; Trident/7.0; rv:11.0) like Gecko"
80.190.130.194 - - [16/Sep/2015:09:16:20 +0200] "GET /favicon.ico HTTP/1.1" 404 1256 "-" "Mozilla/5.0 (Windows NT 6.1; WOW64; Trident/7.0; rv:11.0) like Gecko"
136.243.89.4 - - [16/Sep/2015:09:21:12 +0200] "GET / HTTP/1.1" 200 3274 "-" "Mozilla/5.0 (Windows; U; Windows NT 6.0; en-US; rv:1.9.0.11) Gecko/2009060215 Firefox/3.0.11"
80.190.130.194 - - [16/Sep/2015:09:23:55 +0200] "GET / HTTP/1.1" 200 3274 "http://www.bing.com/search?q=falkensee%20dialyse&go=Anfrage%20senden&qs=ds&form=QBRE&adlt=strict" "Mozilla/5.0 (Windows NT 6.1; WOW64; Trident/7.0; rv:11.0) like Gecko"
80.190.130.194 - - [16/Sep/2015:09:23:55 +0200] "GET /css/bootstrap-responsive.min.css HTTP/1.1" 200 16520 "http://www.dialyse-falkensee.de/" "Mozilla/5.0 (Windows NT 6.1; WOW64; Trident/7.0; rv:11.0) like Gecko"
80.190.130.194 - - [16/Sep/2015:09:23:55 +0200] "GET /js/bootstrap.min.js HTTP/1.1" 200 25764 "http://www.dialyse-falkensee.de/" "Mozilla/5.0 (Windows NT 6.1; WOW64; Trident/7.0; rv:11.0) like Gecko"
80.190.130.194 - - [16/Sep/2015:09:23:55 +0200] "GET /css/bootstrap.min.css HTTP/1.1" 200 101265 "http://www.dialyse-falkensee.de/" "Mozilla/5.0 (Windows NT 6.1; WOW64; Trident/7.0; rv:11.0) like Gecko"
80.190.130.194 - - [16/Sep/2015:09:23:55 +0200] "GET /ico/favicon.ico HTTP/1.1" 404 1256 "-" "Mozilla/5.0 (Windows NT 6.1; WOW64; Trident/7.0; rv:11.0) like Gecko"
80.190.130.194 - - [16/Sep/2015:09:23:55 +0200] "GET /favicon.ico HTTP/1.1" 404 1256 "-" "Mozilla/5.0 (Windows NT 6.1; WOW64; Trident/7.0; rv:11.0) like Gecko"
182.64.95.202 - - [16/Sep/2015:09:30:58 +0200] "GET / HTTP/1.1" 200 3274 "-" "-"
182.64.95.202 - - [16/Sep/2015:09:30:59 +0200] "GET / HTTP/1.1" 200 3274 "-" "-"
193.175.73.219 - - [16/Sep/2015:09:38:14 +0200] "GET /ico/favicon.ico HTTP/1.1" 404 1256 "http://www.dialyse-falkensee.de/" "Mozilla/5.0 (Windows NT 5.1) AppleWebKit/537.36 (KHTML, like Gecko) Chrome/45.0.2454.93 Safari/537.36"
188.103.70.143 - - [16/Sep/2015:09:53:28 +0200] "GET / HTTP/1.1" 200 3274 "https://www.google.de/" "Mozilla/5.0 (Windows NT 6.1; WOW64) AppleWebKit/537.36 (KHTML, like Gecko) Chrome/45.0.2454.93 Safari/537.36"
188.103.70.143 - - [16/Sep/2015:09:53:28 +0200] "GET /css/bootstrap-responsive.min.css HTTP/1.1" 200 16520 "http://www.dialyse-falkensee.de/" "Mozilla/5.0 (Windows NT 6.1; WOW64) AppleWebKit/537.36 (KHTML, like Gecko) Chrome/45.0.2454.93 Safari/537.36"
188.103.70.143 - - [16/Sep/2015:09:53:28 +0200] "GET /js/bootstrap.min.js HTTP/1.1" 200 25764 "http://www.dialyse-falkensee.de/" "Mozilla/5.0 (Windows NT 6.1; WOW64) AppleWebKit/537.36 (KHTML, like Gecko) Chrome/45.0.2454.93 Safari/537.36"
188.103.70.143 - - [16/Sep/2015:09:53:28 +0200] "GET /css/bootstrap.min.css HTTP/1.1" 200 101265 "http://www.dialyse-falkensee.de/" "Mozilla/5.0 (Windows NT 6.1; WOW64) AppleWebKit/537.36 (KHTML, like Gecko) Chrome/45.0.2454.93 Safari/537.36"
188.103.70.143 - - [16/Sep/2015:09:53:28 +0200] "GET /ico/favicon.ico HTTP/1.1" 404 1256 "http://www.dialyse-falkensee.de/" "Mozilla/5.0 (Windows NT 6.1; WOW64) AppleWebKit/537.36 (KHTML, like Gecko) Chrome/45.0.2454.93 Safari/537.36"
157.55.39.6 - - [16/Sep/2015:10:49:53 +0200] "GET / HTTP/1.1" 200 3274 "-" "Mozilla/5.0 (compatible; bingbot/2.0; +http://www.bing.com/bingbot.htm)"
66.249.69.3 - - [16/Sep/2015:12:02:18 +0200] "GET /robots.txt HTTP/1.1" 404 1256 "-" "Mozilla/5.0 (compatible; Googlebot/2.1; +http://www.google.com/bot.html)"
66.249.69.3 - - [16/Sep/2015:12:02:18 +0200] "GET / HTTP/1.1" 200 3274 "-" "Mozilla/5.0 (compatible; Googlebot/2.1; +http://www.google.com/bot.html)"
66.249.69.11 - - [16/Sep/2015:13:17:10 +0200] "GET / HTTP/1.1" 200 3274 "-" "Mozilla/5.0 (iPhone; CPU iPhone OS 8_3 like Mac OS X) AppleWebKit/600.1.4 (KHTML, like Gecko) Version/8.0 Mobile/12F70 Safari/600.1.4 (compatible; Googlebot/2.1; +http://www.google.com/bot.html)"
79.143.178.116 - - [16/Sep/2015:15:03:16 +0200] "GET /robots.txt HTTP/1.0" 404 1256 "-" "Mozilla/5.0 (compatible; MJ12bot/v1.4.5; http://www.majestic12.co.uk/bot.php?+)"
79.143.178.116 - - [16/Sep/2015:15:03:18 +0200] "GET / HTTP/1.0" 200 3274 "-" "Mozilla/5.0 (compatible; MJ12bot/v1.4.5; http://www.majestic12.co.uk/bot.php?+)"
52.88.140.18 - - [16/Sep/2015:17:26:15 +0200] "GET /wp-login.php HTTP/1.1" 404 1256 "-" "Opera/9.80 (Windows NT 6.0) Presto/2.12.388 Version/12.14"
91.64.81.6 - - [16/Sep/2015:17:46:48 +0200] "GET / HTTP/1.1" 200 3274 "https://www.google.de" "Mozilla/5.0 (Windows NT 6.1; WOW64; rv:40.0) Gecko/20100101 Firefox/40.0"
91.64.81.6 - - [16/Sep/2015:17:46:48 +0200] "GET /css/bootstrap-responsive.min.css HTTP/1.1" 200 16520 "http://www.dialyse-falkensee.de/" "Mozilla/5.0 (Windows NT 6.1; WOW64; rv:40.0) Gecko/20100101 Firefox/40.0"
91.64.81.6 - - [16/Sep/2015:17:46:48 +0200] "GET /js/bootstrap.min.js HTTP/1.1" 200 25764 "http://www.dialyse-falkensee.de/" "Mozilla/5.0 (Windows NT 6.1; WOW64; rv:40.0) Gecko/20100101 Firefox/40.0"
91.64.81.6 - - [16/Sep/2015:17:46:48 +0200] "GET /ico/favicon.ico HTTP/1.1" 404 1256 "-" "Mozilla/5.0 (Windows NT 6.1; WOW64; rv:40.0) Gecko/20100101 Firefox/40.0"
91.64.81.6 - - [16/Sep/2015:17:46:48 +0200] "GET /ico/favicon.ico HTTP/1.1" 404 1256 "-" "Mozilla/5.0 (Windows NT 6.1; WOW64; rv:40.0) Gecko/20100101 Firefox/40.0"
91.64.81.6 - - [16/Sep/2015:17:46:48 +0200] "GET /css/bootstrap.min.css HTTP/1.1" 200 101265 "http://www.dialyse-falkensee.de/" "Mozilla/5.0 (Windows NT 6.1; WOW64; rv:40.0) Gecko/20100101 Firefox/40.0"
157.55.39.6 - - [16/Sep/2015:20:03:40 +0200] "GET /robots.txt HTTP/1.1" 404 1256 "-" "Mozilla/5.0 (compatible; bingbot/2.0; +http://www.bing.com/bingbot.htm)"
157.55.39.6 - - [16/Sep/2015:20:03:46 +0200] "GET /leer.htm HTTP/1.1" 404 1256 "-" "Mozilla/5.0 (compatible; bingbot/2.0; +http://www.bing.com/bingbot.htm)"
151.80.31.145 - - [16/Sep/2015:20:14:24 +0200] "GET /robots.txt HTTP/1.1" 404 1256 "-" "Mozilla/5.0 (compatible; AhrefsBot/5.0; +http://ahrefs.com/robot/)"
