119.63.196.81 - - [01/Sep/2015:00:24:35 +0200] "GET / HTTP/1.1" 200 3274 "-" "Mozilla/5.0 (compatible; Baiduspider/2.0; +http://www.baidu.com/search/spider.html)"
46.118.126.38 - - [01/Sep/2015:00:57:48 +0200] "GET / HTTP/1.1" 200 3274 "http://www.vodaodessa.com/" "Mozilla/4.0 (compatible; MSIE 6.0; Windows NT 5.1; SV1; FunWebProducts; .NET CLR 1.1.4322; PeoplePal 6.2)"
46.118.126.38 - - [01/Sep/2015:00:57:48 +0200] "GET / HTTP/1.1" 200 3274 "http://www.vodaodessa.com/" "Mozilla/4.0 (compatible; MSIE 6.0; Windows NT 5.1; SV1; FunWebProducts; .NET CLR 1.1.4322; PeoplePal 6.2)"
46.118.126.38 - - [01/Sep/2015:00:57:49 +0200] "GET / HTTP/1.1" 200 3274 "http://www.vodaodessa.com/" "Mozilla/4.0 (compatible; MSIE 6.0; Windows NT 5.1; SV1; FunWebProducts; .NET CLR 1.1.4322; PeoplePal 6.2)"
46.118.118.173 - - [01/Sep/2015:03:10:53 +0200] "GET / HTTP/1.1" 200 3274 "http://igrobuy.com/" "Mozilla/4.0 (compatible; MSIE 6.0; Windows NT 5.1) Opera 7.54 [en]"
46.118.118.173 - - [01/Sep/2015:03:10:54 +0200] "GET / HTTP/1.1" 200 3274 "http://igrobuy.com/" "Mozilla/4.0 (compatible; MSIE 6.0; Windows NT 5.1) Opera 7.54 [en]"
87.159.213.31 - - [01/Sep/2015:03:32:04 +0200] "GET / HTTP/1.1" 200 3274 "http://www.bigfinder.de/?c=ws&q=online&v=1" "Mozilla/5.0 (Windows; U; Windows NT 5.1; de; rv:1.9.0.12) Gecko/2009070611 Firefox/3.0.12 GTB7.1 (.NET CLR 3.5.30729)"
119.63.196.51 - - [01/Sep/2015:10:22:05 +0200] "GET / HTTP/1.1" 200 3274 "-" "Mozilla/5.0 (compatible; Baiduspider/2.0; +http://www.baidu.com/search/spider.html)"
157.55.39.171 - - [01/Sep/2015:11:08:28 +0200] "GET /robots.txt HTTP/1.1" 404 1256 "-" "Mozilla/5.0 (compatible; bingbot/2.0; +http://www.bing.com/bingbot.htm)"
157.55.39.171 - - [01/Sep/2015:11:08:33 +0200] "GET / HTTP/1.1" 200 3274 "-" "Mozilla/5.0 (compatible; bingbot/2.0; +http://www.bing.com/bingbot.htm)"
46.118.126.38 - - [01/Sep/2015:12:00:32 +0200] "GET / HTTP/1.1" 200 3274 "http://brianjeanmp.net/tags/" "Opera/9.0 (Windows NT 5.1; U; en)"
46.118.126.38 - - [01/Sep/2015:12:00:32 +0200] "GET / HTTP/1.1" 200 3274 "http://idkredit.com/tags/" "Opera/9.0 (Windows NT 5.1; U; en)"
46.118.126.38 - - [01/Sep/2015:12:00:33 +0200] "GET / HTTP/1.1" 200 3274 "http://brianjeanmp.net/tags/" "Opera/9.0 (Windows NT 5.1; U; en)"
46.118.126.38 - - [01/Sep/2015:12:00:33 +0200] "GET / HTTP/1.1" 200 3274 "http://idkredit.com/tags/" "Opera/9.0 (Windows NT 5.1; U; en)"
46.118.126.38 - - [01/Sep/2015:12:00:34 +0200] "GET / HTTP/1.1" 200 3274 "http://idkredit.com/tags/" "Opera/9.0 (Windows NT 5.1; U; en)"
46.118.126.38 - - [01/Sep/2015:12:00:34 +0200] "GET / HTTP/1.1" 200 3274 "http://brianjeanmp.net/tags/" "Opera/9.0 (Windows NT 5.1; U; en)"
178.137.92.63 - - [01/Sep/2015:15:26:10 +0200] "GET / HTTP/1.1" 200 3274 "http://www.spy-sts.com/" "Opera/7.11 (Windows NT 5.1; U) [en]"
178.137.92.63 - - [01/Sep/2015:15:26:11 +0200] "GET / HTTP/1.1" 200 3274 "http://www.spy-sts.com/" "Opera/7.11 (Windows NT 5.1; U) [en]"
178.137.92.63 - - [01/Sep/2015:15:26:12 +0200] "GET / HTTP/1.1" 200 3274 "http://www.spy-sts.com/" "Opera/7.11 (Windows NT 5.1; U) [en]"
66.249.78.52 - - [01/Sep/2015:15:40:58 +0200] "GET /robots.txt HTTP/1.1" 404 1256 "-" "Mozilla/5.0 (compatible; Googlebot/2.1; +http://www.google.com/bot.html)"
66.249.78.52 - - [01/Sep/2015:15:40:58 +0200] "GET / HTTP/1.1" 200 3274 "-" "Mozilla/5.0 (compatible; Googlebot/2.1; +http://www.google.com/bot.html)"
217.231.146.114 - - [01/Sep/2015:16:03:36 +0200] "GET / HTTP/1.1" 200 3274 "https://www.google.de" "Mozilla/5.0 (Windows NT 6.1; WOW64; rv:40.0) Gecko/20100101 Firefox/40.0"
217.231.146.114 - - [01/Sep/2015:16:03:36 +0200] "GET /css/bootstrap-responsive.min.css HTTP/1.1" 200 16520 "http://www.dialyse-falkensee.de/" "Mozilla/5.0 (Windows NT 6.1; WOW64; rv:40.0) Gecko/20100101 Firefox/40.0"
217.231.146.114 - - [01/Sep/2015:16:03:36 +0200] "GET /js/bootstrap.min.js HTTP/1.1" 200 25764 "http://www.dialyse-falkensee.de/" "Mozilla/5.0 (Windows NT 6.1; WOW64; rv:40.0) Gecko/20100101 Firefox/40.0"
217.231.146.114 - - [01/Sep/2015:16:03:36 +0200] "GET /ico/favicon.ico HTTP/1.1" 404 1256 "-" "Mozilla/5.0 (Windows NT 6.1; WOW64; rv:40.0) Gecko/20100101 Firefox/40.0"
217.231.146.114 - - [01/Sep/2015:16:03:36 +0200] "GET /ico/favicon.ico HTTP/1.1" 404 1256 "-" "Mozilla/5.0 (Windows NT 6.1; WOW64; rv:40.0) Gecko/20100101 Firefox/40.0"
217.231.146.114 - - [01/Sep/2015:16:03:36 +0200] "GET /css/bootstrap.min.css HTTP/1.1" 200 101265 "http://www.dialyse-falkensee.de/" "Mozilla/5.0 (Windows NT 6.1; WOW64; rv:40.0) Gecko/20100101 Firefox/40.0"
157.55.39.191 - - [01/Sep/2015:19:56:21 +0200] "GET /robots.txt HTTP/1.1" 404 1256 "-" "Mozilla/5.0 (compatible; bingbot/2.0; +http://www.bing.com/bingbot.htm)"
188.165.15.29 - - [01/Sep/2015:19:58:10 +0200] "GET / HTTP/1.1" 200 3274 "-" "Mozilla/5.0 (compatible; AhrefsBot/5.0; +http://ahrefs.com/robot/)"
66.249.78.52 - - [01/Sep/2015:20:28:33 +0200] "GET / HTTP/1.1" 200 3274 "-" "Mozilla/5.0 (iPhone; CPU iPhone OS 8_3 like Mac OS X) AppleWebKit/600.1.4 (KHTML, like Gecko) Version/8.0 Mobile/12F70 Safari/600.1.4 (compatible; Googlebot/2.1; +http://www.google.com/bot.html)"
46.118.118.173 - - [01/Sep/2015:21:32:38 +0200] "GET / HTTP/1.1" 200 3274 "http://avtomatoff.com/" "Mozilla/4.0 (compatible; MSIE 6.0; Windows NT 5.1; SV1; .NET CLR 1.1.4322; XMPP Tiscali Communicator v.10.0.2; .NET CLR 2.0.50727)"
46.118.118.173 - - [01/Sep/2015:21:32:39 +0200] "GET / HTTP/1.1" 200 3274 "http://avtomatoff.com/" "Mozilla/4.0 (compatible; MSIE 6.0; Windows NT 5.1; SV1; .NET CLR 1.1.4322; XMPP Tiscali Communicator v.10.0.2; .NET CLR 2.0.50727)"
46.118.118.173 - - [01/Sep/2015:21:32:39 +0200] "GET / HTTP/1.1" 200 3274 "http://avtomatoff.com/" "Mozilla/4.0 (compatible; MSIE 6.0; Windows NT 5.1; SV1; .NET CLR 1.1.4322; XMPP Tiscali Communicator v.10.0.2; .NET CLR 2.0.50727)"
157.55.39.171 - - [01/Sep/2015:23:51:03 +0200] "GET /robots.txt HTTP/1.1" 404 1256 "-" "Mozilla/5.0 (compatible; bingbot/2.0; +http://www.bing.com/bingbot.htm)"
119.63.196.110 - - [02/Sep/2015:00:27:43 +0200] "GET / HTTP/1.1" 200 3274 "-" "Mozilla/5.0 (compatible; Baiduspider/2.0; +http://www.baidu.com/search/spider.html)"
188.165.15.10 - - [02/Sep/2015:02:02:02 +0200] "GET /robots.txt HTTP/1.1" 404 1256 "-" "Mozilla/5.0 (compatible; AhrefsBot/5.0; +http://ahrefs.com/robot/)"
157.55.39.190 - - [02/Sep/2015:02:37:05 +0200] "GET /robots.txt HTTP/1.1" 404 1256 "-" "Mozilla/5.0 (compatible; bingbot/2.0; +http://www.bing.com/bingbot.htm)"
46.118.118.173 - - [02/Sep/2015:04:03:20 +0200] "GET / HTTP/1.1" 200 3274 "http://avtointeres.ru/" "Mozilla/4.0 (compatible; MSIE 6.0; Windows NT 5.2; SV1; .NET CLR 1.1.4322; .NET CLR 2.0.50727)"
46.118.118.173 - - [02/Sep/2015:04:03:21 +0200] "GET / HTTP/1.1" 200 3274 "http://avtointeres.ru/" "Mozilla/4.0 (compatible; MSIE 6.0; Windows NT 5.2; SV1; .NET CLR 1.1.4322; .NET CLR 2.0.50727)"
46.118.118.173 - - [02/Sep/2015:04:03:21 +0200] "GET / HTTP/1.1" 200 3274 "http://avtointeres.ru/" "Mozilla/4.0 (compatible; MSIE 6.0; Windows NT 5.2; SV1; .NET CLR 1.1.4322; .NET CLR 2.0.50727)"
157.55.39.171 - - [02/Sep/2015:04:39:50 +0200] "GET /robots.txt HTTP/1.1" 404 1256 "-" "Mozilla/5.0 (compatible; bingbot/2.0; +http://www.bing.com/bingbot.htm)"
157.55.39.187 - - [02/Sep/2015:04:40:32 +0200] "GET / HTTP/1.1" 200 3274 "-" "Mozilla/5.0 (compatible; bingbot/2.0; +http://www.bing.com/bingbot.htm)"
87.123.79.46 - - [02/Sep/2015:08:45:27 +0200] "GET / HTTP/1.1" 200 3274 "https://www.google.de/" "Mozilla/5.0 (Windows NT 6.1; Win64; x64) AppleWebKit/537.36 (KHTML, like Gecko) Chrome/44.0.2403.157 Safari/537.36"
87.123.79.46 - - [02/Sep/2015:08:45:27 +0200] "GET /css/bootstrap-responsive.min.css HTTP/1.1" 200 16520 "http://www.dialyse-falkensee.de/" "Mozilla/5.0 (Windows NT 6.1; Win64; x64) AppleWebKit/537.36 (KHTML, like Gecko) Chrome/44.0.2403.157 Safari/537.36"
87.123.79.46 - - [02/Sep/2015:08:45:27 +0200] "GET /js/bootstrap.min.js HTTP/1.1" 200 25764 "http://www.dialyse-falkensee.de/" "Mozilla/5.0 (Windows NT 6.1; Win64; x64) AppleWebKit/537.36 (KHTML, like Gecko) Chrome/44.0.2403.157 Safari/537.36"
87.123.79.46 - - [02/Sep/2015:08:45:27 +0200] "GET /css/bootstrap.min.css HTTP/1.1" 200 101265 "http://www.dialyse-falkensee.de/" "Mozilla/5.0 (Windows NT 6.1; Win64; x64) AppleWebKit/537.36 (KHTML, like Gecko) Chrome/44.0.2403.157 Safari/537.36"
87.123.79.46 - - [02/Sep/2015:08:45:27 +0200] "GET /ico/favicon.ico HTTP/1.1" 404 1256 "http://www.dialyse-falkensee.de/" "Mozilla/5.0 (Windows NT 6.1; Win64; x64) AppleWebKit/537.36 (KHTML, like Gecko) Chrome/44.0.2403.157 Safari/537.36"
119.63.196.110 - - [02/Sep/2015:10:27:19 +0200] "GET / HTTP/1.1" 200 3274 "-" "Mozilla/5.0 (compatible; Baiduspider/2.0; +http://www.baidu.com/search/spider.html)"
207.46.13.52 - - [02/Sep/2015:12:38:59 +0200] "GET /robots.txt HTTP/1.1" 404 1256 "-" "Mozilla/5.0 (compatible; bingbot/2.0; +http://www.bing.com/bingbot.htm)"
207.46.13.52 - - [02/Sep/2015:12:41:33 +0200] "GET / HTTP/1.1" 200 3274 "-" "Mozilla/5.0 (compatible; bingbot/2.0; +http://www.bing.com/bingbot.htm)"
46.185.117.31 - - [02/Sep/2015:13:21:18 +0200] "GET / HTTP/1.1" 200 3274 "https://mister-shop.com/" "Mozilla/4.0 (compatible; MSIE 6.0; Windows XP)"
46.185.117.31 - - [02/Sep/2015:13:21:19 +0200] "GET / HTTP/1.1" 200 3274 "https://mister-shop.com/" "Mozilla/4.0 (compatible; MSIE 6.0; Windows XP)"
46.185.117.31 - - [02/Sep/2015:13:21:19 +0200] "GET / HTTP/1.1" 200 3274 "https://mister-shop.com/" "Mozilla/4.0 (compatible; MSIE 6.0; Windows XP)"
66.249.78.52 - - [02/Sep/2015:13:58:12 +0200] "GET /robots.txt HTTP/1.1" 404 1256 "-" "Mozilla/5.0 (compatible; Googlebot/2.1; +http://www.google.com/bot.html)"
66.249.78.52 - - [02/Sep/2015:13:58:12 +0200] "GET / HTTP/1.1" 200 3274 "-" "Mozilla/5.0 (compatible; Googlebot/2.1; +http://www.google.com/bot.html)"
217.89.54.98 - - [02/Sep/2015:14:20:39 +0200] "GET / HTTP/1.1" 200 3274 "http://www.blnp.de/index.php?id=51" "Mozilla/5.0 (Windows NT 6.1; WOW64; rv:40.0) Gecko/20100101 Firefox/40.0"
217.89.54.98 - - [02/Sep/2015:14:20:39 +0200] "GET /ico/favicon.ico HTTP/1.1" 404 1256 "-" "Mozilla/5.0 (Windows NT 6.1; WOW64; rv:40.0) Gecko/20100101 Firefox/40.0"
217.89.54.98 - - [02/Sep/2015:14:20:39 +0200] "GET /css/bootstrap-responsive.min.css HTTP/1.1" 200 16520 "http://www.dialyse-falkensee.de/" "Mozilla/5.0 (Windows NT 6.1; WOW64; rv:40.0) Gecko/20100101 Firefox/40.0"
217.89.54.98 - - [02/Sep/2015:14:20:39 +0200] "GET /js/bootstrap.min.js HTTP/1.1" 200 25764 "http://www.dialyse-falkensee.de/" "Mozilla/5.0 (Windows NT 6.1; WOW64; rv:40.0) Gecko/20100101 Firefox/40.0"
217.89.54.98 - - [02/Sep/2015:14:20:39 +0200] "GET /css/bootstrap.min.css HTTP/1.1" 200 101265 "http://www.dialyse-falkensee.de/" "Mozilla/5.0 (Windows NT 6.1; WOW64; rv:40.0) Gecko/20100101 Firefox/40.0"
217.89.54.98 - - [02/Sep/2015:14:20:39 +0200] "GET /ico/favicon.ico HTTP/1.1" 404 1256 "-" "Mozilla/5.0 (Windows NT 6.1; WOW64; rv:40.0) Gecko/20100101 Firefox/40.0"
178.137.92.63 - - [02/Sep/2015:15:02:03 +0200] "GET / HTTP/1.1" 200 3274 "http://pornogig.com/" "Mozilla/4.0 (compatible; MSIE 5.5; Windows NT 5.0)"
178.137.92.63 - - [02/Sep/2015:15:02:03 +0200] "GET / HTTP/1.1" 200 3274 "http://video-woman.com/" "Mozilla/5.0 (Windows NT 5.1; U; en) Opera 8.00"
178.137.92.63 - - [02/Sep/2015:15:02:04 +0200] "GET / HTTP/1.1" 200 3274 "http://pornogig.com/" "Mozilla/4.0 (compatible; MSIE 5.5; Windows NT 5.0)"
178.137.92.63 - - [02/Sep/2015:15:02:04 +0200] "GET / HTTP/1.1" 200 3274 "http://video-woman.com/" "Mozilla/5.0 (Windows NT 5.1; U; en) Opera 8.00"
66.249.78.59 - - [02/Sep/2015:15:36:44 +0200] "GET / HTTP/1.1" 200 3274 "-" "Mozilla/5.0 (compatible; Googlebot/2.1; +http://www.google.com/bot.html)"
66.249.78.59 - - [02/Sep/2015:18:12:57 +0200] "GET / HTTP/1.1" 200 3274 "-" "Mozilla/5.0 (compatible; Googlebot/2.1; +http://www.google.com/bot.html)"
66.249.78.45 - - [02/Sep/2015:18:47:31 +0200] "GET / HTTP/1.1" 200 3274 "-" "Mozilla/5.0 (iPhone; CPU iPhone OS 8_3 like Mac OS X) AppleWebKit/600.1.4 (KHTML, like Gecko) Version/8.0 Mobile/12F70 Safari/600.1.4 (compatible; Googlebot/2.1; +http://www.google.com/bot.html)"
66.249.78.59 - - [02/Sep/2015:19:16:34 +0200] "GET /css/bootstrap-responsive.min.css HTTP/1.1" 200 16520 "-" "Mozilla/5.0 (compatible; Googlebot/2.1; +http://www.google.com/bot.html)"
178.137.92.63 - - [02/Sep/2015:19:41:43 +0200] "GET / HTTP/1.1" 200 3274 "https://www.eshop.md/" "Mozilla/4.0 (compatible; MSIE 6.0; MSIE 5.5; Windows NT 5.0) Opera 7.02 Bork-edition [en]"
178.137.92.63 - - [02/Sep/2015:19:41:44 +0200] "GET / HTTP/1.1" 200 3274 "https://www.eshop.md/" "Mozilla/4.0 (compatible; MSIE 6.0; MSIE 5.5; Windows NT 5.0) Opera 7.02 Bork-edition [en]"
178.137.92.63 - - [02/Sep/2015:19:41:45 +0200] "GET / HTTP/1.1" 200 3274 "https://www.eshop.md/" "Mozilla/4.0 (compatible; MSIE 6.0; MSIE 5.5; Windows NT 5.0) Opera 7.02 Bork-edition [en]"
66.249.78.45 - - [02/Sep/2015:23:15:42 +0200] "GET / HTTP/1.1" 200 3274 "-" "Mozilla/5.0 (compatible; Googlebot/2.1; +http://www.google.com/bot.html)"
109.87.164.24 - - [03/Sep/2015:00:26:34 +0200] "GET / HTTP/1.1" 200 3274 "http://www.dialyse-falkensee.de" "Mozilla/5.0 (Windows NT 6.1; WOW64) AppleWebKit/537.36 (KHTML, like Gecko) Chrome/33.0.1750.154 Safari/537.36"
119.63.196.80 - - [03/Sep/2015:00:27:49 +0200] "GET / HTTP/1.1" 200 3274 "-" "Mozilla/5.0 (compatible; Baiduspider/2.0; +http://www.baidu.com/search/spider.html)"
46.118.118.173 - - [03/Sep/2015:01:38:48 +0200] "GET / HTTP/1.1" 200 3274 "http://portal-eu.ru/" "Mozilla/4.61 [en] (X11; U; ) - BrowseX (2.0.0 Windows)"
46.118.118.173 - - [03/Sep/2015:01:38:49 +0200] "GET / HTTP/1.1" 200 3274 "http://portal-eu.ru/" "Mozilla/4.61 [en] (X11; U; ) - BrowseX (2.0.0 Windows)"
46.118.118.173 - - [03/Sep/2015:01:38:50 +0200] "GET / HTTP/1.1" 200 3274 "http://portal-eu.ru/" "Mozilla/4.61 [en] (X11; U; ) - BrowseX (2.0.0 Windows)"
46.118.126.38 - - [03/Sep/2015:07:23:49 +0200] "GET / HTTP/1.1" 200 3274 "http://canadianmedicaments.com/" "Mozilla/4.0 (compatible; MSIE 6.0; Windows NT 5.1; .NET CLR 1.1.4322; Alexa Toolbar; (R1 1.5))"
46.118.126.38 - - [03/Sep/2015:07:23:49 +0200] "GET / HTTP/1.1" 200 3274 "http://canadianmedicaments.com/" "Mozilla/4.0 (compatible; MSIE 6.0; Windows NT 5.1; .NET CLR 1.1.4322; Alexa Toolbar; (R1 1.5))"
46.118.126.38 - - [03/Sep/2015:07:23:50 +0200] "GET / HTTP/1.1" 200 3274 "http://canadianmedicaments.com/" "Mozilla/4.0 (compatible; MSIE 6.0; Windows NT 5.1; .NET CLR 1.1.4322; Alexa Toolbar; (R1 1.5))"
119.63.196.9 - - [03/Sep/2015:10:23:05 +0200] "GET / HTTP/1.1" 200 3274 "-" "Mozilla/5.0 (compatible; Baiduspider/2.0; +http://www.baidu.com/search/spider.html)"
46.118.118.173 - - [03/Sep/2015:12:21:56 +0200] "GET / HTTP/1.1" 200 3274 "http://prof-edinstvo.ru/" "Mozilla/4.0 (compatible; MSIE 6.0; AOL 9.0; Windows NT 5.1)"
46.118.118.173 - - [03/Sep/2015:12:21:57 +0200] "GET / HTTP/1.1" 200 3274 "http://prof-edinstvo.ru/" "Mozilla/4.0 (compatible; MSIE 6.0; AOL 9.0; Windows NT 5.1)"
91.65.70.190 - - [03/Sep/2015:15:42:48 +0200] "GET / HTTP/1.1" 200 3274 "http://r.search.yahoo.com/_ylt=A9mSs2kkTuhV_DIAHTYzCQx.;_ylu=X3oDMTByaW11dnNvBGNvbG8DaXIyBHBvcwMxBHZ0aWQDBHNlYwNzcg--/RV=2/RE=1441316517/RO=10/RU=http%3a%2f%2fwww.dialyse-falkensee.de%2f/RK=0/RS=6Vby_iN5RvmJ_bK8v7gycS4TKos-" "Mozilla/5.0 (Windows NT 6.3; WOW64; Trident/7.0; Touch; rv:11.0) like Gecko"
91.65.70.190 - - [03/Sep/2015:15:42:48 +0200] "GET /css/bootstrap-responsive.min.css HTTP/1.1" 200 16520 "http://www.dialyse-falkensee.de/" "Mozilla/5.0 (Windows NT 6.3; WOW64; Trident/7.0; Touch; rv:11.0) like Gecko"
91.65.70.190 - - [03/Sep/2015:15:42:48 +0200] "GET /js/bootstrap.min.js HTTP/1.1" 200 25764 "http://www.dialyse-falkensee.de/" "Mozilla/5.0 (Windows NT 6.3; WOW64; Trident/7.0; Touch; rv:11.0) like Gecko"
91.65.70.190 - - [03/Sep/2015:15:42:48 +0200] "GET /css/bootstrap.min.css HTTP/1.1" 200 101265 "http://www.dialyse-falkensee.de/" "Mozilla/5.0 (Windows NT 6.3; WOW64; Trident/7.0; Touch; rv:11.0) like Gecko"
91.65.70.190 - - [03/Sep/2015:15:42:49 +0200] "GET /ico/favicon.ico HTTP/1.1" 404 1256 "-" "Mozilla/5.0 (Windows NT 6.3; Win64; x64; Trident/7.0; Touch; rv:11.0) like Gecko"
91.65.70.190 - - [03/Sep/2015:15:42:50 +0200] "GET /favicon.ico HTTP/1.1" 404 1256 "-" "Mozilla/5.0 (Windows NT 6.3; Win64; x64; Trident/7.0; Touch; rv:11.0) like Gecko"
91.65.70.190 - - [03/Sep/2015:15:43:17 +0200] "GET /ico/favicon.ico HTTP/1.1" 404 1256 "-" "Mozilla/5.0 (Windows NT 6.3; Win64; x64; Trident/7.0; Touch; rv:11.0) like Gecko"
91.65.70.190 - - [03/Sep/2015:15:43:17 +0200] "GET /favicon.ico HTTP/1.1" 404 1256 "-" "Mozilla/5.0 (Windows NT 6.3; Win64; x64; Trident/7.0; Touch; rv:11.0) like Gecko"
46.118.126.38 - - [03/Sep/2015:16:08:25 +0200] "GET / HTTP/1.1" 200 3274 "http://slonechka.ru/" "Mozilla/4.0 (compatible; MSIE 6.0; Windows NT 5.0; T312461)"
46.118.126.38 - - [03/Sep/2015:16:08:25 +0200] "GET / HTTP/1.1" 200 3274 "http://slonechka.ru/" "Mozilla/4.0 (compatible; MSIE 6.0; Windows NT 5.0; T312461)"
46.118.126.38 - - [03/Sep/2015:16:08:25 +0200] "GET / HTTP/1.1" 200 3274 "http://slonechka.ru/" "Mozilla/4.0 (compatible; MSIE 6.0; Windows NT 5.0; T312461)"
207.46.13.52 - - [03/Sep/2015:18:06:38 +0200] "GET / HTTP/1.1" 200 3274 "-" "Mozilla/5.0 (compatible; bingbot/2.0; +http://www.bing.com/bingbot.htm)"
93.219.227.76 - - [03/Sep/2015:19:31:00 +0200] "GET / HTTP/1.1" 200 3274 "https://www.google.de/" "Mozilla/5.0 (iPad; CPU OS 8_3 like Mac OS X) AppleWebKit/600.1.4 (KHTML, like Gecko) Version/8.0 Mobile/12F69 Safari/600.1.4"
93.219.227.76 - - [03/Sep/2015:19:31:00 +0200] "GET /css/bootstrap-responsive.min.css HTTP/1.1" 200 16520 "http://www.dialyse-falkensee.de/" "Mozilla/5.0 (iPad; CPU OS 8_3 like Mac OS X) AppleWebKit/600.1.4 (KHTML, like Gecko) Version/8.0 Mobile/12F69 Safari/600.1.4"
93.219.227.76 - - [03/Sep/2015:19:31:00 +0200] "GET /js/bootstrap.min.js HTTP/1.1" 200 25764 "http://www.dialyse-falkensee.de/" "Mozilla/5.0 (iPad; CPU OS 8_3 like Mac OS X) AppleWebKit/600.1.4 (KHTML, like Gecko) Version/8.0 Mobile/12F69 Safari/600.1.4"
93.219.227.76 - - [03/Sep/2015:19:31:00 +0200] "GET /css/bootstrap.min.css HTTP/1.1" 200 101265 "http://www.dialyse-falkensee.de/" "Mozilla/5.0 (iPad; CPU OS 8_3 like Mac OS X) AppleWebKit/600.1.4 (KHTML, like Gecko) Version/8.0 Mobile/12F69 Safari/600.1.4"
148.251.124.42 - - [03/Sep/2015:22:01:32 +0200] "GET / HTTP/1.1" 200 3274 "-" "Mozilla/5.0 (Windows NT 6.2; WOW64) AppleWebKit/537.31 (KHTML, like Gecko) Chrome/26.0.1410.58 Safari/537.31"
178.137.92.63 - - [03/Sep/2015:23:52:42 +0200] "GET / HTTP/1.1" 200 3274 "http://katushka.net/" "Mozilla/4.0 (compatible; MSIE 7.0b; Windows NT 6.0)"
178.137.92.63 - - [03/Sep/2015:23:52:42 +0200] "GET / HTTP/1.1" 200 3274 "http://katushka.net/" "Mozilla/4.0 (compatible; MSIE 7.0b; Windows NT 6.0)"
119.63.196.77 - - [04/Sep/2015:00:25:36 +0200] "GET / HTTP/1.1" 200 3274 "-" "Mozilla/5.0 (compatible; Baiduspider/2.0; +http://www.baidu.com/search/spider.html)"
46.118.126.38 - - [04/Sep/2015:02:42:52 +0200] "GET / HTTP/1.1" 200 3274 "http://cobaltpro.ru/" "Mozilla/4.0 (compatible; MSIE 6.0; Windows NT 5.1; MRA 4.6 (build 01425))"
46.118.126.38 - - [04/Sep/2015:02:42:52 +0200] "GET / HTTP/1.1" 200 3274 "http://chcu.net/porno-video-2015/" "Mozilla/4.0 (compatible; MSIE 6.0; Windows NT 5.1; MRA 4.6 (build 01425))"
46.118.126.38 - - [04/Sep/2015:02:42:52 +0200] "GET / HTTP/1.1" 200 3274 "http://cobaltpro.ru/" "Mozilla/4.0 (compatible; MSIE 6.0; Windows NT 5.1; MRA 4.6 (build 01425))"
46.118.126.38 - - [04/Sep/2015:02:42:52 +0200] "GET / HTTP/1.1" 200 3274 "http://chcu.net/porno-video-2015/" "Mozilla/4.0 (compatible; MSIE 6.0; Windows NT 5.1; MRA 4.6 (build 01425))"
46.118.126.38 - - [04/Sep/2015:02:42:53 +0200] "GET / HTTP/1.1" 200 3274 "http://cobaltpro.ru/" "Mozilla/4.0 (compatible; MSIE 6.0; Windows NT 5.1; MRA 4.6 (build 01425))"
46.118.126.38 - - [04/Sep/2015:02:42:53 +0200] "GET / HTTP/1.1" 200 3274 "http://chcu.net/porno-video-2015/" "Mozilla/4.0 (compatible; MSIE 6.0; Windows NT 5.1; MRA 4.6 (build 01425))"
46.118.118.173 - - [04/Sep/2015:06:35:42 +0200] "GET / HTTP/1.1" 200 3274 "http://netpics.org/" "Mozilla/4.0 (compatible; MSIE 6.0; Windows NT 5.1; MyIE2; Deepnet Explorer)"
66.249.67.86 - - [04/Sep/2015:06:55:32 +0200] "GET /robots.txt HTTP/1.1" 404 1256 "-" "Mozilla/5.0 (compatible; Googlebot/2.1; +http://www.google.com/bot.html)"
66.249.78.59 - - [04/Sep/2015:06:55:32 +0200] "GET /favicon.ico HTTP/1.1" 404 1256 "-" "Googlebot-Image/1.0"
207.46.13.52 - - [04/Sep/2015:08:06:56 +0200] "GET /robots.txt HTTP/1.1" 404 1256 "-" "Mozilla/5.0 (compatible; bingbot/2.0; +http://www.bing.com/bingbot.htm)"
207.46.13.52 - - [04/Sep/2015:08:07:02 +0200] "GET / HTTP/1.1" 200 3274 "-" "Mozilla/5.0 (compatible; bingbot/2.0; +http://www.bing.com/bingbot.htm)"
64.246.161.190 - - [04/Sep/2015:08:43:51 +0200] "GET /robots.txt HTTP/1.0" 404 1256 "-" "Mozilla/5.0 (Windows; U; Windows NT 5.1; en; rv:1.9.0.13) Gecko/2009073022 Firefox/3.5.2 (.NET CLR 3.5.30729) SurveyBot/2.3 (DomainTools)"
64.246.161.190 - - [04/Sep/2015:08:43:51 +0200] "GET / HTTP/1.1" 200 3274 "http://whois.domaintools.com/dialyse-falkensee.de" "Mozilla/5.0 (Windows; U; Windows NT 5.1; en; rv:1.9.0.13) Gecko/2009073022 Firefox/3.5.2 (.NET CLR 3.5.30729) SurveyBot/2.3 (DomainTools)"
207.182.140.214 - - [04/Sep/2015:10:50:53 +0200] "GET / HTTP/1.1" 200 3274 "-" "Mozilla/5.0 (Windows NT 6.1; Win64; x64) KomodiaBot/1.0"
66.249.78.45 - - [04/Sep/2015:12:44:49 +0200] "GET /ico/favicon.ico HTTP/1.1" 404 1256 "-" "Googlebot-Image/1.0"
46.118.118.173 - - [04/Sep/2015:13:15:46 +0200] "GET / HTTP/1.1" 200 3274 "http://ify.ru/" "Mozilla/4.0 (compatible; MSIE 6.0; Windows NT 5.1; MyIE2; Deepnet Explorer)"
46.118.118.173 - - [04/Sep/2015:13:15:46 +0200] "GET / HTTP/1.1" 200 3274 "http://ify.ru/" "Mozilla/4.0 (compatible; MSIE 6.0; Windows NT 5.1; MyIE2; Deepnet Explorer)"
46.118.118.173 - - [04/Sep/2015:13:15:47 +0200] "GET / HTTP/1.1" 200 3274 "http://ify.ru/" "Mozilla/4.0 (compatible; MSIE 6.0; Windows NT 5.1; MyIE2; Deepnet Explorer)"
217.69.133.223 - - [04/Sep/2015:18:43:29 +0200] "GET /robots.txt HTTP/1.0" 404 1256 "-" "Mozilla/5.0 (compatible; Linux x86_64; Mail.RU_Bot/2.0; +http://go.mail.ru/help/robots)"
217.69.133.220 - - [04/Sep/2015:18:43:30 +0200] "GET / HTTP/1.1" 200 3274 "-" "Mozilla/5.0 (compatible; Linux x86_64; Mail.RU_Bot/2.0; +http://go.mail.ru/help/robots)"
66.249.78.45 - - [04/Sep/2015:19:56:14 +0200] "GET /robots.txt HTTP/1.1" 404 1256 "-" "Mozilla/5.0 (compatible; Googlebot/2.1; +http://www.google.com/bot.html)"
66.249.67.86 - - [04/Sep/2015:19:56:14 +0200] "GET / HTTP/1.1" 200 3274 "-" "Mozilla/5.0 (iPhone; CPU iPhone OS 8_3 like Mac OS X) AppleWebKit/600.1.4 (KHTML, like Gecko) Version/8.0 Mobile/12F70 Safari/600.1.4 (compatible; Googlebot/2.1; +http://www.google.com/bot.html)"
66.249.78.52 - - [04/Sep/2015:20:42:10 +0200] "GET / HTTP/1.1" 200 3274 "-" "Mozilla/5.0 (compatible; Googlebot/2.1; +http://www.google.com/bot.html)"
66.249.78.59 - - [04/Sep/2015:20:42:21 +0200] "GET /css/bootstrap.min.css HTTP/1.1" 200 101265 "-" "Mozilla/5.0 (compatible; Googlebot/2.1; +http://www.google.com/bot.html)"
207.46.13.136 - - [04/Sep/2015:21:12:39 +0200] "GET / HTTP/1.1" 200 3274 "-" "Mozilla/5.0 (compatible; bingbot/2.0; +http://www.bing.com/bingbot.htm)"
46.185.117.31 - - [04/Sep/2015:21:21:59 +0200] "GET / HTTP/1.1" 200 3274 "http://nastroyke.net/" "Mozilla/4.0 (compatible; MSIE 6.0; Windows XP)"
46.185.117.31 - - [04/Sep/2015:21:22:00 +0200] "GET / HTTP/1.1" 200 3274 "http://nastroyke.net/" "Mozilla/4.0 (compatible; MSIE 6.0; Windows XP)"
46.185.117.31 - - [04/Sep/2015:21:22:00 +0200] "GET / HTTP/1.1" 200 3274 "http://nastroyke.net/" "Mozilla/4.0 (compatible; MSIE 6.0; Windows XP)"
178.137.92.63 - - [04/Sep/2015:21:24:51 +0200] "GET / HTTP/1.1" 200 3274 "http://aff.optitrade24.com/click.php?ctag=a787-b13-p" "Mozilla/4.0 (compatible; MSIE 6.0; Windows NT 5.1; SV1; YPC 3.0.2; .NET CLR 1.1.4322; yplus 4.4.02b)"
178.137.92.63 - - [04/Sep/2015:21:24:51 +0200] "GET / HTTP/1.1" 200 3274 "http://aff.optitrade24.com/click.php?ctag=a787-b13-p" "Mozilla/4.0 (compatible; MSIE 6.0; Windows NT 5.1; SV1; YPC 3.0.2; .NET CLR 1.1.4322; yplus 4.4.02b)"
178.137.92.63 - - [04/Sep/2015:23:40:20 +0200] "GET / HTTP/1.1" 200 3274 "http://pornogig.com/" "Mozilla/4.0 (compatible; MSIE 7.0b; Windows NT 6.0)"
178.137.92.63 - - [04/Sep/2015:23:40:20 +0200] "GET / HTTP/1.1" 200 3274 "http://poisk-zakona.ru/" "Mozilla/4.0 (compatible; MSIE 6.0; Windows NT 5.1; SV1)"
178.137.92.63 - - [04/Sep/2015:23:40:21 +0200] "GET / HTTP/1.1" 200 3274 "http://pornogig.com/" "Mozilla/4.0 (compatible; MSIE 7.0b; Windows NT 6.0)"
178.137.92.63 - - [04/Sep/2015:23:40:21 +0200] "GET / HTTP/1.1" 200 3274 "http://poisk-zakona.ru/" "Mozilla/4.0 (compatible; MSIE 6.0; Windows NT 5.1; SV1)"
178.137.92.63 - - [04/Sep/2015:23:40:22 +0200] "GET / HTTP/1.1" 200 3274 "http://poisk-zakona.ru/" "Mozilla/4.0 (compatible; MSIE 6.0; Windows NT 5.1; SV1)"
119.63.196.121 - - [05/Sep/2015:00:22:23 +0200] "GET / HTTP/1.1" 200 3274 "-" "Mozilla/5.0 (compatible; Baiduspider/2.0; +http://www.baidu.com/search/spider.html)"
66.249.78.59 - - [05/Sep/2015:00:43:26 +0200] "GET /js/bootstrap.min.js HTTP/1.1" 200 25764 "-" "Mozilla/5.0 (compatible; Googlebot/2.1; +http://www.google.com/bot.html)"
66.249.78.52 - - [05/Sep/2015:00:43:27 +0200] "GET /css/bootstrap-responsive.min.css HTTP/1.1" 200 16520 "-" "Mozilla/5.0 (compatible; Googlebot/2.1; +http://www.google.com/bot.html)"
66.249.78.59 - - [05/Sep/2015:00:43:27 +0200] "GET /css/bootstrap.min.css HTTP/1.1" 200 101265 "-" "Mozilla/5.0 (compatible; Googlebot/2.1; +http://www.google.com/bot.html)"
213.61.218.52 - - [05/Sep/2015:01:15:08 +0200] "GET / HTTP/1.1" 200 3274 "-" "-"
213.61.218.52 - - [05/Sep/2015:01:15:08 +0200] "GET / HTTP/1.1" 200 3274 "http://www.google.de/" "finbot"
213.61.218.52 - - [05/Sep/2015:01:15:08 +0200] "GET / HTTP/1.1" 200 3274 "http://www.google.de/" "Mozilla/5.0 (Linux; U; Android 4.1.2; de-de; GT-I8190 Build/JZO54K) AppleWebKit/534.30 (KHTML, like Gecko) Version/4.0 Mobile Safari/534.30"
213.61.218.52 - - [05/Sep/2015:01:25:16 +0200] "GET / HTTP/1.1" 200 3274 "-" "-"
213.61.218.52 - - [05/Sep/2015:01:25:16 +0200] "GET / HTTP/1.1" 200 3274 "http://www.google.de/" "finbot"
213.61.218.52 - - [05/Sep/2015:01:25:16 +0200] "GET / HTTP/1.1" 200 3274 "http://www.google.de/" "Mozilla/5.0 (Linux; U; Android 4.1.2; de-de; GT-I8190 Build/JZO54K) AppleWebKit/534.30 (KHTML, like Gecko) Version/4.0 Mobile Safari/534.30"
117.78.13.59 - - [05/Sep/2015:02:37:30 +0200] "GET /robots.txt HTTP/1.0" 404 1256 "-" "nutch-1.4/Nutch-1.4"
117.78.13.59 - - [05/Sep/2015:02:37:30 +0200] "GET / HTTP/1.0" 200 3274 "-" "nutch-1.4/Nutch-1.4"
178.137.92.63 - - [05/Sep/2015:04:12:30 +0200] "GET / HTTP/1.1" 200 3274 "http://ru.webcams18.ru/" "Mozilla/1.22 (compatible; MSIE 2.0; Windows 95)"
46.118.126.38 - - [05/Sep/2015:06:52:45 +0200] "GET / HTTP/1.1" 200 3274 "http://aff.optitrade24.com/click.php?ctag=a787-b13-p" "Mozilla/4.0 (compatible; MSIE 6.0; Windows NT 5.1; SV1; MRA 4.6 (build 01425); MRSPUTNIK 1, 5, 0, 19 SW)"
46.118.126.38 - - [05/Sep/2015:06:52:45 +0200] "GET / HTTP/1.1" 200 3274 "http://aff.optitrade24.com/click.php?ctag=a787-b13-p" "Mozilla/4.0 (compatible; MSIE 6.0; Windows NT 5.1; SV1; MRA 4.6 (build 01425); MRSPUTNIK 1, 5, 0, 19 SW)"
46.118.126.38 - - [05/Sep/2015:06:52:46 +0200] "GET / HTTP/1.1" 200 3274 "http://aff.optitrade24.com/click.php?ctag=a787-b13-p" "Mozilla/4.0 (compatible; MSIE 6.0; Windows NT 5.1; SV1; MRA 4.6 (build 01425); MRSPUTNIK 1, 5, 0, 19 SW)"
207.46.13.157 - - [05/Sep/2015:09:10:10 +0200] "GET / HTTP/1.1" 200 3274 "-" "Mozilla/5.0 (compatible; bingbot/2.0; +http://www.bing.com/bingbot.htm)"
119.63.196.104 - - [05/Sep/2015:10:22:37 +0200] "GET / HTTP/1.1" 200 3274 "-" "Mozilla/5.0 (compatible; Baiduspider/2.0; +http://www.baidu.com/search/spider.html)"
64.79.89.130 - - [05/Sep/2015:13:05:21 +0200] "GET / HTTP/1.1" 200 3274 "-" "Mozilla/5.0 (Windows; U; Windows NT 6.0; en-US; rv:1.9.2) Gecko/20100115 Firefox/3.6 (.NET CLR 3.5.30729)"
46.118.118.173 - - [05/Sep/2015:13:06:39 +0200] "GET / HTTP/1.1" 200 3274 "http://golden-praga.ru/gimnazii-chehii" "Mozilla/6.0 (compatible; MSIE 7.0a1; Windows NT 5.2; SV1)"
46.118.118.173 - - [05/Sep/2015:13:06:40 +0200] "GET / HTTP/1.1" 200 3274 "http://golden-praga.ru/gimnazii-chehii" "Mozilla/6.0 (compatible; MSIE 7.0a1; Windows NT 5.2; SV1)"
46.118.118.173 - - [05/Sep/2015:13:06:41 +0200] "GET / HTTP/1.1" 200 3274 "http://golden-praga.ru/gimnazii-chehii" "Mozilla/6.0 (compatible; MSIE 7.0a1; Windows NT 5.2; SV1)"
144.76.182.139 - - [05/Sep/2015:15:23:44 +0200] "GET /robots.txt HTTP/1.0" 404 1256 "-" "Mozilla/5.0 (compatible; SEOkicks-Robot; +http://www.seokicks.de/robot.html)"
144.76.182.139 - - [05/Sep/2015:15:23:51 +0200] "GET / HTTP/1.0" 200 3274 "-" "Mozilla/5.0 (compatible; SEOkicks-Robot; +http://www.seokicks.de/robot.html)"
144.76.182.139 - - [05/Sep/2015:15:24:00 +0200] "GET /css/bootstrap.min.css HTTP/1.0" 200 101265 "http://www.dialyse-falkensee.de/" "Mozilla/5.0 (compatible; SEOkicks-Robot; +http://www.seokicks.de/robot.html)"
144.76.182.139 - - [05/Sep/2015:15:24:07 +0200] "GET /css/bootstrap-responsive.min.css HTTP/1.0" 200 16520 "http://www.dialyse-falkensee.de/" "Mozilla/5.0 (compatible; SEOkicks-Robot; +http://www.seokicks.de/robot.html)"
144.76.182.139 - - [05/Sep/2015:15:24:14 +0200] "GET /ico/favicon.ico HTTP/1.0" 404 1256 "http://www.dialyse-falkensee.de/" "Mozilla/5.0 (compatible; SEOkicks-Robot; +http://www.seokicks.de/robot.html)"
144.76.182.139 - - [05/Sep/2015:15:24:21 +0200] "GET /js/bootstrap.min.js HTTP/1.0" 200 25764 "http://www.dialyse-falkensee.de/" "Mozilla/5.0 (compatible; SEOkicks-Robot; +http://www.seokicks.de/robot.html)"
207.46.13.102 - - [05/Sep/2015:21:25:48 +0200] "GET / HTTP/1.1" 200 3274 "-" "Mozilla/5.0 (compatible; bingbot/2.0; +http://www.bing.com/bingbot.htm)"
46.118.126.38 - - [05/Sep/2015:23:41:07 +0200] "GET / HTTP/1.1" 200 3274 "http://ortodont23.ru/" "Mozilla/4.0 (compatible; MSIE 6.0; Windows NT 5.1; ru) Opera 8.50"
46.118.126.38 - - [05/Sep/2015:23:41:08 +0200] "GET / HTTP/1.1" 200 3274 "http://ortodont23.ru/" "Mozilla/4.0 (compatible; MSIE 6.0; Windows NT 5.1; ru) Opera 8.50"
46.118.126.38 - - [05/Sep/2015:23:41:09 +0200] "GET / HTTP/1.1" 200 3274 "http://ortodont23.ru/" "Mozilla/4.0 (compatible; MSIE 6.0; Windows NT 5.1; ru) Opera 8.50"
46.118.118.173 - - [06/Sep/2015:00:04:49 +0200] "GET / HTTP/1.1" 200 3274 "http://virtuallawer.com/" "Mozilla/4.0 (compatible; MSIE 6.0; Windows NT 5.1; .NET CLR 1.1.4322; Alexa Toolbar; (R1 1.5))"
46.118.118.173 - - [06/Sep/2015:00:04:49 +0200] "GET / HTTP/1.1" 200 3274 "http://virtuallawer.com/" "Mozilla/4.0 (compatible; MSIE 6.0; Windows NT 5.1; .NET CLR 1.1.4322; Alexa Toolbar; (R1 1.5))"
46.118.118.173 - - [06/Sep/2015:00:04:50 +0200] "GET / HTTP/1.1" 200 3274 "http://virtuallawer.com/" "Mozilla/4.0 (compatible; MSIE 6.0; Windows NT 5.1; .NET CLR 1.1.4322; Alexa Toolbar; (R1 1.5))"
119.63.196.114 - - [06/Sep/2015:00:28:50 +0200] "GET / HTTP/1.1" 200 3274 "-" "Mozilla/5.0 (compatible; Baiduspider/2.0; +http://www.baidu.com/search/spider.html)"
79.198.209.119 - - [06/Sep/2015:01:09:45 +0200] "GET / HTTP/1.1" 200 3274 "https://www.google.de" "Mozilla/5.0 (Windows NT 6.1; WOW64; rv:40.0) Gecko/20100101 Firefox/40.0"
79.198.209.119 - - [06/Sep/2015:01:09:45 +0200] "GET /css/bootstrap-responsive.min.css HTTP/1.1" 200 16520 "http://www.dialyse-falkensee.de/" "Mozilla/5.0 (Windows NT 6.1; WOW64; rv:40.0) Gecko/20100101 Firefox/40.0"
79.198.209.119 - - [06/Sep/2015:01:09:45 +0200] "GET /js/bootstrap.min.js HTTP/1.1" 200 25764 "http://www.dialyse-falkensee.de/" "Mozilla/5.0 (Windows NT 6.1; WOW64; rv:40.0) Gecko/20100101 Firefox/40.0"
79.198.209.119 - - [06/Sep/2015:01:09:45 +0200] "GET /ico/favicon.ico HTTP/1.1" 404 1256 "-" "Mozilla/5.0 (Windows NT 6.1; WOW64; rv:40.0) Gecko/20100101 Firefox/40.0"
79.198.209.119 - - [06/Sep/2015:01:09:46 +0200] "GET /ico/favicon.ico HTTP/1.1" 404 1256 "-" "Mozilla/5.0 (Windows NT 6.1; WOW64; rv:40.0) Gecko/20100101 Firefox/40.0"
79.198.209.119 - - [06/Sep/2015:01:09:45 +0200] "GET /css/bootstrap.min.css HTTP/1.1" 200 101265 "http://www.dialyse-falkensee.de/" "Mozilla/5.0 (Windows NT 6.1; WOW64; rv:40.0) Gecko/20100101 Firefox/40.0"
79.198.209.119 - - [06/Sep/2015:01:10:05 +0200] "GET /favicon.ico HTTP/1.1" 404 1256 "-" "Mozilla/5.0 (Windows NT 6.1; WOW64; rv:40.0) Gecko/20100101 Firefox/40.0"
79.198.209.119 - - [06/Sep/2015:01:10:05 +0200] "GET /favicon.ico HTTP/1.1" 404 1256 "-" "Mozilla/5.0 (Windows NT 6.1; WOW64; rv:40.0) Gecko/20100101 Firefox/40.0"
46.118.126.38 - - [06/Sep/2015:09:16:05 +0200] "GET / HTTP/1.1" 200 3274 "http://drom93.ru/" "Mozilla/3.0 (x86 [en] Windows NT 5.1; Sun)"
46.118.126.38 - - [06/Sep/2015:09:16:06 +0200] "GET / HTTP/1.1" 200 3274 "http://drom93.ru/" "Mozilla/3.0 (x86 [en] Windows NT 5.1; Sun)"
207.46.13.102 - - [06/Sep/2015:09:37:57 +0200] "GET /robots.txt HTTP/1.1" 404 1256 "-" "Mozilla/5.0 (compatible; bingbot/2.0; +http://www.bing.com/bingbot.htm)"
119.63.196.57 - - [06/Sep/2015:10:29:38 +0200] "GET / HTTP/1.1" 200 3274 "-" "Mozilla/5.0 (compatible; Baiduspider/2.0; +http://www.baidu.com/search/spider.html)"
178.137.92.63 - - [06/Sep/2015:11:31:03 +0200] "GET / HTTP/1.1" 200 3274 "http://serpuhov-protvino.ru/" "Mozilla/4.0 (compatible; MSIE 5.5; Windows NT 4.0; .NET CLR 1.0.2914)"
178.137.92.63 - - [06/Sep/2015:11:31:04 +0200] "GET / HTTP/1.1" 200 3274 "http://serpuhov-protvino.ru/" "Mozilla/4.0 (compatible; MSIE 5.5; Windows NT 4.0; .NET CLR 1.0.2914)"
176.74.158.232 - - [06/Sep/2015:13:21:24 +0200] "GET / HTTP/1.1" 200 3274 "-" "-"
207.46.13.102 - - [06/Sep/2015:13:34:55 +0200] "GET / HTTP/1.1" 200 3274 "-" "Mozilla/5.0 (compatible; bingbot/2.0; +http://www.bing.com/bingbot.htm)"
66.249.64.19 - - [06/Sep/2015:16:13:56 +0200] "GET /robots.txt HTTP/1.1" 404 1256 "-" "Mozilla/5.0 (compatible; Googlebot/2.1; +http://www.google.com/bot.html)"
66.249.64.19 - - [06/Sep/2015:16:13:57 +0200] "GET / HTTP/1.1" 200 3274 "-" "Mozilla/5.0 (iPhone; CPU iPhone OS 8_3 like Mac OS X) AppleWebKit/600.1.4 (KHTML, like Gecko) Version/8.0 Mobile/12F70 Safari/600.1.4 (compatible; Googlebot/2.1; +http://www.google.com/bot.html)"
66.249.64.19 - - [06/Sep/2015:16:44:26 +0200] "GET / HTTP/1.1" 200 3274 "-" "Mozilla/5.0 (compatible; Googlebot/2.1; +http://www.google.com/bot.html)"
46.118.118.173 - - [06/Sep/2015:18:16:33 +0200] "GET / HTTP/1.1" 200 3274 "http://netpics.org/" "Mozilla/4.0 (compatible; MSIE 6.0; Windows NT 5.1; SV1; .NET CLR 1.1.4322)"
46.118.118.173 - - [06/Sep/2015:18:16:34 +0200] "GET / HTTP/1.1" 200 3274 "http://netpics.org/" "Mozilla/4.0 (compatible; MSIE 6.0; Windows NT 5.1; SV1; .NET CLR 1.1.4322)"
46.118.118.173 - - [06/Sep/2015:18:16:35 +0200] "GET / HTTP/1.1" 200 3274 "http://netpics.org/" "Mozilla/4.0 (compatible; MSIE 6.0; Windows NT 5.1; SV1; .NET CLR 1.1.4322)"
46.118.126.38 - - [06/Sep/2015:19:52:05 +0200] "GET / HTTP/1.1" 200 3274 "http://www.epanov-style.ru/" "Mozilla/4.0 (compatible; MSIE 6.0; Windows NT 5.1)"
46.118.126.38 - - [06/Sep/2015:19:52:05 +0200] "GET / HTTP/1.1" 200 3274 "http://www.razumeykin.ru/" "Mozilla/4.0 (compatible; MSIE 6.0; Windows NT 5.1)"
46.118.126.38 - - [06/Sep/2015:19:52:06 +0200] "GET / HTTP/1.1" 200 3274 "http://www.epanov-style.ru/" "Mozilla/4.0 (compatible; MSIE 6.0; Windows NT 5.1)"
46.118.126.38 - - [06/Sep/2015:19:52:07 +0200] "GET / HTTP/1.1" 200 3274 "http://www.epanov-style.ru/" "Mozilla/4.0 (compatible; MSIE 6.0; Windows NT 5.1)"
46.118.126.38 - - [06/Sep/2015:19:52:07 +0200] "GET / HTTP/1.1" 200 3274 "http://www.razumeykin.ru/" "Mozilla/4.0 (compatible; MSIE 6.0; Windows NT 5.1)"
66.249.64.7 - - [06/Sep/2015:20:42:20 +0200] "GET / HTTP/1.1" 200 3274 "-" "DoCoMo/2.0 N905i(c100;TB;W24H16) (compatible; Googlebot-Mobile/2.1; +http://www.google.com/bot.html)"
157.55.39.181 - - [06/Sep/2015:21:39:47 +0200] "GET /robots.txt HTTP/1.1" 404 1256 "-" "Mozilla/5.0 (compatible; bingbot/2.0; +http://www.bing.com/bingbot.htm)"
157.55.39.181 - - [06/Sep/2015:21:39:52 +0200] "GET / HTTP/1.1" 200 3274 "-" "Mozilla/5.0 (compatible; bingbot/2.0; +http://www.bing.com/bingbot.htm)"
66.249.64.19 - - [07/Sep/2015:00:20:40 +0200] "GET / HTTP/1.1" 200 3274 "-" "SAMSUNG-SGH-E250/1.0 Profile/MIDP-2.0 Configuration/CLDC-1.1 UP.Browser/6.2.3.3.c.1.101 (GUI) MMP/2.0 (compatible; Googlebot-Mobile/2.1; +http://www.google.com/bot.html)"
46.118.118.173 - - [07/Sep/2015:01:20:32 +0200] "GET / HTTP/1.1" 200 3274 "http://pornotwit.com/" "Mozilla/4.0 (compatible; MSIE 6.0; Windows NT 5.1; SV1; MRA 4.6 (build 01425); MRSPUTNIK 1, 5, 0, 19 SW)"
66.249.64.19 - - [07/Sep/2015:01:21:17 +0200] "GET / HTTP/1.1" 200 3274 "-" "Mozilla/5.0 (compatible; Googlebot/2.1; +http://www.google.com/bot.html)"
188.165.234.52 - - [07/Sep/2015:01:24:34 +0200] "GET /robots.txt HTTP/1.0" 404 1256 "-" ""
188.165.234.52 - - [07/Sep/2015:01:24:34 +0200] "GET / HTTP/1.1" 206 3274 "-" "Mozilla/5.0 (X11; U; Linux i586; en-US) AppleWebKit/533.2 (KHTML, like Gecko) Chrome/5.0.342.1 Safari/533.2"
46.118.118.173 - - [07/Sep/2015:02:52:33 +0200] "GET / HTTP/1.1" 200 3274 "http://aff.optitrade24.com/click.php?ctag=a787-b13-p" "Mozilla/4.0 (compatible; MSIE 6.0; Windows NT 5.1; en) Opera 9.0"
46.118.118.173 - - [07/Sep/2015:02:52:34 +0200] "GET / HTTP/1.1" 200 3274 "http://aff.optitrade24.com/click.php?ctag=a787-b13-p" "Mozilla/4.0 (compatible; MSIE 6.0; Windows NT 5.1; en) Opera 9.0"
46.118.118.173 - - [07/Sep/2015:02:52:35 +0200] "GET / HTTP/1.1" 200 3274 "http://aff.optitrade24.com/click.php?ctag=a787-b13-p" "Mozilla/4.0 (compatible; MSIE 6.0; Windows NT 5.1; en) Opera 9.0"
91.216.45.83 - - [07/Sep/2015:08:17:24 +0200] "GET / HTTP/1.1" 200 3274 "http://www.google.de/url?sa=t&rct=j&q=&esrc=s&frm=1&source=web&cd=3&ved=0CC4QFjACahUKEwjltKDqouTHAhUDbxQKHYnXCN4&url=http%3A%2F%2Fwww.dialyse-falkensee.de%2F&usg=AFQjCNECgXXq-DVOeCPbM1zyqacv9mR2gg&bvm=bv.102022582,d.bGQ" "Mozilla/5.0 (compatible; MSIE 9.0; Windows NT 6.1; Trident/5.0)"
91.216.45.83 - - [07/Sep/2015:08:17:24 +0200] "GET /css/bootstrap-responsive.min.css HTTP/1.1" 200 16520 "http://www.dialyse-falkensee.de/" "Mozilla/5.0 (compatible; MSIE 9.0; Windows NT 6.1; Trident/5.0)"
91.216.45.83 - - [07/Sep/2015:08:17:24 +0200] "GET /css/bootstrap.min.css HTTP/1.1" 200 101265 "http://www.dialyse-falkensee.de/" "Mozilla/5.0 (compatible; MSIE 9.0; Windows NT 6.1; Trident/5.0)"
91.216.45.83 - - [07/Sep/2015:08:17:24 +0200] "GET /js/bootstrap.min.js HTTP/1.1" 200 25764 "http://www.dialyse-falkensee.de/" "Mozilla/5.0 (compatible; MSIE 9.0; Windows NT 6.1; Trident/5.0)"
91.216.45.83 - - [07/Sep/2015:08:17:24 +0200] "GET /img/glyphicons-halflings.png HTTP/1.1" 200 12799 "http://www.dialyse-falkensee.de/" "Mozilla/5.0 (compatible; MSIE 9.0; Windows NT 6.1; Trident/5.0)"
91.216.45.83 - - [07/Sep/2015:08:17:24 +0200] "GET /ico/favicon.ico HTTP/1.1" 404 1256 "-" "Mozilla/5.0 (compatible; MSIE 9.0; Windows NT 6.1; Trident/5.0)"
91.216.45.83 - - [07/Sep/2015:08:18:17 +0200] "GET / HTTP/1.1" 304 - "http://www.google.de/url?sa=t&rct=j&q=&esrc=s&frm=1&source=web&cd=3&ved=0CC4QFjACahUKEwjltKDqouTHAhUDbxQKHYnXCN4&url=http%3A%2F%2Fwww.dialyse-falkensee.de%2F&usg=AFQjCNECgXXq-DVOeCPbM1zyqacv9mR2gg&bvm=bv.102022582,d.bGQ" "Mozilla/5.0 (compatible; MSIE 9.0; Windows NT 6.1; Trident/5.0)"
91.216.45.83 - - [07/Sep/2015:08:18:17 +0200] "GET /css/bootstrap.min.css HTTP/1.1" 304 - "http://www.dialyse-falkensee.de/" "Mozilla/5.0 (compatible; MSIE 9.0; Windows NT 6.1; Trident/5.0)"
91.216.45.83 - - [07/Sep/2015:08:18:17 +0200] "GET /css/bootstrap-responsive.min.css HTTP/1.1" 304 - "http://www.dialyse-falkensee.de/" "Mozilla/5.0 (compatible; MSIE 9.0; Windows NT 6.1; Trident/5.0)"
91.216.45.83 - - [07/Sep/2015:08:18:17 +0200] "GET /js/bootstrap.min.js HTTP/1.1" 304 - "http://www.dialyse-falkensee.de/" "Mozilla/5.0 (compatible; MSIE 9.0; Windows NT 6.1; Trident/5.0)"
91.216.45.83 - - [07/Sep/2015:08:18:17 +0200] "GET /img/glyphicons-halflings.png HTTP/1.1" 304 - "http://www.dialyse-falkensee.de/" "Mozilla/5.0 (compatible; MSIE 9.0; Windows NT 6.1; Trident/5.0)"
91.216.45.83 - - [07/Sep/2015:08:18:17 +0200] "GET /ico/favicon.ico HTTP/1.1" 404 1256 "-" "Mozilla/5.0 (compatible; MSIE 9.0; Windows NT 6.1; Trident/5.0)"
207.46.13.102 - - [07/Sep/2015:09:57:51 +0200] "GET / HTTP/1.1" 200 3274 "-" "Mozilla/5.0 (compatible; bingbot/2.0; +http://www.bing.com/bingbot.htm)"
178.137.92.63 - - [07/Sep/2015:10:28:11 +0200] "GET / HTTP/1.1" 200 3274 "http://aff.optitrade24.com/click.php?ctag=a787-b13-p" "Mozilla/4.0 (compatible- MSIE 6.0- Windows NT 5.1- SV1- .NET CLR 1.1.4322"
178.137.92.63 - - [07/Sep/2015:10:28:13 +0200] "GET / HTTP/1.1" 200 3274 "http://aff.optitrade24.com/click.php?ctag=a787-b13-p" "Mozilla/4.0 (compatible- MSIE 6.0- Windows NT 5.1- SV1- .NET CLR 1.1.4322"
46.185.117.31 - - [07/Sep/2015:10:29:21 +0200] "GET / HTTP/1.1" 200 3274 "http://www.pozvonim.com/" "Mozilla/4.0 (compatible; MSIE 6.0; Windows XP)"
46.185.117.31 - - [07/Sep/2015:10:29:21 +0200] "GET / HTTP/1.1" 200 3274 "http://www.pozvonim.com/" "Mozilla/4.0 (compatible; MSIE 6.0; Windows XP)"
46.185.117.31 - - [07/Sep/2015:10:29:22 +0200] "GET / HTTP/1.1" 200 3274 "http://www.pozvonim.com/" "Mozilla/4.0 (compatible; MSIE 6.0; Windows XP)"
178.137.92.63 - - [07/Sep/2015:11:09:39 +0200] "GET / HTTP/1.1" 200 3274 "http://modabutik.ru/" "Mozilla/4.0 (compatible; MSIE 6.0; Windows NT 5.1; SV1)"
178.137.92.63 - - [07/Sep/2015:11:09:40 +0200] "GET / HTTP/1.1" 200 3274 "http://modabutik.ru/" "Mozilla/4.0 (compatible; MSIE 6.0; Windows NT 5.1; SV1)"
178.137.92.63 - - [07/Sep/2015:11:13:23 +0200] "GET / HTTP/1.1" 200 3274 "http://guz.su/" "Mozilla/4.0 (compatible; MSIE 6.0; Windows 98; Win 9x 4.90)"
178.137.92.63 - - [07/Sep/2015:11:13:24 +0200] "GET / HTTP/1.1" 200 3274 "http://guz.su/" "Mozilla/4.0 (compatible; MSIE 6.0; Windows 98; Win 9x 4.90)"
92.230.123.84 - - [07/Sep/2015:13:35:42 +0200] "GET / HTTP/1.1" 200 3274 "https://www.google.de" "Mozilla/5.0 (Windows NT 6.0; rv:40.0) Gecko/20100101 Firefox/40.0"
92.230.123.84 - - [07/Sep/2015:13:35:42 +0200] "GET /css/bootstrap-responsive.min.css HTTP/1.1" 200 16520 "http://www.dialyse-falkensee.de/" "Mozilla/5.0 (Windows NT 6.0; rv:40.0) Gecko/20100101 Firefox/40.0"
92.230.123.84 - - [07/Sep/2015:13:35:42 +0200] "GET /ico/favicon.ico HTTP/1.1" 404 1256 "-" "Mozilla/5.0 (Windows NT 6.0; rv:40.0) Gecko/20100101 Firefox/40.0"
92.230.123.84 - - [07/Sep/2015:13:35:42 +0200] "GET /js/bootstrap.min.js HTTP/1.1" 200 25764 "http://www.dialyse-falkensee.de/" "Mozilla/5.0 (Windows NT 6.0; rv:40.0) Gecko/20100101 Firefox/40.0"
92.230.123.84 - - [07/Sep/2015:13:35:42 +0200] "GET /css/bootstrap.min.css HTTP/1.1" 200 101265 "http://www.dialyse-falkensee.de/" "Mozilla/5.0 (Windows NT 6.0; rv:40.0) Gecko/20100101 Firefox/40.0"
178.137.92.63 - - [07/Sep/2015:16:08:24 +0200] "GET / HTTP/1.1" 200 3274 "http://na-telefon.biz/" "Mozilla/4.0 (compatible; MSIE 6.0; Windows NT 5.1; SV1; Media Center PC"
178.137.92.63 - - [07/Sep/2015:16:08:25 +0200] "GET / HTTP/1.1" 200 3274 "http://na-telefon.biz/" "Mozilla/4.0 (compatible; MSIE 6.0; Windows NT 5.1; SV1; Media Center PC"
208.115.113.83 - - [07/Sep/2015:16:51:31 +0200] "GET /robots.txt HTTP/1.1" 404 1256 "-" "Mozilla/5.0 (compatible; DotBot/1.1; http://www.opensiteexplorer.org/dotbot, help@moz.com)"
208.115.113.83 - - [07/Sep/2015:17:35:14 +0200] "GET /index.html HTTP/1.1" 200 3274 "-" "Mozilla/5.0 (compatible; DotBot/1.1; http://www.opensiteexplorer.org/dotbot, help@moz.com)"
188.165.15.32 - - [07/Sep/2015:17:49:25 +0200] "GET /robots.txt HTTP/1.1" 404 1256 "-" "Mozilla/5.0 (compatible; AhrefsBot/5.0; +http://ahrefs.com/robot/)"
157.55.39.186 - - [07/Sep/2015:21:27:40 +0200] "GET /robots.txt HTTP/1.1" 404 1256 "-" "Mozilla/5.0 (compatible; bingbot/2.0; +http://www.bing.com/bingbot.htm)"
95.90.233.104 - - [07/Sep/2015:22:22:08 +0200] "GET / HTTP/1.1" 200 3274 "http://www.google.de/" "Mozilla/5.0 (Linux; U; Android 4.2.2; de-de; GT-P5110 Build/JDQ39) AppleWebKit/534.30 (KHTML, like Gecko) Version/4.0 Safari/534.30"
95.90.233.104 - - [07/Sep/2015:22:22:08 +0200] "GET /css/bootstrap-responsive.min.css HTTP/1.1" 200 16520 "http://www.dialyse-falkensee.de/" "Mozilla/5.0 (Linux; U; Android 4.2.2; de-de; GT-P5110 Build/JDQ39) AppleWebKit/534.30 (KHTML, like Gecko) Version/4.0 Safari/534.30"
95.90.233.104 - - [07/Sep/2015:22:22:08 +0200] "GET /js/bootstrap.min.js HTTP/1.1" 200 25764 "http://www.dialyse-falkensee.de/" "Mozilla/5.0 (Linux; U; Android 4.2.2; de-de; GT-P5110 Build/JDQ39) AppleWebKit/534.30 (KHTML, like Gecko) Version/4.0 Safari/534.30"
95.90.233.104 - - [07/Sep/2015:22:22:08 +0200] "GET /css/bootstrap.min.css HTTP/1.1" 200 101265 "http://www.dialyse-falkensee.de/" "Mozilla/5.0 (Linux; U; Android 4.2.2; de-de; GT-P5110 Build/JDQ39) AppleWebKit/534.30 (KHTML, like Gecko) Version/4.0 Safari/534.30"
95.90.233.104 - - [07/Sep/2015:22:22:09 +0200] "GET /img/glyphicons-halflings.png HTTP/1.1" 200 12799 "http://www.dialyse-falkensee.de/" "Mozilla/5.0 (Linux; U; Android 4.2.2; de-de; GT-P5110 Build/JDQ39) AppleWebKit/534.30 (KHTML, like Gecko) Version/4.0 Safari/534.30"
95.90.233.104 - - [07/Sep/2015:22:22:10 +0200] "GET /ico/favicon.ico HTTP/1.1" 404 1256 "http://www.dialyse-falkensee.de/" "Mozilla/5.0 (Linux; U; Android 4.2.2; de-de; GT-P5110 Build/JDQ39) AppleWebKit/534.30 (KHTML, like Gecko) Version/4.0 Safari/534.30"
95.90.233.104 - - [07/Sep/2015:22:25:59 +0200] "GET /ico/favicon.ico HTTP/1.1" 404 1256 "http://www.dialyse-falkensee.de/" "Mozilla/5.0 (Linux; U; Android 4.2.2; de-de; GT-P5110 Build/JDQ39) AppleWebKit/534.30 (KHTML, like Gecko) Version/4.0 Safari/534.30"
157.55.39.186 - - [08/Sep/2015:00:51:43 +0200] "GET /robots.txt HTTP/1.1" 404 1256 "-" "Mozilla/5.0 (compatible; bingbot/2.0; +http://www.bing.com/bingbot.htm)"
157.55.39.186 - - [08/Sep/2015:00:56:23 +0200] "GET / HTTP/1.1" 200 3274 "-" "Mozilla/5.0 (compatible; bingbot/2.0; +http://www.bing.com/bingbot.htm)"
46.118.118.173 - - [08/Sep/2015:01:36:54 +0200] "GET / HTTP/1.1" 200 3274 "http://education-cz.ru/godovoy-podgotovitelnyy-kurs" "Mozilla/4.0 (compatible; MSIE 5.5; Windows NT 5.0; .NET CLR 1.1.4322)"
46.118.118.173 - - [08/Sep/2015:01:36:55 +0200] "GET / HTTP/1.1" 200 3274 "http://education-cz.ru/godovoy-podgotovitelnyy-kurs" "Mozilla/4.0 (compatible; MSIE 5.5; Windows NT 5.0; .NET CLR 1.1.4322)"
61.135.189.69 - - [08/Sep/2015:02:12:44 +0200] "GET /robots.txt HTTP/1.1" 404 1256 "-" "Sogou web spider/4.0(+http://www.sogou.com/docs/help/webmasters.htm#07)"
61.135.189.69 - - [08/Sep/2015:02:12:44 +0200] "GET / HTTP/1.1" 200 3274 "-" "Sogou web spider/4.0(+http://www.sogou.com/docs/help/webmasters.htm#07)"
157.55.39.186 - - [08/Sep/2015:09:10:03 +0200] "GET / HTTP/1.1" 200 3274 "-" "Mozilla/5.0 (compatible; bingbot/2.0; +http://www.bing.com/bingbot.htm)"
66.249.64.19 - - [08/Sep/2015:12:23:26 +0200] "GET /robots.txt HTTP/1.1" 404 1256 "-" "Mozilla/5.0 (compatible; Googlebot/2.1; +http://www.google.com/bot.html)"
66.249.64.19 - - [08/Sep/2015:12:23:26 +0200] "GET / HTTP/1.1" 200 3274 "-" "Mozilla/5.0 (iPhone; CPU iPhone OS 8_3 like Mac OS X) AppleWebKit/600.1.4 (KHTML, like Gecko) Version/8.0 Mobile/12F70 Safari/600.1.4 (compatible; Googlebot/2.1; +http://www.google.com/bot.html)"
66.249.64.14 - - [08/Sep/2015:12:38:44 +0200] "GET /css/bootstrap.min.css HTTP/1.1" 200 101265 "-" "Mozilla/5.0 (compatible; Googlebot/2.1; +http://www.google.com/bot.html)"
66.249.64.7 - - [08/Sep/2015:12:38:47 +0200] "GET /css/bootstrap-responsive.min.css HTTP/1.1" 200 16520 "-" "Mozilla/5.0 (compatible; Googlebot/2.1; +http://www.google.com/bot.html)"
46.118.118.173 - - [08/Sep/2015:12:53:44 +0200] "GET / HTTP/1.1" 200 3274 "http://sky-mine.ru/" "Mozilla/4.0 (compatible; MSIE 6.0; Windows NT 5.1; .NET CLR 1.0.3705)"
46.118.118.173 - - [08/Sep/2015:12:53:45 +0200] "GET / HTTP/1.1" 200 3274 "http://sky-mine.ru/" "Mozilla/4.0 (compatible; MSIE 6.0; Windows NT 5.1; .NET CLR 1.0.3705)"
87.139.183.142 - - [08/Sep/2015:14:15:26 +0200] "GET / HTTP/1.1" 200 3274 "-" "Mozilla/5.0 (Windows NT 6.1; WOW64; rv:40.0) Gecko/20100101 Firefox/40.0"
87.139.183.142 - - [08/Sep/2015:14:15:26 +0200] "GET /css/bootstrap-responsive.min.css HTTP/1.1" 200 16520 "http://www.dialyse-falkensee.de/" "Mozilla/5.0 (Windows NT 6.1; WOW64; rv:40.0) Gecko/20100101 Firefox/40.0"
87.139.183.142 - - [08/Sep/2015:14:15:26 +0200] "GET /ico/favicon.ico HTTP/1.1" 404 1256 "-" "Mozilla/5.0 (Windows NT 6.1; WOW64; rv:40.0) Gecko/20100101 Firefox/40.0"
87.139.183.142 - - [08/Sep/2015:14:15:26 +0200] "GET /js/bootstrap.min.js HTTP/1.1" 200 25764 "http://www.dialyse-falkensee.de/" "Mozilla/5.0 (Windows NT 6.1; WOW64; rv:40.0) Gecko/20100101 Firefox/40.0"
87.139.183.142 - - [08/Sep/2015:14:15:26 +0200] "GET /ico/favicon.ico HTTP/1.1" 404 1256 "-" "Mozilla/5.0 (Windows NT 6.1; WOW64; rv:40.0) Gecko/20100101 Firefox/40.0"
87.139.183.142 - - [08/Sep/2015:14:15:26 +0200] "GET /css/bootstrap.min.css HTTP/1.1" 200 101265 "http://www.dialyse-falkensee.de/" "Mozilla/5.0 (Windows NT 6.1; WOW64; rv:40.0) Gecko/20100101 Firefox/40.0"
150.70.173.48 - - [08/Sep/2015:14:16:47 +0200] "GET / HTTP/1.1" 200 3274 "-" "Mozilla/4.0 (compatible; MSIE 8.0; Windows NT 5.1; Trident/4.0)"
46.118.126.38 - - [08/Sep/2015:17:34:00 +0200] "GET / HTTP/1.1" 200 3274 "http://waplocator.com/tags/" "Opera/9.0 (Windows NT 5.1; U; en)"
46.118.126.38 - - [08/Sep/2015:17:34:01 +0200] "GET / HTTP/1.1" 200 3274 "http://waplocator.com/tags/" "Opera/9.0 (Windows NT 5.1; U; en)"
46.118.126.38 - - [08/Sep/2015:17:34:02 +0200] "GET / HTTP/1.1" 200 3274 "http://waplocator.com/tags/" "Opera/9.0 (Windows NT 5.1; U; en)"
50.17.53.117 - - [08/Sep/2015:18:49:04 +0200] "HEAD / HTTP/1.1" 200 - "-" "Typhoeus - https://github.com/typhoeus/typhoeus"
157.55.39.181 - - [08/Sep/2015:21:14:27 +0200] "GET / HTTP/1.1" 200 3274 "-" "Mozilla/5.0 (compatible; bingbot/2.0; +http://www.bing.com/bingbot.htm)"
46.38.235.99 - - [08/Sep/2015:23:04:46 +0200] "GET / HTTP/1.1" 200 3274 "-" "WhatWeb/0.4.8-dev"
