180.76.15.6 - - [22/Oct/2015:02:15:48 +0200] "GET / HTTP/1.1" 200 3792 "-" "Mozilla/5.0 (compatible; Baiduspider/2.0; +http://www.baidu.com/search/spider.html)"
180.76.15.145 - - [22/Oct/2015:02:17:40 +0200] "GET / HTTP/1.1" 200 3792 "-" "Mozilla/5.0 (compatible; Baiduspider/2.0; +http://www.baidu.com/search/spider.html)"
66.249.64.58 - - [22/Oct/2015:06:39:41 +0200] "GET /robots.txt HTTP/1.1" 404 1256 "-" "Mozilla/5.0 (compatible; Googlebot/2.1; +http://www.google.com/bot.html)"
66.249.64.58 - - [22/Oct/2015:06:39:41 +0200] "GET / HTTP/1.1" 200 3792 "-" "Mozilla/5.0 (iPhone; CPU iPhone OS 8_3 like Mac OS X) AppleWebKit/600.1.4 (KHTML, like Gecko) Version/8.0 Mobile/12F70 Safari/600.1.4 (compatible; Googlebot/2.1; +http://www.google.com/bot.html)"
217.227.149.81 - - [22/Oct/2015:08:42:44 +0200] "GET / HTTP/1.1" 200 3792 "https://www.google.com/" "Mozilla/5.0 (Windows NT 6.1) AppleWebKit/537.36 (KHTML, like Gecko) Chrome/46.0.2490.71 Safari/537.36"
217.227.149.81 - - [22/Oct/2015:08:42:44 +0200] "GET /css/bootstrap-responsive.min.css HTTP/1.1" 200 16520 "http://www.beos-polymer.de/" "Mozilla/5.0 (Windows NT 6.1) AppleWebKit/537.36 (KHTML, like Gecko) Chrome/46.0.2490.71 Safari/537.36"
217.227.149.81 - - [22/Oct/2015:08:42:44 +0200] "GET /zertifikatthumb.jpg HTTP/1.1" 200 18377 "http://www.beos-polymer.de/" "Mozilla/5.0 (Windows NT 6.1) AppleWebKit/537.36 (KHTML, like Gecko) Chrome/46.0.2490.71 Safari/537.36"
217.227.149.81 - - [22/Oct/2015:08:42:44 +0200] "GET /js/bootstrap.min.js HTTP/1.1" 200 25764 "http://www.beos-polymer.de/" "Mozilla/5.0 (Windows NT 6.1) AppleWebKit/537.36 (KHTML, like Gecko) Chrome/46.0.2490.71 Safari/537.36"
217.227.149.81 - - [22/Oct/2015:08:42:44 +0200] "GET /css/bootstrap.min.css HTTP/1.1" 200 101265 "http://www.beos-polymer.de/" "Mozilla/5.0 (Windows NT 6.1) AppleWebKit/537.36 (KHTML, like Gecko) Chrome/46.0.2490.71 Safari/537.36"
217.227.149.81 - - [22/Oct/2015:08:42:44 +0200] "GET /img/beos.jpg HTTP/1.1" 200 46831 "http://www.beos-polymer.de/" "Mozilla/5.0 (Windows NT 6.1) AppleWebKit/537.36 (KHTML, like Gecko) Chrome/46.0.2490.71 Safari/537.36"
217.227.149.81 - - [22/Oct/2015:08:42:44 +0200] "GET /ico/favicon.ico HTTP/1.1" 404 1256 "http://www.beos-polymer.de/" "Mozilla/5.0 (Windows NT 6.1) AppleWebKit/537.36 (KHTML, like Gecko) Chrome/46.0.2490.71 Safari/537.36"
217.92.150.202 - - [22/Oct/2015:10:12:05 +0200] "GET / HTTP/1.0" 200 3792 "http://www.google.de/url?sa=t&rct=j&q=&esrc=s&source=web&cd=&cad=rja&uact=8&ved=0CAIQ_UVqFQoTCL6GwdPQ1cgCFeOmcgodAT0OVQ&url=http%3A%2F%2Fwww.beos-polymer.de%2F&usg=AFQjCNHkP8INSL1dW-97m1F_ljbLQHJSGA&bvm=bv.105814755,d.bGQ" "Mozilla/5.0 (Windows NT 6.1; rv:26.0) Gecko/20100101 Firefox/26.0"
217.92.150.202 - - [22/Oct/2015:10:12:05 +0200] "GET /css/bootstrap-responsive.min.css HTTP/1.0" 200 16520 "http://www.beos-polymer.de/" "Mozilla/5.0 (Windows NT 6.1; rv:26.0) Gecko/20100101 Firefox/26.0"
217.92.150.202 - - [22/Oct/2015:10:12:05 +0200] "GET /ico/favicon.ico HTTP/1.0" 404 1256 "-" "Mozilla/5.0 (Windows NT 6.1; rv:26.0) Gecko/20100101 Firefox/26.0"
217.92.150.202 - - [22/Oct/2015:10:12:05 +0200] "GET /css/bootstrap.min.css HTTP/1.0" 200 101265 "http://www.beos-polymer.de/" "Mozilla/5.0 (Windows NT 6.1; rv:26.0) Gecko/20100101 Firefox/26.0"
217.92.150.202 - - [22/Oct/2015:10:12:06 +0200] "GET /zertifikatthumb.jpg HTTP/1.0" 200 18377 "http://www.beos-polymer.de/" "Mozilla/5.0 (Windows NT 6.1; rv:26.0) Gecko/20100101 Firefox/26.0"
217.92.150.202 - - [22/Oct/2015:10:12:06 +0200] "GET /js/bootstrap.min.js HTTP/1.0" 200 25764 "http://www.beos-polymer.de/" "Mozilla/5.0 (Windows NT 6.1; rv:26.0) Gecko/20100101 Firefox/26.0"
217.92.150.202 - - [22/Oct/2015:10:12:06 +0200] "GET /img/beos.jpg HTTP/1.0" 200 46831 "http://www.beos-polymer.de/" "Mozilla/5.0 (Windows NT 6.1; rv:26.0) Gecko/20100101 Firefox/26.0"
217.92.150.202 - - [22/Oct/2015:10:13:29 +0200] "GET /zertifikat.pdf HTTP/1.0" 200 1245245 "http://www.beos-polymer.de/" "Mozilla/5.0 (Windows NT 6.1; rv:26.0) Gecko/20100101 Firefox/26.0"
217.92.150.202 - - [22/Oct/2015:10:13:32 +0200] "GET /favicon.ico HTTP/1.0" 404 1256 "-" "Mozilla/5.0 (Windows NT 6.1; rv:26.0) Gecko/20100101 Firefox/26.0"
180.76.15.155 - - [22/Oct/2015:17:13:52 +0200] "GET / HTTP/1.1" 200 3792 "-" "Mozilla/5.0 (compatible; Baiduspider/2.0; +http://www.baidu.com/search/spider.html)"
180.76.15.22 - - [22/Oct/2015:17:15:48 +0200] "GET / HTTP/1.1" 200 3792 "-" "Mozilla/5.0 (compatible; Baiduspider/2.0; +http://www.baidu.com/search/spider.html)"
178.32.218.220 - - [22/Oct/2015:18:13:30 +0200] "GET / HTTP/1.1" 200 3792 "-" "Mozilla/5.0 (Windows NT 6.1; WOW64) AppleWebKit/537.31 (KHTML, like Gecko) Chrome/26.0.1410.64 Safari/537.31"
178.32.218.220 - - [22/Oct/2015:18:13:38 +0200] "GET /js/bootstrap.min.js HTTP/1.1" 200 25764 "-" "Mozilla/5.0 (Windows NT 6.1; WOW64) AppleWebKit/537.31 (KHTML, like Gecko) Chrome/26.0.1410.64 Safari/537.31"
178.32.218.220 - - [22/Oct/2015:18:13:42 +0200] "GET /impressum.html HTTP/1.1" 200 2574 "-" "Mozilla/5.0 (Windows NT 6.1; WOW64) AppleWebKit/537.31 (KHTML, like Gecko) Chrome/26.0.1410.64 Safari/537.31"
178.32.218.220 - - [22/Oct/2015:18:13:51 +0200] "GET /index.html HTTP/1.1" 200 3792 "-" "Mozilla/5.0 (Windows NT 6.1; WOW64) AppleWebKit/537.31 (KHTML, like Gecko) Chrome/26.0.1410.64 Safari/537.31"
178.32.218.220 - - [22/Oct/2015:18:13:54 +0200] "GET /css/bootstrap-responsive.min.css HTTP/1.1" 200 16520 "-" "Mozilla/5.0 (Windows NT 6.1; WOW64) AppleWebKit/537.31 (KHTML, like Gecko) Chrome/26.0.1410.64 Safari/537.31"
178.32.218.220 - - [22/Oct/2015:18:14:01 +0200] "GET /css/bootstrap.min.css HTTP/1.1" 200 101265 "-" "Mozilla/5.0 (Windows NT 6.1; WOW64) AppleWebKit/537.31 (KHTML, like Gecko) Chrome/26.0.1410.64 Safari/537.31"
180.76.15.13 - - [22/Oct/2015:18:14:22 +0200] "GET / HTTP/1.1" 200 3792 "-" "Mozilla/5.0 (compatible; Baiduspider/2.0; +http://www.baidu.com/search/spider.html)"
180.76.15.26 - - [22/Oct/2015:18:16:21 +0200] "GET / HTTP/1.1" 200 3792 "-" "Mozilla/5.0 (compatible; Baiduspider/2.0; +http://www.baidu.com/search/spider.html)"
66.249.67.112 - - [22/Oct/2015:18:53:22 +0200] "GET /robots.txt HTTP/1.1" 404 1256 "-" "Mozilla/5.0 (compatible; Googlebot/2.1; +http://www.google.com/bot.html)"
66.249.67.106 - - [22/Oct/2015:18:53:22 +0200] "GET / HTTP/1.1" 200 3792 "-" "Mozilla/5.0 (compatible; Googlebot/2.1; +http://www.google.com/bot.html)"
180.76.15.145 - - [22/Oct/2015:19:01:51 +0200] "GET /robots.txt HTTP/1.1" 404 1256 "-" "Mozilla/5.0 (Windows NT 5.1; rv:6.0.2) Gecko/20100101 Firefox/6.0.2"
180.76.15.151 - - [22/Oct/2015:19:05:07 +0200] "GET / HTTP/1.1" 304 - "-" "Mozilla/5.0 (compatible; Baiduspider/2.0; +http://www.baidu.com/search/spider.html)"
207.46.13.49 - - [22/Oct/2015:23:06:56 +0200] "GET /robots.txt HTTP/1.1" 404 1256 "-" "Mozilla/5.0 (compatible; bingbot/2.0; +http://www.bing.com/bingbot.htm)"
157.55.39.83 - - [22/Oct/2015:23:06:56 +0200] "GET /robots.txt HTTP/1.1" 404 1256 "-" "Mozilla/5.0 (compatible; bingbot/2.0; +http://www.bing.com/bingbot.htm)"
207.46.13.49 - - [22/Oct/2015:23:07:08 +0200] "GET /index.html HTTP/1.1" 200 3792 "-" "Mozilla/5.0 (compatible; bingbot/2.0; +http://www.bing.com/bingbot.htm)"
207.46.13.49 - - [22/Oct/2015:23:07:08 +0200] "GET / HTTP/1.1" 200 3792 "-" "Mozilla/5.0 (compatible; bingbot/2.0; +http://www.bing.com/bingbot.htm)"
157.55.39.84 - - [22/Oct/2015:23:07:27 +0200] "GET /impressum.html HTTP/1.1" 200 2574 "-" "Mozilla/5.0 (compatible; bingbot/2.0; +http://www.bing.com/bingbot.htm)"
66.249.67.233 - - [23/Oct/2015:03:26:40 +0200] "GET / HTTP/1.1" 200 3792 "-" "Mozilla/5.0 (compatible; Googlebot/2.1; +http://www.google.com/bot.html)"
180.76.15.5 - - [23/Oct/2015:11:51:25 +0200] "GET /zertifikat.pdf HTTP/1.1" 200 1245245 "-" "Mozilla/5.0 (compatible; Baiduspider/2.0; +http://www.baidu.com/search/spider.html)"
178.32.218.220 - - [23/Oct/2015:12:28:35 +0200] "GET / HTTP/1.1" 200 3792 "-" "Mozilla/5.0 (Windows NT 6.1; WOW64) AppleWebKit/537.31 (KHTML, like Gecko) Chrome/26.0.1410.64 Safari/537.31"
178.32.218.220 - - [23/Oct/2015:12:28:42 +0200] "GET /js/bootstrap.min.js HTTP/1.1" 200 25764 "-" "Mozilla/5.0 (Windows NT 6.1; WOW64) AppleWebKit/537.31 (KHTML, like Gecko) Chrome/26.0.1410.64 Safari/537.31"
178.32.218.220 - - [23/Oct/2015:12:28:50 +0200] "GET /impressum.html HTTP/1.1" 200 2574 "-" "Mozilla/5.0 (Windows NT 6.1; WOW64) AppleWebKit/537.31 (KHTML, like Gecko) Chrome/26.0.1410.64 Safari/537.31"
178.32.218.220 - - [23/Oct/2015:12:28:55 +0200] "GET /index.html HTTP/1.1" 200 3792 "-" "Mozilla/5.0 (Windows NT 6.1; WOW64) AppleWebKit/537.31 (KHTML, like Gecko) Chrome/26.0.1410.64 Safari/537.31"
178.32.218.220 - - [23/Oct/2015:12:29:03 +0200] "GET /css/bootstrap-responsive.min.css HTTP/1.1" 200 16520 "-" "Mozilla/5.0 (Windows NT 6.1; WOW64) AppleWebKit/537.31 (KHTML, like Gecko) Chrome/26.0.1410.64 Safari/537.31"
178.32.218.220 - - [23/Oct/2015:12:29:08 +0200] "GET /css/bootstrap.min.css HTTP/1.1" 200 101265 "-" "Mozilla/5.0 (Windows NT 6.1; WOW64) AppleWebKit/537.31 (KHTML, like Gecko) Chrome/26.0.1410.64 Safari/537.31"
66.249.78.90 - - [23/Oct/2015:15:41:58 +0200] "GET /robots.txt HTTP/1.1" 404 1256 "-" "Mozilla/5.0 (compatible; Googlebot/2.1; +http://www.google.com/bot.html)"
66.249.78.97 - - [23/Oct/2015:15:41:58 +0200] "GET / HTTP/1.1" 200 3792 "-" "Mozilla/5.0 (compatible; Googlebot/2.1; +http://www.google.com/bot.html)"
95.91.45.195 - - [23/Oct/2015:16:11:03 +0200] "GET /robots.txt HTTP/1.0" 404 1256 "-" "Mozilla/5.0 (compatible; MJ12bot/v1.4.5; http://www.majestic12.co.uk/bot.php?+)"
95.91.45.195 - - [23/Oct/2015:16:11:08 +0200] "GET /index.html HTTP/1.0" 200 3792 "-" "Mozilla/5.0 (compatible; MJ12bot/v1.4.5; http://www.majestic12.co.uk/bot.php?+)"
188.165.15.202 - - [23/Oct/2015:17:07:16 +0200] "GET /robots.txt HTTP/1.1" 404 1256 "-" "Mozilla/5.0 (compatible; AhrefsBot/5.0; +http://ahrefs.com/robot/)"
66.249.78.97 - - [23/Oct/2015:17:27:05 +0200] "GET /css/bootstrap-responsive.min.css HTTP/1.1" 200 16520 "-" "Mozilla/5.0 (compatible; Googlebot/2.1; +http://www.google.com/bot.html)"
66.249.78.90 - - [23/Oct/2015:17:27:06 +0200] "GET /css/bootstrap.min.css HTTP/1.1" 200 101265 "-" "Mozilla/5.0 (compatible; Googlebot/2.1; +http://www.google.com/bot.html)"
180.76.15.22 - - [23/Oct/2015:18:13:56 +0200] "GET / HTTP/1.1" 200 3792 "-" "Mozilla/5.0 (compatible; Baiduspider/2.0; +http://www.baidu.com/search/spider.html)"
180.76.15.26 - - [23/Oct/2015:18:15:52 +0200] "GET / HTTP/1.1" 200 3792 "-" "Mozilla/5.0 (compatible; Baiduspider/2.0; +http://www.baidu.com/search/spider.html)"
52.6.67.132 - - [23/Oct/2015:19:09:56 +0200] "GET / HTTP/1.1" 200 3792 "-" "Mozilla/5.0 (Windows NT 6.2; Win64; x64) AppleWebKit/537.36 (KHTML, like Gecko) Chrome/32.0.1667.0 Safari/537.36"
66.249.64.63 - - [23/Oct/2015:19:30:29 +0200] "GET / HTTP/1.1" 200 3792 "-" "Mozilla/5.0 (compatible; Googlebot/2.1; +http://www.google.com/bot.html)"
66.249.78.90 - - [23/Oct/2015:22:05:58 +0200] "GET / HTTP/1.1" 200 3792 "-" "Mozilla/5.0 (iPhone; CPU iPhone OS 8_3 like Mac OS X) AppleWebKit/600.1.4 (KHTML, like Gecko) Version/8.0 Mobile/12F70 Safari/600.1.4 (compatible; Googlebot/2.1; +http://www.google.com/bot.html)"
180.76.15.158 - - [24/Oct/2015:02:13:38 +0200] "GET / HTTP/1.1" 200 3792 "-" "Mozilla/5.0 (compatible; Baiduspider/2.0; +http://www.baidu.com/search/spider.html)"
180.76.15.18 - - [24/Oct/2015:02:15:28 +0200] "GET / HTTP/1.1" 200 3792 "-" "Mozilla/5.0 (compatible; Baiduspider/2.0; +http://www.baidu.com/search/spider.html)"
180.76.15.12 - - [24/Oct/2015:03:57:50 +0200] "GET / HTTP/1.1" 304 - "-" "Mozilla/5.0 (compatible; Baiduspider/2.0; +http://www.baidu.com/search/spider.html)"
178.32.218.220 - - [24/Oct/2015:06:55:48 +0200] "GET / HTTP/1.1" 200 3792 "-" "Mozilla/5.0 (Windows NT 6.1; WOW64) AppleWebKit/537.31 (KHTML, like Gecko) Chrome/26.0.1410.64 Safari/537.31"
178.32.218.220 - - [24/Oct/2015:06:55:57 +0200] "GET /js/bootstrap.min.js HTTP/1.1" 200 25764 "-" "Mozilla/5.0 (Windows NT 6.1; WOW64) AppleWebKit/537.31 (KHTML, like Gecko) Chrome/26.0.1410.64 Safari/537.31"
178.32.218.220 - - [24/Oct/2015:06:56:04 +0200] "GET /impressum.html HTTP/1.1" 200 2574 "-" "Mozilla/5.0 (Windows NT 6.1; WOW64) AppleWebKit/537.31 (KHTML, like Gecko) Chrome/26.0.1410.64 Safari/537.31"
178.32.218.220 - - [24/Oct/2015:06:56:09 +0200] "GET /index.html HTTP/1.1" 200 3792 "-" "Mozilla/5.0 (Windows NT 6.1; WOW64) AppleWebKit/537.31 (KHTML, like Gecko) Chrome/26.0.1410.64 Safari/537.31"
178.32.218.220 - - [24/Oct/2015:06:56:18 +0200] "GET /css/bootstrap-responsive.min.css HTTP/1.1" 200 16520 "-" "Mozilla/5.0 (Windows NT 6.1; WOW64) AppleWebKit/537.31 (KHTML, like Gecko) Chrome/26.0.1410.64 Safari/537.31"
178.32.218.220 - - [24/Oct/2015:06:56:23 +0200] "GET /css/bootstrap.min.css HTTP/1.1" 200 101265 "-" "Mozilla/5.0 (Windows NT 6.1; WOW64) AppleWebKit/537.31 (KHTML, like Gecko) Chrome/26.0.1410.64 Safari/537.31"
180.76.15.147 - - [24/Oct/2015:17:12:57 +0200] "GET / HTTP/1.1" 200 3792 "-" "Mozilla/5.0 (compatible; Baiduspider/2.0; +http://www.baidu.com/search/spider.html)"
180.76.15.150 - - [24/Oct/2015:17:14:50 +0200] "GET / HTTP/1.1" 200 3792 "-" "Mozilla/5.0 (compatible; Baiduspider/2.0; +http://www.baidu.com/search/spider.html)"
180.76.15.18 - - [24/Oct/2015:18:14:09 +0200] "GET / HTTP/1.1" 200 3792 "-" "Mozilla/5.0 (compatible; Baiduspider/2.0; +http://www.baidu.com/search/spider.html)"
180.76.15.29 - - [24/Oct/2015:18:16:02 +0200] "GET / HTTP/1.1" 200 3792 "-" "Mozilla/5.0 (compatible; Baiduspider/2.0; +http://www.baidu.com/search/spider.html)"
66.249.65.121 - - [24/Oct/2015:22:15:50 +0200] "GET /robots.txt HTTP/1.1" 404 1256 "-" "Mozilla/5.0 (compatible; Googlebot/2.1; +http://www.google.com/bot.html)"
66.249.65.121 - - [24/Oct/2015:22:15:50 +0200] "GET / HTTP/1.1" 200 3792 "-" "Mozilla/5.0 (iPhone; CPU iPhone OS 8_3 like Mac OS X) AppleWebKit/600.1.4 (KHTML, like Gecko) Version/8.0 Mobile/12F70 Safari/600.1.4 (compatible; Googlebot/2.1; +http://www.google.com/bot.html)"
178.32.218.220 - - [25/Oct/2015:01:21:08 +0200] "GET / HTTP/1.1" 200 3792 "-" "Mozilla/5.0 (Windows NT 6.1; WOW64) AppleWebKit/537.31 (KHTML, like Gecko) Chrome/26.0.1410.64 Safari/537.31"
178.32.218.220 - - [25/Oct/2015:01:21:14 +0200] "GET /js/bootstrap.min.js HTTP/1.1" 200 25764 "-" "Mozilla/5.0 (Windows NT 6.1; WOW64) AppleWebKit/537.31 (KHTML, like Gecko) Chrome/26.0.1410.64 Safari/537.31"
178.32.218.220 - - [25/Oct/2015:01:21:22 +0200] "GET /impressum.html HTTP/1.1" 200 2574 "-" "Mozilla/5.0 (Windows NT 6.1; WOW64) AppleWebKit/537.31 (KHTML, like Gecko) Chrome/26.0.1410.64 Safari/537.31"
178.32.218.220 - - [25/Oct/2015:01:21:28 +0200] "GET /index.html HTTP/1.1" 200 3792 "-" "Mozilla/5.0 (Windows NT 6.1; WOW64) AppleWebKit/537.31 (KHTML, like Gecko) Chrome/26.0.1410.64 Safari/537.31"
178.32.218.220 - - [25/Oct/2015:01:21:35 +0200] "GET /css/bootstrap-responsive.min.css HTTP/1.1" 200 16520 "-" "Mozilla/5.0 (Windows NT 6.1; WOW64) AppleWebKit/537.31 (KHTML, like Gecko) Chrome/26.0.1410.64 Safari/537.31"
178.32.218.220 - - [25/Oct/2015:01:21:41 +0200] "GET /css/bootstrap.min.css HTTP/1.1" 200 101265 "-" "Mozilla/5.0 (Windows NT 6.1; WOW64) AppleWebKit/537.31 (KHTML, like Gecko) Chrome/26.0.1410.64 Safari/537.31"
180.76.15.19 - - [25/Oct/2015:02:13:56 +0200] "GET / HTTP/1.1" 200 3792 "-" "Mozilla/5.0 (compatible; Baiduspider/2.0; +http://www.baidu.com/search/spider.html)"
180.76.15.156 - - [25/Oct/2015:02:15:41 +0200] "GET / HTTP/1.1" 200 3792 "-" "Mozilla/5.0 (compatible; Baiduspider/2.0; +http://www.baidu.com/search/spider.html)"
188.165.234.68 - - [25/Oct/2015:02:01:15 +0100] "GET /robots.txt HTTP/1.0" 404 1256 "-" ""
188.165.234.68 - - [25/Oct/2015:02:01:15 +0100] "GET / HTTP/1.1" 206 3792 "-" "Mozilla/5.0 (X11; U; Linux x86_64; en-US) AppleWebKit/533.2 (KHTML, like Gecko) Chrome/5.0.342.1 Safari/533.2"
188.165.234.68 - - [25/Oct/2015:02:01:18 +0100] "GET /impressum.html HTTP/1.1" 206 2574 "-" "Mozilla/5.0 (X11; U; Linux x86_64; en-US) AppleWebKit/533.2 (KHTML, like Gecko) Chrome/5.0.342.1 Safari/533.2"
188.165.234.68 - - [25/Oct/2015:02:01:20 +0100] "GET /index.html HTTP/1.1" 206 3792 "-" "Mozilla/5.0 (X11; U; Linux x86_64; en-US) AppleWebKit/533.2 (KHTML, like Gecko) Chrome/5.0.342.1 Safari/533.2"
188.138.41.207 - - [25/Oct/2015:05:40:31 +0100] "GET / HTTP/1.1" 200 3792 "-" "Mozilla/5.0 (X11; U; Linux Core i7-4980HQ; de; rv:32.0; compatible; JobboerseBot; https://www.jobboerse.com/bot.htm) Gecko/20100401 Firefox/24.0"
188.138.41.207 - - [25/Oct/2015:05:40:34 +0100] "GET /js/bootstrap.min.js HTTP/1.1" 200 25764 "http://www.beos-polymer.de/" "Mozilla/5.0 (X11; U; Linux Core i7-4980HQ; de; rv:32.0; compatible; JobboerseBot; https://www.jobboerse.com/bot.htm) Gecko/20100401 Firefox/24.0"
188.138.41.207 - - [25/Oct/2015:05:40:35 +0100] "GET /robots.txt HTTP/1.1" 404 1256 "-" "Mozilla/5.0 (X11; U; Linux Core i7-4980HQ; de; rv:32.0; compatible; JobboerseBot; https://www.jobboerse.com/bot.htm) Gecko/20100401 Firefox/24.0"
188.138.41.207 - - [25/Oct/2015:05:40:35 +0100] "GET / HTTP/1.1" 200 3792 "-" "Mozilla/5.0 (X11; U; Linux Core i7-4980HQ; de; rv:32.0; compatible; JobboerseBot; https://www.jobboerse.com/bot.htm) Gecko/20100401 Firefox/24.0"
188.138.41.207 - - [25/Oct/2015:05:40:37 +0100] "GET /js/bootstrap.min.js HTTP/1.1" 200 25764 "http://www.beos-polymer.de/" "Mozilla/5.0 (X11; U; Linux Core i7-4980HQ; de; rv:32.0; compatible; JobboerseBot; https://www.jobboerse.com/bot.htm) Gecko/20100401 Firefox/24.0"
188.138.41.207 - - [25/Oct/2015:05:40:42 +0100] "GET / HTTP/1.1" 200 3792 "-" "Mozilla/5.0 (X11; U; Linux Core i7-4980HQ; de; rv:32.0; compatible; JobboerseBot; https://www.jobboerse.com/bot.htm) Gecko/20100401 Firefox/24.0"
188.138.41.207 - - [25/Oct/2015:05:40:43 +0100] "GET /js/bootstrap.min.js HTTP/1.1" 200 25764 "http://www.beos-polymer.de/" "Mozilla/5.0 (X11; U; Linux Core i7-4980HQ; de; rv:32.0; compatible; JobboerseBot; https://www.jobboerse.com/bot.htm) Gecko/20100401 Firefox/24.0"
188.138.41.207 - - [25/Oct/2015:05:40:44 +0100] "GET /ico/favicon.ico HTTP/1.1" 404 1256 "-" "Mozilla/5.0 (X11; U; Linux Core i7-4980HQ; de; rv:32.0; compatible; JobboerseBot; https://www.jobboerse.com/bot.htm) Gecko/20100401 Firefox/24.0"
188.138.41.207 - - [25/Oct/2015:05:40:45 +0100] "GET /favicon.ico HTTP/1.1" 404 1256 "-" "Mozilla/5.0 (X11; U; Linux Core i7-4980HQ; de; rv:32.0; compatible; JobboerseBot; https://www.jobboerse.com/bot.htm) Gecko/20100401 Firefox/24.0"
188.138.41.207 - - [25/Oct/2015:05:40:48 +0100] "GET / HTTP/1.1" 200 3792 "-" "Mozilla/5.0 (X11; U; Linux Core i7-4980HQ; de; rv:32.0; compatible; JobboerseBot; https://www.jobboerse.com/bot.htm) Gecko/20100401 Firefox/24.0"
188.138.41.207 - - [25/Oct/2015:05:40:48 +0100] "GET /js/bootstrap.min.js HTTP/1.1" 200 25764 "http://www.beos-polymer.de/" "Mozilla/5.0 (X11; U; Linux Core i7-4980HQ; de; rv:32.0; compatible; JobboerseBot; https://www.jobboerse.com/bot.htm) Gecko/20100401 Firefox/24.0"
188.138.41.207 - - [25/Oct/2015:05:40:50 +0100] "GET /css/bootstrap.min.css HTTP/1.1" 200 101265 "http://www.beos-polymer.de/" "Mozilla/5.0 (X11; U; Linux Core i7-4980HQ; de; rv:32.0; compatible; JobboerseBot; https://www.jobboerse.com/bot.htm) Gecko/20100401 Firefox/24.0"
188.138.41.207 - - [25/Oct/2015:05:40:55 +0100] "GET /css/bootstrap-responsive.min.css HTTP/1.1" 200 16520 "http://www.beos-polymer.de/" "Mozilla/5.0 (X11; U; Linux Core i7-4980HQ; de; rv:32.0; compatible; JobboerseBot; https://www.jobboerse.com/bot.htm) Gecko/20100401 Firefox/24.0"
188.138.41.207 - - [25/Oct/2015:05:40:59 +0100] "GET /zertifikat.pdf HTTP/1.1" 200 1245245 "-" "Mozilla/5.0 (X11; U; Linux Core i7-4980HQ; de; rv:32.0; compatible; JobboerseBot; https://www.jobboerse.com/bot.htm) Gecko/20100401 Firefox/24.0"
66.249.65.115 - - [25/Oct/2015:13:16:57 +0100] "GET /robots.txt HTTP/1.1" 404 1256 "-" "Mozilla/5.0 (compatible; Googlebot/2.1; +http://www.google.com/bot.html)"
66.249.65.115 - - [25/Oct/2015:13:16:58 +0100] "GET / HTTP/1.1" 200 3792 "-" "Mozilla/5.0 (iPhone; CPU iPhone OS 8_3 like Mac OS X) AppleWebKit/600.1.4 (KHTML, like Gecko) Version/8.0 Mobile/12F70 Safari/600.1.4 (compatible; Googlebot/2.1; +http://www.google.com/bot.html)"
50.117.48.80 - - [25/Oct/2015:16:32:51 +0100] "GET / HTTP/1.1" 200 3792 "-" "Mozilla/4.0 (compatible; MSIE8.0; Windows NT 6.0) .NET CLR 2.0.50727)"
180.76.15.146 - - [25/Oct/2015:17:19:59 +0100] "GET / HTTP/1.1" 200 3792 "-" "Mozilla/5.0 (compatible; Baiduspider/2.0; +http://www.baidu.com/search/spider.html)"
50.117.48.80 - - [25/Oct/2015:17:20:45 +0100] "GET / HTTP/1.1" 200 3792 "-" "Mozilla/4.0 (compatible; MSIE8.0; Windows NT 6.0) .NET CLR 2.0.50727)"
180.76.15.155 - - [25/Oct/2015:17:21:54 +0100] "GET / HTTP/1.1" 200 3792 "-" "Mozilla/5.0 (compatible; Baiduspider/2.0; +http://www.baidu.com/search/spider.html)"
62.210.246.137 - - [25/Oct/2015:21:07:56 +0100] "GET /robots.txt HTTP/1.0" 404 1256 "-" "Mozilla/5.0 (compatible; MJ12bot/v1.4.5; http://www.majestic12.co.uk/bot.php?+)"
62.210.246.137 - - [25/Oct/2015:21:07:58 +0100] "GET /index.html HTTP/1.1" 200 3792 "-" "Mozilla/5.0 (compatible; MJ12bot/v1.4.5; http://www.majestic12.co.uk/bot.php?+)"
180.76.15.139 - - [26/Oct/2015:01:11:36 +0100] "GET / HTTP/1.1" 200 3792 "-" "Mozilla/5.0 (compatible; Baiduspider/2.0; +http://www.baidu.com/search/spider.html)"
180.76.15.155 - - [26/Oct/2015:01:13:27 +0100] "GET / HTTP/1.1" 200 3792 "-" "Mozilla/5.0 (compatible; Baiduspider/2.0; +http://www.baidu.com/search/spider.html)"
144.76.93.118 - - [26/Oct/2015:06:45:15 +0100] "GET /robots.txt HTTP/1.0" 404 1256 "-" "Mozilla/5.0 (compatible; SEOkicks-Robot; +http://www.seokicks.de/robot.html)"
144.76.93.118 - - [26/Oct/2015:06:45:21 +0100] "GET / HTTP/1.0" 200 3792 "-" "Mozilla/5.0 (compatible; SEOkicks-Robot; +http://www.seokicks.de/robot.html)"
144.76.93.118 - - [26/Oct/2015:06:45:30 +0100] "GET /css/bootstrap.min.css HTTP/1.0" 200 101265 "http://www.beos-polymer.de/" "Mozilla/5.0 (compatible; SEOkicks-Robot; +http://www.seokicks.de/robot.html)"
144.76.93.118 - - [26/Oct/2015:06:45:36 +0100] "GET /css/bootstrap-responsive.min.css HTTP/1.0" 200 16520 "http://www.beos-polymer.de/" "Mozilla/5.0 (compatible; SEOkicks-Robot; +http://www.seokicks.de/robot.html)"
144.76.93.118 - - [26/Oct/2015:06:45:43 +0100] "GET /ico/favicon.ico HTTP/1.0" 404 1256 "http://www.beos-polymer.de/" "Mozilla/5.0 (compatible; SEOkicks-Robot; +http://www.seokicks.de/robot.html)"
144.76.93.118 - - [26/Oct/2015:06:45:49 +0100] "GET /js/bootstrap.min.js HTTP/1.0" 200 25764 "http://www.beos-polymer.de/" "Mozilla/5.0 (compatible; SEOkicks-Robot; +http://www.seokicks.de/robot.html)"
144.76.93.118 - - [26/Oct/2015:06:45:56 +0100] "GET /impressum.html HTTP/1.0" 200 2574 "http://www.beos-polymer.de/" "Mozilla/5.0 (compatible; SEOkicks-Robot; +http://www.seokicks.de/robot.html)"
144.76.93.118 - - [26/Oct/2015:06:46:04 +0100] "GET /index.html HTTP/1.0" 200 3792 "http://www.beos-polymer.de/impressum.html" "Mozilla/5.0 (compatible; SEOkicks-Robot; +http://www.seokicks.de/robot.html)"
77.253.233.236 - - [26/Oct/2015:09:54:14 +0100] "GET / HTTP/1.1" 200 3792 "http://branchenbuch.meinestadt.de/mochau-doebeln/company/6102655" "Mozilla/5.0 (Windows NT 6.0; rv:41.0) Gecko/20100101 Firefox/41.0"
77.253.233.236 - - [26/Oct/2015:09:54:15 +0100] "GET /js/bootstrap.min.js HTTP/1.1" 200 25764 "http://www.beos-polymer.de/" "Mozilla/5.0 (Windows NT 6.0; rv:41.0) Gecko/20100101 Firefox/41.0"
77.253.233.236 - - [26/Oct/2015:09:54:15 +0100] "GET /css/bootstrap-responsive.min.css HTTP/1.1" 200 16520 "http://www.beos-polymer.de/" "Mozilla/5.0 (Windows NT 6.0; rv:41.0) Gecko/20100101 Firefox/41.0"
77.253.233.236 - - [26/Oct/2015:09:54:15 +0100] "GET /ico/favicon.ico HTTP/1.1" 404 1256 "-" "Mozilla/5.0 (Windows NT 6.0; rv:41.0) Gecko/20100101 Firefox/41.0"
77.253.233.236 - - [26/Oct/2015:09:54:15 +0100] "GET /css/bootstrap.min.css HTTP/1.1" 200 101265 "http://www.beos-polymer.de/" "Mozilla/5.0 (Windows NT 6.0; rv:41.0) Gecko/20100101 Firefox/41.0"
77.253.233.236 - - [26/Oct/2015:09:54:16 +0100] "GET /zertifikatthumb.jpg HTTP/1.1" 200 18377 "http://www.beos-polymer.de/" "Mozilla/5.0 (Windows NT 6.0; rv:41.0) Gecko/20100101 Firefox/41.0"
77.253.233.236 - - [26/Oct/2015:09:54:16 +0100] "GET /img/beos.jpg HTTP/1.1" 200 46831 "http://www.beos-polymer.de/" "Mozilla/5.0 (Windows NT 6.0; rv:41.0) Gecko/20100101 Firefox/41.0"
178.32.218.220 - - [26/Oct/2015:11:24:40 +0100] "GET / HTTP/1.1" 200 3792 "-" "Mozilla/5.0 (Windows NT 6.1; WOW64) AppleWebKit/537.31 (KHTML, like Gecko) Chrome/26.0.1410.64 Safari/537.31"
178.32.218.220 - - [26/Oct/2015:11:24:44 +0100] "GET /js/bootstrap.min.js HTTP/1.1" 200 25764 "-" "Mozilla/5.0 (Windows NT 6.1; WOW64) AppleWebKit/537.31 (KHTML, like Gecko) Chrome/26.0.1410.64 Safari/537.31"
178.32.218.220 - - [26/Oct/2015:11:24:52 +0100] "GET /impressum.html HTTP/1.1" 200 2574 "-" "Mozilla/5.0 (Windows NT 6.1; WOW64) AppleWebKit/537.31 (KHTML, like Gecko) Chrome/26.0.1410.64 Safari/537.31"
178.32.218.220 - - [26/Oct/2015:11:24:59 +0100] "GET /index.html HTTP/1.1" 200 3792 "-" "Mozilla/5.0 (Windows NT 6.1; WOW64) AppleWebKit/537.31 (KHTML, like Gecko) Chrome/26.0.1410.64 Safari/537.31"
178.32.218.220 - - [26/Oct/2015:11:25:05 +0100] "GET /css/bootstrap-responsive.min.css HTTP/1.1" 200 16520 "-" "Mozilla/5.0 (Windows NT 6.1; WOW64) AppleWebKit/537.31 (KHTML, like Gecko) Chrome/26.0.1410.64 Safari/537.31"
178.32.218.220 - - [26/Oct/2015:11:25:15 +0100] "GET /css/bootstrap.min.css HTTP/1.1" 200 101265 "-" "Mozilla/5.0 (Windows NT 6.1; WOW64) AppleWebKit/537.31 (KHTML, like Gecko) Chrome/26.0.1410.64 Safari/537.31"
66.249.78.83 - - [26/Oct/2015:13:50:27 +0100] "GET /robots.txt HTTP/1.1" 404 1256 "-" "Mozilla/5.0 (compatible; Googlebot/2.1; +http://www.google.com/bot.html)"
66.249.78.90 - - [26/Oct/2015:13:50:28 +0100] "GET / HTTP/1.1" 200 3792 "-" "Mozilla/5.0 (compatible; Googlebot/2.1; +http://www.google.com/bot.html)"
180.76.15.142 - - [26/Oct/2015:17:13:40 +0100] "GET / HTTP/1.1" 200 3792 "-" "Mozilla/5.0 (compatible; Baiduspider/2.0; +http://www.baidu.com/search/spider.html)"
180.76.15.141 - - [26/Oct/2015:17:15:37 +0100] "GET / HTTP/1.1" 200 3792 "-" "Mozilla/5.0 (compatible; Baiduspider/2.0; +http://www.baidu.com/search/spider.html)"
180.76.15.17 - - [26/Oct/2015:18:59:34 +0100] "GET / HTTP/1.1" 200 3792 "-" "Mozilla/5.0 (compatible; Baiduspider/2.0; +http://www.baidu.com/search/spider.html)"
66.249.78.97 - - [26/Oct/2015:19:01:36 +0100] "GET / HTTP/1.1" 200 3792 "-" "Mozilla/5.0 (iPhone; CPU iPhone OS 8_3 like Mac OS X) AppleWebKit/600.1.4 (KHTML, like Gecko) Version/8.0 Mobile/12F70 Safari/600.1.4 (compatible; Googlebot/2.1; +http://www.google.com/bot.html)"
92.213.8.20 - - [26/Oct/2015:19:06:20 +0100] "GET / HTTP/1.1" 200 3792 "http://www.google.com/search?q=Beos-polymer+GmbH+Mochau,+Deutschland&client=safari&rls=en&oe=UTF-8&gfe_rd=cr&oq=polymer+sachsen&gs_l=heirloom-serp.3..0i30.9889.9889.1.12285.1.1.0.0.0.0.110.110.0j1.1.0....0...1ac..34.heirloom-serp..4.5.512.lggIXGywiDE&ludocid=5965485597940387096&sa=X&ved=0CBgQoAIwAGoVChMIyvGt7NzgyAIVye9yCh2JdQJs" "Mozilla/5.0 (Macintosh; Intel Mac OS X 10_5_8) AppleWebKit/534.50.2 (KHTML, like Gecko) Version/5.0.6 Safari/533.22.3"
92.213.8.20 - - [26/Oct/2015:19:06:20 +0100] "GET /css/bootstrap-responsive.min.css HTTP/1.1" 200 16520 "http://www.beos-polymer.de/" "Mozilla/5.0 (Macintosh; Intel Mac OS X 10_5_8) AppleWebKit/534.50.2 (KHTML, like Gecko) Version/5.0.6 Safari/533.22.3"
92.213.8.20 - - [26/Oct/2015:19:06:20 +0100] "GET /js/bootstrap.min.js HTTP/1.1" 200 25764 "http://www.beos-polymer.de/" "Mozilla/5.0 (Macintosh; Intel Mac OS X 10_5_8) AppleWebKit/534.50.2 (KHTML, like Gecko) Version/5.0.6 Safari/533.22.3"
92.213.8.20 - - [26/Oct/2015:19:06:20 +0100] "GET /img/beos.jpg HTTP/1.1" 200 46831 "http://www.beos-polymer.de/" "Mozilla/5.0 (Macintosh; Intel Mac OS X 10_5_8) AppleWebKit/534.50.2 (KHTML, like Gecko) Version/5.0.6 Safari/533.22.3"
92.213.8.20 - - [26/Oct/2015:19:06:20 +0100] "GET /zertifikatthumb.jpg HTTP/1.1" 200 18377 "http://www.beos-polymer.de/" "Mozilla/5.0 (Macintosh; Intel Mac OS X 10_5_8) AppleWebKit/534.50.2 (KHTML, like Gecko) Version/5.0.6 Safari/533.22.3"
92.213.8.20 - - [26/Oct/2015:19:06:20 +0100] "GET /css/bootstrap.min.css HTTP/1.1" 200 101265 "http://www.beos-polymer.de/" "Mozilla/5.0 (Macintosh; Intel Mac OS X 10_5_8) AppleWebKit/534.50.2 (KHTML, like Gecko) Version/5.0.6 Safari/533.22.3"
92.213.8.20 - - [26/Oct/2015:19:06:21 +0100] "GET /ico/favicon.ico HTTP/1.1" 404 1256 "http://www.beos-polymer.de/" "Mozilla/5.0 (Macintosh; Intel Mac OS X 10_5_8) AppleWebKit/534.50.2 (KHTML, like Gecko) Version/5.0.6 Safari/533.22.3"
66.249.78.83 - - [26/Oct/2015:19:13:11 +0100] "GET /css/bootstrap-responsive.min.css HTTP/1.1" 200 16520 "-" "Mozilla/5.0 (compatible; Googlebot/2.1; +http://www.google.com/bot.html)"
66.249.78.90 - - [26/Oct/2015:19:13:12 +0100] "GET /css/bootstrap.min.css HTTP/1.1" 200 101265 "-" "Mozilla/5.0 (compatible; Googlebot/2.1; +http://www.google.com/bot.html)"
88.73.226.213 - - [26/Oct/2015:20:48:35 +0100] "GET / HTTP/1.1" 200 3792 "http://www.mochau.de/Gemeindegebiet.phtml" "Mozilla/5.0 (Windows NT 6.1; WOW64; rv:40.0) Gecko/20100101 Firefox/40.0"
88.73.226.213 - - [26/Oct/2015:20:48:36 +0100] "GET /css/bootstrap-responsive.min.css HTTP/1.1" 200 16520 "http://www.beos-polymer.de/" "Mozilla/5.0 (Windows NT 6.1; WOW64; rv:40.0) Gecko/20100101 Firefox/40.0"
88.73.226.213 - - [26/Oct/2015:20:48:36 +0100] "GET /ico/favicon.ico HTTP/1.1" 404 1256 "-" "Mozilla/5.0 (Windows NT 6.1; WOW64; rv:40.0) Gecko/20100101 Firefox/40.0"
88.73.226.213 - - [26/Oct/2015:20:48:36 +0100] "GET /ico/favicon.ico HTTP/1.1" 404 1256 "-" "Mozilla/5.0 (Windows NT 6.1; WOW64; rv:40.0) Gecko/20100101 Firefox/40.0"
88.73.226.213 - - [26/Oct/2015:20:48:36 +0100] "GET /js/bootstrap.min.js HTTP/1.1" 200 25764 "http://www.beos-polymer.de/" "Mozilla/5.0 (Windows NT 6.1; WOW64; rv:40.0) Gecko/20100101 Firefox/40.0"
88.73.226.213 - - [26/Oct/2015:20:48:35 +0100] "GET /css/bootstrap.min.css HTTP/1.1" 200 101265 "http://www.beos-polymer.de/" "Mozilla/5.0 (Windows NT 6.1; WOW64; rv:40.0) Gecko/20100101 Firefox/40.0"
88.73.226.213 - - [26/Oct/2015:20:48:36 +0100] "GET /img/beos.jpg HTTP/1.1" 200 46831 "http://www.beos-polymer.de/" "Mozilla/5.0 (Windows NT 6.1; WOW64; rv:40.0) Gecko/20100101 Firefox/40.0"
88.73.226.213 - - [26/Oct/2015:20:48:36 +0100] "GET /zertifikatthumb.jpg HTTP/1.1" 200 18377 "http://www.beos-polymer.de/" "Mozilla/5.0 (Windows NT 6.1; WOW64; rv:40.0) Gecko/20100101 Firefox/40.0"
93.217.227.91 - - [26/Oct/2015:21:34:44 +0100] "GET / HTTP/1.1" 200 3792 "http://www.mochau.de/Gemeindegebiet.phtml" "Mozilla/5.0 (X11; Linux x86_64; rv:41.0) Gecko/20100101 Firefox/41.0"
93.217.227.91 - - [26/Oct/2015:21:34:44 +0100] "GET /css/bootstrap-responsive.min.css HTTP/1.1" 200 16520 "http://www.beos-polymer.de/" "Mozilla/5.0 (X11; Linux x86_64; rv:41.0) Gecko/20100101 Firefox/41.0"
93.217.227.91 - - [26/Oct/2015:21:34:44 +0100] "GET /ico/favicon.ico HTTP/1.1" 404 1256 "-" "Mozilla/5.0 (X11; Linux x86_64; rv:41.0) Gecko/20100101 Firefox/41.0"
93.217.227.91 - - [26/Oct/2015:21:34:44 +0100] "GET /js/bootstrap.min.js HTTP/1.1" 200 25764 "http://www.beos-polymer.de/" "Mozilla/5.0 (X11; Linux x86_64; rv:41.0) Gecko/20100101 Firefox/41.0"
93.217.227.91 - - [26/Oct/2015:21:34:44 +0100] "GET /css/bootstrap.min.css HTTP/1.1" 200 101265 "http://www.beos-polymer.de/" "Mozilla/5.0 (X11; Linux x86_64; rv:41.0) Gecko/20100101 Firefox/41.0"
93.217.227.91 - - [26/Oct/2015:21:34:45 +0100] "GET /img/beos.jpg HTTP/1.1" 200 46831 "http://www.beos-polymer.de/" "Mozilla/5.0 (X11; Linux x86_64; rv:41.0) Gecko/20100101 Firefox/41.0"
93.217.227.91 - - [26/Oct/2015:21:34:45 +0100] "GET /zertifikatthumb.jpg HTTP/1.1" 200 18377 "http://www.beos-polymer.de/" "Mozilla/5.0 (X11; Linux x86_64; rv:41.0) Gecko/20100101 Firefox/41.0"
93.217.227.91 - - [26/Oct/2015:21:35:27 +0100] "GET /zertifikat.pdf HTTP/1.1" 200 1245245 "http://www.beos-polymer.de/" "Mozilla/5.0 (X11; Linux x86_64; rv:41.0) Gecko/20100101 Firefox/41.0"
93.217.227.91 - - [26/Oct/2015:21:35:28 +0100] "GET /zertifikat.pdf HTTP/1.1" 206 61 "http://www.beos-polymer.de/" "Mozilla/5.0 (X11; Linux x86_64; rv:41.0) Gecko/20100101 Firefox/41.0"
93.217.227.91 - - [26/Oct/2015:21:35:28 +0100] "GET /zertifikat.pdf HTTP/1.1" 206 65536 "http://www.beos-polymer.de/" "Mozilla/5.0 (X11; Linux x86_64; rv:41.0) Gecko/20100101 Firefox/41.0"
93.217.227.91 - - [26/Oct/2015:21:35:28 +0100] "GET /zertifikat.pdf HTTP/1.1" 206 65536 "http://www.beos-polymer.de/" "Mozilla/5.0 (X11; Linux x86_64; rv:41.0) Gecko/20100101 Firefox/41.0"
93.217.227.91 - - [26/Oct/2015:21:35:28 +0100] "GET /zertifikat.pdf HTTP/1.1" 206 65536 "http://www.beos-polymer.de/" "Mozilla/5.0 (X11; Linux x86_64; rv:41.0) Gecko/20100101 Firefox/41.0"
93.217.227.91 - - [26/Oct/2015:21:35:28 +0100] "GET /zertifikat.pdf HTTP/1.1" 206 65536 "http://www.beos-polymer.de/" "Mozilla/5.0 (X11; Linux x86_64; rv:41.0) Gecko/20100101 Firefox/41.0"
93.217.227.91 - - [26/Oct/2015:21:35:28 +0100] "GET /zertifikat.pdf HTTP/1.1" 206 65536 "http://www.beos-polymer.de/" "Mozilla/5.0 (X11; Linux x86_64; rv:41.0) Gecko/20100101 Firefox/41.0"
93.217.227.91 - - [26/Oct/2015:21:35:28 +0100] "GET /zertifikat.pdf HTTP/1.1" 206 65536 "http://www.beos-polymer.de/" "Mozilla/5.0 (X11; Linux x86_64; rv:41.0) Gecko/20100101 Firefox/41.0"
93.217.227.91 - - [26/Oct/2015:21:35:29 +0100] "GET /zertifikat.pdf HTTP/1.1" 206 65536 "http://www.beos-polymer.de/" "Mozilla/5.0 (X11; Linux x86_64; rv:41.0) Gecko/20100101 Firefox/41.0"
93.217.227.91 - - [26/Oct/2015:21:35:29 +0100] "GET /zertifikat.pdf HTTP/1.1" 206 65536 "http://www.beos-polymer.de/" "Mozilla/5.0 (X11; Linux x86_64; rv:41.0) Gecko/20100101 Firefox/41.0"
93.217.227.91 - - [26/Oct/2015:21:35:32 +0100] "GET /favicon.ico HTTP/1.1" 404 1256 "-" "Mozilla/5.0 (X11; Linux x86_64; rv:41.0) Gecko/20100101 Firefox/41.0"
93.217.227.91 - - [26/Oct/2015:21:35:32 +0100] "GET /favicon.ico HTTP/1.1" 404 1256 "-" "Mozilla/5.0 (X11; Linux x86_64; rv:41.0) Gecko/20100101 Firefox/41.0"
180.76.15.140 - - [26/Oct/2015:22:08:08 +0100] "GET /zertifikat.pdf HTTP/1.1" 200 1245245 "-" "Mozilla/5.0 (compatible; Baiduspider/2.0; +http://www.baidu.com/search/spider.html)"
207.46.13.50 - - [27/Oct/2015:00:42:31 +0100] "GET /robots.txt HTTP/1.1" 404 1256 "-" "Mozilla/5.0 (compatible; bingbot/2.0; +http://www.bing.com/bingbot.htm)"
207.46.13.50 - - [27/Oct/2015:00:42:41 +0100] "GET /impressum.html HTTP/1.1" 200 2574 "-" "Mozilla/5.0 (compatible; bingbot/2.0; +http://www.bing.com/bingbot.htm)"
207.46.13.50 - - [27/Oct/2015:00:42:41 +0100] "GET /index.html HTTP/1.1" 200 3792 "-" "Mozilla/5.0 (compatible; bingbot/2.0; +http://www.bing.com/bingbot.htm)"
207.46.13.49 - - [27/Oct/2015:00:48:25 +0100] "GET / HTTP/1.1" 200 3792 "-" "Mozilla/5.0 (compatible; bingbot/2.0; +http://www.bing.com/bingbot.htm)"
180.76.15.150 - - [27/Oct/2015:01:10:43 +0100] "GET / HTTP/1.1" 200 3792 "-" "Mozilla/5.0 (compatible; Baiduspider/2.0; +http://www.baidu.com/search/spider.html)"
180.76.15.22 - - [27/Oct/2015:01:12:31 +0100] "GET / HTTP/1.1" 200 3792 "-" "Mozilla/5.0 (compatible; Baiduspider/2.0; +http://www.baidu.com/search/spider.html)"
50.117.48.80 - - [27/Oct/2015:03:55:05 +0100] "GET / HTTP/1.1" 200 3792 "-" "Mozilla/4.0 (compatible; MSIE8.0; Windows NT 6.0) .NET CLR 2.0.50727)"
50.117.48.80 - - [27/Oct/2015:03:56:07 +0100] "GET / HTTP/1.1" 200 3792 "-" "Mozilla/4.0 (compatible; MSIE8.0; Windows NT 6.0) .NET CLR 2.0.50727)"
50.117.48.80 - - [27/Oct/2015:03:56:07 +0100] "GET /impressum.html HTTP/1.1" 200 2574 "-" "Mozilla/4.0 (compatible; MSIE8.0; Windows NT 6.0) .NET CLR 2.0.50727)"
104.202.126.13 - - [27/Oct/2015:10:15:57 +0100] "GET / HTTP/1.1" 200 3792 "-" "Mozilla/4.0 (compatible; MSIE 8.0; Windows NT 5.1; Trident/4.0; .NET CLR 2.0.50727; .NET CLR 3.0.04506.648; .NET CLR 3.5.21022; .NET4.0C; .NET4.0E; .NET CLR 3.0.4506.2152; .NET CLR 3.5.30729)"
91.121.220.223 - - [27/Oct/2015:11:30:38 +0100] "GET / HTTP/1.1" 200 3792 "-" "Mozilla/5.0 (Windows NT 6.1; WOW64) AppleWebKit/537.31 (KHTML, like Gecko) Chrome/26.0.1410.64 Safari/537.31"
91.121.220.223 - - [27/Oct/2015:11:30:44 +0100] "GET /js/bootstrap.min.js HTTP/1.1" 200 25764 "-" "Mozilla/5.0 (Windows NT 6.1; WOW64) AppleWebKit/537.31 (KHTML, like Gecko) Chrome/26.0.1410.64 Safari/537.31"
91.121.220.223 - - [27/Oct/2015:11:30:48 +0100] "GET /impressum.html HTTP/1.1" 200 2574 "-" "Mozilla/5.0 (Windows NT 6.1; WOW64) AppleWebKit/537.31 (KHTML, like Gecko) Chrome/26.0.1410.64 Safari/537.31"
91.121.220.223 - - [27/Oct/2015:11:30:56 +0100] "GET /index.html HTTP/1.1" 200 3792 "-" "Mozilla/5.0 (Windows NT 6.1; WOW64) AppleWebKit/537.31 (KHTML, like Gecko) Chrome/26.0.1410.64 Safari/537.31"
91.121.220.223 - - [27/Oct/2015:11:31:01 +0100] "GET /css/bootstrap-responsive.min.css HTTP/1.1" 200 16520 "-" "Mozilla/5.0 (Windows NT 6.1; WOW64) AppleWebKit/537.31 (KHTML, like Gecko) Chrome/26.0.1410.64 Safari/537.31"
91.121.220.223 - - [27/Oct/2015:11:31:06 +0100] "GET /css/bootstrap.min.css HTTP/1.1" 200 101265 "-" "Mozilla/5.0 (Windows NT 6.1; WOW64) AppleWebKit/537.31 (KHTML, like Gecko) Chrome/26.0.1410.64 Safari/537.31"
180.76.15.140 - - [27/Oct/2015:17:13:55 +0100] "GET / HTTP/1.1" 200 3792 "-" "Mozilla/5.0 (compatible; Baiduspider/2.0; +http://www.baidu.com/search/spider.html)"
180.76.15.27 - - [27/Oct/2015:17:15:46 +0100] "GET / HTTP/1.1" 200 3792 "-" "Mozilla/5.0 (compatible; Baiduspider/2.0; +http://www.baidu.com/search/spider.html)"
66.249.78.83 - - [27/Oct/2015:19:10:37 +0100] "GET /robots.txt HTTP/1.1" 404 1256 "-" "Mozilla/5.0 (compatible; Googlebot/2.1; +http://www.google.com/bot.html)"
66.249.78.97 - - [27/Oct/2015:19:10:37 +0100] "GET / HTTP/1.1" 200 3792 "-" "Mozilla/5.0 (iPhone; CPU iPhone OS 8_3 like Mac OS X) AppleWebKit/600.1.4 (KHTML, like Gecko) Version/8.0 Mobile/12F70 Safari/600.1.4 (compatible; Googlebot/2.1; +http://www.google.com/bot.html)"
91.121.220.223 - - [27/Oct/2015:23:32:21 +0100] "GET / HTTP/1.1" 200 3792 "-" "Mozilla/5.0 (Windows NT 6.1; WOW64) AppleWebKit/537.31 (KHTML, like Gecko) Chrome/26.0.1410.64 Safari/537.31"
91.121.220.223 - - [27/Oct/2015:23:32:22 +0100] "GET /js/bootstrap.min.js HTTP/1.1" 200 25764 "-" "Mozilla/5.0 (Windows NT 6.1; WOW64) AppleWebKit/537.31 (KHTML, like Gecko) Chrome/26.0.1410.64 Safari/537.31"
91.121.220.223 - - [27/Oct/2015:23:32:23 +0100] "GET /impressum.html HTTP/1.1" 200 2574 "-" "Mozilla/5.0 (Windows NT 6.1; WOW64) AppleWebKit/537.31 (KHTML, like Gecko) Chrome/26.0.1410.64 Safari/537.31"
91.121.220.223 - - [27/Oct/2015:23:32:24 +0100] "GET /index.html HTTP/1.1" 200 3792 "-" "Mozilla/5.0 (Windows NT 6.1; WOW64) AppleWebKit/537.31 (KHTML, like Gecko) Chrome/26.0.1410.64 Safari/537.31"
91.121.220.223 - - [27/Oct/2015:23:32:25 +0100] "GET /css/bootstrap-responsive.min.css HTTP/1.1" 200 16520 "-" "Mozilla/5.0 (Windows NT 6.1; WOW64) AppleWebKit/537.31 (KHTML, like Gecko) Chrome/26.0.1410.64 Safari/537.31"
91.121.220.223 - - [27/Oct/2015:23:32:26 +0100] "GET /css/bootstrap.min.css HTTP/1.1" 200 101265 "-" "Mozilla/5.0 (Windows NT 6.1; WOW64) AppleWebKit/537.31 (KHTML, like Gecko) Chrome/26.0.1410.64 Safari/537.31"
93.186.202.253 - - [28/Oct/2015:05:26:14 +0100] "GET / HTTP/1.1" 200 3792 "-" "Mozilla/5.0 (compatible; MSIE 10.0; Windows NT 6.1; WOW64; Trident/6.0)"
93.186.202.253 - - [28/Oct/2015:05:26:15 +0100] "GET /impressum.html HTTP/1.1" 200 2574 "-" "Mozilla/5.0 (Windows NT 5.1; rv:21.0) Gecko/20130401 Firefox/21.0"
62.210.172.99 - - [28/Oct/2015:06:53:53 +0100] "GET /robots.txt HTTP/1.0" 404 1256 "-" "Mozilla/5.0 (compatible; MJ12bot/v1.4.5; http://www.majestic12.co.uk/bot.php?+)"
62.210.172.99 - - [28/Oct/2015:06:53:55 +0100] "GET /index.html HTTP/1.1" 200 3792 "-" "Mozilla/5.0 (compatible; MJ12bot/v1.4.5; http://www.majestic12.co.uk/bot.php?+)"
46.229.170.197 - - [28/Oct/2015:08:56:55 +0100] "GET / HTTP/1.1" 200 3792 "-" "Mozilla/5.0 (Windows NT 6.1; Win64; x64; rv:5.0) Gecko/20110619 Firefox/5.0"
66.249.78.97 - - [28/Oct/2015:11:31:15 +0100] "GET /robots.txt HTTP/1.1" 404 1256 "-" "Mozilla/5.0 (compatible; Googlebot/2.1; +http://www.google.com/bot.html)"
66.249.64.53 - - [28/Oct/2015:11:31:15 +0100] "GET / HTTP/1.1" 200 3792 "-" "Mozilla/5.0 (compatible; Googlebot/2.1; +http://www.google.com/bot.html)"
91.121.220.223 - - [28/Oct/2015:11:33:39 +0100] "GET / HTTP/1.1" 200 3792 "-" "Mozilla/5.0 (Windows NT 6.1; WOW64) AppleWebKit/537.31 (KHTML, like Gecko) Chrome/26.0.1410.64 Safari/537.31"
91.121.220.223 - - [28/Oct/2015:11:33:40 +0100] "GET /js/bootstrap.min.js HTTP/1.1" 200 25764 "-" "Mozilla/5.0 (Windows NT 6.1; WOW64) AppleWebKit/537.31 (KHTML, like Gecko) Chrome/26.0.1410.64 Safari/537.31"
91.121.220.223 - - [28/Oct/2015:11:33:41 +0100] "GET /impressum.html HTTP/1.1" 200 2574 "-" "Mozilla/5.0 (Windows NT 6.1; WOW64) AppleWebKit/537.31 (KHTML, like Gecko) Chrome/26.0.1410.64 Safari/537.31"
91.121.220.223 - - [28/Oct/2015:11:33:42 +0100] "GET /index.html HTTP/1.1" 200 3792 "-" "Mozilla/5.0 (Windows NT 6.1; WOW64) AppleWebKit/537.31 (KHTML, like Gecko) Chrome/26.0.1410.64 Safari/537.31"
91.121.220.223 - - [28/Oct/2015:11:33:43 +0100] "GET /css/bootstrap-responsive.min.css HTTP/1.1" 200 16520 "-" "Mozilla/5.0 (Windows NT 6.1; WOW64) AppleWebKit/537.31 (KHTML, like Gecko) Chrome/26.0.1410.64 Safari/537.31"
91.121.220.223 - - [28/Oct/2015:11:33:44 +0100] "GET /css/bootstrap.min.css HTTP/1.1" 200 101265 "-" "Mozilla/5.0 (Windows NT 6.1; WOW64) AppleWebKit/537.31 (KHTML, like Gecko) Chrome/26.0.1410.64 Safari/537.31"
54.208.80.140 - - [28/Oct/2015:15:14:46 +0100] "GET / HTTP/1.1" 200 3792 "http://www.beos-polymer.de/" "Mozilla/5.0 (compatible; DuckDuckGo-Favicons-Bot/1.0; +http://duckduckgo.com)"
54.208.80.140 - - [28/Oct/2015:15:14:47 +0100] "GET /ico/favicon.ico HTTP/1.1" 404 1256 "http://www.beos-polymer.de/ico/favicon.ico" "Mozilla/5.0 (compatible; DuckDuckGo-Favicons-Bot/1.0; +http://duckduckgo.com)"
54.208.80.140 - - [28/Oct/2015:15:14:47 +0100] "GET /favicon.ico HTTP/1.1" 404 1256 "http://www.beos-polymer.de/favicon.ico" "Mozilla/5.0 (compatible; DuckDuckGo-Favicons-Bot/1.0; +http://duckduckgo.com)"
180.76.15.10 - - [28/Oct/2015:15:23:06 +0100] "GET / HTTP/1.1" 200 3792 "-" "Mozilla/5.0 (compatible; Baiduspider/2.0; +http://www.baidu.com/search/spider.html)"
180.76.15.160 - - [28/Oct/2015:17:14:55 +0100] "GET / HTTP/1.1" 200 3792 "-" "Mozilla/5.0 (compatible; Baiduspider/2.0; +http://www.baidu.com/search/spider.html)"
180.76.15.158 - - [28/Oct/2015:17:16:52 +0100] "GET / HTTP/1.1" 200 3792 "-" "Mozilla/5.0 (compatible; Baiduspider/2.0; +http://www.baidu.com/search/spider.html)"
66.249.78.97 - - [28/Oct/2015:20:14:03 +0100] "GET / HTTP/1.1" 200 3792 "-" "Mozilla/5.0 (compatible; Googlebot/2.1; +http://www.google.com/bot.html)"
66.249.78.97 - - [28/Oct/2015:22:38:04 +0100] "GET / HTTP/1.1" 200 3792 "-" "Mozilla/5.0 (compatible; Googlebot/2.1; +http://www.google.com/bot.html)"
91.121.220.223 - - [28/Oct/2015:23:34:57 +0100] "GET / HTTP/1.1" 200 3792 "-" "Mozilla/5.0 (Windows NT 6.1; WOW64) AppleWebKit/537.31 (KHTML, like Gecko) Chrome/26.0.1410.64 Safari/537.31"
91.121.220.223 - - [28/Oct/2015:23:34:58 +0100] "GET /js/bootstrap.min.js HTTP/1.1" 200 25764 "-" "Mozilla/5.0 (Windows NT 6.1; WOW64) AppleWebKit/537.31 (KHTML, like Gecko) Chrome/26.0.1410.64 Safari/537.31"
91.121.220.223 - - [28/Oct/2015:23:34:59 +0100] "GET /impressum.html HTTP/1.1" 200 2574 "-" "Mozilla/5.0 (Windows NT 6.1; WOW64) AppleWebKit/537.31 (KHTML, like Gecko) Chrome/26.0.1410.64 Safari/537.31"
91.121.220.223 - - [28/Oct/2015:23:35:00 +0100] "GET /index.html HTTP/1.1" 200 3792 "-" "Mozilla/5.0 (Windows NT 6.1; WOW64) AppleWebKit/537.31 (KHTML, like Gecko) Chrome/26.0.1410.64 Safari/537.31"
91.121.220.223 - - [28/Oct/2015:23:35:01 +0100] "GET /css/bootstrap-responsive.min.css HTTP/1.1" 200 16520 "-" "Mozilla/5.0 (Windows NT 6.1; WOW64) AppleWebKit/537.31 (KHTML, like Gecko) Chrome/26.0.1410.64 Safari/537.31"
91.121.220.223 - - [28/Oct/2015:23:35:02 +0100] "GET /css/bootstrap.min.css HTTP/1.1" 200 101265 "-" "Mozilla/5.0 (Windows NT 6.1; WOW64) AppleWebKit/537.31 (KHTML, like Gecko) Chrome/26.0.1410.64 Safari/537.31"
66.249.64.58 - - [29/Oct/2015:00:00:59 +0100] "GET /robots.txt HTTP/1.1" 404 1256 "-" "Mozilla/5.0 (compatible; Googlebot/2.1; +http://www.google.com/bot.html)"
66.249.64.58 - - [29/Oct/2015:00:00:59 +0100] "GET / HTTP/1.1" 200 3792 "-" "Mozilla/5.0 (iPhone; CPU iPhone OS 8_3 like Mac OS X) AppleWebKit/600.1.4 (KHTML, like Gecko) Version/8.0 Mobile/12F70 Safari/600.1.4 (compatible; Googlebot/2.1; +http://www.google.com/bot.html)"
157.55.39.155 - - [29/Oct/2015:04:07:18 +0100] "GET / HTTP/1.1" 200 3792 "-" "Mozilla/5.0 (compatible; bingbot/2.0; +http://www.bing.com/bingbot.htm)"
207.46.13.115 - - [29/Oct/2015:04:08:54 +0100] "GET /impressum.html HTTP/1.1" 200 2574 "-" "Mozilla/5.0 (compatible; bingbot/2.0; +http://www.bing.com/bingbot.htm)"
207.46.13.96 - - [29/Oct/2015:06:58:30 +0100] "GET /index.html HTTP/1.1" 200 3792 "-" "Mozilla/5.0 (compatible; bingbot/2.0; +http://www.bing.com/bingbot.htm)"
91.121.220.223 - - [29/Oct/2015:11:36:19 +0100] "GET / HTTP/1.1" 200 3792 "-" "Mozilla/5.0 (Windows NT 6.1; WOW64) AppleWebKit/537.31 (KHTML, like Gecko) Chrome/26.0.1410.64 Safari/537.31"
91.121.220.223 - - [29/Oct/2015:11:36:20 +0100] "GET /js/bootstrap.min.js HTTP/1.1" 200 25764 "-" "Mozilla/5.0 (Windows NT 6.1; WOW64) AppleWebKit/537.31 (KHTML, like Gecko) Chrome/26.0.1410.64 Safari/537.31"
91.121.220.223 - - [29/Oct/2015:11:36:21 +0100] "GET /impressum.html HTTP/1.1" 200 2574 "-" "Mozilla/5.0 (Windows NT 6.1; WOW64) AppleWebKit/537.31 (KHTML, like Gecko) Chrome/26.0.1410.64 Safari/537.31"
91.121.220.223 - - [29/Oct/2015:11:36:22 +0100] "GET /index.html HTTP/1.1" 200 3792 "-" "Mozilla/5.0 (Windows NT 6.1; WOW64) AppleWebKit/537.31 (KHTML, like Gecko) Chrome/26.0.1410.64 Safari/537.31"
91.121.220.223 - - [29/Oct/2015:11:36:23 +0100] "GET /css/bootstrap-responsive.min.css HTTP/1.1" 200 16520 "-" "Mozilla/5.0 (Windows NT 6.1; WOW64) AppleWebKit/537.31 (KHTML, like Gecko) Chrome/26.0.1410.64 Safari/537.31"
91.121.220.223 - - [29/Oct/2015:11:36:24 +0100] "GET /css/bootstrap.min.css HTTP/1.1" 200 101265 "-" "Mozilla/5.0 (Windows NT 6.1; WOW64) AppleWebKit/537.31 (KHTML, like Gecko) Chrome/26.0.1410.64 Safari/537.31"
217.253.178.138 - - [29/Oct/2015:13:29:47 +0100] "GET / HTTP/1.1" 200 3792 "http://r.search.yahoo.com/_ylt=A9mSs2UoETJWkT0ApUUzCQx.;_ylu=X3oDMTByMnE1MzMwBGNvbG8DaXIyBHBvcwMzBHZ0aWQDBHNlYwNzcg--/RV=2/RE=1446150569/RO=10/RU=http%3a%2f%2fwww.beos-polymer.de%2f/RK=0/RS=Z5oZGNqe_jkqUHJ0lMHy7jMAQTk-" "Mozilla/5.0 (Windows NT 6.1; WOW64; rv:41.0) Gecko/20100101 Firefox/41.0"
217.253.178.138 - - [29/Oct/2015:13:29:48 +0100] "GET /css/bootstrap-responsive.min.css HTTP/1.1" 200 16520 "http://www.beos-polymer.de/" "Mozilla/5.0 (Windows NT 6.1; WOW64; rv:41.0) Gecko/20100101 Firefox/41.0"
217.253.178.138 - - [29/Oct/2015:13:29:48 +0100] "GET /js/bootstrap.min.js HTTP/1.1" 200 25764 "http://www.beos-polymer.de/" "Mozilla/5.0 (Windows NT 6.1; WOW64; rv:41.0) Gecko/20100101 Firefox/41.0"
217.253.178.138 - - [29/Oct/2015:13:29:48 +0100] "GET /ico/favicon.ico HTTP/1.1" 404 1256 "-" "Mozilla/5.0 (Windows NT 6.1; WOW64; rv:41.0) Gecko/20100101 Firefox/41.0"
217.253.178.138 - - [29/Oct/2015:13:29:49 +0100] "GET /ico/favicon.ico HTTP/1.1" 404 1256 "-" "Mozilla/5.0 (Windows NT 6.1; WOW64; rv:41.0) Gecko/20100101 Firefox/41.0"
217.253.178.138 - - [29/Oct/2015:13:29:48 +0100] "GET /css/bootstrap.min.css HTTP/1.1" 200 101265 "http://www.beos-polymer.de/" "Mozilla/5.0 (Windows NT 6.1; WOW64; rv:41.0) Gecko/20100101 Firefox/41.0"
217.253.178.138 - - [29/Oct/2015:13:29:57 +0100] "GET /zertifikatthumb.jpg HTTP/1.1" 200 18377 "http://www.beos-polymer.de/" "Mozilla/5.0 (Windows NT 6.1; WOW64; rv:41.0) Gecko/20100101 Firefox/41.0"
217.253.178.138 - - [29/Oct/2015:13:29:57 +0100] "GET /img/beos.jpg HTTP/1.1" 200 46831 "http://www.beos-polymer.de/" "Mozilla/5.0 (Windows NT 6.1; WOW64; rv:41.0) Gecko/20100101 Firefox/41.0"
52.6.67.132 - - [29/Oct/2015:16:30:26 +0100] "GET / HTTP/1.1" 200 3792 "-" "Mozilla/5.0 (Windows NT 6.2; Win64; x64) AppleWebKit/537.36 (KHTML, like Gecko) Chrome/32.0.1667.0 Safari/537.36"
66.249.78.90 - - [29/Oct/2015:22:45:29 +0100] "GET /robots.txt HTTP/1.1" 404 1256 "-" "Mozilla/5.0 (compatible; Googlebot/2.1; +http://www.google.com/bot.html)"
66.249.78.83 - - [29/Oct/2015:22:45:29 +0100] "GET / HTTP/1.1" 200 3792 "-" "Mozilla/5.0 (iPhone; CPU iPhone OS 8_3 like Mac OS X) AppleWebKit/600.1.4 (KHTML, like Gecko) Version/8.0 Mobile/12F70 Safari/600.1.4 (compatible; Googlebot/2.1; +http://www.google.com/bot.html)"
66.249.64.53 - - [29/Oct/2015:22:59:28 +0100] "GET /css/bootstrap-responsive.min.css HTTP/1.1" 200 16520 "-" "Mozilla/5.0 (compatible; Googlebot/2.1; +http://www.google.com/bot.html)"
66.249.78.83 - - [29/Oct/2015:22:59:29 +0100] "GET /css/bootstrap.min.css HTTP/1.1" 200 101265 "-" "Mozilla/5.0 (compatible; Googlebot/2.1; +http://www.google.com/bot.html)"
91.121.220.223 - - [29/Oct/2015:23:37:45 +0100] "GET / HTTP/1.1" 200 3792 "-" "Mozilla/5.0 (Windows NT 6.1; WOW64) AppleWebKit/537.31 (KHTML, like Gecko) Chrome/26.0.1410.64 Safari/537.31"
91.121.220.223 - - [29/Oct/2015:23:37:46 +0100] "GET /js/bootstrap.min.js HTTP/1.1" 200 25764 "-" "Mozilla/5.0 (Windows NT 6.1; WOW64) AppleWebKit/537.31 (KHTML, like Gecko) Chrome/26.0.1410.64 Safari/537.31"
91.121.220.223 - - [29/Oct/2015:23:37:47 +0100] "GET /impressum.html HTTP/1.1" 200 2574 "-" "Mozilla/5.0 (Windows NT 6.1; WOW64) AppleWebKit/537.31 (KHTML, like Gecko) Chrome/26.0.1410.64 Safari/537.31"
91.121.220.223 - - [29/Oct/2015:23:37:48 +0100] "GET /index.html HTTP/1.1" 200 3792 "-" "Mozilla/5.0 (Windows NT 6.1; WOW64) AppleWebKit/537.31 (KHTML, like Gecko) Chrome/26.0.1410.64 Safari/537.31"
91.121.220.223 - - [29/Oct/2015:23:37:49 +0100] "GET /css/bootstrap-responsive.min.css HTTP/1.1" 200 16520 "-" "Mozilla/5.0 (Windows NT 6.1; WOW64) AppleWebKit/537.31 (KHTML, like Gecko) Chrome/26.0.1410.64 Safari/537.31"
