157.55.39.85 - - [19/Mar/2015:15:08:41 +0100] "GET /css/bootstrap-responsive.min.css HTTP/1.1" 200 16520 "-" "Mozilla/5.0 (compatible; bingbot/2.0; +http://www.bing.com/bingbot.htm)"
157.55.39.53 - - [19/Mar/2015:15:16:41 +0100] "GET /robots.txt HTTP/1.1" 404 1256 "-" "Mozilla/5.0 (compatible; bingbot/2.0; +http://www.bing.com/bingbot.htm)"
157.55.39.53 - - [19/Mar/2015:16:19:11 +0100] "GET /robots.txt HTTP/1.1" 404 1256 "-" "Mozilla/5.0 (compatible; bingbot/2.0; +http://www.bing.com/bingbot.htm)"
66.249.67.123 - - [19/Mar/2015:18:20:39 +0100] "GET /robots.txt HTTP/1.1" 404 1256 "-" "Mozilla/5.0 (compatible; Googlebot/2.1; +http://www.google.com/bot.html)"
66.249.67.123 - - [19/Mar/2015:18:20:40 +0100] "GET / HTTP/1.1" 200 3792 "-" "Mozilla/5.0 (iPhone; CPU iPhone OS 6_0 like Mac OS X) AppleWebKit/536.26 (KHTML, like Gecko) Version/6.0 Mobile/10A5376e Safari/8536.25 (compatible; Googlebot/2.1; +http://www.google.com/bot.html)"
66.249.67.131 - - [19/Mar/2015:18:31:13 +0100] "GET /css/bootstrap-responsive.min.css HTTP/1.1" 200 16520 "-" "Mozilla/5.0 (compatible; Googlebot/2.1; +http://www.google.com/bot.html)"
66.249.67.139 - - [19/Mar/2015:18:31:14 +0100] "GET /css/bootstrap.min.css HTTP/1.1" 200 101265 "-" "Mozilla/5.0 (compatible; Googlebot/2.1; +http://www.google.com/bot.html)"
157.55.39.85 - - [20/Mar/2015:05:38:01 +0100] "GET /impressum.html HTTP/1.1" 200 2574 "-" "Mozilla/5.0 (compatible; bingbot/2.0; +http://www.bing.com/bingbot.htm)"
180.76.5.167 - - [20/Mar/2015:06:16:22 +0100] "GET / HTTP/1.1" 200 3792 "-" "Mozilla/5.0 (compatible; Baiduspider/2.0; +http://www.baidu.com/search/spider.html)"
148.251.41.235 - - [20/Mar/2015:07:13:53 +0100] "GET /robots.txt HTTP/1.0" 404 1256 "-" "Mozilla/5.0 (compatible; SEOkicks-Robot; +http://www.seokicks.de/robot.html)"
148.251.41.235 - - [20/Mar/2015:07:13:59 +0100] "GET / HTTP/1.0" 200 3792 "-" "Mozilla/5.0 (compatible; SEOkicks-Robot; +http://www.seokicks.de/robot.html)"
148.251.41.235 - - [20/Mar/2015:07:14:06 +0100] "GET /css/bootstrap.min.css HTTP/1.0" 200 101265 "http://www.beos-polymer.de/" "Mozilla/5.0 (compatible; SEOkicks-Robot; +http://www.seokicks.de/robot.html)"
148.251.41.235 - - [20/Mar/2015:07:14:13 +0100] "GET /css/bootstrap-responsive.min.css HTTP/1.0" 200 16520 "http://www.beos-polymer.de/" "Mozilla/5.0 (compatible; SEOkicks-Robot; +http://www.seokicks.de/robot.html)"
148.251.41.235 - - [20/Mar/2015:07:14:20 +0100] "GET /ico/favicon.ico HTTP/1.0" 404 1256 "http://www.beos-polymer.de/" "Mozilla/5.0 (compatible; SEOkicks-Robot; +http://www.seokicks.de/robot.html)"
148.251.41.235 - - [20/Mar/2015:07:14:27 +0100] "GET /js/bootstrap.min.js HTTP/1.0" 200 25764 "http://www.beos-polymer.de/" "Mozilla/5.0 (compatible; SEOkicks-Robot; +http://www.seokicks.de/robot.html)"
148.251.41.235 - - [20/Mar/2015:07:14:34 +0100] "GET /impressum.html HTTP/1.0" 200 2574 "http://www.beos-polymer.de/" "Mozilla/5.0 (compatible; SEOkicks-Robot; +http://www.seokicks.de/robot.html)"
148.251.41.235 - - [20/Mar/2015:07:14:41 +0100] "GET /index.html HTTP/1.0" 200 3792 "http://www.beos-polymer.de/impressum.html" "Mozilla/5.0 (compatible; SEOkicks-Robot; +http://www.seokicks.de/robot.html)"
66.249.67.139 - - [20/Mar/2015:11:37:14 +0100] "GET /robots.txt HTTP/1.1" 404 1256 "-" "Mozilla/5.0 (compatible; Googlebot/2.1; +http://www.google.com/bot.html)"
66.249.67.123 - - [20/Mar/2015:11:37:15 +0100] "GET / HTTP/1.1" 200 3792 "-" "Mozilla/5.0 (iPhone; CPU iPhone OS 6_0 like Mac OS X) AppleWebKit/536.26 (KHTML, like Gecko) Version/6.0 Mobile/10A5376e Safari/8536.25 (compatible; Googlebot/2.1; +http://www.google.com/bot.html)"
82.220.1.199 - - [20/Mar/2015:14:30:00 +0100] "GET / HTTP/1.1" 200 3792 "-" "Mozilla/5.0 (Windows NT 6.1; WOW64; rv:15.0) Gecko/20100101 Firefox/15.0"
82.220.1.199 - - [20/Mar/2015:14:30:00 +0100] "GET /css/bootstrap.min.css HTTP/1.1" 200 101265 "http://www.beos-polymer.de/" "Mozilla/5.0 (Windows NT 6.1; WOW64; rv:15.0) Gecko/20100101 Firefox/15.0"
82.220.1.199 - - [20/Mar/2015:14:30:00 +0100] "GET /css/bootstrap-responsive.min.css HTTP/1.1" 200 16520 "http://www.beos-polymer.de/" "Mozilla/5.0 (Windows NT 6.1; WOW64; rv:15.0) Gecko/20100101 Firefox/15.0"
82.220.1.199 - - [20/Mar/2015:14:30:00 +0100] "GET /zertifikatthumb.jpg HTTP/1.1" 200 18478 "http://www.beos-polymer.de/" "Mozilla/5.0 (Windows NT 6.1; WOW64; rv:15.0) Gecko/20100101 Firefox/15.0"
82.220.1.199 - - [20/Mar/2015:14:30:01 +0100] "GET /js/bootstrap.min.js HTTP/1.1" 200 25764 "http://www.beos-polymer.de/" "Mozilla/5.0 (Windows NT 6.1; WOW64; rv:15.0) Gecko/20100101 Firefox/15.0"
82.220.1.199 - - [20/Mar/2015:14:30:01 +0100] "GET /ico/favicon.ico HTTP/1.1" 404 1256 "-" "Mozilla/5.0 (Windows NT 6.1; WOW64; rv:15.0) Gecko/20100101 Firefox/15.0"
82.220.1.199 - - [20/Mar/2015:14:30:00 +0100] "GET /img/beos.jpg HTTP/1.1" 200 46831 "http://www.beos-polymer.de/" "Mozilla/5.0 (Windows NT 6.1; WOW64; rv:15.0) Gecko/20100101 Firefox/15.0"
82.220.1.199 - - [20/Mar/2015:14:30:01 +0100] "GET /img/glyphicons-halflings.png HTTP/1.1" 200 12799 "http://www.beos-polymer.de/css/bootstrap.min.css" "Mozilla/5.0 (Windows NT 6.1; WOW64; rv:15.0) Gecko/20100101 Firefox/15.0"
82.220.1.199 - - [20/Mar/2015:14:30:01 +0100] "GET /ico/favicon.ico HTTP/1.1" 404 1256 "-" "Mozilla/5.0 (Windows NT 6.1; WOW64; rv:15.0) Gecko/20100101 Firefox/15.0"
82.220.1.199 - - [20/Mar/2015:14:30:14 +0100] "GET /zertifikat.pdf HTTP/1.1" 200 1216131 "http://www.beos-polymer.de/" "Mozilla/5.0 (Windows NT 6.1; WOW64; rv:15.0) Gecko/20100101 Firefox/15.0"
82.220.1.199 - - [20/Mar/2015:14:30:17 +0100] "GET /favicon.ico HTTP/1.1" 404 1256 "-" "Mozilla/5.0 (Windows NT 6.1; WOW64; rv:15.0) Gecko/20100101 Firefox/15.0"
82.220.1.199 - - [20/Mar/2015:14:30:17 +0100] "GET /favicon.ico HTTP/1.1" 404 1256 "-" "Mozilla/5.0 (Windows NT 6.1; WOW64; rv:15.0) Gecko/20100101 Firefox/15.0"
180.76.5.144 - - [20/Mar/2015:16:28:56 +0100] "GET /robots.txt HTTP/1.1" 404 1256 "-" "Mozilla/5.0 (Windows NT 5.1; rv:6.0.2) Gecko/20100101 Firefox/6.0.2"
66.249.79.139 - - [21/Mar/2015:05:58:48 +0100] "GET /robots.txt HTTP/1.1" 404 1256 "-" "Mozilla/5.0 (compatible; Googlebot/2.1; +http://www.google.com/bot.html)"
66.249.79.123 - - [21/Mar/2015:05:58:48 +0100] "GET / HTTP/1.1" 200 3792 "-" "Mozilla/5.0 (iPhone; CPU iPhone OS 6_0 like Mac OS X) AppleWebKit/536.26 (KHTML, like Gecko) Version/6.0 Mobile/10A5376e Safari/8536.25 (compatible; Googlebot/2.1; +http://www.google.com/bot.html)"
157.55.39.85 - - [21/Mar/2015:11:23:38 +0100] "GET /impressum.html HTTP/1.1" 200 2574 "-" "Mozilla/5.0 (compatible; bingbot/2.0; +http://www.bing.com/bingbot.htm)"
157.55.39.98 - - [21/Mar/2015:11:23:57 +0100] "GET /css/bootstrap.min.css HTTP/1.1" 200 101265 "-" "Mozilla/5.0 (compatible; bingbot/2.0; +http://www.bing.com/bingbot.htm)"
157.55.39.85 - - [21/Mar/2015:11:23:59 +0100] "GET /css/bootstrap-responsive.min.css HTTP/1.1" 200 16520 "-" "Mozilla/5.0 (compatible; bingbot/2.0; +http://www.bing.com/bingbot.htm)"
157.55.39.85 - - [21/Mar/2015:11:23:59 +0100] "GET /js/bootstrap.min.js HTTP/1.1" 200 25764 "-" "Mozilla/5.0 (compatible; bingbot/2.0; +http://www.bing.com/bingbot.htm)"
66.249.78.90 - - [21/Mar/2015:19:35:58 +0100] "GET /robots.txt HTTP/1.1" 404 1256 "-" "Mozilla/5.0 (compatible; Googlebot/2.1; +http://www.google.com/bot.html)"
66.249.64.91 - - [21/Mar/2015:19:35:59 +0100] "GET / HTTP/1.1" 200 3792 "-" "Mozilla/5.0 (compatible; Googlebot/2.1; +http://www.google.com/bot.html)"
64.246.165.140 - - [21/Mar/2015:23:37:34 +0100] "GET /robots.txt HTTP/1.0" 404 1256 "-" "Mozilla/5.0 (Windows; U; Windows NT 5.1; en; rv:1.9.0.13) Gecko/2009073022 Firefox/3.5.2 (.NET CLR 3.5.30729) SurveyBot/2.3 (DomainTools)"
64.246.165.140 - - [21/Mar/2015:23:37:34 +0100] "GET / HTTP/1.1" 200 3792 "http://whois.domaintools.com/beos-polymer.de" "Mozilla/5.0 (Windows; U; Windows NT 5.1; en; rv:1.9.0.13) Gecko/2009073022 Firefox/3.5.2 (.NET CLR 3.5.30729) SurveyBot/2.3 (DomainTools)"
207.46.13.113 - - [22/Mar/2015:02:28:22 +0100] "GET /robots.txt HTTP/1.1" 404 1256 "-" "Mozilla/5.0 (compatible; bingbot/2.0; +http://www.bing.com/bingbot.htm)"
207.46.13.113 - - [22/Mar/2015:02:28:31 +0100] "GET /index.html HTTP/1.1" 304 - "-" "Mozilla/5.0 (compatible; bingbot/2.0; +http://www.bing.com/bingbot.htm)"
66.249.78.90 - - [22/Mar/2015:05:26:12 +0100] "GET / HTTP/1.1" 200 3792 "-" "Mozilla/5.0 (iPhone; CPU iPhone OS 6_0 like Mac OS X) AppleWebKit/536.26 (KHTML, like Gecko) Version/6.0 Mobile/10A5376e Safari/8536.25 (compatible; Googlebot/2.1; +http://www.google.com/bot.html)"
66.249.78.83 - - [22/Mar/2015:07:46:14 +0100] "GET /robots.txt HTTP/1.1" 404 1256 "-" "Mozilla/5.0 (compatible; Googlebot/2.1; +http://www.google.com/bot.html)"
148.251.77.34 - - [22/Mar/2015:09:09:07 +0100] "GET / HTTP/1.1" 200 3792 "http://pizza-tycoon.de/" "Mozilla/5.0 (Windows NT 6.1; WOW64) AppleWebKit/537.36 (KHTML, like Gecko) Chrome/41.0.2272.89 Safari/537.36"
66.249.78.83 - - [22/Mar/2015:15:19:23 +0100] "GET /impressum.html HTTP/1.1" 200 2574 "-" "Mozilla/5.0 (iPhone; CPU iPhone OS 6_0 like Mac OS X) AppleWebKit/536.26 (KHTML, like Gecko) Version/6.0 Mobile/10A5376e Safari/8536.25 (compatible; Googlebot/2.1; +http://www.google.com/bot.html)"
217.253.180.208 - - [22/Mar/2015:15:42:46 +0100] "GET / HTTP/1.1" 200 3792 "http://www.google.de/url?sa=t&rct=j&q=&esrc=s&source=web&cd=2&ved=0CCoQFjAB&url=http%3A%2F%2Fwww.beos-polymer.de%2F&ei=idQOVbmTDZLcaJiDgjg&usg=AFQjCNHkP8INSL1dW-97m1F_ljbLQHJSGA&bvm=bv.88528373,d.d2s" "Mozilla/5.0 (Windows NT 6.1; WOW64; rv:36.0) Gecko/20100101 Firefox/36.0"
217.253.180.208 - - [22/Mar/2015:15:42:46 +0100] "GET /css/bootstrap-responsive.min.css HTTP/1.1" 200 16520 "http://www.beos-polymer.de/" "Mozilla/5.0 (Windows NT 6.1; WOW64; rv:36.0) Gecko/20100101 Firefox/36.0"
217.253.180.208 - - [22/Mar/2015:15:42:46 +0100] "GET /js/bootstrap.min.js HTTP/1.1" 200 25764 "http://www.beos-polymer.de/" "Mozilla/5.0 (Windows NT 6.1; WOW64; rv:36.0) Gecko/20100101 Firefox/36.0"
217.253.180.208 - - [22/Mar/2015:15:42:46 +0100] "GET /ico/favicon.ico HTTP/1.1" 404 1256 "-" "Mozilla/5.0 (Windows NT 6.1; WOW64; rv:36.0) Gecko/20100101 Firefox/36.0"
217.253.180.208 - - [22/Mar/2015:15:42:46 +0100] "GET /ico/favicon.ico HTTP/1.1" 404 1256 "-" "Mozilla/5.0 (Windows NT 6.1; WOW64; rv:36.0) Gecko/20100101 Firefox/36.0"
217.253.180.208 - - [22/Mar/2015:15:42:46 +0100] "GET /css/bootstrap.min.css HTTP/1.1" 200 101265 "http://www.beos-polymer.de/" "Mozilla/5.0 (Windows NT 6.1; WOW64; rv:36.0) Gecko/20100101 Firefox/36.0"
217.253.180.208 - - [22/Mar/2015:15:42:47 +0100] "GET /zertifikatthumb.jpg HTTP/1.1" 200 18478 "http://www.beos-polymer.de/" "Mozilla/5.0 (Windows NT 6.1; WOW64; rv:36.0) Gecko/20100101 Firefox/36.0"
217.253.180.208 - - [22/Mar/2015:15:42:47 +0100] "GET /img/beos.jpg HTTP/1.1" 200 46831 "http://www.beos-polymer.de/" "Mozilla/5.0 (Windows NT 6.1; WOW64; rv:36.0) Gecko/20100101 Firefox/36.0"
217.253.180.208 - - [22/Mar/2015:15:42:51 +0100] "GET /zertifikat.pdf HTTP/1.1" 206 65536 "http://www.beos-polymer.de/" "Mozilla/5.0 (Windows NT 6.1; WOW64; rv:36.0) Gecko/20100101 Firefox/36.0"
217.253.180.208 - - [22/Mar/2015:15:42:51 +0100] "GET /zertifikat.pdf HTTP/1.1" 206 36483 "http://www.beos-polymer.de/" "Mozilla/5.0 (Windows NT 6.1; WOW64; rv:36.0) Gecko/20100101 Firefox/36.0"
217.253.180.208 - - [22/Mar/2015:15:42:52 +0100] "GET /zertifikat.pdf HTTP/1.1" 206 65536 "http://www.beos-polymer.de/" "Mozilla/5.0 (Windows NT 6.1; WOW64; rv:36.0) Gecko/20100101 Firefox/36.0"
217.253.180.208 - - [22/Mar/2015:15:42:52 +0100] "GET /zertifikat.pdf HTTP/1.1" 206 65536 "http://www.beos-polymer.de/" "Mozilla/5.0 (Windows NT 6.1; WOW64; rv:36.0) Gecko/20100101 Firefox/36.0"
217.253.180.208 - - [22/Mar/2015:15:42:51 +0100] "GET /zertifikat.pdf HTTP/1.1" 200 1216131 "http://www.beos-polymer.de/" "Mozilla/5.0 (Windows NT 6.1; WOW64; rv:36.0) Gecko/20100101 Firefox/36.0"
217.253.180.208 - - [22/Mar/2015:15:42:53 +0100] "GET /favicon.ico HTTP/1.1" 404 1256 "-" "Mozilla/5.0 (Windows NT 6.1; WOW64; rv:36.0) Gecko/20100101 Firefox/36.0"
217.253.180.208 - - [22/Mar/2015:15:42:53 +0100] "GET /favicon.ico HTTP/1.1" 404 1256 "-" "Mozilla/5.0 (Windows NT 6.1; WOW64; rv:36.0) Gecko/20100101 Firefox/36.0"
217.253.180.208 - - [22/Mar/2015:15:42:54 +0100] "GET /favicon.ico HTTP/1.1" 404 1256 "-" "Mozilla/5.0 (Windows NT 6.1; WOW64; rv:36.0) Gecko/20100101 Firefox/36.0"
217.253.180.208 - - [22/Mar/2015:15:42:54 +0100] "GET /favicon.ico HTTP/1.1" 404 1256 "-" "Mozilla/5.0 (Windows NT 6.1; WOW64; rv:36.0) Gecko/20100101 Firefox/36.0"
217.253.180.208 - - [22/Mar/2015:15:43:05 +0100] "GET /zertifikat.pdf HTTP/1.1" 206 65536 "http://www.beos-polymer.de/" "Mozilla/5.0 (Windows NT 6.1; WOW64; rv:36.0) Gecko/20100101 Firefox/36.0"
217.253.180.208 - - [22/Mar/2015:15:43:05 +0100] "GET /zertifikat.pdf HTTP/1.1" 206 36483 "http://www.beos-polymer.de/" "Mozilla/5.0 (Windows NT 6.1; WOW64; rv:36.0) Gecko/20100101 Firefox/36.0"
217.253.180.208 - - [22/Mar/2015:15:43:04 +0100] "GET /zertifikat.pdf HTTP/1.1" 206 667603 "http://www.beos-polymer.de/" "Mozilla/5.0 (Windows NT 6.1; WOW64; rv:36.0) Gecko/20100101 Firefox/36.0"
217.253.180.208 - - [22/Mar/2015:15:43:06 +0100] "GET /zertifikat.pdf HTTP/1.1" 206 65536 "http://www.beos-polymer.de/" "Mozilla/5.0 (Windows NT 6.1; WOW64; rv:36.0) Gecko/20100101 Firefox/36.0"
217.253.180.208 - - [22/Mar/2015:15:43:07 +0100] "GET /zertifikat.pdf HTTP/1.1" 206 65536 "http://www.beos-polymer.de/" "Mozilla/5.0 (Windows NT 6.1; WOW64; rv:36.0) Gecko/20100101 Firefox/36.0"
217.253.180.208 - - [22/Mar/2015:15:43:06 +0100] "GET /zertifikat.pdf HTTP/1.1" 206 65536 "http://www.beos-polymer.de/" "Mozilla/5.0 (Windows NT 6.1; WOW64; rv:36.0) Gecko/20100101 Firefox/36.0"
207.46.13.57 - - [22/Mar/2015:22:34:40 +0100] "GET /impressum.html HTTP/1.1" 200 2574 "-" "Mozilla/5.0 (compatible; bingbot/2.0; +http://www.bing.com/bingbot.htm)"
207.46.13.57 - - [22/Mar/2015:22:34:54 +0100] "GET /css/bootstrap-responsive.min.css HTTP/1.1" 200 16520 "-" "Mozilla/5.0 (compatible; bingbot/2.0; +http://www.bing.com/bingbot.htm)"
66.249.65.163 - - [22/Mar/2015:23:16:44 +0100] "GET /robots.txt HTTP/1.1" 404 1256 "-" "Mozilla/5.0 (compatible; Googlebot/2.1; +http://www.google.com/bot.html)"
66.249.65.167 - - [22/Mar/2015:23:16:45 +0100] "GET / HTTP/1.1" 200 3792 "-" "Mozilla/5.0 (iPhone; CPU iPhone OS 6_0 like Mac OS X) AppleWebKit/536.26 (KHTML, like Gecko) Version/6.0 Mobile/10A5376e Safari/8536.25 (compatible; Googlebot/2.1; +http://www.google.com/bot.html)"
66.249.65.167 - - [22/Mar/2015:23:21:29 +0100] "GET /css/bootstrap.min.css HTTP/1.1" 200 101265 "-" "Mozilla/5.0 (compatible; Googlebot/2.1; +http://www.google.com/bot.html)"
66.249.65.163 - - [22/Mar/2015:23:21:30 +0100] "GET /css/bootstrap-responsive.min.css HTTP/1.1" 200 16520 "-" "Mozilla/5.0 (compatible; Googlebot/2.1; +http://www.google.com/bot.html)"
207.46.13.57 - - [23/Mar/2015:05:42:33 +0100] "GET /impressum.html HTTP/1.1" 200 2574 "-" "Mozilla/5.0 (compatible; bingbot/2.0; +http://www.bing.com/bingbot.htm)"
207.46.13.57 - - [23/Mar/2015:05:42:46 +0100] "GET /css/bootstrap-responsive.min.css HTTP/1.1" 200 16520 "-" "Mozilla/5.0 (compatible; bingbot/2.0; +http://www.bing.com/bingbot.htm)"
148.251.41.235 - - [23/Mar/2015:09:42:52 +0100] "GET /robots.txt HTTP/1.0" 404 1256 "-" "Mozilla/5.0 (compatible; SEOkicks-Robot; +http://www.seokicks.de/robot.html)"
148.251.41.235 - - [23/Mar/2015:09:43:01 +0100] "GET / HTTP/1.0" 200 3792 "-" "Mozilla/5.0 (compatible; SEOkicks-Robot; +http://www.seokicks.de/robot.html)"
148.251.41.235 - - [23/Mar/2015:09:43:11 +0100] "GET /css/bootstrap.min.css HTTP/1.0" 200 101265 "http://www.beos-polymer.de/" "Mozilla/5.0 (compatible; SEOkicks-Robot; +http://www.seokicks.de/robot.html)"
148.251.41.235 - - [23/Mar/2015:09:43:20 +0100] "GET /css/bootstrap-responsive.min.css HTTP/1.0" 200 16520 "http://www.beos-polymer.de/" "Mozilla/5.0 (compatible; SEOkicks-Robot; +http://www.seokicks.de/robot.html)"
148.251.41.235 - - [23/Mar/2015:09:43:29 +0100] "GET /ico/favicon.ico HTTP/1.0" 404 1256 "http://www.beos-polymer.de/" "Mozilla/5.0 (compatible; SEOkicks-Robot; +http://www.seokicks.de/robot.html)"
148.251.41.235 - - [23/Mar/2015:09:43:39 +0100] "GET /js/bootstrap.min.js HTTP/1.0" 200 25764 "http://www.beos-polymer.de/" "Mozilla/5.0 (compatible; SEOkicks-Robot; +http://www.seokicks.de/robot.html)"
148.251.41.235 - - [23/Mar/2015:09:43:49 +0100] "GET /impressum.html HTTP/1.0" 200 2574 "http://www.beos-polymer.de/" "Mozilla/5.0 (compatible; SEOkicks-Robot; +http://www.seokicks.de/robot.html)"
148.251.41.235 - - [23/Mar/2015:09:44:01 +0100] "GET /index.html HTTP/1.0" 200 3792 "http://www.beos-polymer.de/impressum.html" "Mozilla/5.0 (compatible; SEOkicks-Robot; +http://www.seokicks.de/robot.html)"
66.249.65.167 - - [23/Mar/2015:10:26:57 +0100] "GET / HTTP/1.1" 200 3792 "-" "Mozilla/5.0 (iPhone; CPU iPhone OS 6_0 like Mac OS X) AppleWebKit/536.26 (KHTML, like Gecko) Version/6.0 Mobile/10A5376e Safari/8536.25 (compatible; Googlebot/2.1; +http://www.google.com/bot.html)"
66.249.65.163 - - [23/Mar/2015:10:30:31 +0100] "GET /js/bootstrap.min.js HTTP/1.1" 200 25764 "-" "Mozilla/5.0 (compatible; Googlebot/2.1; +http://www.google.com/bot.html)"
66.249.65.167 - - [23/Mar/2015:14:18:58 +0100] "GET /robots.txt HTTP/1.1" 404 1256 "-" "Mozilla/5.0 (compatible; Googlebot/2.1; +http://www.google.com/bot.html)"
66.249.65.163 - - [23/Mar/2015:14:18:58 +0100] "GET /impressum.html HTTP/1.1" 304 - "-" "Mozilla/5.0 (iPhone; CPU iPhone OS 6_0 like Mac OS X) AppleWebKit/536.26 (KHTML, like Gecko) Version/6.0 Mobile/10A5376e Safari/8536.25 (compatible; Googlebot/2.1; +http://www.google.com/bot.html)"
207.46.13.57 - - [23/Mar/2015:17:06:03 +0100] "GET /impressum.html HTTP/1.1" 200 2574 "-" "Mozilla/5.0 (compatible; bingbot/2.0; +http://www.bing.com/bingbot.htm)"
207.46.13.57 - - [23/Mar/2015:17:06:21 +0100] "GET /js/bootstrap.min.js HTTP/1.1" 200 25764 "-" "Mozilla/5.0 (compatible; bingbot/2.0; +http://www.bing.com/bingbot.htm)"
157.55.39.5 - - [23/Mar/2015:17:06:32 +0100] "GET /css/bootstrap.min.css HTTP/1.1" 200 101265 "-" "Mozilla/5.0 (compatible; bingbot/2.0; +http://www.bing.com/bingbot.htm)"
207.46.13.113 - - [23/Mar/2015:17:15:28 +0100] "GET /robots.txt HTTP/1.1" 404 1256 "-" "Mozilla/5.0 (compatible; bingbot/2.0; +http://www.bing.com/bingbot.htm)"
65.55.210.29 - - [23/Mar/2015:18:07:19 +0100] "GET /css/bootstrap-responsive.min.css HTTP/1.1" 200 16520 "http://www.beos-polymer.de/impressum.html" "Mozilla/5.0 (Windows NT 6.1; WOW64) AppleWebKit/534+ (KHTML, like Gecko) BingPreview/1.0b"
207.46.13.57 - - [24/Mar/2015:00:17:10 +0100] "GET /impressum.html HTTP/1.1" 200 2574 "-" "Mozilla/5.0 (compatible; bingbot/2.0; +http://www.bing.com/bingbot.htm)"
188.165.15.195 - - [24/Mar/2015:01:07:48 +0100] "GET / HTTP/1.1" 200 3792 "-" "Mozilla/5.0 (compatible; AhrefsBot/5.0; +http://ahrefs.com/robot/)"
66.249.65.159 - - [24/Mar/2015:06:11:11 +0100] "GET /robots.txt HTTP/1.1" 404 1256 "-" "Mozilla/5.0 (compatible; Googlebot/2.1; +http://www.google.com/bot.html)"
66.249.65.159 - - [24/Mar/2015:06:11:11 +0100] "GET / HTTP/1.1" 200 3792 "-" "Mozilla/5.0 (iPhone; CPU iPhone OS 6_0 like Mac OS X) AppleWebKit/536.26 (KHTML, like Gecko) Version/6.0 Mobile/10A5376e Safari/8536.25 (compatible; Googlebot/2.1; +http://www.google.com/bot.html)"
62.212.73.211 - - [24/Mar/2015:13:47:40 +0100] "GET /robots.txt HTTP/1.0" 404 1256 "-" "Mozilla/5.0 (compatible; MJ12bot/v1.4.5; http://www.majestic12.co.uk/bot.php?+)"
62.212.73.211 - - [24/Mar/2015:13:47:41 +0100] "GET / HTTP/1.0" 200 3792 "-" "Mozilla/5.0 (compatible; MJ12bot/v1.4.5; http://www.majestic12.co.uk/bot.php?+)"
46.229.170.197 - - [24/Mar/2015:14:07:57 +0100] "GET / HTTP/1.1" 200 3792 "-" "Mozilla/5.0 (X11; Linux i686; rv:2.0b3pre) Gecko/20100731 Firefox/4.0b3pre"
213.224.30.210 - - [24/Mar/2015:14:13:43 +0100] "GET / HTTP/1.1" 200 3792 "http://www.google.de/url?sa=t&rct=j&q=&esrc=s&frm=1&source=web&cd=1&ved=0CCIQFjAA&url=http%3A%2F%2Fwww.beos-polymer.de%2F&ei=_WIRVdm2JYzraIOogJgM&usg=AFQjCNHkP8INSL1dW-97m1F_ljbLQHJSGA&bvm=bv.89184060,d.d2s" "Mozilla/5.0 (compatible; MSIE 9.0; Windows NT 6.1; WOW64; Trident/5.0)"
213.224.30.210 - - [24/Mar/2015:14:13:43 +0100] "GET /css/bootstrap-responsive.min.css HTTP/1.1" 200 16520 "http://www.beos-polymer.de/" "Mozilla/5.0 (compatible; MSIE 9.0; Windows NT 6.1; WOW64; Trident/5.0)"
213.224.30.210 - - [24/Mar/2015:14:13:43 +0100] "GET /css/bootstrap.min.css HTTP/1.1" 200 101265 "http://www.beos-polymer.de/" "Mozilla/5.0 (compatible; MSIE 9.0; Windows NT 6.1; WOW64; Trident/5.0)"
213.224.30.210 - - [24/Mar/2015:14:13:43 +0100] "GET /img/beos.jpg HTTP/1.1" 200 46831 "http://www.beos-polymer.de/" "Mozilla/5.0 (compatible; MSIE 9.0; Windows NT 6.1; WOW64; Trident/5.0)"
213.224.30.210 - - [24/Mar/2015:14:13:43 +0100] "GET /zertifikatthumb.jpg HTTP/1.1" 200 18478 "http://www.beos-polymer.de/" "Mozilla/5.0 (compatible; MSIE 9.0; Windows NT 6.1; WOW64; Trident/5.0)"
213.224.30.210 - - [24/Mar/2015:14:13:44 +0100] "GET /js/bootstrap.min.js HTTP/1.1" 200 25764 "http://www.beos-polymer.de/" "Mozilla/5.0 (compatible; MSIE 9.0; Windows NT 6.1; WOW64; Trident/5.0)"
213.224.30.210 - - [24/Mar/2015:14:13:44 +0100] "GET /img/glyphicons-halflings.png HTTP/1.1" 200 12799 "http://www.beos-polymer.de/" "Mozilla/5.0 (compatible; MSIE 9.0; Windows NT 6.1; WOW64; Trident/5.0)"
213.224.30.210 - - [24/Mar/2015:14:13:46 +0100] "GET /ico/favicon.ico HTTP/1.1" 404 1256 "-" "Mozilla/5.0 (compatible; MSIE 9.0; Windows NT 6.1; WOW64; Trident/5.0)"
213.224.30.210 - - [24/Mar/2015:14:15:11 +0100] "GET /ico/favicon.ico HTTP/1.1" 404 1256 "-" "Mozilla/5.0 (compatible; MSIE 9.0; Windows NT 6.1; WOW64; Trident/5.0)"
207.46.13.57 - - [24/Mar/2015:14:54:54 +0100] "GET /robots.txt HTTP/1.1" 404 1256 "-" "Mozilla/5.0 (compatible; bingbot/2.0; +http://www.bing.com/bingbot.htm)"
207.46.13.57 - - [24/Mar/2015:14:55:09 +0100] "GET /impressum.html HTTP/1.1" 200 2574 "-" "Mozilla/5.0 (compatible; bingbot/2.0; +http://www.bing.com/bingbot.htm)"
213.47.217.101 - - [24/Mar/2015:15:18:03 +0100] "GET / HTTP/1.1" 200 3792 "-" "Mozilla/5.0 (Windows NT 6.1; WOW64) AppleWebKit/537.36 (KHTML, like Gecko) Chrome/40.0.2214.115 Safari/537.36"
212.224.119.142 - - [24/Mar/2015:18:15:43 +0100] "GET / HTTP/1.1" 200 3792 "-" "Mozilla/5.0 (compatible; XoviBot/2.0; +http://www.xovibot.net/)"
94.242.246.24 - - [24/Mar/2015:18:47:05 +0100] "GET / HTTP/1.1" 200 3792 "http://hvd-store.com/" "Mozilla/5.0 (X11; Linux x86_64) AppleWebKit/537.36 (KHTML, like Gecko) Chrome/37.0.2062.120 Safari/537.36"
66.249.65.163 - - [24/Mar/2015:20:32:33 +0100] "GET /robots.txt HTTP/1.1" 404 1256 "-" "Mozilla/5.0 (compatible; Googlebot/2.1; +http://www.google.com/bot.html)"
66.249.65.163 - - [24/Mar/2015:20:32:33 +0100] "GET / HTTP/1.1" 200 3792 "-" "Mozilla/5.0 (compatible; Googlebot/2.1; +http://www.google.com/bot.html)"
141.8.189.118 - - [24/Mar/2015:21:34:41 +0100] "GET /robots.txt HTTP/1.1" 404 1256 "-" "Mozilla/5.0 (compatible; YandexBot/3.0; +http://yandex.com/bots)"
141.8.189.118 - - [24/Mar/2015:21:34:43 +0100] "GET / HTTP/1.1" 200 3792 "-" "Mozilla/5.0 (compatible; YandexBot/3.0; +http://yandex.com/bots)"
141.8.189.118 - - [24/Mar/2015:21:34:45 +0100] "GET /index.html HTTP/1.1" 200 3792 "-" "Mozilla/5.0 (compatible; YandexBot/3.0; +http://yandex.com/bots)"
141.8.189.118 - - [24/Mar/2015:21:34:54 +0100] "GET / HTTP/1.1" 200 3792 "-" "Mozilla/5.0 (compatible; YandexBot/3.0; +http://yandex.com/bots)"
141.8.189.118 - - [24/Mar/2015:21:34:57 +0100] "GET /index.html HTTP/1.1" 200 3792 "-" "Mozilla/5.0 (compatible; YandexBot/3.0; +http://yandex.com/bots)"
66.249.65.167 - - [24/Mar/2015:21:42:25 +0100] "GET / HTTP/1.1" 200 3792 "-" "Mozilla/5.0 (compatible; Googlebot/2.1; +http://www.google.com/bot.html)"
188.165.15.138 - - [25/Mar/2015:03:24:56 +0100] "GET /robots.txt HTTP/1.1" 404 1256 "-" "Mozilla/5.0 (compatible; AhrefsBot/5.0; +http://ahrefs.com/robot/)"
66.249.65.163 - - [25/Mar/2015:04:14:37 +0100] "GET / HTTP/1.1" 200 3792 "-" "Mozilla/5.0 (iPhone; CPU iPhone OS 6_0 like Mac OS X) AppleWebKit/536.26 (KHTML, like Gecko) Version/6.0 Mobile/10A5376e Safari/8536.25 (compatible; Googlebot/2.1; +http://www.google.com/bot.html)"
46.4.68.142 - - [25/Mar/2015:04:45:41 +0100] "GET /robots.txt HTTP/1.0" 404 1256 "-" "Mozilla/5.0 (compatible; SEOkicks-Robot; +http://www.seokicks.de/robot.html)"
46.4.68.142 - - [25/Mar/2015:04:45:48 +0100] "GET / HTTP/1.0" 200 3792 "-" "Mozilla/5.0 (compatible; SEOkicks-Robot; +http://www.seokicks.de/robot.html)"
46.4.68.142 - - [25/Mar/2015:04:45:55 +0100] "GET /css/bootstrap.min.css HTTP/1.0" 200 101265 "http://www.beos-polymer.de/" "Mozilla/5.0 (compatible; SEOkicks-Robot; +http://www.seokicks.de/robot.html)"
46.4.68.142 - - [25/Mar/2015:04:46:03 +0100] "GET /css/bootstrap-responsive.min.css HTTP/1.0" 200 16520 "http://www.beos-polymer.de/" "Mozilla/5.0 (compatible; SEOkicks-Robot; +http://www.seokicks.de/robot.html)"
46.4.68.142 - - [25/Mar/2015:04:46:11 +0100] "GET /ico/favicon.ico HTTP/1.0" 404 1256 "http://www.beos-polymer.de/" "Mozilla/5.0 (compatible; SEOkicks-Robot; +http://www.seokicks.de/robot.html)"
46.4.68.142 - - [25/Mar/2015:04:46:18 +0100] "GET /js/bootstrap.min.js HTTP/1.0" 200 25764 "http://www.beos-polymer.de/" "Mozilla/5.0 (compatible; SEOkicks-Robot; +http://www.seokicks.de/robot.html)"
46.4.68.142 - - [25/Mar/2015:04:46:25 +0100] "GET /impressum.html HTTP/1.0" 200 2574 "http://www.beos-polymer.de/" "Mozilla/5.0 (compatible; SEOkicks-Robot; +http://www.seokicks.de/robot.html)"
46.4.68.142 - - [25/Mar/2015:04:46:32 +0100] "GET /index.html HTTP/1.0" 200 3792 "http://www.beos-polymer.de/impressum.html" "Mozilla/5.0 (compatible; SEOkicks-Robot; +http://www.seokicks.de/robot.html)"
157.55.39.242 - - [25/Mar/2015:07:24:31 +0100] "GET /impressum.html HTTP/1.1" 200 2574 "-" "Mozilla/5.0 (compatible; bingbot/2.0; +http://www.bing.com/bingbot.htm)"
217.80.45.93 - - [25/Mar/2015:12:19:34 +0100] "GET / HTTP/1.1" 200 3792 "-" "Mozilla/4.0 (compatible; MSIE 7.0; Windows NT 6.1; Trident/7.0; SLCC2; .NET CLR 2.0.50727; .NET CLR 3.5.30729; .NET CLR 3.0.30729; Media Center PC 6.0; .NET4.0C; .NET4.0E; MASBJS)"
217.80.45.93 - - [25/Mar/2015:12:19:35 +0100] "GET /js/bootstrap.min.js HTTP/1.1" 200 25764 "http://www.beos-polymer.de/" "Mozilla/5.0 (Windows NT 6.1; Trident/7.0; MASBJS; rv:11.0) like Gecko"
217.80.45.93 - - [25/Mar/2015:12:19:35 +0100] "GET /css/bootstrap-responsive.min.css HTTP/1.1" 200 16520 "http://www.beos-polymer.de/" "Mozilla/5.0 (Windows NT 6.1; Trident/7.0; MASBJS; rv:11.0) like Gecko"
217.80.45.93 - - [25/Mar/2015:12:19:35 +0100] "GET /zertifikatthumb.jpg HTTP/1.1" 200 18478 "http://www.beos-polymer.de/" "Mozilla/5.0 (Windows NT 6.1; Trident/7.0; MASBJS; rv:11.0) like Gecko"
217.80.45.93 - - [25/Mar/2015:12:19:35 +0100] "GET /img/beos.jpg HTTP/1.1" 200 46831 "http://www.beos-polymer.de/" "Mozilla/5.0 (Windows NT 6.1; Trident/7.0; MASBJS; rv:11.0) like Gecko"
217.80.45.93 - - [25/Mar/2015:12:19:35 +0100] "GET /css/bootstrap.min.css HTTP/1.1" 200 101265 "http://www.beos-polymer.de/" "Mozilla/5.0 (Windows NT 6.1; Trident/7.0; MASBJS; rv:11.0) like Gecko"
217.80.45.93 - - [25/Mar/2015:12:19:35 +0100] "GET /ico/favicon.ico HTTP/1.1" 404 1256 "-" "Mozilla/5.0 (Windows NT 6.1; Trident/7.0; MASBJS; rv:11.0) like Gecko"
217.80.45.93 - - [25/Mar/2015:12:19:35 +0100] "GET /favicon.ico HTTP/1.1" 404 1256 "-" "Mozilla/5.0 (Windows NT 6.1; Trident/7.0; MASBJS; rv:11.0) like Gecko"
157.55.39.242 - - [25/Mar/2015:15:51:36 +0100] "GET /impressum.html HTTP/1.1" 200 2574 "-" "Mozilla/5.0 (compatible; bingbot/2.0; +http://www.bing.com/bingbot.htm)"
78.46.36.226 - - [25/Mar/2015:16:47:21 +0100] "GET /robots.txt HTTP/1.1" 404 1256 "-" "Mozilla/5.0 (Windows; U; Windows NT 5.1; rv:1.7.3) Gecko/20041001 Firefox/0.10.1"
89.31.57.5 - - [25/Mar/2015:20:40:01 +0100] "GET / HTTP/1.1" 200 3792 "http://hundejo.com/" "Mozilla/5.0 (X11; Linux x86_64) AppleWebKit/537.36 (KHTML, like Gecko) Chrome/37.0.2062.120 Safari/537.36"
107.170.42.31 - - [25/Mar/2015:22:36:15 +0100] "GET /robots.txt HTTP/1.1" 404 1256 "-" "Mozilla/5.0 (compatible; spbot/4.4.2; +http://OpenLinkProfiler.org/bot )"
107.170.42.31 - - [25/Mar/2015:22:36:21 +0100] "GET / HTTP/1.1" 200 3792 "-" "Mozilla/5.0 (compatible; spbot/4.4.2; +http://OpenLinkProfiler.org/bot )"
107.170.42.31 - - [25/Mar/2015:22:36:23 +0100] "GET /impressum.html HTTP/1.1" 200 2574 "http://www.beos-polymer.de/" "Mozilla/5.0 (compatible; spbot/4.4.2; +http://OpenLinkProfiler.org/bot )"
107.170.42.31 - - [25/Mar/2015:22:36:25 +0100] "GET /index.html HTTP/1.1" 200 3792 "http://www.beos-polymer.de/impressum.html" "Mozilla/5.0 (compatible; spbot/4.4.2; +http://OpenLinkProfiler.org/bot )"
66.249.65.163 - - [25/Mar/2015:22:46:04 +0100] "GET /robots.txt HTTP/1.1" 404 1256 "-" "Mozilla/5.0 (compatible; Googlebot/2.1; +http://www.google.com/bot.html)"
66.249.65.167 - - [25/Mar/2015:22:46:05 +0100] "GET / HTTP/1.1" 200 3792 "-" "Mozilla/5.0 (iPhone; CPU iPhone OS 6_0 like Mac OS X) AppleWebKit/536.26 (KHTML, like Gecko) Version/6.0 Mobile/10A5376e Safari/8536.25 (compatible; Googlebot/2.1; +http://www.google.com/bot.html)"
207.46.13.137 - - [25/Mar/2015:23:00:58 +0100] "GET /zertifikat.pdf HTTP/1.1" 200 1216131 "-" "Mozilla/5.0 (compatible; bingbot/2.0; +http://www.bing.com/bingbot.htm)"
157.55.39.242 - - [26/Mar/2015:05:03:10 +0100] "GET /impressum.html HTTP/1.1" 200 2574 "-" "Mozilla/5.0 (compatible; bingbot/2.0; +http://www.bing.com/bingbot.htm)"
217.82.210.95 - - [26/Mar/2015:09:54:29 +0100] "GET / HTTP/1.1" 200 3792 "http://www.google.de/url?sa=t&rct=j&q=&esrc=s&source=web&cd=2&sqi=2&ved=0CCkQFjAB&url=http%3A%2F%2Fwww.beos-polymer.de%2F&ei=FskTVYKpLsjVPb-XgfgF&usg=AFQjCNHkP8INSL1dW-97m1F_ljbLQHJSGA&bvm=bv.89217033,d.ZWU" "Mozilla/5.0 (Windows NT 6.1; Trident/7.0; rv:11.0) like Gecko"
217.82.210.95 - - [26/Mar/2015:09:54:29 +0100] "GET /css/bootstrap-responsive.min.css HTTP/1.1" 200 16520 "http://www.beos-polymer.de/" "Mozilla/5.0 (Windows NT 6.1; Trident/7.0; rv:11.0) like Gecko"
217.82.210.95 - - [26/Mar/2015:09:54:29 +0100] "GET /js/bootstrap.min.js HTTP/1.1" 200 25764 "http://www.beos-polymer.de/" "Mozilla/5.0 (Windows NT 6.1; Trident/7.0; rv:11.0) like Gecko"
217.82.210.95 - - [26/Mar/2015:09:54:29 +0100] "GET /zertifikatthumb.jpg HTTP/1.1" 200 18478 "http://www.beos-polymer.de/" "Mozilla/5.0 (Windows NT 6.1; Trident/7.0; rv:11.0) like Gecko"
217.82.210.95 - - [26/Mar/2015:09:54:29 +0100] "GET /css/bootstrap.min.css HTTP/1.1" 200 101265 "http://www.beos-polymer.de/" "Mozilla/5.0 (Windows NT 6.1; Trident/7.0; rv:11.0) like Gecko"
217.82.210.95 - - [26/Mar/2015:09:54:29 +0100] "GET /img/beos.jpg HTTP/1.1" 200 46831 "http://www.beos-polymer.de/" "Mozilla/5.0 (Windows NT 6.1; Trident/7.0; rv:11.0) like Gecko"
217.82.210.95 - - [26/Mar/2015:09:54:30 +0100] "GET /ico/favicon.ico HTTP/1.1" 404 1256 "-" "Mozilla/5.0 (Windows NT 6.1; Trident/7.0; rv:11.0) like Gecko"
217.82.210.95 - - [26/Mar/2015:09:54:30 +0100] "GET /favicon.ico HTTP/1.1" 404 1256 "-" "Mozilla/5.0 (Windows NT 6.1; Trident/7.0; rv:11.0) like Gecko"
217.82.210.95 - - [26/Mar/2015:14:05:50 +0100] "GET / HTTP/1.1" 200 3792 "http://www.google.de/" "Mozilla/5.0 (Linux; Android 4.4.4; D5803 Build/23.0.1.A.5.77) AppleWebKit/537.36 (KHTML, like Gecko) Chrome/41.0.2272.96 Mobile Safari/537.36"
217.82.210.95 - - [26/Mar/2015:14:05:50 +0100] "GET /css/bootstrap-responsive.min.css HTTP/1.1" 200 16520 "http://www.google.de/" "Mozilla/5.0 (Linux; Android 4.4.4; D5803 Build/23.0.1.A.5.77) AppleWebKit/537.36 (KHTML, like Gecko) Chrome/41.0.2272.96 Mobile Safari/537.36"
217.82.210.95 - - [26/Mar/2015:14:05:50 +0100] "GET /js/bootstrap.min.js HTTP/1.1" 200 25764 "http://www.google.de/" "Mozilla/5.0 (Linux; Android 4.4.4; D5803 Build/23.0.1.A.5.77) AppleWebKit/537.36 (KHTML, like Gecko) Chrome/41.0.2272.96 Mobile Safari/537.36"
217.82.210.95 - - [26/Mar/2015:14:05:50 +0100] "GET /css/bootstrap.min.css HTTP/1.1" 200 101265 "http://www.google.de/" "Mozilla/5.0 (Linux; Android 4.4.4; D5803 Build/23.0.1.A.5.77) AppleWebKit/537.36 (KHTML, like Gecko) Chrome/41.0.2272.96 Mobile Safari/537.36"
217.82.210.95 - - [26/Mar/2015:14:05:50 +0100] "GET /img/beos.jpg HTTP/1.1" 200 46831 "http://www.google.de/" "Mozilla/5.0 (Linux; Android 4.4.4; D5803 Build/23.0.1.A.5.77) AppleWebKit/537.36 (KHTML, like Gecko) Chrome/41.0.2272.96 Mobile Safari/537.36"
217.82.210.95 - - [26/Mar/2015:14:05:50 +0100] "GET /zertifikatthumb.jpg HTTP/1.1" 200 18478 "http://www.google.de/" "Mozilla/5.0 (Linux; Android 4.4.4; D5803 Build/23.0.1.A.5.77) AppleWebKit/537.36 (KHTML, like Gecko) Chrome/41.0.2272.96 Mobile Safari/537.36"
217.82.210.95 - - [26/Mar/2015:14:05:50 +0100] "GET /img/glyphicons-halflings.png HTTP/1.1" 200 12799 "http://www.google.de/" "Mozilla/5.0 (Linux; Android 4.4.4; D5803 Build/23.0.1.A.5.77) AppleWebKit/537.36 (KHTML, like Gecko) Chrome/41.0.2272.96 Mobile Safari/537.36"
217.82.210.95 - - [26/Mar/2015:14:05:51 +0100] "GET /ico/favicon.ico HTTP/1.1" 404 1256 "http://www.google.de/" "Mozilla/5.0 (Linux; Android 4.4.4; D5803 Build/23.0.1.A.5.77) AppleWebKit/537.36 (KHTML, like Gecko) Chrome/41.0.2272.96 Mobile Safari/537.36"
217.82.210.95 - - [26/Mar/2015:14:58:11 +0100] "GET /img/glyphicons-halflings.png HTTP/1.1" 200 12799 "http://www.beos-polymer.de/" "Mozilla/5.0 (Windows NT 6.1; Trident/7.0; rv:11.0) like Gecko"
217.82.210.95 - - [26/Mar/2015:14:58:11 +0100] "GET /ico/favicon.ico HTTP/1.1" 404 1256 "-" "Mozilla/5.0 (Windows NT 6.1; Trident/7.0; rv:11.0) like Gecko"
217.82.210.95 - - [26/Mar/2015:14:58:11 +0100] "GET /favicon.ico HTTP/1.1" 404 1256 "-" "Mozilla/5.0 (Windows NT 6.1; Trident/7.0; rv:11.0) like Gecko"
96.47.226.20 - - [26/Mar/2015:16:37:21 +0100] "GET / HTTP/1.1" 200 3792 "http://specialdessous.com/" "Mozilla/5.0 (X11; Linux x86_64) AppleWebKit/537.36 (KHTML, like Gecko) Chrome/37.0.2062.120 Safari/537.36"
66.249.78.83 - - [26/Mar/2015:22:09:45 +0100] "GET /robots.txt HTTP/1.1" 404 1256 "-" "Mozilla/5.0 (compatible; Googlebot/2.1; +http://www.google.com/bot.html)"
66.249.78.97 - - [26/Mar/2015:22:09:45 +0100] "GET / HTTP/1.1" 200 3792 "-" "Mozilla/5.0 (iPhone; CPU iPhone OS 6_0 like Mac OS X) AppleWebKit/536.26 (KHTML, like Gecko) Version/6.0 Mobile/10A5376e Safari/8536.25 (compatible; Googlebot/2.1; +http://www.google.com/bot.html)"
66.249.78.83 - - [26/Mar/2015:22:19:17 +0100] "GET /css/bootstrap.min.css HTTP/1.1" 200 101265 "-" "Mozilla/5.0 (compatible; Googlebot/2.1; +http://www.google.com/bot.html)"
66.249.78.97 - - [26/Mar/2015:22:19:18 +0100] "GET /css/bootstrap-responsive.min.css HTTP/1.1" 200 16520 "-" "Mozilla/5.0 (compatible; Googlebot/2.1; +http://www.google.com/bot.html)"
208.115.113.87 - - [26/Mar/2015:23:01:08 +0100] "GET /robots.txt HTTP/1.1" 404 1256 "-" "Mozilla/5.0 (compatible; DotBot/1.1; http://www.opensiteexplorer.org/dotbot, help@moz.com)"
78.46.36.226 - - [26/Mar/2015:23:34:50 +0100] "GET / HTTP/1.1" 200 3792 "-" "Mozilla/5.0 (Windows; U; Windows NT 5.1; rv:1.7.3) Gecko/20041001 Firefox/0.10.1"
208.115.113.87 - - [27/Mar/2015:00:13:02 +0100] "GET /impressum.html HTTP/1.1" 200 2574 "-" "Mozilla/5.0 (compatible; DotBot/1.1; http://www.opensiteexplorer.org/dotbot, help@moz.com)"
188.165.15.21 - - [27/Mar/2015:02:24:24 +0100] "GET /impressum.html HTTP/1.1" 200 2574 "-" "Mozilla/5.0 (compatible; AhrefsBot/5.0; +http://ahrefs.com/robot/)"
141.8.189.118 - - [27/Mar/2015:05:26:08 +0100] "GET /robots.txt HTTP/1.1" 404 1256 "-" "Mozilla/5.0 (compatible; YandexBot/3.0; +http://yandex.com/bots)"
141.8.189.118 - - [27/Mar/2015:05:26:10 +0100] "GET /zertifikat.pdf HTTP/1.1" 200 1216131 "-" "Mozilla/5.0 (compatible; YandexBot/3.0; +http://yandex.com/bots)"
5.102.161.92 - - [27/Mar/2015:08:07:02 +0100] "GET / HTTP/1.1" 200 3792 "-" "Mozilla/5.0 (Windows NT 6.1; WOW64; rv:36.0) Gecko/20100101 Firefox/36.0"
5.102.161.92 - - [27/Mar/2015:08:07:02 +0100] "GET /css/bootstrap-responsive.min.css HTTP/1.1" 200 16520 "http://www.beos-polymer.de/" "Mozilla/5.0 (Windows NT 6.1; WOW64; rv:36.0) Gecko/20100101 Firefox/36.0"
5.102.161.92 - - [27/Mar/2015:08:07:02 +0100] "GET /js/bootstrap.min.js HTTP/1.1" 200 25764 "http://www.beos-polymer.de/" "Mozilla/5.0 (Windows NT 6.1; WOW64; rv:36.0) Gecko/20100101 Firefox/36.0"
5.102.161.92 - - [27/Mar/2015:08:07:02 +0100] "GET /ico/favicon.ico HTTP/1.1" 404 1256 "-" "Mozilla/5.0 (Windows NT 6.1; WOW64; rv:36.0) Gecko/20100101 Firefox/36.0"
5.102.161.92 - - [27/Mar/2015:08:07:02 +0100] "GET /ico/favicon.ico HTTP/1.1" 404 1256 "-" "Mozilla/5.0 (Windows NT 6.1; WOW64; rv:36.0) Gecko/20100101 Firefox/36.0"
5.102.161.92 - - [27/Mar/2015:08:07:02 +0100] "GET /ico/favicon.ico HTTP/1.1" 404 1256 "-" "Mozilla/5.0 (Windows NT 6.1; WOW64; rv:36.0) Gecko/20100101 Firefox/36.0"
5.102.161.92 - - [27/Mar/2015:08:07:02 +0100] "GET /ico/favicon.ico HTTP/1.1" 404 1256 "-" "Mozilla/5.0 (Windows NT 6.1; WOW64; rv:36.0) Gecko/20100101 Firefox/36.0"
5.102.161.92 - - [27/Mar/2015:08:07:02 +0100] "GET /css/bootstrap.min.css HTTP/1.1" 200 101265 "http://www.beos-polymer.de/" "Mozilla/5.0 (Windows NT 6.1; WOW64; rv:36.0) Gecko/20100101 Firefox/36.0"
5.102.161.92 - - [27/Mar/2015:08:07:02 +0100] "GET /zertifikatthumb.jpg HTTP/1.1" 200 18478 "http://www.beos-polymer.de/" "Mozilla/5.0 (Windows NT 6.1; WOW64; rv:36.0) Gecko/20100101 Firefox/36.0"
5.102.161.92 - - [27/Mar/2015:08:07:02 +0100] "GET /img/beos.jpg HTTP/1.1" 200 46831 "http://www.beos-polymer.de/" "Mozilla/5.0 (Windows NT 6.1; WOW64; rv:36.0) Gecko/20100101 Firefox/36.0"
5.102.161.92 - - [27/Mar/2015:08:07:02 +0100] "GET /ico/favicon.ico HTTP/1.1" 404 1256 "-" "Mozilla/5.0 (Windows NT 6.1; WOW64; rv:36.0) Gecko/20100101 Firefox/36.0"
5.102.161.92 - - [27/Mar/2015:08:07:09 +0100] "GET /favicon.ico HTTP/1.1" 404 1256 "-" "Mozilla/5.0 (Windows NT 6.1; WOW64; rv:36.0) Gecko/20100101 Firefox/36.0"
5.102.161.92 - - [27/Mar/2015:08:07:09 +0100] "GET /favicon.ico HTTP/1.1" 404 1256 "-" "Mozilla/5.0 (Windows NT 6.1; WOW64; rv:36.0) Gecko/20100101 Firefox/36.0"
5.102.161.92 - - [27/Mar/2015:08:07:10 +0100] "GET /zertifikat.pdf HTTP/1.1" 200 1216131 "http://www.beos-polymer.de/" "Mozilla/5.0 (Windows NT 6.1; WOW64; rv:36.0) Gecko/20100101 Firefox/36.0"
5.102.161.92 - - [27/Mar/2015:08:07:13 +0100] "GET /zertifikat.pdf HTTP/1.1" 206 36483 "http://www.beos-polymer.de/" "Mozilla/5.0 (Windows NT 6.1; WOW64; rv:36.0) Gecko/20100101 Firefox/36.0"
5.102.161.92 - - [27/Mar/2015:08:07:13 +0100] "GET /zertifikat.pdf HTTP/1.1" 206 65536 "http://www.beos-polymer.de/" "Mozilla/5.0 (Windows NT 6.1; WOW64; rv:36.0) Gecko/20100101 Firefox/36.0"
5.102.161.92 - - [27/Mar/2015:08:07:13 +0100] "GET /zertifikat.pdf HTTP/1.1" 206 65536 "http://www.beos-polymer.de/" "Mozilla/5.0 (Windows NT 6.1; WOW64; rv:36.0) Gecko/20100101 Firefox/36.0"
5.102.161.92 - - [27/Mar/2015:08:07:13 +0100] "GET /zertifikat.pdf HTTP/1.1" 206 65536 "http://www.beos-polymer.de/" "Mozilla/5.0 (Windows NT 6.1; WOW64; rv:36.0) Gecko/20100101 Firefox/36.0"
5.102.161.92 - - [27/Mar/2015:08:07:13 +0100] "GET /zertifikat.pdf HTTP/1.1" 206 262144 "http://www.beos-polymer.de/" "Mozilla/5.0 (Windows NT 6.1; WOW64; rv:36.0) Gecko/20100101 Firefox/36.0"
5.102.161.92 - - [27/Mar/2015:08:07:14 +0100] "GET /zertifikat.pdf HTTP/1.1" 206 65536 "http://www.beos-polymer.de/" "Mozilla/5.0 (Windows NT 6.1; WOW64; rv:36.0) Gecko/20100101 Firefox/36.0"
5.102.161.92 - - [27/Mar/2015:08:07:14 +0100] "GET /zertifikat.pdf HTTP/1.1" 206 393216 "http://www.beos-polymer.de/" "Mozilla/5.0 (Windows NT 6.1; WOW64; rv:36.0) Gecko/20100101 Firefox/36.0"
5.102.161.92 - - [27/Mar/2015:08:07:10 +0100] "GET /zertifikat.pdf HTTP/1.1" 200 1216131 "http://www.beos-polymer.de/" "Mozilla/5.0 (Windows NT 6.1; WOW64; rv:36.0) Gecko/20100101 Firefox/36.0"
95.153.190.254 - - [27/Mar/2015:08:10:07 +0100] "GET / HTTP/1.1" 200 3792 "http://www.bing.com/search?q=info%40pollymer.de" "Mozilla/5.0 (iPad; CPU OS 8_1_3 like Mac OS X) AppleWebKit/600.1.4 (KHTML, like Gecko) Version/8.0 Mobile/12B466 Safari/600.1.4"
95.153.190.254 - - [27/Mar/2015:08:10:07 +0100] "GET /zertifikatthumb.jpg HTTP/1.1" 200 18478 "http://www.beos-polymer.de/" "Mozilla/5.0 (iPad; CPU OS 8_1_3 like Mac OS X) AppleWebKit/600.1.4 (KHTML, like Gecko) Version/8.0 Mobile/12B466 Safari/600.1.4"
95.153.190.254 - - [27/Mar/2015:08:10:07 +0100] "GET /img/beos.jpg HTTP/1.1" 200 46831 "http://www.beos-polymer.de/" "Mozilla/5.0 (iPad; CPU OS 8_1_3 like Mac OS X) AppleWebKit/600.1.4 (KHTML, like Gecko) Version/8.0 Mobile/12B466 Safari/600.1.4"
95.153.190.254 - - [27/Mar/2015:08:10:07 +0100] "GET /css/bootstrap-responsive.min.css HTTP/1.1" 200 16520 "http://www.beos-polymer.de/" "Mozilla/5.0 (iPad; CPU OS 8_1_3 like Mac OS X) AppleWebKit/600.1.4 (KHTML, like Gecko) Version/8.0 Mobile/12B466 Safari/600.1.4"
95.153.190.254 - - [27/Mar/2015:08:10:07 +0100] "GET /js/bootstrap.min.js HTTP/1.1" 200 25764 "http://www.beos-polymer.de/" "Mozilla/5.0 (iPad; CPU OS 8_1_3 like Mac OS X) AppleWebKit/600.1.4 (KHTML, like Gecko) Version/8.0 Mobile/12B466 Safari/600.1.4"
95.153.190.254 - - [27/Mar/2015:08:10:07 +0100] "GET /css/bootstrap.min.css HTTP/1.1" 200 101265 "http://www.beos-polymer.de/" "Mozilla/5.0 (iPad; CPU OS 8_1_3 like Mac OS X) AppleWebKit/600.1.4 (KHTML, like Gecko) Version/8.0 Mobile/12B466 Safari/600.1.4"
66.249.64.99 - - [27/Mar/2015:09:22:18 +0100] "GET / HTTP/1.1" 200 3792 "-" "Mozilla/5.0 (iPhone; CPU iPhone OS 6_0 like Mac OS X) AppleWebKit/536.26 (KHTML, like Gecko) Version/6.0 Mobile/10A5376e Safari/8536.25 (compatible; Googlebot/2.1; +http://www.google.com/bot.html)"
157.55.39.242 - - [27/Mar/2015:19:08:08 +0100] "GET /robots.txt HTTP/1.1" 404 1256 "-" "Mozilla/5.0 (compatible; bingbot/2.0; +http://www.bing.com/bingbot.htm)"
157.55.39.242 - - [27/Mar/2015:19:08:12 +0100] "GET /impressum.html HTTP/1.1" 200 2574 "-" "Mozilla/5.0 (compatible; bingbot/2.0; +http://www.bing.com/bingbot.htm)"
217.253.68.137 - - [27/Mar/2015:20:46:10 +0100] "GET / HTTP/1.1" 200 3792 "-" "Mozilla/5.0 (Linux; Android 4.1.2; GT-I8190 Build/JZO54K) AppleWebKit/537.36 (KHTML, like Gecko) Chrome/41.0.2272.81 Mobile Safari/537.36 OPR/28.0.1764.90386"
217.253.68.137 - - [27/Mar/2015:20:46:10 +0100] "GET /css/bootstrap-responsive.min.css HTTP/1.1" 200 16520 "http://www.beos-polymer.de/" "Mozilla/5.0 (Linux; Android 4.1.2; GT-I8190 Build/JZO54K) AppleWebKit/537.36 (KHTML, like Gecko) Chrome/41.0.2272.81 Mobile Safari/537.36 OPR/28.0.1764.90386"
217.253.68.137 - - [27/Mar/2015:20:46:10 +0100] "GET /js/bootstrap.min.js HTTP/1.1" 200 25764 "http://www.beos-polymer.de/" "Mozilla/5.0 (Linux; Android 4.1.2; GT-I8190 Build/JZO54K) AppleWebKit/537.36 (KHTML, like Gecko) Chrome/41.0.2272.81 Mobile Safari/537.36 OPR/28.0.1764.90386"
217.253.68.137 - - [27/Mar/2015:20:46:10 +0100] "GET /css/bootstrap.min.css HTTP/1.1" 200 101265 "http://www.beos-polymer.de/" "Mozilla/5.0 (Linux; Android 4.1.2; GT-I8190 Build/JZO54K) AppleWebKit/537.36 (KHTML, like Gecko) Chrome/41.0.2272.81 Mobile Safari/537.36 OPR/28.0.1764.90386"
217.253.68.137 - - [27/Mar/2015:20:46:10 +0100] "GET /img/beos.jpg HTTP/1.1" 200 46831 "http://www.beos-polymer.de/" "Mozilla/5.0 (Linux; Android 4.1.2; GT-I8190 Build/JZO54K) AppleWebKit/537.36 (KHTML, like Gecko) Chrome/41.0.2272.81 Mobile Safari/537.36 OPR/28.0.1764.90386"
217.253.68.137 - - [27/Mar/2015:20:46:10 +0100] "GET /zertifikatthumb.jpg HTTP/1.1" 200 18478 "http://www.beos-polymer.de/" "Mozilla/5.0 (Linux; Android 4.1.2; GT-I8190 Build/JZO54K) AppleWebKit/537.36 (KHTML, like Gecko) Chrome/41.0.2272.81 Mobile Safari/537.36 OPR/28.0.1764.90386"
217.253.68.137 - - [27/Mar/2015:20:46:11 +0100] "GET /img/glyphicons-halflings.png HTTP/1.1" 200 12799 "http://www.beos-polymer.de/css/bootstrap.min.css" "Mozilla/5.0 (Linux; Android 4.1.2; GT-I8190 Build/JZO54K) AppleWebKit/537.36 (KHTML, like Gecko) Chrome/41.0.2272.81 Mobile Safari/537.36 OPR/28.0.1764.90386"
217.253.68.137 - - [27/Mar/2015:20:46:22 +0100] "GET / HTTP/1.1" 304 - "-" "Mozilla/5.0 (Linux; Android 4.1.2; GT-I8190 Build/JZO54K) AppleWebKit/537.36 (KHTML, like Gecko) Chrome/41.0.2272.81 Mobile Safari/537.36 OPR/28.0.1764.90386"
217.253.68.137 - - [27/Mar/2015:20:46:22 +0100] "GET /css/bootstrap.min.css HTTP/1.1" 304 - "http://www.beos-polymer.de/" "Mozilla/5.0 (Linux; Android 4.1.2; GT-I8190 Build/JZO54K) AppleWebKit/537.36 (KHTML, like Gecko) Chrome/41.0.2272.81 Mobile Safari/537.36 OPR/28.0.1764.90386"
217.253.68.137 - - [27/Mar/2015:20:46:22 +0100] "GET /css/bootstrap-responsive.min.css HTTP/1.1" 304 - "http://www.beos-polymer.de/" "Mozilla/5.0 (Linux; Android 4.1.2; GT-I8190 Build/JZO54K) AppleWebKit/537.36 (KHTML, like Gecko) Chrome/41.0.2272.81 Mobile Safari/537.36 OPR/28.0.1764.90386"
217.253.68.137 - - [27/Mar/2015:20:46:22 +0100] "GET /img/beos.jpg HTTP/1.1" 304 - "http://www.beos-polymer.de/" "Mozilla/5.0 (Linux; Android 4.1.2; GT-I8190 Build/JZO54K) AppleWebKit/537.36 (KHTML, like Gecko) Chrome/41.0.2272.81 Mobile Safari/537.36 OPR/28.0.1764.90386"
217.253.68.137 - - [27/Mar/2015:20:46:22 +0100] "GET /js/bootstrap.min.js HTTP/1.1" 304 - "http://www.beos-polymer.de/" "Mozilla/5.0 (Linux; Android 4.1.2; GT-I8190 Build/JZO54K) AppleWebKit/537.36 (KHTML, like Gecko) Chrome/41.0.2272.81 Mobile Safari/537.36 OPR/28.0.1764.90386"
217.253.68.137 - - [27/Mar/2015:20:46:22 +0100] "GET /zertifikatthumb.jpg HTTP/1.1" 304 - "http://www.beos-polymer.de/" "Mozilla/5.0 (Linux; Android 4.1.2; GT-I8190 Build/JZO54K) AppleWebKit/537.36 (KHTML, like Gecko) Chrome/41.0.2272.81 Mobile Safari/537.36 OPR/28.0.1764.90386"
217.253.68.137 - - [27/Mar/2015:20:46:23 +0100] "GET /js/bootstrap.min.js HTTP/1.1" 304 - "http://www.beos-polymer.de/" "Mozilla/5.0 (Linux; Android 4.1.2; GT-I8190 Build/JZO54K) AppleWebKit/537.36 (KHTML, like Gecko) Chrome/41.0.2272.81 Mobile Safari/537.36 OPR/28.0.1764.90386"
66.249.78.90 - - [27/Mar/2015:21:39:11 +0100] "GET /robots.txt HTTP/1.1" 404 1256 "-" "Mozilla/5.0 (compatible; Googlebot/2.1; +http://www.google.com/bot.html)"
66.249.64.91 - - [27/Mar/2015:21:39:12 +0100] "GET / HTTP/1.1" 200 3792 "-" "Mozilla/5.0 (iPhone; CPU iPhone OS 6_0 like Mac OS X) AppleWebKit/536.26 (KHTML, like Gecko) Version/6.0 Mobile/10A5376e Safari/8536.25 (compatible; Googlebot/2.1; +http://www.google.com/bot.html)"
61.186.249.141 - - [27/Mar/2015:21:52:53 +0100] "PUT //autoshell.txt HTTP/1.1" 405 1210 "http://www.beos-polymer.de//autoshell.txt" "-"
157.55.39.242 - - [28/Mar/2015:04:16:16 +0100] "GET /impressum.html HTTP/1.1" 200 2574 "-" "Mozilla/5.0 (compatible; bingbot/2.0; +http://www.bing.com/bingbot.htm)"
157.55.39.242 - - [28/Mar/2015:04:16:29 +0100] "GET /css/bootstrap-responsive.min.css HTTP/1.1" 200 16520 "-" "Mozilla/5.0 (compatible; bingbot/2.0; +http://www.bing.com/bingbot.htm)"
157.55.39.242 - - [28/Mar/2015:04:16:29 +0100] "GET /js/bootstrap.min.js HTTP/1.1" 200 25764 "-" "Mozilla/5.0 (compatible; bingbot/2.0; +http://www.bing.com/bingbot.htm)"
157.55.39.5 - - [28/Mar/2015:04:16:33 +0100] "GET /css/bootstrap.min.css HTTP/1.1" 200 101265 "-" "Mozilla/5.0 (compatible; bingbot/2.0; +http://www.bing.com/bingbot.htm)"
207.46.13.113 - - [28/Mar/2015:05:29:14 +0100] "GET /robots.txt HTTP/1.1" 404 1256 "-" "Mozilla/5.0 (compatible; bingbot/2.0; +http://www.bing.com/bingbot.htm)"
207.46.13.113 - - [28/Mar/2015:05:29:14 +0100] "GET /robots.txt HTTP/1.1" 404 1256 "-" "Mozilla/5.0 (compatible; bingbot/2.0; +http://www.bing.com/bingbot.htm)"
207.46.13.113 - - [28/Mar/2015:05:29:14 +0100] "GET /robots.txt HTTP/1.1" 404 1256 "-" "Mozilla/5.0 (compatible; bingbot/2.0; +http://www.bing.com/bingbot.htm)"
66.249.78.97 - - [28/Mar/2015:09:06:17 +0100] "GET / HTTP/1.1" 200 3792 "-" "Mozilla/5.0 (compatible; Googlebot/2.1; +http://www.google.com/bot.html)"
66.249.78.97 - - [28/Mar/2015:10:39:29 +0100] "GET /robots.txt HTTP/1.1" 404 1256 "-" "Mozilla/5.0 (compatible; Googlebot/2.1; +http://www.google.com/bot.html)"
66.249.78.83 - - [28/Mar/2015:10:39:29 +0100] "GET / HTTP/1.1" 200 3792 "-" "Mozilla/5.0 (iPhone; CPU iPhone OS 6_0 like Mac OS X) AppleWebKit/536.26 (KHTML, like Gecko) Version/6.0 Mobile/10A5376e Safari/8536.25 (compatible; Googlebot/2.1; +http://www.google.com/bot.html)"
66.249.78.97 - - [28/Mar/2015:11:27:42 +0100] "GET /index.html HTTP/1.1" 200 3792 "-" "Mozilla/5.0 (compatible; Googlebot/2.1; +http://www.google.com/bot.html)"
66.249.69.107 - - [28/Mar/2015:21:03:12 +0100] "GET /robots.txt HTTP/1.1" 404 1256 "-" "Mozilla/5.0 (compatible; Googlebot/2.1; +http://www.google.com/bot.html)"
66.249.69.91 - - [28/Mar/2015:21:03:13 +0100] "GET / HTTP/1.1" 200 3792 "-" "Mozilla/5.0 (iPhone; CPU iPhone OS 6_0 like Mac OS X) AppleWebKit/536.26 (KHTML, like Gecko) Version/6.0 Mobile/10A5376e Safari/8536.25 (compatible; Googlebot/2.1; +http://www.google.com/bot.html)"
37.187.56.76 - - [29/Mar/2015:04:24:16 +0200] "GET /robots.txt HTTP/1.0" 404 1256 "-" ""
37.187.56.76 - - [29/Mar/2015:04:24:16 +0200] "GET / HTTP/1.1" 206 3792 "-" "Mozilla/5.0 (X11; Linux i686; rv:21.0) Gecko/20100101 Firefox/21.0"
37.187.56.76 - - [29/Mar/2015:04:24:18 +0200] "GET /impressum.html HTTP/1.1" 206 2574 "-" "Mozilla/5.0 (X11; Linux i686; rv:21.0) Gecko/20100101 Firefox/21.0"
37.187.56.76 - - [29/Mar/2015:04:24:20 +0200] "GET /index.html HTTP/1.1" 206 3792 "-" "Mozilla/5.0 (X11; Linux i686; rv:21.0) Gecko/20100101 Firefox/21.0"
66.249.69.99 - - [29/Mar/2015:10:01:30 +0200] "GET / HTTP/1.1" 200 3792 "-" "Mozilla/5.0 (iPhone; CPU iPhone OS 6_0 like Mac OS X) AppleWebKit/536.26 (KHTML, like Gecko) Version/6.0 Mobile/10A5376e Safari/8536.25 (compatible; Googlebot/2.1; +http://www.google.com/bot.html)"
157.55.39.242 - - [29/Mar/2015:14:34:10 +0200] "GET / HTTP/1.1" 200 3792 "-" "Mozilla/5.0 (compatible; bingbot/2.0; +http://www.bing.com/bingbot.htm)"
37.130.227.133 - - [29/Mar/2015:15:30:24 +0200] "GET / HTTP/1.1" 200 3792 "http://burger-imperia.com/" "Mozilla/5.0 (X11; Linux x86_64) AppleWebKit/537.36 (KHTML, like Gecko) Chrome/37.0.2062.120 Safari/537.36"
157.55.39.242 - - [30/Mar/2015:01:00:11 +0200] "GET /impressum.html HTTP/1.1" 200 2574 "-" "Mozilla/5.0 (compatible; bingbot/2.0; +http://www.bing.com/bingbot.htm)"
