80.187.102.82 - - [07/May/2018:16:30:01 +0200] "GET /exportdokumente/drittlandexporte HTTP/1.1" 200 7628 "-" "Mozilla/5.0 (iPhone; CPU iPhone OS 11_3 like Mac OS X) AppleWebKit/605.1.15 (KHTML, like Gecko) Version/11.0 Mobile/15E148 Safari/604.1"
80.187.102.82 - - [07/May/2018:16:30:02 +0200] "GET /apple-touch-icon-120x120-precomposed.png HTTP/1.1" 200 2050 "-" "MobileSafari/604.1 CFNetwork/897.15 Darwin/17.5.0"
80.187.102.82 - - [07/May/2018:16:30:02 +0200] "GET /apple-touch-icon-120x120.png HTTP/1.1" 200 2050 "-" "MobileSafari/604.1 CFNetwork/897.15 Darwin/17.5.0"
80.187.102.82 - - [07/May/2018:16:30:02 +0200] "GET /apple-touch-icon-precomposed.png HTTP/1.1" 200 2050 "-" "MobileSafari/604.1 CFNetwork/897.15 Darwin/17.5.0"
80.187.102.82 - - [07/May/2018:16:30:02 +0200] "GET /apple-touch-icon.png HTTP/1.1" 200 2050 "-" "MobileSafari/604.1 CFNetwork/897.15 Darwin/17.5.0"
80.187.102.82 - - [07/May/2018:16:30:02 +0200] "GET /favicon.ico HTTP/1.1" 200 2050 "-" "MobileSafari/604.1 CFNetwork/897.15 Darwin/17.5.0"
80.187.102.82 - - [07/May/2018:16:30:03 +0200] "GET /apple-touch-icon-120x120-precomposed.png HTTP/1.1" 200 2050 "-" "MobileSafari/604.1 CFNetwork/897.15 Darwin/17.5.0"
80.187.102.82 - - [07/May/2018:16:30:03 +0200] "GET /apple-touch-icon-120x120.png HTTP/1.1" 200 2050 "-" "MobileSafari/604.1 CFNetwork/897.15 Darwin/17.5.0"
80.187.102.82 - - [07/May/2018:16:30:03 +0200] "GET /apple-touch-icon-precomposed.png HTTP/1.1" 200 2050 "-" "MobileSafari/604.1 CFNetwork/897.15 Darwin/17.5.0"
80.187.102.82 - - [07/May/2018:16:30:03 +0200] "GET /apple-touch-icon.png HTTP/1.1" 200 2050 "-" "MobileSafari/604.1 CFNetwork/897.15 Darwin/17.5.0"
80.187.102.82 - - [07/May/2018:16:30:04 +0200] "GET /favicon.ico HTTP/1.1" 200 2050 "-" "MobileSafari/604.1 CFNetwork/897.15 Darwin/17.5.0"
216.244.66.195 - - [07/May/2018:16:32:12 +0200] "GET /unternehmen/sponsoring HTTP/1.1" 200 4035 "-" "Mozilla/5.0 (compatible; DotBot/1.1; http://www.opensiteexplorer.org/dotbot, help@moz.com)"
195.158.48.36 - - [07/May/2018:16:36:35 +0200] "GET /pdf/Frachtrecht%20HGB.pdf HTTP/1.1" 200 19672 "http://www.google.com/url?sa=t&rct=j&q=&esrc=s&source=web&cd=11&ved=0ahUKEwjnmdDD6fPaAhVHKVAKHTRUAuI4ChAWCCgwAA&url=http%3A%2F%2Fwww.alle-ziele-spedition.de%2Fpdf%2FFrachtrecht%2520HGB.pdf&usg=AOvVaw28xaDuxS0QnWNxSm15l6kY" "Mozilla/5.0 (Windows NT 10.0; WOW64; Trident/7.0; rv:11.0) like Gecko"
37.115.185.9 - - [07/May/2018:17:15:12 +0200] "GET /aktuelles/ HTTP/1.1" 200 8482 "https://infodocsportal.com/" "Mozilla/4.0 (compatible; MSIE 5.0; Windows 2000) Opera 6.0 [en]"
37.115.185.9 - - [07/May/2018:17:15:13 +0200] "GET /aktuelles/ HTTP/1.1" 200 8482 "https://infodocsportal.com/" "Mozilla/4.0 (compatible; MSIE 5.0; Windows 2000) Opera 6.0 [en]"
37.115.185.9 - - [07/May/2018:17:15:14 +0200] "GET /aktuelles/ HTTP/1.1" 200 8482 "https://infodocsportal.com/" "Mozilla/4.0 (compatible; MSIE 5.0; Windows 2000) Opera 6.0 [en]"
87.185.222.198 - - [07/May/2018:17:16:10 +0200] "GET /pdf/Frachtrecht%20HGB.pdf HTTP/1.1" 200 19672 "-" "Mozilla/5.0 (iPhone; CPU iPhone OS 11_3 like Mac OS X) AppleWebKit/605.1.15 (KHTML, like Gecko) Version/11.0 Mobile/15E148 Safari/604.1"
87.185.222.198 - - [07/May/2018:17:16:11 +0200] "GET /apple-touch-icon-120x120-precomposed.png HTTP/1.1" 200 2050 "-" "MobileSafari/604.1 CFNetwork/897.15 Darwin/17.5.0"
87.185.222.198 - - [07/May/2018:17:16:11 +0200] "GET /apple-touch-icon-120x120.png HTTP/1.1" 200 2050 "-" "MobileSafari/604.1 CFNetwork/897.15 Darwin/17.5.0"
87.185.222.198 - - [07/May/2018:17:16:11 +0200] "GET /apple-touch-icon-precomposed.png HTTP/1.1" 200 2050 "-" "MobileSafari/604.1 CFNetwork/897.15 Darwin/17.5.0"
87.185.222.198 - - [07/May/2018:17:16:12 +0200] "GET /apple-touch-icon.png HTTP/1.1" 200 2050 "-" "MobileSafari/604.1 CFNetwork/897.15 Darwin/17.5.0"
87.185.222.198 - - [07/May/2018:17:16:12 +0200] "GET /favicon.ico HTTP/1.1" 200 2050 "-" "MobileSafari/604.1 CFNetwork/897.15 Darwin/17.5.0"
87.185.222.198 - - [07/May/2018:17:16:12 +0200] "GET /apple-touch-icon-120x120-precomposed.png HTTP/1.1" 200 2050 "-" "MobileSafari/604.1 CFNetwork/897.15 Darwin/17.5.0"
87.185.222.198 - - [07/May/2018:17:16:12 +0200] "GET /apple-touch-icon-120x120.png HTTP/1.1" 200 2050 "-" "MobileSafari/604.1 CFNetwork/897.15 Darwin/17.5.0"
87.185.222.198 - - [07/May/2018:17:16:13 +0200] "GET /apple-touch-icon-precomposed.png HTTP/1.1" 200 2050 "-" "MobileSafari/604.1 CFNetwork/897.15 Darwin/17.5.0"
87.185.222.198 - - [07/May/2018:17:16:13 +0200] "GET /apple-touch-icon.png HTTP/1.1" 200 2050 "-" "MobileSafari/604.1 CFNetwork/897.15 Darwin/17.5.0"
87.185.222.198 - - [07/May/2018:17:16:13 +0200] "GET /favicon.ico HTTP/1.1" 200 2050 "-" "MobileSafari/604.1 CFNetwork/897.15 Darwin/17.5.0"
42.236.55.41 - - [07/May/2018:17:35:22 +0200] "GET / HTTP/1.1" 200 3464 "http://www.alle-ziele-spedition.de/" "Mozilla/5.0 (Windows NT 6.1; WOW64) AppleWebKit/537.36 (KHTML, like Gecko) Chrome/50.0.2661.102 Safari/537.36; 360Spider"
87.185.222.198 - - [07/May/2018:17:39:40 +0200] "GET /pdf/Frachtrecht%20HGB.pdf HTTP/1.1" 200 19672 "-" "Mozilla/5.0 (iPhone; CPU iPhone OS 11_3 like Mac OS X) AppleWebKit/605.1.15 (KHTML, like Gecko) Version/11.0 Mobile/15E148 Safari/604.1"
87.185.222.198 - - [07/May/2018:17:39:41 +0200] "GET /apple-touch-icon-120x120-precomposed.png HTTP/1.1" 200 2050 "-" "MobileSafari/604.1 CFNetwork/897.15 Darwin/17.5.0"
87.185.222.198 - - [07/May/2018:17:39:41 +0200] "GET /apple-touch-icon-120x120.png HTTP/1.1" 200 2050 "-" "MobileSafari/604.1 CFNetwork/897.15 Darwin/17.5.0"
87.185.222.198 - - [07/May/2018:17:39:41 +0200] "GET /apple-touch-icon-precomposed.png HTTP/1.1" 200 2050 "-" "MobileSafari/604.1 CFNetwork/897.15 Darwin/17.5.0"
87.185.222.198 - - [07/May/2018:17:39:42 +0200] "GET /apple-touch-icon.png HTTP/1.1" 200 2050 "-" "MobileSafari/604.1 CFNetwork/897.15 Darwin/17.5.0"
87.185.222.198 - - [07/May/2018:17:39:42 +0200] "GET /favicon.ico HTTP/1.1" 200 2050 "-" "MobileSafari/604.1 CFNetwork/897.15 Darwin/17.5.0"
87.185.222.198 - - [07/May/2018:17:39:42 +0200] "GET /apple-touch-icon-120x120-precomposed.png HTTP/1.1" 200 2050 "-" "MobileSafari/604.1 CFNetwork/897.15 Darwin/17.5.0"
87.185.222.198 - - [07/May/2018:17:39:42 +0200] "GET /apple-touch-icon-120x120.png HTTP/1.1" 200 2050 "-" "MobileSafari/604.1 CFNetwork/897.15 Darwin/17.5.0"
87.185.222.198 - - [07/May/2018:17:39:42 +0200] "GET /apple-touch-icon-precomposed.png HTTP/1.1" 200 2050 "-" "MobileSafari/604.1 CFNetwork/897.15 Darwin/17.5.0"
87.185.222.198 - - [07/May/2018:17:39:43 +0200] "GET /apple-touch-icon.png HTTP/1.1" 200 2050 "-" "MobileSafari/604.1 CFNetwork/897.15 Darwin/17.5.0"
87.185.222.198 - - [07/May/2018:17:39:43 +0200] "GET /favicon.ico HTTP/1.1" 200 2050 "-" "MobileSafari/604.1 CFNetwork/897.15 Darwin/17.5.0"
66.249.64.196 - - [07/May/2018:17:47:55 +0200] "GET /robots.txt HTTP/1.1" 200 2050 "-" "Mozilla/5.0 (compatible; Googlebot/2.1; +http://www.google.com/bot.html)"
66.249.64.196 - - [07/May/2018:17:47:56 +0200] "GET /exportdokumente/drittlandexporte HTTP/1.1" 200 7628 "-" "Mozilla/5.0 (compatible; Googlebot/2.1; +http://www.google.com/bot.html)"
216.244.66.247 - - [07/May/2018:18:11:17 +0200] "GET /informationen/sendung HTTP/1.1" 200 7277 "-" "Mozilla/5.0 (compatible; DotBot/1.1; http://www.opensiteexplorer.org/dotbot, help@moz.com)"
87.185.222.198 - - [07/May/2018:18:27:39 +0200] "GET /pdf/Frachtrecht%20HGB.pdf HTTP/1.1" 200 19672 "-" "Mozilla/5.0 (iPhone; CPU iPhone OS 11_3 like Mac OS X) AppleWebKit/605.1.15 (KHTML, like Gecko) Version/11.0 Mobile/15E148 Safari/604.1"
87.185.222.198 - - [07/May/2018:18:27:40 +0200] "GET /apple-touch-icon-120x120-precomposed.png HTTP/1.1" 200 2050 "-" "MobileSafari/604.1 CFNetwork/897.15 Darwin/17.5.0"
87.185.222.198 - - [07/May/2018:18:27:40 +0200] "GET /apple-touch-icon-120x120.png HTTP/1.1" 200 2050 "-" "MobileSafari/604.1 CFNetwork/897.15 Darwin/17.5.0"
87.185.222.198 - - [07/May/2018:18:27:40 +0200] "GET /apple-touch-icon-precomposed.png HTTP/1.1" 200 2050 "-" "MobileSafari/604.1 CFNetwork/897.15 Darwin/17.5.0"
87.185.222.198 - - [07/May/2018:18:27:41 +0200] "GET /apple-touch-icon.png HTTP/1.1" 200 2050 "-" "MobileSafari/604.1 CFNetwork/897.15 Darwin/17.5.0"
87.185.222.198 - - [07/May/2018:18:27:41 +0200] "GET /favicon.ico HTTP/1.1" 200 2050 "-" "MobileSafari/604.1 CFNetwork/897.15 Darwin/17.5.0"
87.185.222.198 - - [07/May/2018:18:27:41 +0200] "GET /apple-touch-icon-120x120-precomposed.png HTTP/1.1" 200 2050 "-" "MobileSafari/604.1 CFNetwork/897.15 Darwin/17.5.0"
87.185.222.198 - - [07/May/2018:18:27:41 +0200] "GET /apple-touch-icon-120x120.png HTTP/1.1" 200 2050 "-" "MobileSafari/604.1 CFNetwork/897.15 Darwin/17.5.0"
87.185.222.198 - - [07/May/2018:18:27:42 +0200] "GET /apple-touch-icon-precomposed.png HTTP/1.1" 200 2050 "-" "MobileSafari/604.1 CFNetwork/897.15 Darwin/17.5.0"
87.185.222.198 - - [07/May/2018:18:27:42 +0200] "GET /apple-touch-icon.png HTTP/1.1" 200 2050 "-" "MobileSafari/604.1 CFNetwork/897.15 Darwin/17.5.0"
87.185.222.198 - - [07/May/2018:18:27:42 +0200] "GET /favicon.ico HTTP/1.1" 200 2050 "-" "MobileSafari/604.1 CFNetwork/897.15 Darwin/17.5.0"
46.118.114.175 - - [07/May/2018:18:35:36 +0200] "GET /exportdokumente/drittlandexporte/ HTTP/1.1" 200 7628 "https://med-dopomoga.com/" "Mozilla/4.0 (compatible; MSIE 6.0; Windows NT 5.0; APC; .NET CLR 1.0.3705; .NET CLR 1.1.4322; .NET CLR 2.0.50215; InfoPath.1)"
46.118.114.175 - - [07/May/2018:18:35:36 +0200] "GET /exportdokumente/drittlandexporte/ HTTP/1.1" 200 7628 "https://med-dopomoga.com/" "Mozilla/4.0 (compatible; MSIE 6.0; Windows NT 5.0; APC; .NET CLR 1.0.3705; .NET CLR 1.1.4322; .NET CLR 2.0.50215; InfoPath.1)"
80.187.102.82 - - [07/May/2018:19:04:31 +0200] "GET /exportdokumente/drittlandexporte HTTP/1.1" 200 7628 "-" "Mozilla/5.0 (iPhone; CPU iPhone OS 11_3 like Mac OS X) AppleWebKit/605.1.15 (KHTML, like Gecko) Version/11.0 Mobile/15E148 Safari/604.1"
80.187.102.82 - - [07/May/2018:19:04:32 +0200] "GET /apple-touch-icon-120x120-precomposed.png HTTP/1.1" 200 2050 "-" "MobileSafari/604.1 CFNetwork/897.15 Darwin/17.5.0"
80.187.102.82 - - [07/May/2018:19:04:32 +0200] "GET /apple-touch-icon-120x120.png HTTP/1.1" 200 2050 "-" "MobileSafari/604.1 CFNetwork/897.15 Darwin/17.5.0"
80.187.102.82 - - [07/May/2018:19:04:32 +0200] "GET /apple-touch-icon-precomposed.png HTTP/1.1" 200 2050 "-" "MobileSafari/604.1 CFNetwork/897.15 Darwin/17.5.0"
80.187.102.82 - - [07/May/2018:19:04:32 +0200] "GET /apple-touch-icon.png HTTP/1.1" 200 2050 "-" "MobileSafari/604.1 CFNetwork/897.15 Darwin/17.5.0"
80.187.102.82 - - [07/May/2018:19:04:33 +0200] "GET /favicon.ico HTTP/1.1" 200 2050 "-" "MobileSafari/604.1 CFNetwork/897.15 Darwin/17.5.0"
80.187.102.82 - - [07/May/2018:19:04:33 +0200] "GET /apple-touch-icon-120x120-precomposed.png HTTP/1.1" 200 2050 "-" "MobileSafari/604.1 CFNetwork/897.15 Darwin/17.5.0"
80.187.102.82 - - [07/May/2018:19:04:33 +0200] "GET /apple-touch-icon-120x120.png HTTP/1.1" 200 2050 "-" "MobileSafari/604.1 CFNetwork/897.15 Darwin/17.5.0"
80.187.102.82 - - [07/May/2018:19:04:33 +0200] "GET /apple-touch-icon-precomposed.png HTTP/1.1" 200 2050 "-" "MobileSafari/604.1 CFNetwork/897.15 Darwin/17.5.0"
80.187.102.82 - - [07/May/2018:19:04:34 +0200] "GET /apple-touch-icon.png HTTP/1.1" 200 2050 "-" "MobileSafari/604.1 CFNetwork/897.15 Darwin/17.5.0"
80.187.102.82 - - [07/May/2018:19:04:34 +0200] "GET /favicon.ico HTTP/1.1" 200 2050 "-" "MobileSafari/604.1 CFNetwork/897.15 Darwin/17.5.0"
92.74.85.176 - - [07/May/2018:19:06:35 +0200] "GET /exportdokumente/drittlandexporte HTTP/1.1" 200 7628 "https://www.google.de/" "Mozilla/5.0 (X11; Linux x86_64) AppleWebKit/537.36 (KHTML, like Gecko) Chrome/67.0.3396.18 Safari/537.36"
92.74.85.176 - - [07/May/2018:19:06:35 +0200] "GET /css/screen.css HTTP/1.1" 200 13636 "http://www.alle-ziele-spedition.de/exportdokumente/drittlandexporte" "Mozilla/5.0 (X11; Linux x86_64) AppleWebKit/537.36 (KHTML, like Gecko) Chrome/67.0.3396.18 Safari/537.36"
92.74.85.176 - - [07/May/2018:19:06:35 +0200] "GET /css/print.css HTTP/1.1" 200 830 "http://www.alle-ziele-spedition.de/exportdokumente/drittlandexporte" "Mozilla/5.0 (X11; Linux x86_64) AppleWebKit/537.36 (KHTML, like Gecko) Chrome/67.0.3396.18 Safari/537.36"
92.74.85.176 - - [07/May/2018:19:06:35 +0200] "GET /js/curvycorners.src.js HTTP/1.1" 200 60221 "http://www.alle-ziele-spedition.de/exportdokumente/drittlandexporte" "Mozilla/5.0 (X11; Linux x86_64) AppleWebKit/537.36 (KHTML, like Gecko) Chrome/67.0.3396.18 Safari/537.36"
92.74.85.176 - - [07/May/2018:19:06:36 +0200] "GET /img/hg_body.gif HTTP/1.1" 200 1754 "http://www.alle-ziele-spedition.de/css/screen.css" "Mozilla/5.0 (X11; Linux x86_64) AppleWebKit/537.36 (KHTML, like Gecko) Chrome/67.0.3396.18 Safari/537.36"
92.74.85.176 - - [07/May/2018:19:06:36 +0200] "GET /img/head_hg.jpg HTTP/1.1" 200 18629 "http://www.alle-ziele-spedition.de/css/screen.css" "Mozilla/5.0 (X11; Linux x86_64) AppleWebKit/537.36 (KHTML, like Gecko) Chrome/67.0.3396.18 Safari/537.36"
92.74.85.176 - - [07/May/2018:19:06:36 +0200] "GET /img/berlin_footer2.gif HTTP/1.1" 200 2795 "http://www.alle-ziele-spedition.de/css/screen.css" "Mozilla/5.0 (X11; Linux x86_64) AppleWebKit/537.36 (KHTML, like Gecko) Chrome/67.0.3396.18 Safari/537.36"
92.74.85.176 - - [07/May/2018:19:06:36 +0200] "GET /img/customdeclar.jpg HTTP/1.1" 200 6759 "http://www.alle-ziele-spedition.de/css/screen.css" "Mozilla/5.0 (X11; Linux x86_64) AppleWebKit/537.36 (KHTML, like Gecko) Chrome/67.0.3396.18 Safari/537.36"
92.74.85.176 - - [07/May/2018:19:06:36 +0200] "GET /img/42884495.jpg HTTP/1.1" 200 14885 "http://www.alle-ziele-spedition.de/css/screen.css" "Mozilla/5.0 (X11; Linux x86_64) AppleWebKit/537.36 (KHTML, like Gecko) Chrome/67.0.3396.18 Safari/537.36"
92.74.85.176 - - [07/May/2018:19:06:36 +0200] "GET /img/40362199.jpg HTTP/1.1" 200 25594 "http://www.alle-ziele-spedition.de/css/screen.css" "Mozilla/5.0 (X11; Linux x86_64) AppleWebKit/537.36 (KHTML, like Gecko) Chrome/67.0.3396.18 Safari/537.36"
92.74.85.176 - - [07/May/2018:19:06:36 +0200] "GET /img/41954271.jpg HTTP/1.1" 200 20594 "http://www.alle-ziele-spedition.de/css/screen.css" "Mozilla/5.0 (X11; Linux x86_64) AppleWebKit/537.36 (KHTML, like Gecko) Chrome/67.0.3396.18 Safari/537.36"
92.74.85.176 - - [07/May/2018:19:06:36 +0200] "GET /favicon.ico HTTP/1.1" 200 2050 "http://www.alle-ziele-spedition.de/exportdokumente/drittlandexporte" "Mozilla/5.0 (X11; Linux x86_64) AppleWebKit/537.36 (KHTML, like Gecko) Chrome/67.0.3396.18 Safari/537.36"
54.93.253.159 - - [07/May/2018:19:07:08 +0200] "GET / HTTP/1.1" 200 3464 "-" "Mozilla/5.0 (Windows; U; Windows NT 6.1; de; rv:1.9.0.5) Gecko/2008120122 Firefox/3.0.5"
84.140.71.191 - - [07/May/2018:19:24:07 +0200] "GET /wp-login.php HTTP/1.1" 200 2050 "-" "Mozilla/5.0 (Windows NT 6.1; WOW64; rv:40.0) Gecko/20100101 Firefox/40.1"
84.140.71.191 - - [07/May/2018:19:24:07 +0200] "GET / HTTP/1.1" 200 3464 "-" "Mozilla/5.0 (Windows NT 6.1; WOW64; rv:40.0) Gecko/20100101 Firefox/40.1"
77.182.197.246 - - [07/May/2018:19:27:41 +0200] "GET / HTTP/1.1" 200 3464 "-" "Mozilla/5.0 (iPhone; CPU iPhone OS 9_3_2 like Mac OS X) AppleWebKit/601.1.46 (KHTML, like Gecko) Version/9.0 Mobile/13F69 Safari/601.1"
18.184.154.26 - - [07/May/2018:19:42:14 +0200] "GET / HTTP/1.1" 200 3464 "-" "Mozilla/5.0 (Windows; U; Windows NT 6.1; de; rv:1.9.0.5) Gecko/2008120122 Firefox/3.0.5"
52.59.232.58 - - [07/May/2018:19:55:47 +0200] "GET / HTTP/1.1" 200 3464 "-" "Mozilla/5.0 (Windows; U; Windows NT 6.1; de; rv:1.9.0.5) Gecko/2008120122 Firefox/3.0.5"
66.249.64.199 - - [07/May/2018:19:57:31 +0200] "GET /robots.txt HTTP/1.1" 200 2050 "-" "Mozilla/5.0 (compatible; Googlebot/2.1; +http://www.google.com/bot.html)"
66.249.64.196 - - [07/May/2018:19:57:32 +0200] "GET / HTTP/1.1" 200 3464 "-" "Mozilla/5.0 (Linux; Android 6.0.1; Nexus 5X Build/MMB29P) AppleWebKit/537.36 (KHTML, like Gecko) Chrome/41.0.2272.96 Mobile Safari/537.36 (compatible; Googlebot/2.1; +http://www.google.com/bot.html)"
80.187.102.82 - - [07/May/2018:20:06:16 +0200] "GET /exportdokumente/drittlandexporte HTTP/1.1" 200 7628 "-" "Mozilla/5.0 (iPhone; CPU iPhone OS 11_3 like Mac OS X) AppleWebKit/605.1.15 (KHTML, like Gecko) Version/11.0 Mobile/15E148 Safari/604.1"
80.187.102.82 - - [07/May/2018:20:06:17 +0200] "GET /apple-touch-icon-120x120-precomposed.png HTTP/1.1" 200 2050 "-" "MobileSafari/604.1 CFNetwork/897.15 Darwin/17.5.0"
80.187.102.82 - - [07/May/2018:20:06:17 +0200] "GET /apple-touch-icon-120x120.png HTTP/1.1" 200 2050 "-" "MobileSafari/604.1 CFNetwork/897.15 Darwin/17.5.0"
80.187.102.82 - - [07/May/2018:20:06:17 +0200] "GET /apple-touch-icon-precomposed.png HTTP/1.1" 200 2050 "-" "MobileSafari/604.1 CFNetwork/897.15 Darwin/17.5.0"
80.187.102.82 - - [07/May/2018:20:06:17 +0200] "GET /apple-touch-icon.png HTTP/1.1" 200 2050 "-" "MobileSafari/604.1 CFNetwork/897.15 Darwin/17.5.0"
80.187.102.82 - - [07/May/2018:20:06:18 +0200] "GET /favicon.ico HTTP/1.1" 200 2050 "-" "MobileSafari/604.1 CFNetwork/897.15 Darwin/17.5.0"
80.187.102.82 - - [07/May/2018:20:06:18 +0200] "GET /apple-touch-icon-120x120-precomposed.png HTTP/1.1" 200 2050 "-" "MobileSafari/604.1 CFNetwork/897.15 Darwin/17.5.0"
80.187.102.82 - - [07/May/2018:20:06:18 +0200] "GET /apple-touch-icon-120x120.png HTTP/1.1" 200 2050 "-" "MobileSafari/604.1 CFNetwork/897.15 Darwin/17.5.0"
80.187.102.82 - - [07/May/2018:20:06:18 +0200] "GET /apple-touch-icon-precomposed.png HTTP/1.1" 200 2050 "-" "MobileSafari/604.1 CFNetwork/897.15 Darwin/17.5.0"
80.187.102.82 - - [07/May/2018:20:06:18 +0200] "GET /apple-touch-icon.png HTTP/1.1" 200 2050 "-" "MobileSafari/604.1 CFNetwork/897.15 Darwin/17.5.0"
80.187.102.82 - - [07/May/2018:20:06:19 +0200] "GET /favicon.ico HTTP/1.1" 200 2050 "-" "MobileSafari/604.1 CFNetwork/897.15 Darwin/17.5.0"
216.244.66.247 - - [07/May/2018:20:08:58 +0200] "GET /informationen/sendung HTTP/1.1" 200 7277 "-" "Mozilla/5.0 (compatible; DotBot/1.1; http://www.opensiteexplorer.org/dotbot, help@moz.com)"
176.10.54.132 - - [07/May/2018:20:09:49 +0200] "GET /exportdokumente/wertgrenzen HTTP/1.1" 200 5881 "-" "Mozilla/5.0 (Macintosh; Intel Mac OS X 10_13_4) AppleWebKit/605.1.15 (KHTML, like Gecko)"
176.10.54.132 - - [07/May/2018:20:09:50 +0200] "GET /apple-touch-icon-precomposed.png HTTP/1.1" 200 2050 "-" "Safari/13605.1.33.1.2 CFNetwork/897.15 Darwin/17.5.0 (x86_64)"
79.199.254.95 - - [07/May/2018:20:09:50 +0200] "GET /pdf/Frachtrecht%20HGB.pdf HTTP/1.1" 200 19672 "-" "Mozilla/5.0 (Macintosh; Intel Mac OS X 10_13_2) AppleWebKit/604.4.7 (KHTML, like Gecko)"
176.10.54.132 - - [07/May/2018:20:09:50 +0200] "GET /apple-touch-icon.png HTTP/1.1" 200 2050 "-" "Safari/13605.1.33.1.2 CFNetwork/897.15 Darwin/17.5.0 (x86_64)"
176.10.54.132 - - [07/May/2018:20:09:50 +0200] "GET /favicon.ico HTTP/1.1" 200 2050 "-" "Safari/13605.1.33.1.2 CFNetwork/897.15 Darwin/17.5.0 (x86_64)"
176.10.54.132 - - [07/May/2018:20:09:51 +0200] "GET /apple-touch-icon-precomposed.png HTTP/1.1" 200 2050 "-" "Safari/13605.1.33.1.2 CFNetwork/897.15 Darwin/17.5.0 (x86_64)"
176.10.54.132 - - [07/May/2018:20:09:51 +0200] "GET /apple-touch-icon.png HTTP/1.1" 200 2050 "-" "Safari/13605.1.33.1.2 CFNetwork/897.15 Darwin/17.5.0 (x86_64)"
176.10.54.132 - - [07/May/2018:20:09:51 +0200] "GET /favicon.ico HTTP/1.1" 200 2050 "-" "Safari/13605.1.33.1.2 CFNetwork/897.15 Darwin/17.5.0 (x86_64)"
176.10.54.132 - - [07/May/2018:20:09:52 +0200] "GET /exportdokumente/wertgrenzen HTTP/1.1" 200 5881 "-" "\"Mozilla/5.0 (iPhone; CPU iPhone OS 11_0 like Mac OS X) AppleWebKit/604.1.38 (KHTML, like Gecko) Version/11.0 Mobile/15A372 Safari/604.1\""
176.10.54.132 - - [07/May/2018:20:09:52 +0200] "GET /apple-touch-icon-precomposed.png HTTP/1.1" 200 2050 "-" "Safari/13605.1.33.1.2 CFNetwork/897.15 Darwin/17.5.0 (x86_64)"
176.10.54.132 - - [07/May/2018:20:09:52 +0200] "GET /apple-touch-icon.png HTTP/1.1" 200 2050 "-" "Safari/13605.1.33.1.2 CFNetwork/897.15 Darwin/17.5.0 (x86_64)"
176.10.54.132 - - [07/May/2018:20:09:53 +0200] "GET /favicon.ico HTTP/1.1" 200 2050 "-" "Safari/13605.1.33.1.2 CFNetwork/897.15 Darwin/17.5.0 (x86_64)"
176.10.54.132 - - [07/May/2018:20:09:53 +0200] "GET /apple-touch-icon-precomposed.png HTTP/1.1" 200 2050 "-" "Safari/13605.1.33.1.2 CFNetwork/897.15 Darwin/17.5.0 (x86_64)"
176.10.54.132 - - [07/May/2018:20:09:53 +0200] "GET /apple-touch-icon.png HTTP/1.1" 200 2050 "-" "Safari/13605.1.33.1.2 CFNetwork/897.15 Darwin/17.5.0 (x86_64)"
176.10.54.132 - - [07/May/2018:20:09:53 +0200] "GET /favicon.ico HTTP/1.1" 200 2050 "-" "Safari/13605.1.33.1.2 CFNetwork/897.15 Darwin/17.5.0 (x86_64)"
79.199.254.95 - - [07/May/2018:20:10:02 +0200] "GET /apple-touch-icon-precomposed.png HTTP/1.1" 200 2050 "-" "Safari/13604.4.7.1.3 CFNetwork/893.13.1 Darwin/17.3.0 (x86_64)"
79.199.254.95 - - [07/May/2018:20:10:08 +0200] "GET /apple-touch-icon.png HTTP/1.1" 200 2050 "-" "Safari/13604.4.7.1.3 CFNetwork/893.13.1 Darwin/17.3.0 (x86_64)"
79.199.254.95 - - [07/May/2018:20:10:09 +0200] "GET /favicon.ico HTTP/1.1" 200 2050 "-" "Safari/13604.4.7.1.3 CFNetwork/893.13.1 Darwin/17.3.0 (x86_64)"
79.199.254.95 - - [07/May/2018:20:10:09 +0200] "GET /apple-touch-icon-precomposed.png HTTP/1.1" 200 2050 "-" "Safari/13604.4.7.1.3 CFNetwork/893.13.1 Darwin/17.3.0 (x86_64)"
79.199.254.95 - - [07/May/2018:20:10:09 +0200] "GET /apple-touch-icon.png HTTP/1.1" 200 2050 "-" "Safari/13604.4.7.1.3 CFNetwork/893.13.1 Darwin/17.3.0 (x86_64)"
79.199.254.95 - - [07/May/2018:20:10:09 +0200] "GET /favicon.ico HTTP/1.1" 200 2050 "-" "Safari/13604.4.7.1.3 CFNetwork/893.13.1 Darwin/17.3.0 (x86_64)"
79.199.254.95 - - [07/May/2018:20:10:09 +0200] "GET /pdf/Frachtrecht%20HGB.pdf HTTP/1.1" 200 19672 "-" "\"Mozilla/5.0 (iPhone; CPU iPhone OS 11_0 like Mac OS X) AppleWebKit/604.1.38 (KHTML, like Gecko) Version/11.0 Mobile/15A372 Safari/604.1\""
79.199.254.95 - - [07/May/2018:20:10:10 +0200] "GET /apple-touch-icon-precomposed.png HTTP/1.1" 200 2050 "-" "Safari/13604.4.7.1.3 CFNetwork/893.13.1 Darwin/17.3.0 (x86_64)"
79.199.254.95 - - [07/May/2018:20:10:10 +0200] "GET /apple-touch-icon.png HTTP/1.1" 200 2050 "-" "Safari/13604.4.7.1.3 CFNetwork/893.13.1 Darwin/17.3.0 (x86_64)"
79.199.254.95 - - [07/May/2018:20:10:10 +0200] "GET /favicon.ico HTTP/1.1" 200 2050 "-" "Safari/13604.4.7.1.3 CFNetwork/893.13.1 Darwin/17.3.0 (x86_64)"
79.199.254.95 - - [07/May/2018:20:10:10 +0200] "GET /apple-touch-icon-precomposed.png HTTP/1.1" 200 2050 "-" "Safari/13604.4.7.1.3 CFNetwork/893.13.1 Darwin/17.3.0 (x86_64)"
79.199.254.95 - - [07/May/2018:20:10:10 +0200] "GET /apple-touch-icon.png HTTP/1.1" 200 2050 "-" "Safari/13604.4.7.1.3 CFNetwork/893.13.1 Darwin/17.3.0 (x86_64)"
79.199.254.95 - - [07/May/2018:20:10:10 +0200] "GET /favicon.ico HTTP/1.1" 200 2050 "-" "Safari/13604.4.7.1.3 CFNetwork/893.13.1 Darwin/17.3.0 (x86_64)"
95.33.51.24 - - [07/May/2018:20:52:33 +0200] "GET /img/Colt%2020.11.2011%20Hubi%204.JPG HTTP/1.1" 200 416132 "-" "com.google.GoogleMobile/41.0.0 iPad/9.3.5 hw/iPad4_1"
66.249.81.102 - - [07/May/2018:20:52:35 +0200] "GET /informationen/spediteur HTTP/1.1" 200 112072 "http://www.google.com/search" "Mozilla/5.0 (X11; Linux x86_64) AppleWebKit/537.36 (KHTML, like Gecko; Google Web Preview) Chrome/41.0.2272.118 Safari/537.36"
66.249.81.102 - - [07/May/2018:20:52:36 +0200] "GET /css/screen.css HTTP/1.1" 200 13636 "http://www.alle-ziele-spedition.de/informationen/spediteur" "Mozilla/5.0 (X11; Linux x86_64) AppleWebKit/537.36 (KHTML, like Gecko; Google Web Preview) Chrome/41.0.2272.118 Safari/537.36"
66.249.81.102 - - [07/May/2018:20:52:36 +0200] "GET /css/print.css HTTP/1.1" 200 830 "http://www.alle-ziele-spedition.de/informationen/spediteur" "Mozilla/5.0 (X11; Linux x86_64) AppleWebKit/537.36 (KHTML, like Gecko; Google Web Preview) Chrome/41.0.2272.118 Safari/537.36"
66.249.81.104 - - [07/May/2018:20:52:36 +0200] "GET /js/curvycorners.src.js HTTP/1.1" 200 60221 "http://www.alle-ziele-spedition.de/informationen/spediteur" "Mozilla/5.0 (X11; Linux x86_64) AppleWebKit/537.36 (KHTML, like Gecko; Google Web Preview) Chrome/41.0.2272.118 Safari/537.36"
66.249.81.104 - - [07/May/2018:20:52:36 +0200] "GET /img/hg_body.gif HTTP/1.1" 200 1754 "http://www.alle-ziele-spedition.de/css/screen.css" "Mozilla/5.0 (X11; Linux x86_64) AppleWebKit/537.36 (KHTML, like Gecko; Google Web Preview) Chrome/41.0.2272.118 Safari/537.36"
66.249.81.102 - - [07/May/2018:20:52:36 +0200] "GET /img/52814.jpg HTTP/1.1" 200 14378 "http://www.alle-ziele-spedition.de/css/screen.css" "Mozilla/5.0 (X11; Linux x86_64) AppleWebKit/537.36 (KHTML, like Gecko; Google Web Preview) Chrome/41.0.2272.118 Safari/537.36"
66.249.81.100 - - [07/May/2018:20:52:36 +0200] "GET /img/Colt%2020.11.2011%20Hubi%204.JPG HTTP/1.1" 200 416132 "http://www.alle-ziele-spedition.de/informationen/spediteur" "Mozilla/5.0 (X11; Linux x86_64) AppleWebKit/537.36 (KHTML, like Gecko; Google Web Preview) Chrome/41.0.2272.118 Safari/537.36"
66.249.81.104 - - [07/May/2018:20:52:36 +0200] "GET /img/14351312.jpg HTTP/1.1" 200 16335 "http://www.alle-ziele-spedition.de/css/screen.css" "Mozilla/5.0 (X11; Linux x86_64) AppleWebKit/537.36 (KHTML, like Gecko; Google Web Preview) Chrome/41.0.2272.118 Safari/537.36"
66.249.81.102 - - [07/May/2018:20:52:36 +0200] "GET /img/9606427.jpg HTTP/1.1" 200 21711 "http://www.alle-ziele-spedition.de/css/screen.css" "Mozilla/5.0 (X11; Linux x86_64) AppleWebKit/537.36 (KHTML, like Gecko; Google Web Preview) Chrome/41.0.2272.118 Safari/537.36"
66.249.81.100 - - [07/May/2018:20:52:36 +0200] "GET /img/Colt%2020.11.2011%20Hubi%207.JPG HTTP/1.1" 200 534770 "http://www.alle-ziele-spedition.de/informationen/spediteur" "Mozilla/5.0 (X11; Linux x86_64) AppleWebKit/537.36 (KHTML, like Gecko; Google Web Preview) Chrome/41.0.2272.118 Safari/537.36"
66.249.81.104 - - [07/May/2018:20:52:36 +0200] "GET /img/berlin_footer2.gif HTTP/1.1" 200 2795 "http://www.alle-ziele-spedition.de/css/screen.css" "Mozilla/5.0 (X11; Linux x86_64) AppleWebKit/537.36 (KHTML, like Gecko; Google Web Preview) Chrome/41.0.2272.118 Safari/537.36"
66.249.81.104 - - [07/May/2018:20:52:36 +0200] "GET /img/geb%20(8).JPG HTTP/1.1" 200 1353331 "http://www.alle-ziele-spedition.de/informationen/spediteur" "Mozilla/5.0 (X11; Linux x86_64) AppleWebKit/537.36 (KHTML, like Gecko; Google Web Preview) Chrome/41.0.2272.118 Safari/537.36"
66.249.81.104 - - [07/May/2018:20:52:36 +0200] "GET /img/geb%20(7).JPG HTTP/1.1" 200 1149007 "http://www.alle-ziele-spedition.de/informationen/spediteur" "Mozilla/5.0 (X11; Linux x86_64) AppleWebKit/537.36 (KHTML, like Gecko; Google Web Preview) Chrome/41.0.2272.118 Safari/537.36"
66.249.81.102 - - [07/May/2018:20:52:36 +0200] "GET /img/lieboch1.jpg HTTP/1.1" 200 2006034 "http://www.alle-ziele-spedition.de/informationen/spediteur" "Mozilla/5.0 (X11; Linux x86_64) AppleWebKit/537.36 (KHTML, like Gecko; Google Web Preview) Chrome/41.0.2272.118 Safari/537.36"
66.249.81.100 - - [07/May/2018:20:52:36 +0200] "GET /img/geb%20(5).JPG HTTP/1.1" 200 1274297 "http://www.alle-ziele-spedition.de/informationen/spediteur" "Mozilla/5.0 (X11; Linux x86_64) AppleWebKit/537.36 (KHTML, like Gecko; Google Web Preview) Chrome/41.0.2272.118 Safari/537.36"
66.249.81.100 - - [07/May/2018:20:52:36 +0200] "GET /img/geb%20(4).JPG HTTP/1.1" 200 2732649 "http://www.alle-ziele-spedition.de/informationen/spediteur" "Mozilla/5.0 (X11; Linux x86_64) AppleWebKit/537.36 (KHTML, like Gecko; Google Web Preview) Chrome/41.0.2272.118 Safari/537.36"
66.249.81.102 - - [07/May/2018:20:52:36 +0200] "GET /img/lieboch2.jpg HTTP/1.1" 200 1644725 "http://www.alle-ziele-spedition.de/informationen/spediteur" "Mozilla/5.0 (X11; Linux x86_64) AppleWebKit/537.36 (KHTML, like Gecko; Google Web Preview) Chrome/41.0.2272.118 Safari/537.36"
66.249.81.100 - - [07/May/2018:20:52:37 +0200] "GET /img/P050222-05.jpg HTTP/1.1" 200 302910 "http://www.alle-ziele-spedition.de/informationen/spediteur" "Mozilla/5.0 (X11; Linux x86_64) AppleWebKit/537.36 (KHTML, like Gecko; Google Web Preview) Chrome/41.0.2272.118 Safari/537.36"
66.249.81.104 - - [07/May/2018:20:52:37 +0200] "GET /img/geb%20(3).JPG HTTP/1.1" 200 2240578 "http://www.alle-ziele-spedition.de/informationen/spediteur" "Mozilla/5.0 (X11; Linux x86_64) AppleWebKit/537.36 (KHTML, like Gecko; Google Web Preview) Chrome/41.0.2272.118 Safari/537.36"
66.249.81.100 - - [07/May/2018:20:52:38 +0200] "GET /img/Multiwheels.jpg HTTP/1.1" 200 394656 "http://www.alle-ziele-spedition.de/informationen/spediteur" "Mozilla/5.0 (X11; Linux x86_64) AppleWebKit/537.36 (KHTML, like Gecko; Google Web Preview) Chrome/41.0.2272.118 Safari/537.36"
66.249.81.100 - - [07/May/2018:20:52:38 +0200] "GET /img/geb%20(6).JPG HTTP/1.1" 200 1292377 "http://www.alle-ziele-spedition.de/informationen/spediteur" "Mozilla/5.0 (X11; Linux x86_64) AppleWebKit/537.36 (KHTML, like Gecko; Google Web Preview) Chrome/41.0.2272.118 Safari/537.36"
66.249.81.104 - - [07/May/2018:20:52:38 +0200] "GET /img/geb%20(2).JPG HTTP/1.1" 200 2207352 "http://www.alle-ziele-spedition.de/informationen/spediteur" "Mozilla/5.0 (X11; Linux x86_64) AppleWebKit/537.36 (KHTML, like Gecko; Google Web Preview) Chrome/41.0.2272.118 Safari/537.36"
66.249.81.100 - - [07/May/2018:20:52:38 +0200] "GET /img/geb%20(1).JPG HTTP/1.1" 200 1339655 "http://www.alle-ziele-spedition.de/informationen/spediteur" "Mozilla/5.0 (X11; Linux x86_64) AppleWebKit/537.36 (KHTML, like Gecko; Google Web Preview) Chrome/41.0.2272.118 Safari/537.36"
66.249.81.100 - - [07/May/2018:20:52:39 +0200] "GET /img/7183587b.jpg HTTP/1.1" 200 12190 "http://www.alle-ziele-spedition.de/css/screen.css" "Mozilla/5.0 (X11; Linux x86_64) AppleWebKit/537.36 (KHTML, like Gecko; Google Web Preview) Chrome/41.0.2272.118 Safari/537.36"
66.249.81.100 - - [07/May/2018:20:52:39 +0200] "GET /img/head_hg.jpg HTTP/1.1" 200 18629 "http://www.alle-ziele-spedition.de/css/screen.css" "Mozilla/5.0 (X11; Linux x86_64) AppleWebKit/537.36 (KHTML, like Gecko; Google Web Preview) Chrome/41.0.2272.118 Safari/537.36"
66.249.81.100 - - [07/May/2018:20:52:39 +0200] "GET /img/857034.jpg HTTP/1.1" 200 14613 "http://www.alle-ziele-spedition.de/css/screen.css" "Mozilla/5.0 (X11; Linux x86_64) AppleWebKit/537.36 (KHTML, like Gecko; Google Web Preview) Chrome/41.0.2272.118 Safari/537.36"
66.249.81.104 - - [07/May/2018:20:52:39 +0200] "GET /img/Colt%2020.11.2011%20Hubi%205.JPG HTTP/1.1" 200 201415 "http://www.alle-ziele-spedition.de/informationen/spediteur" "Mozilla/5.0 (X11; Linux x86_64) AppleWebKit/537.36 (KHTML, like Gecko; Google Web Preview) Chrome/41.0.2272.118 Safari/537.36"
95.33.51.24 - - [07/May/2018:20:58:52 +0200] "GET /img/P050222-05.jpg HTTP/1.1" 200 302910 "-" "com.google.GoogleMobile/41.0.0 iPad/9.3.5 hw/iPad4_1"
84.165.175.153 - - [07/May/2018:21:03:46 +0200] "GET /img/Multiwheels.jpg HTTP/1.1" 200 394656 "https://www.google.de/" "Mozilla/5.0 (Windows NT 6.1; Win64; x64) AppleWebKit/537.36 (KHTML, like Gecko) Chrome/66.0.3359.139 Safari/537.36"
46.118.114.175 - - [07/May/2018:21:06:46 +0200] "GET /aktuelles/ HTTP/1.1" 200 8482 "https://pills24h.com/" "Opera/8.00 (Windows NT 5.1; U; en)"
46.118.114.175 - - [07/May/2018:21:06:47 +0200] "GET /aktuelles/ HTTP/1.1" 200 8482 "https://pills24h.com/" "Opera/8.00 (Windows NT 5.1; U; en)"
46.118.114.175 - - [07/May/2018:21:06:48 +0200] "GET /aktuelles/ HTTP/1.1" 200 8482 "https://pills24h.com/" "Opera/8.00 (Windows NT 5.1; U; en)"
84.165.175.153 - - [07/May/2018:21:08:02 +0200] "GET /img/Colt%2020.11.2011%20Hubi%204.JPG HTTP/1.1" 200 416132 "https://www.google.de/" "Mozilla/5.0 (Windows NT 6.1; Win64; x64) AppleWebKit/537.36 (KHTML, like Gecko) Chrome/66.0.3359.139 Safari/537.36"
84.153.35.93 - - [07/May/2018:21:08:14 +0200] "GET /exportdokumente/drittlandexporte HTTP/1.1" 200 7628 "-" "Mozilla/5.0 (iPhone; CPU iPhone OS 11_3 like Mac OS X) AppleWebKit/605.1.15 (KHTML, like Gecko) Version/11.0 Mobile/15E148 Safari/604.1"
84.153.35.93 - - [07/May/2018:21:08:14 +0200] "GET /apple-touch-icon-120x120-precomposed.png HTTP/1.1" 200 2050 "-" "MobileSafari/604.1 CFNetwork/897.15 Darwin/17.5.0"
84.153.35.93 - - [07/May/2018:21:08:15 +0200] "GET /apple-touch-icon-120x120.png HTTP/1.1" 200 2050 "-" "MobileSafari/604.1 CFNetwork/897.15 Darwin/17.5.0"
66.249.81.104 - - [07/May/2018:21:08:14 +0200] "GET /informationen/spediteur HTTP/1.1" 200 112072 "https://www.google.de/" "Mozilla/5.0 (Linux; Android 7.1.1; E5823 Build/32.4.A.1.54) AppleWebKit/537.36 (KHTML, like Gecko) Chrome/66.0.3359.126 Mobile Safari/537.36"
84.153.35.93 - - [07/May/2018:21:08:15 +0200] "GET /apple-touch-icon-precomposed.png HTTP/1.1" 200 2050 "-" "MobileSafari/604.1 CFNetwork/897.15 Darwin/17.5.0"
66.249.81.100 - - [07/May/2018:21:08:15 +0200] "GET /css/screen.css HTTP/1.1" 200 13636 "http://www.alle-ziele-spedition.de/informationen/spediteur" "Mozilla/5.0 (Linux; Android 7.1.1; E5823 Build/32.4.A.1.54) AppleWebKit/537.36 (KHTML, like Gecko) Chrome/66.0.3359.126 Mobile Safari/537.36"
66.249.81.104 - - [07/May/2018:21:08:15 +0200] "GET /js/curvycorners.src.js HTTP/1.1" 200 60221 "http://www.alle-ziele-spedition.de/informationen/spediteur" "Mozilla/5.0 (Linux; Android 7.1.1; E5823 Build/32.4.A.1.54) AppleWebKit/537.36 (KHTML, like Gecko) Chrome/66.0.3359.126 Mobile Safari/537.36"
84.153.35.93 - - [07/May/2018:21:08:15 +0200] "GET /apple-touch-icon.png HTTP/1.1" 200 2050 "-" "MobileSafari/604.1 CFNetwork/897.15 Darwin/17.5.0"
84.153.35.93 - - [07/May/2018:21:08:15 +0200] "GET /favicon.ico HTTP/1.1" 200 2050 "-" "MobileSafari/604.1 CFNetwork/897.15 Darwin/17.5.0"
66.249.81.100 - - [07/May/2018:21:08:15 +0200] "GET /img/Multiwheels.jpg HTTP/1.1" 200 394656 "http://www.alle-ziele-spedition.de/informationen/spediteur" "Mozilla/5.0 (Linux; Android 7.1.1; E5823 Build/32.4.A.1.54) AppleWebKit/537.36 (KHTML, like Gecko) Chrome/66.0.3359.126 Mobile Safari/537.36"
66.249.81.104 - - [07/May/2018:21:08:15 +0200] "GET /img/geb%20(4).JPG HTTP/1.1" 200 2732649 "http://www.alle-ziele-spedition.de/informationen/spediteur" "Mozilla/5.0 (Linux; Android 7.1.1; E5823 Build/32.4.A.1.54) AppleWebKit/537.36 (KHTML, like Gecko) Chrome/66.0.3359.126 Mobile Safari/537.36"
66.249.81.102 - - [07/May/2018:21:08:15 +0200] "GET /img/geb%20(2).JPG HTTP/1.1" 200 2207352 "http://www.alle-ziele-spedition.de/informationen/spediteur" "Mozilla/5.0 (Linux; Android 7.1.1; E5823 Build/32.4.A.1.54) AppleWebKit/537.36 (KHTML, like Gecko) Chrome/66.0.3359.126 Mobile Safari/537.36"
66.249.81.102 - - [07/May/2018:21:08:15 +0200] "GET /img/geb%20(3).JPG HTTP/1.1" 200 2240578 "http://www.alle-ziele-spedition.de/informationen/spediteur" "Mozilla/5.0 (Linux; Android 7.1.1; E5823 Build/32.4.A.1.54) AppleWebKit/537.36 (KHTML, like Gecko) Chrome/66.0.3359.126 Mobile Safari/537.36"
66.249.81.104 - - [07/May/2018:21:08:15 +0200] "GET /img/geb%20(7).JPG HTTP/1.1" 200 1149007 "http://www.alle-ziele-spedition.de/informationen/spediteur" "Mozilla/5.0 (Linux; Android 7.1.1; E5823 Build/32.4.A.1.54) AppleWebKit/537.36 (KHTML, like Gecko) Chrome/66.0.3359.126 Mobile Safari/537.36"
66.249.81.104 - - [07/May/2018:21:08:15 +0200] "GET /img/geb%20(5).JPG HTTP/1.1" 200 1274297 "http://www.alle-ziele-spedition.de/informationen/spediteur" "Mozilla/5.0 (Linux; Android 7.1.1; E5823 Build/32.4.A.1.54) AppleWebKit/537.36 (KHTML, like Gecko) Chrome/66.0.3359.126 Mobile Safari/537.36"
84.153.35.93 - - [07/May/2018:21:08:15 +0200] "GET /apple-touch-icon-120x120-precomposed.png HTTP/1.1" 200 2050 "-" "MobileSafari/604.1 CFNetwork/897.15 Darwin/17.5.0"
66.249.81.102 - - [07/May/2018:21:08:15 +0200] "GET /img/geb%20(1).JPG HTTP/1.1" 200 1339655 "http://www.alle-ziele-spedition.de/informationen/spediteur" "Mozilla/5.0 (Linux; Android 7.1.1; E5823 Build/32.4.A.1.54) AppleWebKit/537.36 (KHTML, like Gecko) Chrome/66.0.3359.126 Mobile Safari/537.36"
84.153.35.93 - - [07/May/2018:21:08:16 +0200] "GET /apple-touch-icon-120x120.png HTTP/1.1" 200 2050 "-" "MobileSafari/604.1 CFNetwork/897.15 Darwin/17.5.0"
66.249.81.104 - - [07/May/2018:21:08:16 +0200] "GET /img/Colt%2020.11.2011%20Hubi%204.JPG HTTP/1.1" 200 416132 "http://www.alle-ziele-spedition.de/informationen/spediteur" "Mozilla/5.0 (Linux; Android 7.1.1; E5823 Build/32.4.A.1.54) AppleWebKit/537.36 (KHTML, like Gecko) Chrome/66.0.3359.126 Mobile Safari/537.36"
84.153.35.93 - - [07/May/2018:21:08:16 +0200] "GET /apple-touch-icon-precomposed.png HTTP/1.1" 200 2050 "-" "MobileSafari/604.1 CFNetwork/897.15 Darwin/17.5.0"
84.153.35.93 - - [07/May/2018:21:08:16 +0200] "GET /apple-touch-icon.png HTTP/1.1" 200 2050 "-" "MobileSafari/604.1 CFNetwork/897.15 Darwin/17.5.0"
84.153.35.93 - - [07/May/2018:21:08:17 +0200] "GET /favicon.ico HTTP/1.1" 200 2050 "-" "MobileSafari/604.1 CFNetwork/897.15 Darwin/17.5.0"
66.249.81.104 - - [07/May/2018:21:08:17 +0200] "GET /img/geb%20(6).JPG HTTP/1.1" 200 1292377 "http://www.alle-ziele-spedition.de/informationen/spediteur" "Mozilla/5.0 (Linux; Android 7.1.1; E5823 Build/32.4.A.1.54) AppleWebKit/537.36 (KHTML, like Gecko) Chrome/66.0.3359.126 Mobile Safari/537.36"
66.249.81.104 - - [07/May/2018:21:08:17 +0200] "GET /img/P050222-05.jpg HTTP/1.1" 200 302910 "http://www.alle-ziele-spedition.de/informationen/spediteur" "Mozilla/5.0 (Linux; Android 7.1.1; E5823 Build/32.4.A.1.54) AppleWebKit/537.36 (KHTML, like Gecko) Chrome/66.0.3359.126 Mobile Safari/537.36"
66.249.81.104 - - [07/May/2018:21:08:17 +0200] "GET /img/Colt%2020.11.2011%20Hubi%205.JPG HTTP/1.1" 200 201415 "http://www.alle-ziele-spedition.de/informationen/spediteur" "Mozilla/5.0 (Linux; Android 7.1.1; E5823 Build/32.4.A.1.54) AppleWebKit/537.36 (KHTML, like Gecko) Chrome/66.0.3359.126 Mobile Safari/537.36"
66.249.81.104 - - [07/May/2018:21:08:18 +0200] "GET /css/print.css HTTP/1.1" 200 830 "http://www.alle-ziele-spedition.de/informationen/spediteur" "Mozilla/5.0 (Linux; Android 7.1.1; E5823 Build/32.4.A.1.54) AppleWebKit/537.36 (KHTML, like Gecko) Chrome/66.0.3359.126 Mobile Safari/537.36"
66.249.81.102 - - [07/May/2018:21:08:18 +0200] "GET /img/lieboch1.jpg HTTP/1.1" 200 2006034 "http://www.alle-ziele-spedition.de/informationen/spediteur" "Mozilla/5.0 (Linux; Android 7.1.1; E5823 Build/32.4.A.1.54) AppleWebKit/537.36 (KHTML, like Gecko) Chrome/66.0.3359.126 Mobile Safari/537.36"
66.249.81.104 - - [07/May/2018:21:08:18 +0200] "GET /img/geb%20(8).JPG HTTP/1.1" 200 1353331 "http://www.alle-ziele-spedition.de/informationen/spediteur" "Mozilla/5.0 (Linux; Android 7.1.1; E5823 Build/32.4.A.1.54) AppleWebKit/537.36 (KHTML, like Gecko) Chrome/66.0.3359.126 Mobile Safari/537.36"
66.249.81.104 - - [07/May/2018:21:08:18 +0200] "GET /img/lieboch2.jpg HTTP/1.1" 200 1644725 "http://www.alle-ziele-spedition.de/informationen/spediteur" "Mozilla/5.0 (Linux; Android 7.1.1; E5823 Build/32.4.A.1.54) AppleWebKit/537.36 (KHTML, like Gecko) Chrome/66.0.3359.126 Mobile Safari/537.36"
66.249.81.100 - - [07/May/2018:21:08:19 +0200] "GET /img/14351312.jpg HTTP/1.1" 200 16335 "http://www.alle-ziele-spedition.de/css/screen.css" "Mozilla/5.0 (Linux; Android 7.1.1; E5823 Build/32.4.A.1.54) AppleWebKit/537.36 (KHTML, like Gecko) Chrome/66.0.3359.126 Mobile Safari/537.36"
66.249.81.100 - - [07/May/2018:21:08:19 +0200] "GET /img/head_hg.jpg HTTP/1.1" 200 18629 "http://www.alle-ziele-spedition.de/css/screen.css" "Mozilla/5.0 (Linux; Android 7.1.1; E5823 Build/32.4.A.1.54) AppleWebKit/537.36 (KHTML, like Gecko) Chrome/66.0.3359.126 Mobile Safari/537.36"
66.249.81.100 - - [07/May/2018:21:08:19 +0200] "GET /img/berlin_footer2.gif HTTP/1.1" 200 2795 "http://www.alle-ziele-spedition.de/css/screen.css" "Mozilla/5.0 (Linux; Android 7.1.1; E5823 Build/32.4.A.1.54) AppleWebKit/537.36 (KHTML, like Gecko) Chrome/66.0.3359.126 Mobile Safari/537.36"
66.249.81.100 - - [07/May/2018:21:08:19 +0200] "GET /img/52814.jpg HTTP/1.1" 200 14378 "http://www.alle-ziele-spedition.de/css/screen.css" "Mozilla/5.0 (Linux; Android 7.1.1; E5823 Build/32.4.A.1.54) AppleWebKit/537.36 (KHTML, like Gecko) Chrome/66.0.3359.126 Mobile Safari/537.36"
66.249.81.100 - - [07/May/2018:21:08:19 +0200] "GET /img/9606427.jpg HTTP/1.1" 200 21711 "http://www.alle-ziele-spedition.de/css/screen.css" "Mozilla/5.0 (Linux; Android 7.1.1; E5823 Build/32.4.A.1.54) AppleWebKit/537.36 (KHTML, like Gecko) Chrome/66.0.3359.126 Mobile Safari/537.36"
66.249.81.104 - - [07/May/2018:21:08:19 +0200] "GET /img/7183587b.jpg HTTP/1.1" 200 12190 "http://www.alle-ziele-spedition.de/css/screen.css" "Mozilla/5.0 (Linux; Android 7.1.1; E5823 Build/32.4.A.1.54) AppleWebKit/537.36 (KHTML, like Gecko) Chrome/66.0.3359.126 Mobile Safari/537.36"
66.249.81.104 - - [07/May/2018:21:08:19 +0200] "GET /img/hg_body.gif HTTP/1.1" 200 1754 "http://www.alle-ziele-spedition.de/css/screen.css" "Mozilla/5.0 (Linux; Android 7.1.1; E5823 Build/32.4.A.1.54) AppleWebKit/537.36 (KHTML, like Gecko) Chrome/66.0.3359.126 Mobile Safari/537.36"
66.249.81.104 - - [07/May/2018:21:08:19 +0200] "GET /img/Colt%2020.11.2011%20Hubi%207.JPG HTTP/1.1" 200 534770 "http://www.alle-ziele-spedition.de/informationen/spediteur" "Mozilla/5.0 (Linux; Android 7.1.1; E5823 Build/32.4.A.1.54) AppleWebKit/537.36 (KHTML, like Gecko) Chrome/66.0.3359.126 Mobile Safari/537.36"
66.249.81.104 - - [07/May/2018:21:08:19 +0200] "GET /img/857034.jpg HTTP/1.1" 200 14613 "http://www.alle-ziele-spedition.de/css/screen.css" "Mozilla/5.0 (Linux; Android 7.1.1; E5823 Build/32.4.A.1.54) AppleWebKit/537.36 (KHTML, like Gecko) Chrome/66.0.3359.126 Mobile Safari/537.36"
66.249.81.100 - - [07/May/2018:21:08:20 +0200] "GET /favicon.ico HTTP/1.1" 200 2050 "http://www.alle-ziele-spedition.de/informationen/spediteur" "Mozilla/5.0 (Linux; Android 7.1.1; E5823 Build/32.4.A.1.54) AppleWebKit/537.36 (KHTML, like Gecko) Chrome/66.0.3359.126 Mobile Safari/537.36"
216.244.66.195 - - [07/May/2018:21:17:20 +0200] "GET /robots.txt HTTP/1.1" 200 2050 "-" "Mozilla/5.0 (compatible; DotBot/1.1; http://www.opensiteexplorer.org/dotbot, help@moz.com)"
23.106.248.70 - - [07/May/2018:22:04:18 +0200] "GET /informationen/spediteur HTTP/1.1" 200 112072 "http://www.alle-ziele-spedition.de" "Mozilla/4.0 (compatible; MSIE 6.0; Windows NT 5.1; en) Opera 8.50"
66.249.64.199 - - [07/May/2018:22:07:07 +0200] "GET /robots.txt HTTP/1.1" 200 2050 "-" "Mozilla/5.0 (compatible; Googlebot/2.1; +http://www.google.com/bot.html)"
66.249.64.201 - - [07/May/2018:22:07:08 +0200] "GET / HTTP/1.1" 200 3464 "-" "Mozilla/5.0 (Linux; Android 6.0.1; Nexus 5X Build/MMB29P) AppleWebKit/537.36 (KHTML, like Gecko) Chrome/41.0.2272.96 Mobile Safari/537.36 (compatible; Googlebot/2.1; +http://www.google.com/bot.html)"
157.55.39.16 - - [07/May/2018:22:12:12 +0200] "GET /img/geb%20(4).JPG HTTP/1.1" 200 2732649 "-" "Mozilla/5.0 (compatible; bingbot/2.0; +http://www.bing.com/bingbot.htm)"
84.153.35.93 - - [07/May/2018:22:20:35 +0200] "GET /exportdokumente/drittlandexporte HTTP/1.1" 200 7628 "-" "Mozilla/5.0 (iPhone; CPU iPhone OS 11_3 like Mac OS X) AppleWebKit/605.1.15 (KHTML, like Gecko) Version/11.0 Mobile/15E148 Safari/604.1"
84.153.35.93 - - [07/May/2018:22:20:35 +0200] "GET /apple-touch-icon-120x120-precomposed.png HTTP/1.1" 200 2050 "-" "MobileSafari/604.1 CFNetwork/897.15 Darwin/17.5.0"
84.153.35.93 - - [07/May/2018:22:20:36 +0200] "GET /apple-touch-icon-120x120.png HTTP/1.1" 200 2050 "-" "MobileSafari/604.1 CFNetwork/897.15 Darwin/17.5.0"
84.153.35.93 - - [07/May/2018:22:20:36 +0200] "GET /apple-touch-icon-precomposed.png HTTP/1.1" 200 2050 "-" "MobileSafari/604.1 CFNetwork/897.15 Darwin/17.5.0"
84.153.35.93 - - [07/May/2018:22:20:36 +0200] "GET /apple-touch-icon.png HTTP/1.1" 200 2050 "-" "MobileSafari/604.1 CFNetwork/897.15 Darwin/17.5.0"
84.153.35.93 - - [07/May/2018:22:20:37 +0200] "GET /favicon.ico HTTP/1.1" 200 2050 "-" "MobileSafari/604.1 CFNetwork/897.15 Darwin/17.5.0"
84.153.35.93 - - [07/May/2018:22:20:37 +0200] "GET /apple-touch-icon-120x120-precomposed.png HTTP/1.1" 200 2050 "-" "MobileSafari/604.1 CFNetwork/897.15 Darwin/17.5.0"
84.153.35.93 - - [07/May/2018:22:20:37 +0200] "GET /apple-touch-icon-120x120.png HTTP/1.1" 200 2050 "-" "MobileSafari/604.1 CFNetwork/897.15 Darwin/17.5.0"
84.153.35.93 - - [07/May/2018:22:20:37 +0200] "GET /apple-touch-icon-precomposed.png HTTP/1.1" 200 2050 "-" "MobileSafari/604.1 CFNetwork/897.15 Darwin/17.5.0"
84.153.35.93 - - [07/May/2018:22:20:37 +0200] "GET /apple-touch-icon.png HTTP/1.1" 200 2050 "-" "MobileSafari/604.1 CFNetwork/897.15 Darwin/17.5.0"
84.153.35.93 - - [07/May/2018:22:20:38 +0200] "GET /favicon.ico HTTP/1.1" 200 2050 "-" "MobileSafari/604.1 CFNetwork/897.15 Darwin/17.5.0"
95.91.235.173 - - [07/May/2018:22:33:34 +0200] "GET /pdf/Frachtrecht%20HGB.pdf HTTP/1.1" 200 19672 "https://www.google.de/" "Mozilla/5.0 (Windows NT 6.1; Win64; x64) AppleWebKit/537.36 (KHTML, like Gecko) Chrome/66.0.3359.139 Safari/537.36"
95.91.235.173 - - [07/May/2018:22:33:34 +0200] "GET /favicon.ico HTTP/1.1" 200 2050 "http://www.alle-ziele-spedition.de/pdf/Frachtrecht%20HGB.pdf" "Mozilla/5.0 (Windows NT 6.1; Win64; x64) AppleWebKit/537.36 (KHTML, like Gecko) Chrome/66.0.3359.139 Safari/537.36"
181.1.129.54 - - [07/May/2018:22:46:55 +0200] "GET /wp-login.php HTTP/1.1" 200 2050 "-" "Mozilla/5.0 (Windows NT 6.1; WOW64; rv:40.0) Gecko/20100101 Firefox/40.1"
181.1.129.54 - - [07/May/2018:22:46:56 +0200] "GET / HTTP/1.1" 200 3464 "-" "Mozilla/5.0 (Windows NT 6.1; WOW64; rv:40.0) Gecko/20100101 Firefox/40.1"
216.244.66.195 - - [07/May/2018:22:47:42 +0200] "GET / HTTP/1.1" 200 3464 "-" "Mozilla/5.0 (compatible; DotBot/1.1; http://www.opensiteexplorer.org/dotbot, help@moz.com)"
157.55.39.117 - - [07/May/2018:22:53:57 +0200] "GET /img/lieboch2.jpg HTTP/1.1" 200 1644725 "-" "Mozilla/5.0 (compatible; bingbot/2.0; +http://www.bing.com/bingbot.htm)"
216.244.66.195 - - [07/May/2018:23:04:42 +0200] "GET /robots.txt HTTP/1.1" 200 2050 "-" "Mozilla/5.0 (compatible; DotBot/1.1; http://www.opensiteexplorer.org/dotbot, help@moz.com)"
46.119.118.96 - - [07/May/2018:23:23:16 +0200] "GET /aktuelles/ HTTP/1.1" 200 8482 "http://xn----7sbabn5abjehfwi8bj.xn--p1ai/" "Mozilla/0.6 Beta (Windows)"
46.119.118.96 - - [07/May/2018:23:23:18 +0200] "GET /aktuelles/ HTTP/1.1" 200 8482 "http://xn----7sbabn5abjehfwi8bj.xn--p1ai/" "Mozilla/0.6 Beta (Windows)"
109.41.128.109 - - [07/May/2018:23:26:44 +0200] "GET /img/Multiwheels.jpg HTTP/1.1" 200 394656 "-" "Mozilla/5.0 (Linux; Android 6.0; LG-X240 Build/MRA58K; wv) AppleWebKit/537.36 (KHTML, like Gecko) Version/4.0 Chrome/55.0.2883.91 Mobile Safari/537.36 GSA/6.8.23.21.arm64"
79.199.254.95 - - [07/May/2018:23:29:29 +0200] "GET /pdf/Frachtrecht%20HGB.pdf HTTP/1.1" 200 19672 "-" "Mozilla/5.0 (Macintosh; Intel Mac OS X 10_13_4) AppleWebKit/605.1.15 (KHTML, like Gecko)"
79.199.254.95 - - [07/May/2018:23:29:29 +0200] "GET /apple-touch-icon-precomposed.png HTTP/1.1" 200 2050 "-" "Safari/13605.1.33.1.4 CFNetwork/897.15 Darwin/17.5.0 (x86_64)"
79.199.254.95 - - [07/May/2018:23:29:29 +0200] "GET /apple-touch-icon.png HTTP/1.1" 200 2050 "-" "Safari/13605.1.33.1.4 CFNetwork/897.15 Darwin/17.5.0 (x86_64)"
79.199.254.95 - - [07/May/2018:23:29:29 +0200] "GET /favicon.ico HTTP/1.1" 200 2050 "-" "Safari/13605.1.33.1.4 CFNetwork/897.15 Darwin/17.5.0 (x86_64)"
79.199.254.95 - - [07/May/2018:23:29:30 +0200] "GET /apple-touch-icon-precomposed.png HTTP/1.1" 200 2050 "-" "Safari/13605.1.33.1.4 CFNetwork/897.15 Darwin/17.5.0 (x86_64)"
79.199.254.95 - - [07/May/2018:23:29:30 +0200] "GET /apple-touch-icon.png HTTP/1.1" 200 2050 "-" "Safari/13605.1.33.1.4 CFNetwork/897.15 Darwin/17.5.0 (x86_64)"
79.199.254.95 - - [07/May/2018:23:29:30 +0200] "GET /favicon.ico HTTP/1.1" 200 2050 "-" "Safari/13605.1.33.1.4 CFNetwork/897.15 Darwin/17.5.0 (x86_64)"
79.199.254.95 - - [07/May/2018:23:29:30 +0200] "GET /pdf/Frachtrecht%20HGB.pdf HTTP/1.1" 200 19672 "-" "\"Mozilla/5.0 (iPhone; CPU iPhone OS 11_0 like Mac OS X) AppleWebKit/604.1.38 (KHTML, like Gecko) Version/11.0 Mobile/15A372 Safari/604.1\""
79.199.254.95 - - [07/May/2018:23:29:30 +0200] "GET /apple-touch-icon-precomposed.png HTTP/1.1" 200 2050 "-" "Safari/13605.1.33.1.4 CFNetwork/897.15 Darwin/17.5.0 (x86_64)"
79.199.254.95 - - [07/May/2018:23:29:30 +0200] "GET /apple-touch-icon.png HTTP/1.1" 200 2050 "-" "Safari/13605.1.33.1.4 CFNetwork/897.15 Darwin/17.5.0 (x86_64)"
79.199.254.95 - - [07/May/2018:23:29:31 +0200] "GET /favicon.ico HTTP/1.1" 200 2050 "-" "Safari/13605.1.33.1.4 CFNetwork/897.15 Darwin/17.5.0 (x86_64)"
79.199.254.95 - - [07/May/2018:23:29:31 +0200] "GET /apple-touch-icon-precomposed.png HTTP/1.1" 200 2050 "-" "Safari/13605.1.33.1.4 CFNetwork/897.15 Darwin/17.5.0 (x86_64)"
79.199.254.95 - - [07/May/2018:23:29:31 +0200] "GET /apple-touch-icon.png HTTP/1.1" 200 2050 "-" "Safari/13605.1.33.1.4 CFNetwork/897.15 Darwin/17.5.0 (x86_64)"
79.199.254.95 - - [07/May/2018:23:29:31 +0200] "GET /favicon.ico HTTP/1.1" 200 2050 "-" "Safari/13605.1.33.1.4 CFNetwork/897.15 Darwin/17.5.0 (x86_64)"
46.119.118.96 - - [07/May/2018:23:54:10 +0200] "GET /aktuelles/ HTTP/1.1" 200 8482 "https://scat.porn/" "Mozilla/0.91 Beta (Windows)"
46.119.118.96 - - [07/May/2018:23:54:12 +0200] "GET /aktuelles/ HTTP/1.1" 200 8482 "https://scat.porn/" "Mozilla/0.91 Beta (Windows)"
216.244.66.195 - - [08/May/2018:00:11:58 +0200] "GET /informationen HTTP/1.1" 200 4126 "-" "Mozilla/5.0 (compatible; DotBot/1.1; http://www.opensiteexplorer.org/dotbot, help@moz.com)"
213.203.221.150 - - [08/May/2018:00:20:47 +0200] "GET /exportdokumente/drittlandexporte HTTP/1.1" 200 7628 "-" "Mozilla/5.0 (Macintosh; Intel Mac OS X 10_10_5) AppleWebKit/601.4.4 (KHTML, like Gecko) Version/9.0.3 Safari/601.4.4"
66.249.93.38 - - [08/May/2018:00:52:41 +0200] "GET /informationen/spediteur HTTP/1.1" 200 112072 "-" "Mozilla/5.0 (Linux; Android 7.1.1; E5823 Build/32.4.A.1.54) AppleWebKit/537.36 (KHTML, like Gecko) Chrome/66.0.3359.126 Mobile Safari/537.36"
66.249.93.40 - - [08/May/2018:00:52:42 +0200] "GET /favicon.ico HTTP/1.1" 200 2050 "http://www.alle-ziele-spedition.de/informationen/spediteur" "Mozilla/5.0 (Linux; Android 7.1.1; E5823 Build/32.4.A.1.54) AppleWebKit/537.36 (KHTML, like Gecko) Chrome/66.0.3359.126 Mobile Safari/537.36"
157.55.39.46 - - [08/May/2018:01:23:06 +0200] "GET /geschaeftskunden/stueckgut_national HTTP/1.1" 200 4641 "-" "Mozilla/5.0 (compatible; bingbot/2.0; +http://www.bing.com/bingbot.htm)"
