40.77.167.14 - - [22/Dec/2015:14:07:12 +0100] "GET /robots.txt HTTP/1.1" 404 1256 "-" "Mozilla/5.0 (compatible; bingbot/2.0; +http://www.bing.com/bingbot.htm)"
40.77.167.14 - - [22/Dec/2015:14:07:14 +0100] "GET /core/moo.fx.js HTTP/1.1" 200 3267 "-" "Mozilla/5.0 (compatible; bingbot/2.0; +http://www.bing.com/bingbot.htm)"
40.77.167.14 - - [22/Dec/2015:14:07:14 +0100] "GET /core/plugins.js HTTP/1.1" 200 28 "-" "Mozilla/5.0 (compatible; bingbot/2.0; +http://www.bing.com/bingbot.htm)"
40.77.167.14 - - [22/Dec/2015:14:07:14 +0100] "GET /templates/default.css HTTP/1.1" 200 7156 "-" "Mozilla/5.0 (compatible; bingbot/2.0; +http://www.bing.com/bingbot.htm)"
157.55.39.43 - - [22/Dec/2015:14:11:10 +0100] "GET /robots.txt HTTP/1.1" 404 1256 "-" "Mozilla/5.0 (compatible; bingbot/2.0; +http://www.bing.com/bingbot.htm)"
157.55.39.43 - - [22/Dec/2015:14:11:22 +0100] "GET /robots.txt HTTP/1.1" 404 1256 "-" "Mozilla/5.0 (compatible; bingbot/2.0; +http://www.bing.com/bingbot.htm)"
157.55.39.241 - - [22/Dec/2015:14:17:01 +0100] "GET /robots.txt HTTP/1.1" 404 1256 "-" "Mozilla/5.0 (compatible; bingbot/2.0; +http://www.bing.com/bingbot.htm)"
157.55.39.241 - - [22/Dec/2015:14:17:11 +0100] "GET /core/litebox-1.0.js HTTP/1.1" 200 15581 "-" "Mozilla/5.0 (compatible; bingbot/2.0; +http://www.bing.com/bingbot.htm)"
157.55.39.241 - - [22/Dec/2015:14:17:11 +0100] "GET /core/prototype.lite.js HTTP/1.1" 200 3335 "-" "Mozilla/5.0 (compatible; bingbot/2.0; +http://www.bing.com/bingbot.htm)"
80.187.98.111 - - [22/Dec/2015:15:47:12 +0100] "GET /?unternehmen,35 HTTP/1.1" 200 5693 "http://www.google.de/url?sa=t&source=web&cd=18&rct=j&q=%C2%A0Quartier%20BB%20GmbH&ved=0ahUKEwjtgcfq2u_JAhWC3iwKHbMmAK0QjBAIUjAR&url=http%3A%2F%2Fwww.quartier-bb.de%2F%3Funternehmen%2C35&usg=AFQjCNE3_LT9PhXtiLoSLoKe2X5j5_Ueaw" "Mozilla/5.0 (Linux; Android 5.0.1; SAMSUNG GT-I9506/I9506XXUDOK1 Build/LRX22C) AppleWebKit/537.36 (KHTML, like Gecko) SamsungBrowser/2.1 Chrome/34.0.1847.76 Mobile Safari/537.36"
80.187.98.111 - - [22/Dec/2015:15:47:12 +0100] "GET /core/common.js HTTP/1.1" 200 2364 "http://www.quartier-bb.de/?unternehmen,35" "Mozilla/5.0 (Linux; Android 5.0.1; SAMSUNG GT-I9506/I9506XXUDOK1 Build/LRX22C) AppleWebKit/537.36 (KHTML, like Gecko) SamsungBrowser/2.1 Chrome/34.0.1847.76 Mobile Safari/537.36"
80.187.98.111 - - [22/Dec/2015:15:47:12 +0100] "GET /core/litebox-1.0.js HTTP/1.1" 200 15581 "http://www.quartier-bb.de/?unternehmen,35" "Mozilla/5.0 (Linux; Android 5.0.1; SAMSUNG GT-I9506/I9506XXUDOK1 Build/LRX22C) AppleWebKit/537.36 (KHTML, like Gecko) SamsungBrowser/2.1 Chrome/34.0.1847.76 Mobile Safari/537.36"
80.187.98.111 - - [22/Dec/2015:15:47:12 +0100] "GET /core/moo.fx.js HTTP/1.1" 200 3267 "http://www.quartier-bb.de/?unternehmen,35" "Mozilla/5.0 (Linux; Android 5.0.1; SAMSUNG GT-I9506/I9506XXUDOK1 Build/LRX22C) AppleWebKit/537.36 (KHTML, like Gecko) SamsungBrowser/2.1 Chrome/34.0.1847.76 Mobile Safari/537.36"
80.187.98.111 - - [22/Dec/2015:15:47:12 +0100] "GET /templates/default.css HTTP/1.1" 200 7156 "http://www.quartier-bb.de/?unternehmen,35" "Mozilla/5.0 (Linux; Android 5.0.1; SAMSUNG GT-I9506/I9506XXUDOK1 Build/LRX22C) AppleWebKit/537.36 (KHTML, like Gecko) SamsungBrowser/2.1 Chrome/34.0.1847.76 Mobile Safari/537.36"
80.187.98.111 - - [22/Dec/2015:15:47:12 +0100] "GET /core/prototype.lite.js HTTP/1.1" 200 3335 "http://www.quartier-bb.de/?unternehmen,35" "Mozilla/5.0 (Linux; Android 5.0.1; SAMSUNG GT-I9506/I9506XXUDOK1 Build/LRX22C) AppleWebKit/537.36 (KHTML, like Gecko) SamsungBrowser/2.1 Chrome/34.0.1847.76 Mobile Safari/537.36"
80.187.98.111 - - [22/Dec/2015:15:47:12 +0100] "GET /core/plugins.js HTTP/1.1" 200 28 "http://www.quartier-bb.de/?unternehmen,35" "Mozilla/5.0 (Linux; Android 5.0.1; SAMSUNG GT-I9506/I9506XXUDOK1 Build/LRX22C) AppleWebKit/537.36 (KHTML, like Gecko) SamsungBrowser/2.1 Chrome/34.0.1847.76 Mobile Safari/537.36"
80.187.98.111 - - [22/Dec/2015:15:47:12 +0100] "GET /templates/img/logo.gif HTTP/1.1" 200 3859 "http://www.quartier-bb.de/?unternehmen,35" "Mozilla/5.0 (Linux; Android 5.0.1; SAMSUNG GT-I9506/I9506XXUDOK1 Build/LRX22C) AppleWebKit/537.36 (KHTML, like Gecko) SamsungBrowser/2.1 Chrome/34.0.1847.76 Mobile Safari/537.36"
80.187.98.111 - - [22/Dec/2015:15:47:12 +0100] "GET /templates/plugins.css HTTP/1.1" 200 1931 "http://www.quartier-bb.de/?unternehmen,35" "Mozilla/5.0 (Linux; Android 5.0.1; SAMSUNG GT-I9506/I9506XXUDOK1 Build/LRX22C) AppleWebKit/537.36 (KHTML, like Gecko) SamsungBrowser/2.1 Chrome/34.0.1847.76 Mobile Safari/537.36"
80.187.98.111 - - [22/Dec/2015:15:47:12 +0100] "GET /templates/img/closelabel.gif HTTP/1.1" 200 649 "http://www.quartier-bb.de/?unternehmen,35" "Mozilla/5.0 (Linux; Android 5.0.1; SAMSUNG GT-I9506/I9506XXUDOK1 Build/LRX22C) AppleWebKit/537.36 (KHTML, like Gecko) SamsungBrowser/2.1 Chrome/34.0.1847.76 Mobile Safari/537.36"
80.187.98.111 - - [22/Dec/2015:15:47:12 +0100] "GET /templates/img/nav.gif HTTP/1.1" 200 1501 "http://www.quartier-bb.de/?unternehmen,35" "Mozilla/5.0 (Linux; Android 5.0.1; SAMSUNG GT-I9506/I9506XXUDOK1 Build/LRX22C) AppleWebKit/537.36 (KHTML, like Gecko) SamsungBrowser/2.1 Chrome/34.0.1847.76 Mobile Safari/537.36"
80.187.98.111 - - [22/Dec/2015:15:47:12 +0100] "GET /templates/img/loading.gif HTTP/1.1" 200 2767 "http://www.quartier-bb.de/?unternehmen,35" "Mozilla/5.0 (Linux; Android 5.0.1; SAMSUNG GT-I9506/I9506XXUDOK1 Build/LRX22C) AppleWebKit/537.36 (KHTML, like Gecko) SamsungBrowser/2.1 Chrome/34.0.1847.76 Mobile Safari/537.36"
80.187.98.111 - - [22/Dec/2015:15:47:12 +0100] "GET /templates/img/points.gif HTTP/1.1" 200 62 "http://www.quartier-bb.de/?unternehmen,35" "Mozilla/5.0 (Linux; Android 5.0.1; SAMSUNG GT-I9506/I9506XXUDOK1 Build/LRX22C) AppleWebKit/537.36 (KHTML, like Gecko) SamsungBrowser/2.1 Chrome/34.0.1847.76 Mobile Safari/537.36"
80.187.98.111 - - [22/Dec/2015:15:47:12 +0100] "GET /templates/img/two-columns.gif HTTP/1.1" 200 65 "http://www.quartier-bb.de/?unternehmen,35" "Mozilla/5.0 (Linux; Android 5.0.1; SAMSUNG GT-I9506/I9506XXUDOK1 Build/LRX22C) AppleWebKit/537.36 (KHTML, like Gecko) SamsungBrowser/2.1 Chrome/34.0.1847.76 Mobile Safari/537.36"
80.187.98.111 - - [22/Dec/2015:15:47:12 +0100] "GET /templates/img/bg.jpg HTTP/1.1" 200 18814 "http://www.quartier-bb.de/?unternehmen,35" "Mozilla/5.0 (Linux; Android 5.0.1; SAMSUNG GT-I9506/I9506XXUDOK1 Build/LRX22C) AppleWebKit/537.36 (KHTML, like Gecko) SamsungBrowser/2.1 Chrome/34.0.1847.76 Mobile Safari/537.36"
80.187.98.111 - - [22/Dec/2015:15:47:12 +0100] "GET /templates/img/circle.png HTTP/1.1" 200 194 "http://www.quartier-bb.de/?unternehmen,35" "Mozilla/5.0 (Linux; Android 5.0.1; SAMSUNG GT-I9506/I9506XXUDOK1 Build/LRX22C) AppleWebKit/537.36 (KHTML, like Gecko) SamsungBrowser/2.1 Chrome/34.0.1847.76 Mobile Safari/537.36"
80.187.98.111 - - [22/Dec/2015:15:47:12 +0100] "GET /templates/img/header.png HTTP/1.1" 200 134243 "http://www.quartier-bb.de/?unternehmen,35" "Mozilla/5.0 (Linux; Android 5.0.1; SAMSUNG GT-I9506/I9506XXUDOK1 Build/LRX22C) AppleWebKit/537.36 (KHTML, like Gecko) SamsungBrowser/2.1 Chrome/34.0.1847.76 Mobile Safari/537.36"
80.187.98.111 - - [22/Dec/2015:15:47:12 +0100] "GET /favicon.ico HTTP/1.1" 200 2602 "-" "Mozilla/5.0 (Linux; Android 5.0.1; SAMSUNG GT-I9506/I9506XXUDOK1 Build/LRX22C) AppleWebKit/537.36 (KHTML, like Gecko) SamsungBrowser/2.1 Chrome/34.0.1847.76 Mobile Safari/537.36"
80.187.98.111 - - [22/Dec/2015:15:47:49 +0100] "GET /?home,1 HTTP/1.1" 200 6789 "http://www.quartier-bb.de/?unternehmen,35" "Mozilla/5.0 (Linux; Android 5.0.1; SAMSUNG GT-I9506/I9506XXUDOK1 Build/LRX22C) AppleWebKit/537.36 (KHTML, like Gecko) SamsungBrowser/2.1 Chrome/34.0.1847.76 Mobile Safari/537.36"
80.187.98.111 - - [22/Dec/2015:15:47:49 +0100] "GET /files/top_left_basic.gif HTTP/1.1" 200 261 "http://www.quartier-bb.de/?home,1" "Mozilla/5.0 (Linux; Android 5.0.1; SAMSUNG GT-I9506/I9506XXUDOK1 Build/LRX22C) AppleWebKit/537.36 (KHTML, like Gecko) SamsungBrowser/2.1 Chrome/34.0.1847.76 Mobile Safari/537.36"
80.187.98.111 - - [22/Dec/2015:15:58:06 +0100] "GET /?unternehmen,35 HTTP/1.1" 200 5693 "http://www.google.de/url?sa=t&source=web&cd=18&rct=j&q=%C2%A0Quartier%20BB%20GmbH&ved=0ahUKEwjtgcfq2u_JAhWC3iwKHbMmAK0QjBAIUjAR&url=http%3A%2F%2Fwww.quartier-bb.de%2F%3Funternehmen%2C35&usg=AFQjCNE3_LT9PhXtiLoSLoKe2X5j5_Ueaw" "Mozilla/5.0 (Linux; Android 5.0.1; SAMSUNG GT-I9506/I9506XXUDOK1 Build/LRX22C) AppleWebKit/537.36 (KHTML, like Gecko) SamsungBrowser/2.1 Chrome/34.0.1847.76 Mobile Safari/537.36"
93.186.202.253 - - [22/Dec/2015:16:07:32 +0100] "GET /?impressum,15 HTTP/1.1" 200 5152 "-" "Mozilla/5.0 (Windows; U; Windows NT 6.1; WOW64; en-US; rv:2.0.4) Gecko/20120718 AskTbAVR-IDW/3.12.5.17700 Firefox/14.0.1"
93.186.202.253 - - [22/Dec/2015:16:07:32 +0100] "GET / HTTP/1.1" 200 6789 "-" "Mozilla/5.0 (Macintosh; Intel Mac OS X 1084) AppleWebKit/536.28.10 (KHTML like Gecko) Version/6.0.3 Safari/536.28.10"
68.180.229.159 - - [22/Dec/2015:17:50:02 +0100] "GET /robots.txt HTTP/1.1" 404 1256 "-" "Mozilla/5.0 (compatible; Yahoo! Slurp; http://help.yahoo.com/help/us/ysearch/slurp)"
68.180.229.159 - - [22/Dec/2015:17:50:02 +0100] "GET /?formular,41 HTTP/1.1" 302 - "-" "Mozilla/5.0 (compatible; Yahoo! Slurp; http://help.yahoo.com/help/us/ysearch/slurp)"
95.90.243.178 - - [22/Dec/2015:18:30:40 +0100] "GET / HTTP/1.1" 200 6789 "https://www.google.de" "Mozilla/5.0 (Windows NT 10.0; WOW64; rv:43.0) Gecko/20100101 Firefox/43.0"
95.90.243.178 - - [22/Dec/2015:18:30:40 +0100] "GET /core/common.js HTTP/1.1" 200 2364 "http://www.quartier-bb.de/" "Mozilla/5.0 (Windows NT 10.0; WOW64; rv:43.0) Gecko/20100101 Firefox/43.0"
95.90.243.178 - - [22/Dec/2015:18:30:40 +0100] "GET /core/plugins.js HTTP/1.1" 200 28 "http://www.quartier-bb.de/" "Mozilla/5.0 (Windows NT 10.0; WOW64; rv:43.0) Gecko/20100101 Firefox/43.0"
95.90.243.178 - - [22/Dec/2015:18:30:40 +0100] "GET /core/prototype.lite.js HTTP/1.1" 200 3335 "http://www.quartier-bb.de/" "Mozilla/5.0 (Windows NT 10.0; WOW64; rv:43.0) Gecko/20100101 Firefox/43.0"
95.90.243.178 - - [22/Dec/2015:18:30:40 +0100] "GET /core/moo.fx.js HTTP/1.1" 200 3267 "http://www.quartier-bb.de/" "Mozilla/5.0 (Windows NT 10.0; WOW64; rv:43.0) Gecko/20100101 Firefox/43.0"
95.90.243.178 - - [22/Dec/2015:18:30:40 +0100] "GET /core/litebox-1.0.js HTTP/1.1" 200 15581 "http://www.quartier-bb.de/" "Mozilla/5.0 (Windows NT 10.0; WOW64; rv:43.0) Gecko/20100101 Firefox/43.0"
95.90.243.178 - - [22/Dec/2015:18:30:40 +0100] "GET /favicon.ico HTTP/1.1" 200 2602 "-" "Mozilla/5.0 (Windows NT 10.0; WOW64; rv:43.0) Gecko/20100101 Firefox/43.0"
95.90.243.178 - - [22/Dec/2015:18:30:40 +0100] "GET /templates/img/logo.gif HTTP/1.1" 200 3859 "http://www.quartier-bb.de/" "Mozilla/5.0 (Windows NT 10.0; WOW64; rv:43.0) Gecko/20100101 Firefox/43.0"
95.90.243.178 - - [22/Dec/2015:18:30:40 +0100] "GET /files/top_left_basic.gif HTTP/1.1" 200 261 "http://www.quartier-bb.de/" "Mozilla/5.0 (Windows NT 10.0; WOW64; rv:43.0) Gecko/20100101 Firefox/43.0"
95.90.243.178 - - [22/Dec/2015:18:30:40 +0100] "GET /templates/default.css HTTP/1.1" 200 7156 "http://www.quartier-bb.de/" "Mozilla/5.0 (Windows NT 10.0; WOW64; rv:43.0) Gecko/20100101 Firefox/43.0"
95.90.243.178 - - [22/Dec/2015:18:30:41 +0100] "GET /templates/plugins.css HTTP/1.1" 200 1931 "http://www.quartier-bb.de/templates/default.css" "Mozilla/5.0 (Windows NT 10.0; WOW64; rv:43.0) Gecko/20100101 Firefox/43.0"
95.90.243.178 - - [22/Dec/2015:18:30:41 +0100] "GET /templates/img/points.gif HTTP/1.1" 200 62 "http://www.quartier-bb.de/templates/default.css" "Mozilla/5.0 (Windows NT 10.0; WOW64; rv:43.0) Gecko/20100101 Firefox/43.0"
95.90.243.178 - - [22/Dec/2015:18:30:41 +0100] "GET /templates/img/bg.jpg HTTP/1.1" 200 18814 "http://www.quartier-bb.de/templates/default.css" "Mozilla/5.0 (Windows NT 10.0; WOW64; rv:43.0) Gecko/20100101 Firefox/43.0"
95.90.243.178 - - [22/Dec/2015:18:30:41 +0100] "GET /templates/img/nav.gif HTTP/1.1" 200 1501 "http://www.quartier-bb.de/templates/default.css" "Mozilla/5.0 (Windows NT 10.0; WOW64; rv:43.0) Gecko/20100101 Firefox/43.0"
95.90.243.178 - - [22/Dec/2015:18:30:41 +0100] "GET /templates/img/two-columns.gif HTTP/1.1" 200 65 "http://www.quartier-bb.de/templates/default.css" "Mozilla/5.0 (Windows NT 10.0; WOW64; rv:43.0) Gecko/20100101 Firefox/43.0"
95.90.243.178 - - [22/Dec/2015:18:30:41 +0100] "GET /templates/img/circle.png HTTP/1.1" 200 194 "http://www.quartier-bb.de/templates/default.css" "Mozilla/5.0 (Windows NT 10.0; WOW64; rv:43.0) Gecko/20100101 Firefox/43.0"
95.90.243.178 - - [22/Dec/2015:18:30:41 +0100] "GET /templates/img/header.png HTTP/1.1" 200 134243 "http://www.quartier-bb.de/templates/default.css" "Mozilla/5.0 (Windows NT 10.0; WOW64; rv:43.0) Gecko/20100101 Firefox/43.0"
95.90.243.178 - - [22/Dec/2015:18:30:41 +0100] "GET /templates/img/loading.gif HTTP/1.1" 200 2767 "http://www.quartier-bb.de/" "Mozilla/5.0 (Windows NT 10.0; WOW64; rv:43.0) Gecko/20100101 Firefox/43.0"
95.90.243.178 - - [22/Dec/2015:18:30:41 +0100] "GET /templates/img/closelabel.gif HTTP/1.1" 200 649 "http://www.quartier-bb.de/" "Mozilla/5.0 (Windows NT 10.0; WOW64; rv:43.0) Gecko/20100101 Firefox/43.0"
95.90.243.178 - - [22/Dec/2015:18:30:45 +0100] "GET /?impressum,15 HTTP/1.1" 200 5152 "http://www.quartier-bb.de/" "Mozilla/5.0 (Windows NT 10.0; WOW64; rv:43.0) Gecko/20100101 Firefox/43.0"
95.90.243.178 - - [22/Dec/2015:18:31:25 +0100] "GET /?leistung,40 HTTP/1.1" 200 7044 "http://www.quartier-bb.de/?impressum,15" "Mozilla/5.0 (Windows NT 10.0; WOW64; rv:43.0) Gecko/20100101 Firefox/43.0"
95.90.243.178 - - [22/Dec/2015:18:31:30 +0100] "GET /?home,1 HTTP/1.1" 200 6789 "http://www.quartier-bb.de/?leistung,40" "Mozilla/5.0 (Windows NT 10.0; WOW64; rv:43.0) Gecko/20100101 Firefox/43.0"
95.90.243.178 - - [22/Dec/2015:18:31:57 +0100] "GET / HTTP/1.1" 200 6789 "https://www.google.de" "Mozilla/5.0 (Windows NT 10.0; WOW64; rv:43.0) Gecko/20100101 Firefox/43.0"
95.90.243.178 - - [22/Dec/2015:18:32:11 +0100] "GET /?unternehmen,35 HTTP/1.1" 200 5693 "http://www.quartier-bb.de/" "Mozilla/5.0 (Windows NT 10.0; WOW64; rv:43.0) Gecko/20100101 Firefox/43.0"
95.90.243.178 - - [22/Dec/2015:18:32:18 +0100] "GET /?home,1 HTTP/1.1" 200 6789 "http://www.quartier-bb.de/?unternehmen,35" "Mozilla/5.0 (Windows NT 10.0; WOW64; rv:43.0) Gecko/20100101 Firefox/43.0"
95.90.243.178 - - [22/Dec/2015:18:32:20 +0100] "GET /?formular,41 HTTP/1.1" 302 - "http://www.quartier-bb.de/?home,1" "Mozilla/5.0 (Windows NT 10.0; WOW64; rv:43.0) Gecko/20100101 Firefox/43.0"
95.90.243.178 - - [22/Dec/2015:18:32:23 +0100] "GET /?home,1 HTTP/1.1" 200 6789 "http://www.quartier-bb.de/?unternehmen,35" "Mozilla/5.0 (Windows NT 10.0; WOW64; rv:43.0) Gecko/20100101 Firefox/43.0"
95.90.243.178 - - [22/Dec/2015:18:32:33 +0100] "GET /?unternehmen,35 HTTP/1.1" 200 5693 "http://www.quartier-bb.de/" "Mozilla/5.0 (Windows NT 10.0; WOW64; rv:43.0) Gecko/20100101 Firefox/43.0"
95.90.243.178 - - [22/Dec/2015:18:32:33 +0100] "GET / HTTP/1.1" 200 6789 "https://www.google.de" "Mozilla/5.0 (Windows NT 10.0; WOW64; rv:43.0) Gecko/20100101 Firefox/43.0"
95.90.243.178 - - [22/Dec/2015:18:34:32 +0100] "GET /?home,1 HTTP/1.1" 200 6789 "http://www.quartier-bb.de/?leistung,40" "Mozilla/5.0 (Windows NT 10.0; WOW64; rv:43.0) Gecko/20100101 Firefox/43.0"
95.90.243.178 - - [22/Dec/2015:18:34:33 +0100] "GET /?leistung,40 HTTP/1.1" 200 7044 "http://www.quartier-bb.de/?impressum,15" "Mozilla/5.0 (Windows NT 10.0; WOW64; rv:43.0) Gecko/20100101 Firefox/43.0"
95.90.243.178 - - [22/Dec/2015:18:34:33 +0100] "GET /?impressum,15 HTTP/1.1" 200 5152 "http://www.quartier-bb.de/" "Mozilla/5.0 (Windows NT 10.0; WOW64; rv:43.0) Gecko/20100101 Firefox/43.0"
95.90.243.178 - - [22/Dec/2015:18:34:34 +0100] "GET / HTTP/1.1" 200 6789 "https://www.google.de" "Mozilla/5.0 (Windows NT 10.0; WOW64; rv:43.0) Gecko/20100101 Firefox/43.0"
95.90.243.178 - - [22/Dec/2015:18:34:35 +0100] "GET /?impressum,15 HTTP/1.1" 200 5152 "http://www.quartier-bb.de/" "Mozilla/5.0 (Windows NT 10.0; WOW64; rv:43.0) Gecko/20100101 Firefox/43.0"
157.55.39.43 - - [23/Dec/2015:00:11:28 +0100] "GET /robots.txt HTTP/1.1" 404 1256 "-" "Mozilla/5.0 (compatible; bingbot/2.0; +http://www.bing.com/bingbot.htm)"
157.55.39.67 - - [23/Dec/2015:00:12:07 +0100] "GET / HTTP/1.1" 200 6789 "-" "Mozilla/5.0 (compatible; bingbot/2.0; +http://www.bing.com/bingbot.htm)"
66.249.66.177 - - [23/Dec/2015:00:41:57 +0100] "GET /robots.txt HTTP/1.1" 404 1256 "-" "Mozilla/5.0 (compatible; Googlebot/2.1; +http://www.google.com/bot.html)"
66.249.66.185 - - [23/Dec/2015:00:41:58 +0100] "GET / HTTP/1.1" 200 6789 "-" "Mozilla/5.0 (iPhone; CPU iPhone OS 8_3 like Mac OS X) AppleWebKit/600.1.4 (KHTML, like Gecko) Version/8.0 Mobile/12F70 Safari/600.1.4 (compatible; Googlebot/2.1; +http://www.google.com/bot.html)"
66.249.66.177 - - [23/Dec/2015:00:46:18 +0100] "GET /templates/plugins.css HTTP/1.1" 200 1931 "-" "Mozilla/5.0 (compatible; Googlebot/2.1; +http://www.google.com/bot.html)"
66.249.66.177 - - [23/Dec/2015:00:46:19 +0100] "GET /templates/default.css HTTP/1.1" 200 7156 "-" "Mozilla/5.0 (compatible; Googlebot/2.1; +http://www.google.com/bot.html)"
66.249.66.177 - - [23/Dec/2015:01:42:41 +0100] "GET /?impressum,15 HTTP/1.1" 200 5152 "-" "Mozilla/5.0 (compatible; Googlebot/2.1; +http://www.google.com/bot.html)"
78.158.11.226 - - [23/Dec/2015:02:53:03 +0100] "GET /?disclaimer,14 HTTP/1.0" 200 7677 "http://www.google.com/url?sa=t&rct=j&q=www.quartier-bb.de&source=web&cd=5&ved=0CF0QFjAE&url=http:%2F%2Fwww.quartier-bb.de%2F%3Fdisclaimer,14&cad=rja" "Lynx/2.8.5rel.1 libwww-FM/2.15FC SSL-MM/1.4.1c OpenSSL/0.9.7e-dev"
78.158.11.226 - - [23/Dec/2015:02:53:03 +0100] "GET /?disclaimer,14/?kontakt,8 HTTP/1.0" 200 6789 "http://www.quartier-bb.de/?disclaimer,14" "Lynx/2.8.5rel.1 libwww-FM/2.15FC SSL-MM/1.4.1c OpenSSL/0.9.7e-dev"
78.158.11.226 - - [23/Dec/2015:02:53:03 +0100] "GET /?impressum,15 HTTP/1.0" 200 5152 "http://www.quartier-bb.de/?disclaimer,14" "Lynx/2.8.5rel.1 libwww-FM/2.15FC SSL-MM/1.4.1c OpenSSL/0.9.7e-dev"
66.249.66.185 - - [23/Dec/2015:05:42:39 +0100] "GET /?impressum,15 HTTP/1.1" 200 5152 "-" "Mozilla/5.0 (iPhone; CPU iPhone OS 8_3 like Mac OS X) AppleWebKit/600.1.4 (KHTML, like Gecko) Version/8.0 Mobile/12F70 Safari/600.1.4 (compatible; Googlebot/2.1; +http://www.google.com/bot.html)"
68.180.229.159 - - [23/Dec/2015:05:58:03 +0100] "GET /robots.txt HTTP/1.1" 404 1256 "-" "Mozilla/5.0 (compatible; Yahoo! Slurp; http://help.yahoo.com/help/us/ysearch/slurp)"
68.180.229.159 - - [23/Dec/2015:05:58:03 +0100] "GET /?disclaimer,14 HTTP/1.1" 200 7677 "-" "Mozilla/5.0 (compatible; Yahoo! Slurp; http://help.yahoo.com/help/us/ysearch/slurp)"
64.246.165.170 - - [23/Dec/2015:06:41:38 +0100] "GET /robots.txt HTTP/1.0" 404 1256 "-" "Mozilla/5.0 (Windows; U; Windows NT 5.1; en; rv:1.9.0.13) Gecko/2009073022 Firefox/3.5.2 (.NET CLR 3.5.30729) SurveyBot/2.3 (DomainTools)"
64.246.165.170 - - [23/Dec/2015:06:41:38 +0100] "GET / HTTP/1.1" 200 6789 "http://whois.domaintools.com/quartier-bb.de" "Mozilla/5.0 (Windows; U; Windows NT 5.1; en; rv:1.9.0.13) Gecko/2009073022 Firefox/3.5.2 (.NET CLR 3.5.30729) SurveyBot/2.3 (DomainTools)"
66.249.66.177 - - [23/Dec/2015:07:28:04 +0100] "GET / HTTP/1.1" 200 6789 "-" "Mozilla/5.0 (compatible; Googlebot/2.1; +http://www.google.com/bot.html)"
207.46.13.95 - - [23/Dec/2015:11:42:06 +0100] "GET /robots.txt HTTP/1.1" 404 1256 "-" "Mozilla/5.0 (compatible; bingbot/2.0; +http://www.bing.com/bingbot.htm)"
207.46.13.95 - - [23/Dec/2015:11:42:13 +0100] "GET / HTTP/1.1" 200 6789 "-" "Mozilla/5.0 (compatible; bingbot/2.0; +http://www.bing.com/bingbot.htm)"
68.180.229.159 - - [23/Dec/2015:13:46:08 +0100] "GET /?unternehmen,35 HTTP/1.1" 200 5693 "-" "Mozilla/5.0 (compatible; Yahoo! Slurp; http://help.yahoo.com/help/us/ysearch/slurp)"
66.249.66.181 - - [23/Dec/2015:18:31:27 +0100] "GET /robots.txt HTTP/1.1" 404 1256 "-" "Mozilla/5.0 (compatible; Googlebot/2.1; +http://www.google.com/bot.html)"
66.249.66.185 - - [23/Dec/2015:18:31:28 +0100] "GET / HTTP/1.1" 200 6789 "-" "SAMSUNG-SGH-E250/1.0 Profile/MIDP-2.0 Configuration/CLDC-1.1 UP.Browser/6.2.3.3.c.1.101 (GUI) MMP/2.0 (compatible; Googlebot-Mobile/2.1; +http://www.google.com/bot.html)"
66.249.66.185 - - [23/Dec/2015:22:09:35 +0100] "GET / HTTP/1.1" 200 6789 "-" "DoCoMo/2.0 N905i(c100;TB;W24H16) (compatible; Googlebot-Mobile/2.1; +http://www.google.com/bot.html)"
66.249.66.181 - - [24/Dec/2015:00:05:34 +0100] "GET /?formular,41 HTTP/1.1" 302 - "-" "Mozilla/5.0 (compatible; Googlebot/2.1; +http://www.google.com/bot.html)"
207.46.13.95 - - [24/Dec/2015:00:06:59 +0100] "GET /robots.txt HTTP/1.1" 404 1256 "-" "Mozilla/5.0 (compatible; bingbot/2.0; +http://www.bing.com/bingbot.htm)"
207.46.13.95 - - [24/Dec/2015:00:07:08 +0100] "GET / HTTP/1.1" 200 6789 "-" "Mozilla/5.0 (compatible; bingbot/2.0; +http://www.bing.com/bingbot.htm)"
24.230.181.31 - - [24/Dec/2015:04:27:27 +0100] "GET /robots.txt HTTP/1.0" 404 1256 "-" "Mozilla/5.0 (compatible; MJ12bot/v1.4.5; http://www.majestic12.co.uk/bot.php?+)"
24.230.181.31 - - [24/Dec/2015:04:27:29 +0100] "GET /?disclaimer,14 HTTP/1.1" 200 7677 "-" "Mozilla/5.0 (compatible; MJ12bot/v1.4.5; http://www.majestic12.co.uk/bot.php?+)"
136.243.83.16 - - [24/Dec/2015:08:50:13 +0100] "GET /robots.txt HTTP/1.1" 404 1256 "-" "Mozilla/5.0 (compatible; MetaJobBot; http://www.metajob.de/crawler)"
136.243.83.16 - - [24/Dec/2015:08:50:13 +0100] "GET / HTTP/1.1" 200 6789 "-" "Mozilla/5.0 (compatible; MetaJobBot; http://www.metajob.de/crawler)"
207.46.13.95 - - [24/Dec/2015:08:58:11 +0100] "GET /robots.txt HTTP/1.1" 404 1256 "-" "Mozilla/5.0 (compatible; bingbot/2.0; +http://www.bing.com/bingbot.htm)"
207.46.13.95 - - [24/Dec/2015:08:58:25 +0100] "GET / HTTP/1.1" 200 6789 "-" "Mozilla/5.0 (compatible; bingbot/2.0; +http://www.bing.com/bingbot.htm)"
5.9.73.227 - - [24/Dec/2015:10:43:42 +0100] "GET /robots.txt HTTP/1.0" 404 1256 "-" "Mozilla/5.0 (compatible; MJ12bot/v1.4.5; http://www.majestic12.co.uk/bot.php?+)"
5.9.73.227 - - [24/Dec/2015:10:43:43 +0100] "GET / HTTP/1.0" 200 6789 "-" "Mozilla/5.0 (compatible; MJ12bot/v1.4.5; http://www.majestic12.co.uk/bot.php?+)"
217.151.51.35 - - [24/Dec/2015:11:52:57 +0100] "GET / HTTP/1.1" 200 6789 "-" "Mozilla/5.0 (Windows NT 5.1; rv:26.0) Gecko/20100101 Firefox/26.0"
217.151.51.35 - - [24/Dec/2015:11:52:57 +0100] "GET /core/common.js HTTP/1.1" 200 2364 "http://www.quartier-bb.de/" "Mozilla/5.0 (Windows NT 5.1; rv:26.0) Gecko/20100101 Firefox/26.0"
217.151.51.35 - - [24/Dec/2015:11:52:57 +0100] "GET /core/plugins.js HTTP/1.1" 200 28 "http://www.quartier-bb.de/" "Mozilla/5.0 (Windows NT 5.1; rv:26.0) Gecko/20100101 Firefox/26.0"
217.151.51.35 - - [24/Dec/2015:11:52:57 +0100] "GET /core/prototype.lite.js HTTP/1.1" 200 3335 "http://www.quartier-bb.de/" "Mozilla/5.0 (Windows NT 5.1; rv:26.0) Gecko/20100101 Firefox/26.0"
217.151.51.35 - - [24/Dec/2015:11:52:57 +0100] "GET /core/moo.fx.js HTTP/1.1" 200 3267 "http://www.quartier-bb.de/" "Mozilla/5.0 (Windows NT 5.1; rv:26.0) Gecko/20100101 Firefox/26.0"
217.151.51.35 - - [24/Dec/2015:11:52:57 +0100] "GET /core/litebox-1.0.js HTTP/1.1" 200 15581 "http://www.quartier-bb.de/" "Mozilla/5.0 (Windows NT 5.1; rv:26.0) Gecko/20100101 Firefox/26.0"
217.151.51.35 - - [24/Dec/2015:11:52:57 +0100] "GET /templates/default.css HTTP/1.1" 200 7156 "http://www.quartier-bb.de/" "Mozilla/5.0 (Windows NT 5.1; rv:26.0) Gecko/20100101 Firefox/26.0"
217.151.51.35 - - [24/Dec/2015:11:52:57 +0100] "GET /templates/plugins.css HTTP/1.1" 200 1931 "http://www.quartier-bb.de/templates/default.css" "Mozilla/5.0 (Windows NT 5.1; rv:26.0) Gecko/20100101 Firefox/26.0"
217.151.51.35 - - [24/Dec/2015:11:52:57 +0100] "GET /favicon.ico HTTP/1.1" 200 2602 "-" "Mozilla/5.0 (Windows NT 5.1; rv:26.0) Gecko/20100101 Firefox/26.0"
217.151.51.35 - - [24/Dec/2015:11:53:15 +0100] "GET /?unternehmen,35 HTTP/1.1" 200 5693 "-" "Mozilla/5.0 (Windows NT 5.1; rv:26.0) Gecko/20100101 Firefox/26.0"
217.151.51.35 - - [24/Dec/2015:11:53:24 +0100] "GET /? HTTP/1.1" 200 6789 "-" "Mozilla/5.0 (Windows NT 5.1; rv:26.0) Gecko/20100101 Firefox/26.0"
217.151.51.35 - - [24/Dec/2015:11:53:33 +0100] "GET /?formular,41 HTTP/1.1" 302 - "-" "Mozilla/5.0 (Windows NT 5.1; rv:26.0) Gecko/20100101 Firefox/26.0"
217.151.51.35 - - [24/Dec/2015:11:53:42 +0100] "GET / HTTP/1.1" 200 6789 "-" "Mozilla/5.0 (Windows NT 5.1; rv:26.0) Gecko/20100101 Firefox/26.0"
217.151.51.35 - - [24/Dec/2015:11:53:51 +0100] "GET /?kontakt,8 HTTP/1.1" 200 4607 "-" "Mozilla/5.0 (Windows NT 5.1; rv:26.0) Gecko/20100101 Firefox/26.0"
217.151.51.35 - - [24/Dec/2015:11:54:00 +0100] "GET /?disclaimer,14 HTTP/1.1" 200 7677 "-" "Mozilla/5.0 (Windows NT 5.1; rv:26.0) Gecko/20100101 Firefox/26.0"
217.151.51.35 - - [24/Dec/2015:11:54:09 +0100] "GET /?impressum,15 HTTP/1.1" 200 5152 "-" "Mozilla/5.0 (Windows NT 5.1; rv:26.0) Gecko/20100101 Firefox/26.0"
217.151.51.35 - - [24/Dec/2015:11:54:18 +0100] "GET /?leistung,40 HTTP/1.1" 200 7044 "-" "Mozilla/5.0 (Windows NT 5.1; rv:26.0) Gecko/20100101 Firefox/26.0"
66.249.66.177 - - [24/Dec/2015:13:47:53 +0100] "GET /robots.txt HTTP/1.1" 404 1256 "-" "Mozilla/5.0 (compatible; Googlebot/2.1; +http://www.google.com/bot.html)"
66.249.66.185 - - [24/Dec/2015:13:47:53 +0100] "GET /core/moo.fx.js HTTP/1.1" 200 3267 "http://www.quartier-bb.de/" "Mozilla/5.0 (compatible; Googlebot/2.1; +http://www.google.com/bot.html)"
217.95.192.210 - - [24/Dec/2015:14:30:51 +0100] "GET /?impressum,15 HTTP/1.1" 200 5152 "https://www.google.de" "Mozilla/5.0 (Windows NT 6.3; WOW64; rv:43.0) Gecko/20100101 Firefox/43.0"
217.95.192.210 - - [24/Dec/2015:14:30:52 +0100] "GET /core/common.js HTTP/1.1" 200 2364 "http://www.quartier-bb.de/?impressum,15" "Mozilla/5.0 (Windows NT 6.3; WOW64; rv:43.0) Gecko/20100101 Firefox/43.0"
217.95.192.210 - - [24/Dec/2015:14:30:52 +0100] "GET /core/plugins.js HTTP/1.1" 200 28 "http://www.quartier-bb.de/?impressum,15" "Mozilla/5.0 (Windows NT 6.3; WOW64; rv:43.0) Gecko/20100101 Firefox/43.0"
217.95.192.210 - - [24/Dec/2015:14:30:52 +0100] "GET /core/prototype.lite.js HTTP/1.1" 200 3335 "http://www.quartier-bb.de/?impressum,15" "Mozilla/5.0 (Windows NT 6.3; WOW64; rv:43.0) Gecko/20100101 Firefox/43.0"
217.95.192.210 - - [24/Dec/2015:14:30:52 +0100] "GET /core/moo.fx.js HTTP/1.1" 200 3267 "http://www.quartier-bb.de/?impressum,15" "Mozilla/5.0 (Windows NT 6.3; WOW64; rv:43.0) Gecko/20100101 Firefox/43.0"
217.95.192.210 - - [24/Dec/2015:14:30:52 +0100] "GET /core/litebox-1.0.js HTTP/1.1" 200 15581 "http://www.quartier-bb.de/?impressum,15" "Mozilla/5.0 (Windows NT 6.3; WOW64; rv:43.0) Gecko/20100101 Firefox/43.0"
217.95.192.210 - - [24/Dec/2015:14:30:52 +0100] "GET /favicon.ico HTTP/1.1" 200 2602 "-" "Mozilla/5.0 (Windows NT 6.3; WOW64; rv:43.0) Gecko/20100101 Firefox/43.0"
217.95.192.210 - - [24/Dec/2015:14:30:52 +0100] "GET /templates/img/logo.gif HTTP/1.1" 200 3859 "http://www.quartier-bb.de/?impressum,15" "Mozilla/5.0 (Windows NT 6.3; WOW64; rv:43.0) Gecko/20100101 Firefox/43.0"
217.95.192.210 - - [24/Dec/2015:14:30:52 +0100] "GET /templates/default.css HTTP/1.1" 200 7156 "http://www.quartier-bb.de/?impressum,15" "Mozilla/5.0 (Windows NT 6.3; WOW64; rv:43.0) Gecko/20100101 Firefox/43.0"
217.95.192.210 - - [24/Dec/2015:14:30:52 +0100] "GET /templates/plugins.css HTTP/1.1" 200 1931 "http://www.quartier-bb.de/templates/default.css" "Mozilla/5.0 (Windows NT 6.3; WOW64; rv:43.0) Gecko/20100101 Firefox/43.0"
217.95.192.210 - - [24/Dec/2015:14:30:52 +0100] "GET /templates/img/bg.jpg HTTP/1.1" 200 18814 "http://www.quartier-bb.de/templates/default.css" "Mozilla/5.0 (Windows NT 6.3; WOW64; rv:43.0) Gecko/20100101 Firefox/43.0"
217.95.192.210 - - [24/Dec/2015:14:30:52 +0100] "GET /templates/img/points.gif HTTP/1.1" 200 62 "http://www.quartier-bb.de/templates/default.css" "Mozilla/5.0 (Windows NT 6.3; WOW64; rv:43.0) Gecko/20100101 Firefox/43.0"
217.95.192.210 - - [24/Dec/2015:14:30:52 +0100] "GET /templates/img/nav.gif HTTP/1.1" 200 1501 "http://www.quartier-bb.de/templates/default.css" "Mozilla/5.0 (Windows NT 6.3; WOW64; rv:43.0) Gecko/20100101 Firefox/43.0"
217.95.192.210 - - [24/Dec/2015:14:30:52 +0100] "GET /templates/img/two-columns.gif HTTP/1.1" 200 65 "http://www.quartier-bb.de/templates/default.css" "Mozilla/5.0 (Windows NT 6.3; WOW64; rv:43.0) Gecko/20100101 Firefox/43.0"
217.95.192.210 - - [24/Dec/2015:14:30:52 +0100] "GET /templates/img/circle.png HTTP/1.1" 200 194 "http://www.quartier-bb.de/templates/default.css" "Mozilla/5.0 (Windows NT 6.3; WOW64; rv:43.0) Gecko/20100101 Firefox/43.0"
217.95.192.210 - - [24/Dec/2015:14:30:52 +0100] "GET /templates/img/header.png HTTP/1.1" 200 134243 "http://www.quartier-bb.de/templates/default.css" "Mozilla/5.0 (Windows NT 6.3; WOW64; rv:43.0) Gecko/20100101 Firefox/43.0"
217.95.192.210 - - [24/Dec/2015:14:30:53 +0100] "GET /templates/img/loading.gif HTTP/1.1" 200 2767 "http://www.quartier-bb.de/?impressum,15" "Mozilla/5.0 (Windows NT 6.3; WOW64; rv:43.0) Gecko/20100101 Firefox/43.0"
217.95.192.210 - - [24/Dec/2015:14:30:53 +0100] "GET /templates/img/closelabel.gif HTTP/1.1" 200 649 "http://www.quartier-bb.de/?impressum,15" "Mozilla/5.0 (Windows NT 6.3; WOW64; rv:43.0) Gecko/20100101 Firefox/43.0"
217.95.192.210 - - [24/Dec/2015:14:35:32 +0100] "GET /?home,1 HTTP/1.1" 200 6789 "http://www.quartier-bb.de/?impressum,15" "Mozilla/5.0 (Windows NT 6.3; WOW64; rv:43.0) Gecko/20100101 Firefox/43.0"
217.95.192.210 - - [24/Dec/2015:14:35:32 +0100] "GET /files/top_left_basic.gif HTTP/1.1" 200 261 "http://www.quartier-bb.de/?home,1" "Mozilla/5.0 (Windows NT 6.3; WOW64; rv:43.0) Gecko/20100101 Firefox/43.0"
217.95.192.210 - - [24/Dec/2015:14:35:34 +0100] "GET /?unternehmen,35 HTTP/1.1" 200 5693 "http://www.quartier-bb.de/?home,1" "Mozilla/5.0 (Windows NT 6.3; WOW64; rv:43.0) Gecko/20100101 Firefox/43.0"
217.95.192.210 - - [24/Dec/2015:14:36:04 +0100] "GET /?leistung,40 HTTP/1.1" 200 7044 "http://www.quartier-bb.de/?unternehmen,35" "Mozilla/5.0 (Windows NT 6.3; WOW64; rv:43.0) Gecko/20100101 Firefox/43.0"
217.95.192.210 - - [24/Dec/2015:14:36:14 +0100] "GET /?unternehmen,35 HTTP/1.1" 200 5693 "http://www.quartier-bb.de/?leistung,40" "Mozilla/5.0 (Windows NT 6.3; WOW64; rv:43.0) Gecko/20100101 Firefox/43.0"
217.95.192.210 - - [24/Dec/2015:14:36:17 +0100] "GET /?home,1 HTTP/1.1" 200 6789 "http://www.quartier-bb.de/?unternehmen,35" "Mozilla/5.0 (Windows NT 6.3; WOW64; rv:43.0) Gecko/20100101 Firefox/43.0"
217.95.192.210 - - [24/Dec/2015:14:36:21 +0100] "GET /? HTTP/1.1" 200 6789 "http://www.quartier-bb.de/?home,1" "Mozilla/5.0 (Windows NT 6.3; WOW64; rv:43.0) Gecko/20100101 Firefox/43.0"
93.180.64.151 - - [24/Dec/2015:15:36:57 +0100] "GET /robots.txt HTTP/1.0" 404 1256 "-" "Mozilla/5.0 (compatible; MJ12bot/v1.4.5; http://www.majestic12.co.uk/bot.php?+)"
93.180.64.151 - - [24/Dec/2015:15:36:59 +0100] "GET /?formular,41 HTTP/1.1" 302 - "-" "Mozilla/5.0 (compatible; MJ12bot/v1.4.5; http://www.majestic12.co.uk/bot.php?+)"
93.180.64.151 - - [24/Dec/2015:15:37:02 +0100] "GET /?home,1 HTTP/1.1" 200 6789 "-" "Mozilla/5.0 (compatible; MJ12bot/v1.4.5; http://www.majestic12.co.uk/bot.php?+)"
93.180.64.151 - - [24/Dec/2015:15:37:04 +0100] "GET /?impressum,15 HTTP/1.1" 200 5152 "-" "Mozilla/5.0 (compatible; MJ12bot/v1.4.5; http://www.majestic12.co.uk/bot.php?+)"
157.55.39.217 - - [24/Dec/2015:15:42:29 +0100] "GET /robots.txt HTTP/1.1" 404 1256 "-" "Mozilla/5.0 (compatible; bingbot/2.0; +http://www.bing.com/bingbot.htm)"
157.55.39.217 - - [24/Dec/2015:15:42:34 +0100] "GET /core/common.js HTTP/1.1" 200 2364 "-" "Mozilla/5.0 (compatible; bingbot/2.0; +http://www.bing.com/bingbot.htm)"
66.249.66.181 - - [24/Dec/2015:18:41:00 +0100] "GET / HTTP/1.1" 200 6789 "-" "Mozilla/5.0 (iPhone; CPU iPhone OS 8_3 like Mac OS X) AppleWebKit/600.1.4 (KHTML, like Gecko) Version/8.0 Mobile/12F70 Safari/600.1.4 (compatible; Googlebot/2.1; +http://www.google.com/bot.html)"
207.46.13.95 - - [24/Dec/2015:21:27:22 +0100] "GET /robots.txt HTTP/1.1" 404 1256 "-" "Mozilla/5.0 (compatible; bingbot/2.0; +http://www.bing.com/bingbot.htm)"
207.46.13.95 - - [24/Dec/2015:21:27:31 +0100] "GET / HTTP/1.1" 200 6789 "-" "Mozilla/5.0 (compatible; bingbot/2.0; +http://www.bing.com/bingbot.htm)"
207.46.13.95 - - [25/Dec/2015:01:37:45 +0100] "GET /robots.txt HTTP/1.1" 404 1256 "-" "Mozilla/5.0 (compatible; bingbot/2.0; +http://www.bing.com/bingbot.htm)"
207.46.13.95 - - [25/Dec/2015:01:38:19 +0100] "GET / HTTP/1.1" 200 6789 "-" "Mozilla/5.0 (compatible; bingbot/2.0; +http://www.bing.com/bingbot.htm)"
40.77.167.14 - - [25/Dec/2015:01:39:29 +0100] "GET /robots.txt HTTP/1.1" 404 1256 "-" "Mozilla/5.0 (compatible; bingbot/2.0; +http://www.bing.com/bingbot.htm)"
40.77.167.14 - - [25/Dec/2015:01:39:37 +0100] "GET /core/moo.fx.js HTTP/1.1" 200 3267 "-" "Mozilla/5.0 (compatible; bingbot/2.0; +http://www.bing.com/bingbot.htm)"
40.77.167.14 - - [25/Dec/2015:01:39:37 +0100] "GET /core/plugins.js HTTP/1.1" 200 28 "-" "Mozilla/5.0 (compatible; bingbot/2.0; +http://www.bing.com/bingbot.htm)"
40.77.167.14 - - [25/Dec/2015:01:39:37 +0100] "GET /templates/default.css HTTP/1.1" 200 7156 "-" "Mozilla/5.0 (compatible; bingbot/2.0; +http://www.bing.com/bingbot.htm)"
157.55.39.217 - - [25/Dec/2015:01:40:01 +0100] "GET /robots.txt HTTP/1.1" 404 1256 "-" "Mozilla/5.0 (compatible; bingbot/2.0; +http://www.bing.com/bingbot.htm)"
157.55.39.217 - - [25/Dec/2015:01:40:02 +0100] "GET /core/common.js HTTP/1.1" 200 2364 "-" "Mozilla/5.0 (compatible; bingbot/2.0; +http://www.bing.com/bingbot.htm)"
207.46.13.190 - - [25/Dec/2015:01:49:58 +0100] "GET /robots.txt HTTP/1.1" 404 1256 "-" "Mozilla/5.0 (compatible; bingbot/2.0; +http://www.bing.com/bingbot.htm)"
207.46.13.190 - - [25/Dec/2015:01:50:11 +0100] "GET /core/litebox-1.0.js HTTP/1.1" 200 15581 "-" "Mozilla/5.0 (compatible; bingbot/2.0; +http://www.bing.com/bingbot.htm)"
207.46.13.190 - - [25/Dec/2015:01:50:12 +0100] "GET /core/prototype.lite.js HTTP/1.1" 200 3335 "-" "Mozilla/5.0 (compatible; bingbot/2.0; +http://www.bing.com/bingbot.htm)"
207.46.13.95 - - [25/Dec/2015:02:39:34 +0100] "GET /robots.txt HTTP/1.1" 404 1256 "-" "Mozilla/5.0 (compatible; bingbot/2.0; +http://www.bing.com/bingbot.htm)"
207.46.13.95 - - [25/Dec/2015:02:39:38 +0100] "GET /robots.txt HTTP/1.1" 404 1256 "-" "Mozilla/5.0 (compatible; bingbot/2.0; +http://www.bing.com/bingbot.htm)"
157.55.39.217 - - [25/Dec/2015:02:40:25 +0100] "GET /robots.txt HTTP/1.1" 404 1256 "-" "Mozilla/5.0 (compatible; bingbot/2.0; +http://www.bing.com/bingbot.htm)"
157.55.39.217 - - [25/Dec/2015:02:40:31 +0100] "GET /templates/plugins.css HTTP/1.1" 200 1931 "-" "Mozilla/5.0 (compatible; bingbot/2.0; +http://www.bing.com/bingbot.htm)"
188.165.15.37 - - [25/Dec/2015:05:26:13 +0100] "GET / HTTP/1.1" 200 6789 "-" "Mozilla/5.0 (compatible; AhrefsBot/5.0; +http://ahrefs.com/robot/)"
207.46.13.95 - - [25/Dec/2015:05:27:10 +0100] "GET /robots.txt HTTP/1.1" 404 1256 "-" "Mozilla/5.0 (compatible; bingbot/2.0; +http://www.bing.com/bingbot.htm)"
207.46.13.95 - - [25/Dec/2015:05:27:12 +0100] "GET /?leistung,40 HTTP/1.1" 200 7044 "-" "Mozilla/5.0 (compatible; bingbot/2.0; +http://www.bing.com/bingbot.htm)"
66.249.66.185 - - [25/Dec/2015:08:07:58 +0100] "GET /robots.txt HTTP/1.1" 404 1256 "-" "Mozilla/5.0 (compatible; Googlebot/2.1; +http://www.google.com/bot.html)"
66.249.66.185 - - [25/Dec/2015:08:07:58 +0100] "GET / HTTP/1.1" 200 6789 "-" "Mozilla/5.0 (compatible; Googlebot/2.1; +http://www.google.com/bot.html)"
207.46.13.95 - - [25/Dec/2015:09:15:12 +0100] "GET /robots.txt HTTP/1.1" 404 1256 "-" "Mozilla/5.0 (compatible; bingbot/2.0; +http://www.bing.com/bingbot.htm)"
207.46.13.95 - - [25/Dec/2015:09:15:25 +0100] "GET / HTTP/1.1" 200 6789 "-" "Mozilla/5.0 (compatible; bingbot/2.0; +http://www.bing.com/bingbot.htm)"
207.46.13.95 - - [25/Dec/2015:09:15:26 +0100] "GET /?kontakt,8 HTTP/1.1" 200 4607 "-" "Mozilla/5.0 (compatible; bingbot/2.0; +http://www.bing.com/bingbot.htm)"
207.46.13.95 - - [25/Dec/2015:09:15:27 +0100] "GET /?leistung,40 HTTP/1.1" 200 7044 "-" "Mozilla/5.0 (compatible; bingbot/2.0; +http://www.bing.com/bingbot.htm)"
207.46.13.95 - - [25/Dec/2015:09:15:27 +0100] "GET / HTTP/1.1" 200 6789 "-" "Mozilla/5.0 (compatible; bingbot/2.0; +http://www.bing.com/bingbot.htm)"
207.46.13.95 - - [25/Dec/2015:09:15:27 +0100] "GET /?home,1 HTTP/1.1" 200 6789 "-" "Mozilla/5.0 (compatible; bingbot/2.0; +http://www.bing.com/bingbot.htm)"
207.46.13.187 - - [25/Dec/2015:09:23:08 +0100] "GET /robots.txt HTTP/1.1" 404 1256 "-" "Mozilla/5.0 (compatible; bingbot/2.0; +http://www.bing.com/bingbot.htm)"
207.46.13.187 - - [25/Dec/2015:09:23:13 +0100] "GET /?impressum,15 HTTP/1.1" 200 5152 "-" "Mozilla/5.0 (compatible; bingbot/2.0; +http://www.bing.com/bingbot.htm)"
157.55.39.217 - - [25/Dec/2015:09:29:14 +0100] "GET /robots.txt HTTP/1.1" 404 1256 "-" "Mozilla/5.0 (compatible; bingbot/2.0; +http://www.bing.com/bingbot.htm)"
157.55.39.217 - - [25/Dec/2015:09:29:20 +0100] "GET /?disclaimer,14 HTTP/1.1" 200 7677 "-" "Mozilla/5.0 (compatible; bingbot/2.0; +http://www.bing.com/bingbot.htm)"
157.55.39.217 - - [25/Dec/2015:09:29:21 +0100] "GET /?unternehmen,35 HTTP/1.1" 200 5693 "-" "Mozilla/5.0 (compatible; bingbot/2.0; +http://www.bing.com/bingbot.htm)"
66.249.66.177 - - [25/Dec/2015:10:14:58 +0100] "GET /?kontakt,8 HTTP/1.1" 200 4607 "-" "Mozilla/5.0 (compatible; Googlebot/2.1; +http://www.google.com/bot.html)"
88.198.1.77 - - [25/Dec/2015:16:13:21 +0100] "GET / HTTP/1.1" 200 6789 "-" "Mozilla/5.0 (X11; Linux x86_64) AppleWebKit/534.34 (KHTML, like Gecko) Qt/4.8.2 Safari/534.34"
88.198.1.77 - - [25/Dec/2015:16:13:21 +0100] "GET /core/common.js HTTP/1.1" 200 2364 "http://www.quartier-bb.de/" "Mozilla/5.0 (X11; Linux x86_64) AppleWebKit/534.34 (KHTML, like Gecko) Qt/4.8.2 Safari/534.34"
88.198.1.77 - - [25/Dec/2015:16:13:21 +0100] "GET /core/prototype.lite.js HTTP/1.1" 200 3335 "http://www.quartier-bb.de/" "Mozilla/5.0 (X11; Linux x86_64) AppleWebKit/534.34 (KHTML, like Gecko) Qt/4.8.2 Safari/534.34"
88.198.1.77 - - [25/Dec/2015:16:13:21 +0100] "GET /core/litebox-1.0.js HTTP/1.1" 200 15581 "http://www.quartier-bb.de/" "Mozilla/5.0 (X11; Linux x86_64) AppleWebKit/534.34 (KHTML, like Gecko) Qt/4.8.2 Safari/534.34"
88.198.1.77 - - [25/Dec/2015:16:13:21 +0100] "GET /core/moo.fx.js HTTP/1.1" 200 3267 "http://www.quartier-bb.de/" "Mozilla/5.0 (X11; Linux x86_64) AppleWebKit/534.34 (KHTML, like Gecko) Qt/4.8.2 Safari/534.34"
88.198.1.77 - - [25/Dec/2015:16:13:21 +0100] "GET /core/plugins.js HTTP/1.1" 200 28 "http://www.quartier-bb.de/" "Mozilla/5.0 (X11; Linux x86_64) AppleWebKit/534.34 (KHTML, like Gecko) Qt/4.8.2 Safari/534.34"
88.198.1.77 - - [25/Dec/2015:16:13:21 +0100] "GET /templates/default.css HTTP/1.1" 200 7156 "http://www.quartier-bb.de/" "Mozilla/5.0 (X11; Linux x86_64) AppleWebKit/534.34 (KHTML, like Gecko) Qt/4.8.2 Safari/534.34"
88.198.1.77 - - [25/Dec/2015:16:13:21 +0100] "GET /templates/plugins.css HTTP/1.1" 200 1931 "http://www.quartier-bb.de/" "Mozilla/5.0 (X11; Linux x86_64) AppleWebKit/534.34 (KHTML, like Gecko) Qt/4.8.2 Safari/534.34"
88.198.1.77 - - [25/Dec/2015:16:13:21 +0100] "GET /templates/img/logo.gif HTTP/1.1" 200 3859 "http://www.quartier-bb.de/" "Mozilla/5.0 (X11; Linux x86_64) AppleWebKit/534.34 (KHTML, like Gecko) Qt/4.8.2 Safari/534.34"
88.198.1.77 - - [25/Dec/2015:16:13:21 +0100] "GET /files/top_left_basic.gif HTTP/1.1" 200 261 "http://www.quartier-bb.de/" "Mozilla/5.0 (X11; Linux x86_64) AppleWebKit/534.34 (KHTML, like Gecko) Qt/4.8.2 Safari/534.34"
88.198.1.77 - - [25/Dec/2015:16:13:21 +0100] "GET /templates/img/points.gif HTTP/1.1" 200 62 "http://www.quartier-bb.de/" "Mozilla/5.0 (X11; Linux x86_64) AppleWebKit/534.34 (KHTML, like Gecko) Qt/4.8.2 Safari/534.34"
88.198.1.77 - - [25/Dec/2015:16:13:21 +0100] "GET /templates/img/circle.png HTTP/1.1" 200 194 "http://www.quartier-bb.de/" "Mozilla/5.0 (X11; Linux x86_64) AppleWebKit/534.34 (KHTML, like Gecko) Qt/4.8.2 Safari/534.34"
88.198.1.77 - - [25/Dec/2015:16:13:21 +0100] "GET /templates/img/nav.gif HTTP/1.1" 200 1501 "http://www.quartier-bb.de/" "Mozilla/5.0 (X11; Linux x86_64) AppleWebKit/534.34 (KHTML, like Gecko) Qt/4.8.2 Safari/534.34"
88.198.1.77 - - [25/Dec/2015:16:13:21 +0100] "GET /templates/img/bg.jpg HTTP/1.1" 200 18814 "http://www.quartier-bb.de/" "Mozilla/5.0 (X11; Linux x86_64) AppleWebKit/534.34 (KHTML, like Gecko) Qt/4.8.2 Safari/534.34"
88.198.1.77 - - [25/Dec/2015:16:13:21 +0100] "GET /templates/img/two-columns.gif HTTP/1.1" 200 65 "http://www.quartier-bb.de/" "Mozilla/5.0 (X11; Linux x86_64) AppleWebKit/534.34 (KHTML, like Gecko) Qt/4.8.2 Safari/534.34"
88.198.1.77 - - [25/Dec/2015:16:13:21 +0100] "GET /templates/img/header.png HTTP/1.1" 200 134243 "http://www.quartier-bb.de/" "Mozilla/5.0 (X11; Linux x86_64) AppleWebKit/534.34 (KHTML, like Gecko) Qt/4.8.2 Safari/534.34"
88.198.1.77 - - [25/Dec/2015:16:13:21 +0100] "GET /templates/img/closelabel.gif HTTP/1.1" 200 649 "http://www.quartier-bb.de/" "Mozilla/5.0 (X11; Linux x86_64) AppleWebKit/534.34 (KHTML, like Gecko) Qt/4.8.2 Safari/534.34"
88.198.1.77 - - [25/Dec/2015:16:13:21 +0100] "GET /templates/img/loading.gif HTTP/1.1" 200 2767 "http://www.quartier-bb.de/" "Mozilla/5.0 (X11; Linux x86_64) AppleWebKit/534.34 (KHTML, like Gecko) Qt/4.8.2 Safari/534.34"
66.249.66.185 - - [25/Dec/2015:18:25:00 +0100] "GET /?kontakt,8 HTTP/1.1" 200 4607 "-" "Mozilla/5.0 (compatible; Googlebot/2.1; +http://www.google.com/bot.html)"
144.76.63.77 - - [25/Dec/2015:19:30:58 +0100] "GET /robots.txt HTTP/1.0" 404 1256 "-" "http://pressemitteilung.ws"
144.76.63.77 - - [25/Dec/2015:19:30:58 +0100] "GET / HTTP/1.0" 200 6789 "-" "http://pressemitteilung.ws"
144.76.63.77 - - [25/Dec/2015:20:12:45 +0100] "GET /?home,1 HTTP/1.0" 200 6789 "-" "http://pressemitteilung.ws"
144.76.63.77 - - [25/Dec/2015:20:14:20 +0100] "GET /?unternehmen,35 HTTP/1.0" 200 5693 "-" "http://pressemitteilung.ws"
144.76.63.77 - - [25/Dec/2015:20:48:01 +0100] "GET /?kontakt,8 HTTP/1.0" 200 4607 "-" "http://pressemitteilung.ws"
144.76.63.77 - - [25/Dec/2015:21:22:51 +0100] "GET /favicon.ico HTTP/1.0" 200 2602 "-" "http://pressemitteilung.ws"
207.46.13.95 - - [25/Dec/2015:21:46:42 +0100] "GET /robots.txt HTTP/1.1" 404 1256 "-" "Mozilla/5.0 (compatible; bingbot/2.0; +http://www.bing.com/bingbot.htm)"
207.46.13.95 - - [25/Dec/2015:21:52:36 +0100] "GET / HTTP/1.1" 200 6789 "-" "Mozilla/5.0 (compatible; bingbot/2.0; +http://www.bing.com/bingbot.htm)"
144.76.63.77 - - [25/Dec/2015:21:55:46 +0100] "GET /?formular,41 HTTP/1.0" 302 - "-" "http://pressemitteilung.ws"
144.76.63.77 - - [25/Dec/2015:22:09:58 +0100] "GET /?impressum,15 HTTP/1.0" 200 5152 "-" "http://pressemitteilung.ws"
68.180.229.159 - - [25/Dec/2015:22:11:59 +0100] "GET /robots.txt HTTP/1.1" 404 1256 "-" "Mozilla/5.0 (compatible; Yahoo! Slurp; http://help.yahoo.com/help/us/ysearch/slurp)"
68.180.229.159 - - [25/Dec/2015:22:12:00 +0100] "GET /?leistung,40 HTTP/1.1" 200 7044 "-" "Mozilla/5.0 (compatible; Yahoo! Slurp; http://help.yahoo.com/help/us/ysearch/slurp)"
207.46.13.95 - - [25/Dec/2015:22:13:00 +0100] "GET /robots.txt HTTP/1.1" 404 1256 "-" "Mozilla/5.0 (compatible; bingbot/2.0; +http://www.bing.com/bingbot.htm)"
207.46.13.95 - - [25/Dec/2015:22:13:06 +0100] "GET /?home,1 HTTP/1.1" 200 6789 "-" "Mozilla/5.0 (compatible; bingbot/2.0; +http://www.bing.com/bingbot.htm)"
144.76.63.77 - - [25/Dec/2015:22:45:54 +0100] "GET /?leistung,40 HTTP/1.0" 200 7044 "-" "http://pressemitteilung.ws"
207.46.13.95 - - [25/Dec/2015:22:56:45 +0100] "GET /robots.txt HTTP/1.1" 404 1256 "-" "Mozilla/5.0 (compatible; bingbot/2.0; +http://www.bing.com/bingbot.htm)"
207.46.13.95 - - [25/Dec/2015:22:56:53 +0100] "GET / HTTP/1.1" 200 6789 "-" "Mozilla/5.0 (iPhone; CPU iPhone OS 7_0 like Mac OS X) AppleWebKit/537.51.1 (KHTML, like Gecko) Version/7.0 Mobile/11A465 Safari/9537.53 (compatible; bingbot/2.0; http://www.bing.com/bingbot.htm)"
144.76.63.77 - - [25/Dec/2015:23:01:41 +0100] "GET /?disclaimer,14 HTTP/1.0" 200 7677 "-" "http://pressemitteilung.ws"
157.55.39.76 - - [25/Dec/2015:23:27:56 +0100] "GET /robots.txt HTTP/1.1" 404 1256 "-" "Mozilla/5.0 (compatible; bingbot/2.0; +http://www.bing.com/bingbot.htm)"
157.55.39.76 - - [25/Dec/2015:23:28:27 +0100] "GET /core/litebox-1.0.js HTTP/1.1" 200 15581 "-" "Mozilla/5.0 (iPhone; CPU iPhone OS 7_0 like Mac OS X) AppleWebKit/537.51.1 (KHTML, like Gecko) Version/7.0 Mobile/11A465 Safari/9537.53 (compatible; bingbot/2.0; +http://www.bing.com/bingbot.htm)"
157.55.39.76 - - [25/Dec/2015:23:28:27 +0100] "GET /core/prototype.lite.js HTTP/1.1" 200 3335 "-" "Mozilla/5.0 (iPhone; CPU iPhone OS 7_0 like Mac OS X) AppleWebKit/537.51.1 (KHTML, like Gecko) Version/7.0 Mobile/11A465 Safari/9537.53 (compatible; bingbot/2.0; +http://www.bing.com/bingbot.htm)"
157.55.39.224 - - [25/Dec/2015:23:28:29 +0100] "GET /robots.txt HTTP/1.1" 404 1256 "-" "Mozilla/5.0 (compatible; bingbot/2.0; +http://www.bing.com/bingbot.htm)"
157.55.39.217 - - [25/Dec/2015:23:28:35 +0100] "GET /core/common.js HTTP/1.1" 200 2364 "-" "Mozilla/5.0 (iPhone; CPU iPhone OS 7_0 like Mac OS X) AppleWebKit/537.51.1 (KHTML, like Gecko) Version/7.0 Mobile/11A465 Safari/9537.53 (compatible; bingbot/2.0; +http://www.bing.com/bingbot.htm)"
65.55.210.28 - - [25/Dec/2015:23:58:02 +0100] "GET /core/plugins.js HTTP/1.1" 200 28 "http://www.quartier-bb.de/" "Mozilla/5.0 (iPhone; CPU iPhone OS 7_0 like Mac OS X) AppleWebKit/537.51.1 (KHTML, like Gecko) Version/7.0 Mobile/11A465 Safari/9537.53 BingPreview/1.0b"
65.55.210.28 - - [25/Dec/2015:23:58:02 +0100] "GET /core/moo.fx.js HTTP/1.1" 200 3267 "http://www.quartier-bb.de/" "Mozilla/5.0 (iPhone; CPU iPhone OS 7_0 like Mac OS X) AppleWebKit/537.51.1 (KHTML, like Gecko) Version/7.0 Mobile/11A465 Safari/9537.53 BingPreview/1.0b"
65.55.210.28 - - [25/Dec/2015:23:58:03 +0100] "GET /templates/default.css HTTP/1.1" 200 7156 "http://www.quartier-bb.de/" "Mozilla/5.0 (iPhone; CPU iPhone OS 7_0 like Mac OS X) AppleWebKit/537.51.1 (KHTML, like Gecko) Version/7.0 Mobile/11A465 Safari/9537.53 BingPreview/1.0b"
65.55.210.28 - - [25/Dec/2015:23:58:03 +0100] "GET /templates/plugins.css HTTP/1.1" 200 1931 "http://www.quartier-bb.de/" "Mozilla/5.0 (iPhone; CPU iPhone OS 7_0 like Mac OS X) AppleWebKit/537.51.1 (KHTML, like Gecko) Version/7.0 Mobile/11A465 Safari/9537.53 BingPreview/1.0b"
207.46.13.95 - - [26/Dec/2015:05:03:32 +0100] "GET /robots.txt HTTP/1.1" 404 1256 "-" "Mozilla/5.0 (compatible; bingbot/2.0; +http://www.bing.com/bingbot.htm)"
207.46.13.95 - - [26/Dec/2015:05:03:45 +0100] "GET / HTTP/1.1" 200 6789 "-" "Mozilla/5.0 (compatible; bingbot/2.0; +http://www.bing.com/bingbot.htm)"
66.249.66.185 - - [26/Dec/2015:07:34:46 +0100] "GET /robots.txt HTTP/1.1" 404 1256 "-" "Mozilla/5.0 (compatible; Googlebot/2.1; +http://www.google.com/bot.html)"
66.249.66.181 - - [26/Dec/2015:07:34:46 +0100] "GET / HTTP/1.1" 200 6789 "-" "Mozilla/5.0 (compatible; Googlebot/2.1; +http://www.google.com/bot.html)"
66.249.66.185 - - [26/Dec/2015:07:35:43 +0100] "GET /templates/default.css HTTP/1.1" 200 7156 "-" "Mozilla/5.0 (compatible; Googlebot/2.1; +http://www.google.com/bot.html)"
66.249.66.177 - - [26/Dec/2015:07:35:43 +0100] "GET /templates/plugins.css HTTP/1.1" 200 1931 "-" "Mozilla/5.0 (compatible; Googlebot/2.1; +http://www.google.com/bot.html)"
66.249.66.177 - - [26/Dec/2015:08:38:44 +0100] "GET /?formular,41 HTTP/1.1" 302 - "-" "Mozilla/5.0 (compatible; Googlebot/2.1; +http://www.google.com/bot.html)"
66.249.66.185 - - [26/Dec/2015:08:44:53 +0100] "GET / HTTP/1.1" 200 6789 "-" "Mozilla/5.0 (compatible; Googlebot/2.1; +http://www.google.com/bot.html)"
66.249.66.185 - - [26/Dec/2015:10:07:24 +0100] "GET / HTTP/1.1" 200 6789 "-" "Mozilla/5.0 (iPhone; CPU iPhone OS 8_3 like Mac OS X) AppleWebKit/600.1.4 (KHTML, like Gecko) Version/8.0 Mobile/12F70 Safari/600.1.4 (compatible; Googlebot/2.1; +http://www.google.com/bot.html)"
178.63.13.15 - - [26/Dec/2015:10:41:08 +0100] "GET /robots.txt HTTP/1.0" 404 1256 "-" "Mozilla/5.0 (compatible; MJ12bot/v1.4.5; http://www.majestic12.co.uk/bot.php?+)"
178.63.13.15 - - [26/Dec/2015:10:41:11 +0100] "GET /?disclaimer,14 HTTP/1.0" 200 7677 "-" "Mozilla/5.0 (compatible; MJ12bot/v1.4.5; http://www.majestic12.co.uk/bot.php?+)"
136.243.5.215 - - [26/Dec/2015:12:53:13 +0100] "GET /robots.txt HTTP/1.0" 404 1256 "-" "Mozilla/5.0 (compatible; MJ12bot/v1.4.5; http://www.majestic12.co.uk/bot.php?+)"
136.243.5.215 - - [26/Dec/2015:12:53:15 +0100] "GET / HTTP/1.0" 200 6789 "-" "Mozilla/5.0 (compatible; MJ12bot/v1.4.5; http://www.majestic12.co.uk/bot.php?+)"
46.4.116.197 - - [26/Dec/2015:14:32:34 +0100] "GET /robots.txt HTTP/1.0" 404 1256 "-" "Mozilla/5.0 (compatible; MJ12bot/v1.4.5; http://www.majestic12.co.uk/bot.php?+)"
46.4.116.197 - - [26/Dec/2015:14:32:35 +0100] "GET /?formular,41 HTTP/1.0" 302 - "-" "Mozilla/5.0 (compatible; MJ12bot/v1.4.5; http://www.majestic12.co.uk/bot.php?+)"
46.4.116.197 - - [26/Dec/2015:14:34:04 +0100] "GET /?home,1 HTTP/1.0" 200 6789 "-" "Mozilla/5.0 (compatible; MJ12bot/v1.4.5; http://www.majestic12.co.uk/bot.php?+)"
46.4.116.197 - - [26/Dec/2015:14:34:08 +0100] "GET /?impressum,15 HTTP/1.0" 200 5152 "-" "Mozilla/5.0 (compatible; MJ12bot/v1.4.5; http://www.majestic12.co.uk/bot.php?+)"
66.249.66.177 - - [26/Dec/2015:14:53:58 +0100] "GET / HTTP/1.1" 200 6789 "-" "Mozilla/5.0 (compatible; Googlebot/2.1; +http://www.google.com/bot.html)"
207.46.13.95 - - [26/Dec/2015:22:28:37 +0100] "GET /robots.txt HTTP/1.1" 404 1256 "-" "Mozilla/5.0 (compatible; bingbot/2.0; +http://www.bing.com/bingbot.htm)"
207.46.13.95 - - [26/Dec/2015:22:28:48 +0100] "GET /?leistung,40 HTTP/1.1" 200 7044 "-" "Mozilla/5.0 (compatible; bingbot/2.0; +http://www.bing.com/bingbot.htm)"
66.249.66.185 - - [27/Dec/2015:02:46:28 +0100] "GET /robots.txt HTTP/1.1" 404 1256 "-" "Mozilla/5.0 (compatible; Googlebot/2.1; +http://www.google.com/bot.html)"
66.249.66.177 - - [27/Dec/2015:02:46:29 +0100] "GET / HTTP/1.1" 200 6789 "-" "Mozilla/5.0 (compatible; Googlebot/2.1; +http://www.google.com/bot.html)"
207.46.13.95 - - [27/Dec/2015:04:20:01 +0100] "GET /robots.txt HTTP/1.1" 404 1256 "-" "Mozilla/5.0 (compatible; bingbot/2.0; +http://www.bing.com/bingbot.htm)"
