66.249.66.144 - - [11/Jul/2017:11:13:00 +0200] "GET / HTTP/1.1" 200 3274 "-" "Mozilla/5.0 (Linux; Android 6.0.1; Nexus 5X Build/MMB29P) AppleWebKit/537.36 (KHTML, like Gecko) Chrome/41.0.2272.96 Mobile Safari/537.36 (compatible; Googlebot/2.1; +http://www.google.com/bot.html)"
66.249.66.142 - - [11/Jul/2017:11:28:08 +0200] "GET / HTTP/1.1" 200 3274 "-" "Mozilla/5.0 (compatible; Googlebot/2.1; +http://www.google.com/bot.html)"
144.76.18.125 - - [11/Jul/2017:12:55:26 +0200] "GET / HTTP/1.1" 200 3274 "-" "Mozilla/5.0 (Macintosh; Intel Mac OS X 10_10_1) AppleWebKit/537.36 (KHTML, like Gecko) Chrome/41.0.2227.1 Safari/537.36"
66.249.66.142 - - [11/Jul/2017:14:42:15 +0200] "GET / HTTP/1.1" 200 3274 "-" "Mozilla/5.0 (Linux; Android 6.0.1; Nexus 5X Build/MMB29P) AppleWebKit/537.36 (KHTML, like Gecko) Chrome/41.0.2272.96 Mobile Safari/537.36 (compatible; Googlebot/2.1; +http://www.google.com/bot.html)"
62.210.111.33 - - [11/Jul/2017:19:55:33 +0200] "GET /index.html HTTP/1.1" 200 3274 "-" "Apache-HttpClient/4.5.3-SNAPSHOT (Java/1.8.0_131)"
157.55.39.177 - - [11/Jul/2017:21:02:18 +0200] "GET / HTTP/1.1" 200 3274 "-" "Mozilla/5.0 (compatible; bingbot/2.0; +http://www.bing.com/bingbot.htm)"
64.246.161.190 - - [11/Jul/2017:22:36:28 +0200] "GET /robots.txt HTTP/1.0" 404 1256 "-" "Mozilla/5.0 (Windows; U; Windows NT 5.1; en; rv:1.9.0.13) Gecko/2009073022 Firefox/3.5.2 (.NET CLR 3.5.30729) SurveyBot/2.3 (DomainTools)"
64.246.161.190 - - [11/Jul/2017:22:36:28 +0200] "GET / HTTP/1.1" 200 3274 "http://whois.domaintools.com/dialyse-falkensee.de" "Mozilla/5.0 (Windows; U; Windows NT 5.1; en; rv:1.9.0.13) Gecko/2009073022 Firefox/3.5.2 (.NET CLR 3.5.30729) SurveyBot/2.3 (DomainTools)"
180.76.15.16 - - [12/Jul/2017:07:36:47 +0200] "GET /robots.txt HTTP/1.1" 404 1256 "-" "Mozilla/5.0 (Windows NT 5.1; rv:6.0.2) Gecko/20100101 Firefox/6.0.2"
180.76.15.136 - - [12/Jul/2017:07:36:48 +0200] "GET /robots.txt HTTP/1.1" 404 1256 "-" "Mozilla/5.0 (Windows NT 5.1; rv:6.0.2) Gecko/20100101 Firefox/6.0.2"
180.76.15.162 - - [12/Jul/2017:07:39:14 +0200] "GET /js/bootstrap.min.js HTTP/1.1" 200 25764 "-" "Mozilla/5.0 (compatible; Baiduspider/2.0; +http://www.baidu.com/search/spider.html)"
157.55.39.47 - - [12/Jul/2017:08:18:54 +0200] "GET /robots.txt HTTP/1.1" 404 1256 "-" "Mozilla/5.0 (compatible; bingbot/2.0; +http://www.bing.com/bingbot.htm)"
157.55.39.177 - - [12/Jul/2017:08:18:58 +0200] "GET / HTTP/1.1" 200 3274 "-" "Mozilla/5.0 (compatible; bingbot/2.0; +http://www.bing.com/bingbot.htm)"
46.229.170.197 - - [12/Jul/2017:13:44:39 +0200] "GET / HTTP/1.1" 200 3274 "-" "Mozilla/5.0 (X11; Linux x86_64) AppleWebKit/537.36 (KHTML, like Gecko) Chrome/57.0.2987.133 Safari/537.36"
109.45.0.145 - - [12/Jul/2017:15:11:56 +0200] "GET /css/bootstrap-responsive.min.css HTTP/1.1" 200 16520 "http://www.dialyse-falkensee.de/" "Mozilla/5.0 (iPhone; CPU iPhone OS 10_2_1 like Mac OS X) AppleWebKit/602.4.6 (KHTML, like Gecko) Version/10.0 Mobile/14D27 Safari/602.1"
109.45.0.145 - - [12/Jul/2017:15:11:56 +0200] "GET /js/bootstrap.min.js HTTP/1.1" 200 25764 "http://www.dialyse-falkensee.de/" "Mozilla/5.0 (iPhone; CPU iPhone OS 10_2_1 like Mac OS X) AppleWebKit/602.4.6 (KHTML, like Gecko) Version/10.0 Mobile/14D27 Safari/602.1"
109.45.0.145 - - [12/Jul/2017:15:11:56 +0200] "GET /css/bootstrap.min.css HTTP/1.1" 200 101265 "http://www.dialyse-falkensee.de/" "Mozilla/5.0 (iPhone; CPU iPhone OS 10_2_1 like Mac OS X) AppleWebKit/602.4.6 (KHTML, like Gecko) Version/10.0 Mobile/14D27 Safari/602.1"
180.76.15.146 - - [12/Jul/2017:15:41:46 +0200] "GET / HTTP/1.1" 200 3274 "-" "Mozilla/5.0 (compatible; Baiduspider/2.0; +http://www.baidu.com/search/spider.html)"
77.180.99.188 - - [12/Jul/2017:16:43:31 +0200] "GET / HTTP/1.1" 200 3274 "http://www.google.de/url?sa=t&rct=j&q=&esrc=s&source=web&cd=3&sqi=2&ved=0ahUKEwiH9ZHe-4PVAhXGJMAKHYLMAz8QFgguMAI&url=http%3A%2F%2Fwww.dialyse-falkensee.de%2F&usg=AFQjCNECgXXq-DVOeCPbM1zyqacv9mR2gg" "Mozilla/5.0 (Windows NT 6.1; WOW64; Trident/7.0; rv:11.0) like Gecko"
77.180.99.188 - - [12/Jul/2017:16:43:31 +0200] "GET /css/bootstrap-responsive.min.css HTTP/1.1" 200 16520 "http://www.dialyse-falkensee.de/" "Mozilla/5.0 (Windows NT 6.1; WOW64; Trident/7.0; rv:11.0) like Gecko"
77.180.99.188 - - [12/Jul/2017:16:43:31 +0200] "GET /js/bootstrap.min.js HTTP/1.1" 200 25764 "http://www.dialyse-falkensee.de/" "Mozilla/5.0 (Windows NT 6.1; WOW64; Trident/7.0; rv:11.0) like Gecko"
77.180.99.188 - - [12/Jul/2017:16:43:31 +0200] "GET /css/bootstrap.min.css HTTP/1.1" 200 101265 "http://www.dialyse-falkensee.de/" "Mozilla/5.0 (Windows NT 6.1; WOW64; Trident/7.0; rv:11.0) like Gecko"
77.180.99.188 - - [12/Jul/2017:16:43:31 +0200] "GET /img/glyphicons-halflings.png HTTP/1.1" 200 12799 "http://www.dialyse-falkensee.de/" "Mozilla/5.0 (Windows NT 6.1; WOW64; Trident/7.0; rv:11.0) like Gecko"
77.180.99.188 - - [12/Jul/2017:16:43:31 +0200] "GET /ico/favicon.ico HTTP/1.1" 404 1256 "-" "Mozilla/5.0 (Windows NT 6.1; WOW64; Trident/7.0; rv:11.0) like Gecko"
77.180.99.188 - - [12/Jul/2017:16:43:31 +0200] "GET /favicon.ico HTTP/1.1" 404 1256 "-" "Mozilla/5.0 (Windows NT 6.1; WOW64; Trident/7.0; rv:11.0) like Gecko"
157.55.39.177 - - [12/Jul/2017:23:16:10 +0200] "GET / HTTP/1.1" 200 3274 "-" "Mozilla/5.0 (compatible; bingbot/2.0; +http://www.bing.com/bingbot.htm)"
46.229.164.100 - - [13/Jul/2017:00:08:12 +0200] "GET /robots.txt HTTP/1.1" 404 1256 "-" "Mozilla/5.0 (compatible; SemrushBot/1.2~bl; +http://www.semrush.com/bot.html)"
195.202.51.197 - - [13/Jul/2017:07:53:13 +0200] "GET / HTTP/1.1" 200 3274 "http://www.bing.com/search?q=klicks+falkensee&src=IE-TopResult&FORM=IETR02&conversationid=" "Mozilla/5.0 (Windows NT 6.1; WOW64; Trident/7.0; rv:11.0) like Gecko"
195.202.51.197 - - [13/Jul/2017:07:53:13 +0200] "GET /css/bootstrap-responsive.min.css HTTP/1.1" 200 16520 "http://www.dialyse-falkensee.de/" "Mozilla/5.0 (Windows NT 6.1; WOW64; Trident/7.0; rv:11.0) like Gecko"
195.202.51.197 - - [13/Jul/2017:07:53:13 +0200] "GET /js/bootstrap.min.js HTTP/1.1" 200 25764 "http://www.dialyse-falkensee.de/" "Mozilla/5.0 (Windows NT 6.1; WOW64; Trident/7.0; rv:11.0) like Gecko"
195.202.51.197 - - [13/Jul/2017:07:53:13 +0200] "GET /css/bootstrap.min.css HTTP/1.1" 200 101265 "http://www.dialyse-falkensee.de/" "Mozilla/5.0 (Windows NT 6.1; WOW64; Trident/7.0; rv:11.0) like Gecko"
195.202.51.197 - - [13/Jul/2017:07:53:13 +0200] "GET /ico/favicon.ico HTTP/1.1" 404 1256 "-" "Mozilla/5.0 (Windows NT 6.1; WOW64; Trident/7.0; rv:11.0) like Gecko"
195.202.51.197 - - [13/Jul/2017:07:53:13 +0200] "GET /favicon.ico HTTP/1.1" 404 1256 "-" "Mozilla/5.0 (Windows NT 6.1; WOW64; Trident/7.0; rv:11.0) like Gecko"
92.231.160.7 - - [13/Jul/2017:08:57:33 +0200] "GET / HTTP/1.1" 304 - "http://www.blnp.de/index.php?id=51" "Mozilla/5.0 (Windows NT 6.1; WOW64; Trident/7.0; rv:11.0) like Gecko"
92.231.160.7 - - [13/Jul/2017:08:57:33 +0200] "GET /css/bootstrap.min.css HTTP/1.1" 304 - "http://www.dialyse-falkensee.de/" "Mozilla/5.0 (Windows NT 6.1; WOW64; Trident/7.0; rv:11.0) like Gecko"
92.231.160.7 - - [13/Jul/2017:08:57:33 +0200] "GET /css/bootstrap-responsive.min.css HTTP/1.1" 304 - "http://www.dialyse-falkensee.de/" "Mozilla/5.0 (Windows NT 6.1; WOW64; Trident/7.0; rv:11.0) like Gecko"
92.231.160.7 - - [13/Jul/2017:08:57:33 +0200] "GET /js/bootstrap.min.js HTTP/1.1" 304 - "http://www.dialyse-falkensee.de/" "Mozilla/5.0 (Windows NT 6.1; WOW64; Trident/7.0; rv:11.0) like Gecko"
92.231.160.7 - - [13/Jul/2017:08:57:33 +0200] "GET /ico/favicon.ico HTTP/1.1" 404 1256 "-" "Mozilla/5.0 (Windows NT 6.1; WOW64; Trident/7.0; rv:11.0) like Gecko"
92.231.160.7 - - [13/Jul/2017:08:57:33 +0200] "GET /favicon.ico HTTP/1.1" 404 1256 "-" "Mozilla/5.0 (Windows NT 6.1; WOW64; Trident/7.0; rv:11.0) like Gecko"
92.231.160.7 - - [13/Jul/2017:08:59:08 +0200] "GET / HTTP/1.1" 304 - "http://www.blnp.de/index.php?id=51" "Mozilla/5.0 (Windows NT 6.1; WOW64; Trident/7.0; rv:11.0) like Gecko"
92.231.160.7 - - [13/Jul/2017:08:59:08 +0200] "GET /css/bootstrap.min.css HTTP/1.1" 304 - "http://www.dialyse-falkensee.de/" "Mozilla/5.0 (Windows NT 6.1; WOW64; Trident/7.0; rv:11.0) like Gecko"
92.231.160.7 - - [13/Jul/2017:08:59:08 +0200] "GET /css/bootstrap-responsive.min.css HTTP/1.1" 304 - "http://www.dialyse-falkensee.de/" "Mozilla/5.0 (Windows NT 6.1; WOW64; Trident/7.0; rv:11.0) like Gecko"
92.231.160.7 - - [13/Jul/2017:08:59:08 +0200] "GET /js/bootstrap.min.js HTTP/1.1" 304 - "http://www.dialyse-falkensee.de/" "Mozilla/5.0 (Windows NT 6.1; WOW64; Trident/7.0; rv:11.0) like Gecko"
157.55.39.177 - - [13/Jul/2017:11:25:13 +0200] "GET / HTTP/1.1" 200 3274 "-" "Mozilla/5.0 (compatible; bingbot/2.0; +http://www.bing.com/bingbot.htm)"
46.45.181.120 - - [13/Jul/2017:14:34:17 +0200] "GET /wordpress/wp-admin/install.php?language=en_US HTTP/1.1" 404 1256 "-" "Mozilla/5.0 (Macintosh; Intel Mac OS X 10_11_6) AppleWebKit/601.7.7 (KHTML, like Gecko) Version/9.1.2 Safari/601.7.7"
163.172.105.72 - - [13/Jul/2017:22:53:22 +0200] "GET / HTTP/1.0" 200 3274 "-" "Mozilla/5.0 (Windows NT 6.3; WOW64) AppleWebKit/537.36 (KHTML, like Gecko) Chrome/36.0.1985.143 Safari/537.36"
5.196.87.13 - - [13/Jul/2017:23:08:10 +0200] "GET /robots.txt HTTP/1.1" 404 1256 "-" "Mozilla/5.0 (compatible; AhrefsBot/5.2; +http://ahrefs.com/robot/)"
164.132.162.153 - - [13/Jul/2017:23:08:10 +0200] "GET / HTTP/1.1" 200 3274 "-" "Mozilla/5.0 (compatible; AhrefsBot/5.2; +http://ahrefs.com/robot/)"
157.55.39.177 - - [13/Jul/2017:23:10:19 +0200] "GET / HTTP/1.1" 200 3274 "-" "Mozilla/5.0 (compatible; bingbot/2.0; +http://www.bing.com/bingbot.htm)"
213.144.5.182 - - [14/Jul/2017:04:06:50 +0200] "GET / HTTP/1.1" 200 3274 "-" "Mozilla/5.0 (Windows NT 6.1; WOW64) AppleWebKit/537.11 (KHTML, like Gecko) Chrome/23.0.1271.91 Safari/537.11"
213.144.5.182 - - [14/Jul/2017:04:06:50 +0200] "GET / HTTP/1.1" 200 3274 "-" "Mozilla/5.0 (Windows NT 6.1; WOW64) AppleWebKit/537.11 (KHTML, like Gecko) Chrome/23.0.1271.91 Safari/537.11"
213.144.5.182 - - [14/Jul/2017:04:06:50 +0200] "GET / HTTP/1.1" 200 3274 "-" "Mozilla/5.0 (Windows NT 6.1; WOW64) AppleWebKit/537.11 (KHTML, like Gecko) Chrome/23.0.1271.91 Safari/537.11"
213.144.5.182 - - [14/Jul/2017:04:06:50 +0200] "GET / HTTP/1.1" 200 3274 "-" "Mozilla/5.0 (Windows NT 6.1; WOW64) AppleWebKit/537.11 (KHTML, like Gecko) Chrome/23.0.1271.91 Safari/537.11"
213.144.5.182 - - [14/Jul/2017:04:06:50 +0200] "GET / HTTP/1.1" 200 3274 "-" "Mozilla/5.0 (Windows NT 6.1; WOW64) AppleWebKit/537.11 (KHTML, like Gecko) Chrome/23.0.1271.91 Safari/537.11"
213.144.5.182 - - [14/Jul/2017:04:06:50 +0200] "GET / HTTP/1.1" 200 3274 "-" "Mozilla/5.0 (Windows NT 6.1; WOW64) AppleWebKit/537.11 (KHTML, like Gecko) Chrome/23.0.1271.91 Safari/537.11"
213.144.5.182 - - [14/Jul/2017:04:06:50 +0200] "GET / HTTP/1.1" 200 3274 "-" "Mozilla/5.0 (Windows NT 6.1; WOW64) AppleWebKit/537.11 (KHTML, like Gecko) Chrome/23.0.1271.91 Safari/537.11"
213.144.5.182 - - [14/Jul/2017:04:06:51 +0200] "GET / HTTP/1.1" 200 3274 "-" "Mozilla/5.0 (Windows NT 6.1; WOW64) AppleWebKit/537.11 (KHTML, like Gecko) Chrome/23.0.1271.91 Safari/537.11"
46.229.164.100 - - [14/Jul/2017:07:52:55 +0200] "GET /robots.txt HTTP/1.1" 404 1256 "-" "Mozilla/5.0 (compatible; SemrushBot/1.2~bl; +http://www.semrush.com/bot.html)"
104.131.176.123 - - [14/Jul/2017:08:36:11 +0200] "GET /robots.txt HTTP/1.1" 404 1256 "-" "Mozilla/5.0 (compatible; spbot/5.0.3; +http://OpenLinkProfiler.org/bot )"
104.131.176.123 - - [14/Jul/2017:08:36:16 +0200] "GET / HTTP/1.1" 200 3274 "-" "Mozilla/5.0 (compatible; spbot/5.0.3; +http://OpenLinkProfiler.org/bot )"
82.208.160.180 - - [14/Jul/2017:09:40:08 +0200] "GET / HTTP/1.1" 200 3274 "-" "Mozilla/5.0 (compatible& Googlebot/2.1& +http://www.google.com/bot.html)"
157.55.39.24 - - [14/Jul/2017:11:11:26 +0200] "GET /robots.txt HTTP/1.1" 404 1256 "-" "Mozilla/5.0 (compatible; bingbot/2.0; +http://www.bing.com/bingbot.htm)"
157.55.39.120 - - [14/Jul/2017:11:11:31 +0200] "GET / HTTP/1.1" 200 3274 "-" "Mozilla/5.0 (compatible; bingbot/2.0; +http://www.bing.com/bingbot.htm)"
109.45.2.184 - - [14/Jul/2017:11:16:38 +0200] "GET / HTTP/1.1" 200 3274 "https://www.google.de/" "Mozilla/5.0 (iPad; CPU OS 10_3_1 like Mac OS X) AppleWebKit/603.1.30 (KHTML, like Gecko) Version/10.0 Mobile/14E304 Safari/602.1"
109.45.2.184 - - [14/Jul/2017:11:16:39 +0200] "GET /css/bootstrap-responsive.min.css HTTP/1.1" 200 16520 "http://www.dialyse-falkensee.de/" "Mozilla/5.0 (iPad; CPU OS 10_3_1 like Mac OS X) AppleWebKit/603.1.30 (KHTML, like Gecko) Version/10.0 Mobile/14E304 Safari/602.1"
109.45.2.184 - - [14/Jul/2017:11:16:39 +0200] "GET /css/bootstrap.min.css HTTP/1.1" 200 101265 "http://www.dialyse-falkensee.de/" "Mozilla/5.0 (iPad; CPU OS 10_3_1 like Mac OS X) AppleWebKit/603.1.30 (KHTML, like Gecko) Version/10.0 Mobile/14E304 Safari/602.1"
109.45.2.184 - - [14/Jul/2017:11:16:39 +0200] "GET /js/bootstrap.min.js HTTP/1.1" 200 25764 "http://www.dialyse-falkensee.de/" "Mozilla/5.0 (iPad; CPU OS 10_3_1 like Mac OS X) AppleWebKit/603.1.30 (KHTML, like Gecko) Version/10.0 Mobile/14E304 Safari/602.1"
107.21.1.8 - - [14/Jul/2017:14:08:05 +0200] "GET / HTTP/1.1" 200 3274 "http://www.dialyse-falkensee.de/" "Mozilla/5.0 (compatible; DuckDuckGo-Favicons-Bot/1.0; +http://duckduckgo.com)"
107.21.1.8 - - [14/Jul/2017:14:08:05 +0200] "GET /ico/favicon.ico HTTP/1.1" 404 1256 "http://www.dialyse-falkensee.de/ico/favicon.ico" "Mozilla/5.0 (compatible; DuckDuckGo-Favicons-Bot/1.0; +http://duckduckgo.com)"
107.21.1.8 - - [14/Jul/2017:14:08:05 +0200] "GET /favicon.ico HTTP/1.1" 404 1256 "http://www.dialyse-falkensee.de/favicon.ico" "Mozilla/5.0 (compatible; DuckDuckGo-Favicons-Bot/1.0; +http://duckduckgo.com)"
85.25.202.18 - - [14/Jul/2017:19:31:57 +0200] "GET / HTTP/1.1" 200 3274 "http://www.sumaja.de/?such_wert=dialyse" "T-Online Browser"
94.134.40.20 - - [14/Jul/2017:21:29:30 +0200] "GET / HTTP/1.1" 200 3274 "https://www.google.de/" "Mozilla/5.0 (Windows NT 10.0; Win64; x64) AppleWebKit/537.36 (KHTML, like Gecko) Chrome/59.0.3071.115 Safari/537.36"
94.134.40.20 - - [14/Jul/2017:21:29:30 +0200] "GET /css/bootstrap-responsive.min.css HTTP/1.1" 200 16520 "http://www.dialyse-falkensee.de/" "Mozilla/5.0 (Windows NT 10.0; Win64; x64) AppleWebKit/537.36 (KHTML, like Gecko) Chrome/59.0.3071.115 Safari/537.36"
94.134.40.20 - - [14/Jul/2017:21:29:30 +0200] "GET /js/bootstrap.min.js HTTP/1.1" 200 25764 "http://www.dialyse-falkensee.de/" "Mozilla/5.0 (Windows NT 10.0; Win64; x64) AppleWebKit/537.36 (KHTML, like Gecko) Chrome/59.0.3071.115 Safari/537.36"
94.134.40.20 - - [14/Jul/2017:21:29:30 +0200] "GET /css/bootstrap.min.css HTTP/1.1" 200 101265 "http://www.dialyse-falkensee.de/" "Mozilla/5.0 (Windows NT 10.0; Win64; x64) AppleWebKit/537.36 (KHTML, like Gecko) Chrome/59.0.3071.115 Safari/537.36"
94.134.40.20 - - [14/Jul/2017:21:29:30 +0200] "GET /ico/favicon.ico HTTP/1.1" 404 1256 "http://www.dialyse-falkensee.de/" "Mozilla/5.0 (Windows NT 10.0; Win64; x64) AppleWebKit/537.36 (KHTML, like Gecko) Chrome/59.0.3071.115 Safari/537.36"
157.55.39.120 - - [15/Jul/2017:00:11:20 +0200] "GET / HTTP/1.1" 200 3274 "-" "Mozilla/5.0 (compatible; bingbot/2.0; +http://www.bing.com/bingbot.htm)"
157.55.39.120 - - [15/Jul/2017:03:18:32 +0200] "GET / HTTP/1.1" 200 3274 "-" "Mozilla/5.0 (compatible; bingbot/2.0; +http://www.bing.com/bingbot.htm)"
157.55.12.79 - - [15/Jul/2017:03:18:33 +0200] "GET /css/bootstrap-responsive.min.css HTTP/1.1" 200 16520 "http://www.dialyse-falkensee.de/" "Mozilla/5.0 (Windows NT 6.1; WOW64) AppleWebKit/534+ (KHTML, like Gecko) BingPreview/1.0b"
157.55.12.79 - - [15/Jul/2017:03:18:33 +0200] "GET /css/bootstrap.min.css HTTP/1.1" 200 101265 "http://www.dialyse-falkensee.de/" "Mozilla/5.0 (Windows NT 6.1; WOW64) AppleWebKit/534+ (KHTML, like Gecko) BingPreview/1.0b"
157.55.12.79 - - [15/Jul/2017:03:18:35 +0200] "GET /js/bootstrap.min.js HTTP/1.1" 200 25764 "http://www.dialyse-falkensee.de/" "Mozilla/5.0 (Windows NT 6.1; WOW64) AppleWebKit/534+ (KHTML, like Gecko) BingPreview/1.0b"
40.77.167.91 - - [15/Jul/2017:03:18:37 +0200] "GET /robots.txt HTTP/1.1" 404 1256 "-" "Mozilla/5.0 (compatible; bingbot/2.0; +http://www.bing.com/bingbot.htm)"
40.77.167.91 - - [15/Jul/2017:03:18:38 +0200] "GET /robots.txt HTTP/1.1" 404 1256 "-" "Mozilla/5.0 (compatible; bingbot/2.0; +http://www.bing.com/bingbot.htm)"
108.59.8.70 - - [15/Jul/2017:03:47:44 +0200] "GET /robots.txt HTTP/1.1" 404 1256 "-" "Mozilla/5.0 (compatible; MJ12bot/v1.4.8; http://mj12bot.com/)"
108.59.8.70 - - [15/Jul/2017:03:47:45 +0200] "GET / HTTP/1.1" 200 3274 "-" "Mozilla/5.0 (compatible; MJ12bot/v1.4.8; http://mj12bot.com/)"
194.173.174.106 - - [15/Jul/2017:03:49:05 +0200] "HEAD / HTTP/1.1" 200 - "-" "Mozilla/5.0 (Windows NT 6.3; WOW64) AppleWebKit/537.36 (KHTML, like Gecko) Chrome/43.0.2357.134 Safari/537.36"
150.70.173.10 - - [15/Jul/2017:03:51:26 +0200] "GET / HTTP/1.1" 200 3274 "-" "Mozilla/4.0 (compatible; MSIE 8.0; Windows NT 5.1; Trident/4.0)"
66.249.75.17 - - [15/Jul/2017:04:42:35 +0200] "GET /robots.txt HTTP/1.1" 404 1256 "-" "Mozilla/5.0 (compatible; Googlebot/2.1; +http://www.google.com/bot.html)"
66.249.75.16 - - [15/Jul/2017:04:42:35 +0200] "GET / HTTP/1.1" 200 3274 "-" "Mozilla/5.0 (compatible; Googlebot/2.1; +http://www.google.com/bot.html)"
66.249.75.15 - - [15/Jul/2017:04:42:38 +0200] "GET /css/bootstrap-responsive.min.css HTTP/1.1" 200 16520 "http://www.dialyse-falkensee.de/" "Mozilla/5.0 (compatible; Googlebot/2.1; +http://www.google.com/bot.html)"
66.249.75.16 - - [15/Jul/2017:04:42:38 +0200] "GET /css/bootstrap.min.css HTTP/1.1" 200 101265 "http://www.dialyse-falkensee.de/" "Mozilla/5.0 (compatible; Googlebot/2.1; +http://www.google.com/bot.html)"
46.229.164.100 - - [15/Jul/2017:08:13:32 +0200] "GET /robots.txt HTTP/1.1" 404 1256 "-" "Mozilla/5.0 (compatible; SemrushBot/1.2~bl; +http://www.semrush.com/bot.html)"
180.76.15.18 - - [15/Jul/2017:09:15:23 +0200] "GET / HTTP/1.1" 200 3274 "-" "Mozilla/5.0 (compatible; Baiduspider/2.0; +http://www.baidu.com/search/spider.html)"
157.55.39.120 - - [15/Jul/2017:12:05:25 +0200] "GET / HTTP/1.1" 200 3274 "-" "Mozilla/5.0 (compatible; bingbot/2.0; +http://www.bing.com/bingbot.htm)"
192.187.109.42 - - [15/Jul/2017:15:55:51 +0200] "GET /robots.txt HTTP/1.1" 404 1256 "-" "Mozilla/5.0 (Windows NT 10.0; WOW64) AppleWebKit/537.36 (KHTML, like Gecko) Chrome/49.0.2623.75 Safari/537.36 OPR/36.0.2130.32"
192.187.109.42 - - [15/Jul/2017:15:55:51 +0200] "GET / HTTP/1.1" 200 3274 "-" "Mozilla/5.0 (Windows NT 10.0; WOW64) AppleWebKit/537.36 (KHTML, like Gecko) Chrome/49.0.2623.75 Safari/537.36 OPR/36.0.2130.32"
192.187.109.42 - - [15/Jul/2017:15:55:52 +0200] "GET /xmlrpc.php?rsd HTTP/1.1" 404 1256 "-" "Mozilla/5.0 (Windows NT 10.0; WOW64) AppleWebKit/537.36 (KHTML, like Gecko) Chrome/49.0.2623.75 Safari/537.36 OPR/36.0.2130.32"
192.187.109.42 - - [15/Jul/2017:15:55:52 +0200] "GET /blog/robots.txt HTTP/1.1" 404 1256 "-" "Mozilla/5.0 (Windows NT 10.0; WOW64) AppleWebKit/537.36 (KHTML, like Gecko) Chrome/49.0.2623.75 Safari/537.36 OPR/36.0.2130.32"
192.187.109.42 - - [15/Jul/2017:15:55:52 +0200] "GET /blog/ HTTP/1.1" 404 1256 "-" "Mozilla/5.0 (Windows NT 10.0; WOW64) AppleWebKit/537.36 (KHTML, like Gecko) Chrome/49.0.2623.75 Safari/537.36 OPR/36.0.2130.32"
192.187.109.42 - - [15/Jul/2017:15:55:52 +0200] "GET /wordpress/ HTTP/1.1" 404 1256 "-" "Mozilla/5.0 (Windows NT 10.0; WOW64) AppleWebKit/537.36 (KHTML, like Gecko) Chrome/49.0.2623.75 Safari/537.36 OPR/36.0.2130.32"
192.187.109.42 - - [15/Jul/2017:15:55:52 +0200] "GET /wp/ HTTP/1.1" 404 1256 "-" "Mozilla/5.0 (Windows NT 10.0; WOW64) AppleWebKit/537.36 (KHTML, like Gecko) Chrome/49.0.2623.75 Safari/537.36 OPR/36.0.2130.32"
192.187.109.42 - - [15/Jul/2017:15:55:53 +0200] "GET /robots.txt HTTP/1.1" 404 1256 "-" "Mozilla/5.0 (Windows NT 10.0; WOW64) AppleWebKit/537.36 (KHTML, like Gecko) Chrome/49.0.2623.75 Safari/537.36 OPR/36.0.2130.32"
192.187.109.42 - - [15/Jul/2017:15:55:53 +0200] "GET /administrator/index.php HTTP/1.1" 404 1256 "-" "Mozilla/5.0 (Windows NT 10.0; WOW64) AppleWebKit/537.36 (KHTML, like Gecko) Chrome/49.0.2623.75 Safari/537.36 OPR/36.0.2130.32"
192.187.109.42 - - [15/Jul/2017:15:55:53 +0200] "GET /blog/robots.txt HTTP/1.1" 404 1256 "-" "Mozilla/5.0 (Windows NT 10.0; WOW64) AppleWebKit/537.36 (KHTML, like Gecko) Chrome/49.0.2623.75 Safari/537.36 OPR/36.0.2130.32"
192.187.109.42 - - [15/Jul/2017:15:55:53 +0200] "GET /blog/administrator/index.php HTTP/1.1" 404 1256 "-" "Mozilla/5.0 (Windows NT 10.0; WOW64) AppleWebKit/537.36 (KHTML, like Gecko) Chrome/49.0.2623.75 Safari/537.36 OPR/36.0.2130.32"
192.187.109.42 - - [15/Jul/2017:15:55:53 +0200] "GET /joomla/robots.txt HTTP/1.1" 404 1256 "-" "Mozilla/5.0 (Windows NT 10.0; WOW64) AppleWebKit/537.36 (KHTML, like Gecko) Chrome/49.0.2623.75 Safari/537.36 OPR/36.0.2130.32"
192.187.109.42 - - [15/Jul/2017:15:55:54 +0200] "GET /joomla/administrator/index.php HTTP/1.1" 404 1256 "-" "Mozilla/5.0 (Windows NT 10.0; WOW64) AppleWebKit/537.36 (KHTML, like Gecko) Chrome/49.0.2623.75 Safari/537.36 OPR/36.0.2130.32"
66.249.75.17 - - [15/Jul/2017:19:12:07 +0200] "GET /robots.txt HTTP/1.1" 404 1256 "-" "Mozilla/5.0 (compatible; Googlebot/2.1; +http://www.google.com/bot.html)"
66.249.75.17 - - [15/Jul/2017:19:12:07 +0200] "GET /ico/favicon.ico HTTP/1.1" 404 1256 "-" "Googlebot-Image/1.0"
208.90.57.196 - - [15/Jul/2017:23:10:03 +0200] "GET / HTTP/1.1" 200 3274 "-" "Mozilla/5.0 (Windows NT 6.3; WOW64; rv:31.0) Gecko/20100101 Firefox/31.0"
208.90.57.196 - - [15/Jul/2017:23:10:08 +0200] "GET /# HTTP/1.1" 200 3274 "-" "Mozilla/5.0 (Windows NT 6.3; WOW64; rv:31.0) Gecko/20100101 Firefox/31.0"
157.55.39.120 - - [16/Jul/2017:00:51:47 +0200] "GET / HTTP/1.1" 200 3274 "-" "Mozilla/5.0 (compatible; bingbot/2.0; +http://www.bing.com/bingbot.htm)"
180.76.15.28 - - [16/Jul/2017:01:36:10 +0200] "GET / HTTP/1.1" 200 3274 "-" "Mozilla/5.0 (compatible; Baiduspider/2.0; +http://www.baidu.com/search/spider.html)"
66.249.70.8 - - [16/Jul/2017:02:20:09 +0200] "GET / HTTP/1.1" 200 3274 "-" "Mozilla/5.0 (compatible; Googlebot/2.1; +http://www.google.com/bot.html)"
178.255.215.83 - - [16/Jul/2017:02:40:21 +0200] "GET /robots.txt HTTP/1.1" 404 1256 "-" "Mozilla/5.0 (compatible; Exabot/3.0; +http://www.exabot.com/go/robot)"
178.255.215.83 - - [16/Jul/2017:02:40:21 +0200] "GET / HTTP/1.1" 200 3274 "-" "Mozilla/5.0 (compatible; Exabot/3.0; +http://www.exabot.com/go/robot)"
66.249.70.8 - - [16/Jul/2017:04:28:44 +0200] "GET / HTTP/1.1" 200 3274 "-" "Mozilla/5.0 (Linux; Android 6.0.1; Nexus 5X Build/MMB29P) AppleWebKit/537.36 (KHTML, like Gecko) Chrome/41.0.2272.96 Mobile Safari/537.36 (compatible; Googlebot/2.1; +http://www.google.com/bot.html)"
66.249.70.8 - - [16/Jul/2017:05:33:40 +0200] "GET / HTTP/1.1" 200 3274 "-" "Mozilla/5.0 (compatible; Googlebot/2.1; +http://www.google.com/bot.html)"
5.255.251.7 - - [16/Jul/2017:05:47:04 +0200] "GET /robots.txt HTTP/1.1" 404 1256 "-" "Mozilla/5.0 (compatible; YandexBot/3.0; +http://yandex.com/bots)"
5.255.251.7 - - [16/Jul/2017:05:47:08 +0200] "GET /ico/favicon.ico HTTP/1.1" 404 1256 "-" "Mozilla/5.0 (compatible; YandexBot/3.0; +http://yandex.com/bots)"
46.229.164.100 - - [16/Jul/2017:08:14:12 +0200] "GET /robots.txt HTTP/1.1" 404 1256 "-" "Mozilla/5.0 (compatible; SemrushBot/1.2~bl; +http://www.semrush.com/bot.html)"
79.135.230.116 - - [16/Jul/2017:11:59:32 +0200] "GET /wordpress/wp-admin/setup-config.php HTTP/1.1" 404 1256 "-" "libwww-perl/6.05"
157.55.39.24 - - [16/Jul/2017:12:47:19 +0200] "GET /robots.txt HTTP/1.1" 404 1256 "-" "Mozilla/5.0 (compatible; bingbot/2.0; +http://www.bing.com/bingbot.htm)"
157.55.39.120 - - [16/Jul/2017:12:47:24 +0200] "GET / HTTP/1.1" 200 3274 "-" "Mozilla/5.0 (compatible; bingbot/2.0; +http://www.bing.com/bingbot.htm)"
46.165.197.142 - - [16/Jul/2017:14:18:25 +0200] "GET /robots.txt HTTP/1.1" 404 1256 "-" "Mozilla/5.0 (compatible; MJ12bot/v1.4.8; http://mj12bot.com/)"
46.165.197.142 - - [16/Jul/2017:14:18:26 +0200] "GET / HTTP/1.1" 200 3274 "-" "Mozilla/5.0 (compatible; MJ12bot/v1.4.8; http://mj12bot.com/)"
92.214.164.182 - - [16/Jul/2017:14:37:50 +0200] "GET / HTTP/1.1" 200 3274 "https://www.google.de/" "Mozilla/5.0 (iPad; CPU OS 10_3_2 like Mac OS X) AppleWebKit/603.2.4 (KHTML, like Gecko) Version/10.0 Mobile/14F89 Safari/602.1"
92.214.164.182 - - [16/Jul/2017:14:37:50 +0200] "GET /js/bootstrap.min.js HTTP/1.1" 200 25764 "http://www.dialyse-falkensee.de/" "Mozilla/5.0 (iPad; CPU OS 10_3_2 like Mac OS X) AppleWebKit/603.2.4 (KHTML, like Gecko) Version/10.0 Mobile/14F89 Safari/602.1"
92.214.164.182 - - [16/Jul/2017:14:37:50 +0200] "GET /css/bootstrap-responsive.min.css HTTP/1.1" 200 16520 "http://www.dialyse-falkensee.de/" "Mozilla/5.0 (iPad; CPU OS 10_3_2 like Mac OS X) AppleWebKit/603.2.4 (KHTML, like Gecko) Version/10.0 Mobile/14F89 Safari/602.1"
92.214.164.182 - - [16/Jul/2017:14:37:50 +0200] "GET /css/bootstrap.min.css HTTP/1.1" 200 101265 "http://www.dialyse-falkensee.de/" "Mozilla/5.0 (iPad; CPU OS 10_3_2 like Mac OS X) AppleWebKit/603.2.4 (KHTML, like Gecko) Version/10.0 Mobile/14F89 Safari/602.1"
157.55.39.120 - - [17/Jul/2017:01:52:21 +0200] "GET / HTTP/1.1" 200 3274 "-" "Mozilla/5.0 (compatible; bingbot/2.0; +http://www.bing.com/bingbot.htm)"
180.76.15.134 - - [17/Jul/2017:02:59:42 +0200] "GET / HTTP/1.1" 200 3274 "-" "Mozilla/5.0 (compatible; Baiduspider/2.0; +http://www.baidu.com/search/spider.html)"
142.54.161.10 - - [17/Jul/2017:04:09:02 +0200] "GET /blogs/wp-admin/setup-config.php HTTP/1.1" 404 1256 "-" "Mozilla/5.0 (Windows NT 6.1; Trident/7.0; rv:11.0) like Gecko"
142.54.161.10 - - [17/Jul/2017:04:09:02 +0200] "GET /new/wp-admin/setup-config.php HTTP/1.1" 404 1256 "-" "Mozilla/5.0 (Windows NT 6.1; Trident/7.0; rv:11.0) like Gecko"
142.54.161.10 - - [17/Jul/2017:04:09:03 +0200] "GET /beta/wp-admin/setup-config.php HTTP/1.1" 404 1256 "-" "Mozilla/5.0 (Windows NT 6.1; Trident/7.0; rv:11.0) like Gecko"
142.54.161.10 - - [17/Jul/2017:04:09:03 +0200] "GET /news/wp-admin/setup-config.php HTTP/1.1" 404 1256 "-" "Mozilla/5.0 (Windows NT 6.1; Trident/7.0; rv:11.0) like Gecko"
142.54.161.10 - - [17/Jul/2017:04:09:03 +0200] "GET /wp-admin/setup-config.php HTTP/1.1" 404 1256 "-" "Mozilla/5.0 (Windows NT 6.1; Trident/7.0; rv:11.0) like Gecko"
198.27.80.144 - - [17/Jul/2017:04:11:33 +0200] "GET /robots.txt HTTP/1.0" 404 1256 "-" ""
198.27.80.144 - - [17/Jul/2017:04:11:33 +0200] "GET / HTTP/1.1" 206 3274 "-" "Mozilla/5.0 (X11; Linux x86_64) AppleWebKit/534.30 (KHTML, like Gecko) Ubuntu/11.04 Chromium/12.0.742.112 Chrome/12.0.742.112 Safari/534.30"
216.244.66.247 - - [17/Jul/2017:05:06:11 +0200] "GET /robots.txt HTTP/1.1" 404 1256 "-" "Mozilla/5.0 (compatible; DotBot/1.1; http://www.opensiteexplorer.org/dotbot, help@moz.com)"
216.244.66.247 - - [17/Jul/2017:05:36:28 +0200] "GET / HTTP/1.1" 200 3274 "-" "Mozilla/5.0 (compatible; DotBot/1.1; http://www.opensiteexplorer.org/dotbot, help@moz.com)"
46.165.197.142 - - [17/Jul/2017:08:52:17 +0200] "GET /robots.txt HTTP/1.1" 404 1256 "-" "Mozilla/5.0 (compatible; MJ12bot/v1.4.8; http://mj12bot.com/)"
46.165.197.142 - - [17/Jul/2017:08:52:19 +0200] "GET / HTTP/1.1" 200 3274 "-" "Mozilla/5.0 (compatible; MJ12bot/v1.4.8; http://mj12bot.com/)"
91.64.249.58 - - [17/Jul/2017:08:58:34 +0200] "GET / HTTP/1.1" 200 3274 "https://www.google.de/" "Mozilla/5.0 (Windows NT 6.1; WOW64; rv:54.0) Gecko/20100101 Firefox/54.0"
91.64.249.58 - - [17/Jul/2017:08:58:34 +0200] "GET /css/bootstrap-responsive.min.css HTTP/1.1" 200 16520 "http://www.dialyse-falkensee.de/" "Mozilla/5.0 (Windows NT 6.1; WOW64; rv:54.0) Gecko/20100101 Firefox/54.0"
91.64.249.58 - - [17/Jul/2017:08:58:34 +0200] "GET /js/bootstrap.min.js HTTP/1.1" 200 25764 "http://www.dialyse-falkensee.de/" "Mozilla/5.0 (Windows NT 6.1; WOW64; rv:54.0) Gecko/20100101 Firefox/54.0"
91.64.249.58 - - [17/Jul/2017:08:58:34 +0200] "GET /ico/favicon.ico HTTP/1.1" 404 1256 "-" "Mozilla/5.0 (Windows NT 6.1; WOW64; rv:54.0) Gecko/20100101 Firefox/54.0"
91.64.249.58 - - [17/Jul/2017:08:58:34 +0200] "GET /css/bootstrap.min.css HTTP/1.1" 200 101265 "http://www.dialyse-falkensee.de/" "Mozilla/5.0 (Windows NT 6.1; WOW64; rv:54.0) Gecko/20100101 Firefox/54.0"
78.55.161.18 - - [17/Jul/2017:10:09:57 +0200] "GET / HTTP/1.1" 200 3274 "https://www.google.de/" "Mozilla/5.0 (Windows NT 6.1; Win64; x64) AppleWebKit/537.36 (KHTML, like Gecko) Chrome/59.0.3071.115 Safari/537.36"
78.55.161.18 - - [17/Jul/2017:10:09:57 +0200] "GET /css/bootstrap-responsive.min.css HTTP/1.1" 200 16520 "http://www.dialyse-falkensee.de/" "Mozilla/5.0 (Windows NT 6.1; Win64; x64) AppleWebKit/537.36 (KHTML, like Gecko) Chrome/59.0.3071.115 Safari/537.36"
78.55.161.18 - - [17/Jul/2017:10:09:57 +0200] "GET /js/bootstrap.min.js HTTP/1.1" 200 25764 "http://www.dialyse-falkensee.de/" "Mozilla/5.0 (Windows NT 6.1; Win64; x64) AppleWebKit/537.36 (KHTML, like Gecko) Chrome/59.0.3071.115 Safari/537.36"
78.55.161.18 - - [17/Jul/2017:10:09:57 +0200] "GET /css/bootstrap.min.css HTTP/1.1" 200 101265 "http://www.dialyse-falkensee.de/" "Mozilla/5.0 (Windows NT 6.1; Win64; x64) AppleWebKit/537.36 (KHTML, like Gecko) Chrome/59.0.3071.115 Safari/537.36"
78.55.161.18 - - [17/Jul/2017:10:09:58 +0200] "GET /ico/favicon.ico HTTP/1.1" 404 1256 "http://www.dialyse-falkensee.de/" "Mozilla/5.0 (Windows NT 6.1; Win64; x64) AppleWebKit/537.36 (KHTML, like Gecko) Chrome/59.0.3071.115 Safari/537.36"
157.55.39.120 - - [17/Jul/2017:14:02:19 +0200] "GET / HTTP/1.1" 200 3274 "-" "Mozilla/5.0 (compatible; bingbot/2.0; +http://www.bing.com/bingbot.htm)"
62.153.14.173 - - [17/Jul/2017:15:27:03 +0200] "GET / HTTP/1.1" 200 3274 "https://www.google.de/" "Mozilla/5.0 (iPhone; CPU iPhone OS 10_3_2 like Mac OS X) AppleWebKit/603.2.4 (KHTML, like Gecko) Version/10.0 Mobile/14F89 Safari/602.1"
62.153.14.173 - - [17/Jul/2017:15:27:03 +0200] "GET /js/bootstrap.min.js HTTP/1.1" 200 25764 "http://www.dialyse-falkensee.de/" "Mozilla/5.0 (iPhone; CPU iPhone OS 10_3_2 like Mac OS X) AppleWebKit/603.2.4 (KHTML, like Gecko) Version/10.0 Mobile/14F89 Safari/602.1"
62.153.14.173 - - [17/Jul/2017:15:27:03 +0200] "GET /css/bootstrap-responsive.min.css HTTP/1.1" 200 16520 "http://www.dialyse-falkensee.de/" "Mozilla/5.0 (iPhone; CPU iPhone OS 10_3_2 like Mac OS X) AppleWebKit/603.2.4 (KHTML, like Gecko) Version/10.0 Mobile/14F89 Safari/602.1"
62.153.14.173 - - [17/Jul/2017:15:27:03 +0200] "GET /css/bootstrap.min.css HTTP/1.1" 200 101265 "http://www.dialyse-falkensee.de/" "Mozilla/5.0 (iPhone; CPU iPhone OS 10_3_2 like Mac OS X) AppleWebKit/603.2.4 (KHTML, like Gecko) Version/10.0 Mobile/14F89 Safari/602.1"
62.153.14.173 - - [17/Jul/2017:15:27:03 +0200] "GET /img/glyphicons-halflings.png HTTP/1.1" 200 12799 "http://www.dialyse-falkensee.de/" "Mozilla/5.0 (iPhone; CPU iPhone OS 10_3_2 like Mac OS X) AppleWebKit/603.2.4 (KHTML, like Gecko) Version/10.0 Mobile/14F89 Safari/602.1"
62.153.14.173 - - [17/Jul/2017:15:27:39 +0200] "GET / HTTP/1.1" 200 3274 "-" "Mozilla/5.0 (iPhone; CPU iPhone OS 10_3_2 like Mac OS X) AppleWebKit/603.2.4 (KHTML, like Gecko) Version/10.0 Mobile/14F89 Safari/602.1"
192.187.109.42 - - [17/Jul/2017:18:38:47 +0200] "GET /robots.txt HTTP/1.1" 404 1256 "-" "Mozilla/5.0 (Windows NT 10.0; WOW64) AppleWebKit/537.36 (KHTML, like Gecko) Chrome/49.0.2623.75 Safari/537.36 OPR/36.0.2130.32"
192.187.109.42 - - [17/Jul/2017:18:38:47 +0200] "GET / HTTP/1.1" 200 3274 "-" "Mozilla/5.0 (Windows NT 10.0; WOW64) AppleWebKit/537.36 (KHTML, like Gecko) Chrome/49.0.2623.75 Safari/537.36 OPR/36.0.2130.32"
192.187.109.42 - - [17/Jul/2017:18:38:48 +0200] "GET /xmlrpc.php?rsd HTTP/1.1" 404 1256 "-" "Mozilla/5.0 (Windows NT 10.0; WOW64) AppleWebKit/537.36 (KHTML, like Gecko) Chrome/49.0.2623.75 Safari/537.36 OPR/36.0.2130.32"
192.187.109.42 - - [17/Jul/2017:18:38:48 +0200] "GET /blog/robots.txt HTTP/1.1" 404 1256 "-" "Mozilla/5.0 (Windows NT 10.0; WOW64) AppleWebKit/537.36 (KHTML, like Gecko) Chrome/49.0.2623.75 Safari/537.36 OPR/36.0.2130.32"
192.187.109.42 - - [17/Jul/2017:18:38:48 +0200] "GET /blog/ HTTP/1.1" 404 1256 "-" "Mozilla/5.0 (Windows NT 10.0; WOW64) AppleWebKit/537.36 (KHTML, like Gecko) Chrome/49.0.2623.75 Safari/537.36 OPR/36.0.2130.32"
192.187.109.42 - - [17/Jul/2017:18:38:48 +0200] "GET /wordpress/ HTTP/1.1" 404 1256 "-" "Mozilla/5.0 (Windows NT 10.0; WOW64) AppleWebKit/537.36 (KHTML, like Gecko) Chrome/49.0.2623.75 Safari/537.36 OPR/36.0.2130.32"
192.187.109.42 - - [17/Jul/2017:18:38:48 +0200] "GET /wp/ HTTP/1.1" 404 1256 "-" "Mozilla/5.0 (Windows NT 10.0; WOW64) AppleWebKit/537.36 (KHTML, like Gecko) Chrome/49.0.2623.75 Safari/537.36 OPR/36.0.2130.32"
192.187.109.42 - - [17/Jul/2017:18:38:49 +0200] "GET /robots.txt HTTP/1.1" 404 1256 "-" "Mozilla/5.0 (Windows NT 10.0; WOW64) AppleWebKit/537.36 (KHTML, like Gecko) Chrome/49.0.2623.75 Safari/537.36 OPR/36.0.2130.32"
192.187.109.42 - - [17/Jul/2017:18:38:49 +0200] "GET /administrator/index.php HTTP/1.1" 404 1256 "-" "Mozilla/5.0 (Windows NT 10.0; WOW64) AppleWebKit/537.36 (KHTML, like Gecko) Chrome/49.0.2623.75 Safari/537.36 OPR/36.0.2130.32"
192.187.109.42 - - [17/Jul/2017:18:38:49 +0200] "GET /blog/robots.txt HTTP/1.1" 404 1256 "-" "Mozilla/5.0 (Windows NT 10.0; WOW64) AppleWebKit/537.36 (KHTML, like Gecko) Chrome/49.0.2623.75 Safari/537.36 OPR/36.0.2130.32"
192.187.109.42 - - [17/Jul/2017:18:38:49 +0200] "GET /blog/administrator/index.php HTTP/1.1" 404 1256 "-" "Mozilla/5.0 (Windows NT 10.0; WOW64) AppleWebKit/537.36 (KHTML, like Gecko) Chrome/49.0.2623.75 Safari/537.36 OPR/36.0.2130.32"
192.187.109.42 - - [17/Jul/2017:18:38:49 +0200] "GET /joomla/robots.txt HTTP/1.1" 404 1256 "-" "Mozilla/5.0 (Windows NT 10.0; WOW64) AppleWebKit/537.36 (KHTML, like Gecko) Chrome/49.0.2623.75 Safari/537.36 OPR/36.0.2130.32"
192.187.109.42 - - [17/Jul/2017:18:38:49 +0200] "GET /joomla/administrator/index.php HTTP/1.1" 404 1256 "-" "Mozilla/5.0 (Windows NT 10.0; WOW64) AppleWebKit/537.36 (KHTML, like Gecko) Chrome/49.0.2623.75 Safari/537.36 OPR/36.0.2130.32"
46.229.164.100 - - [17/Jul/2017:21:06:56 +0200] "GET /robots.txt HTTP/1.1" 404 1256 "-" "Mozilla/5.0 (compatible; SemrushBot/1.2~bl; +http://www.semrush.com/bot.html)"
5.255.251.7 - - [18/Jul/2017:02:51:04 +0200] "GET /robots.txt HTTP/1.1" 404 1256 "-" "Mozilla/5.0 (compatible; YandexBot/3.0; +http://yandex.com/bots)"
5.255.251.7 - - [18/Jul/2017:02:51:08 +0200] "GET /ico/favicon.ico HTTP/1.1" 404 1256 "-" "Mozilla/5.0 (compatible; YandexBot/3.0; +http://yandex.com/bots)"
157.55.39.120 - - [18/Jul/2017:03:05:16 +0200] "GET / HTTP/1.1" 200 3274 "-" "Mozilla/5.0 (compatible; bingbot/2.0; +http://www.bing.com/bingbot.htm)"
193.175.73.218 - - [18/Jul/2017:09:06:16 +0200] "GET / HTTP/1.1" 200 3274 "http://www.google.de/url?sa=t&rct=j&q=&esrc=s&source=web&cd=7&ved=0ahUKEwi8u56-oJLVAhVJOxoKHbmGCOoQFghIMAY&url=http%3A%2F%2Fwww.dialyse-falkensee.de%2F&usg=AFQjCNECgXXq-DVOeCPbM1zyqacv9mR2gg" "Mozilla/5.0 (Windows NT 6.1; WOW64; Trident/7.0; rv:11.0) like Gecko"
193.175.73.218 - - [18/Jul/2017:09:06:16 +0200] "GET /css/bootstrap-responsive.min.css HTTP/1.1" 200 16520 "http://www.dialyse-falkensee.de/" "Mozilla/5.0 (Windows NT 6.1; WOW64; Trident/7.0; rv:11.0) like Gecko"
193.175.73.218 - - [18/Jul/2017:09:06:16 +0200] "GET /js/bootstrap.min.js HTTP/1.1" 200 25764 "http://www.dialyse-falkensee.de/" "Mozilla/5.0 (Windows NT 6.1; WOW64; Trident/7.0; rv:11.0) like Gecko"
193.175.73.218 - - [18/Jul/2017:09:06:16 +0200] "GET /css/bootstrap.min.css HTTP/1.1" 200 101265 "http://www.dialyse-falkensee.de/" "Mozilla/5.0 (Windows NT 6.1; WOW64; Trident/7.0; rv:11.0) like Gecko"
193.175.73.218 - - [18/Jul/2017:09:06:16 +0200] "GET /ico/favicon.ico HTTP/1.1" 404 1256 "-" "Mozilla/5.0 (Windows NT 6.1; WOW64; Trident/7.0; rv:11.0) like Gecko"
193.175.73.218 - - [18/Jul/2017:09:06:16 +0200] "GET /favicon.ico HTTP/1.1" 404 1256 "-" "Mozilla/5.0 (Windows NT 6.1; WOW64; Trident/7.0; rv:11.0) like Gecko"
203.217.247.13 - - [18/Jul/2017:10:41:18 +0200] "GET / HTTP/1.1" 200 3274 "-" "Mozilla/5.0 (Macintosh; Intel Mac OS X 10_12_5) AppleWebKit/537.36 (KHTML, like Gecko) Chrome/58.0.3029.110 Safari/537.36"
157.55.39.50 - - [18/Jul/2017:15:03:19 +0200] "GET /robots.txt HTTP/1.1" 404 1256 "-" "Mozilla/5.0 (compatible; bingbot/2.0; +http://www.bing.com/bingbot.htm)"
157.55.39.120 - - [18/Jul/2017:15:03:21 +0200] "GET / HTTP/1.1" 200 3274 "-" "Mozilla/5.0 (compatible; bingbot/2.0; +http://www.bing.com/bingbot.htm)"
208.90.57.196 - - [19/Jul/2017:00:07:51 +0200] "GET / HTTP/1.1" 200 3274 "-" "Mozilla/5.0 (Windows NT 6.3; WOW64; rv:31.0) Gecko/20100101 Firefox/31.0"
208.90.57.196 - - [19/Jul/2017:00:07:52 +0200] "GET /# HTTP/1.1" 200 3274 "-" "Mozilla/5.0 (Windows NT 6.3; WOW64; rv:31.0) Gecko/20100101 Firefox/31.0"
5.255.251.18 - - [19/Jul/2017:03:22:49 +0200] "GET /robots.txt HTTP/1.1" 404 1256 "-" "Mozilla/5.0 (compatible; YandexBot/3.0; +http://yandex.com/bots)"
157.55.39.120 - - [19/Jul/2017:04:01:31 +0200] "GET / HTTP/1.1" 200 3274 "-" "Mozilla/5.0 (compatible; bingbot/2.0; +http://www.bing.com/bingbot.htm)"
144.76.223.13 - - [19/Jul/2017:04:23:56 +0200] "GET / HTTP/1.1" 200 3274 "-" "Mozilla/5.0 (Windows; U; Windows NT 6.1; de; rv:1.9.2.12) Gecko/20101026 Firefox/3.6.12"
91.64.237.123 - - [19/Jul/2017:07:26:30 +0200] "GET / HTTP/1.1" 200 3274 "-" "Mozilla/5.0 (Windows NT 6.1; WOW64; rv:54.0) Gecko/20100101 Firefox/54.0"
91.64.237.123 - - [19/Jul/2017:07:26:30 +0200] "GET /js/bootstrap.min.js HTTP/1.1" 200 25764 "http://www.dialyse-falkensee.de/" "Mozilla/5.0 (Windows NT 6.1; WOW64; rv:54.0) Gecko/20100101 Firefox/54.0"
91.64.237.123 - - [19/Jul/2017:07:26:30 +0200] "GET /css/bootstrap-responsive.min.css HTTP/1.1" 200 16520 "http://www.dialyse-falkensee.de/" "Mozilla/5.0 (Windows NT 6.1; WOW64; rv:54.0) Gecko/20100101 Firefox/54.0"
91.64.237.123 - - [19/Jul/2017:07:26:30 +0200] "GET /ico/favicon.ico HTTP/1.1" 404 1256 "-" "Mozilla/5.0 (Windows NT 6.1; WOW64; rv:54.0) Gecko/20100101 Firefox/54.0"
91.64.237.123 - - [19/Jul/2017:07:26:30 +0200] "GET /css/bootstrap.min.css HTTP/1.1" 200 101265 "http://www.dialyse-falkensee.de/" "Mozilla/5.0 (Windows NT 6.1; WOW64; rv:54.0) Gecko/20100101 Firefox/54.0"
79.208.244.172 - - [19/Jul/2017:09:57:10 +0200] "GET / HTTP/1.1" 200 3274 "-" "Mozilla/5.0 (Macintosh; Intel Mac OS X 10_12_5) AppleWebKit/603.2.4 (KHTML, like Gecko) Version/10.1.1 Safari/603.2.4"
79.208.244.172 - - [19/Jul/2017:09:57:10 +0200] "GET /js/bootstrap.min.js HTTP/1.1" 200 25764 "http://www.dialyse-falkensee.de/" "Mozilla/5.0 (Macintosh; Intel Mac OS X 10_12_5) AppleWebKit/603.2.4 (KHTML, like Gecko) Version/10.1.1 Safari/603.2.4"
79.208.244.172 - - [19/Jul/2017:09:57:10 +0200] "GET /css/bootstrap-responsive.min.css HTTP/1.1" 200 16520 "http://www.dialyse-falkensee.de/" "Mozilla/5.0 (Macintosh; Intel Mac OS X 10_12_5) AppleWebKit/603.2.4 (KHTML, like Gecko) Version/10.1.1 Safari/603.2.4"
79.208.244.172 - - [19/Jul/2017:09:57:10 +0200] "GET /css/bootstrap.min.css HTTP/1.1" 200 101265 "http://www.dialyse-falkensee.de/" "Mozilla/5.0 (Macintosh; Intel Mac OS X 10_12_5) AppleWebKit/603.2.4 (KHTML, like Gecko) Version/10.1.1 Safari/603.2.4"
79.208.244.172 - - [19/Jul/2017:09:57:11 +0200] "GET /ico/favicon.ico HTTP/1.1" 404 1256 "http://www.dialyse-falkensee.de/" "Mozilla/5.0 (Macintosh; Intel Mac OS X 10_12_5) AppleWebKit/603.2.4 (KHTML, like Gecko) Version/10.1.1 Safari/603.2.4"
216.244.66.195 - - [19/Jul/2017:12:16:37 +0200] "GET /robots.txt HTTP/1.1" 404 1256 "-" "Mozilla/5.0 (compatible; DotBot/1.1; http://www.opensiteexplorer.org/dotbot, help@moz.com)"
180.76.15.33 - - [19/Jul/2017:12:25:59 +0200] "GET /robots.txt HTTP/1.1" 404 1256 "-" "Mozilla/5.0 (Windows NT 5.1; rv:6.0.2) Gecko/20100101 Firefox/6.0.2"
180.76.15.28 - - [19/Jul/2017:12:26:00 +0200] "GET /robots.txt HTTP/1.1" 404 1256 "-" "Mozilla/5.0 (Windows NT 5.1; rv:6.0.2) Gecko/20100101 Firefox/6.0.2"
180.76.15.151 - - [19/Jul/2017:12:28:33 +0200] "GET / HTTP/1.1" 200 3274 "-" "Mozilla/5.0 (compatible; Baiduspider/2.0; +http://www.baidu.com/search/spider.html)"
216.244.66.195 - - [19/Jul/2017:12:30:25 +0200] "GET /index.html HTTP/1.1" 200 3274 "-" "Mozilla/5.0 (compatible; DotBot/1.1; http://www.opensiteexplorer.org/dotbot, help@moz.com)"
213.23.155.185 - - [19/Jul/2017:13:23:14 +0200] "GET / HTTP/1.1" 200 3274 "https://www.google.de/" "Mozilla/5.0 (Windows NT 6.1; rv:54.0) Gecko/20100101 Firefox/54.0"
213.23.155.185 - - [19/Jul/2017:13:23:14 +0200] "GET /css/bootstrap-responsive.min.css HTTP/1.1" 200 16520 "http://www.dialyse-falkensee.de/" "Mozilla/5.0 (Windows NT 6.1; rv:54.0) Gecko/20100101 Firefox/54.0"
213.23.155.185 - - [19/Jul/2017:13:23:14 +0200] "GET /js/bootstrap.min.js HTTP/1.1" 200 25764 "http://www.dialyse-falkensee.de/" "Mozilla/5.0 (Windows NT 6.1; rv:54.0) Gecko/20100101 Firefox/54.0"
213.23.155.185 - - [19/Jul/2017:13:23:14 +0200] "GET /ico/favicon.ico HTTP/1.1" 404 1256 "-" "Mozilla/5.0 (Windows NT 6.1; rv:54.0) Gecko/20100101 Firefox/54.0"
213.23.155.185 - - [19/Jul/2017:13:23:14 +0200] "GET /css/bootstrap.min.css HTTP/1.1" 200 101265 "http://www.dialyse-falkensee.de/" "Mozilla/5.0 (Windows NT 6.1; rv:54.0) Gecko/20100101 Firefox/54.0"
62.210.245.197 - - [19/Jul/2017:13:23:17 +0200] "GET /up.php HTTP/1.0" 404 1256 "-" "Mozilla/5.0 (Windows NT 6.1) AppleWebKit/537.36 (KHTML, like Gecko) Chrome/41.0.2228.0 Safari/537.36"
62.210.245.197 - - [19/Jul/2017:13:23:17 +0200] "GET /up.php HTTP/1.0" 404 1256 "-" "Mozilla/5.0 (Windows NT 6.1) AppleWebKit/537.36 (KHTML, like Gecko) Chrome/41.0.2228.0 Safari/537.36"
34.209.244.140 - - [19/Jul/2017:15:36:24 +0200] "GET / HTTP/1.1" 200 3274 "-" "Mozilla/5.0 (Macintosh; Intel Mac OS X 10_10_3) AppleWebKit/537.36 (KHTML, like Gecko) Chrome/44.0.2403.89 Safari/537.36"
157.55.39.120 - - [19/Jul/2017:17:57:25 +0200] "GET / HTTP/1.1" 200 3274 "-" "Mozilla/5.0 (compatible; bingbot/2.0; +http://www.bing.com/bingbot.htm)"
138.201.59.34 - - [19/Jul/2017:20:32:03 +0200] "GET /robots.txt HTTP/1.0" 404 1256 "-" "Mozilla/5.0 (compatible; SEOkicks-Robot; +http://www.seokicks.de/robot.html)"
138.201.59.34 - - [19/Jul/2017:20:32:04 +0200] "GET / HTTP/1.0" 200 3274 "-" "Mozilla/5.0 (compatible; SEOkicks-Robot; +http://www.seokicks.de/robot.html)"
138.201.59.34 - - [19/Jul/2017:20:32:06 +0200] "GET /css/bootstrap.min.css HTTP/1.0" 200 101265 "http://www.dialyse-falkensee.de/" "Mozilla/5.0 (compatible; SEOkicks-Robot; +http://www.seokicks.de/robot.html)"
138.201.59.34 - - [19/Jul/2017:20:32:07 +0200] "GET /css/bootstrap-responsive.min.css HTTP/1.0" 200 16520 "http://www.dialyse-falkensee.de/" "Mozilla/5.0 (compatible; SEOkicks-Robot; +http://www.seokicks.de/robot.html)"
138.201.59.34 - - [19/Jul/2017:20:32:08 +0200] "GET /ico/favicon.ico HTTP/1.0" 404 1256 "http://www.dialyse-falkensee.de/" "Mozilla/5.0 (compatible; SEOkicks-Robot; +http://www.seokicks.de/robot.html)"
138.201.59.34 - - [19/Jul/2017:20:32:09 +0200] "GET /js/bootstrap.min.js HTTP/1.0" 200 25764 "http://www.dialyse-falkensee.de/" "Mozilla/5.0 (compatible; SEOkicks-Robot; +http://www.seokicks.de/robot.html)"
46.229.164.100 - - [19/Jul/2017:22:14:24 +0200] "GET /robots.txt HTTP/1.1" 404 1256 "-" "Mozilla/5.0 (compatible; SemrushBot/1.2~bl; +http://www.semrush.com/bot.html)"
66.249.66.30 - - [19/Jul/2017:22:42:20 +0200] "GET /robots.txt HTTP/1.1" 404 1256 "-" "Mozilla/5.0 (compatible; Googlebot/2.1; +http://www.google.com/bot.html)"
66.249.66.30 - - [19/Jul/2017:22:42:20 +0200] "GET / HTTP/1.1" 200 3274 "-" "Mozilla/5.0 (Linux; Android 6.0.1; Nexus 5X Build/MMB29P) AppleWebKit/537.36 (KHTML, like Gecko) Chrome/41.0.2272.96 Mobile Safari/537.36 (compatible; Googlebot/2.1; +http://www.google.com/bot.html)"
66.249.66.31 - - [19/Jul/2017:22:42:22 +0200] "GET /css/bootstrap-responsive.min.css HTTP/1.1" 200 16520 "http://www.dialyse-falkensee.de/" "Mozilla/5.0 (compatible; Googlebot/2.1; +http://www.google.com/bot.html)"
66.249.66.30 - - [19/Jul/2017:22:42:22 +0200] "GET /css/bootstrap.min.css HTTP/1.1" 200 101265 "http://www.dialyse-falkensee.de/" "Mozilla/5.0 (compatible; Googlebot/2.1; +http://www.google.com/bot.html)"
66.249.66.1 - - [20/Jul/2017:01:13:51 +0200] "GET / HTTP/1.1" 200 3274 "-" "Mozilla/5.0 (compatible; Googlebot/2.1; +http://www.google.com/bot.html)"
66.249.66.31 - - [20/Jul/2017:03:10:18 +0200] "GET / HTTP/1.1" 200 3274 "-" "Mozilla/5.0 (compatible; Googlebot/2.1; +http://www.google.com/bot.html)"
66.249.66.1 - - [20/Jul/2017:05:22:49 +0200] "GET / HTTP/1.1" 200 3274 "-" "Mozilla/5.0 (compatible; Googlebot/2.1; +http://www.google.com/bot.html)"
157.55.39.120 - - [20/Jul/2017:05:23:32 +0200] "GET / HTTP/1.1" 200 3274 "-" "Mozilla/5.0 (compatible; bingbot/2.0; +http://www.bing.com/bingbot.htm)"
157.55.39.120 - - [20/Jul/2017:11:24:00 +0200] "GET / HTTP/1.1" 200 3274 "-" "Mozilla/5.0 (compatible; bingbot/2.0; +http://www.bing.com/bingbot.htm)"
217.27.196.25 - - [20/Jul/2017:11:25:21 +0200] "GET / HTTP/1.1" 200 3274 "http://www.bing.com/search?q=dialyse+falkensee&src=IE-TopResult&FORM=IETR02&conversationid=" "Mozilla/5.0 (Windows NT 6.1; WOW64; Trident/7.0; rv:11.0) like Gecko"
217.27.196.25 - - [20/Jul/2017:11:25:21 +0200] "GET /css/bootstrap-responsive.min.css HTTP/1.1" 200 16520 "http://www.dialyse-falkensee.de/" "Mozilla/5.0 (Windows NT 6.1; WOW64; Trident/7.0; rv:11.0) like Gecko"
217.27.196.25 - - [20/Jul/2017:11:25:21 +0200] "GET /js/bootstrap.min.js HTTP/1.1" 200 25764 "http://www.dialyse-falkensee.de/" "Mozilla/5.0 (Windows NT 6.1; WOW64; Trident/7.0; rv:11.0) like Gecko"
217.27.196.25 - - [20/Jul/2017:11:25:21 +0200] "GET /css/bootstrap.min.css HTTP/1.1" 200 101265 "http://www.dialyse-falkensee.de/" "Mozilla/5.0 (Windows NT 6.1; WOW64; Trident/7.0; rv:11.0) like Gecko"
217.27.196.25 - - [20/Jul/2017:11:25:21 +0200] "GET /ico/favicon.ico HTTP/1.1" 404 1256 "-" "Mozilla/5.0 (Windows NT 6.1; WOW64; Trident/7.0; rv:11.0) like Gecko"
217.27.196.25 - - [20/Jul/2017:11:25:21 +0200] "GET /favicon.ico HTTP/1.1" 404 1256 "-" "Mozilla/5.0 (Windows NT 6.1; WOW64; Trident/7.0; rv:11.0) like Gecko"
217.69.133.241 - - [20/Jul/2017:12:10:48 +0200] "GET /robots.txt HTTP/1.0" 404 1256 "-" "Mozilla/5.0 (compatible; Linux x86_64; Mail.RU_Bot/2.0; +http://go.mail.ru/help/robots)"
217.69.133.241 - - [20/Jul/2017:12:10:50 +0200] "GET / HTTP/1.1" 200 3274 "-" "Mozilla/5.0 (compatible; Linux x86_64; Mail.RU_Bot/2.0; +http://go.mail.ru/help/robots)"
199.30.24.24 - - [20/Jul/2017:12:43:13 +0200] "GET /css/bootstrap-responsive.min.css HTTP/1.1" 200 16520 "http://www.dialyse-falkensee.de/" "Mozilla/5.0 (Windows NT 6.1; WOW64) AppleWebKit/534+ (KHTML, like Gecko) BingPreview/1.0b"
199.30.24.24 - - [20/Jul/2017:12:43:13 +0200] "GET /css/bootstrap.min.css HTTP/1.1" 200 101265 "http://www.dialyse-falkensee.de/" "Mozilla/5.0 (Windows NT 6.1; WOW64) AppleWebKit/534+ (KHTML, like Gecko) BingPreview/1.0b"
199.30.24.24 - - [20/Jul/2017:12:43:15 +0200] "GET /js/bootstrap.min.js HTTP/1.1" 200 25764 "http://www.dialyse-falkensee.de/" "Mozilla/5.0 (Windows NT 6.1; WOW64) AppleWebKit/534+ (KHTML, like Gecko) BingPreview/1.0b"
40.77.167.34 - - [20/Jul/2017:12:43:17 +0200] "GET /robots.txt HTTP/1.1" 404 1256 "-" "Mozilla/5.0 (compatible; bingbot/2.0; +http://www.bing.com/bingbot.htm)"
180.76.15.28 - - [20/Jul/2017:13:52:17 +0200] "GET / HTTP/1.1" 200 3274 "-" "Mozilla/5.0 (compatible; Baiduspider/2.0; +http://www.baidu.com/search/spider.html)"
5.9.106.81 - - [20/Jul/2017:15:01:47 +0200] "GET / HTTP/1.1" 200 3274 "-" "Mozilla/5.0 (Windows NT 6.1; WOW64) AppleWebKit/537.36 (KHTML, like Gecko) Chrome/27.0.1453.93 Safari/537.36"
79.135.230.116 - - [20/Jul/2017:17:02:22 +0200] "GET /wordpress/wp-admin/setup-config.php HTTP/1.1" 404 1256 "-" "libwww-perl/6.05"
157.55.39.33 - - [20/Jul/2017:19:31:11 +0200] "GET /robots.txt HTTP/1.1" 404 1256 "-" "Mozilla/5.0 (compatible; bingbot/2.0; +http://www.bing.com/bingbot.htm)"
157.55.39.120 - - [20/Jul/2017:19:31:18 +0200] "GET / HTTP/1.1" 200 3274 "-" "Mozilla/5.0 (compatible; bingbot/2.0; +http://www.bing.com/bingbot.htm)"
46.229.168.73 - - [21/Jul/2017:03:53:49 +0200] "GET / HTTP/1.1" 200 3274 "-" "Mozilla/5.0 (compatible; SemrushBot/1.2~bl; +http://www.semrush.com/bot.html)"
157.55.39.120 - - [21/Jul/2017:03:54:18 +0200] "GET / HTTP/1.1" 200 3274 "-" "Mozilla/5.0 (compatible; bingbot/2.0; +http://www.bing.com/bingbot.htm)"
80.187.118.145 - - [21/Jul/2017:07:59:22 +0200] "GET / HTTP/1.1" 200 3274 "https://www.google.de/" "Mozilla/5.0 (iPhone; CPU iPhone OS 10_3_2 like Mac OS X) AppleWebKit/602.1.50 (KHTML, like Gecko) GSA/30.1.161623614 Mobile/14F89 Safari/602.1"
80.187.118.145 - - [21/Jul/2017:07:59:22 +0200] "GET /css/bootstrap-responsive.min.css HTTP/1.1" 200 16520 "http://www.dialyse-falkensee.de/" "Mozilla/5.0 (iPhone; CPU iPhone OS 10_3_2 like Mac OS X) AppleWebKit/602.1.50 (KHTML, like Gecko) GSA/30.1.161623614 Mobile/14F89 Safari/602.1"
80.187.118.145 - - [21/Jul/2017:07:59:22 +0200] "GET /js/bootstrap.min.js HTTP/1.1" 200 25764 "http://www.dialyse-falkensee.de/" "Mozilla/5.0 (iPhone; CPU iPhone OS 10_3_2 like Mac OS X) AppleWebKit/602.1.50 (KHTML, like Gecko) GSA/30.1.161623614 Mobile/14F89 Safari/602.1"
80.187.118.145 - - [21/Jul/2017:07:59:22 +0200] "GET /css/bootstrap.min.css HTTP/1.1" 200 101265 "http://www.dialyse-falkensee.de/" "Mozilla/5.0 (iPhone; CPU iPhone OS 10_3_2 like Mac OS X) AppleWebKit/602.1.50 (KHTML, like Gecko) GSA/30.1.161623614 Mobile/14F89 Safari/602.1"
80.187.118.145 - - [21/Jul/2017:07:59:23 +0200] "GET /img/glyphicons-halflings.png HTTP/1.1" 200 12799 "http://www.dialyse-falkensee.de/" "Mozilla/5.0 (iPhone; CPU iPhone OS 10_3_2 like Mac OS X) AppleWebKit/602.1.50 (KHTML, like Gecko) GSA/30.1.161623614 Mobile/14F89 Safari/602.1"
80.243.53.98 - - [21/Jul/2017:10:16:45 +0200] "GET / HTTP/1.1" 200 3274 "https://www.google.de/" "Mozilla/5.0 (Windows NT 6.1; WOW64; rv:54.0) Gecko/20100101 Firefox/54.0"
80.243.53.98 - - [21/Jul/2017:10:16:45 +0200] "GET /css/bootstrap-responsive.min.css HTTP/1.1" 200 16520 "http://www.dialyse-falkensee.de/" "Mozilla/5.0 (Windows NT 6.1; WOW64; rv:54.0) Gecko/20100101 Firefox/54.0"
80.243.53.98 - - [21/Jul/2017:10:16:45 +0200] "GET /ico/favicon.ico HTTP/1.1" 404 1256 "-" "Mozilla/5.0 (Windows NT 6.1; WOW64; rv:54.0) Gecko/20100101 Firefox/54.0"
